75.23.187.61 - - [18/Feb/2008:19:41:46 +0100] "GET /montenegro/slike/plakat.jpg HTTP/1.1" 302 380 "http://www.vnatrc.net/YAST/index_html" "Mozilla/4.0 (compatible; MSIE 7.0; Windows NT 5.1; YPC 3.2.0)"
75.23.187.61 - - [18/Feb/2008:19:41:46 +0100] "GET /zampa/montenegro/slike/plakat.jpg HTTP/1.1" 200 47879 "http://www.vnatrc.net/YAST/index_html" "Mozilla/4.0 (compatible; MSIE 7.0; Windows NT 5.1; YPC 3.2.0)"
65.214.45.123 - - [18/Feb/2008:19:42:40 +0100] "GET /neon/girlz2.html HTTP/1.0" 200 2937 "-" "Mozilla/5.0 (compatible; Ask Jeeves/Teoma; +http://about.ask.com/en/docs/about/webmasters.shtml)"
193.252.149.16 - - [18/Feb/2008:20:00:52 +0100] "GET /robots.txt HTTP/1.1" 200 64 "-" "Mozilla/5.0 (Windows; U; Windows NT 5.1; fr; rv:1.8.1) VoilaBot BETA 1.2 (http://www.voila.com/)"
193.252.149.16 - - [18/Feb/2008:20:01:14 +0100] "GET /frame-inhalt.html HTTP/1.1" 200 6025 "-" "Mozilla/5.0 (Windows; U; Windows NT 5.1; fr; rv:1.8.1) VoilaBot BETA 1.2 (http://www.voila.com/)"
75.23.187.61 - - [18/Feb/2008:20:06:20 +0100] "GET /montenegro/slike/plakat.jpg HTTP/1.1" 302 380 "http://www.vnatrc.net/YAST/index_html" "Mozilla/4.0 (compatible; MSIE 7.0; Windows NT 5.1; YPC 3.2.0)"
75.23.187.61 - - [18/Feb/2008:20:06:21 +0100] "GET /zampa/montenegro/slike/plakat.jpg HTTP/1.1" 304 - "http://www.vnatrc.net/YAST/index_html" "Mozilla/4.0 (compatible; MSIE 7.0; Windows NT 5.1; YPC 3.2.0)"
74.6.22.149 - - [18/Feb/2008:20:06:32 +0100] "GET /robots.txt HTTP/1.0" 200 64 "-" "Mozilla/5.0 (compatible; Yahoo! Slurp; http://help.yahoo.com/help/us/ysearch/slurp)"
74.6.22.149 - - [18/Feb/2008:20:06:33 +0100] "GET / HTTP/1.0" 200 10335 "-" "Mozilla/5.0 (compatible; Yahoo! Slurp; http://help.yahoo.com/help/us/ysearch/slurp)"
75.23.187.61 - - [18/Feb/2008:20:10:52 +0100] "GET /montenegro/slike/plakat.jpg HTTP/1.1" 302 380 "http://www.vnatrc.net/YAST/index_html" "Mozilla/4.0 (compatible; MSIE 7.0; Windows NT 5.1; YPC 3.2.0)"
75.23.187.61 - - [18/Feb/2008:20:10:52 +0100] "GET /zampa/montenegro/slike/plakat.jpg HTTP/1.1" 304 - "http://www.vnatrc.net/YAST/index_html" "Mozilla/4.0 (compatible; MSIE 7.0; Windows NT 5.1; YPC 3.2.0)"
202.179.180.53 - - [18/Feb/2008:20:13:47 +0100] "GET /robots.txt HTTP/1.1" 200 64 "-" "Mozilla/4.0 (compatible; NaverBot/1.0; http://help.naver.com/delete_main.asp)"
202.179.180.53 - - [18/Feb/2008:20:13:47 +0100] "GET /f-warez.html HTTP/1.1" 200 10953 "-" "Mozilla/4.0 (compatible; NaverBot/1.0; http://help.naver.com/delete_main.asp)"
74.6.22.153 - - [18/Feb/2008:20:19:29 +0100] "GET /robots.txt HTTP/1.0" 200 64 "-" "Mozilla/5.0 (compatible; Yahoo! Slurp; http://help.yahoo.com/help/us/ysearch/slurp)"
74.6.22.153 - - [18/Feb/2008:20:19:29 +0100] "GET /zampa/ HTTP/1.0" 200 7153 "-" "Mozilla/5.0 (compatible; Yahoo! Slurp; http://help.yahoo.com/help/us/ysearch/slurp)"
74.6.22.39 - - [18/Feb/2008:20:30:58 +0100] "GET /framez-girlz-neon.html HTTP/1.0" 200 4388 "-" "Mozilla/5.0 (compatible; Yahoo! Slurp; http://help.yahoo.com/help/us/ysearch/slurp)"
74.6.22.39 - - [18/Feb/2008:20:30:59 +0100] "GET /frame-menu.html HTTP/1.0" 200 10763 "-" "Mozilla/5.0 (compatible; Yahoo! Slurp; http://help.yahoo.com/help/us/ysearch/slurp)"
74.6.22.39 - - [18/Feb/2008:20:31:00 +0100] "GET /neon/girlz2.html HTTP/1.0" 200 2937 "-" "Mozilla/5.0 (compatible; Yahoo! Slurp; http://help.yahoo.com/help/us/ysearch/slurp)"
74.6.22.39 - - [18/Feb/2008:20:31:01 +0100] "GET /frame-unten.html HTTP/1.0" 200 5557 "-" "Mozilla/5.0 (compatible; Yahoo! Slurp; http://help.yahoo.com/help/us/ysearch/slurp)"
75.23.187.61 - - [18/Feb/2008:20:42:04 +0100] "GET /montenegro/slike/plakat.jpg HTTP/1.1" 302 380 "http://www.vnatrc.net/YAST/index_html" "Mozilla/4.0 (compatible; MSIE 7.0; Windows NT 5.1; YPC 3.2.0)"
75.23.187.61 - - [18/Feb/2008:20:42:04 +0100] "GET /zampa/montenegro/slike/plakat.jpg HTTP/1.1" 304 - "http://www.vnatrc.net/YAST/index_html" "Mozilla/4.0 (compatible; MSIE 7.0; Windows NT 5.1; YPC 3.2.0)"
75.23.187.61 - - [18/Feb/2008:20:45:57 +0100] "GET /montenegro/slike/plakat.jpg HTTP/1.1" 302 380 "http://www.vnatrc.net/YAST/index_html" "Mozilla/4.0 (compatible; MSIE 7.0; Windows NT 5.1; YPC 3.2.0)"
75.23.187.61 - - [18/Feb/2008:20:45:57 +0100] "GET /zampa/montenegro/slike/plakat.jpg HTTP/1.1" 304 - "http://www.vnatrc.net/YAST/index_html" "Mozilla/4.0 (compatible; MSIE 7.0; Windows NT 5.1; YPC 3.2.0)"
75.23.187.61 - - [18/Feb/2008:21:10:55 +0100] "GET /montenegro/slike/plakat.jpg HTTP/1.1" 302 380 "http://www.vnatrc.net/YAST/index_html" "Mozilla/4.0 (compatible; MSIE 7.0; Windows NT 5.1; YPC 3.2.0)"
75.23.187.61 - - [18/Feb/2008:21:10:56 +0100] "GET /zampa/montenegro/slike/plakat.jpg HTTP/1.1" 304 - "http://www.vnatrc.net/YAST/index_html" "Mozilla/4.0 (compatible; MSIE 7.0; Windows NT 5.1; YPC 3.2.0)"
75.23.187.61 - - [18/Feb/2008:21:11:01 +0100] "GET /montenegro/slike/plakat.jpg HTTP/1.1" 302 380 "http://www.vnatrc.net/YAST/index_html" "Mozilla/4.0 (compatible; MSIE 7.0; Windows NT 5.1; YPC 3.2.0)"
75.23.187.61 - - [18/Feb/2008:21:11:01 +0100] "GET /zampa/montenegro/slike/plakat.jpg HTTP/1.1" 304 - "http://www.vnatrc.net/YAST/index_html" "Mozilla/4.0 (compatible; MSIE 7.0; Windows NT 5.1; YPC 3.2.0)"
75.23.187.61 - - [18/Feb/2008:21:14:08 +0100] "GET /montenegro/slike/plakat.jpg HTTP/1.1" 302 380 "http://www.vnatrc.net/YAST/index_html" "Mozilla/4.0 (compatible; MSIE 7.0; Windows NT 5.1; YPC 3.2.0)"
75.23.187.61 - - [18/Feb/2008:21:14:08 +0100] "GET /zampa/montenegro/slike/plakat.jpg HTTP/1.1" 304 - "http://www.vnatrc.net/YAST/index_html" "Mozilla/4.0 (compatible; MSIE 7.0; Windows NT 5.1; YPC 3.2.0)"
75.23.187.61 - - [18/Feb/2008:21:27:21 +0100] "GET /montenegro/slike/plakat.jpg HTTP/1.1" 302 380 "http://www.vnatrc.net/YAST/index_html" "Mozilla/4.0 (compatible; MSIE 7.0; Windows NT 5.1; YPC 3.2.0)"
75.23.187.61 - - [18/Feb/2008:21:27:22 +0100] "GET /zampa/montenegro/slike/plakat.jpg HTTP/1.1" 304 - "http://www.vnatrc.net/YAST/index_html" "Mozilla/4.0 (compatible; MSIE 7.0; Windows NT 5.1; YPC 3.2.0)"
193.252.149.15 - - [18/Feb/2008:21:33:02 +0100] "GET /robots.txt HTTP/1.1" 200 64 "-" "Mozilla/5.0 (Windows; U; Windows NT 5.1; fr; rv:1.8.1) VoilaBot BETA 1.2 (http://www.voila.com/)"
193.252.149.15 - - [18/Feb/2008:21:33:04 +0100] "GET /f-channel1.html HTTP/1.1" 200 5713 "-" "Mozilla/5.0 (Windows; U; Windows NT 5.1; fr; rv:1.8.1) VoilaBot BETA 1.2 (http://www.voila.com/)"
74.6.28.170 - - [18/Feb/2008:21:48:14 +0100] "GET /games/ HTTP/1.0" 403 1223 "-" "Mozilla/5.0 (compatible; Yahoo! Slurp; http://help.yahoo.com/help/us/ysearch/slurp)"
75.23.187.61 - - [18/Feb/2008:22:04:25 +0100] "GET /montenegro/slike/plakat.jpg HTTP/1.1" 302 380 "http://www.vnatrc.net/YAST/index_html" "Mozilla/4.0 (compatible; MSIE 7.0; Windows NT 5.1; YPC 3.2.0)"
75.23.187.61 - - [18/Feb/2008:22:04:25 +0100] "GET /zampa/montenegro/slike/plakat.jpg HTTP/1.1" 304 - "http://www.vnatrc.net/YAST/index_html" "Mozilla/4.0 (compatible; MSIE 7.0; Windows NT 5.1; YPC 3.2.0)"
65.55.212.216 - - [18/Feb/2008:22:12:33 +0100] "GET /robots.txt HTTP/1.0" 200 64 "-" "msnbot-media/1.0 (+http://search.msn.com/msnbot.htm)"
65.55.212.216 - - [18/Feb/2008:22:12:33 +0100] "GET /f-rez.html HTTP/1.0" 200 9765 "-" "msnbot-media/1.0 (+http://search.msn.com/msnbot.htm)"
75.23.187.61 - - [18/Feb/2008:22:13:32 +0100] "GET /montenegro/slike/plakat.jpg HTTP/1.1" 302 380 "http://www.vnatrc.net/YAST/index_html" "Mozilla/4.0 (compatible; MSIE 7.0; Windows NT 5.1; YPC 3.2.0)"
75.23.187.61 - - [18/Feb/2008:22:13:33 +0100] "GET /zampa/montenegro/slike/plakat.jpg HTTP/1.1" 304 - "http://www.vnatrc.net/YAST/index_html" "Mozilla/4.0 (compatible; MSIE 7.0; Windows NT 5.1; YPC 3.2.0)"
208.223.208.181 - - [18/Feb/2008:22:14:58 +0100] "GET /framez.html HTTP/1.0" 200 4130 "-" "shelob v1.0"
75.23.187.61 - - [18/Feb/2008:22:15:25 +0100] "GET /montenegro/slike/plakat.jpg HTTP/1.1" 302 380 "http://www.vnatrc.net/YAST/index_html" "Mozilla/4.0 (compatible; MSIE 7.0; Windows NT 5.1; YPC 3.2.0)"
75.23.187.61 - - [18/Feb/2008:22:15:25 +0100] "GET /zampa/montenegro/slike/plakat.jpg HTTP/1.1" 304 - "http://www.vnatrc.net/YAST/index_html" "Mozilla/4.0 (compatible; MSIE 7.0; Windows NT 5.1; YPC 3.2.0)"
65.55.212.216 - - [18/Feb/2008:22:15:26 +0100] "GET /f-contact.html HTTP/1.0" 200 6804 "-" "msnbot-media/1.0 (+http://search.msn.com/msnbot.htm)"
74.6.23.24 - - [18/Feb/2008:22:23:45 +0100] "GET /montenegro/contributions.html HTTP/1.0" 302 382 "-" "Mozilla/5.0 (compatible; Yahoo! Slurp; http://help.yahoo.com/help/us/ysearch/slurp)"
74.6.23.24 - - [18/Feb/2008:22:23:46 +0100] "GET /zampa/montenegro/contributions.html HTTP/1.0" 200 18843 "-" "Mozilla/5.0 (compatible; Yahoo! Slurp; http://help.yahoo.com/help/us/ysearch/slurp)"
74.6.22.108 - - [18/Feb/2008:22:33:04 +0100] "GET /f-maintitle.html HTTP/1.0" 200 5030 "-" "Mozilla/5.0 (compatible; Yahoo! Slurp; http://help.yahoo.com/help/us/ysearch/slurp)"
207.68.234.187 - - [18/Feb/2008:22:33:54 +0100] "GET http://various-euro.com/sitedepth/ HTTP/1.0" 404 2748 "http://various-euro.com/sitedepth/" "Mozilla/4.0 (compatible; MSIE 6.0; Windows NT 5.1)"
66.249.67.80 - - [18/Feb/2008:22:42:59 +0100] "GET /robots.txt HTTP/1.1" 200 64 "-" "Mozilla/5.0 (compatible; Googlebot/2.1; +http://www.google.com/bot.html)"
66.249.67.80 - - [18/Feb/2008:22:42:59 +0100] "GET /schubb/schubb-1.html HTTP/1.1" 200 9070 "-" "Mozilla/5.0 (compatible; Googlebot/2.1; +http://www.google.com/bot.html)"
75.23.187.61 - - [18/Feb/2008:22:57:47 +0100] "GET /montenegro/slike/plakat.jpg HTTP/1.1" 302 380 "http://www.vnatrc.net/YAST/index_html" "Mozilla/4.0 (compatible; MSIE 7.0; Windows NT 5.1; YPC 3.2.0)"
75.23.187.61 - - [18/Feb/2008:22:57:47 +0100] "GET /zampa/montenegro/slike/plakat.jpg HTTP/1.1" 304 - "http://www.vnatrc.net/YAST/index_html" "Mozilla/4.0 (compatible; MSIE 7.0; Windows NT 5.1; YPC 3.2.0)"
68.142.212.200 - - [18/Feb/2008:23:18:56 +0100] "GET /zampa/lybia/slike/tele.jpg HTTP/1.0" 304 - "-" "Yahoo-MMCrawler/3.x (mms dash mmcrawler dash support at yahoo dash inc dot com)"
74.6.19.217 - - [18/Feb/2008:23:18:57 +0100] "GET /rez/611.mp3 HTTP/1.0" 200 6782540 "-" "Mozilla/5.0 (compatible; Yahoo! Slurp; http://help.yahoo.com/help/us/ysearch/slurp)"
74.6.23.171 - - [18/Feb/2008:23:30:33 +0100] "GET /games/virtualcop/virtualcop.swf HTTP/1.0" 200 2563562 "-" "Mozilla/5.0 (compatible; Yahoo! Slurp; http://help.yahoo.com/help/us/ysearch/slurp)"
81.52.143.15 - - [18/Feb/2008:23:57:23 +0100] "GET /robots.txt HTTP/1.1" 200 64 "-" "Mozilla/5.0 (Windows; U; Windows NT 5.1; fr; rv:1.8.1) VoilaBot BETA 1.2 (http://www.voila.com/)"
81.52.143.15 - - [18/Feb/2008:23:57:28 +0100] "GET /f-maintitle.html HTTP/1.1" 200 5030 "-" "Mozilla/5.0 (Windows; U; Windows NT 5.1; fr; rv:1.8.1) VoilaBot BETA 1.2 (http://www.voila.com/)"
193.252.149.16 - - [19/Feb/2008:00:01:11 +0100] "GET /robots.txt HTTP/1.1" 200 64 "-" "Mozilla/5.0 (Windows; U; Windows NT 5.1; fr; rv:1.8.1) VoilaBot BETA 1.2 (http://www.voila.com/)"
193.252.149.16 - - [19/Feb/2008:00:01:19 +0100] "GET /framez.html HTTP/1.1" 200 4130 "-" "Mozilla/5.0 (Windows; U; Windows NT 5.1; fr; rv:1.8.1) VoilaBot BETA 1.2 (http://www.voila.com/)"
193.252.149.16 - - [19/Feb/2008:00:01:22 +0100] "GET /frame-unten.html HTTP/1.1" 200 5557 "-" "Mozilla/5.0 (Windows; U; Windows NT 5.1; fr; rv:1.8.1) VoilaBot BETA 1.2 (http://www.voila.com/)"
193.252.149.16 - - [19/Feb/2008:00:01:22 +0100] "GET /frame-inhalt.html HTTP/1.1" 200 6025 "-" "Mozilla/5.0 (Windows; U; Windows NT 5.1; fr; rv:1.8.1) VoilaBot BETA 1.2 (http://www.voila.com/)"
193.252.149.16 - - [19/Feb/2008:00:01:22 +0100] "GET /frame-menu.html HTTP/1.1" 200 10763 "-" "Mozilla/5.0 (Windows; U; Windows NT 5.1; fr; rv:1.8.1) VoilaBot BETA 1.2 (http://www.voila.com/)"
193.252.149.16 - - [19/Feb/2008:00:26:52 +0100] "GET /robots.txt HTTP/1.1" 200 64 "-" "Mozilla/5.0 (Windows; U; Windows NT 5.1; fr; rv:1.8.1) VoilaBot BETA 1.2 (http://www.voila.com/)"
193.252.149.16 - - [19/Feb/2008:00:26:54 +0100] "GET /world.html HTTP/1.1" 200 16295 "-" "Mozilla/5.0 (Windows; U; Windows NT 5.1; fr; rv:1.8.1) VoilaBot BETA 1.2 (http://www.voila.com/)"
69.217.73.52 - - [19/Feb/2008:00:27:13 +0100] "GET /cgi-bin/nbmember.cgi HTTP/1.1" 404 2748 "http://various-euro.com/cgi-bin/nbmember.cgi" "Mozilla/4.0 (compatible; MSIE 6.0; Windows NT 5.1)"
74.6.17.154 - - [19/Feb/2008:00:34:01 +0100] "GET /sendi-agent/interfiction-sendi.mpg HTTP/1.0" 404 2748 "-" "Mozilla/5.0 (compatible; Yahoo! Slurp; http://help.yahoo.com/help/us/ysearch/slurp)"
65.55.212.216 - - [19/Feb/2008:00:42:35 +0100] "GET /rez/mb.jpg HTTP/1.0" 200 12467 "-" "msnbot-media/1.0 (+http://search.msn.com/msnbot.htm)"
65.55.212.216 - - [19/Feb/2008:00:44:59 +0100] "GET /framez-contact.html HTTP/1.0" 200 4325 "-" "msnbot-media/1.0 (+http://search.msn.com/msnbot.htm)"
65.55.212.216 - - [19/Feb/2008:00:47:36 +0100] "GET /rez/ma.jpg HTTP/1.0" 200 12893 "-" "msnbot-media/1.0 (+http://search.msn.com/msnbot.htm)"
74.6.19.200 - - [19/Feb/2008:00:50:34 +0100] "GET /logs/usage_200707.html HTTP/1.0" 200 110942 "-" "Mozilla/5.0 (compatible; Yahoo! Slurp; http://help.yahoo.com/help/us/ysearch/slurp)"
65.55.209.104 - - [19/Feb/2008:01:06:21 +0100] "GET /robots.txt HTTP/1.1" 302 363 "-" "msnbot/1.0 (+http://search.msn.com/msnbot.htm)"
65.55.209.104 - - [19/Feb/2008:01:06:23 +0100] "GET /zampa/robots.txt HTTP/1.1" 404 2748 "-" "msnbot/1.0 (+http://search.msn.com/msnbot.htm)"
65.55.209.104 - - [19/Feb/2008:01:06:24 +0100] "GET /bmpp/longg_an1.html HTTP/1.1" 302 372 "-" "msnbot/1.0 (+http://search.msn.com/msnbot.htm)"
65.55.209.104 - - [19/Feb/2008:01:08:59 +0100] "GET /robots.txt HTTP/1.1" 200 64 "-" "msnbot/1.0 (+http://search.msn.com/msnbot.htm)"
65.55.209.104 - - [19/Feb/2008:01:08:59 +0100] "GET /zampa/bmpp/longg_an1.html HTTP/1.1" 404 2748 "-" "msnbot/1.0 (+http://search.msn.com/msnbot.htm)"
65.55.209.104 - - [19/Feb/2008:01:11:38 +0100] "GET /neon/euro.html HTTP/1.1" 302 367 "-" "msnbot/1.0 (+http://search.msn.com/msnbot.htm)"
65.55.209.104 - - [19/Feb/2008:01:14:59 +0100] "GET /zampa/neon/euro.html HTTP/1.1" 404 2748 "-" "msnbot/1.0 (+http://search.msn.com/msnbot.htm)"
65.55.209.101 - - [19/Feb/2008:01:22:29 +0100] "GET /robots.txt HTTP/1.1" 200 64 "-" "msnbot/1.0 (+http://search.msn.com/msnbot.htm)"
65.55.209.101 - - [19/Feb/2008:01:22:29 +0100] "GET /bmpp/18asi_2.html HTTP/1.1" 200 8674 "-" "msnbot/1.0 (+http://search.msn.com/msnbot.htm)"
65.55.209.98 - - [19/Feb/2008:01:35:09 +0100] "GET /robots.txt HTTP/1.1" 200 64 "-" "msnbot/1.0 (+http://search.msn.com/msnbot.htm)"
65.55.209.98 - - [19/Feb/2008:01:35:10 +0100] "GET /neon/biggtani.html HTTP/1.1" 200 1698 "-" "msnbot/1.0 (+http://search.msn.com/msnbot.htm)"
66.249.67.80 - - [19/Feb/2008:01:37:29 +0100] "GET /neon/annniiii.html HTTP/1.1" 200 686 "-" "Mozilla/5.0 (compatible; Googlebot/2.1; +http://www.google.com/bot.html)"
74.6.23.109 - - [19/Feb/2008:02:14:52 +0100] "GET /robots.txt HTTP/1.0" 200 64 "-" "Mozilla/5.0 (compatible; Yahoo! Slurp; http://help.yahoo.com/help/us/ysearch/slurp)"
74.6.25.104 - - [19/Feb/2008:02:14:52 +0100] "GET /neon/girl-tv.html HTTP/1.0" 200 1717 "-" "Mozilla/5.0 (compatible; Yahoo! Slurp; http://help.yahoo.com/help/us/ysearch/slurp)"
74.6.19.157 - - [19/Feb/2008:02:15:39 +0100] "GET /games/3dreversi/3dreversi.html HTTP/1.0" 200 1992 "-" "Mozilla/5.0 (compatible; Yahoo! Slurp; http://help.yahoo.com/help/us/ysearch/slurp)"
74.6.17.154 - - [19/Feb/2008:02:25:16 +0100] "GET /logs/usage_200708.html HTTP/1.0" 200 111167 "-" "Mozilla/5.0 (X11; U; Linux i686 (x86_64); en-US; rv:1.8.1.4) Gecko/20071214 BonEcho/2.0.0.4"
74.6.20.16 - - [19/Feb/2008:02:28:46 +0100] "GET /f-zeug.html HTTP/1.0" 200 45338 "-" "Mozilla/5.0 (compatible; Yahoo! Slurp; http://help.yahoo.com/help/us/ysearch/slurp)"
193.252.149.15 - - [19/Feb/2008:02:36:23 +0100] "GET /robots.txt HTTP/1.1" 200 64 "-" "Mozilla/5.0 (Windows; U; Windows NT 5.1; fr; rv:1.8.1) VoilaBot BETA 1.2 (http://www.voila.com/)"
193.252.149.15 - - [19/Feb/2008:02:36:25 +0100] "GET /f-bannnerz.html HTTP/1.1" 200 12651 "-" "Mozilla/5.0 (Windows; U; Windows NT 5.1; fr; rv:1.8.1) VoilaBot BETA 1.2 (http://www.voila.com/)"
74.6.20.210 - - [19/Feb/2008:03:15:21 +0100] "GET /logs/usage_200702.html HTTP/1.0" 200 107861 "-" "Mozilla/5.0 (compatible; Yahoo! Slurp; http://help.yahoo.com/help/us/ysearch/slurp)"
74.6.22.108 - - [19/Feb/2008:03:31:01 +0100] "GET /robots.txt HTTP/1.0" 200 64 "-" "Mozilla/5.0 (compatible; Yahoo! Slurp; http://help.yahoo.com/help/us/ysearch/slurp)"
74.6.22.108 - - [19/Feb/2008:03:31:01 +0100] "GET / HTTP/1.0" 200 10335 "-" "Mozilla/5.0 (compatible; Yahoo! Slurp; http://help.yahoo.com/help/us/ysearch/slurp)"
74.6.18.201 - - [19/Feb/2008:03:48:49 +0100] "GET /f-channel1.html HTTP/1.0" 200 5713 "-" "Mozilla/5.0 (compatible; Yahoo! Slurp; http://help.yahoo.com/help/us/ysearch/slurp)"
74.6.24.162 - - [19/Feb/2008:03:59:20 +0100] "GET /zampa HTTP/1.0" 301 375 "-" "Mozilla/5.0 (compatible; Yahoo! Slurp; http://help.yahoo.com/help/us/ysearch/slurp)"
74.6.24.162 - - [19/Feb/2008:03:59:20 +0100] "GET /zampa/ HTTP/1.0" 200 7153 "-" "Mozilla/5.0 (compatible; Yahoo! Slurp; http://help.yahoo.com/help/us/ysearch/slurp)"
65.55.209.98 - - [19/Feb/2008:04:00:24 +0100] "GET /robots.txt HTTP/1.1" 200 64 "-" "msnbot/1.0 (+http://search.msn.com/msnbot.htm)"
65.55.209.98 - - [19/Feb/2008:04:00:24 +0100] "GET /triple-double-u/ HTTP/1.1" 403 1223 "-" "msnbot/1.0 (+http://search.msn.com/msnbot.htm)"
67.195.44.110 - - [19/Feb/2008:04:18:38 +0100] "GET /robots.txt HTTP/1.0" 200 64 "-" "Mozilla/5.0 (compatible; Yahoo! Slurp; http://help.yahoo.com/help/us/ysearch/slurp)"
67.195.44.85 - - [19/Feb/2008:04:18:39 +0100] "GET /framez-rez.html HTTP/1.0" 200 4323 "-" "Mozilla/5.0 (compatible; Yahoo! Slurp; http://help.yahoo.com/help/us/ysearch/slurp)"
67.195.44.85 - - [19/Feb/2008:04:18:41 +0100] "GET /frame-menu.html HTTP/1.0" 200 10763 "-" "Mozilla/5.0 (compatible; Yahoo! Slurp; http://help.yahoo.com/help/us/ysearch/slurp)"
67.195.44.85 - - [19/Feb/2008:04:18:41 +0100] "GET /f-rez.html HTTP/1.0" 200 9765 "-" "Mozilla/5.0 (compatible; Yahoo! Slurp; http://help.yahoo.com/help/us/ysearch/slurp)"
67.195.44.85 - - [19/Feb/2008:04:18:42 +0100] "GET /frame-unten.html HTTP/1.0" 200 5557 "-" "Mozilla/5.0 (compatible; Yahoo! Slurp; http://help.yahoo.com/help/us/ysearch/slurp)"
202.179.180.54 - - [19/Feb/2008:04:27:13 +0100] "GET /robots.txt HTTP/1.1" 200 64 "-" "Mozilla/4.0 (compatible; NaverBot/1.0; http://help.naver.com/delete_main.asp)"
202.179.180.54 - - [19/Feb/2008:04:27:13 +0100] "GET /f-sponsor.html HTTP/1.1" 200 8578 "-" "Mozilla/4.0 (compatible; NaverBot/1.0; http://help.naver.com/delete_main.asp)"
65.55.212.216 - - [19/Feb/2008:04:34:43 +0100] "GET /robots.txt HTTP/1.0" 200 64 "-" "msnbot-media/1.0 (+http://search.msn.com/msnbot.htm)"
65.55.212.216 - - [19/Feb/2008:04:34:43 +0100] "GET /schubb/schubb-2.html HTTP/1.0" 200 16660 "-" "msnbot-media/1.0 (+http://search.msn.com/msnbot.htm)"
74.6.25.40 - - [19/Feb/2008:04:48:11 +0100] "GET /framez-girlz.html HTTP/1.0" 200 4271 "-" "Mozilla/5.0 (compatible; Yahoo! Slurp; http://help.yahoo.com/help/us/ysearch/slurp)"
74.6.25.40 - - [19/Feb/2008:04:48:12 +0100] "GET /frame-menu.html HTTP/1.0" 200 10763 "-" "Mozilla/5.0 (compatible; Yahoo! Slurp; http://help.yahoo.com/help/us/ysearch/slurp)"
74.6.25.40 - - [19/Feb/2008:04:48:12 +0100] "GET /neon/girlz2.html HTTP/1.0" 200 2937 "-" "Mozilla/5.0 (compatible; Yahoo! Slurp; http://help.yahoo.com/help/us/ysearch/slurp)"
74.6.25.40 - - [19/Feb/2008:04:48:13 +0100] "GET /frame-unten.html HTTP/1.0" 200 5557 "-" "Mozilla/5.0 (compatible; Yahoo! Slurp; http://help.yahoo.com/help/us/ysearch/slurp)"
81.52.143.16 - - [19/Feb/2008:05:05:00 +0100] "GET /robots.txt HTTP/1.1" 200 64 "-" "Mozilla/5.0 (Windows; U; Windows NT 5.1; fr; rv:1.8.1) VoilaBot BETA 1.2 (http://www.voila.com/)"
81.52.143.16 - - [19/Feb/2008:05:05:17 +0100] "GET /f-web.html HTTP/1.1" 200 13605 "-" "Mozilla/5.0 (Windows; U; Windows NT 5.1; fr; rv:1.8.1) VoilaBot BETA 1.2 (http://www.voila.com/)"
65.55.212.216 - - [19/Feb/2008:05:27:27 +0100] "GET /frame-inhalt.html HTTP/1.0" 200 6025 "-" "msnbot-media/1.0 (+http://search.msn.com/msnbot.htm)"
193.252.149.16 - - [19/Feb/2008:05:56:37 +0100] "GET /robots.txt HTTP/1.1" 200 64 "-" "Mozilla/5.0 (Windows; U; Windows NT 5.1; fr; rv:1.8.1) VoilaBot BETA 1.2 (http://www.voila.com/)"
193.252.149.16 - - [19/Feb/2008:05:56:45 +0100] "GET /f-net.html HTTP/1.1" 200 9913 "-" "Mozilla/5.0 (Windows; U; Windows NT 5.1; fr; rv:1.8.1) VoilaBot BETA 1.2 (http://www.voila.com/)"
74.6.25.137 - - [19/Feb/2008:05:56:47 +0100] "GET /neon/euro.html HTTP/1.0" 200 2212 "-" "Mozilla/5.0 (compatible; Yahoo! Slurp; http://help.yahoo.com/help/us/ysearch/slurp)"
193.252.149.15 - - [19/Feb/2008:06:00:41 +0100] "GET /robots.txt HTTP/1.1" 200 64 "-" "Mozilla/5.0 (Windows; U; Windows NT 5.1; fr; rv:1.8.1) VoilaBot BETA 1.2 (http://www.voila.com/)"
193.252.149.15 - - [19/Feb/2008:06:00:43 +0100] "GET /warez.html HTTP/1.1" 200 9754 "-" "Mozilla/5.0 (Windows; U; Windows NT 5.1; fr; rv:1.8.1) VoilaBot BETA 1.2 (http://www.voila.com/)"
74.6.22.151 - - [19/Feb/2008:06:01:22 +0100] "GET /robots.txt HTTP/1.0" 200 64 "-" "Mozilla/5.0 (compatible; Yahoo! Slurp; http://help.yahoo.com/help/us/ysearch/slurp)"
74.6.22.151 - - [19/Feb/2008:06:01:23 +0100] "GET /logs/usage_200704.html HTTP/1.0" 200 108835 "-" "Mozilla/5.0 (compatible; Yahoo! Slurp/3.0; http://help.yahoo.com/help/us/ysearch/slurp)"
74.6.24.117 - - [19/Feb/2008:06:18:10 +0100] "GET /zampa/ HTTP/1.0" 200 7153 "-" "Mozilla/5.0 (compatible; Yahoo! Slurp; http://help.yahoo.com/help/us/ysearch/slurp)"
65.55.212.216 - - [19/Feb/2008:06:27:34 +0100] "GET /rez/mb.jpg HTTP/1.0" 200 12467 "-" "msnbot-media/1.0 (+http://search.msn.com/msnbot.htm)"
65.55.209.99 - - [19/Feb/2008:06:37:49 +0100] "GET /robots.txt HTTP/1.1" 200 64 "-" "msnbot/1.0 (+http://search.msn.com/msnbot.htm)"
65.55.209.99 - - [19/Feb/2008:06:37:50 +0100] "GET /zampa/montenegro/dajpare.html HTTP/1.1" 200 2503 "-" "msnbot/1.0 (+http://search.msn.com/msnbot.htm)"
74.6.22.139 - - [19/Feb/2008:06:42:18 +0100] "GET /robots.txt HTTP/1.0" 200 64 "-" "Mozilla/5.0 (compatible; Yahoo! Slurp; http://help.yahoo.com/help/us/ysearch/slurp)"
74.6.22.139 - - [19/Feb/2008:06:42:18 +0100] "GET /zampa/ HTTP/1.0" 200 7153 "http://www.angelfire.com/psy/zampa-di-leone-zampa/" "Mozilla/5.0 (compatible; Yahoo! Slurp/3.0; http://help.yahoo.com/help/us/ysearch/slurp)"
74.6.22.139 - - [19/Feb/2008:06:42:18 +0100] "GET /zampa/montenegro/index.html HTTP/1.0" 200 2651 "http://www.angelfire.com/psy/zampa-di-leone-zampa/" "Mozilla/5.0 (compatible; Yahoo! Slurp/3.0; http://help.yahoo.com/help/us/ysearch/slurp)"
65.55.212.216 - - [19/Feb/2008:06:46:32 +0100] "GET /schubb/schubb-1.html HTTP/1.0" 200 9070 "-" "msnbot-media/1.0 (+http://search.msn.com/msnbot.htm)"
65.55.212.216 - - [19/Feb/2008:06:52:09 +0100] "GET /rez/ma.jpg HTTP/1.0" 200 12893 "-" "msnbot-media/1.0 (+http://search.msn.com/msnbot.htm)"
81.52.143.16 - - [19/Feb/2008:06:58:39 +0100] "GET /robots.txt HTTP/1.1" 200 64 "-" "Mozilla/5.0 (Windows; U; Windows NT 5.1; fr; rv:1.8.1) VoilaBot BETA 1.2 (http://www.voila.com/)"
81.52.143.16 - - [19/Feb/2008:06:58:51 +0100] "GET /frame-unten.html HTTP/1.1" 200 5557 "-" "Mozilla/5.0 (Windows; U; Windows NT 5.1; fr; rv:1.8.1) VoilaBot BETA 1.2 (http://www.voila.com/)"
85.88.23.149 - - [19/Feb/2008:07:05:21 +0100] "GET //smarty/smarty_compiler.class.php?plugin_file=http://www.stempel-immobilien.de/images/mambo?? HTTP/1.1" 404 2748 "-" "Mozilla/4.61 (Macintosh; I; PPC)"
74.6.22.149 - - [19/Feb/2008:07:11:50 +0100] "GET /robots.txt HTTP/1.0" 200 64 "-" "Mozilla/5.0 (compatible; Yahoo! Slurp; http://help.yahoo.com/help/us/ysearch/slurp)"
74.6.22.149 - - [19/Feb/2008:07:11:50 +0100] "GET / HTTP/1.0" 200 10335 "-" "Mozilla/5.0 (compatible; Yahoo! Slurp/3.0; http://help.yahoo.com/help/us/ysearch/slurp)"
65.214.44.29 - - [19/Feb/2008:07:16:09 +0100] "GET /montenegro/slike/plakat.jpg HTTP/1.1" 302 380 "http://www.vnatrc.net/YAST/fullscreen" "Mozilla/5.0 (X11; U; Linux i686; en-US; rv:1.9a1) Gecko/20070308 Minefield/3.0a1"
65.214.44.29 - - [19/Feb/2008:07:16:09 +0100] "GET /zampa/montenegro/slike/plakat.jpg HTTP/1.1" 200 47879 "http://www.vnatrc.net/YAST/fullscreen" "Mozilla/5.0 (X11; U; Linux i686; en-US; rv:1.9a1) Gecko/20070308 Minefield/3.0a1"
67.202.44.131 - - [19/Feb/2008:07:31:20 +0100] "GET /robots.txt HTTP/1.0" 200 64 "-" "nnn/ttt (n)"
67.202.44.131 - - [19/Feb/2008:07:31:20 +0100] "GET / HTTP/1.0" 200 10335 "-" "nnn/ttt (n)"
74.6.22.139 - - [19/Feb/2008:07:45:38 +0100] "GET /games/virtualcop/virtualcop.html HTTP/1.0" 200 4487 "-" "Mozilla/5.0 (compatible; Yahoo! Slurp/3.0; http://help.yahoo.com/help/us/ysearch/slurp)"
65.55.212.216 - - [19/Feb/2008:08:07:11 +0100] "GET /robots.txt HTTP/1.0" 200 64 "-" "msnbot-media/1.0 (+http://search.msn.com/msnbot.htm)"
65.55.212.216 - - [19/Feb/2008:08:07:12 +0100] "GET /framez-schubb.html HTTP/1.0" 200 4324 "-" "msnbot-media/1.0 (+http://search.msn.com/msnbot.htm)"
81.52.143.15 - - [19/Feb/2008:08:17:54 +0100] "GET /robots.txt HTTP/1.1" 200 64 "-" "Mozilla/5.0 (Windows; U; Windows NT 5.1; fr; rv:1.8.1) VoilaBot BETA 1.2 (http://www.voila.com/)"
81.52.143.15 - - [19/Feb/2008:08:18:00 +0100] "GET /f-warez.html HTTP/1.1" 200 10953 "-" "Mozilla/5.0 (Windows; U; Windows NT 5.1; fr; rv:1.8.1) VoilaBot BETA 1.2 (http://www.voila.com/)"
216.145.17.190 - - [19/Feb/2008:08:18:02 +0100] "GET /robots.txt HTTP/1.0" 200 64 "http://www.whois.sc/" "SurveyBot/2.3 (Whois Source)"
216.145.17.190 - - [19/Feb/2008:08:18:03 +0100] "GET / HTTP/1.1" 200 10335 "http://www.whois.sc/various-euro.com" "SurveyBot/2.3 (Whois Source)"
74.6.25.209 - - [19/Feb/2008:08:27:12 +0100] "GET /rez/554.mp3 HTTP/1.0" 200 13335140 "-" "Mozilla/5.0 (compatible; Yahoo! Slurp; http://help.yahoo.com/help/us/ysearch/slurp)"
65.55.212.216 - - [19/Feb/2008:08:27:58 +0100] "GET /bmpp/euro_pal_1.html HTTP/1.0" 200 18252 "-" "msnbot-media/1.0 (+http://search.msn.com/msnbot.htm)"
65.55.212.216 - - [19/Feb/2008:08:29:27 +0100] "GET /bannerz/google/Logo_40blk.gif HTTP/1.0" 200 2308 "-" "msnbot-media/1.0 (+http://search.msn.com/msnbot.htm)"
67.195.58.188 - - [19/Feb/2008:08:46:49 +0100] "GET / HTTP/1.0" 200 10335 "-" "Mozilla/5.0 (compatible; Yahoo! Slurp; http://help.yahoo.com/help/us/ysearch/slurp)"
65.55.212.216 - - [19/Feb/2008:08:47:02 +0100] "GET /bannerz/ubu-shot.png HTTP/1.0" 200 200117 "-" "msnbot-media/1.0 (+http://search.msn.com/msnbot.htm)"
65.55.209.98 - - [19/Feb/2008:08:54:35 +0100] "GET /zampa/montenegro/contributions.html HTTP/1.1" 200 18843 "-" "msnbot/1.0 (+http://search.msn.com/msnbot.htm)"
74.6.19.234 - - [19/Feb/2008:09:05:16 +0100] "GET /rez/607.mp3 HTTP/1.0" 200 4964417 "-" "Mozilla/5.0 (compatible; Yahoo! Slurp; http://help.yahoo.com/help/us/ysearch/slurp)"
65.55.209.102 - - [19/Feb/2008:09:15:48 +0100] "GET /robots.txt HTTP/1.1" 200 64 "-" "msnbot/1.0 (+http://search.msn.com/msnbot.htm)"
65.55.209.102 - - [19/Feb/2008:09:15:49 +0100] "GET /zampa/montenegro/TESLAW.html HTTP/1.1" 200 861 "-" "msnbot/1.0 (+http://search.msn.com/msnbot.htm)"
65.55.209.97 - - [19/Feb/2008:09:22:49 +0100] "GET /robots.txt HTTP/1.1" 200 64 "-" "msnbot/1.0 (+http://search.msn.com/msnbot.htm)"
65.55.209.97 - - [19/Feb/2008:09:22:49 +0100] "GET /zampa/montenegro/MILOW.html HTTP/1.1" 200 860 "-" "msnbot/1.0 (+http://search.msn.com/msnbot.htm)"
74.6.25.214 - - [19/Feb/2008:09:23:27 +0100] "GET /schubb/WS_FTP.LOG HTTP/1.0" 404 2748 "-" "Mozilla/5.0 (compatible; Yahoo! Slurp; http://help.yahoo.com/help/us/ysearch/slurp)"
65.55.209.99 - - [19/Feb/2008:09:27:56 +0100] "GET /robots.txt HTTP/1.1" 200 64 "-" "msnbot/1.0 (+http://search.msn.com/msnbot.htm)"
65.55.209.99 - - [19/Feb/2008:09:27:57 +0100] "GET /zampa/montenegro/ZMAJW.html HTTP/1.1" 200 860 "-" "msnbot/1.0 (+http://search.msn.com/msnbot.htm)"
65.214.45.123 - - [19/Feb/2008:09:33:38 +0100] "GET /robots.txt HTTP/1.0" 200 64 "-" "Mozilla/5.0 (compatible; Ask Jeeves/Teoma; +http://about.ask.com/en/docs/about/webmasters.shtml)"
65.214.45.123 - - [19/Feb/2008:09:33:38 +0100] "GET /restate_copy.html HTTP/1.0" 200 97631 "-" "Mozilla/5.0 (compatible; Ask Jeeves/Teoma; +http://about.ask.com/en/docs/about/webmasters.shtml)"
66.249.67.80 - - [19/Feb/2008:09:36:17 +0100] "GET /framez_0.html HTTP/1.1" 200 12411 "-" "Mozilla/5.0 (compatible; Googlebot/2.1; +http://www.google.com/bot.html)"
65.55.212.216 - - [19/Feb/2008:10:42:14 +0100] "GET /bmpp/euro_pal_2.html HTTP/1.0" 200 5109 "-" "msnbot-media/1.0 (+http://search.msn.com/msnbot.htm)"
66.249.67.80 - - [19/Feb/2008:10:45:01 +0100] "GET / HTTP/1.1" 200 10335 "-" "Mozilla/5.0 (compatible; Googlebot/2.1; +http://www.google.com/bot.html)"
65.55.212.216 - - [19/Feb/2008:10:45:36 +0100] "GET /bmpp/euro_pal_3.html HTTP/1.0" 200 2489 "-" "msnbot-media/1.0 (+http://search.msn.com/msnbot.htm)"
65.55.212.216 - - [19/Feb/2008:10:49:26 +0100] "GET /framez-pal1.html HTTP/1.0" 200 4326 "-" "msnbot-media/1.0 (+http://search.msn.com/msnbot.htm)"
65.55.212.216 - - [19/Feb/2008:10:51:26 +0100] "GET /3dsf3/sendi/index.html HTTP/1.0" 200 1837 "-" "msnbot-media/1.0 (+http://search.msn.com/msnbot.htm)"
65.55.212.216 - - [19/Feb/2008:10:51:38 +0100] "GET /schubb/schubb-3.html HTTP/1.0" 200 17546 "-" "msnbot-media/1.0 (+http://search.msn.com/msnbot.htm)"
66.249.67.80 - - [19/Feb/2008:10:53:53 +0100] "GET /neon/warning.html HTTP/1.1" 200 5134 "-" "Mozilla/5.0 (compatible; Googlebot/2.1; +http://www.google.com/bot.html)"
65.55.209.100 - - [19/Feb/2008:10:59:55 +0100] "GET /robots.txt HTTP/1.1" 200 64 "-" "msnbot/1.0 (+http://search.msn.com/msnbot.htm)"
65.55.209.100 - - [19/Feb/2008:10:59:55 +0100] "GET /zampa/montenegro/SEKAW.html HTTP/1.1" 200 860 "-" "msnbot/1.0 (+http://search.msn.com/msnbot.htm)"
66.249.67.80 - - [19/Feb/2008:11:02:11 +0100] "GET /f-warez.html HTTP/1.1" 200 10953 "-" "Mozilla/5.0 (compatible; Googlebot/2.1; +http://www.google.com/bot.html)"
65.55.212.216 - - [19/Feb/2008:11:20:06 +0100] "GET /zampa-lovers/index.html HTTP/1.0" 200 37790 "-" "msnbot-media/1.0 (+http://search.msn.com/msnbot.htm)"
65.55.212.216 - - [19/Feb/2008:11:27:20 +0100] "GET /framez-rez.html HTTP/1.0" 200 4323 "-" "msnbot-media/1.0 (+http://search.msn.com/msnbot.htm)"
65.55.212.216 - - [19/Feb/2008:11:35:18 +0100] "GET /partnergegenberlin.html HTTP/1.0" 200 5022 "-" "msnbot-media/1.0 (+http://search.msn.com/msnbot.htm)"
65.55.212.216 - - [19/Feb/2008:11:39:49 +0100] "GET /f-maintitle.html HTTP/1.0" 200 5030 "-" "msnbot-media/1.0 (+http://search.msn.com/msnbot.htm)"
65.55.209.101 - - [19/Feb/2008:12:08:53 +0100] "GET /robots.txt HTTP/1.1" 200 64 "-" "msnbot/1.0 (+http://search.msn.com/msnbot.htm)"
65.55.209.101 - - [19/Feb/2008:12:08:54 +0100] "GET /zampa/montenegro/BATAW.html HTTP/1.1" 200 860 "-" "msnbot/1.0 (+http://search.msn.com/msnbot.htm)"
66.249.67.80 - - [19/Feb/2008:12:10:51 +0100] "GET /f-search.html HTTP/1.1" 200 10850 "-" "Mozilla/5.0 (compatible; Googlebot/2.1; +http://www.google.com/bot.html)"
217.219.170.2 - - [19/Feb/2008:12:20:19 +0100] "GET / HTTP/1.1" 200 10335 "http://nerzwissenschaft.de/" "Mozilla/4.0 (compatible; MSIE 6.0; Windows NT 5.1; SV1)"
217.219.170.2 - - [19/Feb/2008:12:20:20 +0100] "GET /framez_0.html HTTP/1.1" 200 12411 "-" "Mozilla/4.0 (compatible; MSIE 6.0; Windows NT 5.1; SV1)"
65.55.212.216 - - [19/Feb/2008:13:10:33 +0100] "GET /3dsf3/sendi/slike/sendi-install.jpg HTTP/1.0" 200 6966 "-" "msnbot-media/1.0 (+http://search.msn.com/msnbot.htm)"
65.55.212.216 - - [19/Feb/2008:13:10:35 +0100] "GET /framez-schubb3.html HTTP/1.0" 200 4317 "-" "msnbot-media/1.0 (+http://search.msn.com/msnbot.htm)"
65.55.212.216 - - [19/Feb/2008:13:13:23 +0100] "GET /bannerz/kulturserver-emaf.gif HTTP/1.0" 200 11411 "-" "msnbot-media/1.0 (+http://search.msn.com/msnbot.htm)"
65.55.212.216 - - [19/Feb/2008:13:15:40 +0100] "GET /bannerz/stasi-2-0.jpg HTTP/1.0" 200 42818 "-" "msnbot-media/1.0 (+http://search.msn.com/msnbot.htm)"
65.55.212.216 - - [19/Feb/2008:13:15:41 +0100] "GET /bannerz/kapitalismusdebatte.jpg HTTP/1.0" 200 69093 "-" "msnbot-media/1.0 (+http://search.msn.com/msnbot.htm)"
65.55.212.216 - - [19/Feb/2008:13:17:07 +0100] "GET /3dsf3/sendi/slike/wewant.jpg HTTP/1.0" 200 7142 "-" "msnbot-media/1.0 (+http://search.msn.com/msnbot.htm)"
74.6.23.109 - - [19/Feb/2008:13:18:57 +0100] "GET /robots.txt HTTP/1.0" 200 64 "-" "Mozilla/5.0 (compatible; Yahoo! Slurp; http://help.yahoo.com/help/us/ysearch/slurp)"
74.6.20.217 - - [19/Feb/2008:13:18:57 +0100] "GET /logs/usage_200710.html HTTP/1.0" 200 110952 "-" "Mozilla/5.0 (compatible; Yahoo! Slurp; http://help.yahoo.com/help/us/ysearch/slurp)"
74.6.22.151 - - [19/Feb/2008:13:20:29 +0100] "GET /robots.txt HTTP/1.0" 200 64 "-" "Mozilla/5.0 (compatible; Yahoo! Slurp; http://help.yahoo.com/help/us/ysearch/slurp)"
74.6.22.151 - - [19/Feb/2008:13:20:29 +0100] "GET / HTTP/1.0" 200 10335 "http://kickme.to/ve" "Mozilla/5.0 (compatible; Yahoo! Slurp/3.0; http://help.yahoo.com/help/us/ysearch/slurp)"
193.252.149.15 - - [19/Feb/2008:13:24:56 +0100] "GET /robots.txt HTTP/1.1" 200 64 "-" "Mozilla/5.0 (Windows; U; Windows NT 5.1; fr; rv:1.8.1) VoilaBot BETA 1.2 (http://www.voila.com/)"
193.252.149.15 - - [19/Feb/2008:13:24:57 +0100] "GET /DgH/bull/index.html HTTP/1.1" 200 1915 "-" "Mozilla/5.0 (Windows; U; Windows NT 5.1; fr; rv:1.8.1) VoilaBot BETA 1.2 (http://www.voila.com/)"
65.55.212.216 - - [19/Feb/2008:13:39:09 +0100] "GET /3dsf3/sendi/slike/various-sendi.jpg HTTP/1.0" 200 6368 "-" "msnbot-media/1.0 (+http://search.msn.com/msnbot.htm)"
65.55.212.216 - - [19/Feb/2008:13:39:10 +0100] "GET /bannerz/logo-partnergegenberlin.png HTTP/1.0" 200 6341 "-" "msnbot-media/1.0 (+http://search.msn.com/msnbot.htm)"
65.55.212.216 - - [19/Feb/2008:13:57:38 +0100] "GET /bannerz/main-2.gif HTTP/1.0" 200 13802 "-" "msnbot-media/1.0 (+http://search.msn.com/msnbot.htm)"
65.55.212.216 - - [19/Feb/2008:13:58:02 +0100] "GET /3dsf3/sendi/slike/ifi.jpg HTTP/1.0" 200 5735 "-" "msnbot-media/1.0 (+http://search.msn.com/msnbot.htm)"
65.55.212.216 - - [19/Feb/2008:14:09:55 +0100] "GET /robots.txt HTTP/1.0" 200 64 "-" "msnbot-media/1.0 (+http://search.msn.com/msnbot.htm)"
65.55.212.216 - - [19/Feb/2008:14:09:56 +0100] "GET /zampa-lovers/MILIZA_3.JPG HTTP/1.0" 200 26924 "-" "msnbot-media/1.0 (+http://search.msn.com/msnbot.htm)"
74.6.22.108 - - [19/Feb/2008:14:10:33 +0100] "GET /robots.txt HTTP/1.0" 200 64 "-" "Mozilla/5.0 (compatible; Yahoo! Slurp; http://help.yahoo.com/help/us/ysearch/slurp)"
74.6.22.108 - - [19/Feb/2008:14:10:33 +0100] "GET /sendi-agent/ HTTP/1.0" 403 1223 "-" "Mozilla/5.0 (compatible; Yahoo! Slurp; http://help.yahoo.com/help/us/ysearch/slurp)"
65.55.209.97 - - [19/Feb/2008:14:11:17 +0100] "GET /robots.txt HTTP/1.1" 200 64 "-" "msnbot/1.0 (+http://search.msn.com/msnbot.htm)"
65.55.209.97 - - [19/Feb/2008:14:11:18 +0100] "GET /neon/slow-walk2.html HTTP/1.1" 200 1777 "-" "msnbot/1.0 (+http://search.msn.com/msnbot.htm)"
74.6.24.11 - - [19/Feb/2008:14:12:40 +0100] "GET /f-warez.html HTTP/1.0" 200 10953 "-" "Mozilla/5.0 (compatible; Yahoo! Slurp; http://help.yahoo.com/help/us/ysearch/slurp)"
65.55.212.216 - - [19/Feb/2008:14:14:28 +0100] "GET /zampa-lovers/DRAGAN_Z.JPG HTTP/1.0" 200 6850 "-" "msnbot-media/1.0 (+http://search.msn.com/msnbot.htm)"
65.55.209.101 - - [19/Feb/2008:14:22:30 +0100] "GET /robots.txt HTTP/1.1" 200 64 "-" "msnbot/1.0 (+http://search.msn.com/msnbot.htm)"
65.55.209.101 - - [19/Feb/2008:14:22:31 +0100] "GET /neon/large.html HTTP/1.1" 200 1547 "-" "msnbot/1.0 (+http://search.msn.com/msnbot.htm)"
65.55.209.101 - - [19/Feb/2008:14:22:44 +0100] "GET /3dsf3/sendi/communication.html HTTP/1.1" 200 1331 "-" "msnbot/1.0 (+http://search.msn.com/msnbot.htm)"
74.6.22.151 - - [19/Feb/2008:14:31:15 +0100] "GET /logs/usage_200708.html HTTP/1.0" 200 111167 "-" "Mozilla/5.0 (compatible; Yahoo! Slurp; http://help.yahoo.com/help/us/ysearch/slurp)"
74.6.22.108 - - [19/Feb/2008:14:35:30 +0100] "GET /bmpp/euro_pal_1.html HTTP/1.0" 200 18252 "-" "Mozilla/5.0 (compatible; Yahoo! Slurp; http://help.yahoo.com/help/us/ysearch/slurp)"
65.55.212.216 - - [19/Feb/2008:14:37:30 +0100] "GET /zampa-lovers/MILIZA_2.JPG HTTP/1.0" 200 22172 "-" "msnbot-media/1.0 (+http://search.msn.com/msnbot.htm)"
65.55.212.216 - - [19/Feb/2008:14:47:51 +0100] "GET /zampa-lovers/zampa-2X2.gif HTTP/1.0" 200 6948 "-" "msnbot-media/1.0 (+http://search.msn.com/msnbot.htm)"
65.55.212.216 - - [19/Feb/2008:14:47:51 +0100] "GET /zampa-lovers/2SEITEVE.GIF HTTP/1.0" 200 83466 "-" "msnbot-media/1.0 (+http://search.msn.com/msnbot.htm)"
74.6.18.201 - - [19/Feb/2008:14:51:06 +0100] "GET /zampa-lovers/index.html HTTP/1.0" 200 37790 "-" "Mozilla/5.0 (compatible; Yahoo! Slurp; http://help.yahoo.com/help/us/ysearch/slurp)"
65.55.212.216 - - [19/Feb/2008:14:52:22 +0100] "GET /zampa-lovers/1SEITEVE.GIF HTTP/1.0" 200 78726 "-" "msnbot-media/1.0 (+http://search.msn.com/msnbot.htm)"
65.55.212.216 - - [19/Feb/2008:14:52:23 +0100] "GET /zampa-lovers/DRAGANZA.JPG HTTP/1.0" 200 18560 "-" "msnbot-media/1.0 (+http://search.msn.com/msnbot.htm)"
193.252.149.16 - - [19/Feb/2008:15:03:34 +0100] "GET /robots.txt HTTP/1.1" 200 64 "-" "Mozilla/5.0 (Windows; U; Windows NT 5.1; fr; rv:1.8.1) VoilaBot BETA 1.2 (http://www.voila.com/)"
193.252.149.16 - - [19/Feb/2008:15:03:44 +0100] "GET /neon/left-one-new.html HTTP/1.1" 200 1483 "-" "Mozilla/5.0 (Windows; U; Windows NT 5.1; fr; rv:1.8.1) VoilaBot BETA 1.2 (http://www.voila.com/)"
74.6.26.168 - - [19/Feb/2008:15:07:32 +0100] "GET /logs/usage_200706.html HTTP/1.0" 200 107008 "-" "Mozilla/5.0 (compatible; Yahoo! Slurp; http://help.yahoo.com/help/us/ysearch/slurp)"
189.70.155.71 - - [19/Feb/2008:15:04:09 +0100] "GET /f-world.html HTTP/1.1" 200 16266 "-" "Mozilla/4.0 (compatible; MSIE 6.0; Windows NT 5.0)"
65.55.212.216 - - [19/Feb/2008:15:09:41 +0100] "GET /zampa-lovers/MILIZA_4.JPG HTTP/1.0" 200 9946 "-" "msnbot-media/1.0 (+http://search.msn.com/msnbot.htm)"
65.55.212.216 - - [19/Feb/2008:15:19:05 +0100] "GET /zampa-lovers/MILIZA_B.JPG HTTP/1.0" 200 10947 "-" "msnbot-media/1.0 (+http://search.msn.com/msnbot.htm)"
65.55.209.102 - - [19/Feb/2008:15:36:53 +0100] "GET /robots.txt HTTP/1.1" 200 64 "-" "msnbot/1.0 (+http://search.msn.com/msnbot.htm)"
65.55.209.102 - - [19/Feb/2008:15:36:53 +0100] "GET /neon/annniiii.html HTTP/1.1" 200 686 "-" "msnbot/1.0 (+http://search.msn.com/msnbot.htm)"
131.107.151.157 - - [19/Feb/2008:15:40:49 +0100] "GET /robots.txt HTTP/1.0" 302 363 "-" "MSRBOT (http://research.microsoft.com/research/sv/msrbot/"
131.107.151.157 - - [19/Feb/2008:15:40:50 +0100] "GET /zampa/robots.txt HTTP/1.0" 404 2748 "-" "MSRBOT (http://research.microsoft.com/research/sv/msrbot/"
131.107.151.157 - - [19/Feb/2008:15:40:51 +0100] "GET /not-there-2.txt HTTP/1.0" 302 368 "-" "MSRBOT (http://research.microsoft.com/research/sv/msrbot/"
74.6.26.226 - - [19/Feb/2008:15:41:20 +0100] "GET /neon/channel.html HTTP/1.0" 200 1942 "-" "Mozilla/5.0 (compatible; Yahoo! Slurp; http://help.yahoo.com/help/us/ysearch/slurp)"
65.55.212.216 - - [19/Feb/2008:16:34:35 +0100] "GET /robots.txt HTTP/1.0" 302 363 "-" "msnbot-media/1.0 (+http://search.msn.com/msnbot.htm)"
65.55.212.216 - - [19/Feb/2008:16:34:35 +0100] "GET /zampa/robots.txt HTTP/1.0" 404 2748 "-" "msnbot-media/1.0 (+http://search.msn.com/msnbot.htm)"
65.55.212.216 - - [19/Feb/2008:16:34:36 +0100] "GET / HTTP/1.0" 302 353 "-" "msnbot-media/1.0 (+http://search.msn.com/msnbot.htm)"
65.55.212.216 - - [19/Feb/2008:16:37:54 +0100] "GET /zampa/ HTTP/1.0" 200 7153 "-" "msnbot-media/1.0 (+http://search.msn.com/msnbot.htm)"
81.52.143.15 - - [19/Feb/2008:16:55:18 +0100] "GET /robots.txt HTTP/1.1" 200 64 "-" "Mozilla/5.0 (Windows; U; Windows NT 5.1; fr; rv:1.8.1) VoilaBot BETA 1.2 (http://www.voila.com/)"
81.52.143.15 - - [19/Feb/2008:16:55:24 +0100] "GET /bmpp/euro_pal_1.html HTTP/1.1" 200 18252 "-" "Mozilla/5.0 (Windows; U; Windows NT 5.1; fr; rv:1.8.1) VoilaBot BETA 1.2 (http://www.voila.com/)"
66.249.67.80 - - [19/Feb/2008:17:38:37 +0100] "GET /neon/left-one-new.html HTTP/1.1" 200 1483 "-" "Mozilla/5.0 (compatible; Googlebot/2.1; +http://www.google.com/bot.html)"
72.30.214.237 - - [19/Feb/2008:17:42:20 +0100] "GET / HTTP/1.0" 200 10335 "-" "Mozilla/5.0 (compatible; Yahoo! Slurp; http://help.yahoo.com/help/us/ysearch/slurp)"
65.214.45.123 - - [19/Feb/2008:17:58:08 +0100] "GET /neon/left-one.html HTTP/1.0" 200 1712 "-" "Mozilla/5.0 (compatible; Ask Jeeves/Teoma; +http://about.ask.com/en/docs/about/webmasters.shtml)"
65.214.45.123 - - [19/Feb/2008:18:00:54 +0100] "GET / HTTP/1.0" 200 10335 "-" "Mozilla/5.0 (compatible; Ask Jeeves/Teoma; +http://about.ask.com/en/docs/about/webmasters.shtml)"
193.252.149.16 - - [19/Feb/2008:18:05:06 +0100] "GET /robots.txt HTTP/1.1" 200 64 "-" "Mozilla/5.0 (Windows; U; Windows NT 5.1; fr; rv:1.8.1) VoilaBot BETA 1.2 (http://www.voila.com/)"
193.252.149.16 - - [19/Feb/2008:18:05:09 +0100] "GET /DgH/ HTTP/1.1" 200 5024 "-" "Mozilla/5.0 (Windows; U; Windows NT 5.1; fr; rv:1.8.1) VoilaBot BETA 1.2 (http://www.voila.com/)"
65.55.212.216 - - [19/Feb/2008:18:15:34 +0100] "GET /zampa/slike/zampa.gif HTTP/1.0" 200 5310 "-" "msnbot-media/1.0 (+http://search.msn.com/msnbot.htm)"
65.55.212.216 - - [19/Feb/2008:18:29:28 +0100] "GET /zampa/slike/E1TITEL.GIF HTTP/1.0" 200 16284 "-" "msnbot-media/1.0 (+http://search.msn.com/msnbot.htm)"
65.55.212.216 - - [19/Feb/2008:18:29:28 +0100] "GET /zampa/slike/E6BIENNI.GIF HTTP/1.0" 200 33736 "-" "msnbot-media/1.0 (+http://search.msn.com/msnbot.htm)"
65.55.212.216 - - [19/Feb/2008:18:29:30 +0100] "GET /zampa/slike/udupetu.gif HTTP/1.0" 200 4138 "-" "msnbot-media/1.0 (+http://search.msn.com/msnbot.htm)"
74.6.22.139 - - [19/Feb/2008:18:34:09 +0100] "GET /robots.txt HTTP/1.0" 200 64 "-" "Mozilla/5.0 (compatible; Yahoo! Slurp; http://help.yahoo.com/help/us/ysearch/slurp)"
74.6.22.139 - - [19/Feb/2008:18:34:09 +0100] "GET /DgH/bull/index.html HTTP/1.0" 200 1915 "-" "Mozilla/5.0 (compatible; Yahoo! Slurp; http://help.yahoo.com/help/us/ysearch/slurp)"
74.6.24.222 - - [19/Feb/2008:18:56:18 +0100] "GET /rez/fiszt.htm HTTP/1.0" 200 1487 "-" "Mozilla/5.0 (compatible; Yahoo! Slurp; http://help.yahoo.com/help/us/ysearch/slurp)"
81.52.143.16 - - [19/Feb/2008:18:59:14 +0100] "GET /robots.txt HTTP/1.1" 200 64 "-" "Mozilla/5.0 (Windows; U; Windows NT 5.1; fr; rv:1.8.1) VoilaBot BETA 1.2 (http://www.voila.com/)"
81.52.143.16 - - [19/Feb/2008:18:59:16 +0100] "GET /schubb/schubb-2.html HTTP/1.1" 200 16660 "-" "Mozilla/5.0 (Windows; U; Windows NT 5.1; fr; rv:1.8.1) VoilaBot BETA 1.2 (http://www.voila.com/)"
74.6.22.108 - - [19/Feb/2008:19:09:18 +0100] "GET /frame-inhalt.html HTTP/1.0" 200 6025 "-" "Mozilla/5.0 (compatible; Yahoo! Slurp/3.0; http://help.yahoo.com/help/us/ysearch/slurp)"
84.190.33.64 - - [19/Feb/2008:19:13:13 +0100] "GET / HTTP/1.1" 200 10335 "-" "Mozilla/5.0 (X11; U; Linux i686; de; rv:1.8.1.12) Gecko/20080207 Ubuntu/7.10 (gutsy) Firefox/2.0.0.12"
84.190.33.64 - - [19/Feb/2008:19:13:13 +0100] "GET /ve-icon-2.ico HTTP/1.1" 200 2238 "-" "Mozilla/5.0 (X11; U; Linux i686; de; rv:1.8.1.12) Gecko/20080207 Ubuntu/7.10 (gutsy) Firefox/2.0.0.12"
84.190.33.64 - - [19/Feb/2008:19:13:13 +0100] "GET /framez_0.html HTTP/1.1" 200 12411 "http://www.various-euro.com/" "Mozilla/5.0 (X11; U; Linux i686; de; rv:1.8.1.12) Gecko/20080207 Ubuntu/7.10 (gutsy) Firefox/2.0.0.12"
84.190.33.64 - - [19/Feb/2008:19:13:16 +0100] "GET /framez.html HTTP/1.1" 200 4130 "http://www.various-euro.com/framez_0.html" "Mozilla/5.0 (X11; U; Linux i686; de; rv:1.8.1.12) Gecko/20080207 Ubuntu/7.10 (gutsy) Firefox/2.0.0.12"
84.190.33.64 - - [19/Feb/2008:19:13:16 +0100] "GET /frame-menu.html HTTP/1.1" 200 10763 "http://www.various-euro.com/framez.html" "Mozilla/5.0 (X11; U; Linux i686; de; rv:1.8.1.12) Gecko/20080207 Ubuntu/7.10 (gutsy) Firefox/2.0.0.12"
84.190.33.64 - - [19/Feb/2008:19:13:16 +0100] "GET /frame-inhalt.html HTTP/1.1" 200 6025 "http://www.various-euro.com/framez.html" "Mozilla/5.0 (X11; U; Linux i686; de; rv:1.8.1.12) Gecko/20080207 Ubuntu/7.10 (gutsy) Firefox/2.0.0.12"
84.190.33.64 - - [19/Feb/2008:19:13:16 +0100] "GET /frame-unten.html HTTP/1.1" 200 5557 "http://www.various-euro.com/framez.html" "Mozilla/5.0 (X11; U; Linux i686; de; rv:1.8.1.12) Gecko/20080207 Ubuntu/7.10 (gutsy) Firefox/2.0.0.12"
84.190.33.64 - - [19/Feb/2008:19:13:16 +0100] "GET /bannerz/neon_click_3.gif HTTP/1.1" 200 240 "http://www.various-euro.com/frame-inhalt.html" "Mozilla/5.0 (X11; U; Linux i686; de; rv:1.8.1.12) Gecko/20080207 Ubuntu/7.10 (gutsy) Firefox/2.0.0.12"
84.190.33.64 - - [19/Feb/2008:19:13:16 +0100] "GET /bannerz/ascii-lt.gif HTTP/1.1" 200 1049 "http://www.various-euro.com/frame-inhalt.html" "Mozilla/5.0 (X11; U; Linux i686; de; rv:1.8.1.12) Gecko/20080207 Ubuntu/7.10 (gutsy) Firefox/2.0.0.12"
84.190.33.64 - - [19/Feb/2008:19:13:16 +0100] "GET /bannerz/neon_click_2.gif HTTP/1.1" 200 387 "http://www.various-euro.com/frame-inhalt.html" "Mozilla/5.0 (X11; U; Linux i686; de; rv:1.8.1.12) Gecko/20080207 Ubuntu/7.10 (gutsy) Firefox/2.0.0.12"
84.190.33.64 - - [19/Feb/2008:19:13:16 +0100] "GET /bannerz/douwil.gif HTTP/1.1" 200 528 "http://www.various-euro.com/frame-inhalt.html" "Mozilla/5.0 (X11; U; Linux i686; de; rv:1.8.1.12) Gecko/20080207 Ubuntu/7.10 (gutsy) Firefox/2.0.0.12"
84.190.33.64 - - [19/Feb/2008:19:13:16 +0100] "GET /bannerz/anti_black_small.gif HTTP/1.1" 200 1009 "http://www.various-euro.com/frame-inhalt.html" "Mozilla/5.0 (X11; U; Linux i686; de; rv:1.8.1.12) Gecko/20080207 Ubuntu/7.10 (gutsy) Firefox/2.0.0.12"
84.190.33.64 - - [19/Feb/2008:19:13:16 +0100] "GET /eurosign3.gif HTTP/1.1" 200 7879 "http://www.various-euro.com/frame-inhalt.html" "Mozilla/5.0 (X11; U; Linux i686; de; rv:1.8.1.12) Gecko/20080207 Ubuntu/7.10 (gutsy) Firefox/2.0.0.12"
84.190.33.64 - - [19/Feb/2008:19:13:16 +0100] "GET /bannerz/copyleft_black_small.gif HTTP/1.1" 200 1231 "http://www.various-euro.com/frame-inhalt.html" "Mozilla/5.0 (X11; U; Linux i686; de; rv:1.8.1.12) Gecko/20080207 Ubuntu/7.10 (gutsy) Firefox/2.0.0.12"
84.190.33.64 - - [19/Feb/2008:19:13:16 +0100] "GET /bannerz/neon_click_1.gif HTTP/1.1" 200 890 "http://www.various-euro.com/frame-inhalt.html" "Mozilla/5.0 (X11; U; Linux i686; de; rv:1.8.1.12) Gecko/20080207 Ubuntu/7.10 (gutsy) Firefox/2.0.0.12"
84.190.33.64 - - [19/Feb/2008:19:13:17 +0100] "GET /bannerz/google/Logo_40blk.gif HTTP/1.1" 200 2308 "http://www.various-euro.com/frame-inhalt.html" "Mozilla/5.0 (X11; U; Linux i686; de; rv:1.8.1.12) Gecko/20080207 Ubuntu/7.10 (gutsy) Firefox/2.0.0.12"
84.190.33.64 - - [19/Feb/2008:19:13:16 +0100] "GET /bannerz/wet.gif HTTP/1.1" 200 18561 "http://www.various-euro.com/frame-inhalt.html" "Mozilla/5.0 (X11; U; Linux i686; de; rv:1.8.1.12) Gecko/20080207 Ubuntu/7.10 (gutsy) Firefox/2.0.0.12"
84.190.33.64 - - [19/Feb/2008:19:13:17 +0100] "GET /bannerz/ve.jpg HTTP/1.1" 200 36912 "http://www.various-euro.com/frame-unten.html" "Mozilla/5.0 (X11; U; Linux i686; de; rv:1.8.1.12) Gecko/20080207 Ubuntu/7.10 (gutsy) Firefox/2.0.0.12"
84.190.33.64 - - [19/Feb/2008:19:13:17 +0100] "GET /bannerz/various-euro-girl.jpg HTTP/1.1" 200 91514 "http://www.various-euro.com/frame-unten.html" "Mozilla/5.0 (X11; U; Linux i686; de; rv:1.8.1.12) Gecko/20080207 Ubuntu/7.10 (gutsy) Firefox/2.0.0.12"
84.190.33.64 - - [19/Feb/2008:19:13:16 +0100] "GET /bannerz/ubu-shot.png HTTP/1.1" 200 200117 "http://www.various-euro.com/frame-menu.html" "Mozilla/5.0 (X11; U; Linux i686; de; rv:1.8.1.12) Gecko/20080207 Ubuntu/7.10 (gutsy) Firefox/2.0.0.12"
65.55.212.216 - - [19/Feb/2008:19:14:46 +0100] "GET /zampa/slike/S8CURATO.GIF HTTP/1.0" 200 16968 "-" "msnbot-media/1.0 (+http://search.msn.com/msnbot.htm)"
65.55.212.216 - - [19/Feb/2008:19:14:47 +0100] "GET /zampa/slike/S7MEDIAA.GIF HTTP/1.0" 200 45793 "-" "msnbot-media/1.0 (+http://search.msn.com/msnbot.htm)"
65.55.212.216 - - [19/Feb/2008:19:14:48 +0100] "GET /zampa/slike/S4IRWIN.GIF HTTP/1.0" 200 54718 "-" "msnbot-media/1.0 (+http://search.msn.com/msnbot.htm)"
65.55.212.216 - - [19/Feb/2008:19:14:49 +0100] "GET /zampa/slike/E5UROSTO.GIF HTTP/1.0" 200 42690 "-" "msnbot-media/1.0 (+http://search.msn.com/msnbot.htm)"
65.55.212.216 - - [19/Feb/2008:19:14:49 +0100] "GET /zampa/slike/E8CURATO.GIF HTTP/1.0" 200 15386 "-" "msnbot-media/1.0 (+http://search.msn.com/msnbot.htm)"
65.55.212.216 - - [19/Feb/2008:19:14:50 +0100] "GET /zampa/slike/S6BIENNI.GIF HTTP/1.0" 200 35877 "-" "msnbot-media/1.0 (+http://search.msn.com/msnbot.htm)"
65.55.212.216 - - [19/Feb/2008:19:14:50 +0100] "GET /zampa/slike/S2COPY.GIF HTTP/1.0" 200 12771 "-" "msnbot-media/1.0 (+http://search.msn.com/msnbot.htm)"
65.55.212.216 - - [19/Feb/2008:19:14:51 +0100] "GET /zampa/slike/E3VAMPIR.GIF HTTP/1.0" 200 52553 "-" "msnbot-media/1.0 (+http://search.msn.com/msnbot.htm)"
65.55.212.216 - - [19/Feb/2008:19:14:52 +0100] "GET /zampa/slike/E7MEDIAA.GIF HTTP/1.0" 200 44716 "-" "msnbot-media/1.0 (+http://search.msn.com/msnbot.htm)"
65.55.212.216 - - [19/Feb/2008:19:14:53 +0100] "GET /zampa/slike/S1TITEL.GIF HTTP/1.0" 200 15244 "-" "msnbot-media/1.0 (+http://search.msn.com/msnbot.htm)"
65.55.212.216 - - [19/Feb/2008:19:14:54 +0100] "GET /zampa/slike/S5UROSTO.GIF HTTP/1.0" 200 45220 "-" "msnbot-media/1.0 (+http://search.msn.com/msnbot.htm)"
65.55.212.216 - - [19/Feb/2008:19:14:55 +0100] "GET /zampa/slike/E2COPY.GIF HTTP/1.0" 200 10416 "-" "msnbot-media/1.0 (+http://search.msn.com/msnbot.htm)"
65.55.212.216 - - [19/Feb/2008:19:14:59 +0100] "GET /zampa/slike/E4IRWIN.GIF HTTP/1.0" 200 53174 "-" "msnbot-media/1.0 (+http://search.msn.com/msnbot.htm)"
65.55.212.216 - - [19/Feb/2008:19:15:00 +0100] "GET /zampa/slike/S3VAMPIR.GIF HTTP/1.0" 200 55504 "-" "msnbot-media/1.0 (+http://search.msn.com/msnbot.htm)"
65.55.212.216 - - [19/Feb/2008:19:15:02 +0100] "GET /zampa/slike/inthearse.gif HTTP/1.0" 200 4077 "-" "msnbot-media/1.0 (+http://search.msn.com/msnbot.htm)"
65.55.212.216 - - [19/Feb/2008:19:20:42 +0100] "GET /f-world.html HTTP/1.0" 200 35590 "-" "msnbot-media/1.0 (+http://search.msn.com/msnbot.htm)"
65.55.209.98 - - [19/Feb/2008:19:22:02 +0100] "GET /robots.txt HTTP/1.1" 302 363 "-" "msnbot/1.0 (+http://search.msn.com/msnbot.htm)"
