65.55.209.98 - - [12/Feb/2008:22:23:10 +0100] "GET /robots.txt HTTP/1.1" 200 64 "-" "msnbot/1.0 (+http://search.msn.com/msnbot.htm)"
65.55.209.98 - - [12/Feb/2008:22:23:20 +0100] "GET /f-other.html HTTP/1.1" 200 33189 "-" "msnbot/1.0 (+http://search.msn.com/msnbot.htm)"
65.55.165.124 - - [12/Feb/2008:22:24:21 +0100] "GET /f-world.html HTTP/1.0" 200 35590 "http://search.live.com/results.aspx?q=various&mrt=en-us&FORM=LIVSOP" "Mozilla/4.0 (compatible; MSIE 7.0; Windows NT 5.2; .NET CLR 1.1.4322)"
65.55.165.124 - - [12/Feb/2008:22:24:24 +0100] "GET /framez-world.html HTTP/1.0" 200 4325 "-" "Mozilla/4.0 (compatible; MSIE 7.0; Windows NT 5.2; .NET CLR 1.1.4322)"
65.55.165.124 - - [12/Feb/2008:22:24:24 +0100] "GET /frame-menu.html HTTP/1.0" 200 10763 "http://www.various-euro.com/framez-world.html" "Mozilla/4.0 (compatible; MSIE 7.0; Windows NT 5.2; .NET CLR 1.1.4322)"
65.55.165.124 - - [12/Feb/2008:22:24:25 +0100] "GET /frame-unten.html HTTP/1.0" 200 5557 "http://www.various-euro.com/framez-world.html" "Mozilla/4.0 (compatible; MSIE 7.0; Windows NT 5.2; .NET CLR 1.1.4322)"
65.55.165.124 - - [12/Feb/2008:22:24:24 +0100] "GET /f-world.html HTTP/1.0" 200 35590 "http://www.various-euro.com/framez-world.html" "Mozilla/4.0 (compatible; MSIE 7.0; Windows NT 5.2; .NET CLR 1.1.4322)"
211.186.6.125 - - [12/Feb/2008:22:24:53 +0100] "GET /f-logz_old.html HTTP/1.1" 200 43773 "-" "Mozilla/4.0 (compatible; MSIE 6.0; Windows NT 5.0)"
85.10.250.48 - - [12/Feb/2008:22:55:57 +0100] "GET / HTTP/1.1" 200 10335 "http://www.8bo.de" "8bo Crawler Bot"
65.55.209.102 - - [12/Feb/2008:23:46:37 +0100] "GET /f-actions.html HTTP/1.1" 200 10429 "-" "msnbot/1.0 (+http://search.msn.com/msnbot.htm)"
66.197.158.245 - - [13/Feb/2008:00:03:13 +0100] "GET / HTTP/1.1" 200 10335 "http://www.gma.su/" "Mozilla/4.0 (compatible; MSIE 7.0; Windows NT 6.0; SLCC1; .NET CLR 2.0.50727; Media Center PC 5.0; .NET CLR 3.0.04506; InfoPath.1"
65.214.45.123 - - [13/Feb/2008:00:05:26 +0100] "GET /robots.txt HTTP/1.0" 200 64 "-" "Mozilla/5.0 (compatible; Ask Jeeves/Teoma; +http://about.ask.com/en/docs/about/webmasters.shtml)"
65.214.45.123 - - [13/Feb/2008:00:05:26 +0100] "GET / HTTP/1.0" 200 10335 "-" "Mozilla/5.0 (compatible; Ask Jeeves/Teoma; +http://about.ask.com/en/docs/about/webmasters.shtml)"
81.52.143.16 - - [13/Feb/2008:00:08:51 +0100] "GET /robots.txt HTTP/1.1" 200 64 "-" "Mozilla/5.0 (Windows; U; Windows NT 5.1; fr; rv:1.8.1) VoilaBot BETA 1.2 (http://www.voila.com/)"
81.52.143.16 - - [13/Feb/2008:00:08:57 +0100] "GET /f-web.html HTTP/1.1" 200 13605 "-" "Mozilla/5.0 (Windows; U; Windows NT 5.1; fr; rv:1.8.1) VoilaBot BETA 1.2 (http://www.voila.com/)"
193.252.149.15 - - [13/Feb/2008:00:14:29 +0100] "GET /robots.txt HTTP/1.1" 200 64 "-" "Mozilla/5.0 (Windows; U; Windows NT 5.1; fr; rv:1.8.1) VoilaBot BETA 1.2 (http://www.voila.com/)"
193.252.149.15 - - [13/Feb/2008:00:14:35 +0100] "GET /f-bannnerz.html HTTP/1.1" 200 12651 "-" "Mozilla/5.0 (Windows; U; Windows NT 5.1; fr; rv:1.8.1) VoilaBot BETA 1.2 (http://www.voila.com/)"
65.55.209.103 - - [13/Feb/2008:00:16:40 +0100] "GET /robots.txt HTTP/1.1" 200 64 "-" "msnbot/1.0 (+http://search.msn.com/msnbot.htm)"
65.55.209.103 - - [13/Feb/2008:00:16:40 +0100] "GET /your_tour.html HTTP/1.1" 200 29760 "-" "msnbot/1.0 (+http://search.msn.com/msnbot.htm)"
65.55.209.103 - - [13/Feb/2008:00:27:39 +0100] "GET /f-horrorkatze.html HTTP/1.1" 200 7865 "-" "msnbot/1.0 (+http://search.msn.com/msnbot.htm)"
66.249.67.80 - - [13/Feb/2008:00:47:44 +0100] "GET /f-bannnerz.html HTTP/1.1" 200 12651 "-" "Mozilla/5.0 (compatible; Googlebot/2.1; +http://www.google.com/bot.html)"
65.55.209.103 - - [13/Feb/2008:00:52:53 +0100] "GET /f-warez.html HTTP/1.1" 200 10953 "-" "msnbot/1.0 (+http://search.msn.com/msnbot.htm)"
65.214.45.123 - - [13/Feb/2008:02:17:02 +0100] "GET /restate_copy.html HTTP/1.0" 200 97631 "-" "Mozilla/5.0 (compatible; Ask Jeeves/Teoma; +http://about.ask.com/en/docs/about/webmasters.shtml)"
65.55.209.102 - - [13/Feb/2008:03:30:13 +0100] "GET /robots.txt HTTP/1.1" 200 64 "-" "msnbot/1.0 (+http://search.msn.com/msnbot.htm)"
65.55.209.102 - - [13/Feb/2008:03:30:13 +0100] "GET /DgH/bull/ HTTP/1.1" 200 1915 "-" "msnbot/1.0 (+http://search.msn.com/msnbot.htm)"
74.6.19.123 - - [13/Feb/2008:04:40:38 +0100] "GET /robots.txt HTTP/1.0" 200 64 "-" "Mozilla/5.0 (compatible; Yahoo! Slurp; http://help.yahoo.com/help/us/ysearch/slurp)"
74.6.22.221 - - [13/Feb/2008:04:40:39 +0100] "GET /zampa-lovers/ HTTP/1.0" 200 37790 "-" "Mozilla/5.0 (compatible; Yahoo! Slurp; http://help.yahoo.com/help/us/ysearch/slurp)"
74.6.26.113 - - [13/Feb/2008:04:54:16 +0100] "GET /framez-rez.html HTTP/1.0" 200 4323 "-" "Mozilla/5.0 (compatible; Yahoo! Slurp; http://help.yahoo.com/help/us/ysearch/slurp)"
74.6.26.113 - - [13/Feb/2008:04:54:17 +0100] "GET /frame-menu.html HTTP/1.0" 200 10763 "-" "Mozilla/5.0 (compatible; Yahoo! Slurp; http://help.yahoo.com/help/us/ysearch/slurp)"
74.6.26.113 - - [13/Feb/2008:04:54:18 +0100] "GET /f-rez.html HTTP/1.0" 200 9765 "-" "Mozilla/5.0 (compatible; Yahoo! Slurp; http://help.yahoo.com/help/us/ysearch/slurp)"
74.6.26.113 - - [13/Feb/2008:04:54:18 +0100] "GET /frame-unten.html HTTP/1.0" 200 5557 "-" "Mozilla/5.0 (compatible; Yahoo! Slurp; http://help.yahoo.com/help/us/ysearch/slurp)"
74.6.20.214 - - [13/Feb/2008:05:02:36 +0100] "GET /rez/fisztfull.mp4 HTTP/1.0" 200 5973230 "-" "Mozilla/5.0 (compatible; Yahoo! Slurp; http://help.yahoo.com/help/us/ysearch/slurp)"
65.214.45.123 - - [13/Feb/2008:05:05:35 +0100] "GET /f-actions.html HTTP/1.0" 200 10429 "-" "Mozilla/5.0 (compatible; Ask Jeeves/Teoma; +http://about.ask.com/en/docs/about/webmasters.shtml)"
77.91.224.5 - - [13/Feb/2008:06:02:01 +0100] "GET /robots.txt HTTP/1.1" 200 64 "-" "WebAlta Crawler/2.0 (http://www.webalta.net/ru/about_webmaster.html) (Windows; U; Windows NT 5.1; ru-RU)"
77.91.224.5 - - [13/Feb/2008:06:02:01 +0100] "GET / HTTP/1.1" 200 10335 "-" "WebAlta Crawler/2.0 (http://www.webalta.net/ru/about_webmaster.html) (Windows; U; Windows NT 5.1; ru-RU)"
74.6.26.157 - - [13/Feb/2008:06:23:46 +0100] "GET /schubb/schubb-2.html HTTP/1.0" 200 16660 "-" "Mozilla/5.0 (compatible; Yahoo! Slurp; http://help.yahoo.com/help/us/ysearch/slurp)"
85.107.235.56 - - [13/Feb/2008:07:35:58 +0100] "POST /cgi-bin/update.cgi HTTP/1.1" 404 2748 "http://various-euro.com/cgi-bin/update.cgi" "Mozilla/4.0 (compatible; MSIE 6.0; Windows NT 5.1)"
81.52.143.15 - - [13/Feb/2008:07:37:01 +0100] "GET /robots.txt HTTP/1.1" 200 64 "-" "Mozilla/5.0 (Windows; U; Windows NT 5.1; fr; rv:1.8.1) VoilaBot BETA 1.2 (http://www.voila.com/)"
81.52.143.15 - - [13/Feb/2008:07:37:03 +0100] "GET /f-maintitle.html HTTP/1.1" 200 5030 "-" "Mozilla/5.0 (Windows; U; Windows NT 5.1; fr; rv:1.8.1) VoilaBot BETA 1.2 (http://www.voila.com/)"
66.249.67.80 - - [13/Feb/2008:07:45:26 +0100] "GET /restate_copy.html HTTP/1.1" 200 97631 "-" "Mozilla/5.0 (compatible; Googlebot/2.1; +http://www.google.com/bot.html)"
193.252.149.16 - - [13/Feb/2008:08:26:31 +0100] "GET /robots.txt HTTP/1.1" 200 64 "-" "Mozilla/5.0 (Windows; U; Windows NT 5.1; fr; rv:1.8.1) VoilaBot BETA 1.2 (http://www.voila.com/)"
193.252.149.16 - - [13/Feb/2008:08:26:37 +0100] "GET /framez.html HTTP/1.1" 200 4130 "-" "Mozilla/5.0 (Windows; U; Windows NT 5.1; fr; rv:1.8.1) VoilaBot BETA 1.2 (http://www.voila.com/)"
193.252.149.16 - - [13/Feb/2008:08:26:53 +0100] "GET /frame-menu.html HTTP/1.1" 200 10763 "-" "Mozilla/5.0 (Windows; U; Windows NT 5.1; fr; rv:1.8.1) VoilaBot BETA 1.2 (http://www.voila.com/)"
193.252.149.16 - - [13/Feb/2008:08:26:53 +0100] "GET /frame-inhalt.html HTTP/1.1" 200 6025 "-" "Mozilla/5.0 (Windows; U; Windows NT 5.1; fr; rv:1.8.1) VoilaBot BETA 1.2 (http://www.voila.com/)"
193.252.149.16 - - [13/Feb/2008:08:26:54 +0100] "GET /frame-unten.html HTTP/1.1" 200 5557 "-" "Mozilla/5.0 (Windows; U; Windows NT 5.1; fr; rv:1.8.1) VoilaBot BETA 1.2 (http://www.voila.com/)"
193.252.149.16 - - [13/Feb/2008:08:45:03 +0100] "GET /robots.txt HTTP/1.1" 200 64 "-" "Mozilla/5.0 (Windows; U; Windows NT 5.1; fr; rv:1.8.1) VoilaBot BETA 1.2 (http://www.voila.com/)"
193.252.149.16 - - [13/Feb/2008:08:45:11 +0100] "GET /world.html HTTP/1.1" 200 16295 "-" "Mozilla/5.0 (Windows; U; Windows NT 5.1; fr; rv:1.8.1) VoilaBot BETA 1.2 (http://www.voila.com/)"
66.249.67.80 - - [13/Feb/2008:09:06:34 +0100] "GET /f-horrorkatze.html HTTP/1.1" 200 7865 "-" "Mozilla/5.0 (compatible; Googlebot/2.1; +http://www.google.com/bot.html)"
74.6.27.38 - - [13/Feb/2008:09:34:18 +0100] "GET /rez/108.mp3 HTTP/1.0" 200 2086040 "-" "Mozilla/5.0 (compatible; Yahoo! Slurp; http://help.yahoo.com/help/us/ysearch/slurp)"
66.249.67.80 - - [13/Feb/2008:09:46:50 +0100] "GET /sendi_agent.html HTTP/1.1" 200 6213 "-" "Mozilla/5.0 (compatible; Googlebot/2.1; +http://www.google.com/bot.html)"
66.249.67.80 - - [13/Feb/2008:10:07:08 +0100] "GET /DgH/ HTTP/1.1" 200 5024 "-" "Mozilla/5.0 (compatible; Googlebot/2.1; +http://www.google.com/bot.html)"
66.249.67.80 - - [13/Feb/2008:10:27:23 +0100] "GET /framez-girlz.html HTTP/1.1" 200 4271 "-" "Mozilla/5.0 (compatible; Googlebot/2.1; +http://www.google.com/bot.html)"
66.249.67.80 - - [13/Feb/2008:10:47:46 +0100] "GET /zampa/ HTTP/1.1" 200 7153 "-" "Mozilla/5.0 (compatible; Googlebot/2.1; +http://www.google.com/bot.html)"
67.195.44.107 - - [13/Feb/2008:11:05:08 +0100] "GET /robots.txt HTTP/1.0" 200 64 "-" "Mozilla/5.0 (compatible; Yahoo! Slurp; http://help.yahoo.com/help/us/ysearch/slurp)"
67.195.44.81 - - [13/Feb/2008:11:05:08 +0100] "GET / HTTP/1.0" 200 10335 "-" "Mozilla/5.0 (compatible; Yahoo! Slurp; http://help.yahoo.com/help/us/ysearch/slurp)"
74.6.23.229 - - [13/Feb/2008:11:05:42 +0100] "GET /schubb/schubb-3.html HTTP/1.0" 200 17546 "-" "Mozilla/5.0 (compatible; Yahoo! Slurp; http://help.yahoo.com/help/us/ysearch/slurp)"
66.249.67.80 - - [13/Feb/2008:11:07:58 +0100] "GET /neon/girl-tv.html HTTP/1.1" 200 1717 "-" "Mozilla/5.0 (compatible; Googlebot/2.1; +http://www.google.com/bot.html)"
190.172.131.201 - - [13/Feb/2008:11:08:06 +0100] "GET /cgi-bin/list/s.pl HTTP/1.1" 404 2748 "http://various-euro.com/cgi-bin/list/s.pl" "Mozilla/4.0 (compatible; MSIE 6.0; Windows NT 5.1)"
137.9.121.122 - - [13/Feb/2008:11:11:36 +0100] "GET /framez-girlz.html HTTP/1.1" 200 4271 "-" "Mozilla/4.0 (compatible;)"
137.9.121.122 - - [13/Feb/2008:11:12:18 +0100] "GET /frame-unten.html HTTP/1.1" 200 5557 "-" "Mozilla/4.0 (compatible;)"
65.214.45.123 - - [13/Feb/2008:11:17:03 +0100] "GET /your_tour.html HTTP/1.0" 200 7732 "-" "Mozilla/5.0 (compatible; Ask Jeeves/Teoma; +http://about.ask.com/en/docs/about/webmasters.shtml)"
66.249.67.80 - - [13/Feb/2008:11:48:37 +0100] "GET /neon/biggtani.html HTTP/1.1" 200 1698 "-" "Mozilla/5.0 (compatible; Googlebot/2.1; +http://www.google.com/bot.html)"
64.124.14.105 - - [13/Feb/2008:11:54:44 +0100] "GET / HTTP/1.1" 200 10335 "-" "Mozilla/5.0 (compatible; Konqueror/3.1; Linux; en)"
66.249.67.80 - - [13/Feb/2008:12:09:06 +0100] "GET /f-logz_old.html HTTP/1.1" 200 43773 "-" "Mozilla/5.0 (compatible; Googlebot/2.1; +http://www.google.com/bot.html)"
66.249.67.80 - - [13/Feb/2008:12:29:07 +0100] "GET /games/virtualcop/virtualcop.swf HTTP/1.1" 200 2563562 "-" "Mozilla/5.0 (compatible; Googlebot/2.1; +http://www.google.com/bot.html)"
67.195.44.107 - - [13/Feb/2008:12:35:39 +0100] "GET /robots.txt HTTP/1.0" 200 64 "-" "Mozilla/5.0 (compatible; Yahoo! Slurp; http://help.yahoo.com/help/us/ysearch/slurp)"
67.195.44.85 - - [13/Feb/2008:12:35:39 +0100] "GET /framez-rez.html HTTP/1.0" 200 4323 "-" "Mozilla/5.0 (compatible; Yahoo! Slurp; http://help.yahoo.com/help/us/ysearch/slurp)"
67.195.44.85 - - [13/Feb/2008:12:35:40 +0100] "GET /frame-menu.html HTTP/1.0" 200 10763 "-" "Mozilla/5.0 (compatible; Yahoo! Slurp; http://help.yahoo.com/help/us/ysearch/slurp)"
67.195.44.85 - - [13/Feb/2008:12:35:41 +0100] "GET /f-rez.html HTTP/1.0" 200 9765 "-" "Mozilla/5.0 (compatible; Yahoo! Slurp; http://help.yahoo.com/help/us/ysearch/slurp)"
67.195.44.85 - - [13/Feb/2008:12:35:42 +0100] "GET /frame-unten.html HTTP/1.0" 200 5557 "-" "Mozilla/5.0 (compatible; Yahoo! Slurp; http://help.yahoo.com/help/us/ysearch/slurp)"
193.252.149.15 - - [13/Feb/2008:12:58:04 +0100] "GET /robots.txt HTTP/1.1" 200 64 "-" "Mozilla/5.0 (Windows; U; Windows NT 5.1; fr; rv:1.8.1) VoilaBot BETA 1.2 (http://www.voila.com/)"
193.252.149.15 - - [13/Feb/2008:12:58:35 +0100] "GET /neon/girlz3.html HTTP/1.1" 200 2479 "-" "Mozilla/5.0 (Windows; U; Windows NT 5.1; fr; rv:1.8.1) VoilaBot BETA 1.2 (http://www.voila.com/)"
74.6.19.123 - - [13/Feb/2008:13:40:28 +0100] "GET /robots.txt HTTP/1.0" 200 64 "-" "Mozilla/5.0 (compatible; Yahoo! Slurp; http://help.yahoo.com/help/us/ysearch/slurp)"
74.6.20.105 - - [13/Feb/2008:13:40:28 +0100] "GET /f-search.html HTTP/1.0" 200 10850 "-" "Mozilla/5.0 (compatible; Yahoo! Slurp; http://help.yahoo.com/help/us/ysearch/slurp)"
66.249.67.80 - - [13/Feb/2008:14:44:19 +0100] "GET / HTTP/1.1" 200 10335 "-" "Mozilla/5.0 (compatible; Googlebot/2.1; +http://www.google.com/bot.html)"
81.52.143.16 - - [13/Feb/2008:15:01:18 +0100] "GET /robots.txt HTTP/1.1" 200 64 "-" "Mozilla/5.0 (Windows; U; Windows NT 5.1; fr; rv:1.8.1) VoilaBot BETA 1.2 (http://www.voila.com/)"
81.52.143.16 - - [13/Feb/2008:15:01:20 +0100] "GET /neon/warning.html HTTP/1.1" 200 5134 "-" "Mozilla/5.0 (Windows; U; Windows NT 5.1; fr; rv:1.8.1) VoilaBot BETA 1.2 (http://www.voila.com/)"
74.6.26.37 - - [13/Feb/2008:15:11:12 +0100] "GET /bmpp/18.html HTTP/1.0" 200 4467 "-" "Mozilla/5.0 (compatible; Yahoo! Slurp; http://help.yahoo.com/help/us/ysearch/slurp)"
67.78.34.170 - - [13/Feb/2008:15:18:52 +0100] "GET /robots.txt HTTP/1.1" 200 64 "-" "VadixBot"
67.78.34.170 - - [13/Feb/2008:15:18:54 +0100] "GET /rez/326.mp3 HTTP/1.1" 206 32768 "-" "VadixBot"
67.78.34.174 - - [13/Feb/2008:15:18:52 +0100] "GET /rez/326.mp3 HTTP/1.1" 200 7672484 "-" "VadixBot"
67.78.34.174 - - [13/Feb/2008:15:19:02 +0100] "GET /rez/557.mp3 HTTP/1.1" 200 9164800 "-" "VadixBot"
66.249.67.80 - - [13/Feb/2008:15:34:53 +0100] "GET /robots.txt HTTP/1.1" 200 64 "-" "Mozilla/5.0 (compatible; Googlebot/2.1; +http://www.google.com/bot.html)"
66.249.67.80 - - [13/Feb/2008:15:34:53 +0100] "GET /news.html HTTP/1.1" 404 2748 "-" "Mozilla/5.0 (compatible; Googlebot/2.1; +http://www.google.com/bot.html)"
66.249.67.80 - - [13/Feb/2008:15:34:53 +0100] "GET /prog.html HTTP/1.1" 404 2748 "-" "Mozilla/5.0 (compatible; Googlebot/2.1; +http://www.google.com/bot.html)"
213.82.204.37 - - [13/Feb/2008:15:35:35 +0100] "GET /zampa/ HTTP/1.1" 200 7153 "http://www.angelfire.com/psy/zampa-di-leone-zampa/" "Mozilla/4.0 (compatible; MSIE 6.0; Windows NT 5.2; SV1; .NET CLR 1.1.4322; .NET CLR 2.0.50727)"
66.249.67.80 - - [13/Feb/2008:15:44:54 +0100] "GET /ie_menue.html HTTP/1.1" 404 2748 "-" "Mozilla/5.0 (compatible; Googlebot/2.1; +http://www.google.com/bot.html)"
66.249.67.80 - - [13/Feb/2008:15:55:24 +0100] "GET /moz_menue.html HTTP/1.1" 404 2748 "-" "Mozilla/5.0 (compatible; Googlebot/2.1; +http://www.google.com/bot.html)"
74.6.25.19 - - [13/Feb/2008:15:59:46 +0100] "GET /restate_copy.html HTTP/1.0" 200 97631 "-" "Mozilla/5.0 (compatible; Yahoo! Slurp; http://help.yahoo.com/help/us/ysearch/slurp)"
193.252.149.16 - - [13/Feb/2008:16:10:34 +0100] "GET /robots.txt HTTP/1.1" 200 64 "-" "Mozilla/5.0 (Windows; U; Windows NT 5.1; fr; rv:1.8.1) VoilaBot BETA 1.2 (http://www.voila.com/)"
193.252.149.16 - - [13/Feb/2008:16:10:36 +0100] "GET /neon/girl-tv.html HTTP/1.1" 200 1717 "-" "Mozilla/5.0 (Windows; U; Windows NT 5.1; fr; rv:1.8.1) VoilaBot BETA 1.2 (http://www.voila.com/)"
193.252.149.15 - - [13/Feb/2008:16:17:46 +0100] "GET /robots.txt HTTP/1.1" 200 64 "-" "Mozilla/5.0 (Windows; U; Windows NT 5.1; fr; rv:1.8.1) VoilaBot BETA 1.2 (http://www.voila.com/)"
193.252.149.15 - - [13/Feb/2008:16:17:51 +0100] "GET /warez.html HTTP/1.1" 200 9754 "-" "Mozilla/5.0 (Windows; U; Windows NT 5.1; fr; rv:1.8.1) VoilaBot BETA 1.2 (http://www.voila.com/)"
74.6.25.158 - - [13/Feb/2008:16:22:23 +0100] "GET /sendi-agent/Interfiction-sendi.mpg HTTP/1.0" 200 13300252 "-" "Mozilla/5.0 (compatible; Yahoo! Slurp; http://help.yahoo.com/help/us/ysearch/slurp)"
74.6.25.24 - - [13/Feb/2008:16:38:44 +0100] "GET /rez/557.mp3 HTTP/1.0" 200 9164800 "-" "Mozilla/5.0 (compatible; Yahoo! Slurp; http://help.yahoo.com/help/us/ysearch/slurp)"
190.172.131.201 - - [13/Feb/2008:16:39:01 +0100] "GET /404.php HTTP/1.1" 404 2748 "http://various-euro.com/404.php" "Mozilla/4.0 (compatible; MSIE 6.0; Windows NT 5.1)"
74.6.20.71 - - [13/Feb/2008:17:00:19 +0100] "GET /DgH/rampe/index.html HTTP/1.0" 200 2056 "-" "Mozilla/5.0 (compatible; Yahoo! Slurp; http://help.yahoo.com/help/us/ysearch/slurp)"
74.6.19.71 - - [13/Feb/2008:17:54:07 +0100] "GET /robots.txt HTTP/1.0" 200 64 "-" "Mozilla/5.0 (compatible; Yahoo! Slurp; http://help.yahoo.com/help/us/ysearch/slurp)"
74.6.26.70 - - [13/Feb/2008:17:54:08 +0100] "GET /euro.html HTTP/1.0" 404 2748 "-" "Mozilla/5.0 (compatible; Yahoo! Slurp; http://help.yahoo.com/help/us/ysearch/slurp)"
74.6.24.102 - - [13/Feb/2008:19:02:01 +0100] "GET /warez.html HTTP/1.0" 200 9754 "-" "Mozilla/5.0 (compatible; Yahoo! Slurp; http://help.yahoo.com/help/us/ysearch/slurp)"
65.214.45.123 - - [13/Feb/2008:19:52:20 +0100] "GET /robots.txt HTTP/1.0" 200 64 "-" "Mozilla/5.0 (compatible; Ask Jeeves/Teoma; +http://about.ask.com/en/docs/about/webmasters.shtml)"
65.214.45.123 - - [13/Feb/2008:19:52:20 +0100] "GET /neon/girlz2.html HTTP/1.0" 200 2937 "-" "Mozilla/5.0 (compatible; Ask Jeeves/Teoma; +http://about.ask.com/en/docs/about/webmasters.shtml)"
74.6.24.16 - - [13/Feb/2008:20:43:30 +0100] "GET /zampa-lovers/WASISTMI1.MPG HTTP/1.0" 200 271221 "-" "Mozilla/5.0 (compatible; Yahoo! Slurp; http://help.yahoo.com/help/us/ysearch/slurp)"
74.6.19.200 - - [13/Feb/2008:21:10:52 +0100] "GET /rez/ HTTP/1.0" 403 1223 "-" "Mozilla/5.0 (compatible; Yahoo! Slurp; http://help.yahoo.com/help/us/ysearch/slurp)"
193.252.149.16 - - [13/Feb/2008:21:33:09 +0100] "GET /robots.txt HTTP/1.1" 200 64 "-" "Mozilla/5.0 (Windows; U; Windows NT 5.1; fr; rv:1.8.1) VoilaBot BETA 1.2 (http://www.voila.com/)"
193.252.149.16 - - [13/Feb/2008:21:33:11 +0100] "GET /DgH/rampe/index.html HTTP/1.1" 200 2056 "-" "Mozilla/5.0 (Windows; U; Windows NT 5.1; fr; rv:1.8.1) VoilaBot BETA 1.2 (http://www.voila.com/)"
193.252.149.16 - - [13/Feb/2008:21:40:54 +0100] "GET / HTTP/1.1" 200 10335 "-" "Mozilla/5.0 (Windows; U; Windows NT 5.1; fr; rv:1.8.1) VoilaBot BETA 1.2 (http://www.voila.com/)"
81.52.143.15 - - [13/Feb/2008:22:00:32 +0100] "GET /robots.txt HTTP/1.1" 200 64 "-" "Mozilla/5.0 (Windows; U; Windows NT 5.1; fr; rv:1.8.1) VoilaBot BETA 1.2 (http://www.voila.com/)"
81.52.143.15 - - [13/Feb/2008:22:00:35 +0100] "GET /DgH/orginal/index.html HTTP/1.1" 200 1727 "-" "Mozilla/5.0 (Windows; U; Windows NT 5.1; fr; rv:1.8.1) VoilaBot BETA 1.2 (http://www.voila.com/)"
87.123.72.114 - - [13/Feb/2008:22:36:57 +0100] "POST http://various-euro.com/cgi-bin/mysqlutility.cgi HTTP/1.0" 404 2748 "http://various-euro.com/cgi-bin/mysqlutility.cgi" "Mozilla/4.0 (compatible; MSIE 6.0; Windows NT 5.1)"
66.249.67.80 - - [13/Feb/2008:23:32:56 +0100] "GET /robots.txt HTTP/1.1" 200 64 "-" "Mozilla/5.0 (compatible; Googlebot/2.1; +http://www.google.com/bot.html)"
66.249.67.80 - - [13/Feb/2008:23:32:57 +0100] "GET /f-warez.html HTTP/1.1" 200 10953 "-" "Mozilla/5.0 (compatible; Googlebot/2.1; +http://www.google.com/bot.html)"
65.214.45.101 - - [13/Feb/2008:23:51:09 +0100] "GET /robots.txt HTTP/1.0" 200 64 "-" "Mozilla/5.0 (compatible; Ask Jeeves/Teoma; +http://about.ask.com/en/docs/about/webmasters.shtml)"
65.214.45.101 - - [13/Feb/2008:23:51:09 +0100] "GET /neon/girlz2.html HTTP/1.0" 200 2937 "-" "Mozilla/5.0 (compatible; Ask Jeeves/Teoma; +http://about.ask.com/en/docs/about/webmasters.shtml)"
74.6.19.123 - - [13/Feb/2008:23:56:58 +0100] "GET /robots.txt HTTP/1.0" 200 64 "-" "Mozilla/5.0 (compatible; Yahoo! Slurp; http://help.yahoo.com/help/us/ysearch/slurp)"
72.30.214.237 - - [13/Feb/2008:23:56:58 +0100] "GET / HTTP/1.0" 200 10335 "-" "Mozilla/5.0 (compatible; Yahoo! Slurp; http://help.yahoo.com/help/us/ysearch/slurp)"
65.55.209.103 - - [14/Feb/2008:00:05:22 +0100] "GET /robots.txt HTTP/1.1" 200 64 "-" "msnbot/1.0 (+http://search.msn.com/msnbot.htm)"
65.55.209.103 - - [14/Feb/2008:00:05:23 +0100] "GET /neon/girlz3.html HTTP/1.1" 200 2479 "-" "msnbot/1.0 (+http://search.msn.com/msnbot.htm)"
74.6.29.34 - - [14/Feb/2008:00:15:23 +0100] "GET /neon/click.html HTTP/1.0" 200 521 "-" "Mozilla/5.0 (compatible; Yahoo! Slurp; http://help.yahoo.com/help/us/ysearch/slurp)"
65.55.209.97 - - [14/Feb/2008:00:30:20 +0100] "GET /robots.txt HTTP/1.1" 200 64 "-" "msnbot/1.0 (+http://search.msn.com/msnbot.htm)"
65.55.209.97 - - [14/Feb/2008:00:30:20 +0100] "GET /bmpp/18.html HTTP/1.1" 200 4467 "-" "msnbot/1.0 (+http://search.msn.com/msnbot.htm)"
81.52.143.16 - - [14/Feb/2008:00:39:51 +0100] "GET /robots.txt HTTP/1.1" 200 64 "-" "Mozilla/5.0 (Windows; U; Windows NT 5.1; fr; rv:1.8.1) VoilaBot BETA 1.2 (http://www.voila.com/)"
81.52.143.16 - - [14/Feb/2008:00:40:05 +0100] "GET /frame-unten.html HTTP/1.1" 200 5557 "-" "Mozilla/5.0 (Windows; U; Windows NT 5.1; fr; rv:1.8.1) VoilaBot BETA 1.2 (http://www.voila.com/)"
65.214.45.123 - - [14/Feb/2008:01:13:10 +0100] "GET /f-net.html HTTP/1.0" 200 9913 "-" "Mozilla/5.0 (compatible; Ask Jeeves/Teoma; +http://about.ask.com/en/docs/about/webmasters.shtml)"
193.252.149.16 - - [14/Feb/2008:01:15:32 +0100] "GET /robots.txt HTTP/1.1" 200 64 "-" "Mozilla/5.0 (Windows; U; Windows NT 5.1; fr; rv:1.8.1) VoilaBot BETA 1.2 (http://www.voila.com/)"
193.252.149.16 - - [14/Feb/2008:01:15:36 +0100] "GET /f-net.html HTTP/1.1" 200 9913 "-" "Mozilla/5.0 (Windows; U; Windows NT 5.1; fr; rv:1.8.1) VoilaBot BETA 1.2 (http://www.voila.com/)"
74.6.22.12 - - [14/Feb/2008:01:36:21 +0100] "GET /f-sponsor.html HTTP/1.0" 200 8578 "-" "Mozilla/5.0 (compatible; Yahoo! Slurp; http://help.yahoo.com/help/us/ysearch/slurp)"
74.6.22.171 - - [14/Feb/2008:03:00:49 +0100] "GET /robots.txt HTTP/1.0" 200 64 "-" "Mozilla/5.0 (compatible; Yahoo! Slurp; http://help.yahoo.com/help/us/ysearch/slurp)"
74.6.22.171 - - [14/Feb/2008:03:00:49 +0100] "GET /f-rez.html HTTP/1.0" 200 9765 "-" "Mozilla/5.0 (compatible; Yahoo! Slurp; http://help.yahoo.com/help/us/ysearch/slurp)"
81.52.143.15 - - [14/Feb/2008:03:05:04 +0100] "GET /robots.txt HTTP/1.1" 200 64 "-" "Mozilla/5.0 (Windows; U; Windows NT 5.1; fr; rv:1.8.1) VoilaBot BETA 1.2 (http://www.voila.com/)"
81.52.143.15 - - [14/Feb/2008:03:05:11 +0100] "GET /f-warez.html HTTP/1.1" 200 10953 "-" "Mozilla/5.0 (Windows; U; Windows NT 5.1; fr; rv:1.8.1) VoilaBot BETA 1.2 (http://www.voila.com/)"
74.6.22.171 - - [14/Feb/2008:03:17:22 +0100] "GET /your_tour.html HTTP/1.0" 200 29760 "-" "Mozilla/5.0 (compatible; Yahoo! Slurp; http://help.yahoo.com/help/us/ysearch/slurp)"
66.249.67.80 - - [14/Feb/2008:03:35:14 +0100] "GET /zampa/lybia/index.html HTTP/1.1" 200 3036 "-" "Mozilla/5.0 (compatible; Googlebot/2.1; +http://www.google.com/bot.html)"
65.55.209.97 - - [14/Feb/2008:03:45:05 +0100] "GET /robots.txt HTTP/1.1" 200 64 "-" "msnbot/1.0 (+http://search.msn.com/msnbot.htm)"
65.55.209.97 - - [14/Feb/2008:03:45:05 +0100] "GET /DgH/watch/ HTTP/1.1" 200 2028 "-" "msnbot/1.0 (+http://search.msn.com/msnbot.htm)"
77.91.224.15 - - [14/Feb/2008:03:46:52 +0100] "GET /robots.txt HTTP/1.1" 200 64 "-" "WebAlta Crawler/2.0 (http://www.webalta.net/ru/about_webmaster.html) (Windows; U; Windows NT 5.1; ru-RU)"
77.91.224.15 - - [14/Feb/2008:03:46:52 +0100] "GET / HTTP/1.1" 200 10335 "-" "WebAlta Crawler/2.0 (http://www.webalta.net/ru/about_webmaster.html) (Windows; U; Windows NT 5.1; ru-RU)"
74.6.25.125 - - [14/Feb/2008:04:16:20 +0100] "GET /bmpp/ HTTP/1.0" 403 1223 "-" "Mozilla/5.0 (compatible; Yahoo! Slurp; http://help.yahoo.com/help/us/ysearch/slurp)"
74.6.22.171 - - [14/Feb/2008:04:40:58 +0100] "GET /framez-rez.html HTTP/1.0" 200 4323 "-" "Mozilla/5.0 (compatible; Yahoo! Slurp; http://help.yahoo.com/help/us/ysearch/slurp)"
74.6.22.171 - - [14/Feb/2008:04:42:24 +0100] "GET /frame-menu.html HTTP/1.0" 200 10763 "-" "Mozilla/5.0 (compatible; Yahoo! Slurp; http://help.yahoo.com/help/us/ysearch/slurp)"
74.6.22.171 - - [14/Feb/2008:04:43:12 +0100] "GET /f-rez.html HTTP/1.0" 200 9765 "-" "Mozilla/5.0 (compatible; Yahoo! Slurp; http://help.yahoo.com/help/us/ysearch/slurp)"
74.6.22.171 - - [14/Feb/2008:04:43:57 +0100] "GET /frame-unten.html HTTP/1.0" 200 5557 "-" "Mozilla/5.0 (compatible; Yahoo! Slurp; http://help.yahoo.com/help/us/ysearch/slurp)"
66.249.67.80 - - [14/Feb/2008:05:03:46 +0100] "GET /DgH/bull/index.html HTTP/1.1" 200 1915 "-" "Mozilla/5.0 (compatible; Googlebot/2.1; +http://www.google.com/bot.html)"
74.6.22.171 - - [14/Feb/2008:05:20:18 +0100] "GET /zampa/ HTTP/1.0" 200 7153 "-" "Mozilla/5.0 (compatible; Yahoo! Slurp; http://help.yahoo.com/help/us/ysearch/slurp)"
193.252.149.16 - - [14/Feb/2008:06:10:05 +0100] "GET /robots.txt HTTP/1.1" 200 64 "-" "Mozilla/5.0 (Windows; U; Windows NT 5.1; fr; rv:1.8.1) VoilaBot BETA 1.2 (http://www.voila.com/)"
193.252.149.16 - - [14/Feb/2008:06:10:07 +0100] "GET /neon/channel.html HTTP/1.1" 200 1942 "-" "Mozilla/5.0 (Windows; U; Windows NT 5.1; fr; rv:1.8.1) VoilaBot BETA 1.2 (http://www.voila.com/)"
74.6.18.201 - - [14/Feb/2008:06:13:41 +0100] "GET /f-other.html HTTP/1.0" 200 33189 "-" "Mozilla/5.0 (compatible; Yahoo! Slurp; http://help.yahoo.com/help/us/ysearch/slurp)"
74.6.18.201 - - [14/Feb/2008:06:29:21 +0100] "GET /f-warez.html HTTP/1.0" 200 10953 "-" "Mozilla/5.0 (compatible; Yahoo! Slurp/3.0; http://help.yahoo.com/help/us/ysearch/slurp)"
74.6.18.201 - - [14/Feb/2008:06:52:22 +0100] "GET / HTTP/1.0" 200 10335 "-" "Mozilla/5.0 (compatible; Yahoo! Slurp; http://help.yahoo.com/help/us/ysearch/slurp)"
74.6.23.101 - - [14/Feb/2008:07:00:42 +0100] "GET /frame-inhalt.html HTTP/1.0" 200 6025 "-" "Mozilla/5.0 (compatible; Yahoo! Slurp; http://help.yahoo.com/help/us/ysearch/slurp)"
74.6.22.19 - - [14/Feb/2008:07:44:30 +0100] "GET /bmpp/Bilder2/?C=N;O=D HTTP/1.0" 403 1223 "-" "Mozilla/5.0 (compatible; Yahoo! Slurp; http://help.yahoo.com/help/us/ysearch/slurp)"
65.55.209.97 - - [14/Feb/2008:07:56:01 +0100] "GET /bmpp/18start.html HTTP/1.1" 200 320 "-" "msnbot/1.0 (+http://search.msn.com/msnbot.htm)"
193.252.149.16 - - [14/Feb/2008:07:56:15 +0100] "GET /robots.txt HTTP/1.1" 200 64 "-" "Mozilla/5.0 (Windows; U; Windows NT 5.1; fr; rv:1.8.1) VoilaBot BETA 1.2 (http://www.voila.com/)"
193.252.149.16 - - [14/Feb/2008:07:56:20 +0100] "GET /DgH/watch/index.html HTTP/1.1" 200 2028 "-" "Mozilla/5.0 (Windows; U; Windows NT 5.1; fr; rv:1.8.1) VoilaBot BETA 1.2 (http://www.voila.com/)"
65.55.209.98 - - [14/Feb/2008:08:32:20 +0100] "GET /robots.txt HTTP/1.1" 200 64 "-" "msnbot/1.0 (+http://search.msn.com/msnbot.htm)"
65.55.209.98 - - [14/Feb/2008:08:32:20 +0100] "GET /f-logz_old.html HTTP/1.1" 200 43773 "-" "msnbot/1.0 (+http://search.msn.com/msnbot.htm)"
65.55.165.89 - - [14/Feb/2008:08:36:37 +0100] "GET /f-logz_old.html HTTP/1.0" 200 43773 "http://search.live.com/results.aspx?q=various&mrt=en-us&FORM=LIVSOP" "Mozilla/4.0 (compatible; MSIE 7.0; Windows NT 5.2; .NET CLR 1.1.4322)"
65.55.209.100 - - [14/Feb/2008:08:56:59 +0100] "GET /robots.txt HTTP/1.1" 200 64 "-" "msnbot/1.0 (+http://search.msn.com/msnbot.htm)"
65.55.209.100 - - [14/Feb/2008:08:56:59 +0100] "GET /neon/warning2.html HTTP/1.1" 200 997 "-" "msnbot/1.0 (+http://search.msn.com/msnbot.htm)"
12.49.132.24 - - [14/Feb/2008:09:04:48 +0100] "GET /restate_copy.html HTTP/1.1" 200 97631 "-" "Mozilla/4.0 (compatible; MSIE 6.0; Windows NT 5.0; Q312461)"
74.6.29.18 - - [14/Feb/2008:09:39:30 +0100] "GET /f-horrorkatze.html HTTP/1.0" 200 7865 "-" "Mozilla/5.0 (compatible; Yahoo! Slurp; http://help.yahoo.com/help/us/ysearch/slurp)"
65.55.209.103 - - [14/Feb/2008:10:18:33 +0100] "GET /robots.txt HTTP/1.1" 200 64 "-" "msnbot/1.0 (+http://search.msn.com/msnbot.htm)"
65.55.209.103 - - [14/Feb/2008:10:18:33 +0100] "GET /3dsf3/sendi/receiver.html HTTP/1.1" 200 1402 "-" "msnbot/1.0 (+http://search.msn.com/msnbot.htm)"
66.249.67.80 - - [14/Feb/2008:10:41:10 +0100] "GET /menue.html HTTP/1.1" 404 2748 "-" "Mozilla/5.0 (compatible; Googlebot/2.1; +http://www.google.com/bot.html)"
72.30.216.100 - - [14/Feb/2008:11:00:40 +0100] "GET /framez-rez.html HTTP/1.0" 200 4323 "-" "Mozilla/5.0 (compatible; Yahoo! Slurp; http://help.yahoo.com/help/us/ysearch/slurp)"
72.30.216.100 - - [14/Feb/2008:11:00:53 +0100] "GET /frame-menu.html HTTP/1.0" 200 10763 "-" "Mozilla/5.0 (compatible; Yahoo! Slurp; http://help.yahoo.com/help/us/ysearch/slurp)"
72.30.216.100 - - [14/Feb/2008:11:00:55 +0100] "GET /f-rez.html HTTP/1.0" 200 9765 "-" "Mozilla/5.0 (compatible; Yahoo! Slurp; http://help.yahoo.com/help/us/ysearch/slurp)"
72.30.216.100 - - [14/Feb/2008:11:00:57 +0100] "GET /frame-unten.html HTTP/1.0" 200 5557 "-" "Mozilla/5.0 (compatible; Yahoo! Slurp; http://help.yahoo.com/help/us/ysearch/slurp)"
74.6.18.201 - - [14/Feb/2008:11:03:32 +0100] "GET /restate_copy.html HTTP/1.0" 200 97631 "-" "Mozilla/5.0 (compatible; Yahoo! Slurp; http://help.yahoo.com/help/us/ysearch/slurp)"
65.55.104.21 - - [14/Feb/2008:11:07:15 +0100] "GET /robots.txt HTTP/1.1" 200 64 "-" "msnbot/1.0 (+http://search.msn.com/msnbot.htm)"
65.55.104.21 - - [14/Feb/2008:11:07:16 +0100] "GET / HTTP/1.1" 200 10335 "-" "msnbot/1.0 (+http://search.msn.com/msnbot.htm)"
74.6.25.125 - - [14/Feb/2008:11:28:26 +0100] "GET /bmpp/ HTTP/1.0" 403 1223 "-" "Mozilla/5.0 (compatible; Yahoo! Slurp; http://help.yahoo.com/help/us/ysearch/slurp)"
65.55.209.103 - - [14/Feb/2008:12:18:48 +0100] "GET /framez-schubb2.html HTTP/1.1" 200 4314 "-" "msnbot/1.0 (+http://search.msn.com/msnbot.htm)"
65.55.209.103 - - [14/Feb/2008:12:20:17 +0100] "GET /robots.txt HTTP/1.1" 200 64 "-" "msnbot/1.0 (+http://search.msn.com/msnbot.htm)"
65.55.209.103 - - [14/Feb/2008:12:20:17 +0100] "GET /frame-menu.html HTTP/1.1" 200 10763 "-" "msnbot/1.0 (+http://search.msn.com/msnbot.htm)"
65.55.209.103 - - [14/Feb/2008:12:20:17 +0100] "GET /schubb/schubb-2.html HTTP/1.1" 200 16660 "-" "msnbot/1.0 (+http://search.msn.com/msnbot.htm)"
65.55.209.103 - - [14/Feb/2008:12:20:18 +0100] "GET /frame-unten.html HTTP/1.1" 200 5557 "-" "msnbot/1.0 (+http://search.msn.com/msnbot.htm)"
66.249.67.80 - - [14/Feb/2008:12:58:00 +0100] "GET /zampa/ HTTP/1.1" 200 7153 "-" "Mozilla/5.0 (compatible; Googlebot/2.1; +http://www.google.com/bot.html)"
74.6.19.123 - - [14/Feb/2008:13:07:58 +0100] "GET /robots.txt HTTP/1.0" 200 64 "-" "Mozilla/5.0 (compatible; Yahoo! Slurp; http://help.yahoo.com/help/us/ysearch/slurp)"
74.6.20.210 - - [14/Feb/2008:13:07:58 +0100] "GET /logs/usage_200702.html HTTP/1.0" 200 107861 "-" "Mozilla/5.0 (compatible; Yahoo! Slurp; http://help.yahoo.com/help/us/ysearch/slurp)"
65.55.209.99 - - [14/Feb/2008:13:15:02 +0100] "GET /robots.txt HTTP/1.1" 200 64 "-" "msnbot/1.0 (+http://search.msn.com/msnbot.htm)"
65.55.209.99 - - [14/Feb/2008:13:15:03 +0100] "GET /f-bannnerz.html HTTP/1.1" 200 12651 "-" "msnbot/1.0 (+http://search.msn.com/msnbot.htm)"
74.6.18.201 - - [14/Feb/2008:13:29:25 +0100] "GET /f-bannnerz.html HTTP/1.0" 200 12651 "-" "Mozilla/5.0 (compatible; Yahoo! Slurp; http://help.yahoo.com/help/us/ysearch/slurp)"
65.55.209.103 - - [14/Feb/2008:13:56:20 +0100] "GET /robots.txt HTTP/1.1" 200 64 "-" "msnbot/1.0 (+http://search.msn.com/msnbot.htm)"
65.55.209.103 - - [14/Feb/2008:13:56:21 +0100] "GET /bmpp/18_x.html HTTP/1.1" 200 1100 "-" "msnbot/1.0 (+http://search.msn.com/msnbot.htm)"
65.55.165.28 - - [14/Feb/2008:13:59:49 +0100] "GET /bmpp/18_x.html HTTP/1.0" 200 1100 "http://search.live.com/results.aspx?q=years&mrt=en-us&FORM=LIVSOP" "Mozilla/4.0 (compatible; MSIE 7.0; Windows NT 5.2; .NET CLR 1.1.4322)"
74.6.25.137 - - [14/Feb/2008:14:00:17 +0100] "GET /neon/euro.html HTTP/1.0" 200 2212 "-" "Mozilla/5.0 (compatible; Yahoo! Slurp; http://help.yahoo.com/help/us/ysearch/slurp)"
65.55.104.21 - - [14/Feb/2008:14:02:07 +0100] "GET /framez.html HTTP/1.1" 200 4130 "-" "msnbot/1.0 (+http://search.msn.com/msnbot.htm)"
74.6.20.34 - - [14/Feb/2008:14:21:25 +0100] "GET /f-contact.html HTTP/1.0" 200 6804 "-" "Mozilla/5.0 (compatible; Yahoo! Slurp; http://help.yahoo.com/help/us/ysearch/slurp)"
67.195.44.107 - - [14/Feb/2008:14:22:04 +0100] "GET /robots.txt HTTP/1.0" 200 64 "-" "Mozilla/5.0 (compatible; Yahoo! Slurp; http://help.yahoo.com/help/us/ysearch/slurp)"
67.195.44.85 - - [14/Feb/2008:14:23:34 +0100] "GET /framez-rez.html HTTP/1.0" 200 4323 "-" "Mozilla/5.0 (compatible; Yahoo! Slurp; http://help.yahoo.com/help/us/ysearch/slurp)"
67.195.44.85 - - [14/Feb/2008:14:26:14 +0100] "GET /frame-menu.html HTTP/1.0" 200 10763 "-" "Mozilla/5.0 (compatible; Yahoo! Slurp; http://help.yahoo.com/help/us/ysearch/slurp)"
67.195.44.85 - - [14/Feb/2008:14:32:08 +0100] "GET /f-rez.html HTTP/1.0" 200 9765 "-" "Mozilla/5.0 (compatible; Yahoo! Slurp; http://help.yahoo.com/help/us/ysearch/slurp)"
67.195.44.85 - - [14/Feb/2008:14:32:41 +0100] "GET /frame-unten.html HTTP/1.0" 200 5557 "-" "Mozilla/5.0 (compatible; Yahoo! Slurp; http://help.yahoo.com/help/us/ysearch/slurp)"
202.179.180.45 - - [14/Feb/2008:14:42:03 +0100] "GET /robots.txt HTTP/1.1" 200 64 "-" "Mozilla/4.0 (compatible; NaverBot/1.0; http://help.naver.com/delete_main.asp)"
202.179.180.45 - - [14/Feb/2008:14:42:08 +0100] "GET / HTTP/1.1" 200 10335 "-" "Mozilla/4.0 (compatible; NaverBot/1.0; http://help.naver.com/delete_main.asp)"
202.179.180.45 - - [14/Feb/2008:14:42:15 +0100] "GET /framez_0.html HTTP/1.1" 200 12411 "-" "Mozilla/4.0 (compatible; NaverBot/1.0; http://help.naver.com/delete_main.asp)"
202.179.180.45 - - [14/Feb/2008:14:42:22 +0100] "GET /framez.html HTTP/1.1" 200 4130 "-" "Mozilla/4.0 (compatible; NaverBot/1.0; http://help.naver.com/delete_main.asp)"
202.179.180.45 - - [14/Feb/2008:14:42:28 +0100] "GET /frame-menu.html HTTP/1.1" 200 10763 "-" "Mozilla/4.0 (compatible; NaverBot/1.0; http://help.naver.com/delete_main.asp)"
202.179.180.45 - - [14/Feb/2008:14:42:34 +0100] "GET /frame-inhalt.html HTTP/1.1" 200 6025 "-" "Mozilla/4.0 (compatible; NaverBot/1.0; http://help.naver.com/delete_main.asp)"
202.179.180.45 - - [14/Feb/2008:14:42:41 +0100] "GET /frame-unten.html HTTP/1.1" 200 5557 "-" "Mozilla/4.0 (compatible; NaverBot/1.0; http://help.naver.com/delete_main.asp)"
65.214.45.123 - - [14/Feb/2008:14:53:57 +0100] "GET /robots.txt HTTP/1.0" 200 64 "-" "Mozilla/5.0 (compatible; Ask Jeeves/Teoma; +http://about.ask.com/en/docs/about/webmasters.shtml)"
65.214.45.123 - - [14/Feb/2008:14:53:58 +0100] "GET /neon/girlz2.html HTTP/1.0" 200 2937 "-" "Mozilla/5.0 (compatible; Ask Jeeves/Teoma; +http://about.ask.com/en/docs/about/webmasters.shtml)"
72.232.212.210 - - [14/Feb/2008:15:07:23 +0100] "GET / HTTP/1.1" 200 10335 "http://o-db.com/en/dictionaries/russian_armenian/" "Mozilla/4.0 (compatible; MSIE 6.0; Windows NT 5.1; SV1; Maxthon; .NET CLR 1.1.4322)"
67.195.44.107 - - [14/Feb/2008:15:18:39 +0100] "GET /robots.txt HTTP/1.0" 200 64 "-" "Mozilla/5.0 (compatible; Yahoo! Slurp; http://help.yahoo.com/help/us/ysearch/slurp)"
67.195.44.81 - - [14/Feb/2008:15:19:11 +0100] "GET / HTTP/1.0" 200 10335 "-" "Mozilla/5.0 (compatible; Yahoo! Slurp; http://help.yahoo.com/help/us/ysearch/slurp)"
74.6.18.201 - - [14/Feb/2008:15:38:54 +0100] "GET /frame-inhalt.html HTTP/1.0" 200 6025 "-" "Mozilla/5.0 (compatible; Yahoo! Slurp; http://help.yahoo.com/help/us/ysearch/slurp)"
137.9.121.122 - - [14/Feb/2008:15:45:00 +0100] "GET /frame-menu.html HTTP/1.1" 200 10763 "-" "Mozilla/4.0 (compatible;)"
66.249.67.80 - - [14/Feb/2008:15:56:01 +0100] "GET /framez-warez.html HTTP/1.1" 200 4322 "-" "Mozilla/5.0 (compatible; Googlebot/2.1; +http://www.google.com/bot.html)"
66.249.67.80 - - [14/Feb/2008:17:41:48 +0100] "GET /ve-icon-2.ico HTTP/1.1" 200 2238 "-" "Mozilla/5.0 (compatible; Googlebot/2.1; +http://www.google.com/bot.html)"
65.55.209.104 - - [14/Feb/2008:18:01:11 +0100] "GET /robots.txt HTTP/1.1" 200 64 "-" "msnbot/1.0 (+http://search.msn.com/msnbot.htm)"
65.55.209.104 - - [14/Feb/2008:18:01:14 +0100] "GET /frame-inhalt.html HTTP/1.1" 200 6025 "-" "msnbot/1.0 (+http://search.msn.com/msnbot.htm)"
65.55.165.35 - - [14/Feb/2008:18:05:42 +0100] "GET /frame-inhalt.html HTTP/1.0" 200 6025 "http://search.live.com/results.aspx?q=various&mrt=en-us&FORM=LIVSOP" "Mozilla/4.0 (compatible; MSIE 7.0; Windows NT 5.2; .NET CLR 1.1.4322)"
65.55.165.35 - - [14/Feb/2008:18:05:42 +0100] "GET /framez.html HTTP/1.0" 200 4130 "-" "Mozilla/4.0 (compatible; MSIE 7.0; Windows NT 5.2; .NET CLR 1.1.4322)"
65.55.165.35 - - [14/Feb/2008:18:05:42 +0100] "GET /frame-menu.html HTTP/1.0" 200 10763 "http://www.various-euro.com/framez.html" "Mozilla/4.0 (compatible; MSIE 7.0; Windows NT 5.2; .NET CLR 1.1.4322)"
65.55.165.35 - - [14/Feb/2008:18:05:42 +0100] "GET /frame-inhalt.html HTTP/1.0" 200 6025 "http://www.various-euro.com/framez.html" "Mozilla/4.0 (compatible; MSIE 7.0; Windows NT 5.2; .NET CLR 1.1.4322)"
65.55.165.35 - - [14/Feb/2008:18:05:46 +0100] "GET /frame-unten.html HTTP/1.0" 200 5557 "http://www.various-euro.com/framez.html" "Mozilla/4.0 (compatible; MSIE 7.0; Windows NT 5.2; .NET CLR 1.1.4322)"
12.49.132.24 - - [14/Feb/2008:18:29:03 +0100] "GET /restate_copy.html HTTP/1.1" 200 97631 "-" "Mozilla/4.0 (compatible; MSIE 6.0; Windows NT 5.0; Q312461)"
65.55.209.104 - - [14/Feb/2008:19:00:26 +0100] "GET /restate_copy.html HTTP/1.1" 200 97631 "-" "msnbot/1.0 (+http://search.msn.com/msnbot.htm)"
65.55.209.97 - - [14/Feb/2008:20:28:40 +0100] "GET /robots.txt HTTP/1.1" 200 64 "-" "msnbot/1.0 (+http://search.msn.com/msnbot.htm)"
65.55.209.97 - - [14/Feb/2008:20:28:40 +0100] "GET /bannnerz.html HTTP/1.1" 404 2748 "-" "msnbot/1.0 (+http://search.msn.com/msnbot.htm)"
65.55.209.97 - - [14/Feb/2008:20:28:41 +0100] "GET /euro.html HTTP/1.1" 404 2748 "-" "msnbot/1.0 (+http://search.msn.com/msnbot.htm)"
65.55.209.100 - - [14/Feb/2008:20:41:39 +0100] "GET /robots.txt HTTP/1.1" 200 64 "-" "msnbot/1.0 (+http://search.msn.com/msnbot.htm)"
65.55.209.100 - - [14/Feb/2008:20:41:39 +0100] "GET /logz_old.html HTTP/1.1" 404 2748 "-" "msnbot/1.0 (+http://search.msn.com/msnbot.htm)"
65.55.209.97 - - [14/Feb/2008:20:49:34 +0100] "GET /logz.html HTTP/1.1" 404 2748 "-" "msnbot/1.0 (+http://search.msn.com/msnbot.htm)"
65.55.209.99 - - [14/Feb/2008:21:02:56 +0100] "GET /robots.txt HTTP/1.1" 200 64 "-" "msnbot/1.0 (+http://search.msn.com/msnbot.htm)"
65.55.209.99 - - [14/Feb/2008:21:02:57 +0100] "GET /web.html HTTP/1.1" 404 2748 "-" "msnbot/1.0 (+http://search.msn.com/msnbot.htm)"
65.55.209.99 - - [14/Feb/2008:21:02:57 +0100] "GET /channel1.html HTTP/1.1" 404 2748 "-" "msnbot/1.0 (+http://search.msn.com/msnbot.htm)"
202.160.180.131 - - [14/Feb/2008:21:38:41 +0100] "GET /robots.txt HTTP/1.0" 200 64 "-" "Mozilla/5.0 (compatible; Yahoo! Slurp China; http://misc.yahoo.com.cn/help.html)"
202.160.180.88 - - [14/Feb/2008:21:39:52 +0100] "GET / HTTP/1.0" 200 10335 "-" "Mozilla/5.0 (compatible; Yahoo! Slurp China; http://misc.yahoo.com.cn/help.html)"
84.190.38.57 - - [14/Feb/2008:21:40:03 +0100] "GET /framez.html HTTP/1.1" 200 4130 "-" "Mozilla/5.0 (X11; U; Linux i686; de; rv:1.8.1.12) Gecko/20080207 Ubuntu/7.10 (gutsy) Firefox/2.0.0.12"
84.190.38.57 - - [14/Feb/2008:21:40:04 +0100] "GET /frame-menu.html HTTP/1.1" 200 10763 "http://www.various-euro.com/framez.html" "Mozilla/5.0 (X11; U; Linux i686; de; rv:1.8.1.12) Gecko/20080207 Ubuntu/7.10 (gutsy) Firefox/2.0.0.12"
84.190.38.57 - - [14/Feb/2008:21:40:04 +0100] "GET /ve-icon-2.ico HTTP/1.1" 200 2238 "-" "Mozilla/5.0 (X11; U; Linux i686; de; rv:1.8.1.12) Gecko/20080207 Ubuntu/7.10 (gutsy) Firefox/2.0.0.12"
84.190.38.57 - - [14/Feb/2008:21:40:04 +0100] "GET /frame-inhalt.html HTTP/1.1" 200 6025 "http://www.various-euro.com/framez.html" "Mozilla/5.0 (X11; U; Linux i686; de; rv:1.8.1.12) Gecko/20080207 Ubuntu/7.10 (gutsy) Firefox/2.0.0.12"
84.190.38.57 - - [14/Feb/2008:21:40:04 +0100] "GET /frame-unten.html HTTP/1.1" 200 5557 "http://www.various-euro.com/framez.html" "Mozilla/5.0 (X11; U; Linux i686; de; rv:1.8.1.12) Gecko/20080207 Ubuntu/7.10 (gutsy) Firefox/2.0.0.12"
84.190.38.57 - - [14/Feb/2008:21:40:04 +0100] "GET /bannerz/neon_click_3.gif HTTP/1.1" 200 240 "http://www.various-euro.com/frame-inhalt.html" "Mozilla/5.0 (X11; U; Linux i686; de; rv:1.8.1.12) Gecko/20080207 Ubuntu/7.10 (gutsy) Firefox/2.0.0.12"
84.190.38.57 - - [14/Feb/2008:21:40:04 +0100] "GET /bannerz/ascii-lt.gif HTTP/1.1" 200 1049 "http://www.various-euro.com/frame-inhalt.html" "Mozilla/5.0 (X11; U; Linux i686; de; rv:1.8.1.12) Gecko/20080207 Ubuntu/7.10 (gutsy) Firefox/2.0.0.12"
84.190.38.57 - - [14/Feb/2008:21:40:04 +0100] "GET /eurosign3.gif HTTP/1.1" 200 7879 "http://www.various-euro.com/frame-inhalt.html" "Mozilla/5.0 (X11; U; Linux i686; de; rv:1.8.1.12) Gecko/20080207 Ubuntu/7.10 (gutsy) Firefox/2.0.0.12"
84.190.38.57 - - [14/Feb/2008:21:40:04 +0100] "GET /bannerz/douwil.gif HTTP/1.1" 200 528 "http://www.various-euro.com/frame-inhalt.html" "Mozilla/5.0 (X11; U; Linux i686; de; rv:1.8.1.12) Gecko/20080207 Ubuntu/7.10 (gutsy) Firefox/2.0.0.12"
84.190.38.57 - - [14/Feb/2008:21:40:04 +0100] "GET /bannerz/neon_click_1.gif HTTP/1.1" 200 890 "http://www.various-euro.com/frame-inhalt.html" "Mozilla/5.0 (X11; U; Linux i686; de; rv:1.8.1.12) Gecko/20080207 Ubuntu/7.10 (gutsy) Firefox/2.0.0.12"
84.190.38.57 - - [14/Feb/2008:21:40:04 +0100] "GET /bannerz/anti_black_small.gif HTTP/1.1" 200 1009 "http://www.various-euro.com/frame-inhalt.html" "Mozilla/5.0 (X11; U; Linux i686; de; rv:1.8.1.12) Gecko/20080207 Ubuntu/7.10 (gutsy) Firefox/2.0.0.12"
84.190.38.57 - - [14/Feb/2008:21:40:04 +0100] "GET /bannerz/copyleft_black_small.gif HTTP/1.1" 200 1231 "http://www.various-euro.com/frame-inhalt.html" "Mozilla/5.0 (X11; U; Linux i686; de; rv:1.8.1.12) Gecko/20080207 Ubuntu/7.10 (gutsy) Firefox/2.0.0.12"
84.190.38.57 - - [14/Feb/2008:21:40:04 +0100] "GET /bannerz/google/Logo_40blk.gif HTTP/1.1" 200 2308 "http://www.various-euro.com/frame-inhalt.html" "Mozilla/5.0 (X11; U; Linux i686; de; rv:1.8.1.12) Gecko/20080207 Ubuntu/7.10 (gutsy) Firefox/2.0.0.12"
84.190.38.57 - - [14/Feb/2008:21:40:04 +0100] "GET /bannerz/ubu-shot.png HTTP/1.1" 200 200117 "http://www.various-euro.com/frame-menu.html" "Mozilla/5.0 (X11; U; Linux i686; de; rv:1.8.1.12) Gecko/20080207 Ubuntu/7.10 (gutsy) Firefox/2.0.0.12"
84.190.38.57 - - [14/Feb/2008:21:40:04 +0100] "GET /bannerz/wet.gif HTTP/1.1" 200 18561 "http://www.various-euro.com/frame-inhalt.html" "Mozilla/5.0 (X11; U; Linux i686; de; rv:1.8.1.12) Gecko/20080207 Ubuntu/7.10 (gutsy) Firefox/2.0.0.12"
84.190.38.57 - - [14/Feb/2008:21:40:04 +0100] "GET /bannerz/ve.jpg HTTP/1.1" 200 36912 "http://www.various-euro.com/frame-unten.html" "Mozilla/5.0 (X11; U; Linux i686; de; rv:1.8.1.12) Gecko/20080207 Ubuntu/7.10 (gutsy) Firefox/2.0.0.12"
84.190.38.57 - - [14/Feb/2008:21:40:05 +0100] "GET /bannerz/neon_click_2.gif HTTP/1.1" 200 387 "http://www.various-euro.com/frame-inhalt.html" "Mozilla/5.0 (X11; U; Linux i686; de; rv:1.8.1.12) Gecko/20080207 Ubuntu/7.10 (gutsy) Firefox/2.0.0.12"
84.190.38.57 - - [14/Feb/2008:21:40:05 +0100] "GET /bannerz/various-euro-girl.jpg HTTP/1.1" 200 91514 "http://www.various-euro.com/frame-unten.html" "Mozilla/5.0 (X11; U; Linux i686; de; rv:1.8.1.12) Gecko/20080207 Ubuntu/7.10 (gutsy) Firefox/2.0.0.12"
74.6.22.151 - - [14/Feb/2008:22:03:33 +0100] "GET /robots.txt HTTP/1.0" 200 64 "-" "Mozilla/5.0 (compatible; Yahoo! Slurp; http://help.yahoo.com/help/us/ysearch/slurp)"
74.6.22.151 - - [14/Feb/2008:22:03:34 +0100] "GET /f-warez.html HTTP/1.0" 200 10953 "-" "Mozilla/5.0 (compatible; Yahoo! Slurp; http://help.yahoo.com/help/us/ysearch/slurp)"
74.6.19.123 - - [14/Feb/2008:23:25:00 +0100] "GET /robots.txt HTTP/1.0" 200 64 "-" "Mozilla/5.0 (compatible; Yahoo! Slurp; http://help.yahoo.com/help/us/ysearch/slurp)"
74.6.28.14 - - [14/Feb/2008:23:25:00 +0100] "GET /framez.html HTTP/1.0" 200 4130 "-" "Mozilla/5.0 (compatible; Yahoo! Slurp; http://help.yahoo.com/help/us/ysearch/slurp)"
74.6.28.14 - - [14/Feb/2008:23:25:01 +0100] "GET /frame-menu.html HTTP/1.0" 200 10763 "-" "Mozilla/5.0 (compatible; Yahoo! Slurp; http://help.yahoo.com/help/us/ysearch/slurp)"
74.6.28.14 - - [14/Feb/2008:23:25:01 +0100] "GET /frame-inhalt.html HTTP/1.0" 200 6025 "-" "Mozilla/5.0 (compatible; Yahoo! Slurp; http://help.yahoo.com/help/us/ysearch/slurp)"
74.6.28.14 - - [14/Feb/2008:23:25:02 +0100] "GET /frame-unten.html HTTP/1.0" 200 5557 "-" "Mozilla/5.0 (compatible; Yahoo! Slurp; http://help.yahoo.com/help/us/ysearch/slurp)"
74.6.20.160 - - [14/Feb/2008:23:27:38 +0100] "GET /f-doku-brau.html HTTP/1.0" 200 7152 "-" "Mozilla/5.0 (compatible; Yahoo! Slurp; http://help.yahoo.com/help/us/ysearch/slurp)"
74.6.22.151 - - [14/Feb/2008:23:30:50 +0100] "GET /f-contact.html HTTP/1.0" 200 6804 "-" "Mozilla/5.0 (compatible; Yahoo! Slurp; http://help.yahoo.com/help/us/ysearch/slurp)"
208.101.28.131 - - [14/Feb/2008:23:36:39 +0100] "GET /restate_copy.html HTTP/1.1" 200 97631 "-" "Mozilla/4.0 (compatible; MSIE 7.0; Windows NT 6.0)"
208.101.28.131 - - [14/Feb/2008:23:37:11 +0100] "GET /menueleiste.js HTTP/1.1" 404 2748 "http://www.various-euro.com/restate_copy.html" "Mozilla/4.0 (compatible; MSIE 7.0; Windows NT 6.0)"
208.101.28.131 - - [14/Feb/2008:23:37:12 +0100] "GET /detonators.gif HTTP/1.1" 200 14892 "http://www.various-euro.com/restate_copy.html" "Mozilla/4.0 (compatible; MSIE 7.0; Windows NT 6.0)"
208.101.28.131 - - [14/Feb/2008:23:37:14 +0100] "GET /bannerz/rebelle.gif HTTP/1.1" 200 6986 "http://www.various-euro.com/restate_copy.html" "Mozilla/4.0 (compatible; MSIE 7.0; Windows NT 6.0)"
208.101.28.131 - - [14/Feb/2008:23:37:18 +0100] "GET /framez-restate.html HTTP/1.1" 200 4328 "-" "Mozilla/4.0 (compatible; MSIE 7.0; Windows NT 6.0)"
208.101.28.131 - - [14/Feb/2008:23:37:18 +0100] "GET /frame-menu.html HTTP/1.1" 200 10763 "-" "Mozilla/4.0 (compatible; MSIE 7.0; Windows NT 6.0)"
208.101.28.131 - - [14/Feb/2008:23:37:21 +0100] "GET /frame-unten.html HTTP/1.1" 200 5557 "-" "Mozilla/4.0 (compatible; MSIE 7.0; Windows NT 6.0)"
208.101.28.131 - - [14/Feb/2008:23:37:26 +0100] "GET /restate_copy.html HTTP/1.1" 200 97631 "-" "Mozilla/4.0 (compatible; MSIE 7.0; Windows NT 6.0)"
208.101.28.131 - - [14/Feb/2008:23:38:10 +0100] "GET /bannerz/ve.jpg HTTP/1.1" 200 36912 "http://www.various-euro.com/frame-unten.html" "Mozilla/4.0 (compatible; MSIE 7.0; Windows NT 6.0)"
208.101.28.131 - - [14/Feb/2008:23:37:23 +0100] "GET /bannerz/ubu-shot.png HTTP/1.1" 200 200117 "http://www.various-euro.com/frame-menu.html" "Mozilla/4.0 (compatible; MSIE 7.0; Windows NT 6.0)"
208.101.28.131 - - [14/Feb/2008:23:39:02 +0100] "GET /bannerz/various-euro-girl.jpg HTTP/1.1" 200 91514 "http://www.various-euro.com/frame-unten.html" "Mozilla/4.0 (compatible; MSIE 7.0; Windows NT 6.0)"
74.6.19.71 - - [14/Feb/2008:23:53:23 +0100] "GET /robots.txt HTTP/1.0" 200 64 "-" "Mozilla/5.0 (compatible; Yahoo! Slurp; http://help.yahoo.com/help/us/ysearch/slurp)"
74.6.25.31 - - [14/Feb/2008:23:53:23 +0100] "GET / HTTP/1.0" 200 10335 "-" "Mozilla/5.0 (compatible; Yahoo! Slurp; http://help.yahoo.com/help/us/ysearch/slurp)"
190.172.131.201 - - [15/Feb/2008:00:19:24 +0100] "GET /user/header.php?language=../../../../../../../../../../../etc/passwd HTTP/1.1" 404 2748 "http://various-euro.com/user/header.php?language=../../../../../../../../../../../etc/passwd" "Mozilla/4.0 (compatible; MSIE 6.0; Windows NT 5.1)"
74.6.7.70 - - [15/Feb/2008:00:22:18 +0100] "GET /logz.html HTTP/1.0" 404 2748 "-" "Mozilla/5.0 (compatible; Yahoo! Slurp; http://help.yahoo.com/help/us/ysearch/slurp)"
74.6.22.151 - - [15/Feb/2008:00:36:53 +0100] "GET /f-actions.html HTTP/1.0" 200 10429 "-" "Mozilla/5.0 (compatible; Yahoo! Slurp; http://help.yahoo.com/help/us/ysearch/slurp)"
80.253.81.61 - - [15/Feb/2008:01:01:36 +0100] "GET / HTTP/1.1" 200 10335 "-" "Microsoft URL Control - 6.00.8862"
82.237.212.168 - - [15/Feb/2008:01:27:47 +0100] "GET http://various-euro.com/cgi-bin/sblogin/nats_getuser.cgi HTTP/1.0" 404 2748 "http://various-euro.com/cgi-bin/sblogin/nats_getuser.cgi" "Mozilla/4.0 (compatible; MSIE 6.0; Windows NT 5.1)"
74.6.19.123 - - [15/Feb/2008:01:49:41 +0100] "GET /robots.txt HTTP/1.0" 200 64 "-" "Mozilla/5.0 (compatible; Yahoo! Slurp; http://help.yahoo.com/help/us/ysearch/slurp)"
72.30.214.237 - - [15/Feb/2008:01:49:42 +0100] "GET / HTTP/1.0" 200 10335 "-" "Mozilla/5.0 (compatible; Yahoo! Slurp; http://help.yahoo.com/help/us/ysearch/slurp)"
65.55.209.97 - - [15/Feb/2008:02:21:39 +0100] "GET /robots.txt HTTP/1.1" 200 64 "-" "msnbot/1.0 (+http://search.msn.com/msnbot.htm)"
65.55.209.97 - - [15/Feb/2008:02:21:40 +0100] "GET /neon/girlz2.html HTTP/1.1" 200 2937 "-" "msnbot/1.0 (+http://search.msn.com/msnbot.htm)"
65.55.165.92 - - [15/Feb/2008:02:29:02 +0100] "GET /neon/girlz2.html HTTP/1.0" 200 2937 "http://search.live.com/results.aspx?q=girls&mrt=en-us&FORM=LIVSOP" "Mozilla/4.0 (compatible; MSIE 7.0; Windows NT 5.2; .NET CLR 1.1.4322)"
65.55.165.92 - - [15/Feb/2008:02:29:02 +0100] "GET /framez-girlz.html HTTP/1.0" 200 4271 "-" "Mozilla/4.0 (compatible; MSIE 7.0; Windows NT 5.2; .NET CLR 1.1.4322)"
65.55.165.92 - - [15/Feb/2008:02:29:02 +0100] "GET /neon/girlz2.html HTTP/1.0" 200 2937 "http://www.various-euro.com/framez-girlz.html" "Mozilla/4.0 (compatible; MSIE 7.0; Windows NT 5.2; .NET CLR 1.1.4322)"
65.55.165.92 - - [15/Feb/2008:02:29:02 +0100] "GET /frame-menu.html HTTP/1.0" 200 10763 "http://www.various-euro.com/framez-girlz.html" "Mozilla/4.0 (compatible; MSIE 7.0; Windows NT 5.2; .NET CLR 1.1.4322)"
65.55.165.92 - - [15/Feb/2008:02:29:02 +0100] "GET /frame-unten.html HTTP/1.0" 200 5557 "http://www.various-euro.com/framez-girlz.html" "Mozilla/4.0 (compatible; MSIE 7.0; Windows NT 5.2; .NET CLR 1.1.4322)"
217.236.234.25 - - [15/Feb/2008:02:40:07 +0100] "GET /wp-login.php HTTP/1.1" 404 2748 "http://various-euro.com/wp-login.php" "Mozilla/4.0 (compatible; MSIE 6.0; Windows NT 5.1)"
74.6.22.151 - - [15/Feb/2008:02:40:39 +0100] "GET /DgH/ HTTP/1.0" 200 5024 "-" "Mozilla/5.0 (compatible; Yahoo! Slurp/3.0; http://help.yahoo.com/help/us/ysearch/slurp)"
66.249.67.80 - - [15/Feb/2008:02:52:53 +0100] "GET /robots.txt HTTP/1.1" 200 64 "-" "Mozilla/5.0 (compatible; Googlebot/2.1; +http://www.google.com/bot.html)"
