74.6.26.168 - - [17/Feb/2008:01:12:54 +0100] "GET /schubb/schubb-4.html HTTP/1.0" 200 17746 "-" "Mozilla/5.0 (compatible; Yahoo! Slurp; http://help.yahoo.com/help/us/ysearch/slurp)"
74.6.22.151 - - [17/Feb/2008:01:14:55 +0100] "GET /framez-zampa-lovers.html HTTP/1.0" 200 4322 "-" "Mozilla/5.0 (compatible; Yahoo! Slurp; http://help.yahoo.com/help/us/ysearch/slurp)"
74.6.22.151 - - [17/Feb/2008:01:15:00 +0100] "GET /frame-menu.html HTTP/1.0" 200 10763 "-" "Mozilla/5.0 (compatible; Yahoo! Slurp; http://help.yahoo.com/help/us/ysearch/slurp)"
74.6.22.151 - - [17/Feb/2008:01:15:08 +0100] "GET /zampa-lovers/index.html HTTP/1.0" 200 37790 "-" "Mozilla/5.0 (compatible; Yahoo! Slurp; http://help.yahoo.com/help/us/ysearch/slurp)"
74.6.22.151 - - [17/Feb/2008:01:15:23 +0100] "GET /frame-unten.html HTTP/1.0" 200 5557 "-" "Mozilla/5.0 (compatible; Yahoo! Slurp; http://help.yahoo.com/help/us/ysearch/slurp)"
84.190.0.171 - - [17/Feb/2008:01:45:03 +0100] "GET / HTTP/1.1" 200 10335 "-" "Mozilla/5.0 (X11; U; Linux i686; de; rv:1.8.1.12) Gecko/20080207 Ubuntu/7.10 (gutsy) Firefox/2.0.0.12"
84.190.0.171 - - [17/Feb/2008:01:45:03 +0100] "GET /ve-icon-2.ico HTTP/1.1" 200 2238 "-" "Mozilla/5.0 (X11; U; Linux i686; de; rv:1.8.1.12) Gecko/20080207 Ubuntu/7.10 (gutsy) Firefox/2.0.0.12"
84.190.0.171 - - [17/Feb/2008:01:45:03 +0100] "GET /framez_0.html HTTP/1.1" 200 12411 "http://www.various-euro.com/" "Mozilla/5.0 (X11; U; Linux i686; de; rv:1.8.1.12) Gecko/20080207 Ubuntu/7.10 (gutsy) Firefox/2.0.0.12"
84.190.0.171 - - [17/Feb/2008:01:45:06 +0100] "GET /framez.html HTTP/1.1" 200 4130 "http://www.various-euro.com/framez_0.html" "Mozilla/5.0 (X11; U; Linux i686; de; rv:1.8.1.12) Gecko/20080207 Ubuntu/7.10 (gutsy) Firefox/2.0.0.12"
84.190.0.171 - - [17/Feb/2008:01:45:06 +0100] "GET /frame-menu.html HTTP/1.1" 200 10763 "http://www.various-euro.com/framez.html" "Mozilla/5.0 (X11; U; Linux i686; de; rv:1.8.1.12) Gecko/20080207 Ubuntu/7.10 (gutsy) Firefox/2.0.0.12"
84.190.0.171 - - [17/Feb/2008:01:45:06 +0100] "GET /frame-inhalt.html HTTP/1.1" 200 6025 "http://www.various-euro.com/framez.html" "Mozilla/5.0 (X11; U; Linux i686; de; rv:1.8.1.12) Gecko/20080207 Ubuntu/7.10 (gutsy) Firefox/2.0.0.12"
84.190.0.171 - - [17/Feb/2008:01:45:06 +0100] "GET /frame-unten.html HTTP/1.1" 200 5557 "http://www.various-euro.com/framez.html" "Mozilla/5.0 (X11; U; Linux i686; de; rv:1.8.1.12) Gecko/20080207 Ubuntu/7.10 (gutsy) Firefox/2.0.0.12"
84.190.0.171 - - [17/Feb/2008:01:45:06 +0100] "GET /eurosign3.gif HTTP/1.1" 200 7879 "http://www.various-euro.com/frame-inhalt.html" "Mozilla/5.0 (X11; U; Linux i686; de; rv:1.8.1.12) Gecko/20080207 Ubuntu/7.10 (gutsy) Firefox/2.0.0.12"
84.190.0.171 - - [17/Feb/2008:01:45:06 +0100] "GET /bannerz/neon_click_3.gif HTTP/1.1" 200 240 "http://www.various-euro.com/frame-inhalt.html" "Mozilla/5.0 (X11; U; Linux i686; de; rv:1.8.1.12) Gecko/20080207 Ubuntu/7.10 (gutsy) Firefox/2.0.0.12"
84.190.0.171 - - [17/Feb/2008:01:45:06 +0100] "GET /bannerz/ascii-lt.gif HTTP/1.1" 200 1049 "http://www.various-euro.com/frame-inhalt.html" "Mozilla/5.0 (X11; U; Linux i686; de; rv:1.8.1.12) Gecko/20080207 Ubuntu/7.10 (gutsy) Firefox/2.0.0.12"
84.190.0.171 - - [17/Feb/2008:01:45:06 +0100] "GET /bannerz/neon_click_1.gif HTTP/1.1" 200 890 "http://www.various-euro.com/frame-inhalt.html" "Mozilla/5.0 (X11; U; Linux i686; de; rv:1.8.1.12) Gecko/20080207 Ubuntu/7.10 (gutsy) Firefox/2.0.0.12"
84.190.0.171 - - [17/Feb/2008:01:45:06 +0100] "GET /bannerz/douwil.gif HTTP/1.1" 200 528 "http://www.various-euro.com/frame-inhalt.html" "Mozilla/5.0 (X11; U; Linux i686; de; rv:1.8.1.12) Gecko/20080207 Ubuntu/7.10 (gutsy) Firefox/2.0.0.12"
84.190.0.171 - - [17/Feb/2008:01:45:06 +0100] "GET /bannerz/anti_black_small.gif HTTP/1.1" 200 1009 "http://www.various-euro.com/frame-inhalt.html" "Mozilla/5.0 (X11; U; Linux i686; de; rv:1.8.1.12) Gecko/20080207 Ubuntu/7.10 (gutsy) Firefox/2.0.0.12"
84.190.0.171 - - [17/Feb/2008:01:45:06 +0100] "GET /bannerz/copyleft_black_small.gif HTTP/1.1" 200 1231 "http://www.various-euro.com/frame-inhalt.html" "Mozilla/5.0 (X11; U; Linux i686; de; rv:1.8.1.12) Gecko/20080207 Ubuntu/7.10 (gutsy) Firefox/2.0.0.12"
84.190.0.171 - - [17/Feb/2008:01:45:06 +0100] "GET /bannerz/neon_click_2.gif HTTP/1.1" 200 387 "http://www.various-euro.com/frame-inhalt.html" "Mozilla/5.0 (X11; U; Linux i686; de; rv:1.8.1.12) Gecko/20080207 Ubuntu/7.10 (gutsy) Firefox/2.0.0.12"
84.190.0.171 - - [17/Feb/2008:01:45:06 +0100] "GET /bannerz/google/Logo_40blk.gif HTTP/1.1" 200 2308 "http://www.various-euro.com/frame-inhalt.html" "Mozilla/5.0 (X11; U; Linux i686; de; rv:1.8.1.12) Gecko/20080207 Ubuntu/7.10 (gutsy) Firefox/2.0.0.12"
84.190.0.171 - - [17/Feb/2008:01:45:06 +0100] "GET /bannerz/wet.gif HTTP/1.1" 200 18561 "http://www.various-euro.com/frame-inhalt.html" "Mozilla/5.0 (X11; U; Linux i686; de; rv:1.8.1.12) Gecko/20080207 Ubuntu/7.10 (gutsy) Firefox/2.0.0.12"
84.190.0.171 - - [17/Feb/2008:01:45:06 +0100] "GET /bannerz/ubu-shot.png HTTP/1.1" 200 200117 "http://www.various-euro.com/frame-menu.html" "Mozilla/5.0 (X11; U; Linux i686; de; rv:1.8.1.12) Gecko/20080207 Ubuntu/7.10 (gutsy) Firefox/2.0.0.12"
84.190.0.171 - - [17/Feb/2008:01:45:06 +0100] "GET /bannerz/ve.jpg HTTP/1.1" 200 36912 "http://www.various-euro.com/frame-unten.html" "Mozilla/5.0 (X11; U; Linux i686; de; rv:1.8.1.12) Gecko/20080207 Ubuntu/7.10 (gutsy) Firefox/2.0.0.12"
84.190.0.171 - - [17/Feb/2008:01:45:06 +0100] "GET /bannerz/various-euro-girl.jpg HTTP/1.1" 200 91514 "http://www.various-euro.com/frame-unten.html" "Mozilla/5.0 (X11; U; Linux i686; de; rv:1.8.1.12) Gecko/20080207 Ubuntu/7.10 (gutsy) Firefox/2.0.0.12"
74.6.23.150 - - [17/Feb/2008:02:10:34 +0100] "GET /rez/556.mp3 HTTP/1.0" 200 2674419 "-" "Mozilla/5.0 (compatible; Yahoo! Slurp; http://help.yahoo.com/help/us/ysearch/slurp)"
74.6.22.151 - - [17/Feb/2008:04:19:22 +0100] "GET /f-doku-brau.html HTTP/1.0" 200 7152 "-" "Mozilla/5.0 (compatible; Yahoo! Slurp/3.0; http://help.yahoo.com/help/us/ysearch/slurp)"
74.6.23.101 - - [17/Feb/2008:04:26:36 +0100] "GET /neon/ HTTP/1.0" 403 1223 "-" "Mozilla/5.0 (compatible; Yahoo! Slurp; http://help.yahoo.com/help/us/ysearch/slurp)"
74.6.23.109 - - [17/Feb/2008:05:04:29 +0100] "GET /robots.txt HTTP/1.0" 200 64 "-" "Mozilla/5.0 (compatible; Yahoo! Slurp; http://help.yahoo.com/help/us/ysearch/slurp)"
74.6.7.115 - - [17/Feb/2008:05:04:29 +0100] "GET /rez/555.mp3 HTTP/1.0" 200 6017674 "-" "Mozilla/5.0 (compatible; Yahoo! Slurp; http://help.yahoo.com/help/us/ysearch/slurp)"
74.6.22.234 - - [17/Feb/2008:05:10:00 +0100] "GET /zampa-lovers/ HTTP/1.0" 200 37790 "-" "Mozilla/5.0 (compatible; Yahoo! Slurp; http://help.yahoo.com/help/us/ysearch/slurp)"
66.249.67.80 - - [17/Feb/2008:05:12:22 +0100] "GET /robots.txt HTTP/1.1" 200 64 "-" "Mozilla/5.0 (compatible; Googlebot/2.1; +http://www.google.com/bot.html)"
66.249.67.80 - - [17/Feb/2008:05:12:22 +0100] "GET /3dsf3/sendi/hyperreality.html HTTP/1.1" 200 1436 "-" "Mozilla/5.0 (compatible; Googlebot/2.1; +http://www.google.com/bot.html)"
61.135.166.85 - - [17/Feb/2008:05:57:02 +0100] "GET /robots.txt HTTP/1.1" 200 64 "-" "Baiduspider+(+http://www.baidu.com/search/spider.htm)"
77.91.224.5 - - [17/Feb/2008:06:12:12 +0100] "GET /framez-rez.html HTTP/1.1" 200 4323 "-" "WebAlta Crawler/2.0 (http://www.webalta.net/ru/about_webmaster.html) (Windows; U; Windows NT 5.1; ru-RU)"
74.6.24.109 - - [17/Feb/2008:06:25:21 +0100] "GET /sendi-agent/ HTTP/1.0" 403 1223 "-" "Mozilla/5.0 (compatible; Yahoo! Slurp; http://help.yahoo.com/help/us/ysearch/slurp)"
220.181.38.193 - - [17/Feb/2008:06:35:16 +0100] "GET / HTTP/1.1" 200 10335 "-" "Baiduspider+(+http://www.baidu.com/search/spider.htm)"
66.249.67.80 - - [17/Feb/2008:07:08:46 +0100] "GET /framez-contact.html HTTP/1.1" 200 4325 "-" "Mozilla/5.0 (compatible; Googlebot/2.1; +http://www.google.com/bot.html)"
74.6.25.144 - - [17/Feb/2008:07:42:01 +0100] "GET /sendi-agent/interfiction-sendi.mpg HTTP/1.0" 404 2748 "-" "Mozilla/5.0 (compatible; Yahoo! Slurp; http://help.yahoo.com/help/us/ysearch/slurp)"
68.142.212.200 - - [17/Feb/2008:08:14:44 +0100] "GET /robots.txt HTTP/1.0" 200 64 "-" "Yahoo-MMCrawler/3.x (mms dash mmcrawler dash support at yahoo dash inc dot com)"
82.237.212.168 - - [17/Feb/2008:08:19:13 +0100] "GET http://various-euro.com/download.php?upload_filename=../../../../../../../../etc/passwd HTTP/1.0" 404 2748 "http://various-euro.com/download.php?upload_filename=../../../../../../../../etc/passwd" "Mozilla/4.0 (compatible; MSIE 6.0; Windows NT 5.1)"
74.6.28.166 - - [17/Feb/2008:08:21:34 +0100] "GET /neon/left-one-new.html HTTP/1.0" 200 1483 "-" "Mozilla/5.0 (compatible; Yahoo! Slurp; http://help.yahoo.com/help/us/ysearch/slurp)"
68.142.212.200 - - [17/Feb/2008:08:39:03 +0100] "GET /rez/mb.jpg HTTP/1.0" 304 - "-" "Yahoo-MMCrawler/3.x (mms dash mmcrawler dash support at yahoo dash inc dot com)"
68.142.212.200 - - [17/Feb/2008:08:39:27 +0100] "GET /rez/ma.jpg HTTP/1.0" 304 - "-" "Yahoo-MMCrawler/3.x (mms dash mmcrawler dash support at yahoo dash inc dot com)"
66.249.67.80 - - [17/Feb/2008:08:40:51 +0100] "GET /3dsf3/sendi/utopia.html HTTP/1.1" 200 1295 "-" "Mozilla/5.0 (compatible; Googlebot/2.1; +http://www.google.com/bot.html)"
67.195.58.188 - - [17/Feb/2008:08:45:14 +0100] "GET / HTTP/1.0" 200 10335 "-" "Mozilla/5.0 (compatible; Yahoo! Slurp; http://help.yahoo.com/help/us/ysearch/slurp)"
74.6.28.169 - - [17/Feb/2008:09:08:57 +0100] "GET /schubb/schubb-1.html HTTP/1.0" 200 9070 "-" "Mozilla/5.0 (compatible; Yahoo! Slurp; http://help.yahoo.com/help/us/ysearch/slurp)"
74.6.22.152 - - [17/Feb/2008:09:16:46 +0100] "GET /robots.txt HTTP/1.0" 200 64 "-" "Mozilla/5.0 (compatible; Yahoo! Slurp; http://help.yahoo.com/help/us/ysearch/slurp)"
74.6.22.152 - - [17/Feb/2008:09:16:46 +0100] "GET /bmpp/18.html HTTP/1.0" 200 4467 "-" "Mozilla/5.0 (compatible; Yahoo! Slurp; http://help.yahoo.com/help/us/ysearch/slurp)"
74.6.17.154 - - [17/Feb/2008:09:26:47 +0100] "GET /neon/europa.html HTTP/1.0" 200 389 "-" "Mozilla/5.0 (compatible; Yahoo! Slurp; http://help.yahoo.com/help/us/ysearch/slurp)"
63.123.238.8 - - [17/Feb/2008:09:33:25 +0100] "GET /robots.txt HTTP/1.1" 302 362 "-" "Mozilla/2.0 (compatible; Ask Jeeves/Teoma)"
63.123.238.8 - - [17/Feb/2008:09:33:26 +0100] "GET /robots.txt HTTP/1.1" 200 64 "-" "Mozilla/2.0 (compatible; Ask Jeeves/Teoma)"
63.123.238.8 - - [17/Feb/2008:09:33:26 +0100] "GET / HTTP/1.1" 302 352 "-" "Mozilla/2.0 (compatible; Ask Jeeves/Teoma)"
74.6.27.18 - - [17/Feb/2008:09:33:51 +0100] "GET / HTTP/1.0" 200 10335 "-" "Mozilla/5.0 (compatible; Yahoo! Slurp; http://help.yahoo.com/help/us/ysearch/slurp)"
66.249.67.80 - - [17/Feb/2008:09:34:48 +0100] "GET /bmpp/euro_pal_1.html HTTP/1.1" 200 18252 "-" "Mozilla/5.0 (compatible; Googlebot/2.1; +http://www.google.com/bot.html)"
68.142.212.200 - - [17/Feb/2008:09:46:15 +0100] "GET /bannerz/doom-ph.jpg HTTP/1.0" 304 - "-" "Yahoo-MMCrawler/3.x (mms dash mmcrawler dash support at yahoo dash inc dot com)"
68.142.212.200 - - [17/Feb/2008:10:16:44 +0100] "GET /bannerz/logo-pgb.png HTTP/1.0" 304 - "-" "Yahoo-MMCrawler/3.x (mms dash mmcrawler dash support at yahoo dash inc dot com)"
66.249.67.80 - - [17/Feb/2008:10:26:39 +0100] "GET /3dsf3/sendi/sacrifice.html HTTP/1.1" 200 1309 "-" "Mozilla/5.0 (compatible; Googlebot/2.1; +http://www.google.com/bot.html)"
74.6.28.76 - - [17/Feb/2008:10:33:34 +0100] "GET /menue.html HTTP/1.0" 404 2748 "-" "Mozilla/5.0 (compatible; Yahoo! Slurp; http://help.yahoo.com/help/us/ysearch/slurp)"
74.6.22.108 - - [17/Feb/2008:10:35:13 +0100] "GET /robots.txt HTTP/1.0" 200 64 "-" "Mozilla/5.0 (compatible; Yahoo! Slurp; http://help.yahoo.com/help/us/ysearch/slurp)"
74.6.22.108 - - [17/Feb/2008:10:35:13 +0100] "GET /logs/usage_200707.html HTTP/1.0" 200 110942 "-" "Mozilla/5.0 (compatible; Yahoo! Slurp/3.0; http://help.yahoo.com/help/us/ysearch/slurp)"
74.6.20.225 - - [17/Feb/2008:10:38:43 +0100] "GET /f-channel1.html HTTP/1.0" 200 5713 "-" "Mozilla/5.0 (compatible; Yahoo! Slurp; http://help.yahoo.com/help/us/ysearch/slurp)"
74.6.24.162 - - [17/Feb/2008:10:42:42 +0100] "GET /zampa HTTP/1.0" 301 374 "-" "Mozilla/5.0 (compatible; Yahoo! Slurp; http://help.yahoo.com/help/us/ysearch/slurp)"
74.6.24.162 - - [17/Feb/2008:10:42:42 +0100] "GET /zampa/ HTTP/1.0" 200 7153 "-" "Mozilla/5.0 (compatible; Yahoo! Slurp; http://help.yahoo.com/help/us/ysearch/slurp)"
72.30.179.232 - - [17/Feb/2008:10:50:29 +0100] "GET /zampa/montenegro/dajpare.html HTTP/1.0" 200 2503 "-" "Mozilla/5.0 (compatible; Yahoo! Slurp; http://help.yahoo.com/help/us/ysearch/slurp)"
74.6.22.108 - - [17/Feb/2008:11:22:33 +0100] "GET /bmpp/euro_pal_1.html HTTP/1.0" 200 18252 "-" "Mozilla/5.0 (compatible; Yahoo! Slurp; http://help.yahoo.com/help/us/ysearch/slurp)"
65.214.45.101 - - [17/Feb/2008:12:08:45 +0100] "GET /robots.txt HTTP/1.0" 200 64 "-" "Mozilla/5.0 (compatible; Ask Jeeves/Teoma; +http://about.ask.com/en/docs/about/webmasters.shtml)"
65.214.45.101 - - [17/Feb/2008:12:08:45 +0100] "GET /neon/girlz2.html HTTP/1.0" 200 2937 "-" "Mozilla/5.0 (compatible; Ask Jeeves/Teoma; +http://about.ask.com/en/docs/about/webmasters.shtml)"
74.6.23.104 - - [17/Feb/2008:12:10:11 +0100] "GET /f-bannnerz.html HTTP/1.0" 200 12651 "-" "Mozilla/5.0 (compatible; Yahoo! Slurp; http://help.yahoo.com/help/us/ysearch/slurp)"
66.249.67.80 - - [17/Feb/2008:12:11:35 +0100] "GET /frame-inhalt.html HTTP/1.1" 200 6025 "-" "Mozilla/5.0 (compatible; Googlebot/2.1; +http://www.google.com/bot.html)"
74.6.22.152 - - [17/Feb/2008:12:20:42 +0100] "GET /robots.txt HTTP/1.0" 200 64 "-" "Mozilla/5.0 (compatible; Yahoo! Slurp; http://help.yahoo.com/help/us/ysearch/slurp)"
74.6.22.152 - - [17/Feb/2008:12:20:42 +0100] "GET /f-web.html HTTP/1.0" 200 13605 "-" "Mozilla/5.0 (compatible; Yahoo! Slurp/3.0; http://help.yahoo.com/help/us/ysearch/slurp)"
68.142.212.200 - - [17/Feb/2008:12:38:36 +0100] "GET /bannerz/ve-girl.gif HTTP/1.0" 304 - "-" "Yahoo-MMCrawler/3.x (mms dash mmcrawler dash support at yahoo dash inc dot com)"
68.142.212.200 - - [17/Feb/2008:12:38:57 +0100] "GET /bannerz/etikett.jpg HTTP/1.0" 304 - "-" "Yahoo-MMCrawler/3.x (mms dash mmcrawler dash support at yahoo dash inc dot com)"
74.6.24.116 - - [17/Feb/2008:13:00:44 +0100] "GET /robots.txt HTTP/1.0" 302 362 "-" "Mozilla/5.0 (compatible; Yahoo! Slurp; http://help.yahoo.com/help/us/ysearch/slurp)"
74.6.24.116 - - [17/Feb/2008:13:00:44 +0100] "GET /zampa/robots.txt HTTP/1.0" 404 2748 "-" "Mozilla/5.0 (compatible; Yahoo! Slurp; http://help.yahoo.com/help/us/ysearch/slurp)"
74.6.26.71 - - [17/Feb/2008:13:00:48 +0100] "GET /lybia/index.html HTTP/1.0" 302 368 "-" "Mozilla/5.0 (compatible; Yahoo! Slurp; http://help.yahoo.com/help/us/ysearch/slurp)"
74.6.26.71 - - [17/Feb/2008:13:00:48 +0100] "GET /zampa/lybia/index.html HTTP/1.0" 200 3036 "-" "Mozilla/5.0 (compatible; Yahoo! Slurp; http://help.yahoo.com/help/us/ysearch/slurp)"
74.6.22.108 - - [17/Feb/2008:13:03:16 +0100] "GET / HTTP/1.0" 200 10335 "-" "Mozilla/5.0 (compatible; Yahoo! Slurp/3.0; http://help.yahoo.com/help/us/ysearch/slurp)"
74.6.7.125 - - [17/Feb/2008:13:08:33 +0100] "GET /zampa/lybia HTTP/1.0" 301 380 "-" "Mozilla/5.0 (compatible; Yahoo! Slurp; http://help.yahoo.com/help/us/ysearch/slurp)"
74.6.7.125 - - [17/Feb/2008:13:08:33 +0100] "GET /zampa/lybia/ HTTP/1.0" 200 3036 "-" "Mozilla/5.0 (compatible; Yahoo! Slurp; http://help.yahoo.com/help/us/ysearch/slurp)"
74.6.25.200 - - [17/Feb/2008:13:23:08 +0100] "GET /zampa/montenegro/contributions.html HTTP/1.0" 200 18843 "-" "Mozilla/5.0 (compatible; Yahoo! Slurp; http://help.yahoo.com/help/us/ysearch/slurp)"
74.6.22.222 - - [17/Feb/2008:13:57:51 +0100] "GET /rez/326.mp3 HTTP/1.0" 200 7672484 "-" "Mozilla/5.0 (compatible; Yahoo! Slurp; http://help.yahoo.com/help/us/ysearch/slurp)"
74.6.20.134 - - [17/Feb/2008:14:10:14 +0100] "GET /wonderland/index.html HTTP/1.0" 302 373 "-" "Mozilla/5.0 (compatible; Yahoo! Slurp; http://help.yahoo.com/help/us/ysearch/slurp)"
74.6.20.134 - - [17/Feb/2008:14:10:15 +0100] "GET /zampa/wonderland/index.html HTTP/1.0" 200 2084 "-" "Mozilla/5.0 (compatible; Yahoo! Slurp; http://help.yahoo.com/help/us/ysearch/slurp)"
74.6.22.151 - - [17/Feb/2008:15:13:32 +0100] "GET /robots.txt HTTP/1.0" 200 64 "-" "Mozilla/5.0 (compatible; Yahoo! Slurp; http://help.yahoo.com/help/us/ysearch/slurp)"
74.6.22.151 - - [17/Feb/2008:15:13:33 +0100] "GET /f-euro.html HTTP/1.0" 200 12203 "-" "Mozilla/5.0 (compatible; Yahoo! Slurp/3.0; http://help.yahoo.com/help/us/ysearch/slurp)"
201.143.66.67 - - [17/Feb/2008:15:16:53 +0100] "GET http://various-euro.com/sitedepth/constants.php?SD_DIR=http://www.wavecomunicaciones.cl/error/412bad.txt? HTTP/1.0" 404 2748 "http://various-euro.com/sitedepth/constants.php?SD_DIR=http://www.wavecomunicaciones.cl/error/412bad.txt?" "Mozilla/4.0 (compatible; MSIE 6.0; Windows NT 5.1)"
65.55.209.100 - - [17/Feb/2008:15:27:56 +0100] "GET /robots.txt HTTP/1.1" 302 362 "-" "msnbot/1.0 (+http://search.msn.com/msnbot.htm)"
65.55.209.100 - - [17/Feb/2008:15:27:57 +0100] "GET /zampa/robots.txt HTTP/1.1" 404 2748 "-" "msnbot/1.0 (+http://search.msn.com/msnbot.htm)"
65.55.209.100 - - [17/Feb/2008:15:27:57 +0100] "GET /montenegro/dajpare.html HTTP/1.1" 302 375 "-" "msnbot/1.0 (+http://search.msn.com/msnbot.htm)"
66.249.67.80 - - [17/Feb/2008:15:32:06 +0100] "GET /robots.txt HTTP/1.1" 302 362 "-" "Mozilla/5.0 (compatible; Googlebot/2.1; +http://www.google.com/bot.html)"
66.249.67.80 - - [17/Feb/2008:15:32:06 +0100] "GET /zampa/robots.txt HTTP/1.1" 404 2748 "-" "Mozilla/5.0 (compatible; Googlebot/2.1; +http://www.google.com/bot.html)"
66.249.67.80 - - [17/Feb/2008:15:32:07 +0100] "GET /lybia/index.html HTTP/1.1" 302 368 "-" "Mozilla/5.0 (compatible; Googlebot/2.1; +http://www.google.com/bot.html)"
66.249.67.80 - - [17/Feb/2008:15:32:07 +0100] "GET /zampa/lybia/index.html HTTP/1.1" 200 3036 "-" "Mozilla/5.0 (compatible; Googlebot/2.1; +http://www.google.com/bot.html)"
65.55.209.100 - - [17/Feb/2008:15:32:57 +0100] "GET /robots.txt HTTP/1.1" 200 64 "-" "msnbot/1.0 (+http://search.msn.com/msnbot.htm)"
65.55.209.100 - - [17/Feb/2008:15:32:58 +0100] "GET /zampa/montenegro/dajpare.html HTTP/1.1" 200 2503 "-" "msnbot/1.0 (+http://search.msn.com/msnbot.htm)"
65.55.209.100 - - [17/Feb/2008:15:44:34 +0100] "GET /lybia/index.html HTTP/1.1" 302 368 "-" "msnbot/1.0 (+http://search.msn.com/msnbot.htm)"
65.55.209.100 - - [17/Feb/2008:15:46:14 +0100] "GET /zampa/lybia/index.html HTTP/1.1" 200 3036 "-" "msnbot/1.0 (+http://search.msn.com/msnbot.htm)"
65.55.209.98 - - [17/Feb/2008:15:48:17 +0100] "GET /robots.txt HTTP/1.1" 302 362 "-" "msnbot/1.0 (+http://search.msn.com/msnbot.htm)"
65.55.209.98 - - [17/Feb/2008:15:48:22 +0100] "GET /zampa/robots.txt HTTP/1.1" 404 2748 "-" "msnbot/1.0 (+http://search.msn.com/msnbot.htm)"
65.55.209.98 - - [17/Feb/2008:15:48:22 +0100] "GET /wonderland/index.html HTTP/1.1" 302 373 "-" "msnbot/1.0 (+http://search.msn.com/msnbot.htm)"
65.55.209.98 - - [17/Feb/2008:15:59:20 +0100] "GET /robots.txt HTTP/1.1" 200 64 "-" "msnbot/1.0 (+http://search.msn.com/msnbot.htm)"
65.55.209.98 - - [17/Feb/2008:15:59:20 +0100] "GET /zampa/wonderland/index.html HTTP/1.1" 200 2084 "-" "msnbot/1.0 (+http://search.msn.com/msnbot.htm)"
74.6.18.201 - - [17/Feb/2008:16:26:04 +0100] "GET /f-web.html HTTP/1.0" 200 13605 "-" "Mozilla/5.0 (compatible; Yahoo! Slurp; http://help.yahoo.com/help/us/ysearch/slurp)"
65.55.232.24 - - [17/Feb/2008:16:28:59 +0100] "GET /robots.txt HTTP/1.1" 200 64 "-" "msnbot/1.0 (+http://search.msn.com/msnbot.htm)"
65.55.232.24 - - [17/Feb/2008:16:28:59 +0100] "GET / HTTP/1.1" 200 10335 "-" "msnbot/1.0 (+http://search.msn.com/msnbot.htm)"
66.249.67.80 - - [17/Feb/2008:17:05:29 +0100] "GET /anarhija-blok45/pdf/002_KLAS.PDF HTTP/1.1" 302 384 "-" "Mozilla/5.0 (compatible; Googlebot/2.1; +http://www.google.com/bot.html)"
66.249.67.80 - - [17/Feb/2008:17:05:30 +0100] "GET /zampa/anarhija-blok45/pdf/002_KLAS.PDF HTTP/1.1" 404 2748 "-" "Mozilla/5.0 (compatible; Googlebot/2.1; +http://www.google.com/bot.html)"
74.6.22.151 - - [17/Feb/2008:17:14:08 +0100] "GET /robots.txt HTTP/1.0" 200 64 "-" "Mozilla/5.0 (compatible; Yahoo! Slurp; http://help.yahoo.com/help/us/ysearch/slurp)"
74.6.22.151 - - [17/Feb/2008:17:14:08 +0100] "GET /bmpp/euro_pal_111.html HTTP/1.0" 200 2129 "-" "Mozilla/5.0 (compatible; Yahoo! Slurp/3.0; http://help.yahoo.com/help/us/ysearch/slurp)"
68.142.212.200 - - [17/Feb/2008:17:17:52 +0100] "GET /bannerz/hand-of-doom.jpg HTTP/1.0" 304 - "-" "Yahoo-MMCrawler/3.x (mms dash mmcrawler dash support at yahoo dash inc dot com)"
68.142.212.200 - - [17/Feb/2008:17:18:57 +0100] "GET /bannerz/flyer-front.jpg HTTP/1.0" 304 - "-" "Yahoo-MMCrawler/3.x (mms dash mmcrawler dash support at yahoo dash inc dot com)"
66.249.67.80 - - [17/Feb/2008:17:32:30 +0100] "GET /neon/large.html HTTP/1.1" 200 1547 "-" "Mozilla/5.0 (compatible; Googlebot/2.1; +http://www.google.com/bot.html)"
68.142.212.200 - - [17/Feb/2008:17:39:27 +0100] "GET /logs/ctry_usage_200702.png HTTP/1.0" 304 - "-" "Yahoo-MMCrawler/3.x (mms dash mmcrawler dash support at yahoo dash inc dot com)"
68.142.212.200 - - [17/Feb/2008:17:39:32 +0100] "GET /logs/ctry_usage_200607.png HTTP/1.0" 304 - "-" "Yahoo-MMCrawler/3.x (mms dash mmcrawler dash support at yahoo dash inc dot com)"
68.142.212.200 - - [17/Feb/2008:17:45:22 +0100] "GET /vgirls/penilefitnessrec.jpg HTTP/1.0" 304 - "-" "Yahoo-MMCrawler/3.x (mms dash mmcrawler dash support at yahoo dash inc dot com)"
74.6.22.171 - - [17/Feb/2008:17:56:42 +0100] "GET /robots.txt HTTP/1.0" 200 64 "-" "Mozilla/5.0 (compatible; Yahoo! Slurp; http://help.yahoo.com/help/us/ysearch/slurp)"
74.6.22.171 - - [17/Feb/2008:17:56:43 +0100] "GET /schubb/schubb-1.html HTTP/1.0" 200 9070 "-" "Mozilla/5.0 (compatible; Yahoo! Slurp; http://help.yahoo.com/help/us/ysearch/slurp)"
74.6.22.139 - - [17/Feb/2008:17:57:03 +0100] "GET /robots.txt HTTP/1.0" 200 64 "-" "Mozilla/5.0 (compatible; Yahoo! Slurp; http://help.yahoo.com/help/us/ysearch/slurp)"
74.6.22.139 - - [17/Feb/2008:17:57:03 +0100] "GET /framez-zampa-lovers.html HTTP/1.0" 200 4322 "-" "Mozilla/5.0 (compatible; Yahoo! Slurp/3.0; http://help.yahoo.com/help/us/ysearch/slurp)"
74.6.22.139 - - [17/Feb/2008:17:57:05 +0100] "GET /frame-menu.html HTTP/1.0" 200 10763 "http://www.various-euro.com/framez-zampa-lovers.html" "Mozilla/5.0 (compatible; Yahoo! Slurp/3.0; http://help.yahoo.com/help/us/ysearch/slurp)"
74.6.22.139 - - [17/Feb/2008:17:57:05 +0100] "GET /frame-unten.html HTTP/1.0" 200 5557 "http://www.various-euro.com/framez-zampa-lovers.html" "Mozilla/5.0 (compatible; Yahoo! Slurp/3.0; http://help.yahoo.com/help/us/ysearch/slurp)"
74.6.22.139 - - [17/Feb/2008:17:57:05 +0100] "GET /zampa-lovers/index.html HTTP/1.0" 200 37790 "http://www.various-euro.com/framez-zampa-lovers.html" "Mozilla/5.0 (compatible; Yahoo! Slurp/3.0; http://help.yahoo.com/help/us/ysearch/slurp)"
68.142.212.200 - - [17/Feb/2008:18:05:03 +0100] "GET /logs/daily_usage_200702.png HTTP/1.0" 304 - "-" "Yahoo-MMCrawler/3.x (mms dash mmcrawler dash support at yahoo dash inc dot com)"
68.142.212.200 - - [17/Feb/2008:18:05:22 +0100] "GET /logs/daily_usage_200607.png HTTP/1.0" 304 - "-" "Yahoo-MMCrawler/3.x (mms dash mmcrawler dash support at yahoo dash inc dot com)"
74.6.23.109 - - [17/Feb/2008:18:08:20 +0100] "GET /robots.txt HTTP/1.0" 200 64 "-" "Mozilla/5.0 (compatible; Yahoo! Slurp; http://help.yahoo.com/help/us/ysearch/slurp)"
74.6.26.13 - - [17/Feb/2008:18:08:20 +0100] "GET /f-rez.html HTTP/1.0" 200 9765 "-" "Mozilla/5.0 (compatible; Yahoo! Slurp; http://help.yahoo.com/help/us/ysearch/slurp)"
74.6.22.152 - - [17/Feb/2008:18:35:59 +0100] "GET /robots.txt HTTP/1.0" 200 64 "-" "Mozilla/5.0 (compatible; Yahoo! Slurp; http://help.yahoo.com/help/us/ysearch/slurp)"
74.6.22.152 - - [17/Feb/2008:18:36:00 +0100] "GET /DgH/orginal/index.html HTTP/1.0" 200 1727 "-" "Mozilla/5.0 (compatible; Yahoo! Slurp; http://help.yahoo.com/help/us/ysearch/slurp)"
68.142.212.200 - - [17/Feb/2008:19:05:42 +0100] "GET /logs/hourly_usage_200607.png HTTP/1.0" 304 - "-" "Yahoo-MMCrawler/3.x (mms dash mmcrawler dash support at yahoo dash inc dot com)"
68.142.212.200 - - [17/Feb/2008:19:06:07 +0100] "GET /logs/hourly_usage_200702.png HTTP/1.0" 304 - "-" "Yahoo-MMCrawler/3.x (mms dash mmcrawler dash support at yahoo dash inc dot com)"
68.142.212.200 - - [17/Feb/2008:19:21:56 +0100] "GET /bannerz/overgarden-toplogo.jpg HTTP/1.0" 304 - "-" "Yahoo-MMCrawler/3.x (mms dash mmcrawler dash support at yahoo dash inc dot com)"
65.55.209.101 - - [17/Feb/2008:19:28:57 +0100] "GET /robots.txt HTTP/1.1" 200 64 "-" "msnbot/1.0 (+http://search.msn.com/msnbot.htm)"
65.55.209.101 - - [17/Feb/2008:19:28:58 +0100] "GET /zampa/ HTTP/1.1" 200 7153 "-" "msnbot/1.0 (+http://search.msn.com/msnbot.htm)"
66.249.67.80 - - [17/Feb/2008:19:36:01 +0100] "GET /framez-search.html HTTP/1.1" 200 4326 "-" "Mozilla/5.0 (compatible; Googlebot/2.1; +http://www.google.com/bot.html)"
68.142.212.200 - - [17/Feb/2008:19:50:40 +0100] "GET /bannerz/various-euro-girl.jpg HTTP/1.0" 304 - "-" "Yahoo-MMCrawler/3.x (mms dash mmcrawler dash support at yahoo dash inc dot com)"
68.142.212.200 - - [17/Feb/2008:19:51:41 +0100] "GET /bannerz/displaced-dilemma.jpg HTTP/1.0" 304 - "-" "Yahoo-MMCrawler/3.x (mms dash mmcrawler dash support at yahoo dash inc dot com)"
68.142.212.200 - - [17/Feb/2008:20:21:31 +0100] "GET /bannerz/kapitalismusdebatte.jpg HTTP/1.0" 304 - "-" "Yahoo-MMCrawler/3.x (mms dash mmcrawler dash support at yahoo dash inc dot com)"
74.6.22.139 - - [17/Feb/2008:20:28:25 +0100] "GET /framez-rez.html HTTP/1.0" 200 4323 "-" "Mozilla/5.0 (X11; U; Linux i686 (x86_64); en-US; rv:1.8.1.4) Gecko/20071214 BonEcho/2.0.0.4"
74.6.22.139 - - [17/Feb/2008:20:28:31 +0100] "GET /f-rez.html HTTP/1.0" 200 9765 "http://www.various-euro.com/framez-rez.html" "Mozilla/5.0 (X11; U; Linux i686 (x86_64); en-US; rv:1.8.1.4) Gecko/20071214 BonEcho/2.0.0.4"
74.6.22.139 - - [17/Feb/2008:20:28:31 +0100] "GET /frame-menu.html HTTP/1.0" 200 10763 "http://www.various-euro.com/framez-rez.html" "Mozilla/5.0 (X11; U; Linux i686 (x86_64); en-US; rv:1.8.1.4) Gecko/20071214 BonEcho/2.0.0.4"
74.6.22.139 - - [17/Feb/2008:20:28:31 +0100] "GET /frame-unten.html HTTP/1.0" 200 5557 "http://www.various-euro.com/framez-rez.html" "Mozilla/5.0 (X11; U; Linux i686 (x86_64); en-US; rv:1.8.1.4) Gecko/20071214 BonEcho/2.0.0.4"
74.6.28.150 - - [17/Feb/2008:20:44:52 +0100] "GET /neon/large.html HTTP/1.0" 200 1547 "-" "Mozilla/5.0 (compatible; Yahoo! Slurp; http://help.yahoo.com/help/us/ysearch/slurp)"
77.162.219.139 - - [17/Feb/2008:21:07:21 +0100] "GET http://various-euro.com/ccbill/ccbill.php HTTP/1.0" 404 2748 "http://various-euro.com/ccbill/ccbill.php" "Mozilla/4.0 (compatible; MSIE 6.0; Windows NT 5.1)"
77.162.219.139 - - [17/Feb/2008:21:07:21 +0100] "GET http://various-euro.com/ccbill/ccbill.php HTTP/1.0" 404 2748 "http://various-euro.com/ccbill/ccbill.php" "Mozilla/4.0 (compatible; MSIE 6.0; Windows NT 5.1)"
24.143.26.136 - - [17/Feb/2008:21:17:25 +0100] "GET /montenegro/slike/plakat.jpg HTTP/1.1" 302 379 "http://www.vnatrc.net/YAST/index_html" "Mozilla/4.0 (compatible; MSIE 6.0; Windows NT 5.1; SV1; .NET CLR 1.1.4322)"
24.143.26.136 - - [17/Feb/2008:21:17:25 +0100] "GET /zampa/montenegro/slike/plakat.jpg HTTP/1.1" 200 47879 "http://www.vnatrc.net/YAST/index_html" "Mozilla/4.0 (compatible; MSIE 6.0; Windows NT 5.1; SV1; .NET CLR 1.1.4322)"
74.6.26.113 - - [17/Feb/2008:21:18:51 +0100] "GET /framez-rez.html HTTP/1.0" 200 4323 "-" "Mozilla/5.0 (compatible; Yahoo! Slurp; http://help.yahoo.com/help/us/ysearch/slurp)"
74.6.26.113 - - [17/Feb/2008:21:18:52 +0100] "GET /frame-menu.html HTTP/1.0" 200 10763 "-" "Mozilla/5.0 (compatible; Yahoo! Slurp; http://help.yahoo.com/help/us/ysearch/slurp)"
74.6.26.113 - - [17/Feb/2008:21:18:53 +0100] "GET /f-rez.html HTTP/1.0" 200 9765 "-" "Mozilla/5.0 (compatible; Yahoo! Slurp; http://help.yahoo.com/help/us/ysearch/slurp)"
74.6.26.113 - - [17/Feb/2008:21:18:53 +0100] "GET /frame-unten.html HTTP/1.0" 200 5557 "-" "Mozilla/5.0 (compatible; Yahoo! Slurp; http://help.yahoo.com/help/us/ysearch/slurp)"
24.143.26.136 - - [17/Feb/2008:21:21:56 +0100] "GET /montenegro/slike/plakat.jpg HTTP/1.1" 302 379 "http://www.vnatrc.net/YAST/index_html" "Mozilla/4.0 (compatible; MSIE 6.0; Windows NT 5.1; SV1; .NET CLR 1.1.4322)"
24.143.26.136 - - [17/Feb/2008:21:21:56 +0100] "GET /zampa/montenegro/slike/plakat.jpg HTTP/1.1" 304 - "http://www.vnatrc.net/YAST/index_html" "Mozilla/4.0 (compatible; MSIE 6.0; Windows NT 5.1; SV1; .NET CLR 1.1.4322)"
24.143.26.136 - - [17/Feb/2008:21:32:25 +0100] "GET /montenegro/slike/plakat.jpg HTTP/1.1" 302 379 "http://www.vnatrc.net/YAST/index_html" "Mozilla/4.0 (compatible; MSIE 6.0; Windows NT 5.1; SV1; .NET CLR 1.1.4322)"
24.143.26.136 - - [17/Feb/2008:21:32:25 +0100] "GET /zampa/montenegro/slike/plakat.jpg HTTP/1.1" 304 - "http://www.vnatrc.net/YAST/index_html" "Mozilla/4.0 (compatible; MSIE 6.0; Windows NT 5.1; SV1; .NET CLR 1.1.4322)"
24.143.26.136 - - [17/Feb/2008:21:32:41 +0100] "GET /montenegro/slike/plakat.jpg HTTP/1.1" 302 379 "http://www.vnatrc.net/YAST/index_html" "Mozilla/4.0 (compatible; MSIE 6.0; Windows NT 5.1; SV1; .NET CLR 1.1.4322)"
24.143.26.136 - - [17/Feb/2008:21:32:41 +0100] "GET /zampa/montenegro/slike/plakat.jpg HTTP/1.1" 304 - "http://www.vnatrc.net/YAST/index_html" "Mozilla/4.0 (compatible; MSIE 6.0; Windows NT 5.1; SV1; .NET CLR 1.1.4322)"
24.143.26.136 - - [17/Feb/2008:21:32:46 +0100] "GET /montenegro/slike/plakat.jpg HTTP/1.1" 302 379 "http://www.vnatrc.net/YAST/index_html" "Mozilla/4.0 (compatible; MSIE 6.0; Windows NT 5.1; SV1; .NET CLR 1.1.4322)"
24.143.26.136 - - [17/Feb/2008:21:32:46 +0100] "GET /zampa/montenegro/slike/plakat.jpg HTTP/1.1" 304 - "http://www.vnatrc.net/YAST/index_html" "Mozilla/4.0 (compatible; MSIE 6.0; Windows NT 5.1; SV1; .NET CLR 1.1.4322)"
66.249.67.80 - - [17/Feb/2008:21:33:06 +0100] "GET /neon/click.html HTTP/1.1" 200 521 "-" "Mozilla/5.0 (compatible; Googlebot/2.1; +http://www.google.com/bot.html)"
65.55.209.104 - - [17/Feb/2008:21:40:10 +0100] "GET /robots.txt HTTP/1.1" 302 362 "-" "msnbot/1.0 (+http://search.msn.com/msnbot.htm)"
65.55.209.104 - - [17/Feb/2008:21:40:10 +0100] "GET /zampa/robots.txt HTTP/1.1" 404 2748 "-" "msnbot/1.0 (+http://search.msn.com/msnbot.htm)"
65.55.209.104 - - [17/Feb/2008:21:40:10 +0100] "GET /montenegro/index.html HTTP/1.1" 302 373 "-" "msnbot/1.0 (+http://search.msn.com/msnbot.htm)"
24.143.26.136 - - [17/Feb/2008:21:42:19 +0100] "GET /montenegro/slike/plakat.jpg HTTP/1.1" 302 379 "http://www.vnatrc.net/YAST/index_html" "Mozilla/4.0 (compatible; MSIE 6.0; Windows NT 5.1; SV1; .NET CLR 1.1.4322)"
24.143.26.136 - - [17/Feb/2008:21:42:19 +0100] "GET /zampa/montenegro/slike/plakat.jpg HTTP/1.1" 304 - "http://www.vnatrc.net/YAST/index_html" "Mozilla/4.0 (compatible; MSIE 6.0; Windows NT 5.1; SV1; .NET CLR 1.1.4322)"
68.142.212.171 - - [17/Feb/2008:21:42:34 +0100] "GET /robots.txt HTTP/1.0" 302 362 "-" "Yahoo-MMCrawler/3.x (mms dash mmcrawler dash support at yahoo dash inc dot com)"
65.55.209.104 - - [17/Feb/2008:21:48:51 +0100] "GET /robots.txt HTTP/1.1" 200 64 "-" "msnbot/1.0 (+http://search.msn.com/msnbot.htm)"
65.55.209.104 - - [17/Feb/2008:21:48:51 +0100] "GET /zampa/montenegro/index.html HTTP/1.1" 200 2651 "-" "msnbot/1.0 (+http://search.msn.com/msnbot.htm)"
74.6.22.40 - - [17/Feb/2008:21:50:26 +0100] "GET /neon/warning2.html HTTP/1.0" 200 997 "-" "Mozilla/5.0 (compatible; Yahoo! Slurp; http://help.yahoo.com/help/us/ysearch/slurp)"
24.143.26.136 - - [17/Feb/2008:21:55:23 +0100] "GET /montenegro/slike/plakat.jpg HTTP/1.1" 302 379 "http://www.vnatrc.net/YAST/index_html" "Mozilla/4.0 (compatible; MSIE 6.0; Windows NT 5.1; SV1; .NET CLR 1.1.4322)"
24.143.26.136 - - [17/Feb/2008:21:55:23 +0100] "GET /zampa/montenegro/slike/plakat.jpg HTTP/1.1" 304 - "http://www.vnatrc.net/YAST/index_html" "Mozilla/4.0 (compatible; MSIE 6.0; Windows NT 5.1; SV1; .NET CLR 1.1.4322)"
24.143.26.136 - - [17/Feb/2008:21:57:11 +0100] "GET /montenegro/slike/plakat.jpg HTTP/1.1" 302 379 "http://www.vnatrc.net/YAST/index_html" "Mozilla/4.0 (compatible; MSIE 6.0; Windows NT 5.1; SV1; .NET CLR 1.1.4322)"
24.143.26.136 - - [17/Feb/2008:21:57:11 +0100] "GET /zampa/montenegro/slike/plakat.jpg HTTP/1.1" 304 - "http://www.vnatrc.net/YAST/index_html" "Mozilla/4.0 (compatible; MSIE 6.0; Windows NT 5.1; SV1; .NET CLR 1.1.4322)"
74.6.26.234 - - [17/Feb/2008:21:59:08 +0100] "GET /framez_0.html HTTP/1.0" 200 12411 "-" "Mozilla/5.0 (compatible; Yahoo! Slurp; http://help.yahoo.com/help/us/ysearch/slurp)"
24.143.26.136 - - [17/Feb/2008:22:01:27 +0100] "GET /montenegro/slike/plakat.jpg HTTP/1.1" 302 379 "http://www.vnatrc.net/YAST/index_html" "Mozilla/4.0 (compatible; MSIE 6.0; Windows NT 5.1; SV1; .NET CLR 1.1.4322)"
24.143.26.136 - - [17/Feb/2008:22:01:27 +0100] "GET /zampa/montenegro/slike/plakat.jpg HTTP/1.1" 304 - "http://www.vnatrc.net/YAST/index_html" "Mozilla/4.0 (compatible; MSIE 6.0; Windows NT 5.1; SV1; .NET CLR 1.1.4322)"
24.143.26.136 - - [17/Feb/2008:22:06:01 +0100] "GET /montenegro/slike/plakat.jpg HTTP/1.1" 302 379 "http://www.vnatrc.net/YAST/index_html" "Mozilla/4.0 (compatible; MSIE 6.0; Windows NT 5.1; SV1; .NET CLR 1.1.4322)"
24.143.26.136 - - [17/Feb/2008:22:06:01 +0100] "GET /zampa/montenegro/slike/plakat.jpg HTTP/1.1" 304 - "http://www.vnatrc.net/YAST/index_html" "Mozilla/4.0 (compatible; MSIE 6.0; Windows NT 5.1; SV1; .NET CLR 1.1.4322)"
74.6.26.164 - - [17/Feb/2008:22:07:30 +0100] "GET /games/virtualcop/virtualcop.html HTTP/1.0" 200 4487 "-" "Mozilla/5.0 (compatible; Yahoo! Slurp; http://help.yahoo.com/help/us/ysearch/slurp)"
24.143.26.136 - - [17/Feb/2008:22:10:10 +0100] "GET /montenegro/slike/plakat.jpg HTTP/1.1" 302 379 "http://www.vnatrc.net/YAST/index_html" "Mozilla/4.0 (compatible; MSIE 6.0; Windows NT 5.1; SV1; .NET CLR 1.1.4322)"
24.143.26.136 - - [17/Feb/2008:22:10:11 +0100] "GET /zampa/montenegro/slike/plakat.jpg HTTP/1.1" 304 - "http://www.vnatrc.net/YAST/index_html" "Mozilla/4.0 (compatible; MSIE 6.0; Windows NT 5.1; SV1; .NET CLR 1.1.4322)"
24.143.26.136 - - [17/Feb/2008:22:18:23 +0100] "GET /montenegro/slike/plakat.jpg HTTP/1.1" 302 379 "http://www.vnatrc.net/YAST/index_html" "Mozilla/4.0 (compatible; MSIE 6.0; Windows NT 5.1; SV1; .NET CLR 1.1.4322)"
24.143.26.136 - - [17/Feb/2008:22:18:23 +0100] "GET /zampa/montenegro/slike/plakat.jpg HTTP/1.1" 304 - "http://www.vnatrc.net/YAST/index_html" "Mozilla/4.0 (compatible; MSIE 6.0; Windows NT 5.1; SV1; .NET CLR 1.1.4322)"
72.30.216.100 - - [17/Feb/2008:22:18:28 +0100] "GET /framez-rez.html HTTP/1.0" 200 4323 "-" "Mozilla/5.0 (compatible; Yahoo! Slurp; http://help.yahoo.com/help/us/ysearch/slurp)"
72.30.216.100 - - [17/Feb/2008:22:18:29 +0100] "GET /frame-menu.html HTTP/1.0" 200 10763 "-" "Mozilla/5.0 (compatible; Yahoo! Slurp; http://help.yahoo.com/help/us/ysearch/slurp)"
72.30.216.100 - - [17/Feb/2008:22:18:30 +0100] "GET /f-rez.html HTTP/1.0" 200 9765 "-" "Mozilla/5.0 (compatible; Yahoo! Slurp; http://help.yahoo.com/help/us/ysearch/slurp)"
72.30.216.100 - - [17/Feb/2008:22:18:30 +0100] "GET /frame-unten.html HTTP/1.0" 200 5557 "-" "Mozilla/5.0 (compatible; Yahoo! Slurp; http://help.yahoo.com/help/us/ysearch/slurp)"
65.55.209.102 - - [17/Feb/2008:22:25:03 +0100] "GET /robots.txt HTTP/1.1" 200 64 "-" "msnbot/1.0 (+http://search.msn.com/msnbot.htm)"
65.55.209.102 - - [17/Feb/2008:22:25:03 +0100] "GET /zampa/wonderland/index.html HTTP/1.1" 200 2084 "-" "msnbot/1.0 (+http://search.msn.com/msnbot.htm)"
82.237.212.168 - - [17/Feb/2008:22:27:55 +0100] "GET http://various-euro.com/data.php?g=ls -la HTTP/1.0" 404 2748 "http://various-euro.com/data.php?g=ls -la" "Mozilla/4.0 (compatible; MSIE 6.0; Windows NT 5.1)"
82.237.212.168 - - [17/Feb/2008:22:27:55 +0100] "POST http://various-euro.com/cgi-bin/env.cgi HTTP/1.0" 404 1257 "http://various-euro.com/cgi-bin/env.cgi" "Mozilla/4.0 (compatible; MSIE 6.0; Windows NT 5.1)"
24.143.26.136 - - [17/Feb/2008:22:30:29 +0100] "GET /montenegro/slike/plakat.jpg HTTP/1.1" 302 379 "http://www.vnatrc.net/YAST/index_html" "Mozilla/4.0 (compatible; MSIE 6.0; Windows NT 5.1; SV1; .NET CLR 1.1.4322)"
24.143.26.136 - - [17/Feb/2008:22:30:29 +0100] "GET /zampa/montenegro/slike/plakat.jpg HTTP/1.1" 304 - "http://www.vnatrc.net/YAST/index_html" "Mozilla/4.0 (compatible; MSIE 6.0; Windows NT 5.1; SV1; .NET CLR 1.1.4322)"
24.143.26.136 - - [17/Feb/2008:22:31:25 +0100] "GET /montenegro/slike/plakat.jpg HTTP/1.1" 302 379 "http://www.vnatrc.net/YAST/index_html" "Mozilla/4.0 (compatible; MSIE 6.0; Windows NT 5.1; SV1; .NET CLR 1.1.4322)"
24.143.26.136 - - [17/Feb/2008:22:31:26 +0100] "GET /zampa/montenegro/slike/plakat.jpg HTTP/1.1" 304 - "http://www.vnatrc.net/YAST/index_html" "Mozilla/4.0 (compatible; MSIE 6.0; Windows NT 5.1; SV1; .NET CLR 1.1.4322)"
24.143.26.136 - - [17/Feb/2008:22:31:32 +0100] "GET /montenegro/slike/plakat.jpg HTTP/1.1" 302 379 "http://www.vnatrc.net/YAST/index_html" "Mozilla/4.0 (compatible; MSIE 6.0; Windows NT 5.1; SV1; .NET CLR 1.1.4322)"
24.143.26.136 - - [17/Feb/2008:22:31:32 +0100] "GET /zampa/montenegro/slike/plakat.jpg HTTP/1.1" 304 - "http://www.vnatrc.net/YAST/index_html" "Mozilla/4.0 (compatible; MSIE 6.0; Windows NT 5.1; SV1; .NET CLR 1.1.4322)"
74.6.23.217 - - [17/Feb/2008:22:47:51 +0100] "GET /logs/usage_200709.html HTTP/1.0" 200 110974 "-" "Mozilla/5.0 (compatible; Yahoo! Slurp; http://help.yahoo.com/help/us/ysearch/slurp)"
89.216.154.239 - - [17/Feb/2008:23:28:40 +0100] "GET / HTTP/1.0" 302 352 "http://beatezurwehme.blogya.de/beatezurwehme/39855/Lela+Vujani&%23263%3B+%FCber+Zampa+di+Leone.html" "Mozilla/5.0 (Windows; U; Windows NT 5.1; en-US; rv:1.8.1.11) Gecko/20071127 Firefox/2.0.0.11"
89.216.154.239 - - [17/Feb/2008:23:28:40 +0100] "GET /zampa/ HTTP/1.0" 200 7153 "http://beatezurwehme.blogya.de/beatezurwehme/39855/Lela+Vujani&%23263%3B+%FCber+Zampa+di+Leone.html" "Mozilla/5.0 (Windows; U; Windows NT 5.1; en-US; rv:1.8.1.11) Gecko/20071127 Firefox/2.0.0.11"
89.216.154.239 - - [17/Feb/2008:23:28:41 +0100] "GET /zampa/slike/zampa.gif HTTP/1.0" 200 5310 "http://www.various-euro.com/zampa/" "Mozilla/5.0 (Windows; U; Windows NT 5.1; en-US; rv:1.8.1.11) Gecko/20071127 Firefox/2.0.0.11"
89.216.154.239 - - [17/Feb/2008:23:28:41 +0100] "GET /zampa/slike/udupetu.gif HTTP/1.0" 200 4138 "http://www.various-euro.com/zampa/" "Mozilla/5.0 (Windows; U; Windows NT 5.1; en-US; rv:1.8.1.11) Gecko/20071127 Firefox/2.0.0.11"
89.216.154.239 - - [17/Feb/2008:23:28:41 +0100] "GET /zampa/slike/inthearse.gif HTTP/1.0" 200 4077 "http://www.various-euro.com/zampa/" "Mozilla/5.0 (Windows; U; Windows NT 5.1; en-US; rv:1.8.1.11) Gecko/20071127 Firefox/2.0.0.11"
89.216.154.239 - - [17/Feb/2008:23:28:41 +0100] "GET /favicon.ico HTTP/1.0" 404 2748 "-" "Mozilla/5.0 (Windows; U; Windows NT 5.1; en-US; rv:1.8.1.11) Gecko/20071127 Firefox/2.0.0.11"
89.216.154.239 - - [17/Feb/2008:23:30:15 +0100] "GET /favicon.ico HTTP/1.0" 404 2748 "-" "Mozilla/5.0 (Windows; U; Windows NT 5.1; en-US; rv:1.8.1.11) Gecko/20071127 Firefox/2.0.0.11"
89.216.154.239 - - [17/Feb/2008:23:31:01 +0100] "GET /zampa/slike/E1TITEL.GIF HTTP/1.0" 200 16284 "http://www.various-euro.com/zampa/" "Mozilla/5.0 (Windows; U; Windows NT 5.1; en-US; rv:1.8.1.11) Gecko/20071127 Firefox/2.0.0.11"
89.216.154.239 - - [17/Feb/2008:23:31:09 +0100] "GET /favicon.ico HTTP/1.0" 404 2748 "-" "Mozilla/5.0 (Windows; U; Windows NT 5.1; en-US; rv:1.8.1.11) Gecko/20071127 Firefox/2.0.0.11"
89.216.154.239 - - [17/Feb/2008:23:31:10 +0100] "GET /zampa/slike/E2COPY.GIF HTTP/1.0" 200 10416 "http://www.various-euro.com/zampa/" "Mozilla/5.0 (Windows; U; Windows NT 5.1; en-US; rv:1.8.1.11) Gecko/20071127 Firefox/2.0.0.11"
89.216.154.239 - - [17/Feb/2008:23:31:31 +0100] "GET /favicon.ico HTTP/1.0" 404 2748 "-" "Mozilla/5.0 (Windows; U; Windows NT 5.1; en-US; rv:1.8.1.11) Gecko/20071127 Firefox/2.0.0.11"
89.216.154.239 - - [17/Feb/2008:23:31:37 +0100] "GET /zampa/slike/E3VAMPIR.GIF HTTP/1.0" 200 52553 "http://www.various-euro.com/zampa/" "Mozilla/5.0 (Windows; U; Windows NT 5.1; en-US; rv:1.8.1.11) Gecko/20071127 Firefox/2.0.0.11"
66.249.67.80 - - [17/Feb/2008:23:33:04 +0100] "GET /neon/code.html HTTP/1.1" 200 1109 "-" "Mozilla/5.0 (compatible; Googlebot/2.1; +http://www.google.com/bot.html)"
89.216.154.239 - - [17/Feb/2008:23:33:27 +0100] "GET /favicon.ico HTTP/1.0" 404 2748 "-" "Mozilla/5.0 (Windows; U; Windows NT 5.1; en-US; rv:1.8.1.11) Gecko/20071127 Firefox/2.0.0.11"
89.216.154.239 - - [17/Feb/2008:23:33:28 +0100] "GET /zampa/slike/E4IRWIN.GIF HTTP/1.0" 200 53174 "http://www.various-euro.com/zampa/" "Mozilla/5.0 (Windows; U; Windows NT 5.1; en-US; rv:1.8.1.11) Gecko/20071127 Firefox/2.0.0.11"
89.216.154.239 - - [17/Feb/2008:23:34:46 +0100] "GET /favicon.ico HTTP/1.0" 404 2748 "-" "Mozilla/5.0 (Windows; U; Windows NT 5.1; en-US; rv:1.8.1.11) Gecko/20071127 Firefox/2.0.0.11"
89.216.154.239 - - [17/Feb/2008:23:34:48 +0100] "GET /zampa/slike/E5UROSTO.GIF HTTP/1.0" 200 42690 "http://www.various-euro.com/zampa/" "Mozilla/5.0 (Windows; U; Windows NT 5.1; en-US; rv:1.8.1.11) Gecko/20071127 Firefox/2.0.0.11"
74.6.22.18 - - [17/Feb/2008:23:34:55 +0100] "GET /f-net.html HTTP/1.0" 200 9913 "-" "Mozilla/5.0 (compatible; Yahoo! Slurp; http://help.yahoo.com/help/us/ysearch/slurp)"
89.216.154.239 - - [17/Feb/2008:23:35:38 +0100] "GET /favicon.ico HTTP/1.0" 404 2748 "-" "Mozilla/5.0 (Windows; U; Windows NT 5.1; en-US; rv:1.8.1.11) Gecko/20071127 Firefox/2.0.0.11"
89.216.154.239 - - [17/Feb/2008:23:35:40 +0100] "GET /zampa/slike/E6BIENNI.GIF HTTP/1.0" 200 33736 "http://www.various-euro.com/zampa/" "Mozilla/5.0 (Windows; U; Windows NT 5.1; en-US; rv:1.8.1.11) Gecko/20071127 Firefox/2.0.0.11"
74.6.22.28 - - [17/Feb/2008:23:36:05 +0100] "GET /zampa/montenegro/BATAW.html HTTP/1.0" 200 860 "-" "Mozilla/5.0 (compatible; Yahoo! Slurp; http://help.yahoo.com/help/us/ysearch/slurp)"
89.216.154.239 - - [17/Feb/2008:23:36:19 +0100] "GET /favicon.ico HTTP/1.0" 404 2748 "-" "Mozilla/5.0 (Windows; U; Windows NT 5.1; en-US; rv:1.8.1.11) Gecko/20071127 Firefox/2.0.0.11"
89.216.154.239 - - [17/Feb/2008:23:36:21 +0100] "GET /zampa/slike/E7MEDIAA.GIF HTTP/1.0" 200 44716 "http://www.various-euro.com/zampa/" "Mozilla/5.0 (Windows; U; Windows NT 5.1; en-US; rv:1.8.1.11) Gecko/20071127 Firefox/2.0.0.11"
89.216.154.239 - - [17/Feb/2008:23:37:22 +0100] "GET /favicon.ico HTTP/1.0" 404 2748 "-" "Mozilla/5.0 (Windows; U; Windows NT 5.1; en-US; rv:1.8.1.11) Gecko/20071127 Firefox/2.0.0.11"
89.216.154.239 - - [17/Feb/2008:23:37:24 +0100] "GET /zampa/slike/E8CURATO.GIF HTTP/1.0" 200 15386 "http://www.various-euro.com/zampa/" "Mozilla/5.0 (Windows; U; Windows NT 5.1; en-US; rv:1.8.1.11) Gecko/20071127 Firefox/2.0.0.11"
89.216.154.239 - - [17/Feb/2008:23:37:41 +0100] "GET /favicon.ico HTTP/1.0" 404 2748 "-" "Mozilla/5.0 (Windows; U; Windows NT 5.1; en-US; rv:1.8.1.11) Gecko/20071127 Firefox/2.0.0.11"
74.6.24.122 - - [17/Feb/2008:23:42:30 +0100] "GET /neon/code.html HTTP/1.0" 200 1109 "-" "Mozilla/5.0 (compatible; Yahoo! Slurp; http://help.yahoo.com/help/us/ysearch/slurp)"
66.249.67.80 - - [17/Feb/2008:23:51:33 +0100] "GET /zampa-lovers/ HTTP/1.1" 200 37790 "-" "Mozilla/5.0 (compatible; Googlebot/2.1; +http://www.google.com/bot.html)"
74.6.26.22 - - [18/Feb/2008:00:10:11 +0100] "GET /zampa/wonderland/index.html HTTP/1.0" 200 2084 "-" "Mozilla/5.0 (compatible; Yahoo! Slurp; http://help.yahoo.com/help/us/ysearch/slurp)"
74.6.7.140 - - [18/Feb/2008:01:01:16 +0100] "GET /your_tour.html HTTP/1.0" 200 29760 "-" "Mozilla/5.0 (compatible; Yahoo! Slurp; http://help.yahoo.com/help/us/ysearch/slurp)"
66.249.67.80 - - [18/Feb/2008:01:17:08 +0100] "GET /DgH/watch/ HTTP/1.1" 200 2028 "-" "Mozilla/5.0 (compatible; Googlebot/2.1; +http://www.google.com/bot.html)"
74.6.22.151 - - [18/Feb/2008:02:04:12 +0100] "GET /robots.txt HTTP/1.0" 200 64 "-" "Mozilla/5.0 (compatible; Yahoo! Slurp; http://help.yahoo.com/help/us/ysearch/slurp)"
74.6.22.151 - - [18/Feb/2008:02:04:12 +0100] "GET /f-sponsor.html HTTP/1.0" 200 8578 "-" "Mozilla/5.0 (compatible; Yahoo! Slurp; http://help.yahoo.com/help/us/ysearch/slurp)"
67.195.44.110 - - [18/Feb/2008:02:14:47 +0100] "GET /robots.txt HTTP/1.0" 200 64 "-" "Mozilla/5.0 (compatible; Yahoo! Slurp; http://help.yahoo.com/help/us/ysearch/slurp)"
67.195.44.85 - - [18/Feb/2008:02:14:48 +0100] "GET /framez-rez.html HTTP/1.0" 200 4323 "-" "Mozilla/5.0 (compatible; Yahoo! Slurp; http://help.yahoo.com/help/us/ysearch/slurp)"
67.195.44.85 - - [18/Feb/2008:02:14:49 +0100] "GET /frame-menu.html HTTP/1.0" 200 10763 "-" "Mozilla/5.0 (compatible; Yahoo! Slurp; http://help.yahoo.com/help/us/ysearch/slurp)"
67.195.44.85 - - [18/Feb/2008:02:14:49 +0100] "GET /f-rez.html HTTP/1.0" 200 9765 "-" "Mozilla/5.0 (compatible; Yahoo! Slurp; http://help.yahoo.com/help/us/ysearch/slurp)"
67.195.44.85 - - [18/Feb/2008:02:14:50 +0100] "GET /frame-unten.html HTTP/1.0" 200 5557 "-" "Mozilla/5.0 (compatible; Yahoo! Slurp; http://help.yahoo.com/help/us/ysearch/slurp)"
66.249.67.80 - - [18/Feb/2008:02:43:17 +0100] "GET /3dsf3/sendi/index.html HTTP/1.1" 200 1837 "-" "Mozilla/5.0 (compatible; Googlebot/2.1; +http://www.google.com/bot.html)"
65.55.209.97 - - [18/Feb/2008:02:57:32 +0100] "GET /robots.txt HTTP/1.1" 200 64 "-" "msnbot/1.0 (+http://search.msn.com/msnbot.htm)"
65.55.209.97 - - [18/Feb/2008:02:57:33 +0100] "GET /zampa-lovers/ HTTP/1.1" 200 37790 "-" "msnbot/1.0 (+http://search.msn.com/msnbot.htm)"
74.6.22.209 - - [18/Feb/2008:02:58:09 +0100] "GET /logs/usage_200711.html HTTP/1.0" 200 109628 "-" "Mozilla/5.0 (compatible; Yahoo! Slurp; http://help.yahoo.com/help/us/ysearch/slurp)"
74.6.23.225 - - [18/Feb/2008:02:58:43 +0100] "GET /logs/usage_200704.html HTTP/1.0" 200 108835 "-" "Mozilla/5.0 (compatible; Yahoo! Slurp; http://help.yahoo.com/help/us/ysearch/slurp)"
65.55.165.84 - - [18/Feb/2008:02:58:59 +0100] "GET /zampa-lovers/ HTTP/1.0" 200 37790 "http://search.live.com/results.aspx?q=zampa&mrt=en-us&FORM=LIVSOP" "Mozilla/4.0 (compatible; MSIE 7.0; Windows NT 5.2; .NET CLR 1.1.4322)"
65.55.165.84 - - [18/Feb/2008:02:59:00 +0100] "GET /zampa-lovers/ZAMPAMA2.MPG HTTP/1.0" 200 63492 "-" "Windows-Media-Player/10.00.00.3998"
65.55.165.84 - - [18/Feb/2008:02:59:00 +0100] "GET /zampa-lovers/WASISTMI1.MPG HTTP/1.0" 200 271221 "-" "Windows-Media-Player/10.00.00.3998"
65.55.165.84 - - [18/Feb/2008:02:59:00 +0100] "GET /zampa-lovers/ZAMPAMAS.MPG HTTP/1.0" 200 520196 "-" "Windows-Media-Player/10.00.00.3998"
65.55.165.84 - - [18/Feb/2008:02:59:00 +0100] "GET /framez-zampa-lovers.html HTTP/1.0" 200 4322 "-" "Mozilla/4.0 (compatible; MSIE 7.0; Windows NT 5.2; .NET CLR 1.1.4322)"
65.55.165.84 - - [18/Feb/2008:02:59:00 +0100] "GET /zampa-lovers/ZAMPAMA2.MPG HTTP/1.0" 206 60915 "-" "Mozilla/4.0 (compatible; MSIE 7.0; Windows NT 5.2; .NET CLR 1.1.4322)"
65.55.165.84 - - [18/Feb/2008:02:59:01 +0100] "GET /zampa-lovers/WASISTMI1.MPG HTTP/1.0" 206 268646 "-" "Mozilla/4.0 (compatible; MSIE 7.0; Windows NT 5.2; .NET CLR 1.1.4322)"
65.55.165.84 - - [18/Feb/2008:02:59:01 +0100] "GET /zampa-lovers/ZAMPAMAS.MPG HTTP/1.0" 206 517621 "-" "Mozilla/4.0 (compatible; MSIE 7.0; Windows NT 5.2; .NET CLR 1.1.4322)"
65.55.165.84 - - [18/Feb/2008:02:59:01 +0100] "GET /frame-menu.html HTTP/1.0" 200 10763 "http://www.various-euro.com/framez-zampa-lovers.html" "Mozilla/4.0 (compatible; MSIE 7.0; Windows NT 5.2; .NET CLR 1.1.4322)"
65.55.165.84 - - [18/Feb/2008:02:59:02 +0100] "GET /frame-unten.html HTTP/1.0" 200 5557 "http://www.various-euro.com/framez-zampa-lovers.html" "Mozilla/4.0 (compatible; MSIE 7.0; Windows NT 5.2; .NET CLR 1.1.4322)"
65.55.165.84 - - [18/Feb/2008:02:59:02 +0100] "GET /zampa-lovers/index.html HTTP/1.0" 200 37790 "http://www.various-euro.com/framez-zampa-lovers.html" "Mozilla/4.0 (compatible; MSIE 7.0; Windows NT 5.2; .NET CLR 1.1.4322)"
65.55.165.84 - - [18/Feb/2008:02:59:02 +0100] "GET /zampa-lovers/ZAMPAMA2.MPG HTTP/1.0" 304 - "-" "Windows-Media-Player/10.00.00.3998"
65.55.165.84 - - [18/Feb/2008:02:59:02 +0100] "GET /zampa-lovers/WASISTMI1.MPG HTTP/1.0" 304 - "-" "Windows-Media-Player/10.00.00.3998"
65.55.165.84 - - [18/Feb/2008:02:59:02 +0100] "GET /zampa-lovers/ZAMPAMA2.MPG HTTP/1.0" 304 - "-" "Mozilla/4.0 (compatible; MSIE 7.0; Windows NT 5.2; .NET CLR 1.1.4322)"
65.55.165.84 - - [18/Feb/2008:02:59:02 +0100] "GET /zampa-lovers/ZAMPAMAS.MPG HTTP/1.0" 206 453779 "-" "Windows-Media-Player/10.00.00.3998"
65.55.165.84 - - [18/Feb/2008:02:59:03 +0100] "GET /zampa-lovers/WASISTMI1.MPG HTTP/1.0" 304 - "-" "Mozilla/4.0 (compatible; MSIE 7.0; Windows NT 5.2; .NET CLR 1.1.4322)"
65.55.165.84 - - [18/Feb/2008:02:59:03 +0100] "GET /zampa-lovers/ZAMPAMA2.MPG HTTP/1.0" 304 - "-" "Mozilla/4.0 (compatible; MSIE 7.0; Windows NT 5.2; .NET CLR 1.1.4322)"
65.55.165.84 - - [18/Feb/2008:02:59:02 +0100] "GET /zampa-lovers/ZAMPAMAS.MPG HTTP/1.0" 206 451259 "-" "Mozilla/4.0 (compatible; MSIE 7.0; Windows NT 5.2; .NET CLR 1.1.4322)"
65.55.165.84 - - [18/Feb/2008:02:59:03 +0100] "GET /zampa-lovers/ZAMPAMAS.MPG HTTP/1.0" 200 520196 "-" "Mozilla/4.0 (compatible; MSIE 7.0; Windows NT 5.2; .NET CLR 1.1.4322)"
65.55.165.84 - - [18/Feb/2008:02:59:06 +0100] "GET /zampa-lovers/WASISTMI1.MPG HTTP/1.0" 304 - "-" "Mozilla/4.0 (compatible; MSIE 7.0; Windows NT 5.2; .NET CLR 1.1.4322)"
189.31.98.144 - - [18/Feb/2008:03:37:48 +0100] "GET /f-sponsor.html HTTP/1.1" 200 8578 "-" "Mozilla/4.0 (compatible; MSIE 6.0; Windows NT 5.0)"
65.55.212.216 - - [18/Feb/2008:03:38:06 +0100] "GET /robots.txt HTTP/1.0" 200 64 "-" "msnbot-media/1.0 (+http://search.msn.com/msnbot.htm)"
65.55.212.216 - - [18/Feb/2008:03:38:06 +0100] "GET / HTTP/1.0" 200 10335 "-" "msnbot-media/1.0 (+http://search.msn.com/msnbot.htm)"
74.6.23.109 - - [18/Feb/2008:03:47:44 +0100] "GET /robots.txt HTTP/1.0" 200 64 "-" "Mozilla/5.0 (compatible; Yahoo! Slurp; http://help.yahoo.com/help/us/ysearch/slurp)"
74.6.25.19 - - [18/Feb/2008:03:47:44 +0100] "GET /restate_copy.html HTTP/1.0" 200 97631 "-" "Mozilla/5.0 (compatible; Yahoo! Slurp; http://help.yahoo.com/help/us/ysearch/slurp)"
74.6.24.162 - - [18/Feb/2008:03:55:07 +0100] "GET /zampa HTTP/1.0" 301 374 "-" "Mozilla/5.0 (compatible; Yahoo! Slurp; http://help.yahoo.com/help/us/ysearch/slurp)"
