125.34.147.57 - - [16/Feb/2008:00:55:51 +0100] "GET /f-warez.html HTTP/1.1" 200 10953 "-" "Java/1.5.0_11"
125.34.147.57 - - [16/Feb/2008:00:55:55 +0100] "GET /f-web.html HTTP/1.1" 200 13605 "-" "Java/1.5.0_11"
125.34.147.57 - - [16/Feb/2008:00:55:58 +0100] "GET /f-world.html HTTP/1.1" 200 35590 "-" "Java/1.5.0_11"
125.34.147.57 - - [16/Feb/2008:00:56:04 +0100] "GET /f-zeug.html HTTP/1.1" 200 45338 "-" "Java/1.5.0_11"
125.34.147.57 - - [16/Feb/2008:00:56:24 +0100] "GET /sendi_agent.html HTTP/1.1" 200 6213 "-" "Java/1.5.0_11"
125.34.147.57 - - [16/Feb/2008:00:56:13 +0100] "GET /restate_copy.html HTTP/1.1" 200 65291 "-" "Java/1.5.0_11"
125.34.147.57 - - [16/Feb/2008:00:56:26 +0100] "GET /your_tour.html HTTP/1.1" 200 31664 "-" "Java/1.5.0_11"
125.34.147.57 - - [16/Feb/2008:00:56:38 +0100] "GET /framez-pgb.html HTTP/1.1" 200 4336 "-" "Java/1.5.0_11"
125.34.147.57 - - [16/Feb/2008:00:56:38 +0100] "GET /framez-actions.html HTTP/1.1" 200 4322 "-" "Java/1.5.0_11"
65.214.45.123 - - [16/Feb/2008:00:56:39 +0100] "GET /robots.txt HTTP/1.0" 200 64 "-" "Mozilla/5.0 (compatible; Ask Jeeves/Teoma; +http://about.ask.com/en/docs/about/webmasters.shtml)"
125.34.147.57 - - [16/Feb/2008:00:56:39 +0100] "GET /framez-contact.html HTTP/1.1" 200 4325 "-" "Java/1.5.0_11"
65.214.45.123 - - [16/Feb/2008:00:56:39 +0100] "GET /neon/girlz3.html HTTP/1.0" 200 2479 "-" "Mozilla/5.0 (compatible; Ask Jeeves/Teoma; +http://about.ask.com/en/docs/about/webmasters.shtml)"
125.34.147.57 - - [16/Feb/2008:00:56:42 +0100] "GET /framez-dbrau.html HTTP/1.1" 200 4313 "-" "Java/1.5.0_11"
125.34.147.57 - - [16/Feb/2008:00:56:43 +0100] "GET /framez-euro.html HTTP/1.1" 200 4319 "-" "Java/1.5.0_11"
125.34.147.57 - - [16/Feb/2008:00:56:45 +0100] "GET /framez-net.html HTTP/1.1" 200 4319 "-" "Java/1.5.0_11"
125.34.147.57 - - [16/Feb/2008:00:56:46 +0100] "GET /'+veURL+advisories[i].name+' HTTP/1.1" 404 2748 "-" "Java/1.5.0_11"
125.34.147.57 - - [16/Feb/2008:00:56:47 +0100] "GET /.htm HTTP/1.1" 403 1223 "-" "Java/1.5.0_11"
125.34.147.57 - - [16/Feb/2008:00:56:48 +0100] "GET /framez-rez.html HTTP/1.1" 200 4323 "-" "Java/1.5.0_11"
125.34.147.57 - - [16/Feb/2008:00:56:49 +0100] "GET /framez-search.html HTTP/1.1" 200 4326 "-" "Java/1.5.0_11"
125.34.147.57 - - [16/Feb/2008:00:56:50 +0100] "GET /framez-sponsor.html HTTP/1.1" 200 4325 "-" "Java/1.5.0_11"
125.34.147.57 - - [16/Feb/2008:00:56:51 +0100] "GET /framez-warez.html HTTP/1.1" 200 4322 "-" "Java/1.5.0_11"
125.34.147.57 - - [16/Feb/2008:00:56:54 +0100] "GET /framez-web.html HTTP/1.1" 200 4322 "-" "Java/1.5.0_11"
125.34.147.57 - - [16/Feb/2008:00:56:55 +0100] "GET /framez-world.html HTTP/1.1" 200 4325 "-" "Java/1.5.0_11"
125.34.147.57 - - [16/Feb/2008:00:56:55 +0100] "GET /arial2.html HTTP/1.1" 404 2748 "-" "Java/1.5.0_11"
125.34.147.57 - - [16/Feb/2008:00:56:57 +0100] "GET /framez-zeug.html HTTP/1.1" 200 4311 "-" "Java/1.5.0_11"
125.34.147.57 - - [16/Feb/2008:00:56:58 +0100] "GET /framez-restate.html HTTP/1.1" 200 4328 "-" "Java/1.5.0_11"
125.34.147.57 - - [16/Feb/2008:00:57:01 +0100] "GET /menueleiste.js HTTP/1.1" 404 2748 "-" "Java/1.5.0_11"
125.34.147.57 - - [16/Feb/2008:00:57:02 +0100] "GET /bannerz/ubu-shot.png HTTP/1.1" 200 200117 "-" "Java/1.5.0_11"
125.34.147.57 - - [16/Feb/2008:00:57:13 +0100] "GET /bmpp/euro_pal_1.html HTTP/1.1" 200 18252 "-" "Java/1.5.0_11"
190.172.175.243 - - [16/Feb/2008:01:37:19 +0100] "GET /cgi-bin/awstats.pl HTTP/1.1" 404 2748 "http://various-euro.com/cgi-bin/awstats.pl" "Mozilla/4.0 (compatible; MSIE 6.0; Windows NT 5.1)"
74.6.22.171 - - [16/Feb/2008:02:22:16 +0100] "GET /partnergegenberlin.html HTTP/1.0" 200 5022 "-" "Mozilla/5.0 (compatible; Yahoo! Slurp; http://help.yahoo.com/help/us/ysearch/slurp)"
74.6.18.201 - - [16/Feb/2008:02:34:01 +0100] "GET /games/virtualcop/virtualcop.html HTTP/1.0" 200 4487 "-" "Mozilla/5.0 (compatible; Yahoo! Slurp; http://help.yahoo.com/help/us/ysearch/slurp)"
64.34.145.199 - - [16/Feb/2008:02:41:51 +0100] "GET /robots.txt HTTP/1.0" 200 64 "-" "SBIder/SBIder-0.8.2-dev (http://www.sitesell.com/sbider.html)"
64.34.145.199 - - [16/Feb/2008:02:41:52 +0100] "GET /logs/usage_200512.html HTTP/1.0" 200 109566 "-" "SBIder/SBIder-0.8.2-dev (http://www.sitesell.com/sbider.html)"
190.172.175.243 - - [16/Feb/2008:03:10:58 +0100] "GET /cgi-bin/awstats/awstats.pl HTTP/1.1" 404 2748 "http://various-euro.com/cgi-bin/awstats/awstats.pl" "Mozilla/4.0 (compatible; MSIE 6.0; Windows NT 5.1)"
66.249.67.80 - - [16/Feb/2008:03:18:25 +0100] "GET /robots.txt HTTP/1.1" 200 64 "-" "Mozilla/5.0 (compatible; Googlebot/2.1; +http://www.google.com/bot.html)"
64.34.145.196 - - [16/Feb/2008:03:29:18 +0100] "GET /robots.txt HTTP/1.0" 200 64 "-" "SBIder/SBIder-0.8.2-dev (http://www.sitesell.com/sbider.html)"
64.34.145.196 - - [16/Feb/2008:03:29:19 +0100] "GET /logs/usage_200512.html HTTP/1.0" 200 109566 "-" "SBIder/SBIder-0.8.2-dev (http://www.sitesell.com/sbider.html)"
65.55.209.104 - - [16/Feb/2008:03:44:15 +0100] "GET /robots.txt HTTP/1.1" 200 64 "-" "msnbot/1.0 (+http://search.msn.com/msnbot.htm)"
65.55.209.104 - - [16/Feb/2008:03:44:15 +0100] "GET /bmpp/euro_pal_111.html HTTP/1.1" 200 2129 "-" "msnbot/1.0 (+http://search.msn.com/msnbot.htm)"
123.114.227.239 - - [16/Feb/2008:04:00:21 +0100] "GET / HTTP/1.1" 200 10335 "-" "Java/1.5.0_11"
123.114.227.239 - - [16/Feb/2008:04:00:24 +0100] "GET /framez.html HTTP/1.1" 200 4130 "-" "Java/1.5.0_11"
123.114.227.239 - - [16/Feb/2008:04:00:27 +0100] "GET /framez_0.html HTTP/1.1" 200 12411 "-" "Java/1.5.0_11"
123.114.227.239 - - [16/Feb/2008:04:00:33 +0100] "GET /menue.html HTTP/1.1" 404 2748 "-" "Java/1.5.0_11"
123.114.227.239 - - [16/Feb/2008:04:00:42 +0100] "GET /frame-inhalt.html HTTP/1.1" 200 6025 "-" "Java/1.5.0_11"
123.114.227.239 - - [16/Feb/2008:04:00:45 +0100] "GET /frame-menu.html HTTP/1.1" 200 10763 "-" "Java/1.5.0_11"
123.114.227.239 - - [16/Feb/2008:04:00:47 +0100] "GET /frame-unten.html HTTP/1.1" 200 5557 "-" "Java/1.5.0_11"
123.114.227.239 - - [16/Feb/2008:04:00:56 +0100] "GET /f-maintitle.html HTTP/1.1" 200 5030 "-" "Java/1.5.0_11"
123.114.227.239 - - [16/Feb/2008:04:00:57 +0100] "GET /partnergegenberlin.html HTTP/1.1" 200 5022 "-" "Java/1.5.0_11"
123.114.227.239 - - [16/Feb/2008:04:00:59 +0100] "GET /f-actions.html HTTP/1.1" 200 10429 "-" "Java/1.5.0_11"
123.114.227.239 - - [16/Feb/2008:04:01:06 +0100] "GET /f-bannnerz.html HTTP/1.1" 200 12651 "-" "Java/1.5.0_11"
123.114.227.239 - - [16/Feb/2008:04:01:11 +0100] "GET /f-channel1.html HTTP/1.1" 200 5713 "-" "Java/1.5.0_11"
123.114.227.239 - - [16/Feb/2008:04:01:17 +0100] "GET /f-contact.html HTTP/1.1" 200 6804 "-" "Java/1.5.0_11"
123.114.227.239 - - [16/Feb/2008:04:01:20 +0100] "GET /f-doku-brau.html HTTP/1.1" 200 7152 "-" "Java/1.5.0_11"
123.114.227.239 - - [16/Feb/2008:04:01:23 +0100] "GET /f-euro.html HTTP/1.1" 200 12203 "-" "Java/1.5.0_11"
123.114.227.239 - - [16/Feb/2008:04:01:33 +0100] "GET /f-horrorkatze.html HTTP/1.1" 200 7865 "-" "Java/1.5.0_11"
123.114.227.239 - - [16/Feb/2008:04:01:36 +0100] "GET /f-net.html HTTP/1.1" 200 9913 "-" "Java/1.5.0_11"
123.114.227.239 - - [16/Feb/2008:04:01:40 +0100] "GET /f-other.html HTTP/1.1" 200 33189 "-" "Java/1.5.0_11"
123.114.227.239 - - [16/Feb/2008:04:01:47 +0100] "GET /f-rez.html HTTP/1.1" 200 9765 "-" "Java/1.5.0_11"
123.114.227.239 - - [16/Feb/2008:04:01:50 +0100] "GET /f-search.html HTTP/1.1" 200 10850 "-" "Java/1.5.0_11"
123.114.227.239 - - [16/Feb/2008:04:01:54 +0100] "GET /f-sponsor.html HTTP/1.1" 200 8578 "-" "Java/1.5.0_11"
123.114.227.239 - - [16/Feb/2008:04:01:56 +0100] "GET /f-warez.html HTTP/1.1" 200 10953 "-" "Java/1.5.0_11"
123.114.227.239 - - [16/Feb/2008:04:02:00 +0100] "GET /f-web.html HTTP/1.1" 200 13605 "-" "Java/1.5.0_11"
123.114.227.239 - - [16/Feb/2008:04:02:02 +0100] "GET /f-world.html HTTP/1.1" 200 35590 "-" "Java/1.5.0_11"
123.114.227.239 - - [16/Feb/2008:04:02:11 +0100] "GET /f-zeug.html HTTP/1.1" 200 45338 "-" "Java/1.5.0_11"
123.114.227.239 - - [16/Feb/2008:04:02:33 +0100] "GET /sendi_agent.html HTTP/1.1" 200 6213 "-" "Java/1.5.0_11"
123.114.227.239 - - [16/Feb/2008:04:02:22 +0100] "GET /restate_copy.html HTTP/1.1" 200 48896 "-" "Java/1.5.0_11"
123.114.227.239 - - [16/Feb/2008:04:02:36 +0100] "GET /your_tour.html HTTP/1.1" 200 31668 "-" "Java/1.5.0_11"
123.114.227.239 - - [16/Feb/2008:04:02:48 +0100] "GET /framez-pgb.html HTTP/1.1" 200 4336 "-" "Java/1.5.0_11"
123.114.227.239 - - [16/Feb/2008:04:02:49 +0100] "GET /framez-actions.html HTTP/1.1" 200 4322 "-" "Java/1.5.0_11"
123.114.227.239 - - [16/Feb/2008:04:02:50 +0100] "GET /framez-contact.html HTTP/1.1" 200 4325 "-" "Java/1.5.0_11"
123.114.227.239 - - [16/Feb/2008:04:02:59 +0100] "GET /framez-dbrau.html HTTP/1.1" 200 4313 "-" "Java/1.5.0_11"
123.114.227.239 - - [16/Feb/2008:04:02:59 +0100] "GET /framez-euro.html HTTP/1.1" 200 4319 "-" "Java/1.5.0_11"
123.114.227.239 - - [16/Feb/2008:04:03:00 +0100] "GET /framez-net.html HTTP/1.1" 200 4319 "-" "Java/1.5.0_11"
123.114.227.239 - - [16/Feb/2008:04:03:02 +0100] "GET /'+veURL+advisories[i].name+' HTTP/1.1" 404 2748 "-" "Java/1.5.0_11"
123.114.227.239 - - [16/Feb/2008:04:03:05 +0100] "GET /.htm HTTP/1.1" 403 1223 "-" "Java/1.5.0_11"
123.114.227.239 - - [16/Feb/2008:04:03:09 +0100] "GET /framez-rez.html HTTP/1.1" 200 4323 "-" "Java/1.5.0_11"
123.114.227.239 - - [16/Feb/2008:04:03:15 +0100] "GET /framez-search.html HTTP/1.1" 200 4326 "-" "Java/1.5.0_11"
123.114.227.239 - - [16/Feb/2008:04:03:18 +0100] "GET /framez-sponsor.html HTTP/1.1" 200 4325 "-" "Java/1.5.0_11"
123.114.227.239 - - [16/Feb/2008:04:03:20 +0100] "GET /framez-warez.html HTTP/1.1" 200 4322 "-" "Java/1.5.0_11"
123.114.227.239 - - [16/Feb/2008:04:03:22 +0100] "GET /framez-web.html HTTP/1.1" 200 4322 "-" "Java/1.5.0_11"
123.114.227.239 - - [16/Feb/2008:04:03:24 +0100] "GET /framez-world.html HTTP/1.1" 200 4325 "-" "Java/1.5.0_11"
123.114.227.239 - - [16/Feb/2008:04:03:25 +0100] "GET /arial2.html HTTP/1.1" 404 2748 "-" "Java/1.5.0_11"
123.114.227.239 - - [16/Feb/2008:04:03:26 +0100] "GET /framez-zeug.html HTTP/1.1" 200 4311 "-" "Java/1.5.0_11"
123.114.227.239 - - [16/Feb/2008:04:03:27 +0100] "GET /framez-restate.html HTTP/1.1" 200 4328 "-" "Java/1.5.0_11"
123.114.227.239 - - [16/Feb/2008:04:03:28 +0100] "GET /menueleiste.js HTTP/1.1" 404 2748 "-" "Java/1.5.0_11"
123.114.227.239 - - [16/Feb/2008:04:03:29 +0100] "GET /bannerz/ubu-shot.png HTTP/1.1" 200 200117 "-" "Java/1.5.0_11"
123.114.227.239 - - [16/Feb/2008:04:03:39 +0100] "GET /bmpp/euro_pal_1.html HTTP/1.1" 200 18252 "-" "Java/1.5.0_11"
131.107.151.157 - - [16/Feb/2008:04:10:19 +0100] "GET /robots.txt HTTP/1.0" 302 362 "-" "MSRBOT (http://research.microsoft.com/research/sv/msrbot/"
131.107.151.157 - - [16/Feb/2008:04:10:21 +0100] "GET /zampa/robots.txt HTTP/1.0" 404 2748 "-" "MSRBOT (http://research.microsoft.com/research/sv/msrbot/"
131.107.151.157 - - [16/Feb/2008:04:10:25 +0100] "GET /robots.txt HTTP/1.0" 302 362 "-" "MSRBOT (http://research.microsoft.com/research/sv/msrbot/"
190.172.175.243 - - [16/Feb/2008:04:45:09 +0100] "GET /stat/awstats.pl HTTP/1.1" 404 2748 "http://various-euro.com/stat/awstats.pl" "Mozilla/4.0 (compatible; MSIE 6.0; Windows NT 5.1)"
74.6.17.154 - - [16/Feb/2008:04:48:37 +0100] "GET /zampa-lovers/ HTTP/1.0" 200 37790 "-" "Mozilla/5.0 (X11; U; Linux i686 (x86_64); en-US; rv:1.8.1.4) Gecko/20071214 BonEcho/2.0.0.4"
80.253.81.183 - - [16/Feb/2008:05:04:56 +0100] "GET / HTTP/1.1" 200 10335 "-" "Microsoft URL Control - 6.00.8862"
65.214.45.101 - - [16/Feb/2008:05:24:45 +0100] "GET /robots.txt HTTP/1.0" 200 64 "-" "Mozilla/5.0 (compatible; Ask Jeeves/Teoma; +http://about.ask.com/en/docs/about/webmasters.shtml)"
65.214.45.101 - - [16/Feb/2008:05:24:45 +0100] "GET /restate_copy.html HTTP/1.0" 200 97631 "-" "Mozilla/5.0 (compatible; Ask Jeeves/Teoma; +http://about.ask.com/en/docs/about/webmasters.shtml)"
74.6.22.108 - - [16/Feb/2008:05:42:50 +0100] "GET /robots.txt HTTP/1.0" 200 64 "-" "Mozilla/5.0 (compatible; Yahoo! Slurp; http://help.yahoo.com/help/us/ysearch/slurp)"
74.6.22.108 - - [16/Feb/2008:05:42:51 +0100] "GET /your_tour.html HTTP/1.0" 200 29760 "-" "Mozilla/5.0 (compatible; Yahoo! Slurp/3.0; http://help.yahoo.com/help/us/ysearch/slurp)"
74.6.22.108 - - [16/Feb/2008:05:42:55 +0100] "GET /anon.css HTTP/1.0" 404 2748 "http://www.various-euro.com/your_tour.html" "Mozilla/5.0 (compatible; Yahoo! Slurp/3.0; http://help.yahoo.com/help/us/ysearch/slurp)"
208.36.144.10 - - [16/Feb/2008:06:01:08 +0100] "GET /robots.txt HTTP/1.0" 200 64 "-" "Mozilla/5.0 (Twiceler-0.9 http://www.cuill.com/twiceler/robot.html)"
65.55.209.97 - - [16/Feb/2008:06:12:46 +0100] "GET /robots.txt HTTP/1.1" 200 64 "-" "msnbot/1.0 (+http://search.msn.com/msnbot.htm)"
65.55.209.97 - - [16/Feb/2008:06:12:47 +0100] "GET /DgH/watch/ HTTP/1.1" 200 2028 "-" "msnbot/1.0 (+http://search.msn.com/msnbot.htm)"
190.172.175.243 - - [16/Feb/2008:06:15:07 +0100] "GET /stats/awstats.pl HTTP/1.1" 401 1227 "http://various-euro.com/stats/awstats.pl" "Mozilla/4.0 (compatible; MSIE 6.0; Windows NT 5.1)"
65.214.45.123 - - [16/Feb/2008:06:42:04 +0100] "GET /schubb/schubb-2.html HTTP/1.0" 200 16660 "-" "Mozilla/5.0 (compatible; Ask Jeeves/Teoma; +http://about.ask.com/en/docs/about/webmasters.shtml)"
65.214.45.123 - - [16/Feb/2008:07:15:10 +0100] "GET /restate_copy.html HTTP/1.0" 200 97631 "-" "Mozilla/5.0 (compatible; Ask Jeeves/Teoma; +http://about.ask.com/en/docs/about/webmasters.shtml)"
190.172.175.243 - - [16/Feb/2008:07:43:54 +0100] "GET /stats/cgi-bin/awstats.pl HTTP/1.1" 401 1227 "http://various-euro.com/stats/cgi-bin/awstats.pl" "Mozilla/4.0 (compatible; MSIE 6.0; Windows NT 5.1)"
65.55.209.104 - - [16/Feb/2008:07:56:12 +0100] "GET /DgH/ HTTP/1.1" 200 5024 "-" "msnbot/1.0 (+http://search.msn.com/msnbot.htm)"
65.55.209.98 - - [16/Feb/2008:07:59:53 +0100] "GET /robots.txt HTTP/1.1" 200 64 "-" "msnbot/1.0 (+http://search.msn.com/msnbot.htm)"
65.55.209.98 - - [16/Feb/2008:07:59:57 +0100] "GET /framez-schubb5.html HTTP/1.1" 200 4330 "-" "msnbot/1.0 (+http://search.msn.com/msnbot.htm)"
65.55.209.98 - - [16/Feb/2008:08:01:39 +0100] "GET /robots.txt HTTP/1.1" 200 64 "-" "msnbot/1.0 (+http://search.msn.com/msnbot.htm)"
65.55.209.98 - - [16/Feb/2008:08:01:39 +0100] "GET /frame-menu.html HTTP/1.1" 200 10763 "-" "msnbot/1.0 (+http://search.msn.com/msnbot.htm)"
65.55.209.98 - - [16/Feb/2008:08:01:40 +0100] "GET /schubb/schubb-5.html HTTP/1.1" 200 72944 "-" "msnbot/1.0 (+http://search.msn.com/msnbot.htm)"
65.55.209.98 - - [16/Feb/2008:08:01:44 +0100] "GET /frame-unten.html HTTP/1.1" 200 5557 "-" "msnbot/1.0 (+http://search.msn.com/msnbot.htm)"
80.253.81.135 - - [16/Feb/2008:08:17:39 +0100] "GET / HTTP/1.1" 200 10335 "-" "Microsoft URL Control - 6.00.8862"
74.6.22.152 - - [16/Feb/2008:08:52:18 +0100] "GET /robots.txt HTTP/1.0" 200 64 "-" "Mozilla/5.0 (compatible; Yahoo! Slurp; http://help.yahoo.com/help/us/ysearch/slurp)"
74.6.22.152 - - [16/Feb/2008:08:52:18 +0100] "GET /sendi_agent.html HTTP/1.0" 200 6213 "-" "Mozilla/5.0 (compatible; Yahoo! Slurp; http://help.yahoo.com/help/us/ysearch/slurp)"
84.190.0.171 - - [16/Feb/2008:09:26:25 +0100] "GET /framez.html HTTP/1.1" 200 4130 "-" "Mozilla/5.0 (X11; U; Linux i686; de; rv:1.8.1.12) Gecko/20080207 Ubuntu/7.10 (gutsy) Firefox/2.0.0.12"
84.190.0.171 - - [16/Feb/2008:09:26:25 +0100] "GET /ve-icon-2.ico HTTP/1.1" 200 2238 "-" "Mozilla/5.0 (X11; U; Linux i686; de; rv:1.8.1.12) Gecko/20080207 Ubuntu/7.10 (gutsy) Firefox/2.0.0.12"
84.190.0.171 - - [16/Feb/2008:09:26:26 +0100] "GET /frame-menu.html HTTP/1.1" 200 10763 "http://www.various-euro.com/framez.html" "Mozilla/5.0 (X11; U; Linux i686; de; rv:1.8.1.12) Gecko/20080207 Ubuntu/7.10 (gutsy) Firefox/2.0.0.12"
84.190.0.171 - - [16/Feb/2008:09:26:26 +0100] "GET /frame-unten.html HTTP/1.1" 200 5557 "http://www.various-euro.com/framez.html" "Mozilla/5.0 (X11; U; Linux i686; de; rv:1.8.1.12) Gecko/20080207 Ubuntu/7.10 (gutsy) Firefox/2.0.0.12"
84.190.0.171 - - [16/Feb/2008:09:26:26 +0100] "GET /frame-inhalt.html HTTP/1.1" 200 6025 "http://www.various-euro.com/framez.html" "Mozilla/5.0 (X11; U; Linux i686; de; rv:1.8.1.12) Gecko/20080207 Ubuntu/7.10 (gutsy) Firefox/2.0.0.12"
84.190.0.171 - - [16/Feb/2008:09:26:26 +0100] "GET /bannerz/neon_click_3.gif HTTP/1.1" 200 240 "http://www.various-euro.com/frame-inhalt.html" "Mozilla/5.0 (X11; U; Linux i686; de; rv:1.8.1.12) Gecko/20080207 Ubuntu/7.10 (gutsy) Firefox/2.0.0.12"
84.190.0.171 - - [16/Feb/2008:09:26:26 +0100] "GET /bannerz/ascii-lt.gif HTTP/1.1" 200 1049 "http://www.various-euro.com/frame-inhalt.html" "Mozilla/5.0 (X11; U; Linux i686; de; rv:1.8.1.12) Gecko/20080207 Ubuntu/7.10 (gutsy) Firefox/2.0.0.12"
84.190.0.171 - - [16/Feb/2008:09:26:26 +0100] "GET /eurosign3.gif HTTP/1.1" 200 7879 "http://www.various-euro.com/frame-inhalt.html" "Mozilla/5.0 (X11; U; Linux i686; de; rv:1.8.1.12) Gecko/20080207 Ubuntu/7.10 (gutsy) Firefox/2.0.0.12"
84.190.0.171 - - [16/Feb/2008:09:26:26 +0100] "GET /bannerz/neon_click_1.gif HTTP/1.1" 200 890 "http://www.various-euro.com/frame-inhalt.html" "Mozilla/5.0 (X11; U; Linux i686; de; rv:1.8.1.12) Gecko/20080207 Ubuntu/7.10 (gutsy) Firefox/2.0.0.12"
84.190.0.171 - - [16/Feb/2008:09:26:26 +0100] "GET /bannerz/google/Logo_40blk.gif HTTP/1.1" 200 2308 "http://www.various-euro.com/frame-inhalt.html" "Mozilla/5.0 (X11; U; Linux i686; de; rv:1.8.1.12) Gecko/20080207 Ubuntu/7.10 (gutsy) Firefox/2.0.0.12"
84.190.0.171 - - [16/Feb/2008:09:26:26 +0100] "GET /bannerz/neon_click_2.gif HTTP/1.1" 200 387 "http://www.various-euro.com/frame-inhalt.html" "Mozilla/5.0 (X11; U; Linux i686; de; rv:1.8.1.12) Gecko/20080207 Ubuntu/7.10 (gutsy) Firefox/2.0.0.12"
84.190.0.171 - - [16/Feb/2008:09:26:26 +0100] "GET /bannerz/douwil.gif HTTP/1.1" 200 528 "http://www.various-euro.com/frame-inhalt.html" "Mozilla/5.0 (X11; U; Linux i686; de; rv:1.8.1.12) Gecko/20080207 Ubuntu/7.10 (gutsy) Firefox/2.0.0.12"
84.190.0.171 - - [16/Feb/2008:09:26:26 +0100] "GET /bannerz/anti_black_small.gif HTTP/1.1" 200 1009 "http://www.various-euro.com/frame-inhalt.html" "Mozilla/5.0 (X11; U; Linux i686; de; rv:1.8.1.12) Gecko/20080207 Ubuntu/7.10 (gutsy) Firefox/2.0.0.12"
84.190.0.171 - - [16/Feb/2008:09:26:26 +0100] "GET /bannerz/copyleft_black_small.gif HTTP/1.1" 200 1231 "http://www.various-euro.com/frame-inhalt.html" "Mozilla/5.0 (X11; U; Linux i686; de; rv:1.8.1.12) Gecko/20080207 Ubuntu/7.10 (gutsy) Firefox/2.0.0.12"
84.190.0.171 - - [16/Feb/2008:09:26:26 +0100] "GET /bannerz/ve.jpg HTTP/1.1" 200 36912 "http://www.various-euro.com/frame-unten.html" "Mozilla/5.0 (X11; U; Linux i686; de; rv:1.8.1.12) Gecko/20080207 Ubuntu/7.10 (gutsy) Firefox/2.0.0.12"
84.190.0.171 - - [16/Feb/2008:09:26:26 +0100] "GET /bannerz/wet.gif HTTP/1.1" 200 18561 "http://www.various-euro.com/frame-inhalt.html" "Mozilla/5.0 (X11; U; Linux i686; de; rv:1.8.1.12) Gecko/20080207 Ubuntu/7.10 (gutsy) Firefox/2.0.0.12"
84.190.0.171 - - [16/Feb/2008:09:26:26 +0100] "GET /bannerz/ubu-shot.png HTTP/1.1" 200 200117 "http://www.various-euro.com/frame-menu.html" "Mozilla/5.0 (X11; U; Linux i686; de; rv:1.8.1.12) Gecko/20080207 Ubuntu/7.10 (gutsy) Firefox/2.0.0.12"
84.190.0.171 - - [16/Feb/2008:09:26:26 +0100] "GET /bannerz/various-euro-girl.jpg HTTP/1.1" 200 91514 "http://www.various-euro.com/frame-unten.html" "Mozilla/5.0 (X11; U; Linux i686; de; rv:1.8.1.12) Gecko/20080207 Ubuntu/7.10 (gutsy) Firefox/2.0.0.12"
66.231.188.24 - - [16/Feb/2008:09:36:05 +0100] "GET /robots.txt HTTP/1.0" 200 64 "-" "Gigabot/3.0 (http://www.gigablast.com/spider.html)"
65.55.209.97 - - [16/Feb/2008:10:43:36 +0100] "GET /robots.txt HTTP/1.1" 200 64 "-" "msnbot/1.0 (+http://search.msn.com/msnbot.htm)"
65.55.209.97 - - [16/Feb/2008:10:43:37 +0100] "GET /bmpp/18start.html HTTP/1.1" 200 320 "-" "msnbot/1.0 (+http://search.msn.com/msnbot.htm)"
208.223.208.181 - - [16/Feb/2008:10:57:40 +0100] "GET / HTTP/1.0" 200 10335 "-" "shelob v1.0"
74.6.18.201 - - [16/Feb/2008:11:14:17 +0100] "GET /neon/ HTTP/1.0" 403 1223 "-" "Mozilla/5.0 (compatible; Yahoo! Slurp; http://help.yahoo.com/help/us/ysearch/slurp)"
74.6.18.201 - - [16/Feb/2008:11:21:51 +0100] "GET /f-world.html HTTP/1.0" 200 35590 "-" "Mozilla/5.0 (compatible; Yahoo! Slurp; http://help.yahoo.com/help/us/ysearch/slurp)"
66.249.67.80 - - [16/Feb/2008:11:27:14 +0100] "GET /framez-schubb.html HTTP/1.1" 200 4324 "-" "Mozilla/5.0 (compatible; Googlebot/2.1; +http://www.google.com/bot.html)"
195.27.115.50 - - [16/Feb/2008:11:38:48 +0100] "GET /robots.txt HTTP/1.0" 200 64 "-" "Seekbot/1.0 (http://www.seekbot.net/bot.html) RobotsTxtFetcher/1.2"
77.91.224.5 - - [16/Feb/2008:11:47:02 +0100] "GET /robots.txt HTTP/1.1" 200 64 "-" "WebAlta Crawler/2.0 (http://www.webalta.net/ru/about_webmaster.html) (Windows; U; Windows NT 5.1; ru-RU)"
77.91.224.5 - - [16/Feb/2008:11:47:02 +0100] "GET / HTTP/1.1" 200 10335 "-" "WebAlta Crawler/2.0 (http://www.webalta.net/ru/about_webmaster.html) (Windows; U; Windows NT 5.1; ru-RU)"
66.249.67.80 - - [16/Feb/2008:11:47:02 +0100] "GET /channel1.html HTTP/1.1" 404 2748 "-" "Mozilla/5.0 (compatible; Googlebot/2.1; +http://www.google.com/bot.html)"
66.249.67.80 - - [16/Feb/2008:11:47:03 +0100] "GET /euro.html HTTP/1.1" 404 2748 "-" "Mozilla/5.0 (compatible; Googlebot/2.1; +http://www.google.com/bot.html)"
66.249.67.80 - - [16/Feb/2008:11:47:04 +0100] "GET /tour1_new.html HTTP/1.1" 404 2748 "-" "Mozilla/5.0 (compatible; Googlebot/2.1; +http://www.google.com/bot.html)"
74.6.22.108 - - [16/Feb/2008:11:47:44 +0100] "GET /sendi-agent/Interfiction-sendi.avi HTTP/1.0" 200 34633728 "-" "Mozilla/5.0 (compatible; Yahoo! Slurp; http://help.yahoo.com/help/us/ysearch/slurp)"
74.6.25.208 - - [16/Feb/2008:11:50:27 +0100] "GET /robots.txt HTTP/1.0" 200 64 "-" "Mozilla/5.0 (compatible; Yahoo! Slurp; http://help.yahoo.com/help/us/ysearch/slurp)"
74.6.25.150 - - [16/Feb/2008:11:50:28 +0100] "GET /f-world.html HTTP/1.0" 200 35590 "-" "Mozilla/5.0 (compatible; Yahoo! Slurp; http://help.yahoo.com/help/us/ysearch/slurp)"
208.80.193.30 - - [16/Feb/2008:12:12:42 +0100] "GET / HTTP/1.1" 200 10335 "-" "Mozilla/5.0 (compatible; Konqueror/3.0-rc5; i686 Linux; 20020114)"
208.80.193.30 - - [16/Feb/2008:12:12:42 +0100] "GET / HTTP/1.1" 200 10335 "-" "Mozilla/4.0 (compatible; MSIE 6.0; Windows NT 5.1; Q312465)"
66.249.67.80 - - [16/Feb/2008:12:18:05 +0100] "GET /bannnerz.html HTTP/1.1" 404 2748 "-" "Mozilla/5.0 (compatible; Googlebot/2.1; +http://www.google.com/bot.html)"
66.249.67.80 - - [16/Feb/2008:12:18:06 +0100] "GET /net.html HTTP/1.1" 404 2748 "-" "Mozilla/5.0 (compatible; Googlebot/2.1; +http://www.google.com/bot.html)"
66.249.67.80 - - [16/Feb/2008:12:18:08 +0100] "GET /contact.html HTTP/1.1" 404 2748 "-" "Mozilla/5.0 (compatible; Googlebot/2.1; +http://www.google.com/bot.html)"
74.6.22.151 - - [16/Feb/2008:12:30:12 +0100] "GET /robots.txt HTTP/1.0" 200 64 "-" "Mozilla/5.0 (compatible; Yahoo! Slurp; http://help.yahoo.com/help/us/ysearch/slurp)"
74.6.22.151 - - [16/Feb/2008:12:30:12 +0100] "GET /f-contact.html HTTP/1.0" 200 6804 "-" "Mozilla/5.0 (compatible; Yahoo! Slurp/3.0; http://help.yahoo.com/help/us/ysearch/slurp)"
74.6.22.153 - - [16/Feb/2008:12:30:21 +0100] "GET /robots.txt HTTP/1.0" 200 64 "-" "Mozilla/5.0 (compatible; Yahoo! Slurp; http://help.yahoo.com/help/us/ysearch/slurp)"
74.6.22.153 - - [16/Feb/2008:12:30:21 +0100] "GET /logs/usage_200705.html HTTP/1.0" 200 109447 "-" "Mozilla/5.0 (compatible; Yahoo! Slurp; http://help.yahoo.com/help/us/ysearch/slurp)"
208.223.208.181 - - [16/Feb/2008:12:34:49 +0100] "GET /framez.html HTTP/1.0" 200 4130 "-" "shelob v1.0"
74.6.18.201 - - [16/Feb/2008:12:34:57 +0100] "GET /schubb/ HTTP/1.0" 403 1223 "-" "Mozilla/5.0 (compatible; Yahoo! Slurp; http://help.yahoo.com/help/us/ysearch/slurp)"
66.249.67.80 - - [16/Feb/2008:12:46:42 +0100] "GET /logz.html HTTP/1.1" 404 2748 "-" "Mozilla/5.0 (compatible; Googlebot/2.1; +http://www.google.com/bot.html)"
66.249.67.80 - - [16/Feb/2008:12:46:42 +0100] "GET /f-contact.html HTTP/1.1" 200 6804 "-" "Mozilla/5.0 (compatible; Googlebot/2.1; +http://www.google.com/bot.html)"
74.6.17.154 - - [16/Feb/2008:13:15:14 +0100] "GET /f-actions.html HTTP/1.0" 200 10429 "-" "Mozilla/5.0 (compatible; Yahoo! Slurp/3.0; http://help.yahoo.com/help/us/ysearch/slurp)"
82.237.212.168 - - [16/Feb/2008:13:27:37 +0100] "GET http://various-euro.com/index.php?template=../../../../../../../../../../../etc/passwd%00 HTTP/1.0" 404 2748 "http://various-euro.com/index.php?template=../../../../../../../../../../../etc/passwd%00" "Mozilla/4.0 (compatible; MSIE 6.0; Windows NT 5.1)"
65.55.209.98 - - [16/Feb/2008:14:02:41 +0100] "GET /robots.txt HTTP/1.1" 200 64 "-" "msnbot/1.0 (+http://search.msn.com/msnbot.htm)"
65.55.209.98 - - [16/Feb/2008:14:02:42 +0100] "GET /f-logz_old.html HTTP/1.1" 200 43773 "-" "msnbot/1.0 (+http://search.msn.com/msnbot.htm)"
208.223.208.181 - - [16/Feb/2008:14:13:16 +0100] "GET /frame-inhalt.html HTTP/1.0" 200 6025 "-" "shelob v1.0"
208.223.208.181 - - [16/Feb/2008:14:13:16 +0100] "GET /frame-menu.html HTTP/1.0" 200 10763 "-" "shelob v1.0"
208.223.208.181 - - [16/Feb/2008:14:13:16 +0100] "GET /frame-unten.html HTTP/1.0" 200 5557 "-" "shelob v1.0"
74.6.22.151 - - [16/Feb/2008:14:22:55 +0100] "GET /restate_copy.html HTTP/1.0" 200 97631 "-" "Mozilla/5.0 (compatible; Yahoo! Slurp/3.0; http://help.yahoo.com/help/us/ysearch/slurp)"
84.190.0.171 - - [16/Feb/2008:14:24:16 +0100] "GET /framez.html HTTP/1.1" 200 4130 "-" "Mozilla/5.0 (X11; U; Linux i686; de; rv:1.8.1.12) Gecko/20080207 Ubuntu/7.10 (gutsy) Firefox/2.0.0.12"
85.2.47.69 - - [16/Feb/2008:14:36:54 +0100] "GET /zampa-lovers/index.html HTTP/1.1" 200 37790 "http://de.search.yahoo.com/search?p=veliki+kurac&ei=UTF-8&rd=r1&fr=yfp-t-501&xargs=0&pstart=1&b=21" "Mozilla/5.0 (Macintosh; U; Intel Mac OS X; de-de) AppleWebKit/419.3 (KHTML, like Gecko) Safari/419.3"
85.2.47.69 - - [16/Feb/2008:14:36:54 +0100] "GET /zampa-lovers/kralle.gif HTTP/1.1" 404 2748 "http://www.various-euro.com/zampa-lovers/index.html" "Mozilla/5.0 (Macintosh; U; Intel Mac OS X; de-de) AppleWebKit/419.3 (KHTML, like Gecko) Safari/419.3"
85.2.47.69 - - [16/Feb/2008:14:36:54 +0100] "GET /zampa-lovers/DRAGAN_Z.JPG HTTP/1.1" 200 6850 "http://www.various-euro.com/zampa-lovers/index.html" "Mozilla/5.0 (Macintosh; U; Intel Mac OS X; de-de) AppleWebKit/419.3 (KHTML, like Gecko) Safari/419.3"
85.2.47.69 - - [16/Feb/2008:14:36:54 +0100] "GET /zampa-lovers/MILIZA_3.JPG HTTP/1.1" 200 26924 "http://www.various-euro.com/zampa-lovers/index.html" "Mozilla/5.0 (Macintosh; U; Intel Mac OS X; de-de) AppleWebKit/419.3 (KHTML, like Gecko) Safari/419.3"
85.2.47.69 - - [16/Feb/2008:14:36:54 +0100] "GET /zampa-lovers/MILIZA_4.JPG HTTP/1.1" 200 9946 "http://www.various-euro.com/zampa-lovers/index.html" "Mozilla/5.0 (Macintosh; U; Intel Mac OS X; de-de) AppleWebKit/419.3 (KHTML, like Gecko) Safari/419.3"
85.2.47.69 - - [16/Feb/2008:14:36:54 +0100] "GET /zampa-lovers/MILIZA_2.JPG HTTP/1.1" 200 22172 "http://www.various-euro.com/zampa-lovers/index.html" "Mozilla/5.0 (Macintosh; U; Intel Mac OS X; de-de) AppleWebKit/419.3 (KHTML, like Gecko) Safari/419.3"
85.2.47.69 - - [16/Feb/2008:14:36:54 +0100] "GET /zampa-lovers/zampa-2X2.gif HTTP/1.1" 200 6948 "http://www.various-euro.com/zampa-lovers/index.html" "Mozilla/5.0 (Macintosh; U; Intel Mac OS X; de-de) AppleWebKit/419.3 (KHTML, like Gecko) Safari/419.3"
85.2.47.69 - - [16/Feb/2008:14:36:54 +0100] "GET /zampa-lovers/1SEITEVE.GIF HTTP/1.1" 200 78726 "http://www.various-euro.com/zampa-lovers/index.html" "Mozilla/5.0 (Macintosh; U; Intel Mac OS X; de-de) AppleWebKit/419.3 (KHTML, like Gecko) Safari/419.3"
85.2.47.69 - - [16/Feb/2008:14:36:55 +0100] "GET /zampa-lovers/zampa.ICO HTTP/1.1" 200 7134 "-" "Mozilla/5.0 (Macintosh; U; Intel Mac OS X; de-de) AppleWebKit/419.3 (KHTML, like Gecko) Safari/419.3"
85.2.47.69 - - [16/Feb/2008:14:36:55 +0100] "GET /zampa-lovers/Kralle.gif HTTP/1.1" 200 260 "http://www.various-euro.com/zampa-lovers/index.html" "Mozilla/5.0 (Macintosh; U; Intel Mac OS X; de-de) AppleWebKit/419.3 (KHTML, like Gecko) Safari/419.3"
85.2.47.69 - - [16/Feb/2008:14:36:54 +0100] "GET /zampa-lovers/ZAMPAMA2.MPG HTTP/1.1" 200 63492 "-" "QuickTime.7.2 (qtver=7.2;cpu=IA32;os=Mac 10.4.9)."
85.2.47.69 - - [16/Feb/2008:14:36:55 +0100] "GET /zampa-lovers/zampamali.gif HTTP/1.1" 200 2617 "http://www.various-euro.com/zampa-lovers/index.html" "Mozilla/5.0 (Macintosh; U; Intel Mac OS X; de-de) AppleWebKit/419.3 (KHTML, like Gecko) Safari/419.3"
85.2.47.69 - - [16/Feb/2008:14:36:55 +0100] "GET /zampa-lovers/DRAGANZA.JPG HTTP/1.1" 200 18560 "http://www.various-euro.com/zampa-lovers/index.html" "Mozilla/5.0 (Macintosh; U; Intel Mac OS X; de-de) AppleWebKit/419.3 (KHTML, like Gecko) Safari/419.3"
85.2.47.69 - - [16/Feb/2008:14:36:54 +0100] "GET /zampa-lovers/WASISTMI1.MPG HTTP/1.1" 200 271221 "-" "QuickTime.7.2 (qtver=7.2;cpu=IA32;os=Mac 10.4.9)."
85.2.47.69 - - [16/Feb/2008:14:36:54 +0100] "GET /zampa-lovers/zampa.gif HTTP/1.1" 200 460627 "http://www.various-euro.com/zampa-lovers/index.html" "Mozilla/5.0 (Macintosh; U; Intel Mac OS X; de-de) AppleWebKit/419.3 (KHTML, like Gecko) Safari/419.3"
85.2.47.69 - - [16/Feb/2008:14:36:57 +0100] "GET /zampa-lovers/MILIZA_B.JPG HTTP/1.1" 200 10947 "http://www.various-euro.com/zampa-lovers/index.html" "Mozilla/5.0 (Macintosh; U; Intel Mac OS X; de-de) AppleWebKit/419.3 (KHTML, like Gecko) Safari/419.3"
85.2.47.69 - - [16/Feb/2008:14:36:57 +0100] "GET /zampa-lovers/2SEITEVE.GIF HTTP/1.1" 200 83466 "http://www.various-euro.com/zampa-lovers/index.html" "Mozilla/5.0 (Macintosh; U; Intel Mac OS X; de-de) AppleWebKit/419.3 (KHTML, like Gecko) Safari/419.3"
85.2.47.69 - - [16/Feb/2008:14:36:54 +0100] "GET /zampa-lovers/ZAMPAMAS.MPG HTTP/1.1" 200 520196 "-" "QuickTime.7.2 (qtver=7.2;cpu=IA32;os=Mac 10.4.9)."
66.249.67.80 - - [16/Feb/2008:15:02:46 +0100] "GET /search.html HTTP/1.1" 404 2748 "-" "Mozilla/5.0 (compatible; Googlebot/2.1; +http://www.google.com/bot.html)"
208.223.208.181 - - [16/Feb/2008:15:46:44 +0100] "GET /f-search.html HTTP/1.0" 200 10850 "-" "shelob v1.0"
208.223.208.181 - - [16/Feb/2008:15:46:44 +0100] "GET /f-contact.html HTTP/1.0" 200 6804 "-" "shelob v1.0"
208.223.208.181 - - [16/Feb/2008:15:46:44 +0100] "GET /partnergegenberlin.html HTTP/1.0" 200 5022 "-" "shelob v1.0"
208.223.208.181 - - [16/Feb/2008:15:46:44 +0100] "GET /f-sponsor.html HTTP/1.0" 200 8578 "-" "shelob v1.0"
208.223.208.181 - - [16/Feb/2008:15:46:44 +0100] "GET /neon/euro.html HTTP/1.0" 200 2212 "-" "shelob v1.0"
208.223.208.181 - - [16/Feb/2008:15:46:44 +0100] "GET /bmpp/euro_pal_1.html HTTP/1.0" 200 18252 "-" "shelob v1.0"
74.6.22.153 - - [16/Feb/2008:15:48:45 +0100] "GET /logs/usage_200703.html HTTP/1.0" 200 108444 "-" "Mozilla/5.0 (compatible; Yahoo! Slurp; http://help.yahoo.com/help/us/ysearch/slurp)"
74.6.22.171 - - [16/Feb/2008:15:52:56 +0100] "GET /robots.txt HTTP/1.0" 200 64 "-" "Mozilla/5.0 (compatible; Yahoo! Slurp; http://help.yahoo.com/help/us/ysearch/slurp)"
74.6.22.171 - - [16/Feb/2008:15:52:57 +0100] "GET /logs/usage_200706.html HTTP/1.0" 200 107008 "-" "Mozilla/5.0 (compatible; Yahoo! Slurp; http://help.yahoo.com/help/us/ysearch/slurp)"
65.55.209.103 - - [16/Feb/2008:16:05:16 +0100] "GET /robots.txt HTTP/1.1" 200 64 "-" "msnbot/1.0 (+http://search.msn.com/msnbot.htm)"
65.55.209.103 - - [16/Feb/2008:16:05:17 +0100] "GET /bmpp/18_x.html HTTP/1.1" 200 1100 "-" "msnbot/1.0 (+http://search.msn.com/msnbot.htm)"
66.249.67.80 - - [16/Feb/2008:16:13:08 +0100] "GET /web.html HTTP/1.1" 404 2748 "-" "Mozilla/5.0 (compatible; Googlebot/2.1; +http://www.google.com/bot.html)"
208.36.144.6 - - [16/Feb/2008:16:43:17 +0100] "GET /robots.txt HTTP/1.0" 302 362 "-" "Mozilla/5.0 (Twiceler-0.9 http://www.cuill.com/twiceler/robot.html)"
66.249.67.80 - - [16/Feb/2008:16:44:04 +0100] "GET /f-search.html HTTP/1.1" 200 10850 "-" "Mozilla/5.0 (compatible; Googlebot/2.1; +http://www.google.com/bot.html)"
74.6.18.201 - - [16/Feb/2008:16:55:41 +0100] "GET /schubb/schubb-2.html HTTP/1.0" 200 16660 "-" "Mozilla/5.0 (compatible; Yahoo! Slurp; http://help.yahoo.com/help/us/ysearch/slurp)"
68.73.113.223 - - [16/Feb/2008:16:58:56 +0100] "GET /neon/girlz2.html HTTP/1.1" 200 2937 "http://www.winzy.com/word/Euro%20Girls" "Mozilla/4.0 (compatible; MSIE 6.0; Windows NT 5.1; SV1; .NET CLR 1.1.4322; InfoPath.1)"
68.73.113.223 - - [16/Feb/2008:16:58:56 +0100] "GET /vgirls/button1.gif HTTP/1.1" 200 9099 "http://www.various-euro.com/neon/girlz2.html" "Mozilla/4.0 (compatible; MSIE 6.0; Windows NT 5.1; SV1; .NET CLR 1.1.4322; InfoPath.1)"
68.73.113.223 - - [16/Feb/2008:16:58:57 +0100] "GET /favicon.ico HTTP/1.1" 404 2748 "-" "Mozilla/4.0 (compatible; MSIE 6.0; Windows NT 5.1; SV1; .NET CLR 1.1.4322; InfoPath.1)"
68.73.113.223 - - [16/Feb/2008:16:58:56 +0100] "GET /vgirls/wm_02.gif HTTP/1.1" 200 36891 "http://www.various-euro.com/neon/girlz2.html" "Mozilla/4.0 (compatible; MSIE 6.0; Windows NT 5.1; SV1; .NET CLR 1.1.4322; InfoPath.1)"
68.73.113.223 - - [16/Feb/2008:16:58:57 +0100] "GET /vgirls/virtua4.gif HTTP/1.1" 200 12643 "http://www.various-euro.com/neon/girlz2.html" "Mozilla/4.0 (compatible; MSIE 6.0; Windows NT 5.1; SV1; .NET CLR 1.1.4322; InfoPath.1)"
68.73.113.223 - - [16/Feb/2008:16:58:57 +0100] "GET /vgirls/button10.gif HTTP/1.1" 200 15687 "http://www.various-euro.com/neon/girlz2.html" "Mozilla/4.0 (compatible; MSIE 6.0; Windows NT 5.1; SV1; .NET CLR 1.1.4322; InfoPath.1)"
68.73.113.223 - - [16/Feb/2008:16:58:58 +0100] "GET /vgirls/button3.gif HTTP/1.1" 200 9634 "http://www.various-euro.com/neon/girlz2.html" "Mozilla/4.0 (compatible; MSIE 6.0; Windows NT 5.1; SV1; .NET CLR 1.1.4322; InfoPath.1)"
68.73.113.223 - - [16/Feb/2008:16:58:58 +0100] "GET /vgirls/dora_01.gif HTTP/1.1" 200 15465 "http://www.various-euro.com/neon/girlz2.html" "Mozilla/4.0 (compatible; MSIE 6.0; Windows NT 5.1; SV1; .NET CLR 1.1.4322; InfoPath.1)"
68.73.113.223 - - [16/Feb/2008:16:58:58 +0100] "GET /vgirls/shaina_big.gif HTTP/1.1" 200 16169 "http://www.various-euro.com/neon/girlz2.html" "Mozilla/4.0 (compatible; MSIE 6.0; Windows NT 5.1; SV1; .NET CLR 1.1.4322; InfoPath.1)"
68.73.113.223 - - [16/Feb/2008:16:58:58 +0100] "GET /framez-girlz.html HTTP/1.1" 200 4271 "-" "Mozilla/4.0 (compatible; MSIE 6.0; Windows NT 5.1; SV1; .NET CLR 1.1.4322; InfoPath.1)"
68.73.113.223 - - [16/Feb/2008:16:58:58 +0100] "GET /neon/girlz2.html HTTP/1.1" 200 2937 "http://www.various-euro.com/framez-girlz.html" "Mozilla/4.0 (compatible; MSIE 6.0; Windows NT 5.1; SV1; .NET CLR 1.1.4322; InfoPath.1)"
68.73.113.223 - - [16/Feb/2008:16:58:58 +0100] "GET /frame-menu.html HTTP/1.1" 200 10763 "http://www.various-euro.com/framez-girlz.html" "Mozilla/4.0 (compatible; MSIE 6.0; Windows NT 5.1; SV1; .NET CLR 1.1.4322; InfoPath.1)"
68.73.113.223 - - [16/Feb/2008:16:58:59 +0100] "GET /frame-unten.html HTTP/1.1" 200 5557 "http://www.various-euro.com/framez-girlz.html" "Mozilla/4.0 (compatible; MSIE 6.0; Windows NT 5.1; SV1; .NET CLR 1.1.4322; InfoPath.1)"
68.73.113.223 - - [16/Feb/2008:16:58:59 +0100] "GET /bannerz/ve.jpg HTTP/1.1" 200 36912 "http://www.various-euro.com/frame-unten.html" "Mozilla/4.0 (compatible; MSIE 6.0; Windows NT 5.1; SV1; .NET CLR 1.1.4322; InfoPath.1)"
68.73.113.223 - - [16/Feb/2008:16:58:59 +0100] "GET /bannerz/ubu-shot.png HTTP/1.1" 200 200117 "http://www.various-euro.com/frame-menu.html" "Mozilla/4.0 (compatible; MSIE 6.0; Windows NT 5.1; SV1; .NET CLR 1.1.4322; InfoPath.1)"
68.73.113.223 - - [16/Feb/2008:16:59:00 +0100] "GET /bannerz/various-euro-girl.jpg HTTP/1.1" 200 91514 "http://www.various-euro.com/frame-unten.html" "Mozilla/4.0 (compatible; MSIE 6.0; Windows NT 5.1; SV1; .NET CLR 1.1.4322; InfoPath.1)"
68.73.113.223 - - [16/Feb/2008:16:59:15 +0100] "GET /frame-inhalt.html HTTP/1.1" 200 6025 "http://www.various-euro.com/neon/girlz2.html" "Mozilla/4.0 (compatible; MSIE 6.0; Windows NT 5.1; SV1; .NET CLR 1.1.4322; InfoPath.1)"
68.73.113.223 - - [16/Feb/2008:16:59:15 +0100] "GET /bannerz/ascii-lt.gif HTTP/1.1" 200 1049 "http://www.various-euro.com/frame-inhalt.html" "Mozilla/4.0 (compatible; MSIE 6.0; Windows NT 5.1; SV1; .NET CLR 1.1.4322; InfoPath.1)"
68.73.113.223 - - [16/Feb/2008:16:59:15 +0100] "GET /eurosign3.gif HTTP/1.1" 200 7879 "http://www.various-euro.com/frame-inhalt.html" "Mozilla/4.0 (compatible; MSIE 6.0; Windows NT 5.1; SV1; .NET CLR 1.1.4322; InfoPath.1)"
68.73.113.223 - - [16/Feb/2008:16:59:17 +0100] "GET /bannerz/neon_click_1.gif HTTP/1.1" 200 890 "http://www.various-euro.com/frame-inhalt.html" "Mozilla/4.0 (compatible; MSIE 6.0; Windows NT 5.1; SV1; .NET CLR 1.1.4322; InfoPath.1)"
68.73.113.223 - - [16/Feb/2008:16:59:17 +0100] "GET /bannerz/wet.gif HTTP/1.1" 200 18561 "http://www.various-euro.com/frame-inhalt.html" "Mozilla/4.0 (compatible; MSIE 6.0; Windows NT 5.1; SV1; .NET CLR 1.1.4322; InfoPath.1)"
68.73.113.223 - - [16/Feb/2008:16:59:17 +0100] "GET /bannerz/google/Logo_40blk.gif HTTP/1.1" 200 2308 "http://www.various-euro.com/frame-inhalt.html" "Mozilla/4.0 (compatible; MSIE 6.0; Windows NT 5.1; SV1; .NET CLR 1.1.4322; InfoPath.1)"
68.73.113.223 - - [16/Feb/2008:16:59:17 +0100] "GET /bannerz/neon_click_2.gif HTTP/1.1" 200 387 "http://www.various-euro.com/frame-inhalt.html" "Mozilla/4.0 (compatible; MSIE 6.0; Windows NT 5.1; SV1; .NET CLR 1.1.4322; InfoPath.1)"
68.73.113.223 - - [16/Feb/2008:16:59:17 +0100] "GET /bannerz/douwil.gif HTTP/1.1" 200 528 "http://www.various-euro.com/frame-inhalt.html" "Mozilla/4.0 (compatible; MSIE 6.0; Windows NT 5.1; SV1; .NET CLR 1.1.4322; InfoPath.1)"
68.73.113.223 - - [16/Feb/2008:16:59:18 +0100] "GET /bannerz/anti_black_small.gif HTTP/1.1" 200 1009 "http://www.various-euro.com/frame-inhalt.html" "Mozilla/4.0 (compatible; MSIE 6.0; Windows NT 5.1; SV1; .NET CLR 1.1.4322; InfoPath.1)"
68.73.113.223 - - [16/Feb/2008:16:59:19 +0100] "GET /bannerz/copyleft_black_small.gif HTTP/1.1" 200 1231 "http://www.various-euro.com/frame-inhalt.html" "Mozilla/4.0 (compatible; MSIE 6.0; Windows NT 5.1; SV1; .NET CLR 1.1.4322; InfoPath.1)"
68.73.113.223 - - [16/Feb/2008:16:59:20 +0100] "GET /bannerz/neon_click_3.gif HTTP/1.1" 200 240 "http://www.various-euro.com/frame-inhalt.html" "Mozilla/4.0 (compatible; MSIE 6.0; Windows NT 5.1; SV1; .NET CLR 1.1.4322; InfoPath.1)"
68.73.113.223 - - [16/Feb/2008:16:59:27 +0100] "GET /partnergegenberlin.html HTTP/1.1" 200 5022 "http://www.various-euro.com/frame-inhalt.html" "Mozilla/4.0 (compatible; MSIE 6.0; Windows NT 5.1; SV1; .NET CLR 1.1.4322; InfoPath.1)"
68.73.113.223 - - [16/Feb/2008:16:59:27 +0100] "GET /bannerz/stasi-2-0.jpg HTTP/1.1" 200 42818 "http://www.various-euro.com/partnergegenberlin.html" "Mozilla/4.0 (compatible; MSIE 6.0; Windows NT 5.1; SV1; .NET CLR 1.1.4322; InfoPath.1)"
68.73.113.223 - - [16/Feb/2008:16:59:27 +0100] "GET /bannerz/kapitalismusdebatte.jpg HTTP/1.1" 200 69093 "http://www.various-euro.com/partnergegenberlin.html" "Mozilla/4.0 (compatible; MSIE 6.0; Windows NT 5.1; SV1; .NET CLR 1.1.4322; InfoPath.1)"
68.73.113.223 - - [16/Feb/2008:16:59:35 +0100] "GET /bannerz/logo-partnergegenberlin.png HTTP/1.1" 200 6341 "http://www.various-euro.com/partnergegenberlin.html" "Mozilla/4.0 (compatible; MSIE 6.0; Windows NT 5.1; SV1; .NET CLR 1.1.4322; InfoPath.1)"
68.73.113.223 - - [16/Feb/2008:16:59:47 +0100] "GET /framez-girlz.html HTTP/1.1" 200 4271 "-" "Mozilla/4.0 (compatible; MSIE 6.0; Windows NT 5.1; SV1; .NET CLR 1.1.4322; InfoPath.1)"
68.73.113.223 - - [16/Feb/2008:16:59:47 +0100] "GET /neon/girlz2.html HTTP/1.1" 200 2937 "http://www.various-euro.com/framez-girlz.html" "Mozilla/4.0 (compatible; MSIE 6.0; Windows NT 5.1; SV1; .NET CLR 1.1.4322; InfoPath.1)"
68.73.113.223 - - [16/Feb/2008:16:59:47 +0100] "GET /frame-menu.html HTTP/1.1" 200 10763 "http://www.various-euro.com/framez-girlz.html" "Mozilla/4.0 (compatible; MSIE 6.0; Windows NT 5.1; SV1; .NET CLR 1.1.4322; InfoPath.1)"
68.73.113.223 - - [16/Feb/2008:16:59:47 +0100] "GET /frame-unten.html HTTP/1.1" 200 5557 "http://www.various-euro.com/framez-girlz.html" "Mozilla/4.0 (compatible; MSIE 6.0; Windows NT 5.1; SV1; .NET CLR 1.1.4322; InfoPath.1)"
68.73.113.223 - - [16/Feb/2008:16:59:50 +0100] "GET /framez-girlz.html HTTP/1.1" 200 4271 "-" "Mozilla/4.0 (compatible; MSIE 6.0; Windows NT 5.1; SV1; .NET CLR 1.1.4322; InfoPath.1)"
68.73.113.223 - - [16/Feb/2008:16:59:50 +0100] "GET /frame-menu.html HTTP/1.1" 200 10763 "http://www.various-euro.com/framez-girlz.html" "Mozilla/4.0 (compatible; MSIE 6.0; Windows NT 5.1; SV1; .NET CLR 1.1.4322; InfoPath.1)"
68.73.113.223 - - [16/Feb/2008:16:59:50 +0100] "GET /frame-unten.html HTTP/1.1" 200 5557 "http://www.various-euro.com/framez-girlz.html" "Mozilla/4.0 (compatible; MSIE 6.0; Windows NT 5.1; SV1; .NET CLR 1.1.4322; InfoPath.1)"
68.73.113.223 - - [16/Feb/2008:16:59:55 +0100] "GET /neon/left-one-new.html HTTP/1.1" 200 1483 "http://www.various-euro.com/neon/girlz2.html" "Mozilla/4.0 (compatible; MSIE 6.0; Windows NT 5.1; SV1; .NET CLR 1.1.4322; InfoPath.1)"
68.73.113.223 - - [16/Feb/2008:16:59:56 +0100] "GET /bannerz/behindd.gif HTTP/1.1" 200 7760 "http://www.various-euro.com/neon/left-one-new.html" "Mozilla/4.0 (compatible; MSIE 6.0; Windows NT 5.1; SV1; .NET CLR 1.1.4322; InfoPath.1)"
68.73.113.223 - - [16/Feb/2008:17:00:12 +0100] "GET /neon/girlz2.html HTTP/1.1" 200 2937 "http://www.various-euro.com/neon/left-one-new.html" "Mozilla/4.0 (compatible; MSIE 6.0; Windows NT 5.1; SV1; .NET CLR 1.1.4322; InfoPath.1)"
68.73.113.223 - - [16/Feb/2008:17:00:23 +0100] "GET /framez-girlz.html HTTP/1.1" 200 4271 "-" "Mozilla/4.0 (compatible; MSIE 6.0; Windows NT 5.1; SV1; .NET CLR 1.1.4322; InfoPath.1)"
68.73.113.223 - - [16/Feb/2008:17:00:28 +0100] "GET /neon/girlz2.html HTTP/1.1" 200 2937 "http://www.various-euro.com/framez-girlz.html" "Mozilla/4.0 (compatible; MSIE 6.0; Windows NT 5.1; SV1; .NET CLR 1.1.4322; InfoPath.1)"
68.73.113.223 - - [16/Feb/2008:17:00:29 +0100] "GET /frame-unten.html HTTP/1.1" 200 5557 "http://www.various-euro.com/framez-girlz.html" "Mozilla/4.0 (compatible; MSIE 6.0; Windows NT 5.1; SV1; .NET CLR 1.1.4322; InfoPath.1)"
131.107.151.157 - - [16/Feb/2008:17:02:10 +0100] "GET /robots.txt HTTP/1.0" 200 64 "-" "MSRBOT (http://research.microsoft.com/research/sv/msrbot/"
74.6.24.116 - - [16/Feb/2008:17:33:17 +0100] "GET /robots.txt HTTP/1.0" 302 362 "-" "Mozilla/5.0 (compatible; Yahoo! Slurp; http://help.yahoo.com/help/us/ysearch/slurp)"
74.6.24.116 - - [16/Feb/2008:17:33:17 +0100] "GET /zampa/robots.txt HTTP/1.0" 404 2748 "-" "Mozilla/5.0 (compatible; Yahoo! Slurp; http://help.yahoo.com/help/us/ysearch/slurp)"
74.6.19.108 - - [16/Feb/2008:17:33:18 +0100] "GET / HTTP/1.0" 302 352 "-" "Mozilla/5.0 (compatible; Yahoo! Slurp; http://help.yahoo.com/help/us/ysearch/slurp)"
74.6.23.109 - - [16/Feb/2008:17:33:19 +0100] "GET /robots.txt HTTP/1.0" 200 64 "-" "Mozilla/5.0 (compatible; Yahoo! Slurp; http://help.yahoo.com/help/us/ysearch/slurp)"
74.6.19.108 - - [16/Feb/2008:17:33:19 +0100] "GET /zampa/ HTTP/1.0" 200 7153 "-" "Mozilla/5.0 (compatible; Yahoo! Slurp; http://help.yahoo.com/help/us/ysearch/slurp)"
65.55.209.101 - - [16/Feb/2008:17:49:05 +0100] "GET /robots.txt HTTP/1.1" 200 64 "-" "msnbot/1.0 (+http://search.msn.com/msnbot.htm)"
65.55.209.101 - - [16/Feb/2008:17:49:06 +0100] "GET /bmpp/18asi_2.html HTTP/1.1" 200 8674 "-" "msnbot/1.0 (+http://search.msn.com/msnbot.htm)"
74.6.25.16 - - [16/Feb/2008:17:59:02 +0100] "GET /f-maintitle.html HTTP/1.0" 200 5030 "-" "Mozilla/5.0 (compatible; Yahoo! Slurp; http://help.yahoo.com/help/us/ysearch/slurp)"
64.124.14.108 - - [16/Feb/2008:18:00:01 +0100] "GET / HTTP/1.1" 200 10335 "-" "Mozilla/4.0 (compatible; MSIE 6.0; Windows NT 5.0; DigExt)"
74.6.22.151 - - [16/Feb/2008:18:01:53 +0100] "GET /robots.txt HTTP/1.0" 200 64 "-" "Mozilla/5.0 (compatible; Yahoo! Slurp; http://help.yahoo.com/help/us/ysearch/slurp)"
74.6.22.151 - - [16/Feb/2008:18:01:53 +0100] "GET /neon/click.html HTTP/1.0" 200 521 "-" "Mozilla/5.0 (compatible; Yahoo! Slurp; http://help.yahoo.com/help/us/ysearch/slurp)"
65.214.45.123 - - [16/Feb/2008:18:11:51 +0100] "GET /robots.txt HTTP/1.0" 200 64 "-" "Mozilla/5.0 (compatible; Ask Jeeves/Teoma; +http://about.ask.com/en/docs/about/webmasters.shtml)"
65.214.45.123 - - [16/Feb/2008:18:11:51 +0100] "GET /zampa/lybia/index.html HTTP/1.0" 200 3036 "-" "Mozilla/5.0 (compatible; Ask Jeeves/Teoma; +http://about.ask.com/en/docs/about/webmasters.shtml)"
66.249.67.80 - - [16/Feb/2008:18:33:49 +0100] "GET /logz_old.html HTTP/1.1" 404 2748 "-" "Mozilla/5.0 (compatible; Googlebot/2.1; +http://www.google.com/bot.html)"
65.55.209.98 - - [16/Feb/2008:19:22:10 +0100] "GET /robots.txt HTTP/1.1" 200 64 "-" "msnbot/1.0 (+http://search.msn.com/msnbot.htm)"
65.55.209.98 - - [16/Feb/2008:19:22:12 +0100] "GET /neon/click.html HTTP/1.1" 200 521 "-" "msnbot/1.0 (+http://search.msn.com/msnbot.htm)"
66.249.67.80 - - [16/Feb/2008:19:44:13 +0100] "GET /zampa/wonderland/index.html HTTP/1.1" 200 2084 "-" "Mozilla/5.0 (compatible; Googlebot/2.1; +http://www.google.com/bot.html)"
72.30.216.100 - - [16/Feb/2008:20:09:18 +0100] "GET /framez-rez.html HTTP/1.0" 200 4323 "-" "Mozilla/5.0 (compatible; Yahoo! Slurp; http://help.yahoo.com/help/us/ysearch/slurp)"
72.30.216.100 - - [16/Feb/2008:20:09:20 +0100] "GET /frame-menu.html HTTP/1.0" 200 10763 "-" "Mozilla/5.0 (compatible; Yahoo! Slurp; http://help.yahoo.com/help/us/ysearch/slurp)"
72.30.216.100 - - [16/Feb/2008:20:09:21 +0100] "GET /f-rez.html HTTP/1.0" 200 9765 "-" "Mozilla/5.0 (compatible; Yahoo! Slurp; http://help.yahoo.com/help/us/ysearch/slurp)"
72.30.216.100 - - [16/Feb/2008:20:09:22 +0100] "GET /frame-unten.html HTTP/1.0" 200 5557 "-" "Mozilla/5.0 (compatible; Yahoo! Slurp; http://help.yahoo.com/help/us/ysearch/slurp)"
74.6.22.171 - - [16/Feb/2008:20:15:57 +0100] "GET /robots.txt HTTP/1.0" 200 64 "-" "Mozilla/5.0 (compatible; Yahoo! Slurp; http://help.yahoo.com/help/us/ysearch/slurp)"
74.6.22.171 - - [16/Feb/2008:20:15:57 +0100] "GET /logs/usage_200711.html HTTP/1.0" 200 109628 "-" "Mozilla/5.0 (compatible; Yahoo! Slurp; http://help.yahoo.com/help/us/ysearch/slurp)"
72.30.214.237 - - [16/Feb/2008:20:21:03 +0100] "GET / HTTP/1.0" 200 10335 "-" "Mozilla/5.0 (compatible; Yahoo! Slurp; http://help.yahoo.com/help/us/ysearch/slurp)"
74.6.22.153 - - [16/Feb/2008:20:42:11 +0100] "GET /zampa-lovers/ HTTP/1.0" 200 37790 "-" "Mozilla/5.0 (compatible; Yahoo! Slurp; http://help.yahoo.com/help/us/ysearch/slurp)"
66.249.67.80 - - [16/Feb/2008:20:55:04 +0100] "GET /3dsf3/sendi/communication.html HTTP/1.1" 200 1331 "-" "Mozilla/5.0 (compatible; Googlebot/2.1; +http://www.google.com/bot.html)"
72.18.151.6 - - [16/Feb/2008:20:57:44 +0100] "GET / HTTP/1.0" 200 10335 "-" "libwww-perl/5.805"
72.18.143.158 - - [16/Feb/2008:20:59:16 +0100] "GET /framez.html HTTP/1.0" 206 4130 "-" "libwww-perl/5.805"
208.223.208.181 - - [16/Feb/2008:21:04:56 +0100] "GET / HTTP/1.0" 200 10335 "-" "shelob v1.0"
74.6.25.211 - - [16/Feb/2008:21:30:21 +0100] "GET /schubb/schubb-2.html HTTP/1.0" 200 16660 "-" "Mozilla/5.0 (compatible; Yahoo! Slurp; http://help.yahoo.com/help/us/ysearch/slurp)"
74.6.26.18 - - [16/Feb/2008:22:14:25 +0100] "GET /schubb/ HTTP/1.0" 403 1223 "-" "Mozilla/5.0 (compatible; Yahoo! Slurp; http://help.yahoo.com/help/us/ysearch/slurp)"
203.198.8.56 - - [16/Feb/2008:22:18:59 +0100] "GET /robots.txt HTTP/1.0" 200 64 "http://majestic12.co.uk/bot.php?I=FDB3FA898730EA0F52942D7221197A38-1F9506C4FE898DBE-0000D03346313D42-www.various-euro.com" "Mozilla/5.0 (compatible; MJ12bot/v1.2.1; http://www.majestic12.co.uk/bot.php?+)"
203.198.8.56 - - [16/Feb/2008:22:19:04 +0100] "GET / HTTP/1.1" 200 10335 "-" "Mozilla/5.0 (compatible; MJ12bot/v1.2.1; http://www.majestic12.co.uk/bot.php?+)"
203.198.8.56 - - [16/Feb/2008:22:19:14 +0100] "GET /robots.txt HTTP/1.0" 302 362 "http://majestic12.co.uk/bot.php?I=FDB3FA898730EA0F52942D7221197A38-1F9506C4FE898DBE-0000D03346313D42-zampa.various-euro.com" "Mozilla/5.0 (compatible; MJ12bot/v1.2.1; http://www.majestic12.co.uk/bot.php?+)"
203.198.8.56 - - [16/Feb/2008:22:19:23 +0100] "GET / HTTP/1.1" 302 352 "-" "Mozilla/5.0 (compatible; MJ12bot/v1.2.1; http://www.majestic12.co.uk/bot.php?+)"
203.198.8.56 - - [16/Feb/2008:22:19:27 +0100] "GET /zampa/ HTTP/1.1" 200 7153 "http://zampa.various-euro.com" "Mozilla/5.0 (compatible; MJ12bot/v1.2.1; http://www.majestic12.co.uk/bot.php?+)"
74.6.22.151 - - [16/Feb/2008:22:28:42 +0100] "GET /zampa/ HTTP/1.0" 200 7153 "http://www.angelfire.com/psy/zampa-di-leone-zampa/" "Mozilla/5.0 (compatible; Yahoo! Slurp/3.0; http://help.yahoo.com/help/us/ysearch/slurp)"
74.6.22.151 - - [16/Feb/2008:22:28:42 +0100] "GET /zampa/montenegro/index.html HTTP/1.0" 200 2651 "http://www.angelfire.com/psy/zampa-di-leone-zampa/" "Mozilla/5.0 (compatible; Yahoo! Slurp/3.0; http://help.yahoo.com/help/us/ysearch/slurp)"
74.6.22.153 - - [16/Feb/2008:23:34:24 +0100] "GET /bmpp/euro_pal_111.html HTTP/1.0" 200 2129 "-" "Mozilla/5.0 (compatible; Yahoo! Slurp; http://help.yahoo.com/help/us/ysearch/slurp)"
74.6.25.211 - - [17/Feb/2008:00:03:17 +0100] "GET /schubb/schubb-2.html HTTP/1.0" 200 16660 "-" "Mozilla/5.0 (compatible; Yahoo! Slurp; http://help.yahoo.com/help/us/ysearch/slurp)"
74.6.22.40 - - [17/Feb/2008:01:02:07 +0100] "GET /neon/warning2.html HTTP/1.0" 200 997 "-" "Mozilla/5.0 (compatible; Yahoo! Slurp; http://help.yahoo.com/help/us/ysearch/slurp)"
74.6.22.151 - - [17/Feb/2008:01:08:59 +0100] "GET /framez.html HTTP/1.0" 200 4130 "-" "Mozilla/5.0 (X11; U; Linux i686 (x86_64); en-US; rv:1.8.1.4) Gecko/20071214 BonEcho/2.0.0.4"
74.6.22.151 - - [17/Feb/2008:01:09:05 +0100] "GET /frame-inhalt.html HTTP/1.0" 200 6025 "http://www.various-euro.com/framez.html" "Mozilla/5.0 (X11; U; Linux i686 (x86_64); en-US; rv:1.8.1.4) Gecko/20071214 BonEcho/2.0.0.4"
74.6.22.151 - - [17/Feb/2008:01:09:05 +0100] "GET /frame-unten.html HTTP/1.0" 200 5557 "http://www.various-euro.com/framez.html" "Mozilla/5.0 (X11; U; Linux i686 (x86_64); en-US; rv:1.8.1.4) Gecko/20071214 BonEcho/2.0.0.4"
74.6.22.151 - - [17/Feb/2008:01:09:05 +0100] "GET /frame-menu.html HTTP/1.0" 200 10763 "http://www.various-euro.com/framez.html" "Mozilla/5.0 (X11; U; Linux i686 (x86_64); en-US; rv:1.8.1.4) Gecko/20071214 BonEcho/2.0.0.4"
