74.6.25.232 - - [20/Feb/2008:19:08:43 +0100] "GET /zampa/montenegro/MILOW.html HTTP/1.0" 200 860 "-" "Mozilla/5.0 (compatible; Yahoo! Slurp; http://help.yahoo.com/help/us/ysearch/slurp)"
202.179.180.45 - - [20/Feb/2008:19:10:08 +0100] "GET /robots.txt HTTP/1.1" 302 363 "-" "Mozilla/4.0 (compatible; NaverBot/1.0; http://help.naver.com/delete_main.asp)"
202.179.180.45 - - [20/Feb/2008:19:10:14 +0100] "GET / HTTP/1.1" 302 353 "-" "Mozilla/4.0 (compatible; NaverBot/1.0; http://help.naver.com/delete_main.asp)"
202.179.180.45 - - [20/Feb/2008:19:18:57 +0100] "GET /robots.txt HTTP/1.1" 200 64 "-" "Mozilla/4.0 (compatible; NaverBot/1.0; http://help.naver.com/delete_main.asp)"
202.179.180.45 - - [20/Feb/2008:19:19:02 +0100] "GET / HTTP/1.1" 200 10335 "-" "Mozilla/4.0 (compatible; NaverBot/1.0; http://help.naver.com/delete_main.asp)"
202.179.180.45 - - [20/Feb/2008:19:19:09 +0100] "GET /framez_0.html HTTP/1.1" 200 12411 "-" "Mozilla/4.0 (compatible; NaverBot/1.0; http://help.naver.com/delete_main.asp)"
202.179.180.45 - - [20/Feb/2008:19:19:16 +0100] "GET /framez.html HTTP/1.1" 200 4130 "-" "Mozilla/4.0 (compatible; NaverBot/1.0; http://help.naver.com/delete_main.asp)"
202.179.180.45 - - [20/Feb/2008:19:19:22 +0100] "GET /frame-menu.html HTTP/1.1" 200 10763 "-" "Mozilla/4.0 (compatible; NaverBot/1.0; http://help.naver.com/delete_main.asp)"
202.179.180.45 - - [20/Feb/2008:19:19:28 +0100] "GET /frame-inhalt.html HTTP/1.1" 200 6025 "-" "Mozilla/4.0 (compatible; NaverBot/1.0; http://help.naver.com/delete_main.asp)"
202.179.180.45 - - [20/Feb/2008:19:19:35 +0100] "GET /frame-unten.html HTTP/1.1" 200 5557 "-" "Mozilla/4.0 (compatible; NaverBot/1.0; http://help.naver.com/delete_main.asp)"
74.6.24.102 - - [20/Feb/2008:19:52:44 +0100] "GET /warez.html HTTP/1.0" 200 9754 "-" "Mozilla/5.0 (compatible; Yahoo! Slurp; http://help.yahoo.com/help/us/ysearch/slurp)"
66.249.67.80 - - [20/Feb/2008:20:00:31 +0100] "GET /f-web.html HTTP/1.1" 200 13605 "-" "Mozilla/5.0 (compatible; Googlebot/2.1; +http://www.google.com/bot.html)"
74.6.25.212 - - [20/Feb/2008:20:04:13 +0100] "GET /sendi-agent/Interfiction-sendi.avi HTTP/1.0" 200 34633728 "-" "Mozilla/5.0 (compatible; Yahoo! Slurp; http://help.yahoo.com/help/us/ysearch/slurp)"
72.30.214.237 - - [20/Feb/2008:20:17:19 +0100] "GET / HTTP/1.0" 200 10335 "-" "Mozilla/5.0 (compatible; Yahoo! Slurp; http://help.yahoo.com/help/us/ysearch/slurp)"
74.6.25.125 - - [20/Feb/2008:20:17:54 +0100] "GET /bmpp/ HTTP/1.0" 403 1223 "-" "Mozilla/5.0 (compatible; Yahoo! Slurp; http://help.yahoo.com/help/us/ysearch/slurp)"
74.6.20.214 - - [20/Feb/2008:20:32:12 +0100] "GET /rez/fisztfull.mp4 HTTP/1.0" 200 5973230 "-" "Mozilla/5.0 (compatible; Yahoo! Slurp; http://help.yahoo.com/help/us/ysearch/slurp)"
74.6.23.229 - - [20/Feb/2008:20:32:44 +0100] "GET /schubb/schubb-3.html HTTP/1.0" 200 17546 "-" "Mozilla/5.0 (compatible; Yahoo! Slurp; http://help.yahoo.com/help/us/ysearch/slurp)"
65.55.209.102 - - [20/Feb/2008:20:50:01 +0100] "GET /robots.txt HTTP/1.1" 200 64 "-" "msnbot/1.0 (+http://search.msn.com/msnbot.htm)"
65.55.209.102 - - [20/Feb/2008:20:50:02 +0100] "GET /3dsf3/sendi/catastrophe.html HTTP/1.1" 200 1322 "-" "msnbot/1.0 (+http://search.msn.com/msnbot.htm)"
65.55.209.102 - - [20/Feb/2008:20:50:58 +0100] "GET /3dsf3/sendi/connection.html HTTP/1.1" 200 1336 "-" "msnbot/1.0 (+http://search.msn.com/msnbot.htm)"
74.6.19.200 - - [20/Feb/2008:21:14:24 +0100] "GET /rez/ HTTP/1.0" 403 1223 "-" "Mozilla/5.0 (compatible; Yahoo! Slurp; http://help.yahoo.com/help/us/ysearch/slurp)"
66.249.67.80 - - [20/Feb/2008:21:39:43 +0100] "GET /f-doku-brau.html HTTP/1.1" 200 7152 "-" "Mozilla/5.0 (compatible; Googlebot/2.1; +http://www.google.com/bot.html)"
66.249.67.80 - - [20/Feb/2008:22:34:31 +0100] "GET /partnergegenberlin.html HTTP/1.1" 200 5022 "-" "Mozilla/5.0 (compatible; Googlebot/2.1; +http://www.google.com/bot.html)"
66.249.67.80 - - [20/Feb/2008:22:34:31 +0100] "GET /games/virtualcop/virtualcop.html HTTP/1.1" 200 4487 "-" "Mozilla/5.0 (compatible; Googlebot/2.1; +http://www.google.com/bot.html)"
66.249.67.80 - - [20/Feb/2008:22:34:32 +0100] "GET /framez_0.html HTTP/1.1" 200 12411 "-" "Mozilla/5.0 (compatible; Googlebot/2.1; +http://www.google.com/bot.html)"
66.249.67.80 - - [20/Feb/2008:22:34:33 +0100] "GET /frame-inhalt.html HTTP/1.1" 200 6025 "-" "Mozilla/5.0 (compatible; Googlebot/2.1; +http://www.google.com/bot.html)"
66.249.67.80 - - [20/Feb/2008:22:34:34 +0100] "GET /frame-menu.html HTTP/1.1" 200 10763 "-" "Mozilla/5.0 (compatible; Googlebot/2.1; +http://www.google.com/bot.html)"
66.249.67.80 - - [20/Feb/2008:22:34:35 +0100] "GET /frame-unten.html HTTP/1.1" 200 5557 "-" "Mozilla/5.0 (compatible; Googlebot/2.1; +http://www.google.com/bot.html)"
66.249.67.80 - - [20/Feb/2008:22:34:41 +0100] "GET /f-rez.html HTTP/1.1" 200 9765 "-" "Mozilla/5.0 (compatible; Googlebot/2.1; +http://www.google.com/bot.html)"
66.249.67.80 - - [20/Feb/2008:22:34:55 +0100] "GET /f-horrorkatze.html HTTP/1.1" 200 7865 "-" "Mozilla/5.0 (compatible; Googlebot/2.1; +http://www.google.com/bot.html)"
80.253.81.45 - - [20/Feb/2008:22:47:29 +0100] "GET / HTTP/1.1" 200 10335 "-" "Microsoft URL Control - 6.00.8862"
65.214.45.123 - - [20/Feb/2008:23:05:09 +0100] "GET /robots.txt HTTP/1.0" 200 64 "-" "Mozilla/5.0 (compatible; Ask Jeeves/Teoma; +http://about.ask.com/en/docs/about/webmasters.shtml)"
65.214.45.123 - - [20/Feb/2008:23:05:09 +0100] "GET /restate_copy.html HTTP/1.0" 200 97631 "-" "Mozilla/5.0 (compatible; Ask Jeeves/Teoma; +http://about.ask.com/en/docs/about/webmasters.shtml)"
66.249.67.80 - - [20/Feb/2008:23:13:30 +0100] "GET /schubb/schubb-3.html HTTP/1.1" 200 17546 "-" "Mozilla/5.0 (compatible; Googlebot/2.1; +http://www.google.com/bot.html)"
74.6.20.71 - - [20/Feb/2008:23:30:25 +0100] "GET /DgH/rampe/index.html HTTP/1.0" 200 2056 "-" "Mozilla/5.0 (compatible; Yahoo! Slurp; http://help.yahoo.com/help/us/ysearch/slurp)"
65.55.209.100 - - [20/Feb/2008:23:33:26 +0100] "GET /robots.txt HTTP/1.1" 200 64 "-" "msnbot/1.0 (+http://search.msn.com/msnbot.htm)"
65.55.209.100 - - [20/Feb/2008:23:33:27 +0100] "GET /neon/slow-walk.html HTTP/1.1" 200 1640 "-" "msnbot/1.0 (+http://search.msn.com/msnbot.htm)"
74.6.26.113 - - [20/Feb/2008:23:40:35 +0100] "GET /DgH/rampe/ HTTP/1.0" 200 2056 "-" "Mozilla/5.0 (compatible; Yahoo! Slurp; http://help.yahoo.com/help/us/ysearch/slurp)"
74.6.27.103 - - [20/Feb/2008:23:56:30 +0100] "GET /world.html HTTP/1.0" 200 16295 "-" "Mozilla/5.0 (compatible; Yahoo! Slurp; http://help.yahoo.com/help/us/ysearch/slurp)"
74.6.22.139 - - [21/Feb/2008:00:01:41 +0100] "GET /robots.txt HTTP/1.0" 200 64 "-" "Mozilla/5.0 (compatible; Yahoo! Slurp; http://help.yahoo.com/help/us/ysearch/slurp)"
74.6.22.139 - - [21/Feb/2008:00:01:42 +0100] "GET /DgH/watch/index.html HTTP/1.0" 200 2028 "-" "Mozilla/5.0 (X11; U; Linux i686 (x86_64); en-US; rv:1.8.1.4) Gecko/20071214 BonEcho/2.0.0.4"
74.6.22.139 - - [21/Feb/2008:00:01:44 +0100] "GET /DgH/watch/pict/Watch.mp3 HTTP/1.0" 200 29938 "http://www.various-euro.com/DgH/watch/index.html" "Mozilla/5.0 (X11; U; Linux i686 (x86_64); en-US; rv:1.8.1.4) Gecko/20071214 BonEcho/2.0.0.4"
208.80.193.53 - - [21/Feb/2008:00:19:42 +0100] "GET / HTTP/1.1" 200 10335 "-" "Mozilla/4.0 (compatible; MSIE 7.0; Windows NT 5.1; SV1; .NET CLR 1.1.4322; ZangoToolbar 4.8.3)"
208.80.193.53 - - [21/Feb/2008:00:19:42 +0100] "GET / HTTP/1.1" 200 10335 "-" "Mozilla/4.0 (compatible; MSIE 7.0; Windows NT 5.1; .NET CLR 1.1.4322; .NET CLR 2.0.50727; Creative ZENcast v1.02.12)"
64.34.145.201 - - [21/Feb/2008:00:22:50 +0100] "GET /robots.txt HTTP/1.0" 200 64 "-" "SBIder/SBIder-0.8.2-dev (http://www.sitesell.com/sbider.html)"
64.34.145.201 - - [21/Feb/2008:00:22:50 +0100] "GET /web.html HTTP/1.0" 404 2748 "-" "SBIder/SBIder-0.8.2-dev (http://www.sitesell.com/sbider.html)"
64.34.145.201 - - [21/Feb/2008:01:31:06 +0100] "GET /robots.txt HTTP/1.0" 200 64 "-" "SBIder/SBIder-0.8.2-dev (http://www.sitesell.com/sbider.html)"
64.34.145.201 - - [21/Feb/2008:01:31:06 +0100] "GET /DgH/bull/index.html HTTP/1.0" 200 1915 "-" "SBIder/SBIder-0.8.2-dev (http://www.sitesell.com/sbider.html)"
74.6.24.219 - - [21/Feb/2008:02:17:37 +0100] "GET /games/crashdown/ HTTP/1.0" 403 1223 "-" "Mozilla/5.0 (compatible; Yahoo! Slurp; http://help.yahoo.com/help/us/ysearch/slurp)"
65.214.45.101 - - [21/Feb/2008:02:29:51 +0100] "GET /robots.txt HTTP/1.0" 200 64 "-" "Mozilla/5.0 (compatible; Ask Jeeves/Teoma; +http://about.ask.com/en/docs/about/webmasters.shtml)"
65.214.45.101 - - [21/Feb/2008:02:29:52 +0100] "GET /neon/girlz2.html HTTP/1.0" 200 2937 "-" "Mozilla/5.0 (compatible; Ask Jeeves/Teoma; +http://about.ask.com/en/docs/about/webmasters.shtml)"
74.6.22.139 - - [21/Feb/2008:03:04:44 +0100] "GET /f-rez.html HTTP/1.0" 200 9765 "-" "Mozilla/5.0 (compatible; Yahoo! Slurp; http://help.yahoo.com/help/us/ysearch/slurp)"
72.30.216.100 - - [21/Feb/2008:03:19:45 +0100] "GET /framez-rez.html HTTP/1.0" 200 4323 "-" "Mozilla/5.0 (compatible; Yahoo! Slurp; http://help.yahoo.com/help/us/ysearch/slurp)"
72.30.216.100 - - [21/Feb/2008:03:19:45 +0100] "GET /frame-menu.html HTTP/1.0" 200 10763 "-" "Mozilla/5.0 (compatible; Yahoo! Slurp; http://help.yahoo.com/help/us/ysearch/slurp)"
72.30.216.100 - - [21/Feb/2008:03:19:46 +0100] "GET /f-rez.html HTTP/1.0" 200 9765 "-" "Mozilla/5.0 (compatible; Yahoo! Slurp; http://help.yahoo.com/help/us/ysearch/slurp)"
72.30.216.100 - - [21/Feb/2008:03:19:47 +0100] "GET /frame-unten.html HTTP/1.0" 200 5557 "-" "Mozilla/5.0 (compatible; Yahoo! Slurp; http://help.yahoo.com/help/us/ysearch/slurp)"
74.6.22.139 - - [21/Feb/2008:03:21:52 +0100] "GET /your_tour.html HTTP/1.0" 200 29413 "-" "Mozilla/5.0 (compatible; Yahoo! Slurp; http://help.yahoo.com/help/us/ysearch/slurp)"
74.6.23.77 - - [21/Feb/2008:03:36:52 +0100] "GET /logs/usage_200701.html HTTP/1.0" 200 109268 "-" "Mozilla/5.0 (compatible; Yahoo! Slurp; http://help.yahoo.com/help/us/ysearch/slurp)"
64.34.145.194 - - [21/Feb/2008:03:41:25 +0100] "GET /robots.txt HTTP/1.0" 200 64 "-" "SBIder/SBIder-0.8.2-dev (http://www.sitesell.com/sbider.html)"
64.34.145.194 - - [21/Feb/2008:03:41:25 +0100] "GET /robots.txt HTTP/1.0" 200 64 "-" "SBIder/SBIder-0.8.2-dev (http://www.sitesell.com/sbider.html)"
64.34.145.194 - - [21/Feb/2008:03:41:25 +0100] "GET /warez.html HTTP/1.0" 200 9754 "-" "SBIder/SBIder-0.8.2-dev (http://www.sitesell.com/sbider.html)"
64.34.145.194 - - [21/Feb/2008:03:41:29 +0100] "GET /search.html HTTP/1.0" 404 2748 "-" "SBIder/SBIder-0.8.2-dev (http://www.sitesell.com/sbider.html)"
59.106.82.243 - - [21/Feb/2008:03:48:58 +0100] "GET /robots.txt HTTP/1.0" 200 64 "-" "Mozilla/5.0 (Windows; U; Windows NT 5.1; ja; rv:1.8.1.7) Gecko/20070914 Firefox/2.0.0.7/Mozilla/5.0 (MaSagool; http://sagool.jp/)"
59.106.82.243 - - [21/Feb/2008:03:49:01 +0100] "GET / HTTP/1.0" 200 10335 "-" "Mozilla/5.0 (Windows; U; Windows NT 5.1; ja; rv:1.8.1.7) Gecko/20070914 Firefox/2.0.0.7/Mozilla/5.0 (MaSagool; http://sagool.jp/)"
77.91.224.15 - - [21/Feb/2008:03:59:14 +0100] "GET /framez-rez.html HTTP/1.1" 200 4323 "-" "WebAlta Crawler/2.0 (http://www.webalta.net/ru/about_webmaster.html) (Windows; U; Windows NT 5.1; ru-RU)"
131.107.151.157 - - [21/Feb/2008:04:02:07 +0100] "GET /robots.txt HTTP/1.0" 200 64 "-" "MSRBOT (http://research.microsoft.com/research/sv/msrbot/"
74.6.20.105 - - [21/Feb/2008:04:34:04 +0100] "GET /f-search.html HTTP/1.0" 200 10850 "-" "Mozilla/5.0 (compatible; Yahoo! Slurp; http://help.yahoo.com/help/us/ysearch/slurp)"
63.123.238.50 - - [21/Feb/2008:04:44:40 +0100] "GET /neon/girlz2.html HTTP/1.0" 200 2937 "-" "Mozilla/5.0 (compatible; Ask Jeeves/Teoma; +http://about.ask.com/en/docs/about/webmasters.shtml)"
63.123.238.52 - - [21/Feb/2008:04:44:43 +0100] "GET /framez-girlz.html HTTP/1.0" 200 4271 "-" "Mozilla/5.0 (compatible; Ask Jeeves/Teoma; +http://about.ask.com/en/docs/about/webmasters.shtml)"
63.123.238.52 - - [21/Feb/2008:04:44:43 +0100] "GET /frame-menu.html HTTP/1.0" 200 10763 "-" "Mozilla/5.0 (compatible; Ask Jeeves/Teoma; +http://about.ask.com/en/docs/about/webmasters.shtml)"
63.123.238.52 - - [21/Feb/2008:04:44:44 +0100] "GET /neon/girlz2.html HTTP/1.0" 200 2937 "-" "Mozilla/5.0 (compatible; Ask Jeeves/Teoma; +http://about.ask.com/en/docs/about/webmasters.shtml)"
63.123.238.52 - - [21/Feb/2008:04:44:44 +0100] "GET /frame-unten.html HTTP/1.0" 200 5557 "-" "Mozilla/5.0 (compatible; Ask Jeeves/Teoma; +http://about.ask.com/en/docs/about/webmasters.shtml)"
63.123.238.52 - - [21/Feb/2008:04:44:46 +0100] "GET /framez.html HTTP/1.0" 200 4130 "-" "Mozilla/5.0 (compatible; Ask Jeeves/Teoma; +http://about.ask.com/en/docs/about/webmasters.shtml)"
63.123.238.52 - - [21/Feb/2008:04:44:46 +0100] "GET /frame-inhalt.html HTTP/1.0" 200 6025 "-" "Mozilla/5.0 (compatible; Ask Jeeves/Teoma; +http://about.ask.com/en/docs/about/webmasters.shtml)"
74.6.24.162 - - [21/Feb/2008:04:45:26 +0100] "GET /zampa HTTP/1.0" 301 375 "-" "Mozilla/5.0 (compatible; Yahoo! Slurp; http://help.yahoo.com/help/us/ysearch/slurp)"
74.6.24.162 - - [21/Feb/2008:04:45:26 +0100] "GET /zampa/ HTTP/1.0" 200 7153 "-" "Mozilla/5.0 (compatible; Yahoo! Slurp; http://help.yahoo.com/help/us/ysearch/slurp)"
212.143.22.168 - - [21/Feb/2008:04:59:53 +0100] "GET /zampa-lovers/ZAMPAMAS.MPG HTTP/1.1" 206 520196 "-" "Mozilla/4.0 (compatible; MSIE 5.0; Windows 98; DigExt)"
66.231.188.163 - - [21/Feb/2008:05:08:59 +0100] "GET /robots.txt HTTP/1.0" 200 64 "-" "Gigabot/3.0 (http://www.gigablast.com/spider.html)"
66.231.188.150 - - [21/Feb/2008:05:09:00 +0100] "GET / HTTP/1.0" 200 10335 "-" "Gigabot/3.0 (http://www.gigablast.com/spider.html)"
74.6.22.139 - - [21/Feb/2008:05:45:18 +0100] "GET /framez-rez.html HTTP/1.0" 200 4323 "-" "Mozilla/5.0 (compatible; Yahoo! Slurp; http://help.yahoo.com/help/us/ysearch/slurp)"
74.6.22.139 - - [21/Feb/2008:05:47:19 +0100] "GET /frame-menu.html HTTP/1.0" 200 10763 "-" "Mozilla/5.0 (compatible; Yahoo! Slurp; http://help.yahoo.com/help/us/ysearch/slurp)"
74.6.22.139 - - [21/Feb/2008:05:48:20 +0100] "GET /f-rez.html HTTP/1.0" 200 9765 "-" "Mozilla/5.0 (compatible; Yahoo! Slurp; http://help.yahoo.com/help/us/ysearch/slurp)"
74.6.22.139 - - [21/Feb/2008:05:49:34 +0100] "GET /frame-unten.html HTTP/1.0" 200 5557 "-" "Mozilla/5.0 (compatible; Yahoo! Slurp; http://help.yahoo.com/help/us/ysearch/slurp)"
74.6.22.139 - - [21/Feb/2008:06:22:16 +0100] "GET /f-other.html HTTP/1.0" 200 33189 "-" "Mozilla/5.0 (compatible; Yahoo! Slurp; http://help.yahoo.com/help/us/ysearch/slurp)"
193.252.149.15 - - [21/Feb/2008:06:45:37 +0100] "GET /robots.txt HTTP/1.1" 200 64 "-" "Mozilla/5.0 (Windows; U; Windows NT 5.1; fr; rv:1.8.1) VoilaBot BETA 1.2 (http://www.voila.com/)"
193.252.149.15 - - [21/Feb/2008:06:45:39 +0100] "GET /contact.html HTTP/1.1" 404 2748 "-" "Mozilla/5.0 (Windows; U; Windows NT 5.1; fr; rv:1.8.1) VoilaBot BETA 1.2 (http://www.voila.com/)"
66.249.67.80 - - [21/Feb/2008:06:57:55 +0100] "GET /robots.txt HTTP/1.1" 200 64 "-" "Mozilla/5.0 (compatible; Googlebot/2.1; +http://www.google.com/bot.html)"
66.249.67.80 - - [21/Feb/2008:06:57:55 +0100] "GET /framez-world.html HTTP/1.1" 200 4325 "-" "Mozilla/5.0 (compatible; Googlebot/2.1; +http://www.google.com/bot.html)"
81.52.143.15 - - [21/Feb/2008:07:50:54 +0100] "GET /robots.txt HTTP/1.1" 200 64 "-" "Mozilla/5.0 (Windows; U; Windows NT 5.1; fr; rv:1.8.1) VoilaBot BETA 1.2 (http://www.voila.com/)"
81.52.143.15 - - [21/Feb/2008:07:50:56 +0100] "GET /f-links.html HTTP/1.1" 404 2748 "-" "Mozilla/5.0 (Windows; U; Windows NT 5.1; fr; rv:1.8.1) VoilaBot BETA 1.2 (http://www.voila.com/)"
207.68.234.187 - - [21/Feb/2008:08:03:26 +0100] "GET http://various-euro.com/sd3/ HTTP/1.0" 404 2748 "http://various-euro.com/sd3/" "Mozilla/4.0 (compatible; MSIE 6.0; Windows NT 5.1)"
207.68.234.187 - - [21/Feb/2008:08:03:26 +0100] "GET http://various-euro.com/SD3/ HTTP/1.0" 404 2748 "http://various-euro.com/SD3/" "Mozilla/4.0 (compatible; MSIE 6.0; Windows NT 5.1)"
207.68.234.187 - - [21/Feb/2008:08:03:28 +0100] "GET http://various-euro.com/CMS 3.0/ HTTP/1.0" 404 2748 "http://various-euro.com/CMS 3.0/" "Mozilla/4.0 (compatible; MSIE 6.0; Windows NT 5.1)"
67.195.44.110 - - [21/Feb/2008:08:20:50 +0100] "GET /robots.txt HTTP/1.0" 200 64 "-" "Mozilla/5.0 (compatible; Yahoo! Slurp; http://help.yahoo.com/help/us/ysearch/slurp)"
67.195.44.85 - - [21/Feb/2008:08:21:02 +0100] "GET /framez-rez.html HTTP/1.0" 200 4323 "-" "Mozilla/5.0 (compatible; Yahoo! Slurp; http://help.yahoo.com/help/us/ysearch/slurp)"
67.195.44.85 - - [21/Feb/2008:08:21:46 +0100] "GET /frame-menu.html HTTP/1.0" 200 10763 "-" "Mozilla/5.0 (compatible; Yahoo! Slurp; http://help.yahoo.com/help/us/ysearch/slurp)"
67.195.44.85 - - [21/Feb/2008:08:22:16 +0100] "GET /f-rez.html HTTP/1.0" 200 9765 "-" "Mozilla/5.0 (compatible; Yahoo! Slurp; http://help.yahoo.com/help/us/ysearch/slurp)"
74.6.23.109 - - [21/Feb/2008:08:23:01 +0100] "GET /robots.txt HTTP/1.0" 200 64 "-" "Mozilla/5.0 (compatible; Yahoo! Slurp; http://help.yahoo.com/help/us/ysearch/slurp)"
74.6.22.221 - - [21/Feb/2008:08:23:01 +0100] "GET /zampa-lovers/ HTTP/1.0" 200 37790 "-" "Mozilla/5.0 (compatible; Yahoo! Slurp; http://help.yahoo.com/help/us/ysearch/slurp)"
67.195.44.85 - - [21/Feb/2008:08:23:21 +0100] "GET /frame-unten.html HTTP/1.0" 200 5557 "-" "Mozilla/5.0 (compatible; Yahoo! Slurp; http://help.yahoo.com/help/us/ysearch/slurp)"
202.160.180.184 - - [21/Feb/2008:08:29:38 +0100] "GET /robots.txt HTTP/1.0" 200 64 "-" "Mozilla/5.0 (compatible; Yahoo! Slurp China; http://misc.yahoo.com.cn/help.html)"
202.160.180.88 - - [21/Feb/2008:08:29:56 +0100] "GET / HTTP/1.0" 200 10335 "-" "Mozilla/5.0 (compatible; Yahoo! Slurp China; http://misc.yahoo.com.cn/help.html)"
65.214.45.123 - - [21/Feb/2008:09:19:33 +0100] "GET /f-doku-brau.html HTTP/1.0" 200 7152 "-" "Mozilla/5.0 (compatible; Ask Jeeves/Teoma; +http://about.ask.com/en/docs/about/webmasters.shtml)"
66.249.67.80 - - [21/Feb/2008:10:54:00 +0100] "GET /framez-schubb5.html HTTP/1.1" 200 4330 "-" "Mozilla/5.0 (compatible; Googlebot/2.1; +http://www.google.com/bot.html)"
210.95.179.139 - - [21/Feb/2008:10:57:57 +0100] "GET / HTTP/1.0" 200 10335 "-" "Python-urllib/1.17"
64.182.124.212 - - [21/Feb/2008:11:15:49 +0100] "GET / HTTP/1.1" 200 10335 "http://uncensoredwebsearch.com/" "Mozilla/5.0"
59.92.162.191 - - [21/Feb/2008:11:30:35 +0100] "GET / HTTP/1.1" 302 353 "http://search.mywebsearch.com/mywebsearch/AJmain.jhtml?searchfor=muda.org&st=site&ptnrS=&t=" "Mozilla/4.0 (compatible; MSIE 6.0; Windows NT 5.1; SV1; FunWebProducts; .NET CLR 1.1.4322)"
59.92.162.191 - - [21/Feb/2008:11:30:36 +0100] "GET /zampa/ HTTP/1.1" 200 7153 "http://search.mywebsearch.com/mywebsearch/AJmain.jhtml?searchfor=muda.org&st=site&ptnrS=&t=" "Mozilla/4.0 (compatible; MSIE 6.0; Windows NT 5.1; SV1; FunWebProducts; .NET CLR 1.1.4322)"
59.92.162.191 - - [21/Feb/2008:11:30:37 +0100] "GET /zampa/slike/udupetu.gif HTTP/1.1" 200 4138 "http://www.various-euro.com/zampa/" "Mozilla/4.0 (compatible; MSIE 6.0; Windows NT 5.1; SV1; FunWebProducts; .NET CLR 1.1.4322)"
59.92.162.191 - - [21/Feb/2008:11:30:37 +0100] "GET /zampa/slike/zampa.gif HTTP/1.1" 200 5310 "http://www.various-euro.com/zampa/" "Mozilla/4.0 (compatible; MSIE 6.0; Windows NT 5.1; SV1; FunWebProducts; .NET CLR 1.1.4322)"
59.92.162.191 - - [21/Feb/2008:11:30:38 +0100] "GET /zampa/slike/inthearse.gif HTTP/1.1" 200 4077 "http://www.various-euro.com/zampa/" "Mozilla/4.0 (compatible; MSIE 6.0; Windows NT 5.1; SV1; FunWebProducts; .NET CLR 1.1.4322)"
59.92.162.191 - - [21/Feb/2008:11:30:54 +0100] "GET /zampa/slike/S7MEDIAA.GIF HTTP/1.1" 200 45793 "http://www.various-euro.com/zampa/" "Mozilla/4.0 (compatible; MSIE 6.0; Windows NT 5.1; SV1; FunWebProducts; .NET CLR 1.1.4322)"
59.92.162.191 - - [21/Feb/2008:11:31:19 +0100] "GET /zampa/slike/S7MEDIAA.GIF HTTP/1.1" 304 - "http://www.various-euro.com/zampa/" "Mozilla/4.0 (compatible; MSIE 6.0; Windows NT 5.1; SV1; FunWebProducts; .NET CLR 1.1.4322)"
74.6.8.107 - - [21/Feb/2008:11:35:02 +0100] "GET /robots.txt HTTP/1.0" 200 64 "-" "Mozilla/5.0 (compatible; Yahoo! Slurp; http://help.yahoo.com/help/us/ysearch/slurp)"
74.6.8.107 - - [21/Feb/2008:11:35:02 +0100] "GET /zampa-lovers/index.html HTTP/1.0" 200 37790 "-" "Mozilla/5.0 (compatible; Yahoo! Slurp; http://help.yahoo.com/help/us/ysearch/slurp)"
65.55.209.99 - - [21/Feb/2008:12:07:15 +0100] "GET /robots.txt HTTP/1.1" 200 64 "-" "msnbot/1.0 (+http://search.msn.com/msnbot.htm)"
65.55.209.99 - - [21/Feb/2008:12:07:16 +0100] "GET /zampa/montenegro/dajpare.html HTTP/1.1" 200 2503 "-" "msnbot/1.0 (+http://search.msn.com/msnbot.htm)"
64.124.14.104 - - [21/Feb/2008:12:44:57 +0100] "GET / HTTP/1.1" 200 10335 "-" "Mozilla/5.0 (Windows; U; Windows NT 5.0; en-US; rv:0.9.4) Gecko/20011128 Netscape6/6.2.1"
74.6.28.38 - - [21/Feb/2008:12:57:20 +0100] "GET /games/3dswat/3dswat.swf HTTP/1.0" 200 237429 "-" "Mozilla/5.0 (compatible; Yahoo! Slurp; http://help.yahoo.com/help/us/ysearch/slurp)"
65.55.209.98 - - [21/Feb/2008:13:48:21 +0100] "GET /robots.txt HTTP/1.1" 200 64 "-" "msnbot/1.0 (+http://search.msn.com/msnbot.htm)"
65.55.209.98 - - [21/Feb/2008:13:48:22 +0100] "GET /triple-double-u/ HTTP/1.1" 403 1223 "-" "msnbot/1.0 (+http://search.msn.com/msnbot.htm)"
74.6.28.169 - - [21/Feb/2008:14:12:26 +0100] "GET /schubb/schubb-1.html HTTP/1.0" 200 9070 "-" "Mozilla/5.0 (compatible; Yahoo! Slurp; http://help.yahoo.com/help/us/ysearch/slurp)"
74.6.8.114 - - [21/Feb/2008:14:20:38 +0100] "GET /robots.txt HTTP/1.0" 200 64 "-" "Mozilla/5.0 (compatible; Yahoo! Slurp; http://help.yahoo.com/help/us/ysearch/slurp)"
74.6.8.114 - - [21/Feb/2008:14:20:39 +0100] "GET /partnergegenberlin.html HTTP/1.0" 200 5022 "-" "Mozilla/5.0 (X11; U; Linux i686 (x86_64); en-US; rv:1.8.1.4) Gecko/20071214 BonEcho/2.0.0.4"
74.6.23.101 - - [21/Feb/2008:14:42:47 +0100] "GET /frame-inhalt.html HTTP/1.0" 200 6025 "-" "Mozilla/5.0 (compatible; Yahoo! Slurp; http://help.yahoo.com/help/us/ysearch/slurp)"
65.55.209.98 - - [21/Feb/2008:16:15:40 +0100] "GET /zampa/montenegro/contributions.html HTTP/1.1" 200 18843 "-" "msnbot/1.0 (+http://search.msn.com/msnbot.htm)"
65.214.45.123 - - [21/Feb/2008:16:17:44 +0100] "GET /robots.txt HTTP/1.0" 200 64 "-" "Mozilla/5.0 (compatible; Ask Jeeves/Teoma; +http://about.ask.com/en/docs/about/webmasters.shtml)"
65.214.45.123 - - [21/Feb/2008:16:17:44 +0100] "GET /neon/girlz2.html HTTP/1.0" 200 2937 "-" "Mozilla/5.0 (compatible; Ask Jeeves/Teoma; +http://about.ask.com/en/docs/about/webmasters.shtml)"
65.55.209.97 - - [21/Feb/2008:17:02:03 +0100] "GET /robots.txt HTTP/1.1" 200 64 "-" "msnbot/1.0 (+http://search.msn.com/msnbot.htm)"
65.55.209.97 - - [21/Feb/2008:17:02:04 +0100] "GET /neon/slow-walk2.html HTTP/1.1" 200 1777 "-" "msnbot/1.0 (+http://search.msn.com/msnbot.htm)"
66.231.188.178 - - [21/Feb/2008:17:31:06 +0100] "GET /robots.txt HTTP/1.0" 200 64 "-" "Gigabot/3.0 (http://www.gigablast.com/spider.html)"
66.231.188.154 - - [21/Feb/2008:17:31:34 +0100] "GET /robots.txt HTTP/1.0" 302 363 "-" "Gigabot/3.0 (http://www.gigablast.com/spider.html)"
66.231.188.150 - - [21/Feb/2008:17:31:35 +0100] "GET / HTTP/1.0" 302 353 "-" "Gigabot/3.0 (http://www.gigablast.com/spider.html)"
66.231.188.150 - - [21/Feb/2008:17:33:14 +0100] "GET /zampa/ HTTP/1.0" 200 7153 "-" "Gigabot/3.0 (http://www.gigablast.com/spider.html)"
202.160.180.184 - - [21/Feb/2008:18:14:23 +0100] "GET /robots.txt HTTP/1.0" 200 64 "-" "Mozilla/5.0 (compatible; Yahoo! Slurp China; http://misc.yahoo.com.cn/help.html)"
202.160.178.171 - - [21/Feb/2008:18:14:30 +0100] "GET /framez-rez.html HTTP/1.0" 200 4323 "-" "Mozilla/5.0 (compatible; Yahoo! Slurp China; http://misc.yahoo.com.cn/help.html)"
202.160.178.171 - - [21/Feb/2008:18:15:27 +0100] "GET /frame-menu.html HTTP/1.0" 200 10763 "-" "Mozilla/5.0 (compatible; Yahoo! Slurp China; http://misc.yahoo.com.cn/help.html)"
202.160.178.171 - - [21/Feb/2008:18:15:51 +0100] "GET /f-rez.html HTTP/1.0" 200 9765 "-" "Mozilla/5.0 (compatible; Yahoo! Slurp China; http://misc.yahoo.com.cn/help.html)"
202.160.178.171 - - [21/Feb/2008:18:16:15 +0100] "GET /frame-unten.html HTTP/1.0" 200 5557 "-" "Mozilla/5.0 (compatible; Yahoo! Slurp China; http://misc.yahoo.com.cn/help.html)"
74.6.23.109 - - [21/Feb/2008:18:22:22 +0100] "GET /robots.txt HTTP/1.0" 200 64 "-" "Mozilla/5.0 (compatible; Yahoo! Slurp; http://help.yahoo.com/help/us/ysearch/slurp)"
74.6.26.13 - - [21/Feb/2008:18:22:23 +0100] "GET /f-rez.html HTTP/1.0" 200 9765 "-" "Mozilla/5.0 (compatible; Yahoo! Slurp; http://help.yahoo.com/help/us/ysearch/slurp)"
74.6.8.114 - - [21/Feb/2008:19:12:14 +0100] "GET /robots.txt HTTP/1.0" 200 64 "-" "Mozilla/5.0 (compatible; Yahoo! Slurp; http://help.yahoo.com/help/us/ysearch/slurp)"
74.6.8.114 - - [21/Feb/2008:19:12:18 +0100] "GET /f-bannnerz.html HTTP/1.0" 200 12651 "-" "Mozilla/5.0 (compatible; Yahoo! Slurp; http://help.yahoo.com/help/us/ysearch/slurp)"
74.6.8.114 - - [21/Feb/2008:19:18:22 +0100] "GET /frame-inhalt.html HTTP/1.0" 200 6025 "-" "Mozilla/5.0 (compatible; Yahoo! Slurp; http://help.yahoo.com/help/us/ysearch/slurp)"
66.231.188.178 - - [21/Feb/2008:19:36:47 +0100] "GET /robots.txt HTTP/1.0" 200 64 "-" "Gigabot/3.0 (http://www.gigablast.com/spider.html)"
213.65.86.42 - - [21/Feb/2008:21:47:33 +0100] "GET /slike/zampa.gif HTTP/1.1" 302 368 "http://www.playaudiovideo.com/msearch?co=q&ty=31&tf=pa_search&am=12&vi=1&aa=1&st=Zampa&B1=++Search+%3E+&ff=4&rc=7&or=1&is=0" "Mozilla/4.0 (compatible; MSIE 7.0; Windows NT 5.1; .NET CLR 1.1.4322; .NET CLR 2.0.50727; InfoPath.2)"
213.65.86.42 - - [21/Feb/2008:21:47:33 +0100] "GET /zampa/slike/zampa.gif HTTP/1.1" 200 5310 "http://www.playaudiovideo.com/msearch?co=q&ty=31&tf=pa_search&am=12&vi=1&aa=1&st=Zampa&B1=++Search+%3E+&ff=4&rc=7&or=1&is=0" "Mozilla/4.0 (compatible; MSIE 7.0; Windows NT 5.1; .NET CLR 1.1.4322; .NET CLR 2.0.50727; InfoPath.2)"
74.6.26.164 - - [21/Feb/2008:21:50:11 +0100] "GET /games/virtualcop/virtualcop.html HTTP/1.0" 200 4487 "-" "Mozilla/5.0 (compatible; Yahoo! Slurp; http://help.yahoo.com/help/us/ysearch/slurp)"
66.249.67.80 - - [21/Feb/2008:22:08:45 +0100] "GET /robots.txt HTTP/1.1" 302 363 "-" "Mozilla/5.0 (compatible; Googlebot/2.1; +http://www.google.com/bot.html)"
66.249.67.80 - - [21/Feb/2008:22:08:45 +0100] "GET /zampa/robots.txt HTTP/1.1" 404 2748 "-" "Mozilla/5.0 (compatible; Googlebot/2.1; +http://www.google.com/bot.html)"
66.249.67.80 - - [21/Feb/2008:22:08:45 +0100] "GET /montenegro/contributions.html HTTP/1.1" 302 382 "-" "Mozilla/5.0 (compatible; Googlebot/2.1; +http://www.google.com/bot.html)"
66.249.67.80 - - [21/Feb/2008:22:08:46 +0100] "GET /zampa/montenegro/contributions.html HTTP/1.1" 200 18843 "-" "Mozilla/5.0 (compatible; Googlebot/2.1; +http://www.google.com/bot.html)"
74.6.8.102 - - [21/Feb/2008:22:12:07 +0100] "GET /robots.txt HTTP/1.0" 200 64 "-" "Mozilla/5.0 (compatible; Yahoo! Slurp; http://help.yahoo.com/help/us/ysearch/slurp)"
74.6.8.102 - - [21/Feb/2008:22:12:08 +0100] "GET /f-warez.html HTTP/1.0" 200 10953 "-" "Mozilla/5.0 (compatible; Yahoo! Slurp; http://help.yahoo.com/help/us/ysearch/slurp)"
216.186.223.239 - - [21/Feb/2008:22:18:22 +0100] "GET /neon/?C=S;O=A HTTP/1.1" 403 1223 "http://www.altavista.com/web/results?itag=ody&kls=0&kgs=1&q=suck1.jpg&stq=320" "Mozilla/4.0 (compatible; MSIE 7.0; Windows NT 5.1; SV1; Avant Browser; .NET CLR 1.1.4322; .NET CLR 2.0.50727)"
216.186.223.239 - - [21/Feb/2008:22:18:24 +0100] "GET /favicon.ico HTTP/1.1" 404 2748 "-" "Avant Browser"
201.22.83.222 - - [21/Feb/2008:22:37:24 +0100] "GET /f-logz_old.html HTTP/1.1" 200 43773 "-" "Mozilla/4.0 (compatible; MSIE 6.0; Windows NT 5.0)"
72.30.214.237 - - [21/Feb/2008:22:52:53 +0100] "GET / HTTP/1.0" 200 10335 "-" "Mozilla/5.0 (compatible; Yahoo! Slurp; http://help.yahoo.com/help/us/ysearch/slurp)"
74.6.8.102 - - [21/Feb/2008:23:45:00 +0100] "GET /robots.txt HTTP/1.0" 200 64 "-" "Mozilla/5.0 (compatible; Yahoo! Slurp; http://help.yahoo.com/help/us/ysearch/slurp)"
74.6.8.102 - - [21/Feb/2008:23:45:00 +0100] "GET /f-contact.html HTTP/1.0" 200 6804 "-" "Mozilla/5.0 (compatible; Yahoo! Slurp; http://help.yahoo.com/help/us/ysearch/slurp)"
64.34.145.198 - - [21/Feb/2008:23:47:43 +0100] "GET /robots.txt HTTP/1.0" 200 64 "-" "SBIder/SBIder-0.8.2-dev (http://www.sitesell.com/sbider.html)"
64.34.145.198 - - [21/Feb/2008:23:47:43 +0100] "GET /logs/usage_200610.html HTTP/1.0" 200 109578 "-" "SBIder/SBIder-0.8.2-dev (http://www.sitesell.com/sbider.html)"
74.6.20.160 - - [21/Feb/2008:23:49:30 +0100] "GET /f-doku-brau.html HTTP/1.0" 200 7152 "-" "Mozilla/5.0 (compatible; Yahoo! Slurp; http://help.yahoo.com/help/us/ysearch/slurp)"
66.249.67.80 - - [21/Feb/2008:23:50:23 +0100] "GET / HTTP/1.1" 200 10335 "-" "Mozilla/5.0 (compatible; Googlebot/2.1; +http://www.google.com/bot.html)"
74.6.8.102 - - [21/Feb/2008:23:58:01 +0100] "GET /bmpp/ HTTP/1.0" 403 1223 "-" "Mozilla/5.0 (compatible; Yahoo! Slurp/3.0; http://help.yahoo.com/help/us/ysearch/slurp)"
66.249.67.80 - - [22/Feb/2008:00:46:01 +0100] "GET /framez-dbrau.html HTTP/1.1" 200 4313 "-" "Mozilla/5.0 (compatible; Googlebot/2.1; +http://www.google.com/bot.html)"
66.249.67.80 - - [22/Feb/2008:00:46:03 +0100] "GET /bmpp/euro_pal_1.html HTTP/1.1" 200 18252 "-" "Mozilla/5.0 (compatible; Googlebot/2.1; +http://www.google.com/bot.html)"
74.6.23.102 - - [22/Feb/2008:00:55:05 +0100] "GET /bmpp/18_x.html HTTP/1.0" 200 1100 "-" "Mozilla/5.0 (compatible; Yahoo! Slurp; http://help.yahoo.com/help/us/ysearch/slurp)"
65.55.209.98 - - [22/Feb/2008:01:09:10 +0100] "GET /robots.txt HTTP/1.1" 302 363 "-" "msnbot/1.0 (+http://search.msn.com/msnbot.htm)"
65.55.209.98 - - [22/Feb/2008:01:09:10 +0100] "GET /zampa/robots.txt HTTP/1.1" 404 2748 "-" "msnbot/1.0 (+http://search.msn.com/msnbot.htm)"
65.55.209.98 - - [22/Feb/2008:01:09:12 +0100] "GET /wonderland/index.html HTTP/1.1" 302 374 "-" "msnbot/1.0 (+http://search.msn.com/msnbot.htm)"
66.249.67.80 - - [22/Feb/2008:01:10:50 +0100] "GET /framez-net.html HTTP/1.1" 200 4319 "-" "Mozilla/5.0 (compatible; Googlebot/2.1; +http://www.google.com/bot.html)"
65.55.209.98 - - [22/Feb/2008:01:12:22 +0100] "GET /robots.txt HTTP/1.1" 200 64 "-" "msnbot/1.0 (+http://search.msn.com/msnbot.htm)"
65.55.209.98 - - [22/Feb/2008:01:12:22 +0100] "GET /zampa/wonderland/index.html HTTP/1.1" 200 2084 "-" "msnbot/1.0 (+http://search.msn.com/msnbot.htm)"
67.162.29.138 - - [22/Feb/2008:01:33:34 +0100] "GET /neon/girlz2.html HTTP/1.1" 200 2937 "http://www.winzy.com/word/Euro%20Girls" "Mozilla/4.0 (compatible; MSIE 7.0; Windows NT 5.1; Comcast Install 1.0; .NET CLR 1.0.3705; .NET CLR 1.1.4322; Media Center PC 4.0; .NET CLR 2.0.50727)"
67.162.29.138 - - [22/Feb/2008:01:33:34 +0100] "GET /vgirls/button1.gif HTTP/1.1" 200 9099 "http://www.various-euro.com/neon/girlz2.html" "Mozilla/4.0 (compatible; MSIE 7.0; Windows NT 5.1; Comcast Install 1.0; .NET CLR 1.0.3705; .NET CLR 1.1.4322; Media Center PC 4.0; .NET CLR 2.0.50727)"
67.162.29.138 - - [22/Feb/2008:01:33:35 +0100] "GET /vgirls/button10.gif HTTP/1.1" 200 15687 "http://www.various-euro.com/neon/girlz2.html" "Mozilla/4.0 (compatible; MSIE 7.0; Windows NT 5.1; Comcast Install 1.0; .NET CLR 1.0.3705; .NET CLR 1.1.4322; Media Center PC 4.0; .NET CLR 2.0.50727)"
67.162.29.138 - - [22/Feb/2008:01:33:35 +0100] "GET /vgirls/wm_02.gif HTTP/1.1" 200 36891 "http://www.various-euro.com/neon/girlz2.html" "Mozilla/4.0 (compatible; MSIE 7.0; Windows NT 5.1; Comcast Install 1.0; .NET CLR 1.0.3705; .NET CLR 1.1.4322; Media Center PC 4.0; .NET CLR 2.0.50727)"
67.162.29.138 - - [22/Feb/2008:01:33:35 +0100] "GET /vgirls/virtua4.gif HTTP/1.1" 200 12643 "http://www.various-euro.com/neon/girlz2.html" "Mozilla/4.0 (compatible; MSIE 7.0; Windows NT 5.1; Comcast Install 1.0; .NET CLR 1.0.3705; .NET CLR 1.1.4322; Media Center PC 4.0; .NET CLR 2.0.50727)"
67.162.29.138 - - [22/Feb/2008:01:33:35 +0100] "GET /vgirls/button3.gif HTTP/1.1" 200 9634 "http://www.various-euro.com/neon/girlz2.html" "Mozilla/4.0 (compatible; MSIE 7.0; Windows NT 5.1; Comcast Install 1.0; .NET CLR 1.0.3705; .NET CLR 1.1.4322; Media Center PC 4.0; .NET CLR 2.0.50727)"
67.162.29.138 - - [22/Feb/2008:01:33:36 +0100] "GET /vgirls/dora_01.gif HTTP/1.1" 200 15465 "http://www.various-euro.com/neon/girlz2.html" "Mozilla/4.0 (compatible; MSIE 7.0; Windows NT 5.1; Comcast Install 1.0; .NET CLR 1.0.3705; .NET CLR 1.1.4322; Media Center PC 4.0; .NET CLR 2.0.50727)"
67.162.29.138 - - [22/Feb/2008:01:33:36 +0100] "GET /vgirls/shaina_big.gif HTTP/1.1" 200 16169 "http://www.various-euro.com/neon/girlz2.html" "Mozilla/4.0 (compatible; MSIE 7.0; Windows NT 5.1; Comcast Install 1.0; .NET CLR 1.0.3705; .NET CLR 1.1.4322; Media Center PC 4.0; .NET CLR 2.0.50727)"
67.162.29.138 - - [22/Feb/2008:01:33:36 +0100] "GET /favicon.ico HTTP/1.1" 404 2748 "-" "Mozilla/4.0 (compatible; MSIE 7.0; Windows NT 5.1; Comcast Install 1.0; .NET CLR 1.0.3705; .NET CLR 1.1.4322; Media Center PC 4.0; .NET CLR 2.0.50727)"
67.162.29.138 - - [22/Feb/2008:01:33:36 +0100] "GET /framez-girlz.html HTTP/1.1" 200 4271 "-" "Mozilla/4.0 (compatible; MSIE 7.0; Windows NT 5.1; Comcast Install 1.0; .NET CLR 1.0.3705; .NET CLR 1.1.4322; Media Center PC 4.0; .NET CLR 2.0.50727)"
67.162.29.138 - - [22/Feb/2008:01:33:37 +0100] "GET /frame-menu.html HTTP/1.1" 200 10763 "http://www.various-euro.com/framez-girlz.html" "Mozilla/4.0 (compatible; MSIE 7.0; Windows NT 5.1; Comcast Install 1.0; .NET CLR 1.0.3705; .NET CLR 1.1.4322; Media Center PC 4.0; .NET CLR 2.0.50727)"
67.162.29.138 - - [22/Feb/2008:01:33:37 +0100] "GET /neon/girlz2.html HTTP/1.1" 200 2937 "http://www.various-euro.com/framez-girlz.html" "Mozilla/4.0 (compatible; MSIE 7.0; Windows NT 5.1; Comcast Install 1.0; .NET CLR 1.0.3705; .NET CLR 1.1.4322; Media Center PC 4.0; .NET CLR 2.0.50727)"
67.162.29.138 - - [22/Feb/2008:01:33:37 +0100] "GET /frame-unten.html HTTP/1.1" 200 5557 "http://www.various-euro.com/framez-girlz.html" "Mozilla/4.0 (compatible; MSIE 7.0; Windows NT 5.1; Comcast Install 1.0; .NET CLR 1.0.3705; .NET CLR 1.1.4322; Media Center PC 4.0; .NET CLR 2.0.50727)"
67.162.29.138 - - [22/Feb/2008:01:33:37 +0100] "GET /bannerz/ve.jpg HTTP/1.1" 200 36912 "http://www.various-euro.com/frame-unten.html" "Mozilla/4.0 (compatible; MSIE 7.0; Windows NT 5.1; Comcast Install 1.0; .NET CLR 1.0.3705; .NET CLR 1.1.4322; Media Center PC 4.0; .NET CLR 2.0.50727)"
67.162.29.138 - - [22/Feb/2008:01:33:38 +0100] "GET /bannerz/various-euro-girl.jpg HTTP/1.1" 200 91514 "http://www.various-euro.com/frame-unten.html" "Mozilla/4.0 (compatible; MSIE 7.0; Windows NT 5.1; Comcast Install 1.0; .NET CLR 1.0.3705; .NET CLR 1.1.4322; Media Center PC 4.0; .NET CLR 2.0.50727)"
67.162.29.138 - - [22/Feb/2008:01:33:37 +0100] "GET /bannerz/ubu-shot.png HTTP/1.1" 200 200117 "http://www.various-euro.com/frame-menu.html" "Mozilla/4.0 (compatible; MSIE 7.0; Windows NT 5.1; Comcast Install 1.0; .NET CLR 1.0.3705; .NET CLR 1.1.4322; Media Center PC 4.0; .NET CLR 2.0.50727)"
67.162.29.138 - - [22/Feb/2008:01:33:39 +0100] "GET /ve-icon-2.ico HTTP/1.1" 200 2238 "-" "Mozilla/4.0 (compatible; MSIE 7.0; Windows NT 5.1; Comcast Install 1.0; .NET CLR 1.0.3705; .NET CLR 1.1.4322; Media Center PC 4.0; .NET CLR 2.0.50727)"
67.162.29.138 - - [22/Feb/2008:01:33:45 +0100] "GET /frame-inhalt.html HTTP/1.1" 200 6025 "http://www.various-euro.com/neon/girlz2.html" "Mozilla/4.0 (compatible; MSIE 7.0; Windows NT 5.1; Comcast Install 1.0; .NET CLR 1.0.3705; .NET CLR 1.1.4322; Media Center PC 4.0; .NET CLR 2.0.50727)"
67.162.29.138 - - [22/Feb/2008:01:33:45 +0100] "GET /bannerz/neon_click_3.gif HTTP/1.1" 200 240 "http://www.various-euro.com/frame-inhalt.html" "Mozilla/4.0 (compatible; MSIE 7.0; Windows NT 5.1; Comcast Install 1.0; .NET CLR 1.0.3705; .NET CLR 1.1.4322; Media Center PC 4.0; .NET CLR 2.0.50727)"
67.162.29.138 - - [22/Feb/2008:01:33:45 +0100] "GET /bannerz/ascii-lt.gif HTTP/1.1" 200 1049 "http://www.various-euro.com/frame-inhalt.html" "Mozilla/4.0 (compatible; MSIE 7.0; Windows NT 5.1; Comcast Install 1.0; .NET CLR 1.0.3705; .NET CLR 1.1.4322; Media Center PC 4.0; .NET CLR 2.0.50727)"
67.162.29.138 - - [22/Feb/2008:01:33:45 +0100] "GET /eurosign3.gif HTTP/1.1" 200 7879 "http://www.various-euro.com/frame-inhalt.html" "Mozilla/4.0 (compatible; MSIE 7.0; Windows NT 5.1; Comcast Install 1.0; .NET CLR 1.0.3705; .NET CLR 1.1.4322; Media Center PC 4.0; .NET CLR 2.0.50727)"
67.162.29.138 - - [22/Feb/2008:01:33:45 +0100] "GET /bannerz/neon_click_1.gif HTTP/1.1" 200 890 "http://www.various-euro.com/frame-inhalt.html" "Mozilla/4.0 (compatible; MSIE 7.0; Windows NT 5.1; Comcast Install 1.0; .NET CLR 1.0.3705; .NET CLR 1.1.4322; Media Center PC 4.0; .NET CLR 2.0.50727)"
67.162.29.138 - - [22/Feb/2008:01:33:46 +0100] "GET /bannerz/wet.gif HTTP/1.1" 200 18561 "http://www.various-euro.com/frame-inhalt.html" "Mozilla/4.0 (compatible; MSIE 7.0; Windows NT 5.1; Comcast Install 1.0; .NET CLR 1.0.3705; .NET CLR 1.1.4322; Media Center PC 4.0; .NET CLR 2.0.50727)"
67.162.29.138 - - [22/Feb/2008:01:33:46 +0100] "GET /bannerz/google/Logo_40blk.gif HTTP/1.1" 200 2308 "http://www.various-euro.com/frame-inhalt.html" "Mozilla/4.0 (compatible; MSIE 7.0; Windows NT 5.1; Comcast Install 1.0; .NET CLR 1.0.3705; .NET CLR 1.1.4322; Media Center PC 4.0; .NET CLR 2.0.50727)"
67.162.29.138 - - [22/Feb/2008:01:33:46 +0100] "GET /bannerz/neon_click_2.gif HTTP/1.1" 200 387 "http://www.various-euro.com/frame-inhalt.html" "Mozilla/4.0 (compatible; MSIE 7.0; Windows NT 5.1; Comcast Install 1.0; .NET CLR 1.0.3705; .NET CLR 1.1.4322; Media Center PC 4.0; .NET CLR 2.0.50727)"
67.162.29.138 - - [22/Feb/2008:01:33:46 +0100] "GET /bannerz/douwil.gif HTTP/1.1" 200 528 "http://www.various-euro.com/frame-inhalt.html" "Mozilla/4.0 (compatible; MSIE 7.0; Windows NT 5.1; Comcast Install 1.0; .NET CLR 1.0.3705; .NET CLR 1.1.4322; Media Center PC 4.0; .NET CLR 2.0.50727)"
67.162.29.138 - - [22/Feb/2008:01:33:46 +0100] "GET /bannerz/anti_black_small.gif HTTP/1.1" 200 1009 "http://www.various-euro.com/frame-inhalt.html" "Mozilla/4.0 (compatible; MSIE 7.0; Windows NT 5.1; Comcast Install 1.0; .NET CLR 1.0.3705; .NET CLR 1.1.4322; Media Center PC 4.0; .NET CLR 2.0.50727)"
67.162.29.138 - - [22/Feb/2008:01:33:46 +0100] "GET /bannerz/copyleft_black_small.gif HTTP/1.1" 200 1231 "http://www.various-euro.com/frame-inhalt.html" "Mozilla/4.0 (compatible; MSIE 7.0; Windows NT 5.1; Comcast Install 1.0; .NET CLR 1.0.3705; .NET CLR 1.1.4322; Media Center PC 4.0; .NET CLR 2.0.50727)"
67.162.29.138 - - [22/Feb/2008:01:33:57 +0100] "GET /framez-girlz.html HTTP/1.1" 200 4271 "-" "Mozilla/4.0 (compatible; MSIE 7.0; Windows NT 5.1; Comcast Install 1.0; .NET CLR 1.0.3705; .NET CLR 1.1.4322; Media Center PC 4.0; .NET CLR 2.0.50727)"
67.162.29.138 - - [22/Feb/2008:01:33:57 +0100] "GET /frame-menu.html HTTP/1.1" 200 10763 "http://www.various-euro.com/framez-girlz.html" "Mozilla/4.0 (compatible; MSIE 7.0; Windows NT 5.1; Comcast Install 1.0; .NET CLR 1.0.3705; .NET CLR 1.1.4322; Media Center PC 4.0; .NET CLR 2.0.50727)"
67.162.29.138 - - [22/Feb/2008:01:33:57 +0100] "GET /frame-unten.html HTTP/1.1" 200 5557 "http://www.various-euro.com/framez-girlz.html" "Mozilla/4.0 (compatible; MSIE 7.0; Windows NT 5.1; Comcast Install 1.0; .NET CLR 1.0.3705; .NET CLR 1.1.4322; Media Center PC 4.0; .NET CLR 2.0.50727)"
67.162.29.138 - - [22/Feb/2008:01:33:59 +0100] "GET /framez-girlz.html HTTP/1.1" 200 4271 "-" "Mozilla/4.0 (compatible; MSIE 7.0; Windows NT 5.1; Comcast Install 1.0; .NET CLR 1.0.3705; .NET CLR 1.1.4322; Media Center PC 4.0; .NET CLR 2.0.50727)"
67.162.29.138 - - [22/Feb/2008:01:33:59 +0100] "GET /frame-menu.html HTTP/1.1" 200 10763 "http://www.various-euro.com/framez-girlz.html" "Mozilla/4.0 (compatible; MSIE 7.0; Windows NT 5.1; Comcast Install 1.0; .NET CLR 1.0.3705; .NET CLR 1.1.4322; Media Center PC 4.0; .NET CLR 2.0.50727)"
67.162.29.138 - - [22/Feb/2008:01:33:59 +0100] "GET /neon/girlz2.html HTTP/1.1" 200 2937 "http://www.various-euro.com/framez-girlz.html" "Mozilla/4.0 (compatible; MSIE 7.0; Windows NT 5.1; Comcast Install 1.0; .NET CLR 1.0.3705; .NET CLR 1.1.4322; Media Center PC 4.0; .NET CLR 2.0.50727)"
67.162.29.138 - - [22/Feb/2008:01:33:59 +0100] "GET /frame-unten.html HTTP/1.1" 200 5557 "http://www.various-euro.com/framez-girlz.html" "Mozilla/4.0 (compatible; MSIE 7.0; Windows NT 5.1; Comcast Install 1.0; .NET CLR 1.0.3705; .NET CLR 1.1.4322; Media Center PC 4.0; .NET CLR 2.0.50727)"
67.162.29.138 - - [22/Feb/2008:01:34:00 +0100] "GET /framez-girlz.html HTTP/1.1" 200 4271 "-" "Mozilla/4.0 (compatible; MSIE 7.0; Windows NT 5.1; Comcast Install 1.0; .NET CLR 1.0.3705; .NET CLR 1.1.4322; Media Center PC 4.0; .NET CLR 2.0.50727)"
66.231.188.178 - - [22/Feb/2008:01:44:33 +0100] "GET /robots.txt HTTP/1.0" 200 64 "-" "Gigabot/3.0 (http://www.gigablast.com/spider.html)"
66.249.67.80 - - [22/Feb/2008:02:24:25 +0100] "GET /schubb/schubb-4.html HTTP/1.1" 200 17746 "-" "Mozilla/5.0 (compatible; Googlebot/2.1; +http://www.google.com/bot.html)"
66.249.67.80 - - [22/Feb/2008:02:29:26 +0100] "GET /neon/europa.html HTTP/1.1" 200 389 "-" "Mozilla/5.0 (compatible; Googlebot/2.1; +http://www.google.com/bot.html)"
74.6.25.104 - - [22/Feb/2008:02:43:03 +0100] "GET /zampa-lovers/ZAMPAMA2.MPG HTTP/1.0" 200 63492 "-" "Mozilla/5.0 (compatible; Yahoo! Slurp; http://help.yahoo.com/help/us/ysearch/slurp)"
74.6.25.19 - - [22/Feb/2008:03:04:05 +0100] "GET /restate_copy.html HTTP/1.0" 200 97631 "-" "Mozilla/5.0 (compatible; Yahoo! Slurp; http://help.yahoo.com/help/us/ysearch/slurp)"
66.249.67.80 - - [22/Feb/2008:03:28:17 +0100] "GET /3dsf3/sendi/communication.html HTTP/1.1" 200 1331 "-" "Mozilla/5.0 (compatible; Googlebot/2.1; +http://www.google.com/bot.html)"
67.195.44.110 - - [22/Feb/2008:03:55:49 +0100] "GET /robots.txt HTTP/1.0" 200 64 "-" "Mozilla/5.0 (compatible; Yahoo! Slurp; http://help.yahoo.com/help/us/ysearch/slurp)"
67.195.44.81 - - [22/Feb/2008:03:55:50 +0100] "GET / HTTP/1.0" 200 10335 "-" "Mozilla/5.0 (compatible; Yahoo! Slurp; http://help.yahoo.com/help/us/ysearch/slurp)"
65.55.209.100 - - [22/Feb/2008:03:59:43 +0100] "GET /robots.txt HTTP/1.1" 302 363 "-" "msnbot/1.0 (+http://search.msn.com/msnbot.htm)"
65.55.209.100 - - [22/Feb/2008:03:59:44 +0100] "GET /zampa/robots.txt HTTP/1.1" 404 2748 "-" "msnbot/1.0 (+http://search.msn.com/msnbot.htm)"
65.55.209.100 - - [22/Feb/2008:03:59:45 +0100] "GET /montenegro/dajpare.html HTTP/1.1" 302 376 "-" "msnbot/1.0 (+http://search.msn.com/msnbot.htm)"
65.55.209.100 - - [22/Feb/2008:03:59:46 +0100] "GET /lybia/index.html HTTP/1.1" 302 369 "-" "msnbot/1.0 (+http://search.msn.com/msnbot.htm)"
65.55.209.100 - - [22/Feb/2008:04:00:58 +0100] "GET /robots.txt HTTP/1.1" 200 64 "-" "msnbot/1.0 (+http://search.msn.com/msnbot.htm)"
65.55.209.100 - - [22/Feb/2008:04:00:58 +0100] "GET /zampa/montenegro/dajpare.html HTTP/1.1" 200 2503 "-" "msnbot/1.0 (+http://search.msn.com/msnbot.htm)"
65.55.209.100 - - [22/Feb/2008:04:01:36 +0100] "GET /zampa/lybia/index.html HTTP/1.1" 200 3036 "-" "msnbot/1.0 (+http://search.msn.com/msnbot.htm)"
74.52.245.146 - - [22/Feb/2008:04:21:45 +0100] "GET / HTTP/1.0" 200 10335 "-" "Mozilla/5.0 (X11; U; Linux i686; en-US; rv:1.7.5) Gecko/20041107 Firefox/1.0"
74.6.23.221 - - [22/Feb/2008:04:45:56 +0100] "GET /rez/rez/555.mp3 HTTP/1.0" 404 2748 "-" "Mozilla/5.0 (compatible; Yahoo! Slurp; http://help.yahoo.com/help/us/ysearch/slurp)"
74.6.23.109 - - [22/Feb/2008:05:16:05 +0100] "GET /robots.txt HTTP/1.0" 200 64 "-" "Mozilla/5.0 (compatible; Yahoo! Slurp; http://help.yahoo.com/help/us/ysearch/slurp)"
67.195.58.158 - - [22/Feb/2008:05:16:06 +0100] "GET /framez-rez.html HTTP/1.0" 200 4323 "-" "Mozilla/5.0 (compatible; Yahoo! Slurp; http://help.yahoo.com/help/us/ysearch/slurp)"
67.195.58.158 - - [22/Feb/2008:05:16:07 +0100] "GET /frame-menu.html HTTP/1.0" 200 10763 "-" "Mozilla/5.0 (compatible; Yahoo! Slurp; http://help.yahoo.com/help/us/ysearch/slurp)"
67.195.58.158 - - [22/Feb/2008:05:16:09 +0100] "GET /f-rez.html HTTP/1.0" 200 9765 "-" "Mozilla/5.0 (compatible; Yahoo! Slurp; http://help.yahoo.com/help/us/ysearch/slurp)"
67.195.58.158 - - [22/Feb/2008:05:16:10 +0100] "GET /frame-unten.html HTTP/1.0" 200 5557 "-" "Mozilla/5.0 (compatible; Yahoo! Slurp; http://help.yahoo.com/help/us/ysearch/slurp)"
72.30.216.100 - - [22/Feb/2008:05:23:11 +0100] "GET /framez-rez.html HTTP/1.0" 200 4323 "-" "Mozilla/5.0 (compatible; Yahoo! Slurp; http://help.yahoo.com/help/us/ysearch/slurp)"
72.30.216.100 - - [22/Feb/2008:05:23:12 +0100] "GET /frame-menu.html HTTP/1.0" 200 10763 "-" "Mozilla/5.0 (compatible; Yahoo! Slurp; http://help.yahoo.com/help/us/ysearch/slurp)"
72.30.216.100 - - [22/Feb/2008:05:23:13 +0100] "GET /f-rez.html HTTP/1.0" 200 9765 "-" "Mozilla/5.0 (compatible; Yahoo! Slurp; http://help.yahoo.com/help/us/ysearch/slurp)"
72.30.216.100 - - [22/Feb/2008:05:23:14 +0100] "GET /frame-unten.html HTTP/1.0" 200 5557 "-" "Mozilla/5.0 (compatible; Yahoo! Slurp; http://help.yahoo.com/help/us/ysearch/slurp)"
66.231.188.178 - - [22/Feb/2008:05:23:43 +0100] "GET /robots.txt HTTP/1.0" 200 64 "-" "Gigabot/3.0 (http://www.gigablast.com/spider.html)"
77.42.182.171 - - [22/Feb/2008:06:41:00 +0100] "GET /lybia/index.html HTTP/1.1" 302 369 "http://search.live.com/results.aspx?q=lybia+modern&first=11&FORM=PERE" "Mozilla/4.0 (compatible; MSIE 7.0; Windows NT 5.1; InfoPath.1)"
77.42.182.171 - - [22/Feb/2008:06:41:01 +0100] "GET /zampa/lybia/index.html HTTP/1.1" 200 3036 "http://search.live.com/results.aspx?q=lybia+modern&first=11&FORM=PERE" "Mozilla/4.0 (compatible; MSIE 7.0; Windows NT 5.1; InfoPath.1)"
77.42.182.171 - - [22/Feb/2008:06:41:02 +0100] "GET /zampa/lybia/slike/tele.jpg HTTP/1.1" 200 28022 "http://www.various-euro.com/zampa/lybia/index.html" "Mozilla/4.0 (compatible; MSIE 7.0; Windows NT 5.1; InfoPath.1)"
77.42.182.171 - - [22/Feb/2008:06:41:03 +0100] "GET /favicon.ico HTTP/1.1" 404 2748 "-" "Mozilla/4.0 (compatible; MSIE 7.0; Windows NT 5.1; InfoPath.1)"
67.195.58.188 - - [22/Feb/2008:06:55:23 +0100] "GET / HTTP/1.0" 200 10335 "-" "Mozilla/5.0 (compatible; Yahoo! Slurp; http://help.yahoo.com/help/us/ysearch/slurp)"
72.30.179.215 - - [22/Feb/2008:06:56:42 +0100] "GET /f-actions.html HTTP/1.0" 200 10429 "-" "Mozilla/5.0 (compatible; Yahoo! Slurp; http://help.yahoo.com/help/us/ysearch/slurp)"
65.55.209.104 - - [22/Feb/2008:07:09:37 +0100] "GET /robots.txt HTTP/1.1" 200 64 "-" "msnbot/1.0 (+http://search.msn.com/msnbot.htm)"
65.55.209.104 - - [22/Feb/2008:07:09:38 +0100] "GET /neon/girl-tv.html HTTP/1.1" 200 1717 "-" "msnbot/1.0 (+http://search.msn.com/msnbot.htm)"
68.142.212.171 - - [22/Feb/2008:07:25:48 +0100] "GET /robots.txt HTTP/1.0" 302 363 "-" "Yahoo-MMCrawler/3.x (mms dash mmcrawler dash support at yahoo dash inc dot com)"
207.68.234.187 - - [22/Feb/2008:07:47:52 +0100] "GET http://various-euro.com/sdepth3/ HTTP/1.0" 404 2748 "http://various-euro.com/sdepth3/" "Mozilla/4.0 (compatible; MSIE 6.0; Windows NT 5.1)"
207.68.234.187 - - [22/Feb/2008:07:47:52 +0100] "GET http://various-euro.com/sd1/ HTTP/1.0" 404 2748 "http://various-euro.com/sd1/" "Mozilla/4.0 (compatible; MSIE 6.0; Windows NT 5.1)"
207.68.234.187 - - [22/Feb/2008:07:47:52 +0100] "GET http://various-euro.com/sd2/ HTTP/1.0" 404 2748 "http://various-euro.com/sd2/" "Mozilla/4.0 (compatible; MSIE 6.0; Windows NT 5.1)"
207.68.234.187 - - [22/Feb/2008:07:47:52 +0100] "GET http://various-euro.com/sd4/ HTTP/1.0" 404 2748 "http://various-euro.com/sd4/" "Mozilla/4.0 (compatible; MSIE 6.0; Windows NT 5.1)"
207.68.234.187 - - [22/Feb/2008:07:47:53 +0100] "GET http://various-euro.com/sitedepth3/ HTTP/1.0" 404 2748 "http://various-euro.com/sitedepth3/" "Mozilla/4.0 (compatible; MSIE 6.0; Windows NT 5.1)"
207.68.234.187 - - [22/Feb/2008:07:47:53 +0100] "GET http://various-euro.com/sitedepth2/ HTTP/1.0" 404 2748 "http://various-euro.com/sitedepth2/" "Mozilla/4.0 (compatible; MSIE 6.0; Windows NT 5.1)"
207.68.234.187 - - [22/Feb/2008:07:47:53 +0100] "GET http://various-euro.com/sdepth/ HTTP/1.0" 404 2748 "http://various-euro.com/sdepth/" "Mozilla/4.0 (compatible; MSIE 6.0; Windows NT 5.1)"
74.6.28.14 - - [22/Feb/2008:08:06:28 +0100] "GET /framez.html HTTP/1.0" 200 4130 "-" "Mozilla/5.0 (compatible; Yahoo! Slurp; http://help.yahoo.com/help/us/ysearch/slurp)"
74.6.28.14 - - [22/Feb/2008:08:06:29 +0100] "GET /frame-menu.html HTTP/1.0" 200 10763 "-" "Mozilla/5.0 (compatible; Yahoo! Slurp; http://help.yahoo.com/help/us/ysearch/slurp)"
74.6.28.14 - - [22/Feb/2008:08:06:30 +0100] "GET /frame-inhalt.html HTTP/1.0" 200 6025 "-" "Mozilla/5.0 (compatible; Yahoo! Slurp; http://help.yahoo.com/help/us/ysearch/slurp)"
74.6.28.14 - - [22/Feb/2008:08:06:30 +0100] "GET /frame-unten.html HTTP/1.0" 200 5557 "-" "Mozilla/5.0 (compatible; Yahoo! Slurp; http://help.yahoo.com/help/us/ysearch/slurp)"
64.34.145.194 - - [22/Feb/2008:08:12:47 +0100] "GET /robots.txt HTTP/1.0" 200 64 "-" "SBIder/SBIder-0.8.2-dev (http://www.sitesell.com/sbider.html)"
64.34.145.194 - - [22/Feb/2008:08:12:47 +0100] "GET /neon/girlz2.html HTTP/1.0" 200 2937 "-" "SBIder/SBIder-0.8.2-dev (http://www.sitesell.com/sbider.html)"
65.55.104.21 - - [22/Feb/2008:09:00:27 +0100] "GET /robots.txt HTTP/1.1" 200 64 "-" "msnbot/1.0 (+http://search.msn.com/msnbot.htm)"
65.55.104.21 - - [22/Feb/2008:09:00:28 +0100] "GET /frame-menu.html HTTP/1.1" 200 10763 "-" "msnbot/1.0 (+http://search.msn.com/msnbot.htm)"
65.55.104.21 - - [22/Feb/2008:09:00:28 +0100] "GET /frame-inhalt.html HTTP/1.1" 200 6025 "-" "msnbot/1.0 (+http://search.msn.com/msnbot.htm)"
65.55.104.21 - - [22/Feb/2008:09:00:29 +0100] "GET /frame-unten.html HTTP/1.1" 200 5557 "-" "msnbot/1.0 (+http://search.msn.com/msnbot.htm)"
74.6.24.140 - - [22/Feb/2008:09:59:52 +0100] "GET /logs/ HTTP/1.0" 200 10079 "-" "Mozilla/5.0 (compatible; Yahoo! Slurp; http://help.yahoo.com/help/us/ysearch/slurp)"
66.249.67.80 - - [22/Feb/2008:10:19:27 +0100] "GET /robots.txt HTTP/1.1" 200 64 "-" "Mozilla/5.0 (compatible; Googlebot/2.1; +http://www.google.com/bot.html)"
66.249.67.80 - - [22/Feb/2008:10:19:27 +0100] "GET /partnergegenberlin.html HTTP/1.1" 200 5022 "-" "Mozilla/5.0 (compatible; Googlebot/2.1; +http://www.google.com/bot.html)"
