66.249.67.80 - - [15/Feb/2008:02:52:53 +0100] "GET /framez-restate.html HTTP/1.1" 200 4328 "-" "Mozilla/5.0 (compatible; Googlebot/2.1; +http://www.google.com/bot.html)"
65.55.209.103 - - [15/Feb/2008:03:18:32 +0100] "GET /robots.txt HTTP/1.1" 200 64 "-" "msnbot/1.0 (+http://search.msn.com/msnbot.htm)"
65.55.209.103 - - [15/Feb/2008:03:18:32 +0100] "GET /neon/europa.html HTTP/1.1" 200 389 "-" "msnbot/1.0 (+http://search.msn.com/msnbot.htm)"
82.237.212.168 - - [15/Feb/2008:04:19:14 +0100] "POST http://various-euro.com/cgi-bin/list/back-up.cgi HTTP/1.0" 404 2748 "http://various-euro.com/cgi-bin/list/back-up.cgi" "Mozilla/4.0 (compatible; MSIE 6.0; Windows NT 5.1)"
66.249.67.80 - - [15/Feb/2008:04:34:12 +0100] "GET /zampa/montenegro/contributions.html HTTP/1.1" 200 18843 "-" "Mozilla/5.0 (compatible; Googlebot/2.1; +http://www.google.com/bot.html)"
74.6.24.116 - - [15/Feb/2008:04:40:39 +0100] "GET /robots.txt HTTP/1.0" 302 362 "-" "Mozilla/5.0 (compatible; Yahoo! Slurp; http://help.yahoo.com/help/us/ysearch/slurp)"
74.6.24.116 - - [15/Feb/2008:04:40:40 +0100] "GET /zampa/robots.txt HTTP/1.0" 404 2748 "-" "Mozilla/5.0 (compatible; Yahoo! Slurp; http://help.yahoo.com/help/us/ysearch/slurp)"
74.6.19.199 - - [15/Feb/2008:04:40:40 +0100] "GET /montenegro/index.html HTTP/1.0" 302 373 "-" "Mozilla/5.0 (compatible; Yahoo! Slurp; http://help.yahoo.com/help/us/ysearch/slurp)"
74.6.26.237 - - [15/Feb/2008:04:40:41 +0100] "GET /robots.txt HTTP/1.0" 200 64 "-" "Mozilla/5.0 (compatible; Yahoo! Slurp; http://help.yahoo.com/help/us/ysearch/slurp)"
74.6.19.199 - - [15/Feb/2008:04:40:42 +0100] "GET /zampa/montenegro/index.html HTTP/1.0" 200 2651 "-" "Mozilla/5.0 (compatible; Yahoo! Slurp; http://help.yahoo.com/help/us/ysearch/slurp)"
131.107.151.157 - - [15/Feb/2008:04:51:27 +0100] "GET /robots.txt HTTP/1.0" 200 64 "-" "MSRBOT (http://research.microsoft.com/research/sv/msrbot/"
64.124.14.34 - - [15/Feb/2008:04:59:02 +0100] "GET / HTTP/1.1" 200 10335 "-" "Mozilla/4.0 (compatible; MSIE 6.0; MSIE 5.5; Windows NT 4.0) Opera 7.0 [en]"
65.55.209.100 - - [15/Feb/2008:05:02:02 +0100] "GET /robots.txt HTTP/1.1" 200 64 "-" "msnbot/1.0 (+http://search.msn.com/msnbot.htm)"
65.55.209.100 - - [15/Feb/2008:05:02:03 +0100] "GET /neon/slow-walk.html HTTP/1.1" 200 1640 "-" "msnbot/1.0 (+http://search.msn.com/msnbot.htm)"
74.6.18.228 - - [15/Feb/2008:05:09:45 +0100] "GET / HTTP/1.0" 302 352 "-" "Mozilla/5.0 (compatible; Yahoo! Slurp/3.0; http://help.yahoo.com/help/us/ysearch/slurp)"
74.6.18.201 - - [15/Feb/2008:05:09:51 +0100] "GET /zampa/ HTTP/1.0" 200 7153 "-" "Mozilla/5.0 (compatible; Yahoo! Slurp/3.0; http://help.yahoo.com/help/us/ysearch/slurp)"
74.6.19.123 - - [15/Feb/2008:05:24:08 +0100] "GET /robots.txt HTTP/1.0" 200 64 "-" "Mozilla/5.0 (compatible; Yahoo! Slurp; http://help.yahoo.com/help/us/ysearch/slurp)"
74.6.24.140 - - [15/Feb/2008:05:24:08 +0100] "GET /logs/ HTTP/1.0" 200 10079 "-" "Mozilla/5.0 (compatible; Yahoo! Slurp; http://help.yahoo.com/help/us/ysearch/slurp)"
65.55.209.103 - - [15/Feb/2008:05:29:04 +0100] "GET /your_tour.html HTTP/1.1" 200 29760 "-" "msnbot/1.0 (+http://search.msn.com/msnbot.htm)"
65.55.165.41 - - [15/Feb/2008:05:30:43 +0100] "GET /anon.css HTTP/1.0" 404 2748 "http://www.various-euro.com/your_tour.html" "Mozilla/4.0 (compatible; MSIE 7.0; Windows NT 5.2; .NET CLR 1.1.4322)"
65.55.165.41 - - [15/Feb/2008:05:30:43 +0100] "GET /your_tour.html HTTP/1.0" 200 31800 "http://search.live.com/results.aspx?q=various&mrt=en-us&FORM=LIVSOP" "Mozilla/4.0 (compatible; MSIE 7.0; Windows NT 5.2; .NET CLR 1.1.4322)"
65.55.209.103 - - [15/Feb/2008:05:43:24 +0100] "GET /frame-unten.html HTTP/1.1" 200 5557 "-" "msnbot/1.0 (+http://search.msn.com/msnbot.htm)"
65.55.165.42 - - [15/Feb/2008:05:48:15 +0100] "GET /frame-unten.html HTTP/1.0" 200 5557 "http://search.live.com/results.aspx?q=various&mrt=en-us&FORM=LIVSOP" "Mozilla/4.0 (compatible; MSIE 7.0; Windows NT 5.2; .NET CLR 1.1.4322)"
65.55.165.42 - - [15/Feb/2008:05:48:15 +0100] "GET /framez.html HTTP/1.0" 200 4130 "-" "Mozilla/4.0 (compatible; MSIE 7.0; Windows NT 5.2; .NET CLR 1.1.4322)"
65.55.165.42 - - [15/Feb/2008:05:48:15 +0100] "GET /frame-menu.html HTTP/1.0" 200 10763 "http://www.various-euro.com/framez.html" "Mozilla/4.0 (compatible; MSIE 7.0; Windows NT 5.2; .NET CLR 1.1.4322)"
65.55.165.42 - - [15/Feb/2008:05:48:15 +0100] "GET /frame-inhalt.html HTTP/1.0" 200 6025 "http://www.various-euro.com/framez.html" "Mozilla/4.0 (compatible; MSIE 7.0; Windows NT 5.2; .NET CLR 1.1.4322)"
65.55.165.42 - - [15/Feb/2008:05:48:15 +0100] "GET /frame-unten.html HTTP/1.0" 200 5557 "http://www.various-euro.com/framez.html" "Mozilla/4.0 (compatible; MSIE 7.0; Windows NT 5.2; .NET CLR 1.1.4322)"
64.34.145.200 - - [15/Feb/2008:06:26:51 +0100] "GET /robots.txt HTTP/1.0" 200 64 "-" "SBIder/SBIder-0.8.2-dev (http://www.sitesell.com/sbider.html)"
64.34.145.200 - - [15/Feb/2008:06:26:52 +0100] "GET /logs/usage_200512.html HTTP/1.0" 200 109566 "-" "SBIder/SBIder-0.8.2-dev (http://www.sitesell.com/sbider.html)"
74.6.28.224 - - [15/Feb/2008:06:58:47 +0100] "GET /sendi_agent.html HTTP/1.0" 200 6213 "-" "Mozilla/5.0 (compatible; Yahoo! Slurp; http://help.yahoo.com/help/us/ysearch/slurp)"
65.55.209.102 - - [15/Feb/2008:07:28:35 +0100] "GET /robots.txt HTTP/1.1" 200 64 "-" "msnbot/1.0 (+http://search.msn.com/msnbot.htm)"
65.55.209.102 - - [15/Feb/2008:07:28:35 +0100] "GET /DgH/bull/ HTTP/1.1" 200 1915 "-" "msnbot/1.0 (+http://search.msn.com/msnbot.htm)"
74.6.19.165 - - [15/Feb/2008:07:28:53 +0100] "GET /zampa-lovers/index.html HTTP/1.0" 200 37790 "-" "Mozilla/5.0 (compatible; Yahoo! Slurp; http://help.yahoo.com/help/us/ysearch/slurp)"
66.231.188.24 - - [15/Feb/2008:07:39:03 +0100] "GET /robots.txt HTTP/1.0" 200 64 "-" "Gigabot/3.0 (http://www.gigablast.com/spider.html)"
66.249.67.80 - - [15/Feb/2008:07:48:40 +0100] "GET /zampa/montenegro/ HTTP/1.1" 200 2651 "-" "Mozilla/5.0 (compatible; Googlebot/2.1; +http://www.google.com/bot.html)"
72.30.179.213 - - [15/Feb/2008:08:00:17 +0100] "GET /your_tour.html HTTP/1.0" 200 29760 "-" "Mozilla/5.0 (compatible; Yahoo! Slurp; http://help.yahoo.com/help/us/ysearch/slurp)"
65.55.209.100 - - [15/Feb/2008:08:05:27 +0100] "GET /robots.txt HTTP/1.1" 200 64 "-" "msnbot/1.0 (+http://search.msn.com/msnbot.htm)"
65.55.209.100 - - [15/Feb/2008:08:05:27 +0100] "GET /schubb/schubb-4.html HTTP/1.1" 200 17746 "-" "msnbot/1.0 (+http://search.msn.com/msnbot.htm)"
65.55.209.100 - - [15/Feb/2008:08:05:44 +0100] "GET /framez-zampa-lovers.html HTTP/1.1" 200 4322 "-" "msnbot/1.0 (+http://search.msn.com/msnbot.htm)"
65.55.209.100 - - [15/Feb/2008:08:09:42 +0100] "GET /robots.txt HTTP/1.1" 200 64 "-" "msnbot/1.0 (+http://search.msn.com/msnbot.htm)"
65.55.209.100 - - [15/Feb/2008:08:09:42 +0100] "GET /frame-menu.html HTTP/1.1" 200 10763 "-" "msnbot/1.0 (+http://search.msn.com/msnbot.htm)"
65.55.209.100 - - [15/Feb/2008:08:09:43 +0100] "GET /zampa-lovers/index.html HTTP/1.1" 200 37790 "-" "msnbot/1.0 (+http://search.msn.com/msnbot.htm)"
65.55.209.100 - - [15/Feb/2008:08:09:44 +0100] "GET /frame-unten.html HTTP/1.1" 200 5557 "-" "msnbot/1.0 (+http://search.msn.com/msnbot.htm)"
65.55.209.102 - - [15/Feb/2008:08:53:57 +0100] "GET /robots.txt HTTP/1.1" 200 64 "-" "msnbot/1.0 (+http://search.msn.com/msnbot.htm)"
65.55.209.102 - - [15/Feb/2008:08:53:57 +0100] "GET /schubb/schubb-5.html HTTP/1.1" 200 72944 "-" "msnbot/1.0 (+http://search.msn.com/msnbot.htm)"
66.249.67.80 - - [15/Feb/2008:09:07:57 +0100] "GET /3dsf3/sendi/sendisendi.html HTTP/1.1" 200 5118 "-" "Mozilla/5.0 (compatible; Googlebot/2.1; +http://www.google.com/bot.html)"
74.6.22.108 - - [15/Feb/2008:09:24:30 +0100] "GET /robots.txt HTTP/1.0" 200 64 "-" "Mozilla/5.0 (compatible; Yahoo! Slurp; http://help.yahoo.com/help/us/ysearch/slurp)"
74.6.22.108 - - [15/Feb/2008:09:24:30 +0100] "GET /f-net.html HTTP/1.0" 200 9913 "-" "Mozilla/5.0 (compatible; Yahoo! Slurp/3.0; http://help.yahoo.com/help/us/ysearch/slurp)"
66.249.67.80 - - [15/Feb/2008:10:27:45 +0100] "GET /3dsf3/sendi/rituals.html HTTP/1.1" 200 1411 "-" "Mozilla/5.0 (compatible; Googlebot/2.1; +http://www.google.com/bot.html)"
193.190.193.2 - - [15/Feb/2008:10:45:28 +0100] "GET /favicon.ico HTTP/1.1" 404 2748 "http://search.ke.voila.fr/S/voila?profil=voila&bhv=web_fr&rdata=various" "Mozilla/4.0 (compatible; MSIE 7.0; Windows NT 6.0; SLCC1; .NET CLR 2.0.50727; Media Center PC 5.0; .NET CLR 3.0.04506)"
74.6.22.108 - - [15/Feb/2008:10:48:36 +0100] "GET /framez.html HTTP/1.0" 200 4130 "-" "Mozilla/5.0 (compatible; Yahoo! Slurp; http://help.yahoo.com/help/us/ysearch/slurp)"
74.6.22.108 - - [15/Feb/2008:10:50:05 +0100] "GET /frame-menu.html HTTP/1.0" 200 10763 "-" "Mozilla/5.0 (compatible; Yahoo! Slurp; http://help.yahoo.com/help/us/ysearch/slurp)"
74.6.22.108 - - [15/Feb/2008:10:50:54 +0100] "GET /frame-inhalt.html HTTP/1.0" 200 6025 "-" "Mozilla/5.0 (compatible; Yahoo! Slurp; http://help.yahoo.com/help/us/ysearch/slurp)"
74.6.22.108 - - [15/Feb/2008:10:51:52 +0100] "GET /frame-unten.html HTTP/1.0" 200 5557 "-" "Mozilla/5.0 (compatible; Yahoo! Slurp; http://help.yahoo.com/help/us/ysearch/slurp)"
74.6.18.201 - - [15/Feb/2008:10:59:31 +0100] "GET /neon/euro.html HTTP/1.0" 200 2212 "-" "Mozilla/5.0 (compatible; Yahoo! Slurp; http://help.yahoo.com/help/us/ysearch/slurp)"
74.6.18.201 - - [15/Feb/2008:11:09:17 +0100] "GET /f-world.html HTTP/1.0" 200 35590 "-" "Mozilla/5.0 (compatible; Yahoo! Slurp/3.0; http://help.yahoo.com/help/us/ysearch/slurp)"
74.6.22.108 - - [15/Feb/2008:11:35:46 +0100] "GET /f-search.html HTTP/1.0" 200 10850 "-" "Mozilla/5.0 (compatible; Yahoo! Slurp; http://help.yahoo.com/help/us/ysearch/slurp)"
72.30.216.100 - - [15/Feb/2008:11:37:10 +0100] "GET /framez-rez.html HTTP/1.0" 200 4323 "-" "Mozilla/5.0 (compatible; Yahoo! Slurp; http://help.yahoo.com/help/us/ysearch/slurp)"
72.30.216.100 - - [15/Feb/2008:11:37:10 +0100] "GET /frame-menu.html HTTP/1.0" 200 10763 "-" "Mozilla/5.0 (compatible; Yahoo! Slurp; http://help.yahoo.com/help/us/ysearch/slurp)"
72.30.216.100 - - [15/Feb/2008:11:37:11 +0100] "GET /f-rez.html HTTP/1.0" 200 9765 "-" "Mozilla/5.0 (compatible; Yahoo! Slurp; http://help.yahoo.com/help/us/ysearch/slurp)"
72.30.216.100 - - [15/Feb/2008:11:37:12 +0100] "GET /frame-unten.html HTTP/1.0" 200 5557 "-" "Mozilla/5.0 (compatible; Yahoo! Slurp; http://help.yahoo.com/help/us/ysearch/slurp)"
74.6.22.108 - - [15/Feb/2008:11:47:36 +0100] "GET /f-sponsor.html HTTP/1.0" 200 8578 "-" "Mozilla/5.0 (compatible; Yahoo! Slurp/3.0; http://help.yahoo.com/help/us/ysearch/slurp)"
65.55.209.97 - - [15/Feb/2008:11:57:13 +0100] "GET /robots.txt HTTP/1.1" 200 64 "-" "msnbot/1.0 (+http://search.msn.com/msnbot.htm)"
65.55.209.97 - - [15/Feb/2008:11:57:14 +0100] "GET /neon/left-one-new.html HTTP/1.1" 200 1483 "-" "msnbot/1.0 (+http://search.msn.com/msnbot.htm)"
74.6.27.124 - - [15/Feb/2008:12:01:09 +0100] "GET / HTTP/1.0" 200 10335 "-" "Mozilla/5.0 (compatible; Yahoo! Slurp; http://help.yahoo.com/help/us/ysearch/slurp)"
74.6.27.49 - - [15/Feb/2008:12:06:59 +0100] "GET /logs/usage_200608.html HTTP/1.0" 200 108723 "-" "Mozilla/5.0 (compatible; Yahoo! Slurp; http://help.yahoo.com/help/us/ysearch/slurp)"
65.55.209.100 - - [15/Feb/2008:12:27:27 +0100] "GET /robots.txt HTTP/1.1" 302 362 "-" "msnbot/1.0 (+http://search.msn.com/msnbot.htm)"
65.55.209.100 - - [15/Feb/2008:12:27:27 +0100] "GET /zampa/robots.txt HTTP/1.1" 404 2748 "-" "msnbot/1.0 (+http://search.msn.com/msnbot.htm)"
65.55.209.100 - - [15/Feb/2008:12:27:27 +0100] "GET /montenegro/dajpare.html HTTP/1.1" 302 375 "-" "msnbot/1.0 (+http://search.msn.com/msnbot.htm)"
65.55.209.100 - - [15/Feb/2008:12:27:29 +0100] "GET /lybia/index.html HTTP/1.1" 302 368 "-" "msnbot/1.0 (+http://search.msn.com/msnbot.htm)"
65.55.209.100 - - [15/Feb/2008:12:29:57 +0100] "GET /zampa/montenegro/dajpare.html HTTP/1.1" 200 2503 "-" "msnbot/1.0 (+http://search.msn.com/msnbot.htm)"
65.55.209.100 - - [15/Feb/2008:12:29:57 +0100] "GET /zampa/lybia/index.html HTTP/1.1" 200 3036 "-" "msnbot/1.0 (+http://search.msn.com/msnbot.htm)"
74.6.20.44 - - [15/Feb/2008:12:31:13 +0100] "GET /f-other.html HTTP/1.0" 200 33189 "-" "Mozilla/5.0 (compatible; Yahoo! Slurp; http://help.yahoo.com/help/us/ysearch/slurp)"
65.55.209.98 - - [15/Feb/2008:12:35:55 +0100] "GET /robots.txt HTTP/1.1" 200 64 "-" "msnbot/1.0 (+http://search.msn.com/msnbot.htm)"
65.55.209.98 - - [15/Feb/2008:12:35:57 +0100] "GET /zampa-lovers/index.html HTTP/1.1" 200 37790 "-" "msnbot/1.0 (+http://search.msn.com/msnbot.htm)"
65.55.232.24 - - [15/Feb/2008:12:37:39 +0100] "GET /robots.txt HTTP/1.1" 200 64 "-" "msnbot/1.0 (+http://search.msn.com/msnbot.htm)"
65.55.232.24 - - [15/Feb/2008:12:37:40 +0100] "GET / HTTP/1.1" 200 10335 "-" "msnbot/1.0 (+http://search.msn.com/msnbot.htm)"
66.249.67.80 - - [15/Feb/2008:12:42:45 +0100] "GET /robots.txt HTTP/1.1" 302 362 "-" "Mozilla/5.0 (compatible; Googlebot/2.1; +http://www.google.com/bot.html)"
66.249.67.80 - - [15/Feb/2008:12:42:45 +0100] "GET /zampa/robots.txt HTTP/1.1" 404 2748 "-" "Mozilla/5.0 (compatible; Googlebot/2.1; +http://www.google.com/bot.html)"
66.249.67.80 - - [15/Feb/2008:12:42:46 +0100] "GET /anarhija-blok45/pdf/005_PERL.PDF HTTP/1.1" 302 384 "-" "Mozilla/5.0 (compatible; Googlebot/2.1; +http://www.google.com/bot.html)"
66.249.67.80 - - [15/Feb/2008:12:42:46 +0100] "GET /zampa/anarhija-blok45/pdf/005_PERL.PDF HTTP/1.1" 404 2748 "-" "Mozilla/5.0 (compatible; Googlebot/2.1; +http://www.google.com/bot.html)"
65.55.209.98 - - [15/Feb/2008:12:54:53 +0100] "GET /f-rez.html HTTP/1.1" 200 9765 "-" "msnbot/1.0 (+http://search.msn.com/msnbot.htm)"
65.55.165.27 - - [15/Feb/2008:12:56:23 +0100] "GET /f-rez.html HTTP/1.0" 200 9765 "http://search.live.com/results.aspx?q=various&mrt=en-us&FORM=LIVSOP" "Mozilla/4.0 (compatible; MSIE 7.0; Windows NT 5.2; .NET CLR 1.1.4322)"
65.55.165.27 - - [15/Feb/2008:12:56:24 +0100] "GET /framez-rez.html HTTP/1.0" 200 4323 "-" "Mozilla/4.0 (compatible; MSIE 7.0; Windows NT 5.2; .NET CLR 1.1.4322)"
65.55.165.27 - - [15/Feb/2008:12:56:24 +0100] "GET /f-rez.html HTTP/1.0" 200 9765 "http://www.various-euro.com/framez-rez.html" "Mozilla/4.0 (compatible; MSIE 7.0; Windows NT 5.2; .NET CLR 1.1.4322)"
65.55.165.27 - - [15/Feb/2008:12:56:24 +0100] "GET /frame-menu.html HTTP/1.0" 200 10763 "http://www.various-euro.com/framez-rez.html" "Mozilla/4.0 (compatible; MSIE 7.0; Windows NT 5.2; .NET CLR 1.1.4322)"
65.55.165.27 - - [15/Feb/2008:12:56:25 +0100] "GET /frame-unten.html HTTP/1.0" 200 5557 "http://www.various-euro.com/framez-rez.html" "Mozilla/4.0 (compatible; MSIE 7.0; Windows NT 5.2; .NET CLR 1.1.4322)"
65.55.209.98 - - [15/Feb/2008:13:01:50 +0100] "GET /robots.txt HTTP/1.1" 302 362 "-" "msnbot/1.0 (+http://search.msn.com/msnbot.htm)"
65.55.209.98 - - [15/Feb/2008:13:01:51 +0100] "GET /zampa/robots.txt HTTP/1.1" 404 2748 "-" "msnbot/1.0 (+http://search.msn.com/msnbot.htm)"
65.55.209.98 - - [15/Feb/2008:13:01:51 +0100] "GET /wonderland/index.html HTTP/1.1" 302 373 "-" "msnbot/1.0 (+http://search.msn.com/msnbot.htm)"
65.55.209.98 - - [15/Feb/2008:13:05:13 +0100] "GET /zampa/wonderland/index.html HTTP/1.1" 200 2084 "-" "msnbot/1.0 (+http://search.msn.com/msnbot.htm)"
66.249.67.80 - - [15/Feb/2008:13:06:52 +0100] "GET /zampa-lovers/ HTTP/1.1" 200 37790 "-" "Mozilla/5.0 (compatible; Googlebot/2.1; +http://www.google.com/bot.html)"
60.15.239.173 - - [15/Feb/2008:13:11:42 +0100] "GET /f-logz_old.html HTTP/1.1" 200 43773 "-" "Mozilla/4.0 (compatible; MSIE 6.0; Windows NT 5.0)"
60.15.239.173 - - [15/Feb/2008:13:11:53 +0100] "GET /logs/usage_200612.html HTTP/1.1" 200 109590 "-" "Mozilla/4.0 (compatible; MSIE 6.0; Windows NT 5.0)"
201.143.225.108 - - [15/Feb/2008:13:15:34 +0100] "POST http://various-euro.com/cgi-bin/back_up.cgi HTTP/1.0" 404 2748 "http://various-euro.com/cgi-bin/back_up.cgi" "Mozilla/4.0 (compatible; MSIE 6.0; Windows NT 5.1)"
65.55.209.99 - - [15/Feb/2008:13:29:58 +0100] "GET /robots.txt HTTP/1.1" 200 64 "-" "msnbot/1.0 (+http://search.msn.com/msnbot.htm)"
65.55.209.99 - - [15/Feb/2008:13:29:59 +0100] "GET /zampa/montenegro/dajpare.html HTTP/1.1" 200 2503 "-" "msnbot/1.0 (+http://search.msn.com/msnbot.htm)"
65.55.209.102 - - [15/Feb/2008:13:49:19 +0100] "GET /warez.html HTTP/1.1" 200 9754 "-" "msnbot/1.0 (+http://search.msn.com/msnbot.htm)"
65.55.165.44 - - [15/Feb/2008:13:51:11 +0100] "GET /warez.html HTTP/1.0" 200 9754 "http://search.live.com/results.aspx?q=various&mrt=en-us&FORM=LIVSOP" "Mozilla/4.0 (compatible; MSIE 7.0; Windows NT 5.2; .NET CLR 1.1.4322)"
65.55.165.44 - - [15/Feb/2008:13:51:12 +0100] "GET /menueleiste.js HTTP/1.0" 404 2748 "http://www.various-euro.com/warez.html" "Mozilla/4.0 (compatible; MSIE 7.0; Windows NT 5.2; .NET CLR 1.1.4322)"
65.55.165.44 - - [15/Feb/2008:13:51:12 +0100] "GET /framez-warez.html HTTP/1.0" 200 4322 "-" "Mozilla/4.0 (compatible; MSIE 7.0; Windows NT 5.2; .NET CLR 1.1.4322)"
65.55.165.44 - - [15/Feb/2008:13:51:12 +0100] "GET /f-warez.html HTTP/1.0" 200 10953 "http://www.various-euro.com/framez-warez.html" "Mozilla/4.0 (compatible; MSIE 7.0; Windows NT 5.2; .NET CLR 1.1.4322)"
65.55.165.44 - - [15/Feb/2008:13:51:12 +0100] "GET /frame-menu.html HTTP/1.0" 200 10763 "http://www.various-euro.com/framez-warez.html" "Mozilla/4.0 (compatible; MSIE 7.0; Windows NT 5.2; .NET CLR 1.1.4322)"
65.55.165.44 - - [15/Feb/2008:13:51:13 +0100] "GET /frame-unten.html HTTP/1.0" 200 5557 "http://www.various-euro.com/framez-warez.html" "Mozilla/4.0 (compatible; MSIE 7.0; Windows NT 5.2; .NET CLR 1.1.4322)"
65.55.209.100 - - [15/Feb/2008:13:57:42 +0100] "GET /robots.txt HTTP/1.1" 200 64 "-" "msnbot/1.0 (+http://search.msn.com/msnbot.htm)"
65.55.209.100 - - [15/Feb/2008:13:57:42 +0100] "GET /zampa/montenegro/index.html HTTP/1.1" 200 2651 "-" "msnbot/1.0 (+http://search.msn.com/msnbot.htm)"
65.55.232.24 - - [15/Feb/2008:14:16:12 +0100] "GET /framez.html HTTP/1.1" 200 4130 "-" "msnbot/1.0 (+http://search.msn.com/msnbot.htm)"
65.55.232.24 - - [15/Feb/2008:14:19:22 +0100] "GET /robots.txt HTTP/1.1" 200 64 "-" "msnbot/1.0 (+http://search.msn.com/msnbot.htm)"
65.55.232.24 - - [15/Feb/2008:14:19:22 +0100] "GET /frame-menu.html HTTP/1.1" 200 10763 "-" "msnbot/1.0 (+http://search.msn.com/msnbot.htm)"
65.55.232.24 - - [15/Feb/2008:14:19:24 +0100] "GET /frame-inhalt.html HTTP/1.1" 200 6025 "-" "msnbot/1.0 (+http://search.msn.com/msnbot.htm)"
65.55.232.24 - - [15/Feb/2008:14:19:24 +0100] "GET /frame-unten.html HTTP/1.1" 200 5557 "-" "msnbot/1.0 (+http://search.msn.com/msnbot.htm)"
65.55.209.101 - - [15/Feb/2008:14:19:26 +0100] "GET /robots.txt HTTP/1.1" 200 64 "-" "msnbot/1.0 (+http://search.msn.com/msnbot.htm)"
65.55.209.101 - - [15/Feb/2008:14:19:26 +0100] "GET /zampa/lybia/index.html HTTP/1.1" 200 3036 "-" "msnbot/1.0 (+http://search.msn.com/msnbot.htm)"
74.6.22.108 - - [15/Feb/2008:14:40:51 +0100] "GET /f-euro.html HTTP/1.0" 200 12203 "-" "Mozilla/5.0 (compatible; Yahoo! Slurp; http://help.yahoo.com/help/us/ysearch/slurp)"
74.6.25.170 - - [15/Feb/2008:14:54:14 +0100] "GET /zampa/montenegro/ HTTP/1.0" 200 2651 "-" "Mozilla/5.0 (compatible; Yahoo! Slurp; http://help.yahoo.com/help/us/ysearch/slurp)"
74.6.22.108 - - [15/Feb/2008:15:21:59 +0100] "GET /zampa/ HTTP/1.0" 200 7153 "-" "Mozilla/5.0 (compatible; Yahoo! Slurp/3.0; http://help.yahoo.com/help/us/ysearch/slurp)"
72.30.179.219 - - [15/Feb/2008:15:23:37 +0100] "GET /montenegro/dajpare.html HTTP/1.0" 302 375 "-" "Mozilla/5.0 (compatible; Yahoo! Slurp; http://help.yahoo.com/help/us/ysearch/slurp)"
72.30.179.219 - - [15/Feb/2008:15:23:38 +0100] "GET /zampa/montenegro/dajpare.html HTTP/1.0" 200 2503 "-" "Mozilla/5.0 (compatible; Yahoo! Slurp; http://help.yahoo.com/help/us/ysearch/slurp)"
66.249.67.80 - - [15/Feb/2008:15:47:22 +0100] "GET /wonderland/index.html HTTP/1.1" 302 373 "-" "Mozilla/5.0 (compatible; Googlebot/2.1; +http://www.google.com/bot.html)"
66.249.67.80 - - [15/Feb/2008:15:47:23 +0100] "GET /zampa/wonderland/index.html HTTP/1.1" 200 2084 "-" "Mozilla/5.0 (compatible; Googlebot/2.1; +http://www.google.com/bot.html)"
74.6.18.201 - - [15/Feb/2008:15:50:55 +0100] "GET /bmpp/ HTTP/1.0" 403 1223 "-" "Mozilla/5.0 (compatible; Yahoo! Slurp; http://help.yahoo.com/help/us/ysearch/slurp)"
68.142.212.171 - - [15/Feb/2008:16:04:40 +0100] "GET /robots.txt HTTP/1.0" 302 362 "-" "Yahoo-MMCrawler/3.x (mms dash mmcrawler dash support at yahoo dash inc dot com)"
84.190.37.150 - - [15/Feb/2008:16:09:03 +0100] "GET /framez.html HTTP/1.1" 200 4130 "-" "Mozilla/5.0 (X11; U; Linux i686; de; rv:1.8.1.12) Gecko/20080207 Ubuntu/7.10 (gutsy) Firefox/2.0.0.12"
84.190.37.150 - - [15/Feb/2008:16:09:03 +0100] "GET /ve-icon-2.ico HTTP/1.1" 200 2238 "-" "Mozilla/5.0 (X11; U; Linux i686; de; rv:1.8.1.12) Gecko/20080207 Ubuntu/7.10 (gutsy) Firefox/2.0.0.12"
84.190.37.150 - - [15/Feb/2008:16:09:03 +0100] "GET /frame-inhalt.html HTTP/1.1" 200 6025 "http://www.various-euro.com/framez.html" "Mozilla/5.0 (X11; U; Linux i686; de; rv:1.8.1.12) Gecko/20080207 Ubuntu/7.10 (gutsy) Firefox/2.0.0.12"
84.190.37.150 - - [15/Feb/2008:16:09:03 +0100] "GET /frame-menu.html HTTP/1.1" 200 10763 "http://www.various-euro.com/framez.html" "Mozilla/5.0 (X11; U; Linux i686; de; rv:1.8.1.12) Gecko/20080207 Ubuntu/7.10 (gutsy) Firefox/2.0.0.12"
84.190.37.150 - - [15/Feb/2008:16:09:03 +0100] "GET /frame-unten.html HTTP/1.1" 200 5557 "http://www.various-euro.com/framez.html" "Mozilla/5.0 (X11; U; Linux i686; de; rv:1.8.1.12) Gecko/20080207 Ubuntu/7.10 (gutsy) Firefox/2.0.0.12"
84.190.37.150 - - [15/Feb/2008:16:09:04 +0100] "GET /eurosign3.gif HTTP/1.1" 200 7879 "http://www.various-euro.com/frame-inhalt.html" "Mozilla/5.0 (X11; U; Linux i686; de; rv:1.8.1.12) Gecko/20080207 Ubuntu/7.10 (gutsy) Firefox/2.0.0.12"
84.190.37.150 - - [15/Feb/2008:16:09:04 +0100] "GET /bannerz/neon_click_3.gif HTTP/1.1" 200 240 "http://www.various-euro.com/frame-inhalt.html" "Mozilla/5.0 (X11; U; Linux i686; de; rv:1.8.1.12) Gecko/20080207 Ubuntu/7.10 (gutsy) Firefox/2.0.0.12"
84.190.37.150 - - [15/Feb/2008:16:09:04 +0100] "GET /bannerz/ascii-lt.gif HTTP/1.1" 200 1049 "http://www.various-euro.com/frame-inhalt.html" "Mozilla/5.0 (X11; U; Linux i686; de; rv:1.8.1.12) Gecko/20080207 Ubuntu/7.10 (gutsy) Firefox/2.0.0.12"
84.190.37.150 - - [15/Feb/2008:16:09:04 +0100] "GET /bannerz/neon_click_1.gif HTTP/1.1" 200 890 "http://www.various-euro.com/frame-inhalt.html" "Mozilla/5.0 (X11; U; Linux i686; de; rv:1.8.1.12) Gecko/20080207 Ubuntu/7.10 (gutsy) Firefox/2.0.0.12"
84.190.37.150 - - [15/Feb/2008:16:09:04 +0100] "GET /bannerz/google/Logo_40blk.gif HTTP/1.1" 200 2308 "http://www.various-euro.com/frame-inhalt.html" "Mozilla/5.0 (X11; U; Linux i686; de; rv:1.8.1.12) Gecko/20080207 Ubuntu/7.10 (gutsy) Firefox/2.0.0.12"
84.190.37.150 - - [15/Feb/2008:16:09:05 +0100] "GET /bannerz/neon_click_2.gif HTTP/1.1" 200 387 "http://www.various-euro.com/frame-inhalt.html" "Mozilla/5.0 (X11; U; Linux i686; de; rv:1.8.1.12) Gecko/20080207 Ubuntu/7.10 (gutsy) Firefox/2.0.0.12"
84.190.37.150 - - [15/Feb/2008:16:09:04 +0100] "GET /bannerz/ve.jpg HTTP/1.1" 200 36912 "http://www.various-euro.com/frame-unten.html" "Mozilla/5.0 (X11; U; Linux i686; de; rv:1.8.1.12) Gecko/20080207 Ubuntu/7.10 (gutsy) Firefox/2.0.0.12"
84.190.37.150 - - [15/Feb/2008:16:09:05 +0100] "GET /bannerz/douwil.gif HTTP/1.1" 200 528 "http://www.various-euro.com/frame-inhalt.html" "Mozilla/5.0 (X11; U; Linux i686; de; rv:1.8.1.12) Gecko/20080207 Ubuntu/7.10 (gutsy) Firefox/2.0.0.12"
84.190.37.150 - - [15/Feb/2008:16:09:05 +0100] "GET /bannerz/anti_black_small.gif HTTP/1.1" 200 1009 "http://www.various-euro.com/frame-inhalt.html" "Mozilla/5.0 (X11; U; Linux i686; de; rv:1.8.1.12) Gecko/20080207 Ubuntu/7.10 (gutsy) Firefox/2.0.0.12"
84.190.37.150 - - [15/Feb/2008:16:09:05 +0100] "GET /bannerz/copyleft_black_small.gif HTTP/1.1" 200 1231 "http://www.various-euro.com/frame-inhalt.html" "Mozilla/5.0 (X11; U; Linux i686; de; rv:1.8.1.12) Gecko/20080207 Ubuntu/7.10 (gutsy) Firefox/2.0.0.12"
84.190.37.150 - - [15/Feb/2008:16:09:05 +0100] "GET /bannerz/wet.gif HTTP/1.1" 200 18561 "http://www.various-euro.com/frame-inhalt.html" "Mozilla/5.0 (X11; U; Linux i686; de; rv:1.8.1.12) Gecko/20080207 Ubuntu/7.10 (gutsy) Firefox/2.0.0.12"
84.190.37.150 - - [15/Feb/2008:16:09:04 +0100] "GET /bannerz/various-euro-girl.jpg HTTP/1.1" 200 91514 "http://www.various-euro.com/frame-unten.html" "Mozilla/5.0 (X11; U; Linux i686; de; rv:1.8.1.12) Gecko/20080207 Ubuntu/7.10 (gutsy) Firefox/2.0.0.12"
84.190.37.150 - - [15/Feb/2008:16:09:04 +0100] "GET /bannerz/ubu-shot.png HTTP/1.1" 200 200117 "http://www.various-euro.com/frame-menu.html" "Mozilla/5.0 (X11; U; Linux i686; de; rv:1.8.1.12) Gecko/20080207 Ubuntu/7.10 (gutsy) Firefox/2.0.0.12"
74.6.22.108 - - [15/Feb/2008:16:10:35 +0100] "GET /f-zeug.html HTTP/1.0" 200 45338 "-" "Mozilla/5.0 (compatible; Yahoo! Slurp; http://help.yahoo.com/help/us/ysearch/slurp)"
84.190.37.150 - - [15/Feb/2008:16:10:57 +0100] "GET /framez.html HTTP/1.1" 200 4130 "-" "Mozilla/5.0 (X11; U; Linux i686; de; rv:1.8.1.12) Gecko/20080207 Ubuntu/7.10 (gutsy) Firefox/2.0.0.12"
84.190.37.150 - - [15/Feb/2008:16:10:57 +0100] "GET /frame-menu.html HTTP/1.1" 200 10763 "http://www.various-euro.com/framez.html" "Mozilla/5.0 (X11; U; Linux i686; de; rv:1.8.1.12) Gecko/20080207 Ubuntu/7.10 (gutsy) Firefox/2.0.0.12"
84.190.37.150 - - [15/Feb/2008:16:10:57 +0100] "GET /frame-inhalt.html HTTP/1.1" 200 6025 "http://www.various-euro.com/framez.html" "Mozilla/5.0 (X11; U; Linux i686; de; rv:1.8.1.12) Gecko/20080207 Ubuntu/7.10 (gutsy) Firefox/2.0.0.12"
84.190.37.150 - - [15/Feb/2008:16:10:57 +0100] "GET /frame-unten.html HTTP/1.1" 200 5557 "http://www.various-euro.com/framez.html" "Mozilla/5.0 (X11; U; Linux i686; de; rv:1.8.1.12) Gecko/20080207 Ubuntu/7.10 (gutsy) Firefox/2.0.0.12"
66.249.67.80 - - [15/Feb/2008:16:14:06 +0100] "GET /schubb/schubb-1.html HTTP/1.1" 200 9070 "-" "Mozilla/5.0 (compatible; Googlebot/2.1; +http://www.google.com/bot.html)"
74.6.18.201 - - [15/Feb/2008:16:14:22 +0100] "GET /f-horrorkatze.html HTTP/1.0" 200 7865 "-" "Mozilla/5.0 (compatible; Yahoo! Slurp; http://help.yahoo.com/help/us/ysearch/slurp)"
74.6.19.123 - - [15/Feb/2008:16:31:44 +0100] "GET /robots.txt HTTP/1.0" 200 64 "-" "Mozilla/5.0 (compatible; Yahoo! Slurp; http://help.yahoo.com/help/us/ysearch/slurp)"
74.6.20.217 - - [15/Feb/2008:16:31:44 +0100] "GET /logs/usage_200710.html HTTP/1.0" 200 110952 "-" "Mozilla/5.0 (compatible; Yahoo! Slurp; http://help.yahoo.com/help/us/ysearch/slurp)"
74.6.22.108 - - [15/Feb/2008:16:33:14 +0100] "GET /bmpp/euro_pal_1.html HTTP/1.0" 200 18252 "-" "Mozilla/5.0 (compatible; Yahoo! Slurp; http://help.yahoo.com/help/us/ysearch/slurp)"
74.6.22.108 - - [15/Feb/2008:16:35:02 +0100] "GET /f-doku-brau.html HTTP/1.0" 200 7152 "-" "Mozilla/5.0 (compatible; Yahoo! Slurp; http://help.yahoo.com/help/us/ysearch/slurp)"
65.55.232.24 - - [15/Feb/2008:16:49:13 +0100] "GET /robots.txt HTTP/1.1" 200 64 "-" "msnbot/1.0 (+http://search.msn.com/msnbot.htm)"
65.55.232.24 - - [15/Feb/2008:16:49:14 +0100] "GET /logs/ HTTP/1.1" 200 10079 "-" "msnbot/1.0 (+http://search.msn.com/msnbot.htm)"
74.6.24.116 - - [15/Feb/2008:16:52:53 +0100] "GET /robots.txt HTTP/1.0" 302 362 "-" "Mozilla/5.0 (compatible; Yahoo! Slurp; http://help.yahoo.com/help/us/ysearch/slurp)"
74.6.24.116 - - [15/Feb/2008:16:52:53 +0100] "GET /zampa/robots.txt HTTP/1.0" 404 2748 "-" "Mozilla/5.0 (compatible; Yahoo! Slurp; http://help.yahoo.com/help/us/ysearch/slurp)"
74.6.19.108 - - [15/Feb/2008:16:52:54 +0100] "GET / HTTP/1.0" 302 352 "-" "Mozilla/5.0 (compatible; Yahoo! Slurp; http://help.yahoo.com/help/us/ysearch/slurp)"
74.6.19.108 - - [15/Feb/2008:16:52:54 +0100] "GET /zampa/ HTTP/1.0" 200 7153 "-" "Mozilla/5.0 (compatible; Yahoo! Slurp; http://help.yahoo.com/help/us/ysearch/slurp)"
65.55.209.104 - - [15/Feb/2008:17:46:21 +0100] "GET /robots.txt HTTP/1.1" 302 362 "-" "msnbot/1.0 (+http://search.msn.com/msnbot.htm)"
65.55.209.104 - - [15/Feb/2008:17:46:22 +0100] "GET /zampa/robots.txt HTTP/1.1" 404 2748 "-" "msnbot/1.0 (+http://search.msn.com/msnbot.htm)"
65.55.209.104 - - [15/Feb/2008:17:46:24 +0100] "GET /montenegro/index.html HTTP/1.1" 302 373 "-" "msnbot/1.0 (+http://search.msn.com/msnbot.htm)"
65.55.232.24 - - [15/Feb/2008:17:53:58 +0100] "GET /f-channel1.html HTTP/1.1" 200 5713 "-" "msnbot/1.0 (+http://search.msn.com/msnbot.htm)"
65.55.209.104 - - [15/Feb/2008:17:57:23 +0100] "GET /robots.txt HTTP/1.1" 200 64 "-" "msnbot/1.0 (+http://search.msn.com/msnbot.htm)"
65.55.209.104 - - [15/Feb/2008:17:57:23 +0100] "GET /zampa/montenegro/index.html HTTP/1.1" 200 2651 "-" "msnbot/1.0 (+http://search.msn.com/msnbot.htm)"
80.253.81.183 - - [15/Feb/2008:18:03:53 +0100] "GET / HTTP/1.1" 200 10335 "-" "Microsoft URL Control - 6.00.8862"
74.6.18.201 - - [15/Feb/2008:18:28:27 +0100] "GET /f-horrorkatze.html HTTP/1.0" 200 7865 "-" "Mozilla/5.0 (compatible; Yahoo! Slurp/3.0; http://help.yahoo.com/help/us/ysearch/slurp)"
190.172.131.201 - - [15/Feb/2008:19:06:04 +0100] "GET /usage/awstats/awstats.pl HTTP/1.1" 404 2748 "http://various-euro.com/usage/awstats/awstats.pl" "Mozilla/4.0 (compatible; MSIE 6.0; Windows NT 5.1)"
66.249.67.80 - - [15/Feb/2008:19:13:58 +0100] "GET /3dsf3/sendi/receiver.html HTTP/1.1" 200 1402 "-" "Mozilla/5.0 (compatible; Googlebot/2.1; +http://www.google.com/bot.html)"
74.6.17.145 - - [15/Feb/2008:19:44:32 +0100] "GET / HTTP/1.0" 302 352 "-" "Mozilla/5.0 (compatible; Yahoo! Slurp; http://help.yahoo.com/help/us/ysearch/slurp)"
84.190.101.92 - - [15/Feb/2008:19:45:20 +0100] "GET / HTTP/1.1" 200 10335 "http://raum.modukit.com/links.php" "Mozilla/5.0 (Windows; U; Windows NT 5.1; de; rv:1.8.1.12) Gecko/20080201 Firefox/2.0.0.12"
84.190.101.92 - - [15/Feb/2008:19:45:20 +0100] "GET /ve-icon-2.ico HTTP/1.1" 200 2238 "-" "Mozilla/5.0 (Windows; U; Windows NT 5.1; de; rv:1.8.1.12) Gecko/20080201 Firefox/2.0.0.12"
84.190.101.92 - - [15/Feb/2008:19:45:20 +0100] "GET /framez_0.html HTTP/1.1" 200 12411 "http://www.various-euro.com/" "Mozilla/5.0 (Windows; U; Windows NT 5.1; de; rv:1.8.1.12) Gecko/20080201 Firefox/2.0.0.12"
74.6.22.171 - - [15/Feb/2008:19:45:27 +0100] "GET /robots.txt HTTP/1.0" 200 64 "-" "Mozilla/5.0 (compatible; Yahoo! Slurp; http://help.yahoo.com/help/us/ysearch/slurp)"
74.6.22.171 - - [15/Feb/2008:19:45:27 +0100] "GET /zampa/ HTTP/1.0" 200 7153 "-" "Mozilla/5.0 (compatible; Yahoo! Slurp; http://help.yahoo.com/help/us/ysearch/slurp)"
65.55.235.200 - - [15/Feb/2008:20:03:19 +0100] "GET /robots.txt HTTP/1.0" 200 64 "-" "msnbot-media/1.0 (+http://search.msn.com/msnbot.htm)"
65.55.235.200 - - [15/Feb/2008:20:03:20 +0100] "GET / HTTP/1.0" 200 10335 "-" "msnbot-media/1.0 (+http://search.msn.com/msnbot.htm)"
69.147.79.136 - - [15/Feb/2008:20:23:30 +0100] "GET /robots.txt HTTP/1.0" 200 64 "-" "Nokia6682/2.0 (3.01.1) SymbianOS/8.0 Series60/2.6 Profile/MIDP-2.0 configuration/CLDC-1.1 UP.Link/6.3.0.0.0 (compatible;YahooSeeker/M1A1-R2D2; http://help.yahoo.com/help/us/ysearch/crawling/crawling-01.html)"
74.6.25.15 - - [15/Feb/2008:20:40:54 +0100] "GET /web.html HTTP/1.0" 404 2748 "-" "Mozilla/5.0 (compatible; Yahoo! Slurp; http://help.yahoo.com/help/us/ysearch/slurp)"
190.172.175.243 - - [15/Feb/2008:20:52:51 +0100] "GET /awstat/awstats.pl HTTP/1.1" 404 2748 "http://various-euro.com/awstat/awstats.pl" "Mozilla/4.0 (compatible; MSIE 6.0; Windows NT 5.1)"
74.6.22.108 - - [15/Feb/2008:21:00:13 +0100] "GET /robots.txt HTTP/1.0" 200 64 "-" "Mozilla/5.0 (compatible; Yahoo! Slurp; http://help.yahoo.com/help/us/ysearch/slurp)"
74.6.22.108 - - [15/Feb/2008:21:00:13 +0100] "GET /f-maintitle.html HTTP/1.0" 200 5030 "-" "Mozilla/5.0 (compatible; Yahoo! Slurp; http://help.yahoo.com/help/us/ysearch/slurp)"
74.6.22.152 - - [15/Feb/2008:21:29:46 +0100] "GET /robots.txt HTTP/1.0" 200 64 "-" "Mozilla/5.0 (compatible; Yahoo! Slurp; http://help.yahoo.com/help/us/ysearch/slurp)"
74.6.22.152 - - [15/Feb/2008:21:29:46 +0100] "GET /f-zeug.html HTTP/1.0" 200 45338 "-" "Mozilla/5.0 (compatible; Yahoo! Slurp/3.0; http://help.yahoo.com/help/us/ysearch/slurp)"
84.190.37.150 - - [15/Feb/2008:21:46:58 +0100] "GET /framez.html HTTP/1.1" 200 4130 "-" "Mozilla/5.0 (X11; U; Linux i686; de; rv:1.8.1.12) Gecko/20080207 Ubuntu/7.10 (gutsy) Firefox/2.0.0.12"
84.190.37.150 - - [15/Feb/2008:21:46:58 +0100] "GET /ve-icon-2.ico HTTP/1.1" 200 2238 "-" "Mozilla/5.0 (X11; U; Linux i686; de; rv:1.8.1.12) Gecko/20080207 Ubuntu/7.10 (gutsy) Firefox/2.0.0.12"
84.190.37.150 - - [15/Feb/2008:21:46:58 +0100] "GET /frame-menu.html HTTP/1.1" 200 10763 "http://www.various-euro.com/framez.html" "Mozilla/5.0 (X11; U; Linux i686; de; rv:1.8.1.12) Gecko/20080207 Ubuntu/7.10 (gutsy) Firefox/2.0.0.12"
84.190.37.150 - - [15/Feb/2008:21:46:58 +0100] "GET /frame-inhalt.html HTTP/1.1" 200 6025 "http://www.various-euro.com/framez.html" "Mozilla/5.0 (X11; U; Linux i686; de; rv:1.8.1.12) Gecko/20080207 Ubuntu/7.10 (gutsy) Firefox/2.0.0.12"
84.190.37.150 - - [15/Feb/2008:21:46:58 +0100] "GET /frame-unten.html HTTP/1.1" 200 5557 "http://www.various-euro.com/framez.html" "Mozilla/5.0 (X11; U; Linux i686; de; rv:1.8.1.12) Gecko/20080207 Ubuntu/7.10 (gutsy) Firefox/2.0.0.12"
84.190.37.150 - - [15/Feb/2008:21:46:58 +0100] "GET /bannerz/neon_click_3.gif HTTP/1.1" 200 240 "http://www.various-euro.com/frame-inhalt.html" "Mozilla/5.0 (X11; U; Linux i686; de; rv:1.8.1.12) Gecko/20080207 Ubuntu/7.10 (gutsy) Firefox/2.0.0.12"
84.190.37.150 - - [15/Feb/2008:21:46:58 +0100] "GET /bannerz/neon_click_2.gif HTTP/1.1" 200 387 "http://www.various-euro.com/frame-inhalt.html" "Mozilla/5.0 (X11; U; Linux i686; de; rv:1.8.1.12) Gecko/20080207 Ubuntu/7.10 (gutsy) Firefox/2.0.0.12"
84.190.37.150 - - [15/Feb/2008:21:46:58 +0100] "GET /bannerz/douwil.gif HTTP/1.1" 200 528 "http://www.various-euro.com/frame-inhalt.html" "Mozilla/5.0 (X11; U; Linux i686; de; rv:1.8.1.12) Gecko/20080207 Ubuntu/7.10 (gutsy) Firefox/2.0.0.12"
84.190.37.150 - - [15/Feb/2008:21:46:58 +0100] "GET /bannerz/anti_black_small.gif HTTP/1.1" 200 1009 "http://www.various-euro.com/frame-inhalt.html" "Mozilla/5.0 (X11; U; Linux i686; de; rv:1.8.1.12) Gecko/20080207 Ubuntu/7.10 (gutsy) Firefox/2.0.0.12"
84.190.37.150 - - [15/Feb/2008:21:46:58 +0100] "GET /bannerz/ascii-lt.gif HTTP/1.1" 200 1049 "http://www.various-euro.com/frame-inhalt.html" "Mozilla/5.0 (X11; U; Linux i686; de; rv:1.8.1.12) Gecko/20080207 Ubuntu/7.10 (gutsy) Firefox/2.0.0.12"
84.190.37.150 - - [15/Feb/2008:21:46:58 +0100] "GET /bannerz/copyleft_black_small.gif HTTP/1.1" 200 1231 "http://www.various-euro.com/frame-inhalt.html" "Mozilla/5.0 (X11; U; Linux i686; de; rv:1.8.1.12) Gecko/20080207 Ubuntu/7.10 (gutsy) Firefox/2.0.0.12"
84.190.37.150 - - [15/Feb/2008:21:46:58 +0100] "GET /bannerz/wet.gif HTTP/1.1" 200 18561 "http://www.various-euro.com/frame-inhalt.html" "Mozilla/5.0 (X11; U; Linux i686; de; rv:1.8.1.12) Gecko/20080207 Ubuntu/7.10 (gutsy) Firefox/2.0.0.12"
84.190.37.150 - - [15/Feb/2008:21:46:58 +0100] "GET /eurosign3.gif HTTP/1.1" 200 7879 "http://www.various-euro.com/frame-inhalt.html" "Mozilla/5.0 (X11; U; Linux i686; de; rv:1.8.1.12) Gecko/20080207 Ubuntu/7.10 (gutsy) Firefox/2.0.0.12"
84.190.37.150 - - [15/Feb/2008:21:46:58 +0100] "GET /bannerz/ve.jpg HTTP/1.1" 200 36912 "http://www.various-euro.com/frame-unten.html" "Mozilla/5.0 (X11; U; Linux i686; de; rv:1.8.1.12) Gecko/20080207 Ubuntu/7.10 (gutsy) Firefox/2.0.0.12"
84.190.37.150 - - [15/Feb/2008:21:46:58 +0100] "GET /bannerz/ubu-shot.png HTTP/1.1" 200 200117 "http://www.various-euro.com/frame-menu.html" "Mozilla/5.0 (X11; U; Linux i686; de; rv:1.8.1.12) Gecko/20080207 Ubuntu/7.10 (gutsy) Firefox/2.0.0.12"
84.190.37.150 - - [15/Feb/2008:21:46:59 +0100] "GET /bannerz/neon_click_1.gif HTTP/1.1" 200 890 "http://www.various-euro.com/frame-inhalt.html" "Mozilla/5.0 (X11; U; Linux i686; de; rv:1.8.1.12) Gecko/20080207 Ubuntu/7.10 (gutsy) Firefox/2.0.0.12"
84.190.37.150 - - [15/Feb/2008:21:46:59 +0100] "GET /bannerz/google/Logo_40blk.gif HTTP/1.1" 200 2308 "http://www.various-euro.com/frame-inhalt.html" "Mozilla/5.0 (X11; U; Linux i686; de; rv:1.8.1.12) Gecko/20080207 Ubuntu/7.10 (gutsy) Firefox/2.0.0.12"
84.190.37.150 - - [15/Feb/2008:21:46:59 +0100] "GET /bannerz/various-euro-girl.jpg HTTP/1.1" 200 91514 "http://www.various-euro.com/frame-unten.html" "Mozilla/5.0 (X11; U; Linux i686; de; rv:1.8.1.12) Gecko/20080207 Ubuntu/7.10 (gutsy) Firefox/2.0.0.12"
84.190.37.150 - - [15/Feb/2008:21:47:27 +0100] "GET /framez.html HTTP/1.1" 200 4130 "-" "Mozilla/5.0 (X11; U; Linux i686; de; rv:1.8.1.12) Gecko/20080207 Ubuntu/7.10 (gutsy) Firefox/2.0.0.12"
84.190.37.150 - - [15/Feb/2008:21:47:27 +0100] "GET /frame-menu.html HTTP/1.1" 200 10763 "http://www.various-euro.com/framez.html" "Mozilla/5.0 (X11; U; Linux i686; de; rv:1.8.1.12) Gecko/20080207 Ubuntu/7.10 (gutsy) Firefox/2.0.0.12"
84.190.37.150 - - [15/Feb/2008:21:47:27 +0100] "GET /frame-inhalt.html HTTP/1.1" 200 6025 "http://www.various-euro.com/framez.html" "Mozilla/5.0 (X11; U; Linux i686; de; rv:1.8.1.12) Gecko/20080207 Ubuntu/7.10 (gutsy) Firefox/2.0.0.12"
84.190.37.150 - - [15/Feb/2008:21:47:27 +0100] "GET /frame-unten.html HTTP/1.1" 200 5557 "http://www.various-euro.com/framez.html" "Mozilla/5.0 (X11; U; Linux i686; de; rv:1.8.1.12) Gecko/20080207 Ubuntu/7.10 (gutsy) Firefox/2.0.0.12"
63.123.238.8 - - [15/Feb/2008:21:48:22 +0100] "GET /robots.txt HTTP/1.1" 200 64 "-" "Mozilla/2.0 (compatible; Ask Jeeves/Teoma)"
63.123.238.8 - - [15/Feb/2008:21:48:22 +0100] "GET / HTTP/1.1" 200 10335 "-" "Mozilla/2.0 (compatible; Ask Jeeves/Teoma)"
65.55.209.104 - - [15/Feb/2008:21:49:25 +0100] "GET /robots.txt HTTP/1.1" 200 64 "-" "msnbot/1.0 (+http://search.msn.com/msnbot.htm)"
65.55.209.104 - - [15/Feb/2008:21:49:27 +0100] "GET /framez-girlz.html HTTP/1.1" 200 4271 "-" "msnbot/1.0 (+http://search.msn.com/msnbot.htm)"
63.123.238.8 - - [15/Feb/2008:21:49:36 +0100] "GET /robots.txt HTTP/1.1" 200 64 "-" "Mozilla/2.0 (compatible; Ask Jeeves/Teoma)"
63.123.238.8 - - [15/Feb/2008:21:49:37 +0100] "GET / HTTP/1.1" 200 10335 "-" "Mozilla/2.0 (compatible; Ask Jeeves/Teoma)"
65.55.209.104 - - [15/Feb/2008:21:54:35 +0100] "GET /robots.txt HTTP/1.1" 200 64 "-" "msnbot/1.0 (+http://search.msn.com/msnbot.htm)"
65.55.209.104 - - [15/Feb/2008:21:54:35 +0100] "GET /frame-menu.html HTTP/1.1" 200 10763 "-" "msnbot/1.0 (+http://search.msn.com/msnbot.htm)"
65.55.209.104 - - [15/Feb/2008:21:54:36 +0100] "GET /neon/girlz2.html HTTP/1.1" 200 2937 "-" "msnbot/1.0 (+http://search.msn.com/msnbot.htm)"
65.55.209.104 - - [15/Feb/2008:21:54:36 +0100] "GET /frame-unten.html HTTP/1.1" 200 5557 "-" "msnbot/1.0 (+http://search.msn.com/msnbot.htm)"
84.190.37.150 - - [15/Feb/2008:22:07:21 +0100] "GET /framez.html HTTP/1.1" 200 4130 "-" "Mozilla/5.0 (X11; U; Linux i686; de; rv:1.8.1.12) Gecko/20080207 Ubuntu/7.10 (gutsy) Firefox/2.0.0.12"
84.190.37.150 - - [15/Feb/2008:22:07:21 +0100] "GET /frame-menu.html HTTP/1.1" 200 10763 "http://www.various-euro.com/framez.html" "Mozilla/5.0 (X11; U; Linux i686; de; rv:1.8.1.12) Gecko/20080207 Ubuntu/7.10 (gutsy) Firefox/2.0.0.12"
84.190.37.150 - - [15/Feb/2008:22:07:21 +0100] "GET /frame-inhalt.html HTTP/1.1" 200 6025 "http://www.various-euro.com/framez.html" "Mozilla/5.0 (X11; U; Linux i686; de; rv:1.8.1.12) Gecko/20080207 Ubuntu/7.10 (gutsy) Firefox/2.0.0.12"
84.190.37.150 - - [15/Feb/2008:22:07:21 +0100] "GET /frame-unten.html HTTP/1.1" 200 5557 "http://www.various-euro.com/framez.html" "Mozilla/5.0 (X11; U; Linux i686; de; rv:1.8.1.12) Gecko/20080207 Ubuntu/7.10 (gutsy) Firefox/2.0.0.12"
84.190.37.150 - - [15/Feb/2008:22:07:22 +0100] "GET /partnergegenberlin.html HTTP/1.1" 200 5022 "http://www.various-euro.com/frame-inhalt.html" "Mozilla/5.0 (X11; U; Linux i686; de; rv:1.8.1.12) Gecko/20080207 Ubuntu/7.10 (gutsy) Firefox/2.0.0.12"
84.190.37.150 - - [15/Feb/2008:22:07:23 +0100] "GET /bannerz/logo-partnergegenberlin.png HTTP/1.1" 200 6341 "http://www.various-euro.com/partnergegenberlin.html" "Mozilla/5.0 (X11; U; Linux i686; de; rv:1.8.1.12) Gecko/20080207 Ubuntu/7.10 (gutsy) Firefox/2.0.0.12"
84.190.37.150 - - [15/Feb/2008:22:07:23 +0100] "GET /bannerz/stasi-2-0.jpg HTTP/1.1" 200 42818 "http://www.various-euro.com/partnergegenberlin.html" "Mozilla/5.0 (X11; U; Linux i686; de; rv:1.8.1.12) Gecko/20080207 Ubuntu/7.10 (gutsy) Firefox/2.0.0.12"
84.190.37.150 - - [15/Feb/2008:22:07:23 +0100] "GET /bannerz/kapitalismusdebatte.jpg HTTP/1.1" 200 69093 "http://www.various-euro.com/partnergegenberlin.html" "Mozilla/5.0 (X11; U; Linux i686; de; rv:1.8.1.12) Gecko/20080207 Ubuntu/7.10 (gutsy) Firefox/2.0.0.12"
66.249.67.80 - - [15/Feb/2008:22:16:20 +0100] "GET /partnergegenberlin.html HTTP/1.1" 200 5022 "-" "Mozilla/5.0 (compatible; Googlebot/2.1; +http://www.google.com/bot.html)"
190.172.175.243 - - [15/Feb/2008:22:27:36 +0100] "GET /awstats/awstats.pl HTTP/1.1" 404 2748 "http://various-euro.com/awstats/awstats.pl" "Mozilla/4.0 (compatible; MSIE 6.0; Windows NT 5.1)"
74.6.22.151 - - [15/Feb/2008:22:27:55 +0100] "GET /robots.txt HTTP/1.0" 200 64 "-" "Mozilla/5.0 (compatible; Yahoo! Slurp; http://help.yahoo.com/help/us/ysearch/slurp)"
74.6.22.151 - - [15/Feb/2008:22:27:55 +0100] "GET /logs/ HTTP/1.0" 200 10079 "-" "Mozilla/5.0 (compatible; Yahoo! Slurp; http://help.yahoo.com/help/us/ysearch/slurp)"
66.249.67.80 - - [15/Feb/2008:22:30:40 +0100] "GET /zampa/ HTTP/1.1" 200 7153 "-" "Mozilla/5.0 (compatible; Googlebot/2.1; +http://www.google.com/bot.html)"
66.249.67.80 - - [15/Feb/2008:22:31:31 +0100] "GET /framez_0.html HTTP/1.1" 200 12411 "-" "Mozilla/5.0 (compatible; Googlebot/2.1; +http://www.google.com/bot.html)"
66.249.67.80 - - [15/Feb/2008:22:31:31 +0100] "GET /frame-unten.html HTTP/1.1" 200 5557 "-" "Mozilla/5.0 (compatible; Googlebot/2.1; +http://www.google.com/bot.html)"
66.249.67.80 - - [15/Feb/2008:22:31:32 +0100] "GET /robots.txt HTTP/1.1" 200 64 "-" "Mozilla/5.0 (compatible; Googlebot/2.1; +http://www.google.com/bot.html)"
66.249.67.80 - - [15/Feb/2008:22:31:32 +0100] "GET /framez_0.html HTTP/1.1" 200 12411 "-" "Mozilla/5.0 (compatible; Googlebot/2.1; +http://www.google.com/bot.html)"
66.249.67.80 - - [15/Feb/2008:22:31:32 +0100] "GET /frame-menu.html HTTP/1.1" 200 10763 "-" "Mozilla/5.0 (compatible; Googlebot/2.1; +http://www.google.com/bot.html)"
66.249.67.80 - - [15/Feb/2008:22:31:33 +0100] "GET /frame-inhalt.html HTTP/1.1" 200 6025 "-" "Mozilla/5.0 (compatible; Googlebot/2.1; +http://www.google.com/bot.html)"
66.249.67.80 - - [15/Feb/2008:22:31:33 +0100] "GET /restate_copy.html HTTP/1.1" 200 97631 "-" "Mozilla/5.0 (compatible; Googlebot/2.1; +http://www.google.com/bot.html)"
74.6.22.171 - - [15/Feb/2008:22:40:48 +0100] "GET /robots.txt HTTP/1.0" 200 64 "-" "Mozilla/5.0 (compatible; Yahoo! Slurp; http://help.yahoo.com/help/us/ysearch/slurp)"
74.6.22.171 - - [15/Feb/2008:22:40:48 +0100] "GET /neon/warning2.html HTTP/1.0" 200 997 "-" "Mozilla/5.0 (compatible; Yahoo! Slurp; http://help.yahoo.com/help/us/ysearch/slurp)"
72.232.212.210 - - [15/Feb/2008:22:42:03 +0100] "GET / HTTP/1.1" 200 10335 "http://o-db.com/en/dictionaries/russian_armenian/" "Mozilla/4.0 (compatible; MSIE 6.0; Windows NT 5.1; SV1; Maxthon; .NET CLR 1.1.4322)"
66.249.67.80 - - [15/Feb/2008:22:48:02 +0100] "GET /schubb/schubb-2.html HTTP/1.1" 200 16660 "-" "Mozilla/5.0 (compatible; Googlebot/2.1; +http://www.google.com/bot.html)"
66.249.67.80 - - [15/Feb/2008:22:48:03 +0100] "GET /f-sponsor.html HTTP/1.1" 200 8578 "-" "Mozilla/5.0 (compatible; Googlebot/2.1; +http://www.google.com/bot.html)"
66.249.67.80 - - [15/Feb/2008:22:48:03 +0100] "GET /frame-inhalt.html HTTP/1.1" 200 6025 "-" "Mozilla/5.0 (compatible; Googlebot/2.1; +http://www.google.com/bot.html)"
68.142.212.183 - - [15/Feb/2008:22:48:47 +0100] "GET /robots.txt HTTP/1.0" 200 64 "-" "Yahoo-MMCrawler/3.x (mms dash mmcrawler dash support at yahoo dash inc dot com)"
65.55.209.97 - - [15/Feb/2008:23:04:17 +0100] "GET /robots.txt HTTP/1.1" 200 64 "-" "msnbot/1.0 (+http://search.msn.com/msnbot.htm)"
65.55.209.97 - - [15/Feb/2008:23:04:17 +0100] "GET /zampa-lovers/ HTTP/1.1" 200 37790 "-" "msnbot/1.0 (+http://search.msn.com/msnbot.htm)"
68.142.212.183 - - [15/Feb/2008:23:30:10 +0100] "GET /zampa-lovers/MILIZA_B.JPG HTTP/1.0" 304 - "-" "Yahoo-MMCrawler/3.x (mms dash mmcrawler dash support at yahoo dash inc dot com)"
68.142.212.183 - - [15/Feb/2008:23:30:53 +0100] "GET /zampa-lovers/MILIZA_4.JPG HTTP/1.0" 304 - "-" "Yahoo-MMCrawler/3.x (mms dash mmcrawler dash support at yahoo dash inc dot com)"
68.142.212.183 - - [15/Feb/2008:23:31:32 +0100] "GET /zampa-lovers/1SEITEVE.GIF HTTP/1.0" 304 - "-" "Yahoo-MMCrawler/3.x (mms dash mmcrawler dash support at yahoo dash inc dot com)"
64.1.215.165 - - [15/Feb/2008:23:45:50 +0100] "GET /robots.txt HTTP/1.0" 200 64 "-" "Mozilla/5.0 (Twiceler-0.9 http://www.cuill.com/twiceler/robot.html)"
68.142.212.183 - - [15/Feb/2008:23:49:15 +0100] "GET /zampa-lovers/DRAGANZA.JPG HTTP/1.0" 304 - "-" "Yahoo-MMCrawler/3.x (mms dash mmcrawler dash support at yahoo dash inc dot com)"
68.142.212.183 - - [15/Feb/2008:23:49:58 +0100] "GET /zampa-lovers/MILIZA_3.JPG HTTP/1.0" 304 - "-" "Yahoo-MMCrawler/3.x (mms dash mmcrawler dash support at yahoo dash inc dot com)"
68.142.212.183 - - [15/Feb/2008:23:52:46 +0100] "GET /zampa-lovers/MILIZA_2.JPG HTTP/1.0" 304 - "-" "Yahoo-MMCrawler/3.x (mms dash mmcrawler dash support at yahoo dash inc dot com)"
74.6.18.201 - - [15/Feb/2008:23:52:58 +0100] "GET /logs/usage_200710.html HTTP/1.0" 200 110952 "-" "Mozilla/5.0 (compatible; Yahoo! Slurp; http://help.yahoo.com/help/us/ysearch/slurp)"
68.142.212.183 - - [15/Feb/2008:23:53:28 +0100] "GET /zampa-lovers/2SEITEVE.GIF HTTP/1.0" 304 - "-" "Yahoo-MMCrawler/3.x (mms dash mmcrawler dash support at yahoo dash inc dot com)"
68.142.212.183 - - [15/Feb/2008:23:54:51 +0100] "GET /zampa-lovers/DRAGAN_Z.JPG HTTP/1.0" 304 - "-" "Yahoo-MMCrawler/3.x (mms dash mmcrawler dash support at yahoo dash inc dot com)"
64.1.215.165 - - [15/Feb/2008:23:58:09 +0100] "GET /robots.txt HTTP/1.0" 200 64 "-" "Mozilla/5.0 (Twiceler-0.9 http://www.cuill.com/twiceler/robot.html)"
190.172.175.243 - - [16/Feb/2008:00:02:20 +0100] "GET /awstats/cgi-bin/awstats.pl HTTP/1.1" 404 2748 "http://various-euro.com/awstats/cgi-bin/awstats.pl" "Mozilla/4.0 (compatible; MSIE 6.0; Windows NT 5.1)"
74.6.28.20 - - [16/Feb/2008:00:11:15 +0100] "GET /bmpp/euro_pal_1.html HTTP/1.0" 200 18252 "-" "Mozilla/5.0 (compatible; Yahoo! Slurp; http://help.yahoo.com/help/us/ysearch/slurp)"
74.6.26.37 - - [16/Feb/2008:00:14:32 +0100] "GET /montenegro/MILOW.html HTTP/1.0" 302 373 "-" "Mozilla/5.0 (compatible; Yahoo! Slurp; http://help.yahoo.com/help/us/ysearch/slurp)"
74.6.26.37 - - [16/Feb/2008:00:14:33 +0100] "GET /zampa/montenegro/MILOW.html HTTP/1.0" 200 860 "-" "Mozilla/5.0 (compatible; Yahoo! Slurp; http://help.yahoo.com/help/us/ysearch/slurp)"
65.55.209.97 - - [16/Feb/2008:00:32:26 +0100] "GET /framez_0.html HTTP/1.1" 200 12411 "-" "msnbot/1.0 (+http://search.msn.com/msnbot.htm)"
65.55.165.83 - - [16/Feb/2008:00:34:22 +0100] "GET /framez_0.html HTTP/1.0" 200 12411 "http://search.live.com/results.aspx?q=various&mrt=en-us&FORM=LIVSOP" "Mozilla/4.0 (compatible; MSIE 7.0; Windows NT 5.2; .NET CLR 1.1.4322)"
65.55.165.83 - - [16/Feb/2008:00:34:24 +0100] "GET /framez.html HTTP/1.0" 200 4130 "-" "Mozilla/4.0 (compatible; MSIE 7.0; Windows NT 5.2; .NET CLR 1.1.4322)"
65.55.165.83 - - [16/Feb/2008:00:34:24 +0100] "GET /frame-menu.html HTTP/1.0" 200 10763 "http://www.various-euro.com/framez.html" "Mozilla/4.0 (compatible; MSIE 7.0; Windows NT 5.2; .NET CLR 1.1.4322)"
65.55.165.83 - - [16/Feb/2008:00:34:25 +0100] "GET /frame-inhalt.html HTTP/1.0" 200 6025 "http://www.various-euro.com/framez.html" "Mozilla/4.0 (compatible; MSIE 7.0; Windows NT 5.2; .NET CLR 1.1.4322)"
65.55.165.83 - - [16/Feb/2008:00:34:25 +0100] "GET /frame-unten.html HTTP/1.0" 200 5557 "http://www.various-euro.com/framez.html" "Mozilla/4.0 (compatible; MSIE 7.0; Windows NT 5.2; .NET CLR 1.1.4322)"
125.34.147.57 - - [16/Feb/2008:00:55:02 +0100] "GET / HTTP/1.1" 200 10335 "-" "Java/1.5.0_11"
125.34.147.57 - - [16/Feb/2008:00:55:03 +0100] "GET /framez.html HTTP/1.1" 200 4130 "-" "Java/1.5.0_11"
125.34.147.57 - - [16/Feb/2008:00:55:04 +0100] "GET /framez_0.html HTTP/1.1" 200 12411 "-" "Java/1.5.0_11"
125.34.147.57 - - [16/Feb/2008:00:55:07 +0100] "GET /menue.html HTTP/1.1" 404 2748 "-" "Java/1.5.0_11"
125.34.147.57 - - [16/Feb/2008:00:55:08 +0100] "GET /frame-inhalt.html HTTP/1.1" 200 6025 "-" "Java/1.5.0_11"
125.34.147.57 - - [16/Feb/2008:00:55:10 +0100] "GET /frame-menu.html HTTP/1.1" 200 10763 "-" "Java/1.5.0_11"
125.34.147.57 - - [16/Feb/2008:00:55:11 +0100] "GET /frame-unten.html HTTP/1.1" 200 5557 "-" "Java/1.5.0_11"
125.34.147.57 - - [16/Feb/2008:00:55:12 +0100] "GET /f-maintitle.html HTTP/1.1" 200 5030 "-" "Java/1.5.0_11"
125.34.147.57 - - [16/Feb/2008:00:55:13 +0100] "GET /partnergegenberlin.html HTTP/1.1" 200 5022 "-" "Java/1.5.0_11"
125.34.147.57 - - [16/Feb/2008:00:55:13 +0100] "GET /f-actions.html HTTP/1.1" 200 10429 "-" "Java/1.5.0_11"
125.34.147.57 - - [16/Feb/2008:00:55:17 +0100] "GET /f-bannnerz.html HTTP/1.1" 200 12651 "-" "Java/1.5.0_11"
125.34.147.57 - - [16/Feb/2008:00:55:21 +0100] "GET /f-channel1.html HTTP/1.1" 200 5713 "-" "Java/1.5.0_11"
125.34.147.57 - - [16/Feb/2008:00:55:24 +0100] "GET /f-contact.html HTTP/1.1" 200 6804 "-" "Java/1.5.0_11"
125.34.147.57 - - [16/Feb/2008:00:55:25 +0100] "GET /f-doku-brau.html HTTP/1.1" 200 7152 "-" "Java/1.5.0_11"
125.34.147.57 - - [16/Feb/2008:00:55:28 +0100] "GET /f-euro.html HTTP/1.1" 200 12203 "-" "Java/1.5.0_11"
125.34.147.57 - - [16/Feb/2008:00:55:31 +0100] "GET /f-horrorkatze.html HTTP/1.1" 200 7865 "-" "Java/1.5.0_11"
125.34.147.57 - - [16/Feb/2008:00:55:33 +0100] "GET /f-net.html HTTP/1.1" 200 9913 "-" "Java/1.5.0_11"
125.34.147.57 - - [16/Feb/2008:00:55:36 +0100] "GET /f-other.html HTTP/1.1" 200 33189 "-" "Java/1.5.0_11"
125.34.147.57 - - [16/Feb/2008:00:55:44 +0100] "GET /f-rez.html HTTP/1.1" 200 9765 "-" "Java/1.5.0_11"
125.34.147.57 - - [16/Feb/2008:00:55:45 +0100] "GET /f-search.html HTTP/1.1" 200 10850 "-" "Java/1.5.0_11"
125.34.147.57 - - [16/Feb/2008:00:55:47 +0100] "GET /f-sponsor.html HTTP/1.1" 200 8578 "-" "Java/1.5.0_11"
