65.55.209.98 - - [06/Feb/2008:14:39:17 +0100] "GET /DgH/rampe/index.html HTTP/1.1" 200 2056 "-" "msnbot/1.0 (+http://search.msn.com/msnbot.htm)"
65.55.209.98 - - [06/Feb/2008:15:13:26 +0100] "GET /DgH/bull/index.html HTTP/1.1" 200 1915 "-" "msnbot/1.0 (+http://search.msn.com/msnbot.htm)"
74.6.28.215 - - [06/Feb/2008:15:38:45 +0100] "GET /bmpp/kreiz/ HTTP/1.0" 403 1223 "-" "Mozilla/5.0 (compatible; Yahoo! Slurp; http://help.yahoo.com/help/us/ysearch/slurp)"
74.6.25.19 - - [06/Feb/2008:15:43:30 +0100] "GET /restate_copy.html HTTP/1.0" 200 97631 "-" "Mozilla/5.0 (compatible; Yahoo! Slurp; http://help.yahoo.com/help/us/ysearch/slurp)"
65.55.209.102 - - [06/Feb/2008:15:43:38 +0100] "GET /robots.txt HTTP/1.1" 200 64 "-" "msnbot/1.0 (+http://search.msn.com/msnbot.htm)"
65.55.209.102 - - [06/Feb/2008:15:43:39 +0100] "GET /DgH/watch/index.html HTTP/1.1" 200 2028 "-" "msnbot/1.0 (+http://search.msn.com/msnbot.htm)"
65.55.209.97 - - [06/Feb/2008:15:45:22 +0100] "GET /robots.txt HTTP/1.1" 200 64 "-" "msnbot/1.0 (+http://search.msn.com/msnbot.htm)"
65.55.209.97 - - [06/Feb/2008:15:45:22 +0100] "GET /DgH/orginal/index.html HTTP/1.1" 200 1727 "-" "msnbot/1.0 (+http://search.msn.com/msnbot.htm)"
74.6.25.24 - - [06/Feb/2008:16:37:02 +0100] "GET /rez/557.mp3 HTTP/1.0" 200 9164800 "-" "Mozilla/5.0 (compatible; Yahoo! Slurp; http://help.yahoo.com/help/us/ysearch/slurp)"
74.6.20.71 - - [06/Feb/2008:16:57:33 +0100] "GET /DgH/rampe/index.html HTTP/1.0" 200 2056 "-" "Mozilla/5.0 (compatible; Yahoo! Slurp; http://help.yahoo.com/help/us/ysearch/slurp)"
74.6.20.210 - - [06/Feb/2008:17:22:10 +0100] "GET /logs/usage_200702.html HTTP/1.0" 200 107861 "-" "Mozilla/5.0 (compatible; Yahoo! Slurp; http://help.yahoo.com/help/us/ysearch/slurp)"
67.195.44.107 - - [06/Feb/2008:17:47:42 +0100] "GET /robots.txt HTTP/1.0" 200 64 "-" "Mozilla/5.0 (compatible; Yahoo! Slurp; http://help.yahoo.com/help/us/ysearch/slurp)"
67.195.44.81 - - [06/Feb/2008:17:47:43 +0100] "GET / HTTP/1.0" 200 10335 "-" "Mozilla/5.0 (compatible; Yahoo! Slurp; http://help.yahoo.com/help/us/ysearch/slurp)"
68.142.212.200 - - [06/Feb/2008:18:02:36 +0100] "GET /robots.txt HTTP/1.0" 200 64 "-" "Yahoo-MMCrawler/3.x (mms dash mmcrawler dash support at yahoo dash inc dot com)"
68.142.212.200 - - [06/Feb/2008:18:02:56 +0100] "GET /zampa-lovers/DRAGANZA.JPG HTTP/1.0" 200 18560 "-" "Yahoo-MMCrawler/3.x (mms dash mmcrawler dash support at yahoo dash inc dot com)"
68.142.212.200 - - [06/Feb/2008:18:03:16 +0100] "GET /zampa-lovers/MILIZA_3.JPG HTTP/1.0" 200 26924 "-" "Yahoo-MMCrawler/3.x (mms dash mmcrawler dash support at yahoo dash inc dot com)"
68.142.212.200 - - [06/Feb/2008:18:03:40 +0100] "GET /zampa-lovers/MILIZA_4.JPG HTTP/1.0" 200 9946 "-" "Yahoo-MMCrawler/3.x (mms dash mmcrawler dash support at yahoo dash inc dot com)"
68.142.212.200 - - [06/Feb/2008:18:03:57 +0100] "GET /zampa-lovers/2SEITEVE.GIF HTTP/1.0" 200 83466 "-" "Yahoo-MMCrawler/3.x (mms dash mmcrawler dash support at yahoo dash inc dot com)"
68.142.212.200 - - [06/Feb/2008:18:04:20 +0100] "GET /zampa-lovers/1SEITEVE.GIF HTTP/1.0" 200 78726 "-" "Yahoo-MMCrawler/3.x (mms dash mmcrawler dash support at yahoo dash inc dot com)"
68.142.212.200 - - [06/Feb/2008:18:04:42 +0100] "GET /zampa-lovers/MILIZA_2.JPG HTTP/1.0" 200 22172 "-" "Yahoo-MMCrawler/3.x (mms dash mmcrawler dash support at yahoo dash inc dot com)"
68.142.212.200 - - [06/Feb/2008:18:05:03 +0100] "GET /zampa-lovers/MILIZA_B.JPG HTTP/1.0" 200 10947 "-" "Yahoo-MMCrawler/3.x (mms dash mmcrawler dash support at yahoo dash inc dot com)"
68.142.212.200 - - [06/Feb/2008:18:05:25 +0100] "GET /zampa-lovers/DRAGAN_Z.JPG HTTP/1.0" 200 6850 "-" "Yahoo-MMCrawler/3.x (mms dash mmcrawler dash support at yahoo dash inc dot com)"
68.142.212.200 - - [06/Feb/2008:18:06:28 +0100] "GET /triple-double-u/P1100022.JPG HTTP/1.0" 200 720272 "-" "Yahoo-MMCrawler/3.x (mms dash mmcrawler dash support at yahoo dash inc dot com)"
68.142.212.200 - - [06/Feb/2008:18:06:51 +0100] "GET /triple-double-u/P1100031.JPG HTTP/1.0" 200 671895 "-" "Yahoo-MMCrawler/3.x (mms dash mmcrawler dash support at yahoo dash inc dot com)"
68.142.212.200 - - [06/Feb/2008:18:07:13 +0100] "GET /triple-double-u/P1100025.JPG HTTP/1.0" 200 608591 "-" "Yahoo-MMCrawler/3.x (mms dash mmcrawler dash support at yahoo dash inc dot com)"
68.142.212.200 - - [06/Feb/2008:18:07:35 +0100] "GET /triple-double-u/P1100034.JPG HTTP/1.0" 200 665185 "-" "Yahoo-MMCrawler/3.x (mms dash mmcrawler dash support at yahoo dash inc dot com)"
68.142.212.200 - - [06/Feb/2008:18:07:57 +0100] "GET /triple-double-u/P1100029.JPG HTTP/1.0" 200 644187 "-" "Yahoo-MMCrawler/3.x (mms dash mmcrawler dash support at yahoo dash inc dot com)"
68.142.212.200 - - [06/Feb/2008:18:08:16 +0100] "GET /triple-double-u/P1100017.JPG HTTP/1.0" 200 713107 "-" "Yahoo-MMCrawler/3.x (mms dash mmcrawler dash support at yahoo dash inc dot com)"
68.142.212.200 - - [06/Feb/2008:18:08:37 +0100] "GET /triple-double-u/P1100024.JPG HTTP/1.0" 200 578396 "-" "Yahoo-MMCrawler/3.x (mms dash mmcrawler dash support at yahoo dash inc dot com)"
68.142.212.200 - - [06/Feb/2008:18:08:59 +0100] "GET /triple-double-u/P1100003.jpg HTTP/1.0" 200 813570 "-" "Yahoo-MMCrawler/3.x (mms dash mmcrawler dash support at yahoo dash inc dot com)"
68.142.212.200 - - [06/Feb/2008:18:09:18 +0100] "GET /triple-double-u/P1100009.jpg HTTP/1.0" 200 701935 "-" "Yahoo-MMCrawler/3.x (mms dash mmcrawler dash support at yahoo dash inc dot com)"
68.142.212.200 - - [06/Feb/2008:18:09:37 +0100] "GET /triple-double-u/P1100020.JPG HTTP/1.0" 200 631567 "-" "Yahoo-MMCrawler/3.x (mms dash mmcrawler dash support at yahoo dash inc dot com)"
68.142.212.200 - - [06/Feb/2008:18:09:59 +0100] "GET /triple-double-u/P1100001.jpg HTTP/1.0" 200 842123 "-" "Yahoo-MMCrawler/3.x (mms dash mmcrawler dash support at yahoo dash inc dot com)"
68.142.212.200 - - [06/Feb/2008:18:10:20 +0100] "GET /triple-double-u/P1100015.JPG HTTP/1.0" 200 586370 "-" "Yahoo-MMCrawler/3.x (mms dash mmcrawler dash support at yahoo dash inc dot com)"
68.142.212.200 - - [06/Feb/2008:18:10:41 +0100] "GET /triple-double-u/P1100014.JPG HTTP/1.0" 200 640345 "-" "Yahoo-MMCrawler/3.x (mms dash mmcrawler dash support at yahoo dash inc dot com)"
68.142.212.200 - - [06/Feb/2008:18:11:02 +0100] "GET /triple-double-u/P1100004.jpg HTTP/1.0" 200 926481 "-" "Yahoo-MMCrawler/3.x (mms dash mmcrawler dash support at yahoo dash inc dot com)"
68.142.212.200 - - [06/Feb/2008:18:11:24 +0100] "GET /triple-double-u/P1100007.jpg HTTP/1.0" 200 662228 "-" "Yahoo-MMCrawler/3.x (mms dash mmcrawler dash support at yahoo dash inc dot com)"
65.54.165.42 - - [06/Feb/2008:18:41:04 +0100] "GET /robots.txt HTTP/1.1" 200 64 "-" "msnbot/1.0 (+http://search.msn.com/msnbot.htm)"
65.54.165.42 - - [06/Feb/2008:18:41:04 +0100] "GET / HTTP/1.1" 200 10335 "-" "msnbot/1.0 (+http://search.msn.com/msnbot.htm)"
68.142.212.200 - - [06/Feb/2008:18:59:59 +0100] "GET /triple-double-u/P1100006.jpg HTTP/1.0" 200 791223 "-" "Yahoo-MMCrawler/3.x (mms dash mmcrawler dash support at yahoo dash inc dot com)"
68.142.212.200 - - [06/Feb/2008:19:02:22 +0100] "GET /triple-double-u/P1100026.JPG HTTP/1.0" 200 639091 "-" "Yahoo-MMCrawler/3.x (mms dash mmcrawler dash support at yahoo dash inc dot com)"
68.142.212.200 - - [06/Feb/2008:19:02:29 +0100] "GET /triple-double-u/P1100033.jpg HTTP/1.0" 200 693793 "-" "Yahoo-MMCrawler/3.x (mms dash mmcrawler dash support at yahoo dash inc dot com)"
68.142.212.200 - - [06/Feb/2008:19:02:50 +0100] "GET /triple-double-u/P1100027.JPG HTTP/1.0" 200 655304 "-" "Yahoo-MMCrawler/3.x (mms dash mmcrawler dash support at yahoo dash inc dot com)"
68.142.212.200 - - [06/Feb/2008:19:03:11 +0100] "GET /triple-double-u/P1100021.jpg HTTP/1.0" 200 546066 "-" "Yahoo-MMCrawler/3.x (mms dash mmcrawler dash support at yahoo dash inc dot com)"
68.142.212.200 - - [06/Feb/2008:19:03:33 +0100] "GET /triple-double-u/P1100002.jpg HTTP/1.0" 200 864180 "-" "Yahoo-MMCrawler/3.x (mms dash mmcrawler dash support at yahoo dash inc dot com)"
68.142.212.200 - - [06/Feb/2008:19:03:53 +0100] "GET /triple-double-u/P1100010.JPG HTTP/1.0" 200 643179 "-" "Yahoo-MMCrawler/3.x (mms dash mmcrawler dash support at yahoo dash inc dot com)"
74.6.20.160 - - [06/Feb/2008:19:26:19 +0100] "GET /f-doku-brau.html HTTP/1.0" 200 7152 "-" "Mozilla/5.0 (compatible; Yahoo! Slurp; http://help.yahoo.com/help/us/ysearch/slurp)"
12.49.132.24 - - [06/Feb/2008:19:27:17 +0100] "GET /restate_copy.html HTTP/1.1" 200 97631 "-" "Mozilla/4.0 (compatible; MSIE 6.0; Windows NT 5.0; Q312461)"
74.6.23.101 - - [06/Feb/2008:19:56:01 +0100] "GET /frame-inhalt.html HTTP/1.0" 200 6025 "-" "Mozilla/5.0 (compatible; Yahoo! Slurp; http://help.yahoo.com/help/us/ysearch/slurp)"
68.142.212.200 - - [06/Feb/2008:19:57:07 +0100] "GET /triple-double-u/P1100008.jpg HTTP/1.0" 200 680211 "-" "Yahoo-MMCrawler/3.x (mms dash mmcrawler dash support at yahoo dash inc dot com)"
68.142.212.200 - - [06/Feb/2008:19:57:27 +0100] "GET /triple-double-u/P1100012.JPG HTTP/1.0" 200 649934 "-" "Yahoo-MMCrawler/3.x (mms dash mmcrawler dash support at yahoo dash inc dot com)"
68.142.212.200 - - [06/Feb/2008:19:57:48 +0100] "GET /triple-double-u/P1100016.JPG HTTP/1.0" 200 671269 "-" "Yahoo-MMCrawler/3.x (mms dash mmcrawler dash support at yahoo dash inc dot com)"
68.142.212.200 - - [06/Feb/2008:19:58:11 +0100] "GET /triple-double-u/P1100028.JPG HTTP/1.0" 200 645425 "-" "Yahoo-MMCrawler/3.x (mms dash mmcrawler dash support at yahoo dash inc dot com)"
68.142.212.200 - - [06/Feb/2008:19:58:33 +0100] "GET /triple-double-u/P1100019.JPG HTTP/1.0" 200 685566 "-" "Yahoo-MMCrawler/3.x (mms dash mmcrawler dash support at yahoo dash inc dot com)"
68.142.212.200 - - [06/Feb/2008:19:58:51 +0100] "GET /triple-double-u/P1100013.JPG HTTP/1.0" 200 654652 "-" "Yahoo-MMCrawler/3.x (mms dash mmcrawler dash support at yahoo dash inc dot com)"
68.142.212.200 - - [06/Feb/2008:19:59:12 +0100] "GET /triple-double-u/P1100011.JPG HTTP/1.0" 200 674323 "-" "Yahoo-MMCrawler/3.x (mms dash mmcrawler dash support at yahoo dash inc dot com)"
68.142.212.200 - - [06/Feb/2008:19:59:33 +0100] "GET /triple-double-u/P1100018.JPG HTTP/1.0" 200 622329 "-" "Yahoo-MMCrawler/3.x (mms dash mmcrawler dash support at yahoo dash inc dot com)"
68.142.212.200 - - [06/Feb/2008:19:59:53 +0100] "GET /triple-double-u/P1100032.jpg HTTP/1.0" 200 755840 "-" "Yahoo-MMCrawler/3.x (mms dash mmcrawler dash support at yahoo dash inc dot com)"
68.142.212.200 - - [06/Feb/2008:20:00:15 +0100] "GET /triple-double-u/P1100030.JPG HTTP/1.0" 200 635503 "-" "Yahoo-MMCrawler/3.x (mms dash mmcrawler dash support at yahoo dash inc dot com)"
68.142.212.200 - - [06/Feb/2008:20:00:35 +0100] "GET /triple-double-u/P1100023.JPG HTTP/1.0" 200 600976 "-" "Yahoo-MMCrawler/3.x (mms dash mmcrawler dash support at yahoo dash inc dot com)"
202.179.180.45 - - [06/Feb/2008:20:17:46 +0100] "GET /robots.txt HTTP/1.1" 200 64 "-" "Mozilla/4.0 (compatible; NaverBot/1.0; http://help.naver.com/delete_main.asp)"
202.179.180.45 - - [06/Feb/2008:20:17:52 +0100] "GET / HTTP/1.1" 200 10335 "-" "Mozilla/4.0 (compatible; NaverBot/1.0; http://help.naver.com/delete_main.asp)"
202.179.180.45 - - [06/Feb/2008:20:17:59 +0100] "GET /framez_0.html HTTP/1.1" 200 12411 "-" "Mozilla/4.0 (compatible; NaverBot/1.0; http://help.naver.com/delete_main.asp)"
202.179.180.45 - - [06/Feb/2008:20:18:06 +0100] "GET /framez.html HTTP/1.1" 200 4130 "-" "Mozilla/4.0 (compatible; NaverBot/1.0; http://help.naver.com/delete_main.asp)"
202.179.180.45 - - [06/Feb/2008:20:18:11 +0100] "GET /frame-menu.html HTTP/1.1" 200 10763 "-" "Mozilla/4.0 (compatible; NaverBot/1.0; http://help.naver.com/delete_main.asp)"
202.179.180.45 - - [06/Feb/2008:20:18:18 +0100] "GET /frame-inhalt.html HTTP/1.1" 200 6025 "-" "Mozilla/4.0 (compatible; NaverBot/1.0; http://help.naver.com/delete_main.asp)"
202.179.180.45 - - [06/Feb/2008:20:18:25 +0100] "GET /frame-unten.html HTTP/1.1" 200 5557 "-" "Mozilla/4.0 (compatible; NaverBot/1.0; http://help.naver.com/delete_main.asp)"
65.55.209.102 - - [06/Feb/2008:20:34:33 +0100] "GET /robots.txt HTTP/1.1" 200 64 "-" "msnbot/1.0 (+http://search.msn.com/msnbot.htm)"
65.55.209.102 - - [06/Feb/2008:20:34:34 +0100] "GET /f-net.html HTTP/1.1" 200 9913 "-" "msnbot/1.0 (+http://search.msn.com/msnbot.htm)"
65.55.212.216 - - [06/Feb/2008:20:53:14 +0100] "GET /robots.txt HTTP/1.0" 200 64 "-" "msnbot-media/1.0 (+http://search.msn.com/msnbot.htm)"
65.55.212.216 - - [06/Feb/2008:20:53:15 +0100] "GET /schubb/schubb-4.html HTTP/1.0" 200 17746 "-" "msnbot-media/1.0 (+http://search.msn.com/msnbot.htm)"
65.55.212.216 - - [06/Feb/2008:20:53:16 +0100] "GET /framez-girlz-neon.html HTTP/1.0" 200 4388 "-" "msnbot-media/1.0 (+http://search.msn.com/msnbot.htm)"
65.55.212.216 - - [06/Feb/2008:20:53:16 +0100] "GET /neon/warning.html HTTP/1.0" 200 5134 "-" "msnbot-media/1.0 (+http://search.msn.com/msnbot.htm)"
65.55.212.216 - - [06/Feb/2008:20:53:17 +0100] "GET /neon/channel.html HTTP/1.0" 200 1942 "-" "msnbot-media/1.0 (+http://search.msn.com/msnbot.htm)"
65.55.212.216 - - [06/Feb/2008:20:53:17 +0100] "GET /neon/europa.html HTTP/1.0" 200 389 "-" "msnbot-media/1.0 (+http://search.msn.com/msnbot.htm)"
65.55.212.216 - - [06/Feb/2008:20:53:18 +0100] "GET /neon/click.html HTTP/1.0" 200 521 "-" "msnbot-media/1.0 (+http://search.msn.com/msnbot.htm)"
193.252.149.16 - - [06/Feb/2008:20:54:59 +0100] "GET /robots.txt HTTP/1.1" 200 64 "-" "Mozilla/5.0 (Windows; U; Windows NT 5.1; fr; rv:1.8.1) VoilaBot BETA 1.2 (http://www.voila.com/)"
193.252.149.16 - - [06/Feb/2008:20:55:22 +0100] "GET /neon/girl-tv.html HTTP/1.1" 200 1717 "-" "Mozilla/5.0 (Windows; U; Windows NT 5.1; fr; rv:1.8.1) VoilaBot BETA 1.2 (http://www.voila.com/)"
65.214.45.123 - - [06/Feb/2008:21:09:38 +0100] "GET /robots.txt HTTP/1.0" 200 64 "-" "Mozilla/5.0 (compatible; Ask Jeeves/Teoma; +http://about.ask.com/en/docs/about/webmasters.shtml)"
65.214.45.123 - - [06/Feb/2008:21:09:38 +0100] "GET /restate_copy.html HTTP/1.0" 200 97631 "-" "Mozilla/5.0 (compatible; Ask Jeeves/Teoma; +http://about.ask.com/en/docs/about/webmasters.shtml)"
90.11.191.10 - - [06/Feb/2008:21:25:47 +0100] "GET / HTTP/1.1" 200 10335 "http://lovecounter.38degres.net/" "Mozilla/4.0 (compatible; MSIE 6.0; Windows NT 5.1; SV1; Wanadoo 6.7; .NET CLR 1.1.4322)"
90.11.191.10 - - [06/Feb/2008:21:25:47 +0100] "GET /framez_0.html HTTP/1.1" 200 12411 "-" "Mozilla/4.0 (compatible; MSIE 6.0; Windows NT 5.1; SV1; Wanadoo 6.7; .NET CLR 1.1.4322)"
90.11.191.10 - - [06/Feb/2008:21:25:56 +0100] "GET /framez.html HTTP/1.1" 200 4130 "-" "Mozilla/4.0 (compatible; MSIE 6.0; Windows NT 5.1; SV1; Wanadoo 6.7; .NET CLR 1.1.4322)"
90.11.191.10 - - [06/Feb/2008:21:25:57 +0100] "GET /frame-menu.html HTTP/1.1" 200 10763 "http://www.various-euro.com/framez.html" "Mozilla/4.0 (compatible; MSIE 6.0; Windows NT 5.1; SV1; Wanadoo 6.7; .NET CLR 1.1.4322)"
90.11.191.10 - - [06/Feb/2008:21:25:57 +0100] "GET /frame-inhalt.html HTTP/1.1" 200 6025 "http://www.various-euro.com/framez.html" "Mozilla/4.0 (compatible; MSIE 6.0; Windows NT 5.1; SV1; Wanadoo 6.7; .NET CLR 1.1.4322)"
90.11.191.10 - - [06/Feb/2008:21:25:57 +0100] "GET /frame-unten.html HTTP/1.1" 200 5557 "http://www.various-euro.com/framez.html" "Mozilla/4.0 (compatible; MSIE 6.0; Windows NT 5.1; SV1; Wanadoo 6.7; .NET CLR 1.1.4322)"
90.11.191.10 - - [06/Feb/2008:21:25:57 +0100] "GET /bannerz/ve.jpg HTTP/1.1" 200 36912 "http://www.various-euro.com/frame-unten.html" "Mozilla/4.0 (compatible; MSIE 6.0; Windows NT 5.1; SV1; Wanadoo 6.7; .NET CLR 1.1.4322)"
90.11.191.10 - - [06/Feb/2008:21:25:57 +0100] "GET /bannerz/ubu-shot.png HTTP/1.1" 200 200117 "http://www.various-euro.com/frame-menu.html" "Mozilla/4.0 (compatible; MSIE 6.0; Windows NT 5.1; SV1; Wanadoo 6.7; .NET CLR 1.1.4322)"
90.11.191.10 - - [06/Feb/2008:21:25:58 +0100] "GET /bannerz/various-euro-girl.jpg HTTP/1.1" 200 91514 "http://www.various-euro.com/frame-unten.html" "Mozilla/4.0 (compatible; MSIE 6.0; Windows NT 5.1; SV1; Wanadoo 6.7; .NET CLR 1.1.4322)"
90.11.191.10 - - [06/Feb/2008:21:25:58 +0100] "GET /bannerz/neon_click_3.gif HTTP/1.1" 200 240 "http://www.various-euro.com/frame-inhalt.html" "Mozilla/4.0 (compatible; MSIE 6.0; Windows NT 5.1; SV1; Wanadoo 6.7; .NET CLR 1.1.4322)"
90.11.191.10 - - [06/Feb/2008:21:25:58 +0100] "GET /bannerz/ascii-lt.gif HTTP/1.1" 200 1049 "http://www.various-euro.com/frame-inhalt.html" "Mozilla/4.0 (compatible; MSIE 6.0; Windows NT 5.1; SV1; Wanadoo 6.7; .NET CLR 1.1.4322)"
90.11.191.10 - - [06/Feb/2008:21:25:58 +0100] "GET /eurosign3.gif HTTP/1.1" 200 7879 "http://www.various-euro.com/frame-inhalt.html" "Mozilla/4.0 (compatible; MSIE 6.0; Windows NT 5.1; SV1; Wanadoo 6.7; .NET CLR 1.1.4322)"
90.11.191.10 - - [06/Feb/2008:21:25:58 +0100] "GET /bannerz/neon_click_1.gif HTTP/1.1" 200 890 "http://www.various-euro.com/frame-inhalt.html" "Mozilla/4.0 (compatible; MSIE 6.0; Windows NT 5.1; SV1; Wanadoo 6.7; .NET CLR 1.1.4322)"
90.11.191.10 - - [06/Feb/2008:21:25:59 +0100] "GET /bannerz/wet.gif HTTP/1.1" 200 18561 "http://www.various-euro.com/frame-inhalt.html" "Mozilla/4.0 (compatible; MSIE 6.0; Windows NT 5.1; SV1; Wanadoo 6.7; .NET CLR 1.1.4322)"
90.11.191.10 - - [06/Feb/2008:21:25:59 +0100] "GET /bannerz/google/Logo_40blk.gif HTTP/1.1" 200 2308 "http://www.various-euro.com/frame-inhalt.html" "Mozilla/4.0 (compatible; MSIE 6.0; Windows NT 5.1; SV1; Wanadoo 6.7; .NET CLR 1.1.4322)"
90.11.191.10 - - [06/Feb/2008:21:25:59 +0100] "GET /bannerz/copyleft_black_small.gif HTTP/1.1" 200 1231 "http://www.various-euro.com/frame-inhalt.html" "Mozilla/4.0 (compatible; MSIE 6.0; Windows NT 5.1; SV1; Wanadoo 6.7; .NET CLR 1.1.4322)"
90.11.191.10 - - [06/Feb/2008:21:25:59 +0100] "GET /bannerz/anti_black_small.gif HTTP/1.1" 200 1009 "http://www.various-euro.com/frame-inhalt.html" "Mozilla/4.0 (compatible; MSIE 6.0; Windows NT 5.1; SV1; Wanadoo 6.7; .NET CLR 1.1.4322)"
90.11.191.10 - - [06/Feb/2008:21:25:59 +0100] "GET /bannerz/douwil.gif HTTP/1.1" 200 528 "http://www.various-euro.com/frame-inhalt.html" "Mozilla/4.0 (compatible; MSIE 6.0; Windows NT 5.1; SV1; Wanadoo 6.7; .NET CLR 1.1.4322)"
90.11.191.10 - - [06/Feb/2008:21:25:59 +0100] "GET /bannerz/neon_click_2.gif HTTP/1.1" 200 387 "http://www.various-euro.com/frame-inhalt.html" "Mozilla/4.0 (compatible; MSIE 6.0; Windows NT 5.1; SV1; Wanadoo 6.7; .NET CLR 1.1.4322)"
83.246.114.93 - - [06/Feb/2008:21:37:44 +0100] "GET /phpinfo.php HTTP/1.0" 404 2748 "http://various-euro.com/phpinfo.php" "Mozilla/4.0 (compatible; MSIE 6.0; Windows NT 5.1)"
193.252.149.16 - - [06/Feb/2008:21:44:43 +0100] "GET /robots.txt HTTP/1.1" 200 64 "-" "Mozilla/5.0 (Windows; U; Windows NT 5.1; fr; rv:1.8.1) VoilaBot BETA 1.2 (http://www.voila.com/)"
193.252.149.16 - - [06/Feb/2008:21:44:45 +0100] "GET /neon/girl-tv.html HTTP/1.1" 200 1717 "-" "Mozilla/5.0 (Windows; U; Windows NT 5.1; fr; rv:1.8.1) VoilaBot BETA 1.2 (http://www.voila.com/)"
65.55.212.216 - - [06/Feb/2008:21:57:54 +0100] "GET /robots.txt HTTP/1.0" 200 64 "-" "msnbot-media/1.0 (+http://search.msn.com/msnbot.htm)"
65.55.212.216 - - [06/Feb/2008:21:57:54 +0100] "GET /schubb/schubb-4.html HTTP/1.0" 200 17746 "-" "msnbot-media/1.0 (+http://search.msn.com/msnbot.htm)"
207.191.126.235 - - [06/Feb/2008:22:05:47 +0100] "GET /schubb/schubb-5.gif HTTP/1.0" 200 342 "http://www.various-euro.com/schubb/schubb-5.html" "Mozilla/4.0 (compatible; MSIE 6.0; Windows NT 5.1; SV1; InfoPath.1; .NET CLR 2.0.50727)"
207.191.126.235 - - [06/Feb/2008:22:05:46 +0100] "GET /schubb/schubb-5.html HTTP/1.0" 200 72944 "http://search.live.com/results.aspx?q=CHARLES+SCHUBB+BROKER&go=Search&form=QBRE" "Mozilla/4.0 (compatible; MSIE 6.0; Windows NT 5.1; SV1; InfoPath.1; .NET CLR 2.0.50727)"
207.191.126.235 - - [06/Feb/2008:22:05:49 +0100] "GET /framez-schubb5.html HTTP/1.0" 200 4330 "-" "Mozilla/4.0 (compatible; MSIE 6.0; Windows NT 5.1; SV1; InfoPath.1; .NET CLR 2.0.50727)"
207.191.126.235 - - [06/Feb/2008:22:05:49 +0100] "GET /frame-menu.html HTTP/1.0" 200 10763 "http://www.various-euro.com/framez-schubb5.html" "Mozilla/4.0 (compatible; MSIE 6.0; Windows NT 5.1; SV1; InfoPath.1; .NET CLR 2.0.50727)"
207.191.126.235 - - [06/Feb/2008:22:05:49 +0100] "GET /frame-unten.html HTTP/1.0" 200 5557 "http://www.various-euro.com/framez-schubb5.html" "Mozilla/4.0 (compatible; MSIE 6.0; Windows NT 5.1; SV1; InfoPath.1; .NET CLR 2.0.50727)"
207.191.126.235 - - [06/Feb/2008:22:05:50 +0100] "GET /bannerz/ve.jpg HTTP/1.0" 200 36912 "http://www.various-euro.com/frame-unten.html" "Mozilla/4.0 (compatible; MSIE 6.0; Windows NT 5.1; SV1; InfoPath.1; .NET CLR 2.0.50727)"
207.191.126.235 - - [06/Feb/2008:22:05:52 +0100] "GET /bannerz/various-euro-girl.jpg HTTP/1.0" 200 91514 "http://www.various-euro.com/frame-unten.html" "Mozilla/4.0 (compatible; MSIE 6.0; Windows NT 5.1; SV1; InfoPath.1; .NET CLR 2.0.50727)"
207.191.126.235 - - [06/Feb/2008:22:05:50 +0100] "GET /bannerz/ubu-shot.png HTTP/1.0" 200 200117 "http://www.various-euro.com/frame-menu.html" "Mozilla/4.0 (compatible; MSIE 6.0; Windows NT 5.1; SV1; InfoPath.1; .NET CLR 2.0.50727)"
137.9.121.122 - - [06/Feb/2008:22:14:51 +0100] "GET /frame-menu.html HTTP/1.1" 200 10763 "-" "Mozilla/4.0 (compatible;)"
64.124.14.111 - - [06/Feb/2008:22:55:44 +0100] "GET / HTTP/1.1" 200 10335 "-" "Mozilla/5.0 (Windows; U; Windows NT 5.0; en-US; rv:0.9.4) Gecko/20011128 Netscape6/6.2.1"
74.6.19.123 - - [06/Feb/2008:23:07:15 +0100] "GET /robots.txt HTTP/1.0" 200 64 "-" "Mozilla/5.0 (compatible; Yahoo! Slurp; http://help.yahoo.com/help/us/ysearch/slurp)"
72.30.179.215 - - [06/Feb/2008:23:07:15 +0100] "GET /f-actions.html HTTP/1.0" 200 10429 "-" "Mozilla/5.0 (compatible; Yahoo! Slurp; http://help.yahoo.com/help/us/ysearch/slurp)"
83.246.114.93 - - [06/Feb/2008:23:11:14 +0100] "GET /info.php HTTP/1.0" 404 2748 "http://various-euro.com/info.php" "Mozilla/4.0 (compatible; MSIE 6.0; Windows NT 5.1)"
67.81.204.227 - - [06/Feb/2008:23:15:54 +0100] "GET /neon/girlz2.html HTTP/1.1" 200 2937 "http://www.winzy.com/word/Euro%20Girls" "Mozilla/4.0 (compatible; MSIE 7.0; Windows NT 6.0; SLCC1; .NET CLR 2.0.50727; .NET CLR 3.0.04506)"
67.81.204.227 - - [06/Feb/2008:23:15:54 +0100] "GET /vgirls/button1.gif HTTP/1.1" 200 9099 "http://www.various-euro.com/neon/girlz2.html" "Mozilla/4.0 (compatible; MSIE 7.0; Windows NT 6.0; SLCC1; .NET CLR 2.0.50727; .NET CLR 3.0.04506)"
67.81.204.227 - - [06/Feb/2008:23:15:54 +0100] "GET /vgirls/wm_02.gif HTTP/1.1" 200 36891 "http://www.various-euro.com/neon/girlz2.html" "Mozilla/4.0 (compatible; MSIE 7.0; Windows NT 6.0; SLCC1; .NET CLR 2.0.50727; .NET CLR 3.0.04506)"
67.81.204.227 - - [06/Feb/2008:23:15:55 +0100] "GET /vgirls/button10.gif HTTP/1.1" 200 15687 "http://www.various-euro.com/neon/girlz2.html" "Mozilla/4.0 (compatible; MSIE 7.0; Windows NT 6.0; SLCC1; .NET CLR 2.0.50727; .NET CLR 3.0.04506)"
67.81.204.227 - - [06/Feb/2008:23:15:55 +0100] "GET /vgirls/virtua4.gif HTTP/1.1" 200 12643 "http://www.various-euro.com/neon/girlz2.html" "Mozilla/4.0 (compatible; MSIE 7.0; Windows NT 6.0; SLCC1; .NET CLR 2.0.50727; .NET CLR 3.0.04506)"
67.81.204.227 - - [06/Feb/2008:23:15:55 +0100] "GET /vgirls/button3.gif HTTP/1.1" 200 9634 "http://www.various-euro.com/neon/girlz2.html" "Mozilla/4.0 (compatible; MSIE 7.0; Windows NT 6.0; SLCC1; .NET CLR 2.0.50727; .NET CLR 3.0.04506)"
67.81.204.227 - - [06/Feb/2008:23:15:55 +0100] "GET /vgirls/dora_01.gif HTTP/1.1" 200 15465 "http://www.various-euro.com/neon/girlz2.html" "Mozilla/4.0 (compatible; MSIE 7.0; Windows NT 6.0; SLCC1; .NET CLR 2.0.50727; .NET CLR 3.0.04506)"
67.81.204.227 - - [06/Feb/2008:23:15:55 +0100] "GET /vgirls/shaina_big.gif HTTP/1.1" 200 16169 "http://www.various-euro.com/neon/girlz2.html" "Mozilla/4.0 (compatible; MSIE 7.0; Windows NT 6.0; SLCC1; .NET CLR 2.0.50727; .NET CLR 3.0.04506)"
67.81.204.227 - - [06/Feb/2008:23:15:55 +0100] "GET /favicon.ico HTTP/1.1" 404 2748 "-" "Mozilla/4.0 (compatible; MSIE 7.0; Windows NT 6.0; SLCC1; .NET CLR 2.0.50727; .NET CLR 3.0.04506)"
67.81.204.227 - - [06/Feb/2008:23:15:55 +0100] "GET /framez-girlz.html HTTP/1.1" 200 4271 "-" "Mozilla/4.0 (compatible; MSIE 7.0; Windows NT 6.0; SLCC1; .NET CLR 2.0.50727; .NET CLR 3.0.04506)"
67.81.204.227 - - [06/Feb/2008:23:15:56 +0100] "GET /frame-menu.html HTTP/1.1" 200 10763 "http://www.various-euro.com/framez-girlz.html" "Mozilla/4.0 (compatible; MSIE 7.0; Windows NT 6.0; SLCC1; .NET CLR 2.0.50727; .NET CLR 3.0.04506)"
67.81.204.227 - - [06/Feb/2008:23:15:56 +0100] "GET /neon/girlz2.html HTTP/1.1" 200 2937 "http://www.various-euro.com/framez-girlz.html" "Mozilla/4.0 (compatible; MSIE 7.0; Windows NT 6.0; SLCC1; .NET CLR 2.0.50727; .NET CLR 3.0.04506)"
67.81.204.227 - - [06/Feb/2008:23:15:56 +0100] "GET /frame-unten.html HTTP/1.1" 200 5557 "http://www.various-euro.com/framez-girlz.html" "Mozilla/4.0 (compatible; MSIE 7.0; Windows NT 6.0; SLCC1; .NET CLR 2.0.50727; .NET CLR 3.0.04506)"
67.81.204.227 - - [06/Feb/2008:23:15:56 +0100] "GET /bannerz/ve.jpg HTTP/1.1" 200 36912 "http://www.various-euro.com/frame-unten.html" "Mozilla/4.0 (compatible; MSIE 7.0; Windows NT 6.0; SLCC1; .NET CLR 2.0.50727; .NET CLR 3.0.04506)"
67.81.204.227 - - [06/Feb/2008:23:15:57 +0100] "GET /bannerz/various-euro-girl.jpg HTTP/1.1" 200 91514 "http://www.various-euro.com/frame-unten.html" "Mozilla/4.0 (compatible; MSIE 7.0; Windows NT 6.0; SLCC1; .NET CLR 2.0.50727; .NET CLR 3.0.04506)"
67.81.204.227 - - [06/Feb/2008:23:15:56 +0100] "GET /bannerz/ubu-shot.png HTTP/1.1" 200 200117 "http://www.various-euro.com/frame-menu.html" "Mozilla/4.0 (compatible; MSIE 7.0; Windows NT 6.0; SLCC1; .NET CLR 2.0.50727; .NET CLR 3.0.04506)"
67.81.204.227 - - [06/Feb/2008:23:15:58 +0100] "GET /ve-icon-2.ico HTTP/1.1" 200 2238 "-" "Mozilla/4.0 (compatible; MSIE 7.0; Windows NT 6.0; SLCC1; .NET CLR 2.0.50727; .NET CLR 3.0.04506)"
67.81.204.227 - - [06/Feb/2008:23:16:21 +0100] "GET /neon/girl-tv.html HTTP/1.1" 200 1717 "http://www.various-euro.com/neon/girlz2.html" "Mozilla/4.0 (compatible; MSIE 7.0; Windows NT 6.0; SLCC1; .NET CLR 2.0.50727; .NET CLR 3.0.04506)"
67.81.204.227 - - [06/Feb/2008:23:16:21 +0100] "GET /neon/dollar-shadow.jpg HTTP/1.1" 200 3045 "http://www.various-euro.com/neon/girl-tv.html" "Mozilla/4.0 (compatible; MSIE 7.0; Windows NT 6.0; SLCC1; .NET CLR 2.0.50727; .NET CLR 3.0.04506)"
67.81.204.227 - - [06/Feb/2008:23:16:21 +0100] "GET /neon/girl-tv.gif HTTP/1.1" 200 15982 "http://www.various-euro.com/neon/girl-tv.html" "Mozilla/4.0 (compatible; MSIE 7.0; Windows NT 6.0; SLCC1; .NET CLR 2.0.50727; .NET CLR 3.0.04506)"
67.81.204.227 - - [06/Feb/2008:23:16:47 +0100] "GET /framez-girlz.html HTTP/1.1" 200 4271 "-" "Mozilla/4.0 (compatible; MSIE 7.0; Windows NT 6.0; SLCC1; .NET CLR 2.0.50727; .NET CLR 3.0.04506)"
67.81.204.227 - - [06/Feb/2008:23:16:48 +0100] "GET /frame-menu.html HTTP/1.1" 200 10763 "http://www.various-euro.com/framez-girlz.html" "Mozilla/4.0 (compatible; MSIE 7.0; Windows NT 6.0; SLCC1; .NET CLR 2.0.50727; .NET CLR 3.0.04506)"
67.81.204.227 - - [06/Feb/2008:23:16:48 +0100] "GET /frame-unten.html HTTP/1.1" 200 5557 "http://www.various-euro.com/framez-girlz.html" "Mozilla/4.0 (compatible; MSIE 7.0; Windows NT 6.0; SLCC1; .NET CLR 2.0.50727; .NET CLR 3.0.04506)"
67.81.204.227 - - [06/Feb/2008:23:16:52 +0100] "GET /framez-girlz.html HTTP/1.1" 200 4271 "-" "Mozilla/4.0 (compatible; MSIE 7.0; Windows NT 6.0; SLCC1; .NET CLR 2.0.50727; .NET CLR 3.0.04506)"
67.81.204.227 - - [06/Feb/2008:23:16:52 +0100] "GET /frame-menu.html HTTP/1.1" 200 10763 "http://www.various-euro.com/framez-girlz.html" "Mozilla/4.0 (compatible; MSIE 7.0; Windows NT 6.0; SLCC1; .NET CLR 2.0.50727; .NET CLR 3.0.04506)"
67.81.204.227 - - [06/Feb/2008:23:16:52 +0100] "GET /neon/girlz2.html HTTP/1.1" 200 2937 "http://www.various-euro.com/framez-girlz.html" "Mozilla/4.0 (compatible; MSIE 7.0; Windows NT 6.0; SLCC1; .NET CLR 2.0.50727; .NET CLR 3.0.04506)"
67.81.204.227 - - [06/Feb/2008:23:16:52 +0100] "GET /frame-unten.html HTTP/1.1" 200 5557 "http://www.various-euro.com/framez-girlz.html" "Mozilla/4.0 (compatible; MSIE 7.0; Windows NT 6.0; SLCC1; .NET CLR 2.0.50727; .NET CLR 3.0.04506)"
67.81.204.227 - - [06/Feb/2008:23:16:54 +0100] "GET /framez-girlz.html HTTP/1.1" 200 4271 "-" "Mozilla/4.0 (compatible; MSIE 7.0; Windows NT 6.0; SLCC1; .NET CLR 2.0.50727; .NET CLR 3.0.04506)"
67.81.204.227 - - [06/Feb/2008:23:16:54 +0100] "GET /frame-menu.html HTTP/1.1" 200 10763 "http://www.various-euro.com/framez-girlz.html" "Mozilla/4.0 (compatible; MSIE 7.0; Windows NT 6.0; SLCC1; .NET CLR 2.0.50727; .NET CLR 3.0.04506)"
67.81.204.227 - - [06/Feb/2008:23:16:54 +0100] "GET /frame-unten.html HTTP/1.1" 200 5557 "http://www.various-euro.com/framez-girlz.html" "Mozilla/4.0 (compatible; MSIE 7.0; Windows NT 6.0; SLCC1; .NET CLR 2.0.50727; .NET CLR 3.0.04506)"
74.6.28.150 - - [06/Feb/2008:23:30:12 +0100] "GET /neon/large.html HTTP/1.0" 200 1547 "-" "Mozilla/5.0 (compatible; Yahoo! Slurp; http://help.yahoo.com/help/us/ysearch/slurp)"
72.30.214.237 - - [06/Feb/2008:23:36:33 +0100] "GET / HTTP/1.0" 200 10335 "-" "Mozilla/5.0 (compatible; Yahoo! Slurp; http://help.yahoo.com/help/us/ysearch/slurp)"
193.252.149.15 - - [06/Feb/2008:23:45:39 +0100] "GET /robots.txt HTTP/1.1" 200 64 "-" "Mozilla/5.0 (Windows; U; Windows NT 5.1; fr; rv:1.8.1) VoilaBot BETA 1.2 (http://www.voila.com/)"
193.252.149.15 - - [06/Feb/2008:23:45:51 +0100] "GET /warez.html HTTP/1.1" 200 9754 "-" "Mozilla/5.0 (Windows; U; Windows NT 5.1; fr; rv:1.8.1) VoilaBot BETA 1.2 (http://www.voila.com/)"
82.56.12.221 - - [06/Feb/2008:23:45:57 +0100] "GET / HTTP/1.0" 200 10335 "-" "Mozilla/4.0 (compatible; MSIE 5.01; Windows NT 5.0)"
65.55.212.216 - - [07/Feb/2008:00:37:30 +0100] "GET /neon/click.html HTTP/1.0" 200 521 "-" "msnbot-media/1.0 (+http://search.msn.com/msnbot.htm)"
65.55.209.100 - - [07/Feb/2008:00:50:33 +0100] "GET /robots.txt HTTP/1.1" 200 64 "-" "msnbot/1.0 (+http://search.msn.com/msnbot.htm)"
65.55.209.100 - - [07/Feb/2008:00:50:33 +0100] "GET /partnergegenberlin.html HTTP/1.1" 200 5022 "-" "msnbot/1.0 (+http://search.msn.com/msnbot.htm)"
65.55.165.121 - - [07/Feb/2008:00:51:44 +0100] "GET /partnergegenberlin.html HTTP/1.0" 200 5022 "http://search.live.com/results.aspx?q=zampa&mrt=en-us&FORM=LIVSOP" "Mozilla/4.0 (compatible; MSIE 7.0; Windows NT 5.2; .NET CLR 1.1.4322)"
65.55.165.121 - - [07/Feb/2008:00:51:44 +0100] "GET /framez-pgb.html HTTP/1.0" 200 4336 "-" "Mozilla/4.0 (compatible; MSIE 7.0; Windows NT 5.2; .NET CLR 1.1.4322)"
65.55.165.121 - - [07/Feb/2008:00:51:44 +0100] "GET /partnergegenberlin.html HTTP/1.0" 200 5022 "http://www.various-euro.com/framez-pgb.html" "Mozilla/4.0 (compatible; MSIE 7.0; Windows NT 5.2; .NET CLR 1.1.4322)"
65.55.165.121 - - [07/Feb/2008:00:51:44 +0100] "GET /frame-menu.html HTTP/1.0" 200 10763 "http://www.various-euro.com/framez-pgb.html" "Mozilla/4.0 (compatible; MSIE 7.0; Windows NT 5.2; .NET CLR 1.1.4322)"
65.55.165.121 - - [07/Feb/2008:00:51:44 +0100] "GET /frame-unten.html HTTP/1.0" 200 5557 "http://www.various-euro.com/framez-pgb.html" "Mozilla/4.0 (compatible; MSIE 7.0; Windows NT 5.2; .NET CLR 1.1.4322)"
65.55.212.216 - - [07/Feb/2008:00:59:03 +0100] "GET /framez-schubb4.html HTTP/1.0" 200 4318 "-" "msnbot-media/1.0 (+http://search.msn.com/msnbot.htm)"
83.246.114.93 - - [07/Feb/2008:01:03:40 +0100] "GET /index.php HTTP/1.0" 404 2748 "http://various-euro.com/index.php" "Mozilla/4.0 (compatible; MSIE 6.0; Windows NT 5.1)"
65.55.212.216 - - [07/Feb/2008:01:07:32 +0100] "GET /neon/warning.html HTTP/1.0" 200 5134 "-" "msnbot-media/1.0 (+http://search.msn.com/msnbot.htm)"
81.52.143.15 - - [07/Feb/2008:01:13:49 +0100] "GET /robots.txt HTTP/1.1" 200 64 "-" "Mozilla/5.0 (Windows; U; Windows NT 5.1; fr; rv:1.8.1) VoilaBot BETA 1.2 (http://www.voila.com/)"
81.52.143.15 - - [07/Feb/2008:01:13:53 +0100] "GET /f-warez.html HTTP/1.1" 200 10953 "-" "Mozilla/5.0 (Windows; U; Windows NT 5.1; fr; rv:1.8.1) VoilaBot BETA 1.2 (http://www.voila.com/)"
65.55.212.216 - - [07/Feb/2008:01:30:55 +0100] "GET /neon/channel.html HTTP/1.0" 200 1942 "-" "msnbot-media/1.0 (+http://search.msn.com/msnbot.htm)"
74.6.19.71 - - [07/Feb/2008:01:50:51 +0100] "GET /robots.txt HTTP/1.0" 200 64 "-" "Mozilla/5.0 (compatible; Yahoo! Slurp; http://help.yahoo.com/help/us/ysearch/slurp)"
74.6.25.31 - - [07/Feb/2008:01:50:51 +0100] "GET / HTTP/1.0" 200 10335 "-" "Mozilla/5.0 (compatible; Yahoo! Slurp; http://help.yahoo.com/help/us/ysearch/slurp)"
65.55.212.216 - - [07/Feb/2008:02:15:50 +0100] "GET /framez-girlz-neon.html HTTP/1.0" 200 4388 "-" "msnbot-media/1.0 (+http://search.msn.com/msnbot.htm)"
193.252.149.16 - - [07/Feb/2008:02:16:18 +0100] "GET /robots.txt HTTP/1.1" 200 64 "-" "Mozilla/5.0 (Windows; U; Windows NT 5.1; fr; rv:1.8.1) VoilaBot BETA 1.2 (http://www.voila.com/)"
193.252.149.16 - - [07/Feb/2008:02:16:20 +0100] "GET /DgH/ HTTP/1.1" 200 5024 "-" "Mozilla/5.0 (Windows; U; Windows NT 5.1; fr; rv:1.8.1) VoilaBot BETA 1.2 (http://www.voila.com/)"
65.55.212.216 - - [07/Feb/2008:02:23:07 +0100] "GET /neon/europa.html HTTP/1.0" 200 389 "-" "msnbot-media/1.0 (+http://search.msn.com/msnbot.htm)"
81.52.143.15 - - [07/Feb/2008:02:24:28 +0100] "GET /robots.txt HTTP/1.1" 200 64 "-" "Mozilla/5.0 (Windows; U; Windows NT 5.1; fr; rv:1.8.1) VoilaBot BETA 1.2 (http://www.voila.com/)"
81.52.143.15 - - [07/Feb/2008:02:24:30 +0100] "GET /f-maintitle.html HTTP/1.1" 200 5030 "-" "Mozilla/5.0 (Windows; U; Windows NT 5.1; fr; rv:1.8.1) VoilaBot BETA 1.2 (http://www.voila.com/)"
74.6.20.225 - - [07/Feb/2008:03:07:58 +0100] "GET /f-channel1.html HTTP/1.0" 200 5713 "-" "Mozilla/5.0 (compatible; Yahoo! Slurp; http://help.yahoo.com/help/us/ysearch/slurp)"
69.36.158.11 - - [07/Feb/2008:03:18:22 +0100] "GET /robots.txt HTTP/1.1" 200 64 "-" "Mozilla/5.0 (X11; U; Linux i686; en-US; rv:1.7.12; ips-agent) Gecko/20050922 Fedora/1.0.7-1.1.fc4 Firefox/1.0.7"
69.36.158.11 - - [07/Feb/2008:03:18:23 +0100] "GET / HTTP/1.1" 200 10335 "-" "Mozilla/5.0 (X11; U; Linux i686; en-US; rv:1.7.12; ips-agent) Gecko/20050922 Fedora/1.0.7-1.1.fc4 Firefox/1.0.7"
69.36.158.11 - - [07/Feb/2008:03:18:24 +0100] "GET /framez.html HTTP/1.1" 200 4130 "-" "Mozilla/5.0 (X11; U; Linux i686; en-US; rv:1.7.12; ips-agent) Gecko/20050922 Fedora/1.0.7-1.1.fc4 Firefox/1.0.7"
69.36.158.11 - - [07/Feb/2008:03:18:25 +0100] "GET /frame-menu.html HTTP/1.1" 200 10763 "-" "Mozilla/5.0 (X11; U; Linux i686; en-US; rv:1.7.12; ips-agent) Gecko/20050922 Fedora/1.0.7-1.1.fc4 Firefox/1.0.7"
69.36.158.11 - - [07/Feb/2008:03:18:27 +0100] "GET /frame-inhalt.html HTTP/1.1" 200 6025 "-" "Mozilla/5.0 (X11; U; Linux i686; en-US; rv:1.7.12; ips-agent) Gecko/20050922 Fedora/1.0.7-1.1.fc4 Firefox/1.0.7"
69.36.158.11 - - [07/Feb/2008:03:18:28 +0100] "GET /frame-unten.html HTTP/1.1" 200 5557 "-" "Mozilla/5.0 (X11; U; Linux i686; en-US; rv:1.7.12; ips-agent) Gecko/20050922 Fedora/1.0.7-1.1.fc4 Firefox/1.0.7"
69.36.158.11 - - [07/Feb/2008:03:18:29 +0100] "GET /f-search.html HTTP/1.1" 200 10850 "-" "Mozilla/5.0 (X11; U; Linux i686; en-US; rv:1.7.12; ips-agent) Gecko/20050922 Fedora/1.0.7-1.1.fc4 Firefox/1.0.7"
69.36.158.11 - - [07/Feb/2008:03:18:30 +0100] "GET /f-contact.html HTTP/1.1" 200 6804 "-" "Mozilla/5.0 (X11; U; Linux i686; en-US; rv:1.7.12; ips-agent) Gecko/20050922 Fedora/1.0.7-1.1.fc4 Firefox/1.0.7"
69.36.158.11 - - [07/Feb/2008:03:18:33 +0100] "GET /f-sponsor.html HTTP/1.1" 200 8578 "-" "Mozilla/5.0 (X11; U; Linux i686; en-US; rv:1.7.12; ips-agent) Gecko/20050922 Fedora/1.0.7-1.1.fc4 Firefox/1.0.7"
69.36.158.11 - - [07/Feb/2008:03:18:34 +0100] "GET /f-warez.html HTTP/1.1" 200 10953 "-" "Mozilla/5.0 (X11; U; Linux i686; en-US; rv:1.7.12; ips-agent) Gecko/20050922 Fedora/1.0.7-1.1.fc4 Firefox/1.0.7"
81.52.143.16 - - [07/Feb/2008:03:24:19 +0100] "GET /robots.txt HTTP/1.1" 200 64 "-" "Mozilla/5.0 (Windows; U; Windows NT 5.1; fr; rv:1.8.1) VoilaBot BETA 1.2 (http://www.voila.com/)"
81.52.143.16 - - [07/Feb/2008:03:24:29 +0100] "GET /neon/warning.html HTTP/1.1" 200 5134 "-" "Mozilla/5.0 (Windows; U; Windows NT 5.1; fr; rv:1.8.1) VoilaBot BETA 1.2 (http://www.voila.com/)"
74.6.24.22 - - [07/Feb/2008:03:43:06 +0100] "GET /logs/usage_200705.html HTTP/1.0" 200 109447 "-" "Mozilla/5.0 (compatible; Yahoo! Slurp; http://help.yahoo.com/help/us/ysearch/slurp)"
65.55.212.216 - - [07/Feb/2008:03:44:12 +0100] "GET /robots.txt HTTP/1.0" 200 64 "-" "msnbot-media/1.0 (+http://search.msn.com/msnbot.htm)"
65.55.212.216 - - [07/Feb/2008:03:44:12 +0100] "GET /vgirls/hyg1.gif HTTP/1.0" 200 29672 "-" "msnbot-media/1.0 (+http://search.msn.com/msnbot.htm)"
65.55.212.216 - - [07/Feb/2008:03:44:49 +0100] "GET /neon/clicktoenter.gif HTTP/1.0" 200 16302 "-" "msnbot-media/1.0 (+http://search.msn.com/msnbot.htm)"
67.195.44.107 - - [07/Feb/2008:03:51:22 +0100] "GET /robots.txt HTTP/1.0" 200 64 "-" "Mozilla/5.0 (compatible; Yahoo! Slurp; http://help.yahoo.com/help/us/ysearch/slurp)"
67.195.44.85 - - [07/Feb/2008:03:51:22 +0100] "GET /framez-rez.html HTTP/1.0" 200 4323 "-" "Mozilla/5.0 (compatible; Yahoo! Slurp; http://help.yahoo.com/help/us/ysearch/slurp)"
67.195.44.85 - - [07/Feb/2008:03:51:23 +0100] "GET /frame-menu.html HTTP/1.0" 200 10763 "-" "Mozilla/5.0 (compatible; Yahoo! Slurp; http://help.yahoo.com/help/us/ysearch/slurp)"
67.195.44.85 - - [07/Feb/2008:03:51:24 +0100] "GET /f-rez.html HTTP/1.0" 200 9765 "-" "Mozilla/5.0 (compatible; Yahoo! Slurp; http://help.yahoo.com/help/us/ysearch/slurp)"
67.195.44.85 - - [07/Feb/2008:03:51:25 +0100] "GET /frame-unten.html HTTP/1.0" 200 5557 "-" "Mozilla/5.0 (compatible; Yahoo! Slurp; http://help.yahoo.com/help/us/ysearch/slurp)"
65.55.212.216 - - [07/Feb/2008:03:52:36 +0100] "GET /bannerz/exit.gif HTTP/1.0" 200 2988 "-" "msnbot-media/1.0 (+http://search.msn.com/msnbot.htm)"
65.55.212.216 - - [07/Feb/2008:03:52:37 +0100] "GET /bannerz/hand-of-doom.jpg HTTP/1.0" 200 10971 "-" "msnbot-media/1.0 (+http://search.msn.com/msnbot.htm)"
83.246.114.93 - - [07/Feb/2008:04:01:19 +0100] "POST /phpinfo.php HTTP/1.0" 404 2748 "http://various-euro.com/phpinfo.php" "Mozilla/4.0 (compatible; MSIE 6.0; Windows NT 5.1)"
65.55.209.101 - - [07/Feb/2008:04:20:36 +0100] "GET /robots.txt HTTP/1.1" 200 64 "-" "msnbot/1.0 (+http://search.msn.com/msnbot.htm)"
65.55.209.101 - - [07/Feb/2008:04:20:37 +0100] "GET /f-web.html HTTP/1.1" 200 13605 "-" "msnbot/1.0 (+http://search.msn.com/msnbot.htm)"
195.56.77.37 - - [07/Feb/2008:04:40:20 +0100] "GET / HTTP/1.0" 200 10335 "-" "Mozilla/4.0 (compatible; MSIE 7.0; Windows NT 5.1; .NET CLR 2.0.50727; .NET CLR 1.1.4322)"
195.56.77.37 - - [07/Feb/2008:04:40:20 +0100] "GET /framez.html HTTP/1.0" 200 4130 "-" "Mozilla/4.0 (compatible; MSIE 7.0; Windows NT 5.1; .NET CLR 2.0.50727; .NET CLR 1.1.4322)"
195.56.77.37 - - [07/Feb/2008:04:40:20 +0100] "GET /frame-unten.html HTTP/1.0" 200 5557 "-" "Mozilla/4.0 (compatible; MSIE 7.0; Windows NT 5.1; .NET CLR 2.0.50727; .NET CLR 1.1.4322)"
74.6.23.226 - - [07/Feb/2008:05:24:52 +0100] "GET /games/saloonshootout/ HTTP/1.0" 403 1223 "-" "Mozilla/5.0 (compatible; Yahoo! Slurp; http://help.yahoo.com/help/us/ysearch/slurp)"
65.55.209.97 - - [07/Feb/2008:05:57:35 +0100] "GET /robots.txt HTTP/1.1" 200 64 "-" "msnbot/1.0 (+http://search.msn.com/msnbot.htm)"
65.55.209.97 - - [07/Feb/2008:05:57:35 +0100] "GET /logs/ HTTP/1.1" 200 10079 "-" "msnbot/1.0 (+http://search.msn.com/msnbot.htm)"
190.172.157.78 - - [07/Feb/2008:06:05:17 +0100] "GET / HTTP/1.1" 200 10335 "http://various-euro.com/" "Mozilla/4.0 (compatible; MSIE 6.0; Windows NT 5.1)"
83.246.114.93 - - [07/Feb/2008:06:15:44 +0100] "POST /info.php HTTP/1.0" 404 2748 "http://various-euro.com/info.php" "Mozilla/4.0 (compatible; MSIE 6.0; Windows NT 5.1)"
65.55.209.101 - - [07/Feb/2008:06:47:11 +0100] "GET /robots.txt HTTP/1.1" 200 64 "-" "msnbot/1.0 (+http://search.msn.com/msnbot.htm)"
65.55.209.101 - - [07/Feb/2008:06:47:12 +0100] "GET /logs/usage_200712.html HTTP/1.1" 200 92577 "-" "msnbot/1.0 (+http://search.msn.com/msnbot.htm)"
202.160.180.131 - - [07/Feb/2008:06:51:10 +0100] "GET /robots.txt HTTP/1.0" 200 64 "-" "Mozilla/5.0 (compatible; Yahoo! Slurp China; http://misc.yahoo.com.cn/help.html)"
202.160.180.88 - - [07/Feb/2008:06:51:11 +0100] "GET / HTTP/1.0" 200 10335 "-" "Mozilla/5.0 (compatible; Yahoo! Slurp China; http://misc.yahoo.com.cn/help.html)"
65.55.209.104 - - [07/Feb/2008:06:53:43 +0100] "GET /robots.txt HTTP/1.1" 200 64 "-" "msnbot/1.0 (+http://search.msn.com/msnbot.htm)"
65.55.209.104 - - [07/Feb/2008:06:53:43 +0100] "GET /logs/usage_200706.html HTTP/1.1" 200 107008 "-" "msnbot/1.0 (+http://search.msn.com/msnbot.htm)"
65.55.209.104 - - [07/Feb/2008:06:53:44 +0100] "GET /logs/usage_200704.html HTTP/1.1" 200 108835 "-" "msnbot/1.0 (+http://search.msn.com/msnbot.htm)"
65.55.209.103 - - [07/Feb/2008:07:24:13 +0100] "GET /robots.txt HTTP/1.1" 200 64 "-" "msnbot/1.0 (+http://search.msn.com/msnbot.htm)"
65.55.209.103 - - [07/Feb/2008:07:24:13 +0100] "GET /logs/usage_200708.html HTTP/1.1" 200 111167 "-" "msnbot/1.0 (+http://search.msn.com/msnbot.htm)"
65.55.209.103 - - [07/Feb/2008:07:29:06 +0100] "GET /logs/usage_200702.html HTTP/1.1" 200 107861 "-" "msnbot/1.0 (+http://search.msn.com/msnbot.htm)"
65.55.209.97 - - [07/Feb/2008:07:32:35 +0100] "GET /logs/usage_200709.html HTTP/1.1" 200 110974 "-" "msnbot/1.0 (+http://search.msn.com/msnbot.htm)"
65.55.209.98 - - [07/Feb/2008:07:56:33 +0100] "GET /robots.txt HTTP/1.1" 200 64 "-" "msnbot/1.0 (+http://search.msn.com/msnbot.htm)"
65.55.209.98 - - [07/Feb/2008:07:56:34 +0100] "GET /logs/usage_200703.html HTTP/1.1" 200 108444 "-" "msnbot/1.0 (+http://search.msn.com/msnbot.htm)"
65.55.209.98 - - [07/Feb/2008:07:56:35 +0100] "GET /logs/usage_200707.html HTTP/1.1" 200 110942 "-" "msnbot/1.0 (+http://search.msn.com/msnbot.htm)"
65.55.209.98 - - [07/Feb/2008:07:56:36 +0100] "GET /logs/usage_200705.html HTTP/1.1" 200 109447 "-" "msnbot/1.0 (+http://search.msn.com/msnbot.htm)"
80.253.81.62 - - [07/Feb/2008:08:07:08 +0100] "GET / HTTP/1.1" 200 10335 "-" "Microsoft URL Control - 6.00.8862"
65.214.45.123 - - [07/Feb/2008:08:33:45 +0100] "GET /schubb/schubb-5.html HTTP/1.0" 200 72944 "-" "Mozilla/5.0 (compatible; Ask Jeeves/Teoma; +http://about.ask.com/en/docs/about/webmasters.shtml)"
65.55.209.97 - - [07/Feb/2008:08:59:07 +0100] "GET /neon/slow-walk2.html HTTP/1.1" 200 1777 "-" "msnbot/1.0 (+http://search.msn.com/msnbot.htm)"
65.55.209.98 - - [07/Feb/2008:09:41:11 +0100] "GET /neon/biggtani.html HTTP/1.1" 200 1698 "-" "msnbot/1.0 (+http://search.msn.com/msnbot.htm)"
72.30.179.213 - - [07/Feb/2008:10:05:09 +0100] "GET /your_tour.html HTTP/1.0" 200 29760 "-" "Mozilla/5.0 (compatible; Yahoo! Slurp; http://help.yahoo.com/help/us/ysearch/slurp)"
65.214.45.123 - - [07/Feb/2008:10:43:47 +0100] "GET /robots.txt HTTP/1.0" 200 64 "-" "Mozilla/5.0 (compatible; Ask Jeeves/Teoma; +http://about.ask.com/en/docs/about/webmasters.shtml)"
65.214.45.123 - - [07/Feb/2008:10:43:48 +0100] "GET /restate_copy.html HTTP/1.0" 200 97631 "-" "Mozilla/5.0 (compatible; Ask Jeeves/Teoma; +http://about.ask.com/en/docs/about/webmasters.shtml)"
202.179.180.51 - - [07/Feb/2008:10:48:30 +0100] "GET /robots.txt HTTP/1.1" 200 64 "-" "Mozilla/4.0 (compatible; NaverBot/1.0; http://help.naver.com/delete_main.asp)"
202.179.180.51 - - [07/Feb/2008:10:48:30 +0100] "GET /framez-actions.html HTTP/1.1" 200 4322 "-" "Mozilla/4.0 (compatible; NaverBot/1.0; http://help.naver.com/delete_main.asp)"
74.6.19.123 - - [07/Feb/2008:10:53:19 +0100] "GET /robots.txt HTTP/1.0" 200 64 "-" "Mozilla/5.0 (compatible; Yahoo! Slurp; http://help.yahoo.com/help/us/ysearch/slurp)"
74.6.22.225 - - [07/Feb/2008:10:53:19 +0100] "GET /tour1_new.html HTTP/1.0" 404 2748 "-" "Mozilla/5.0 (compatible; Yahoo! Slurp; http://help.yahoo.com/help/us/ysearch/slurp)"
81.52.143.15 - - [07/Feb/2008:11:29:29 +0100] "GET /robots.txt HTTP/1.1" 200 64 "-" "Mozilla/5.0 (Windows; U; Windows NT 5.1; fr; rv:1.8.1) VoilaBot BETA 1.2 (http://www.voila.com/)"
81.52.143.15 - - [07/Feb/2008:11:29:31 +0100] "GET /DgH/orginal/index.html HTTP/1.1" 200 1727 "-" "Mozilla/5.0 (Windows; U; Windows NT 5.1; fr; rv:1.8.1) VoilaBot BETA 1.2 (http://www.voila.com/)"
193.252.149.16 - - [07/Feb/2008:11:35:40 +0100] "GET /robots.txt HTTP/1.1" 200 64 "-" "Mozilla/5.0 (Windows; U; Windows NT 5.1; fr; rv:1.8.1) VoilaBot BETA 1.2 (http://www.voila.com/)"
193.252.149.16 - - [07/Feb/2008:11:35:42 +0100] "GET /world.html HTTP/1.1" 200 16295 "-" "Mozilla/5.0 (Windows; U; Windows NT 5.1; fr; rv:1.8.1) VoilaBot BETA 1.2 (http://www.voila.com/)"
193.252.149.16 - - [07/Feb/2008:11:45:47 +0100] "GET /robots.txt HTTP/1.1" 200 64 "-" "Mozilla/5.0 (Windows; U; Windows NT 5.1; fr; rv:1.8.1) VoilaBot BETA 1.2 (http://www.voila.com/)"
193.252.149.16 - - [07/Feb/2008:11:45:53 +0100] "GET /DgH/rampe/index.html HTTP/1.1" 200 2056 "-" "Mozilla/5.0 (Windows; U; Windows NT 5.1; fr; rv:1.8.1) VoilaBot BETA 1.2 (http://www.voila.com/)"
65.55.212.216 - - [07/Feb/2008:12:09:31 +0100] "GET /robots.txt HTTP/1.0" 200 64 "-" "msnbot-media/1.0 (+http://search.msn.com/msnbot.htm)"
65.55.212.216 - - [07/Feb/2008:12:09:31 +0100] "GET /schubb/schubb-5.html HTTP/1.0" 200 72944 "-" "msnbot-media/1.0 (+http://search.msn.com/msnbot.htm)"
65.55.212.216 - - [07/Feb/2008:12:09:32 +0100] "GET /neon/euro.html HTTP/1.0" 200 2212 "-" "msnbot-media/1.0 (+http://search.msn.com/msnbot.htm)"
65.55.212.216 - - [07/Feb/2008:12:09:32 +0100] "GET /framez-e-count.html HTTP/1.0" 200 4321 "-" "msnbot-media/1.0 (+http://search.msn.com/msnbot.htm)"
65.55.212.216 - - [07/Feb/2008:12:09:33 +0100] "GET /bmpp/18start.html HTTP/1.0" 200 320 "-" "msnbot-media/1.0 (+http://search.msn.com/msnbot.htm)"
65.55.212.216 - - [07/Feb/2008:12:10:09 +0100] "GET /neon/warning2.html HTTP/1.0" 200 997 "-" "msnbot-media/1.0 (+http://search.msn.com/msnbot.htm)"
65.55.212.216 - - [07/Feb/2008:12:38:05 +0100] "GET /e-counter.html HTTP/1.0" 200 4047 "-" "msnbot-media/1.0 (+http://search.msn.com/msnbot.htm)"
67.202.1.10 - - [07/Feb/2008:12:54:14 +0100] "GET / HTTP/1.0" 200 10335 "-" "Mozilla/4.0 (compatible; MSIE 7.0; Windows NT 5.1)"
193.252.149.16 - - [07/Feb/2008:13:28:15 +0100] "GET /robots.txt HTTP/1.1" 200 64 "-" "Mozilla/5.0 (Windows; U; Windows NT 5.1; fr; rv:1.8.1) VoilaBot BETA 1.2 (http://www.voila.com/)"
193.252.149.16 - - [07/Feb/2008:13:28:17 +0100] "GET /DgH/watch/index.html HTTP/1.1" 200 2028 "-" "Mozilla/5.0 (Windows; U; Windows NT 5.1; fr; rv:1.8.1) VoilaBot BETA 1.2 (http://www.voila.com/)"
74.6.25.137 - - [07/Feb/2008:13:35:40 +0100] "GET /neon/euro.html HTTP/1.0" 200 2212 "-" "Mozilla/5.0 (compatible; Yahoo! Slurp; http://help.yahoo.com/help/us/ysearch/slurp)"
65.55.212.216 - - [07/Feb/2008:13:44:50 +0100] "GET /framez-schubb5.html HTTP/1.0" 200 4330 "-" "msnbot-media/1.0 (+http://search.msn.com/msnbot.htm)"
81.33.0.20 - - [07/Feb/2008:13:55:31 +0100] "GET http://www.various-euro.com/phpinfo.php HTTP/1.0" 404 2748 "http://www.various-euro.com/phpinfo.php" "Mozilla/4.0 (compatible; MSIE 6.0; Windows NT 5.1)"
65.55.212.216 - - [07/Feb/2008:14:17:02 +0100] "GET /neon/EURO23c.gif HTTP/1.0" 200 41248 "-" "msnbot-media/1.0 (+http://search.msn.com/msnbot.htm)"
65.55.212.216 - - [07/Feb/2008:14:32:36 +0100] "GET /bannerz/moneys.gif HTTP/1.0" 200 13192 "-" "msnbot-media/1.0 (+http://search.msn.com/msnbot.htm)"
65.55.212.216 - - [07/Feb/2008:14:33:42 +0100] "GET /bmpp/18oo.png HTTP/1.0" 200 3188 "-" "msnbot-media/1.0 (+http://search.msn.com/msnbot.htm)"
65.55.212.216 - - [07/Feb/2008:14:40:48 +0100] "GET /bmpp/18.html HTTP/1.0" 200 4467 "-" "msnbot-media/1.0 (+http://search.msn.com/msnbot.htm)"
65.55.212.216 - - [07/Feb/2008:15:17:37 +0100] "GET /robots.txt HTTP/1.0" 200 64 "-" "msnbot-media/1.0 (+http://search.msn.com/msnbot.htm)"
65.55.212.216 - - [07/Feb/2008:15:17:37 +0100] "GET /neon/large.html HTTP/1.0" 200 1547 "-" "msnbot-media/1.0 (+http://search.msn.com/msnbot.htm)"
65.214.45.123 - - [07/Feb/2008:16:13:54 +0100] "GET /f-euro.html HTTP/1.0" 200 12203 "-" "Mozilla/5.0 (compatible; Ask Jeeves/Teoma; +http://about.ask.com/en/docs/about/webmasters.shtml)"
87.123.85.153 - - [07/Feb/2008:16:17:45 +0100] "POST http://various-euro.com/temp.php HTTP/1.0" 404 2748 "http://various-euro.com/temp.php" "Mozilla/4.0 (compatible; MSIE 6.0; Windows NT 5.1)"
208.80.193.43 - - [07/Feb/2008:16:20:42 +0100] "GET / HTTP/1.1" 200 10335 "-" "Mozilla/5.0 (compatible; Konqueror/3.1-rc1; i686 Linux; 20020728)"
208.80.193.43 - - [07/Feb/2008:16:20:42 +0100] "GET / HTTP/1.1" 200 10335 "-" "Mozilla/5.0 (compatible; Konqueror/3.0-rc3; i686 Linux; 20021015)"
193.252.149.16 - - [07/Feb/2008:16:25:13 +0100] "GET / HTTP/1.1" 200 10335 "-" "Mozilla/5.0 (Windows; U; Windows NT 5.1; fr; rv:1.8.1) VoilaBot BETA 1.2 (http://www.voila.com/)"
74.6.23.233 - - [07/Feb/2008:16:41:47 +0100] "GET /games/virtualcop/ HTTP/1.0" 403 1223 "-" "Mozilla/5.0 (compatible; Yahoo! Slurp; http://help.yahoo.com/help/us/ysearch/slurp)"
74.6.29.34 - - [07/Feb/2008:16:46:06 +0100] "GET /neon/click.html HTTP/1.0" 200 521 "-" "Mozilla/5.0 (compatible; Yahoo! Slurp; http://help.yahoo.com/help/us/ysearch/slurp)"
65.55.212.216 - - [07/Feb/2008:16:50:43 +0100] "GET /vgirls/penilefitnessrec.jpg HTTP/1.0" 200 4077 "-" "msnbot-media/1.0 (+http://search.msn.com/msnbot.htm)"
65.55.212.216 - - [07/Feb/2008:16:58:39 +0100] "GET /vgirls/inches2.gif HTTP/1.0" 200 16085 "-" "msnbot-media/1.0 (+http://search.msn.com/msnbot.htm)"
193.252.149.16 - - [07/Feb/2008:17:06:38 +0100] "GET /robots.txt HTTP/1.1" 200 64 "-" "Mozilla/5.0 (Windows; U; Windows NT 5.1; fr; rv:1.8.1) VoilaBot BETA 1.2 (http://www.voila.com/)"
193.252.149.16 - - [07/Feb/2008:17:06:44 +0100] "GET /neon/channel.html HTTP/1.1" 200 1942 "-" "Mozilla/5.0 (Windows; U; Windows NT 5.1; fr; rv:1.8.1) VoilaBot BETA 1.2 (http://www.voila.com/)"
212.219.119.130 - - [07/Feb/2008:17:07:46 +0100] "GET /neon/girlz2.html HTTP/1.0" 200 2937 "http://uk.ask.com/web?q=Euro+Girls&dm=all&qsrc=6&o=0&l=dir&siteid=" "Mozilla/4.0 (compatible; MSIE 6.0; Windows NT 5.1; SV1; .NET CLR 1.1.4322; InfoPath.1; .NET CLR 2.0.50727)"
212.219.119.130 - - [07/Feb/2008:17:07:47 +0100] "GET /vgirls/button1.gif HTTP/1.0" 200 9099 "http://www.various-euro.com/neon/girlz2.html" "Mozilla/4.0 (compatible; MSIE 6.0; Windows NT 5.1; SV1; .NET CLR 1.1.4322; InfoPath.1; .NET CLR 2.0.50727)"
