67.195.51.244 - - [03/Jun/2008:17:43:59 +0200] "GET /f-rez.html HTTP/1.0" 200 9765 "-" "Mozilla/5.0 (compatible; Yahoo! Slurp; http://help.yahoo.com/help/us/ysearch/slurp)"
81.52.143.15 - - [03/Jun/2008:17:45:03 +0200] "GET /robots.txt HTTP/1.1" 200 64 "-" "Mozilla/5.0 (Windows; U; Windows NT 5.1; fr; rv:1.8.1) VoilaBot BETA 1.2 (support.voilabot@orange-ftgroup.com)"
81.52.143.15 - - [03/Jun/2008:17:45:05 +0200] "GET /f-warez.html HTTP/1.1" 200 10953 "-" "Mozilla/5.0 (Windows; U; Windows NT 5.1; fr; rv:1.8.1) VoilaBot BETA 1.2 (support.voilabot@orange-ftgroup.com)"
74.6.8.121 - - [03/Jun/2008:17:51:09 +0200] "GET /sendi-agent/Interfiction-sendi.avi HTTP/1.0" 200 34633728 "-" "Mozilla/5.0 (compatible; Yahoo! Slurp; http://help.yahoo.com/help/us/ysearch/slurp)"
74.92.60.229 - - [03/Jun/2008:18:46:02 +0200] "GET /zampa-lovers/zampa.ICO HTTP/1.1" 200 7134 "-" "Mozilla/5.0 (Windows; U; Windows NT 5.1; en-US; rv:1.8.1.14) Gecko/20080404 Firefox/2.0.0.14"
74.92.60.229 - - [03/Jun/2008:18:46:02 +0200] "GET /zampa-lovers/index.html HTTP/1.1" 200 37790 "http://www.google.com/search?hl=en&client=firefox-a&channel=s&rls=org.mozilla:en-US:official&hs=LvE&q=Anda+Banat&start=20&sa=N" "Mozilla/5.0 (Windows; U; Windows NT 5.1; en-US; rv:1.8.1.14) Gecko/20080404 Firefox/2.0.0.14"
74.92.60.229 - - [03/Jun/2008:18:46:03 +0200] "GET /zampa-lovers/DRAGAN_Z.JPG HTTP/1.1" 200 6850 "http://www.various-euro.com/zampa-lovers/index.html" "Mozilla/5.0 (Windows; U; Windows NT 5.1; en-US; rv:1.8.1.14) Gecko/20080404 Firefox/2.0.0.14"
74.92.60.229 - - [03/Jun/2008:18:46:03 +0200] "GET /zampa-lovers/MILIZA_2.JPG HTTP/1.1" 200 22172 "http://www.various-euro.com/zampa-lovers/index.html" "Mozilla/5.0 (Windows; U; Windows NT 5.1; en-US; rv:1.8.1.14) Gecko/20080404 Firefox/2.0.0.14"
74.92.60.229 - - [03/Jun/2008:18:46:03 +0200] "GET /zampa-lovers/MILIZA_B.JPG HTTP/1.1" 200 10947 "http://www.various-euro.com/zampa-lovers/index.html" "Mozilla/5.0 (Windows; U; Windows NT 5.1; en-US; rv:1.8.1.14) Gecko/20080404 Firefox/2.0.0.14"
74.92.60.229 - - [03/Jun/2008:18:46:03 +0200] "GET /zampa-lovers/MILIZA_4.JPG HTTP/1.1" 200 9946 "http://www.various-euro.com/zampa-lovers/index.html" "Mozilla/5.0 (Windows; U; Windows NT 5.1; en-US; rv:1.8.1.14) Gecko/20080404 Firefox/2.0.0.14"
74.92.60.229 - - [03/Jun/2008:18:46:03 +0200] "GET /zampa-lovers/MILIZA_3.JPG HTTP/1.1" 200 26924 "http://www.various-euro.com/zampa-lovers/index.html" "Mozilla/5.0 (Windows; U; Windows NT 5.1; en-US; rv:1.8.1.14) Gecko/20080404 Firefox/2.0.0.14"
74.92.60.229 - - [03/Jun/2008:18:46:03 +0200] "GET /zampa-lovers/DRAGANZA.JPG HTTP/1.1" 200 18560 "http://www.various-euro.com/zampa-lovers/index.html" "Mozilla/5.0 (Windows; U; Windows NT 5.1; en-US; rv:1.8.1.14) Gecko/20080404 Firefox/2.0.0.14"
74.92.60.229 - - [03/Jun/2008:18:46:03 +0200] "GET /zampa-lovers/1SEITEVE.GIF HTTP/1.1" 200 78726 "http://www.various-euro.com/zampa-lovers/index.html" "Mozilla/5.0 (Windows; U; Windows NT 5.1; en-US; rv:1.8.1.14) Gecko/20080404 Firefox/2.0.0.14"
74.92.60.229 - - [03/Jun/2008:18:46:04 +0200] "GET /zampa-lovers/2SEITEVE.GIF HTTP/1.1" 200 83466 "http://www.various-euro.com/zampa-lovers/index.html" "Mozilla/5.0 (Windows; U; Windows NT 5.1; en-US; rv:1.8.1.14) Gecko/20080404 Firefox/2.0.0.14"
74.92.60.229 - - [03/Jun/2008:18:46:04 +0200] "GET /zampa-lovers/Kralle.gif HTTP/1.1" 200 260 "http://www.various-euro.com/zampa-lovers/index.html" "Mozilla/5.0 (Windows; U; Windows NT 5.1; en-US; rv:1.8.1.14) Gecko/20080404 Firefox/2.0.0.14"
74.92.60.229 - - [03/Jun/2008:18:46:04 +0200] "GET /zampa-lovers/zampa-2X2.gif HTTP/1.1" 200 6948 "http://www.various-euro.com/zampa-lovers/index.html" "Mozilla/5.0 (Windows; U; Windows NT 5.1; en-US; rv:1.8.1.14) Gecko/20080404 Firefox/2.0.0.14"
74.92.60.229 - - [03/Jun/2008:18:46:04 +0200] "GET /zampa-lovers/zampamali.gif HTTP/1.1" 200 2617 "http://www.various-euro.com/zampa-lovers/index.html" "Mozilla/5.0 (Windows; U; Windows NT 5.1; en-US; rv:1.8.1.14) Gecko/20080404 Firefox/2.0.0.14"
74.92.60.229 - - [03/Jun/2008:18:46:04 +0200] "GET /zampa-lovers/kralle.gif HTTP/1.1" 404 2748 "http://www.various-euro.com/zampa-lovers/index.html" "Mozilla/5.0 (Windows; U; Windows NT 5.1; en-US; rv:1.8.1.14) Gecko/20080404 Firefox/2.0.0.14"
74.92.60.229 - - [03/Jun/2008:18:46:04 +0200] "GET /framez-zampa-lovers.html HTTP/1.1" 200 4322 "http://www.various-euro.com/zampa-lovers/index.html" "Mozilla/5.0 (Windows; U; Windows NT 5.1; en-US; rv:1.8.1.14) Gecko/20080404 Firefox/2.0.0.14"
74.92.60.229 - - [03/Jun/2008:18:46:05 +0200] "GET /ve-icon-2.ico HTTP/1.1" 200 2238 "-" "Mozilla/5.0 (Windows; U; Windows NT 5.1; en-US; rv:1.8.1.14) Gecko/20080404 Firefox/2.0.0.14"
74.92.60.229 - - [03/Jun/2008:18:46:04 +0200] "GET /zampa-lovers/zampa.gif HTTP/1.1" 200 460627 "http://www.various-euro.com/zampa-lovers/index.html" "Mozilla/5.0 (Windows; U; Windows NT 5.1; en-US; rv:1.8.1.14) Gecko/20080404 Firefox/2.0.0.14"
74.92.60.229 - - [03/Jun/2008:18:46:05 +0200] "GET /frame-menu.html HTTP/1.1" 200 10492 "http://www.various-euro.com/framez-zampa-lovers.html" "Mozilla/5.0 (Windows; U; Windows NT 5.1; en-US; rv:1.8.1.14) Gecko/20080404 Firefox/2.0.0.14"
74.92.60.229 - - [03/Jun/2008:18:46:05 +0200] "GET /frame-unten.html HTTP/1.1" 200 5308 "http://www.various-euro.com/framez-zampa-lovers.html" "Mozilla/5.0 (Windows; U; Windows NT 5.1; en-US; rv:1.8.1.14) Gecko/20080404 Firefox/2.0.0.14"
74.92.60.229 - - [03/Jun/2008:18:46:05 +0200] "GET /bannerz/ve.jpg HTTP/1.1" 200 36912 "http://www.various-euro.com/frame-unten.html" "Mozilla/5.0 (Windows; U; Windows NT 5.1; en-US; rv:1.8.1.14) Gecko/20080404 Firefox/2.0.0.14"
74.92.60.229 - - [03/Jun/2008:18:46:05 +0200] "GET /zampa-lovers/index.html HTTP/1.1" 200 37790 "http://www.various-euro.com/framez-zampa-lovers.html" "Mozilla/5.0 (Windows; U; Windows NT 5.1; en-US; rv:1.8.1.14) Gecko/20080404 Firefox/2.0.0.14"
74.92.60.229 - - [03/Jun/2008:18:46:06 +0200] "GET /bannerz/various-euro-girl.jpg HTTP/1.1" 200 91514 "http://www.various-euro.com/frame-unten.html" "Mozilla/5.0 (Windows; U; Windows NT 5.1; en-US; rv:1.8.1.14) Gecko/20080404 Firefox/2.0.0.14"
74.92.60.229 - - [03/Jun/2008:18:46:07 +0200] "GET /zampa-lovers/kralle.gif HTTP/1.1" 404 2748 "http://www.various-euro.com/zampa-lovers/index.html" "Mozilla/5.0 (Windows; U; Windows NT 5.1; en-US; rv:1.8.1.14) Gecko/20080404 Firefox/2.0.0.14"
74.92.60.229 - - [03/Jun/2008:18:46:06 +0200] "GET /bannerz/ubu-shot.png HTTP/1.1" 200 200117 "http://www.various-euro.com/frame-menu.html" "Mozilla/5.0 (Windows; U; Windows NT 5.1; en-US; rv:1.8.1.14) Gecko/20080404 Firefox/2.0.0.14"
74.92.60.229 - - [03/Jun/2008:18:46:07 +0200] "GET /zampa-lovers/zampa.gif HTTP/1.1" 206 51111 "http://www.various-euro.com/zampa-lovers/index.html" "Mozilla/5.0 (Windows; U; Windows NT 5.1; en-US; rv:1.8.1.14) Gecko/20080404 Firefox/2.0.0.14"
65.55.212.216 - - [03/Jun/2008:18:51:24 +0200] "GET /bmpp/crashhA.html HTTP/1.0" 200 15304 "-" "msnbot-media/1.0 (+http://search.msn.com/msnbot.htm)"
65.55.212.216 - - [03/Jun/2008:18:55:58 +0200] "GET /framez-schubb.html HTTP/1.0" 200 4324 "-" "msnbot-media/1.0 (+http://search.msn.com/msnbot.htm)"
67.195.54.35 - - [03/Jun/2008:19:04:56 +0200] "GET /zampa/montenegro/index.html HTTP/1.0" 200 2651 "-" "Mozilla/5.0 (compatible; Yahoo! Slurp; http://help.yahoo.com/help/us/ysearch/slurp)"
67.195.52.92 - - [03/Jun/2008:19:07:48 +0200] "GET /zampa/montenegro/ HTTP/1.0" 200 2651 "-" "Mozilla/5.0 (compatible; Yahoo! Slurp; http://help.yahoo.com/help/us/ysearch/slurp)"
65.55.212.216 - - [03/Jun/2008:19:08:32 +0200] "GET /f-maintitle.html HTTP/1.0" 200 5030 "-" "msnbot-media/1.0 (+http://search.msn.com/msnbot.htm)"
65.55.212.216 - - [03/Jun/2008:19:09:36 +0200] "GET /bmpp/euro_pal_1.html HTTP/1.0" 200 18252 "-" "msnbot-media/1.0 (+http://search.msn.com/msnbot.htm)"
65.55.212.216 - - [03/Jun/2008:19:10:42 +0200] "GET /framez-pal111.html HTTP/1.0" 200 4328 "-" "msnbot-media/1.0 (+http://search.msn.com/msnbot.htm)"
65.55.212.216 - - [03/Jun/2008:19:10:51 +0200] "GET /schubb/schubb-3.html HTTP/1.0" 200 17546 "-" "msnbot-media/1.0 (+http://search.msn.com/msnbot.htm)"
67.195.37.109 - - [03/Jun/2008:19:11:32 +0200] "GET /robots.txt HTTP/1.0" 200 64 "-" "Mozilla/5.0 (compatible; Yahoo! Slurp; http://help.yahoo.com/help/us/ysearch/slurp)"
67.195.37.109 - - [03/Jun/2008:19:11:32 +0200] "GET /3dsf3/sendi/sendisendi.html HTTP/1.0" 200 5118 "-" "Mozilla/5.0 (compatible; Yahoo! Slurp/3.0; http://help.yahoo.com/help/us/ysearch/slurp)"
67.195.37.109 - - [03/Jun/2008:19:11:33 +0200] "GET /3dsf3/sendi/formate.css HTTP/1.0" 200 474 "http://www.various-euro.com/3dsf3/sendi/sendisendi.html" "Mozilla/5.0 (compatible; Yahoo! Slurp/3.0; http://help.yahoo.com/help/us/ysearch/slurp)"
74.6.18.33 - - [03/Jun/2008:19:16:29 +0200] "GET /robots.txt HTTP/1.0" 200 64 "-" "Mozilla/5.0 (compatible; Yahoo! Slurp; http://help.yahoo.com/help/us/ysearch/slurp)"
67.195.52.28 - - [03/Jun/2008:19:16:30 +0200] "GET / HTTP/1.0" 200 10127 "-" "Mozilla/5.0 (compatible; Yahoo! Slurp; http://help.yahoo.com/help/us/ysearch/slurp)"
65.55.212.216 - - [03/Jun/2008:19:18:37 +0200] "GET /3dsf3/sendi/index.html HTTP/1.0" 200 1837 "-" "msnbot-media/1.0 (+http://search.msn.com/msnbot.htm)"
77.105.50.136 - - [03/Jun/2008:19:37:44 +0200] "GET / HTTP/1.1" 302 353 "http://www.pionirovglasnik.com/index.php?content=324" "Mozilla/5.0 (Windows; U; Windows NT 5.1; en-US; rv:1.8.1.14) Gecko/20080404 Firefox/2.0.0.14"
77.105.50.136 - - [03/Jun/2008:19:37:44 +0200] "GET /zampa/ HTTP/1.1" 200 7153 "http://www.pionirovglasnik.com/index.php?content=324" "Mozilla/5.0 (Windows; U; Windows NT 5.1; en-US; rv:1.8.1.14) Gecko/20080404 Firefox/2.0.0.14"
77.105.50.136 - - [03/Jun/2008:19:37:44 +0200] "GET /zampa/slike/zampa.gif HTTP/1.1" 200 5310 "http://www.various-euro.com/zampa/" "Mozilla/5.0 (Windows; U; Windows NT 5.1; en-US; rv:1.8.1.14) Gecko/20080404 Firefox/2.0.0.14"
77.105.50.136 - - [03/Jun/2008:19:37:44 +0200] "GET /zampa/slike/udupetu.gif HTTP/1.1" 200 4138 "http://www.various-euro.com/zampa/" "Mozilla/5.0 (Windows; U; Windows NT 5.1; en-US; rv:1.8.1.14) Gecko/20080404 Firefox/2.0.0.14"
77.105.50.136 - - [03/Jun/2008:19:37:45 +0200] "GET /zampa/slike/inthearse.gif HTTP/1.1" 200 4077 "http://www.various-euro.com/zampa/" "Mozilla/5.0 (Windows; U; Windows NT 5.1; en-US; rv:1.8.1.14) Gecko/20080404 Firefox/2.0.0.14"
77.105.50.136 - - [03/Jun/2008:19:37:45 +0200] "GET /favicon.ico HTTP/1.1" 404 2748 "-" "Mozilla/5.0 (Windows; U; Windows NT 5.1; en-US; rv:1.8.1.14) Gecko/20080404 Firefox/2.0.0.14"
77.105.50.136 - - [03/Jun/2008:19:37:52 +0200] "GET /zampa/slike/S6BIENNI.GIF HTTP/1.1" 200 35877 "http://www.various-euro.com/zampa/" "Mozilla/5.0 (Windows; U; Windows NT 5.1; en-US; rv:1.8.1.14) Gecko/20080404 Firefox/2.0.0.14"
74.6.8.121 - - [03/Jun/2008:19:38:08 +0200] "GET /robots.txt HTTP/1.0" 200 64 "-" "Mozilla/5.0 (compatible; Yahoo! Slurp; http://help.yahoo.com/help/us/ysearch/slurp)"
74.6.8.121 - - [03/Jun/2008:19:38:09 +0200] "GET /logs/usage_200511.html HTTP/1.0" 200 108728 "-" "Mozilla/5.0 (compatible; Yahoo! Slurp; http://help.yahoo.com/help/us/ysearch/slurp)"
77.105.50.136 - - [03/Jun/2008:19:38:38 +0200] "GET /favicon.ico HTTP/1.1" 404 2748 "-" "Mozilla/5.0 (Windows; U; Windows NT 5.1; en-US; rv:1.8.1.14) Gecko/20080404 Firefox/2.0.0.14"
77.105.50.136 - - [03/Jun/2008:19:38:42 +0200] "GET /zampa/slike/S5UROSTO.GIF HTTP/1.1" 200 45220 "http://www.various-euro.com/zampa/" "Mozilla/5.0 (Windows; U; Windows NT 5.1; en-US; rv:1.8.1.14) Gecko/20080404 Firefox/2.0.0.14"
74.6.8.121 - - [03/Jun/2008:19:39:06 +0200] "GET /games/ HTTP/1.0" 403 1223 "-" "Mozilla/5.0 (compatible; Yahoo! Slurp; http://help.yahoo.com/help/us/ysearch/slurp)"
77.105.50.136 - - [03/Jun/2008:19:39:13 +0200] "GET /favicon.ico HTTP/1.1" 404 2748 "-" "Mozilla/5.0 (Windows; U; Windows NT 5.1; en-US; rv:1.8.1.14) Gecko/20080404 Firefox/2.0.0.14"
77.105.50.136 - - [03/Jun/2008:19:39:15 +0200] "GET /zampa/slike/S4IRWIN.GIF HTTP/1.1" 200 54718 "http://www.various-euro.com/zampa/" "Mozilla/5.0 (Windows; U; Windows NT 5.1; en-US; rv:1.8.1.14) Gecko/20080404 Firefox/2.0.0.14"
77.105.50.136 - - [03/Jun/2008:19:40:14 +0200] "GET /favicon.ico HTTP/1.1" 404 2748 "-" "Mozilla/5.0 (Windows; U; Windows NT 5.1; en-US; rv:1.8.1.14) Gecko/20080404 Firefox/2.0.0.14"
77.105.50.136 - - [03/Jun/2008:19:40:16 +0200] "GET /zampa/slike/S3VAMPIR.GIF HTTP/1.1" 200 55504 "http://www.various-euro.com/zampa/" "Mozilla/5.0 (Windows; U; Windows NT 5.1; en-US; rv:1.8.1.14) Gecko/20080404 Firefox/2.0.0.14"
77.105.50.136 - - [03/Jun/2008:19:41:30 +0200] "GET /favicon.ico HTTP/1.1" 404 2748 "-" "Mozilla/5.0 (Windows; U; Windows NT 5.1; en-US; rv:1.8.1.14) Gecko/20080404 Firefox/2.0.0.14"
77.105.50.136 - - [03/Jun/2008:19:41:32 +0200] "GET /zampa/slike/S7MEDIAA.GIF HTTP/1.1" 200 45793 "http://www.various-euro.com/zampa/" "Mozilla/5.0 (Windows; U; Windows NT 5.1; en-US; rv:1.8.1.14) Gecko/20080404 Firefox/2.0.0.14"
77.105.50.136 - - [03/Jun/2008:19:42:15 +0200] "GET /favicon.ico HTTP/1.1" 404 2748 "-" "Mozilla/5.0 (Windows; U; Windows NT 5.1; en-US; rv:1.8.1.14) Gecko/20080404 Firefox/2.0.0.14"
77.105.50.136 - - [03/Jun/2008:19:42:16 +0200] "GET /zampa/slike/S8CURATO.GIF HTTP/1.1" 200 16968 "http://www.various-euro.com/zampa/" "Mozilla/5.0 (Windows; U; Windows NT 5.1; en-US; rv:1.8.1.14) Gecko/20080404 Firefox/2.0.0.14"
77.105.50.136 - - [03/Jun/2008:19:42:23 +0200] "GET /favicon.ico HTTP/1.1" 404 2748 "-" "Mozilla/5.0 (Windows; U; Windows NT 5.1; en-US; rv:1.8.1.14) Gecko/20080404 Firefox/2.0.0.14"
77.105.50.136 - - [03/Jun/2008:19:42:26 +0200] "GET /zampa/slike/S2COPY.GIF HTTP/1.1" 200 12771 "http://www.various-euro.com/zampa/" "Mozilla/5.0 (Windows; U; Windows NT 5.1; en-US; rv:1.8.1.14) Gecko/20080404 Firefox/2.0.0.14"
77.105.50.136 - - [03/Jun/2008:19:42:42 +0200] "GET /favicon.ico HTTP/1.1" 404 2748 "-" "Mozilla/5.0 (Windows; U; Windows NT 5.1; en-US; rv:1.8.1.14) Gecko/20080404 Firefox/2.0.0.14"
77.105.50.136 - - [03/Jun/2008:19:42:44 +0200] "GET /zampa/slike/S1TITEL.GIF HTTP/1.1" 200 15244 "http://www.various-euro.com/zampa/" "Mozilla/5.0 (Windows; U; Windows NT 5.1; en-US; rv:1.8.1.14) Gecko/20080404 Firefox/2.0.0.14"
77.105.50.136 - - [03/Jun/2008:19:42:48 +0200] "GET /favicon.ico HTTP/1.1" 404 2748 "-" "Mozilla/5.0 (Windows; U; Windows NT 5.1; en-US; rv:1.8.1.14) Gecko/20080404 Firefox/2.0.0.14"
77.105.50.136 - - [03/Jun/2008:19:43:13 +0200] "GET /zampa/montenegro/index.html HTTP/1.1" 200 2651 "http://www.various-euro.com/zampa/" "Mozilla/5.0 (Windows; U; Windows NT 5.1; en-US; rv:1.8.1.14) Gecko/20080404 Firefox/2.0.0.14"
77.105.50.136 - - [03/Jun/2008:19:43:13 +0200] "GET /zampa/montenegro/slike/plakat.jpg HTTP/1.1" 200 47879 "http://www.various-euro.com/zampa/montenegro/index.html" "Mozilla/5.0 (Windows; U; Windows NT 5.1; en-US; rv:1.8.1.14) Gecko/20080404 Firefox/2.0.0.14"
77.105.50.136 - - [03/Jun/2008:19:43:37 +0200] "GET /favicon.ico HTTP/1.1" 404 2748 "-" "Mozilla/5.0 (Windows; U; Windows NT 5.1; en-US; rv:1.8.1.14) Gecko/20080404 Firefox/2.0.0.14"
77.105.50.136 - - [03/Jun/2008:19:43:38 +0200] "GET /zampa/lybia/index.html HTTP/1.1" 200 3036 "http://www.various-euro.com/zampa/" "Mozilla/5.0 (Windows; U; Windows NT 5.1; en-US; rv:1.8.1.14) Gecko/20080404 Firefox/2.0.0.14"
77.105.50.136 - - [03/Jun/2008:19:43:38 +0200] "GET /zampa/lybia/slike/tele.jpg HTTP/1.1" 200 28022 "http://www.various-euro.com/zampa/lybia/index.html" "Mozilla/5.0 (Windows; U; Windows NT 5.1; en-US; rv:1.8.1.14) Gecko/20080404 Firefox/2.0.0.14"
77.105.50.136 - - [03/Jun/2008:19:43:48 +0200] "GET /favicon.ico HTTP/1.1" 404 2748 "-" "Mozilla/5.0 (Windows; U; Windows NT 5.1; en-US; rv:1.8.1.14) Gecko/20080404 Firefox/2.0.0.14"
77.105.50.136 - - [03/Jun/2008:19:43:49 +0200] "GET /zampa/wonderland/index.html HTTP/1.1" 200 2084 "http://www.various-euro.com/zampa/" "Mozilla/5.0 (Windows; U; Windows NT 5.1; en-US; rv:1.8.1.14) Gecko/20080404 Firefox/2.0.0.14"
77.105.50.136 - - [03/Jun/2008:19:43:49 +0200] "GET /zampa/wonderland/TWonder.gif HTTP/1.1" 200 76757 "http://www.various-euro.com/zampa/wonderland/index.html" "Mozilla/5.0 (Windows; U; Windows NT 5.1; en-US; rv:1.8.1.14) Gecko/20080404 Firefox/2.0.0.14"
77.105.50.136 - - [03/Jun/2008:19:44:41 +0200] "GET /favicon.ico HTTP/1.1" 404 2748 "-" "Mozilla/5.0 (Windows; U; Windows NT 5.1; en-US; rv:1.8.1.14) Gecko/20080404 Firefox/2.0.0.14"
77.105.50.136 - - [03/Jun/2008:19:44:45 +0200] "GET /zampa/montenegro/dajpare.html HTTP/1.1" 200 2503 "http://www.various-euro.com/zampa/" "Mozilla/5.0 (Windows; U; Windows NT 5.1; en-US; rv:1.8.1.14) Gecko/20080404 Firefox/2.0.0.14"
77.105.50.136 - - [03/Jun/2008:19:44:46 +0200] "GET /zampa/montenegro/slike/BATAW.jpg HTTP/1.1" 200 2631 "http://www.various-euro.com/zampa/montenegro/dajpare.html" "Mozilla/5.0 (Windows; U; Windows NT 5.1; en-US; rv:1.8.1.14) Gecko/20080404 Firefox/2.0.0.14"
77.105.50.136 - - [03/Jun/2008:19:44:46 +0200] "GET /zampa/montenegro/slike/SEKAW.jpg HTTP/1.1" 200 2786 "http://www.various-euro.com/zampa/montenegro/dajpare.html" "Mozilla/5.0 (Windows; U; Windows NT 5.1; en-US; rv:1.8.1.14) Gecko/20080404 Firefox/2.0.0.14"
77.105.50.136 - - [03/Jun/2008:19:44:46 +0200] "GET /zampa/montenegro/slike/TESLAW.jpg HTTP/1.1" 200 3770 "http://www.various-euro.com/zampa/montenegro/dajpare.html" "Mozilla/5.0 (Windows; U; Windows NT 5.1; en-US; rv:1.8.1.14) Gecko/20080404 Firefox/2.0.0.14"
77.105.50.136 - - [03/Jun/2008:19:44:46 +0200] "GET /zampa/montenegro/slike/ZMAJW.jpg HTTP/1.1" 200 4555 "http://www.various-euro.com/zampa/montenegro/dajpare.html" "Mozilla/5.0 (Windows; U; Windows NT 5.1; en-US; rv:1.8.1.14) Gecko/20080404 Firefox/2.0.0.14"
77.105.50.136 - - [03/Jun/2008:19:44:46 +0200] "GET /zampa/montenegro/slike/MILOW.jpg HTTP/1.1" 200 3823 "http://www.various-euro.com/zampa/montenegro/dajpare.html" "Mozilla/5.0 (Windows; U; Windows NT 5.1; en-US; rv:1.8.1.14) Gecko/20080404 Firefox/2.0.0.14"
77.105.50.136 - - [03/Jun/2008:19:44:53 +0200] "GET /favicon.ico HTTP/1.1" 404 2748 "-" "Mozilla/5.0 (Windows; U; Windows NT 5.1; en-US; rv:1.8.1.14) Gecko/20080404 Firefox/2.0.0.14"
65.55.212.216 - - [03/Jun/2008:19:45:27 +0200] "GET /zampa-lovers/index.html HTTP/1.0" 200 37790 "-" "msnbot-media/1.0 (+http://search.msn.com/msnbot.htm)"
67.195.52.45 - - [03/Jun/2008:19:52:58 +0200] "GET /sendi-agent/ HTTP/1.0" 403 1223 "-" "Mozilla/5.0 (compatible; Yahoo! Slurp; http://help.yahoo.com/help/us/ysearch/slurp)"
65.55.212.216 - - [03/Jun/2008:19:59:52 +0200] "GET /partnergegenberlin.html HTTP/1.0" 200 5022 "-" "msnbot-media/1.0 (+http://search.msn.com/msnbot.htm)"
67.195.52.106 - - [03/Jun/2008:20:13:25 +0200] "GET /frame-inhalt.html HTTP/1.0" 200 5834 "-" "Mozilla/5.0 (compatible; Yahoo! Slurp; http://help.yahoo.com/help/us/ysearch/slurp)"
65.214.45.123 - - [03/Jun/2008:20:14:05 +0200] "GET /robots.txt HTTP/1.0" 200 64 "-" "Mozilla/5.0 (compatible; Ask Jeeves/Teoma; +http://about.ask.com/en/docs/about/webmasters.shtml)"
65.214.45.123 - - [03/Jun/2008:20:14:05 +0200] "GET /world.html HTTP/1.0" 200 16295 "-" "Mozilla/5.0 (compatible; Ask Jeeves/Teoma; +http://about.ask.com/en/docs/about/webmasters.shtml)"
74.6.8.121 - - [03/Jun/2008:20:14:12 +0200] "GET /rez/326.mp3 HTTP/1.0" 200 7672484 "-" "Mozilla/5.0 (compatible; Yahoo! Slurp; http://help.yahoo.com/help/us/ysearch/slurp)"
65.55.212.159 - - [03/Jun/2008:20:15:38 +0200] "GET /robots.txt HTTP/1.0" 200 64 "-" "msnbot-media/1.0 (+http://search.msn.com/msnbot.htm)"
65.55.212.159 - - [03/Jun/2008:20:15:39 +0200] "GET /zampa-lovers/zampama2.mpg HTTP/1.0" 404 2748 "-" "msnbot-media/1.0 (+http://search.msn.com/msnbot.htm)"
67.195.37.109 - - [03/Jun/2008:20:19:37 +0200] "GET /f-bannnerz.html HTTP/1.0" 200 12651 "-" "Mozilla/5.0 (compatible; Yahoo! Slurp/3.0; http://help.yahoo.com/help/us/ysearch/slurp)"
67.195.37.109 - - [03/Jun/2008:20:19:47 +0200] "GET /frame-inhalt.html HTTP/1.0" 200 5834 "-" "Mozilla/5.0 (compatible; Yahoo! Slurp/3.0; http://help.yahoo.com/help/us/ysearch/slurp)"
67.195.37.109 - - [03/Jun/2008:20:21:39 +0200] "GET /zampa-lovers/WASISTMI1.MPG HTTP/1.0" 200 271221 "-" "Mozilla/5.0 (compatible; Yahoo! Slurp/3.0; http://help.yahoo.com/help/us/ysearch/slurp)"
67.195.37.109 - - [03/Jun/2008:20:41:58 +0200] "GET /zampa/ HTTP/1.0" 200 7153 "-" "Mozilla/5.0 (compatible; Yahoo! Slurp/3.0; http://help.yahoo.com/help/us/ysearch/slurp)"
89.146.141.81 - - [03/Jun/2008:20:45:38 +0200] "GET /zampa-lovers/index.html HTTP/1.1" 200 37790 "http://www.google.ba/search?hl=bs&q=sta+je+dzepni+bilijar+&btnG=Tra%C5%BEi&meta=" "Mozilla/4.0 (compatible; MSIE 7.0; Windows NT 5.1; .NET CLR 2.0.50727)"
89.146.141.81 - - [03/Jun/2008:20:45:39 +0200] "GET /zampa-lovers/kralle.gif HTTP/1.1" 404 2748 "http://www.various-euro.com/zampa-lovers/index.html" "Mozilla/4.0 (compatible; MSIE 7.0; Windows NT 5.1; .NET CLR 2.0.50727)"
89.146.141.81 - - [03/Jun/2008:20:45:39 +0200] "GET /zampa-lovers/DRAGAN_Z.JPG HTTP/1.1" 200 6850 "http://www.various-euro.com/zampa-lovers/index.html" "Mozilla/4.0 (compatible; MSIE 7.0; Windows NT 5.1; .NET CLR 2.0.50727)"
89.146.141.81 - - [03/Jun/2008:20:45:39 +0200] "GET /zampa-lovers/MILIZA_2.JPG HTTP/1.1" 200 22172 "http://www.various-euro.com/zampa-lovers/index.html" "Mozilla/4.0 (compatible; MSIE 7.0; Windows NT 5.1; .NET CLR 2.0.50727)"
89.146.141.81 - - [03/Jun/2008:20:45:40 +0200] "GET /zampa-lovers/MILIZA_3.JPG HTTP/1.1" 200 26924 "http://www.various-euro.com/zampa-lovers/index.html" "Mozilla/4.0 (compatible; MSIE 7.0; Windows NT 5.1; .NET CLR 2.0.50727)"
89.146.141.81 - - [03/Jun/2008:20:45:40 +0200] "GET /zampa-lovers/MILIZA_B.JPG HTTP/1.1" 200 10947 "http://www.various-euro.com/zampa-lovers/index.html" "Mozilla/4.0 (compatible; MSIE 7.0; Windows NT 5.1; .NET CLR 2.0.50727)"
89.146.141.81 - - [03/Jun/2008:20:45:40 +0200] "GET /zampa-lovers/MILIZA_4.JPG HTTP/1.1" 200 9946 "http://www.various-euro.com/zampa-lovers/index.html" "Mozilla/4.0 (compatible; MSIE 7.0; Windows NT 5.1; .NET CLR 2.0.50727)"
89.146.141.81 - - [03/Jun/2008:20:45:41 +0200] "GET /zampa-lovers/DRAGANZA.JPG HTTP/1.1" 200 18560 "http://www.various-euro.com/zampa-lovers/index.html" "Mozilla/4.0 (compatible; MSIE 7.0; Windows NT 5.1; .NET CLR 2.0.50727)"
89.146.141.81 - - [03/Jun/2008:20:45:41 +0200] "GET /zampa-lovers/1SEITEVE.GIF HTTP/1.1" 200 78726 "http://www.various-euro.com/zampa-lovers/index.html" "Mozilla/4.0 (compatible; MSIE 7.0; Windows NT 5.1; .NET CLR 2.0.50727)"
89.146.141.81 - - [03/Jun/2008:20:45:39 +0200] "GET /zampa-lovers/zampa.gif HTTP/1.1" 200 460627 "http://www.various-euro.com/zampa-lovers/index.html" "Mozilla/4.0 (compatible; MSIE 7.0; Windows NT 5.1; .NET CLR 2.0.50727)"
89.146.141.81 - - [03/Jun/2008:20:45:42 +0200] "GET /zampa-lovers/2SEITEVE.GIF HTTP/1.1" 200 83466 "http://www.various-euro.com/zampa-lovers/index.html" "Mozilla/4.0 (compatible; MSIE 7.0; Windows NT 5.1; .NET CLR 2.0.50727)"
89.146.141.81 - - [03/Jun/2008:20:45:43 +0200] "GET /zampa-lovers/Kralle.gif HTTP/1.1" 200 260 "http://www.various-euro.com/zampa-lovers/index.html" "Mozilla/4.0 (compatible; MSIE 7.0; Windows NT 5.1; .NET CLR 2.0.50727)"
89.146.141.81 - - [03/Jun/2008:20:45:43 +0200] "GET /zampa-lovers/zampa-2X2.gif HTTP/1.1" 200 6948 "http://www.various-euro.com/zampa-lovers/index.html" "Mozilla/4.0 (compatible; MSIE 7.0; Windows NT 5.1; .NET CLR 2.0.50727)"
89.146.141.81 - - [03/Jun/2008:20:45:43 +0200] "GET /zampa-lovers/zampamali.gif HTTP/1.1" 200 2617 "http://www.various-euro.com/zampa-lovers/index.html" "Mozilla/4.0 (compatible; MSIE 7.0; Windows NT 5.1; .NET CLR 2.0.50727)"
89.146.141.81 - - [03/Jun/2008:20:45:43 +0200] "GET /zampa-lovers/ZAMPAMA2.MPG HTTP/1.1" 200 63492 "http://www.various-euro.com/zampa-lovers/index.html" "Windows-Media-Player/10.00.00.4058"
89.146.141.81 - - [03/Jun/2008:20:45:44 +0200] "GET /zampa-lovers/zampa.ICO HTTP/1.1" 200 7134 "-" "Mozilla/4.0 (compatible; MSIE 7.0; Windows NT 5.1; .NET CLR 2.0.50727)"
89.146.141.81 - - [03/Jun/2008:20:45:43 +0200] "GET /zampa-lovers/WASISTMI1.MPG HTTP/1.1" 200 271221 "http://www.various-euro.com/zampa-lovers/index.html" "Windows-Media-Player/10.00.00.4058"
89.146.141.81 - - [03/Jun/2008:20:45:44 +0200] "GET /zampa-lovers/ZAMPAMAS.MPG HTTP/1.1" 200 520196 "http://www.various-euro.com/zampa-lovers/index.html" "Windows-Media-Player/10.00.00.4058"
89.146.141.81 - - [03/Jun/2008:20:45:45 +0200] "GET /framez-zampa-lovers.html HTTP/1.1" 200 4322 "-" "Mozilla/4.0 (compatible; MSIE 7.0; Windows NT 5.1; .NET CLR 2.0.50727)"
89.146.141.81 - - [03/Jun/2008:20:45:45 +0200] "GET /zampa-lovers/ZAMPAMA2.MPG HTTP/1.1" 206 30715 "-" "Mozilla/4.0 (compatible; MSIE 7.0; Windows NT 5.1; .NET CLR 2.0.50727)"
89.146.141.81 - - [03/Jun/2008:20:45:44 +0200] "GET /zampa-lovers/WASISTMI1.MPG HTTP/1.1" 206 211086 "-" "Mozilla/4.0 (compatible; MSIE 7.0; Windows NT 5.1; .NET CLR 2.0.50727)"
89.146.141.81 - - [03/Jun/2008:20:45:50 +0200] "GET /zampa-lovers/ZAMPAMAS.MPG HTTP/1.1" 206 509022 "-" "Mozilla/4.0 (compatible; MSIE 7.0; Windows NT 5.1; .NET CLR 2.0.50727)"
89.146.141.81 - - [03/Jun/2008:20:45:50 +0200] "GET /frame-menu.html HTTP/1.1" 200 10492 "http://www.various-euro.com/framez-zampa-lovers.html" "Mozilla/4.0 (compatible; MSIE 7.0; Windows NT 5.1; .NET CLR 2.0.50727)"
89.146.141.81 - - [03/Jun/2008:20:45:51 +0200] "GET /frame-unten.html HTTP/1.1" 200 5308 "http://www.various-euro.com/framez-zampa-lovers.html" "Mozilla/4.0 (compatible; MSIE 7.0; Windows NT 5.1; .NET CLR 2.0.50727)"
89.146.141.81 - - [03/Jun/2008:20:45:50 +0200] "GET /zampa-lovers/index.html HTTP/1.1" 200 37790 "http://www.various-euro.com/framez-zampa-lovers.html" "Mozilla/4.0 (compatible; MSIE 7.0; Windows NT 5.1; .NET CLR 2.0.50727)"
89.146.141.81 - - [03/Jun/2008:20:45:51 +0200] "GET /bannerz/ve.jpg HTTP/1.1" 200 36912 "http://www.various-euro.com/frame-unten.html" "Mozilla/4.0 (compatible; MSIE 7.0; Windows NT 5.1; .NET CLR 2.0.50727)"
89.146.141.81 - - [03/Jun/2008:20:45:51 +0200] "GET /bannerz/ubu-shot.png HTTP/1.1" 200 200117 "http://www.various-euro.com/frame-menu.html" "Mozilla/4.0 (compatible; MSIE 7.0; Windows NT 5.1; .NET CLR 2.0.50727)"
89.146.141.81 - - [03/Jun/2008:20:45:53 +0200] "GET /zampa-lovers/kralle.gif HTTP/1.1" 404 2748 "http://www.various-euro.com/zampa-lovers/index.html" "Mozilla/4.0 (compatible; MSIE 7.0; Windows NT 5.1; .NET CLR 2.0.50727)"
89.146.141.81 - - [03/Jun/2008:20:45:52 +0200] "GET /bannerz/various-euro-girl.jpg HTTP/1.1" 200 91514 "http://www.various-euro.com/frame-unten.html" "Mozilla/4.0 (compatible; MSIE 7.0; Windows NT 5.1; .NET CLR 2.0.50727)"
89.146.141.81 - - [03/Jun/2008:20:45:53 +0200] "GET /zampa-lovers/WASISTMI1.MPG HTTP/1.1" 206 24286 "http://www.various-euro.com/zampa-lovers/index.html" "Windows-Media-Player/10.00.00.4058"
89.146.141.81 - - [03/Jun/2008:20:45:53 +0200] "GET /ve-icon-2.ico HTTP/1.1" 200 2238 "-" "Mozilla/4.0 (compatible; MSIE 7.0; Windows NT 5.1; .NET CLR 2.0.50727)"
89.146.141.81 - - [03/Jun/2008:20:45:53 +0200] "GET /zampa-lovers/ZAMPAMAS.MPG HTTP/1.1" 206 477742 "http://www.various-euro.com/zampa-lovers/index.html" "Windows-Media-Player/10.00.00.4058"
89.146.141.81 - - [03/Jun/2008:20:45:54 +0200] "GET /zampa-lovers/ZAMPAMAS.MPG HTTP/1.1" 206 450782 "-" "Mozilla/4.0 (compatible; MSIE 7.0; Windows NT 5.1; .NET CLR 2.0.50727)"
89.146.141.81 - - [03/Jun/2008:20:45:55 +0200] "GET /zampa-lovers/ZAMPAMAS.MPG HTTP/1.1" 200 520196 "-" "Mozilla/4.0 (compatible; MSIE 7.0; Windows NT 5.1; .NET CLR 2.0.50727)"
89.146.141.81 - - [03/Jun/2008:20:46:00 +0200] "GET /zampa-lovers/kralle.gif HTTP/1.1" 404 2748 "http://www.various-euro.com/zampa-lovers/index.html" "Mozilla/4.0 (compatible; MSIE 7.0; Windows NT 5.1; .NET CLR 2.0.50727)"
89.146.141.81 - - [03/Jun/2008:20:46:01 +0200] "GET /framez-zampa-lovers.html HTTP/1.1" 200 4322 "-" "Mozilla/4.0 (compatible; MSIE 7.0; Windows NT 5.1; .NET CLR 2.0.50727)"
67.195.37.109 - - [03/Jun/2008:20:58:56 +0200] "GET /logs/usage_200710.html HTTP/1.0" 200 110952 "-" "Mozilla/5.0 (compatible; Yahoo! Slurp/3.0; http://help.yahoo.com/help/us/ysearch/slurp)"
67.195.37.109 - - [03/Jun/2008:21:05:39 +0200] "GET /f-warez.html HTTP/1.0" 200 10953 "-" "Mozilla/5.0 (compatible; Yahoo! Slurp/3.0; http://help.yahoo.com/help/us/ysearch/slurp)"
67.195.52.25 - - [03/Jun/2008:21:09:19 +0200] "GET /f-maintitle.html HTTP/1.0" 200 5030 "-" "Mozilla/5.0 (compatible; Yahoo! Slurp; http://help.yahoo.com/help/us/ysearch/slurp)"
82.237.212.168 - - [03/Jun/2008:21:26:38 +0200] "GET http://various-euro.com/lib/wysiwyg/ HTTP/1.0" 404 2748 "http://various-euro.com/lib/wysiwyg/" "Mozilla/4.0 (compatible; MSIE 6.0; Windows NT 5.1)"
65.55.212.216 - - [03/Jun/2008:21:30:26 +0200] "GET /robots.txt HTTP/1.0" 200 64 "-" "msnbot-media/1.0 (+http://search.msn.com/msnbot.htm)"
65.55.212.216 - - [03/Jun/2008:21:30:26 +0200] "GET /framez-schubb3.html HTTP/1.0" 200 4317 "-" "msnbot-media/1.0 (+http://search.msn.com/msnbot.htm)"
74.6.8.121 - - [03/Jun/2008:21:38:32 +0200] "GET /logs/usage_200711.html HTTP/1.0" 200 109628 "-" "Mozilla/5.0 (compatible; Yahoo! Slurp; http://help.yahoo.com/help/us/ysearch/slurp)"
67.195.52.62 - - [03/Jun/2008:21:39:09 +0200] "GET /zampa-lovers/index.html HTTP/1.0" 200 37790 "-" "Mozilla/5.0 (compatible; Yahoo! Slurp; http://help.yahoo.com/help/us/ysearch/slurp)"
65.55.212.216 - - [03/Jun/2008:21:39:33 +0200] "GET /bmpp/euro_pal_2.html HTTP/1.0" 200 5109 "-" "msnbot-media/1.0 (+http://search.msn.com/msnbot.htm)"
67.195.52.92 - - [03/Jun/2008:21:41:23 +0200] "GET /zampa-lovers/ HTTP/1.0" 200 37790 "-" "Mozilla/5.0 (compatible; Yahoo! Slurp; http://help.yahoo.com/help/us/ysearch/slurp)"
65.55.212.216 - - [03/Jun/2008:21:49:23 +0200] "GET /framez-pal1.html HTTP/1.0" 200 4326 "-" "msnbot-media/1.0 (+http://search.msn.com/msnbot.htm)"
65.55.212.216 - - [03/Jun/2008:21:49:26 +0200] "GET /bmpp/euro_pal_3.html HTTP/1.0" 200 2489 "-" "msnbot-media/1.0 (+http://search.msn.com/msnbot.htm)"
65.55.212.216 - - [03/Jun/2008:22:05:04 +0200] "GET /framez-pgb.html HTTP/1.0" 200 4336 "-" "msnbot-media/1.0 (+http://search.msn.com/msnbot.htm)"
67.195.54.26 - - [03/Jun/2008:22:26:41 +0200] "GET /zampa/ HTTP/1.0" 200 7153 "-" "Mozilla/5.0 (compatible; Yahoo! Slurp; http://help.yahoo.com/help/us/ysearch/slurp)"
67.195.52.97 - - [03/Jun/2008:22:37:18 +0200] "GET /zampa/wonderland/index.html HTTP/1.0" 200 2084 "-" "Mozilla/5.0 (compatible; Yahoo! Slurp; http://help.yahoo.com/help/us/ysearch/slurp)"
67.195.52.58 - - [03/Jun/2008:22:38:41 +0200] "GET /zampa/wonderland/ HTTP/1.0" 200 2084 "-" "Mozilla/5.0 (compatible; Yahoo! Slurp; http://help.yahoo.com/help/us/ysearch/slurp)"
74.6.8.121 - - [03/Jun/2008:22:55:23 +0200] "GET /rez/556.mp3 HTTP/1.0" 200 2674419 "-" "Mozilla/5.0 (compatible; Yahoo! Slurp; http://help.yahoo.com/help/us/ysearch/slurp)"
213.171.204.184 - - [03/Jun/2008:22:57:24 +0200] "GET /robots.txt HTTP/1.1" 200 64 "-" "-"
213.171.204.184 - - [03/Jun/2008:22:57:24 +0200] "GET /logs/ HTTP/1.1" 200 10079 "-" "Mozilla/4.0 (compatible; MSIE 6.0; Windows NT 5.1; SV1)"
213.171.204.184 - - [03/Jun/2008:22:57:25 +0200] "GET /robots.txt HTTP/1.1" 200 64 "-" "-"
213.171.204.184 - - [03/Jun/2008:22:57:25 +0200] "GET / HTTP/1.1" 200 10127 "-" "Mozilla/4.0 (compatible; MSIE 6.0; Windows NT 5.1; SV1)"
75.82.116.185 - - [03/Jun/2008:23:05:40 +0200] "GET /menueleiste.js HTTP/1.1" 404 2748 "http://www.various-euro.com/restate_copy.html" "Mozilla/4.0 (compatible; MSIE 6.0; Windows NT 5.1; SV1)"
75.82.116.185 - - [03/Jun/2008:23:05:41 +0200] "GET /bannerz/rebelle.gif HTTP/1.1" 200 6986 "http://www.various-euro.com/restate_copy.html" "Mozilla/4.0 (compatible; MSIE 6.0; Windows NT 5.1; SV1)"
75.82.116.185 - - [03/Jun/2008:23:05:39 +0200] "GET /restate_copy.html HTTP/1.1" 200 97631 "http://search.msn.com/results.aspx?q=tj+variety+eshop.com&FORM=MSNH" "Mozilla/4.0 (compatible; MSIE 6.0; Windows NT 5.1; SV1)"
75.82.116.185 - - [03/Jun/2008:23:05:42 +0200] "GET /detonators.gif HTTP/1.1" 200 14892 "http://www.various-euro.com/restate_copy.html" "Mozilla/4.0 (compatible; MSIE 6.0; Windows NT 5.1; SV1)"
75.82.116.185 - - [03/Jun/2008:23:05:45 +0200] "GET /framez-restate.html HTTP/1.1" 200 4328 "-" "Mozilla/4.0 (compatible; MSIE 6.0; Windows NT 5.1; SV1)"
75.82.116.185 - - [03/Jun/2008:23:05:46 +0200] "GET /frame-menu.html HTTP/1.1" 200 10492 "http://www.various-euro.com/framez-restate.html" "Mozilla/4.0 (compatible; MSIE 6.0; Windows NT 5.1; SV1)"
75.82.116.185 - - [03/Jun/2008:23:05:47 +0200] "GET /frame-unten.html HTTP/1.1" 200 5308 "http://www.various-euro.com/framez-restate.html" "Mozilla/4.0 (compatible; MSIE 6.0; Windows NT 5.1; SV1)"
75.82.116.185 - - [03/Jun/2008:23:05:46 +0200] "GET /restate_copy.html HTTP/1.1" 200 97631 "http://www.various-euro.com/framez-restate.html" "Mozilla/4.0 (compatible; MSIE 6.0; Windows NT 5.1; SV1)"
75.82.116.185 - - [03/Jun/2008:23:05:48 +0200] "GET /menueleiste.js HTTP/1.1" 404 2748 "http://www.various-euro.com/restate_copy.html" "Mozilla/4.0 (compatible; MSIE 6.0; Windows NT 5.1; SV1)"
75.82.116.185 - - [03/Jun/2008:23:05:49 +0200] "GET /bannerz/various-euro-girl.jpg HTTP/1.1" 200 91514 "http://www.various-euro.com/frame-unten.html" "Mozilla/4.0 (compatible; MSIE 6.0; Windows NT 5.1; SV1)"
75.82.116.185 - - [03/Jun/2008:23:05:52 +0200] "GET /bannerz/ve.jpg HTTP/1.1" 200 36912 "http://www.various-euro.com/frame-unten.html" "Mozilla/4.0 (compatible; MSIE 6.0; Windows NT 5.1; SV1)"
75.82.116.185 - - [03/Jun/2008:23:05:49 +0200] "GET /bannerz/ubu-shot.png HTTP/1.1" 200 200117 "http://www.various-euro.com/frame-menu.html" "Mozilla/4.0 (compatible; MSIE 6.0; Windows NT 5.1; SV1)"
75.82.116.185 - - [03/Jun/2008:23:05:58 +0200] "GET /favicon.ico HTTP/1.1" 404 2748 "-" "Mozilla/5.0 (compatible; Google Desktop)"
74.6.8.121 - - [03/Jun/2008:23:16:57 +0200] "GET /games/?C=M;O=A HTTP/1.0" 403 1223 "-" "Mozilla/5.0 (compatible; Yahoo! Slurp; http://help.yahoo.com/help/us/ysearch/slurp)"
67.195.52.37 - - [03/Jun/2008:23:17:58 +0200] "GET /f-euro.html HTTP/1.0" 200 12203 "-" "Mozilla/5.0 (compatible; Yahoo! Slurp; http://help.yahoo.com/help/us/ysearch/slurp)"
67.195.52.48 - - [03/Jun/2008:23:26:32 +0200] "GET / HTTP/1.0" 200 10127 "-" "Mozilla/5.0 (compatible; Yahoo! Slurp; http://help.yahoo.com/help/us/ysearch/slurp)"
67.195.37.109 - - [04/Jun/2008:00:24:23 +0200] "GET /f-channel1.html HTTP/1.0" 200 5713 "-" "Mozilla/5.0 (compatible; Yahoo! Slurp/3.0; http://help.yahoo.com/help/us/ysearch/slurp)"
67.195.37.109 - - [04/Jun/2008:00:31:35 +0200] "GET /rez/556.mp3 HTTP/1.0" 200 2674419 "-" "Mozilla/5.0 (compatible; Yahoo! Slurp/3.0; http://help.yahoo.com/help/us/ysearch/slurp)"
67.195.37.109 - - [04/Jun/2008:01:02:01 +0200] "GET /neon/channel.html HTTP/1.0" 200 1942 "-" "Mozilla/5.0 (compatible; Yahoo! Slurp/3.0; http://help.yahoo.com/help/us/ysearch/slurp)"
65.55.212.216 - - [04/Jun/2008:01:04:47 +0200] "GET /robots.txt HTTP/1.0" 302 363 "-" "msnbot-media/1.0 (+http://search.msn.com/msnbot.htm)"
65.55.212.216 - - [04/Jun/2008:01:04:48 +0200] "GET /zampa/robots.txt HTTP/1.0" 404 2748 "-" "msnbot-media/1.0 (+http://search.msn.com/msnbot.htm)"
65.55.212.216 - - [04/Jun/2008:01:04:49 +0200] "GET / HTTP/1.0" 302 353 "-" "msnbot-media/1.0 (+http://search.msn.com/msnbot.htm)"
65.55.212.216 - - [04/Jun/2008:01:14:53 +0200] "GET /zampa/ HTTP/1.0" 200 7153 "-" "msnbot-media/1.0 (+http://search.msn.com/msnbot.htm)"
67.195.37.109 - - [04/Jun/2008:01:16:18 +0200] "GET /schubb/ HTTP/1.0" 403 1223 "-" "Mozilla/5.0 (compatible; Yahoo! Slurp/3.0; http://help.yahoo.com/help/us/ysearch/slurp)"
74.6.8.121 - - [04/Jun/2008:01:20:56 +0200] "GET /sendi-agent/ HTTP/1.0" 403 1223 "-" "Mozilla/5.0 (compatible; Yahoo! Slurp; http://help.yahoo.com/help/us/ysearch/slurp)"
74.6.8.121 - - [04/Jun/2008:01:33:20 +0200] "GET /neon/girlz3.html HTTP/1.0" 200 2479 "-" "Mozilla/5.0 (compatible; Yahoo! Slurp; http://help.yahoo.com/help/us/ysearch/slurp)"
74.6.22.161 - - [04/Jun/2008:01:33:42 +0200] "GET /robots.txt HTTP/1.0" 200 64 "-" "Mozilla/5.0 (compatible; Yahoo! Slurp; http://help.yahoo.com/help/us/ysearch/slurp)"
74.6.22.161 - - [04/Jun/2008:01:33:42 +0200] "GET / HTTP/1.0" 200 10127 "-" "Mozilla/5.0 (compatible; Yahoo! Slurp; http://help.yahoo.com/help/us/ysearch/slurp)"
74.6.8.121 - - [04/Jun/2008:01:38:26 +0200] "GET /logs/usage_200705.html HTTP/1.0" 200 109447 "-" "Mozilla/5.0 (compatible; Yahoo! Slurp; http://help.yahoo.com/help/us/ysearch/slurp)"
74.6.8.121 - - [04/Jun/2008:01:48:29 +0200] "GET /framez-zampa-lovers.html HTTP/1.0" 200 4322 "-" "Mozilla/5.0 (compatible; Yahoo! Slurp; http://help.yahoo.com/help/us/ysearch/slurp)"
74.6.8.121 - - [04/Jun/2008:01:48:30 +0200] "GET /frame-menu.html HTTP/1.0" 200 10492 "-" "Mozilla/5.0 (compatible; Yahoo! Slurp; http://help.yahoo.com/help/us/ysearch/slurp)"
74.6.8.121 - - [04/Jun/2008:01:48:31 +0200] "GET /zampa-lovers/index.html HTTP/1.0" 200 37790 "-" "Mozilla/5.0 (compatible; Yahoo! Slurp; http://help.yahoo.com/help/us/ysearch/slurp)"
74.6.8.121 - - [04/Jun/2008:01:48:33 +0200] "GET /frame-unten.html HTTP/1.0" 200 5308 "-" "Mozilla/5.0 (compatible; Yahoo! Slurp; http://help.yahoo.com/help/us/ysearch/slurp)"
67.195.37.109 - - [04/Jun/2008:01:54:05 +0200] "GET /partnergegenberlin.html HTTP/1.0" 200 5022 "-" "Mozilla/5.0 (compatible; Yahoo! Slurp/3.0; http://help.yahoo.com/help/us/ysearch/slurp)"
67.195.51.166 - - [04/Jun/2008:02:22:56 +0200] "GET / HTTP/1.0" 200 10127 "-" "Mozilla/5.0 (compatible; Yahoo! Slurp; http://help.yahoo.com/help/us/ysearch/slurp)"
67.195.37.109 - - [04/Jun/2008:02:32:43 +0200] "GET /framez-rez.html HTTP/1.0" 200 4323 "-" "Mozilla/5.0 (compatible; Yahoo! Slurp/3.0; http://help.yahoo.com/help/us/ysearch/slurp)"
67.195.37.109 - - [04/Jun/2008:02:32:44 +0200] "GET /f-rez.html HTTP/1.0" 200 9765 "http://www.various-euro.com/framez-rez.html" "Mozilla/5.0 (compatible; Yahoo! Slurp/3.0; http://help.yahoo.com/help/us/ysearch/slurp)"
67.195.37.109 - - [04/Jun/2008:02:32:44 +0200] "GET /frame-unten.html HTTP/1.0" 200 5308 "http://www.various-euro.com/framez-rez.html" "Mozilla/5.0 (compatible; Yahoo! Slurp/3.0; http://help.yahoo.com/help/us/ysearch/slurp)"
67.195.37.109 - - [04/Jun/2008:02:32:44 +0200] "GET /frame-menu.html HTTP/1.0" 200 10492 "http://www.various-euro.com/framez-rez.html" "Mozilla/5.0 (compatible; Yahoo! Slurp/3.0; http://help.yahoo.com/help/us/ysearch/slurp)"
66.249.66.4 - - [04/Jun/2008:02:40:23 +0200] "GET /robots.txt HTTP/1.1" 200 64 "-" "Googlebot-Image/1.0"
193.252.149.16 - - [04/Jun/2008:02:44:18 +0200] "GET /robots.txt HTTP/1.1" 200 64 "-" "Mozilla/5.0 (Windows; U; Windows NT 5.1; fr; rv:1.8.1) VoilaBot BETA 1.2 (support.voilabot@orange-ftgroup.com)"
193.252.149.16 - - [04/Jun/2008:02:44:22 +0200] "GET /world.html HTTP/1.1" 200 16295 "-" "Mozilla/5.0 (Windows; U; Windows NT 5.1; fr; rv:1.8.1) VoilaBot BETA 1.2 (support.voilabot@orange-ftgroup.com)"
91.121.138.175 - - [04/Jun/2008:02:49:48 +0200] "GET / HTTP/1.1" 200 10127 "zarigueya.nxgeek.com" "-"
91.121.138.175 - - [04/Jun/2008:02:49:48 +0200] "GET / HTTP/1.1" 200 10127 "zarigueya.nxgeek.com" "-"
74.6.8.121 - - [04/Jun/2008:03:20:39 +0200] "GET /search.html HTTP/1.0" 200 1440 "-" "Mozilla/5.0 (compatible; Yahoo! Slurp; http://help.yahoo.com/help/us/ysearch/slurp)"
65.55.211.158 - - [04/Jun/2008:03:37:01 +0200] "GET /robots.txt HTTP/1.1" 200 64 "-" "msnbot/1.1 (+http://search.msn.com/msnbot.htm)"
65.55.211.158 - - [04/Jun/2008:03:37:01 +0200] "GET /f-other.html HTTP/1.1" 200 33189 "-" "msnbot/1.1 (+http://search.msn.com/msnbot.htm)"
66.184.71.114 - - [04/Jun/2008:03:38:58 +0200] "GET /zampa-lovers/index.html HTTP/1.1" 200 37790 "-" "Mozilla/4.0 (compatible; MSIE 6.0; Windows NT 5.1;1813)"
65.55.109.36 - - [04/Jun/2008:03:39:02 +0200] "GET /f-other.html HTTP/1.0" 200 33189 "http://search.live.com/results.aspx?q=various&form=QBHP" "Mozilla/4.0 (compatible; MSIE 7.0; Windows NT 5.2; .NET CLR 1.1.4322)"
65.55.211.169 - - [04/Jun/2008:04:35:55 +0200] "GET /robots.txt HTTP/1.1" 200 64 "-" "msnbot/1.1 (+http://search.msn.com/msnbot.htm)"
65.55.211.169 - - [04/Jun/2008:04:35:55 +0200] "GET /frame-unten.html HTTP/1.1" 200 5308 "-" "msnbot/1.1 (+http://search.msn.com/msnbot.htm)"
65.55.109.90 - - [04/Jun/2008:04:36:58 +0200] "GET /frame-unten.html HTTP/1.0" 200 5308 "http://search.live.com/results.aspx?q=various&form=QBHP" "Mozilla/4.0 (compatible; MSIE 7.0; Windows NT 5.2; .NET CLR 1.1.4322)"
65.55.109.90 - - [04/Jun/2008:04:36:58 +0200] "GET /framez.html HTTP/1.0" 200 3883 "-" "Mozilla/4.0 (compatible; MSIE 7.0; Windows NT 5.2; .NET CLR 1.1.4322)"
65.55.109.90 - - [04/Jun/2008:04:36:59 +0200] "GET /frame-menu.html HTTP/1.0" 200 10492 "http://www.various-euro.com/framez.html" "Mozilla/4.0 (compatible; MSIE 7.0; Windows NT 5.2; .NET CLR 1.1.4322)"
65.55.109.90 - - [04/Jun/2008:04:36:59 +0200] "GET /frame-inhalt.html HTTP/1.0" 200 5834 "http://www.various-euro.com/framez.html" "Mozilla/4.0 (compatible; MSIE 7.0; Windows NT 5.2; .NET CLR 1.1.4322)"
74.6.28.87 - - [04/Jun/2008:04:41:25 +0200] "GET /robots.txt HTTP/1.0" 200 64 "-" "Mozilla/5.0 (compatible; Yahoo! Slurp; http://help.yahoo.com/help/us/ysearch/slurp)"
67.195.52.114 - - [04/Jun/2008:04:41:26 +0200] "GET /rez/327.mp3 HTTP/1.0" 304 - "-" "Mozilla/5.0 (compatible; Yahoo! Slurp; http://help.yahoo.com/help/us/ysearch/slurp)"
65.214.45.123 - - [04/Jun/2008:04:48:23 +0200] "GET /neon/left-one-new.html HTTP/1.0" 200 1483 "-" "Mozilla/5.0 (compatible; Ask Jeeves/Teoma; +http://about.ask.com/en/docs/about/webmasters.shtml)"
65.55.211.167 - - [04/Jun/2008:04:49:20 +0200] "GET /robots.txt HTTP/1.1" 200 64 "-" "msnbot/1.1 (+http://search.msn.com/msnbot.htm)"
65.55.211.167 - - [04/Jun/2008:04:49:20 +0200] "GET /your_tour.html HTTP/1.1" 200 29413 "-" "msnbot/1.1 (+http://search.msn.com/msnbot.htm)"
74.6.8.121 - - [04/Jun/2008:04:49:35 +0200] "GET /f-search.html HTTP/1.0" 200 11800 "-" "Mozilla/5.0 (compatible; Yahoo! Slurp; http://help.yahoo.com/help/us/ysearch/slurp)"
74.6.8.121 - - [04/Jun/2008:05:42:58 +0200] "GET /logs/usage_200509.html HTTP/1.0" 200 108963 "-" "Mozilla/5.0 (compatible; Yahoo! Slurp; http://help.yahoo.com/help/us/ysearch/slurp)"
65.55.212.216 - - [04/Jun/2008:05:54:31 +0200] "GET /robots.txt HTTP/1.0" 200 64 "-" "msnbot-media/1.0 (+http://search.msn.com/msnbot.htm)"
65.55.212.216 - - [04/Jun/2008:05:54:31 +0200] "GET /3dsf3/sendi/rituals.html HTTP/1.0" 200 1411 "-" "msnbot-media/1.0 (+http://search.msn.com/msnbot.htm)"
65.55.212.216 - - [04/Jun/2008:05:58:19 +0200] "GET /3dsf3/sendi/hyperreality.html HTTP/1.0" 200 1436 "-" "msnbot-media/1.0 (+http://search.msn.com/msnbot.htm)"
65.55.212.216 - - [04/Jun/2008:06:20:07 +0200] "GET /3dsf3/sendi/receiver.html HTTP/1.0" 200 1402 "-" "msnbot-media/1.0 (+http://search.msn.com/msnbot.htm)"
65.55.212.216 - - [04/Jun/2008:06:20:20 +0200] "GET /neon/girlz3.html HTTP/1.0" 200 2479 "-" "msnbot-media/1.0 (+http://search.msn.com/msnbot.htm)"
65.55.212.216 - - [04/Jun/2008:06:20:21 +0200] "GET /3dsf3/sendi/animals.html HTTP/1.0" 200 1422 "-" "msnbot-media/1.0 (+http://search.msn.com/msnbot.htm)"
65.55.212.216 - - [04/Jun/2008:06:20:21 +0200] "GET /3dsf3/sendi/utopia.html HTTP/1.0" 200 1295 "-" "msnbot-media/1.0 (+http://search.msn.com/msnbot.htm)"
65.55.212.216 - - [04/Jun/2008:06:20:22 +0200] "GET /3dsf3/sendi/sacrifice.html HTTP/1.0" 200 1309 "-" "msnbot-media/1.0 (+http://search.msn.com/msnbot.htm)"
65.55.212.216 - - [04/Jun/2008:06:20:22 +0200] "GET /3dsf3/sendi/communication.html HTTP/1.0" 200 1331 "-" "msnbot-media/1.0 (+http://search.msn.com/msnbot.htm)"
65.55.212.216 - - [04/Jun/2008:06:20:23 +0200] "GET /3dsf3/sendi/catastrophe.html HTTP/1.0" 200 1322 "-" "msnbot-media/1.0 (+http://search.msn.com/msnbot.htm)"
65.55.212.216 - - [04/Jun/2008:06:20:23 +0200] "GET /3dsf3/sendi/body.html HTTP/1.0" 200 1322 "-" "msnbot-media/1.0 (+http://search.msn.com/msnbot.htm)"
65.55.212.216 - - [04/Jun/2008:06:20:24 +0200] "GET /3dsf3/sendi/connection.html HTTP/1.0" 200 1336 "-" "msnbot-media/1.0 (+http://search.msn.com/msnbot.htm)"
65.55.212.216 - - [04/Jun/2008:06:21:00 +0200] "GET /neon/code.html HTTP/1.0" 200 1109 "-" "msnbot-media/1.0 (+http://search.msn.com/msnbot.htm)"
65.55.211.157 - - [04/Jun/2008:06:26:34 +0200] "GET /robots.txt HTTP/1.1" 200 64 "-" "msnbot/1.1 (+http://search.msn.com/msnbot.htm)"
65.55.211.157 - - [04/Jun/2008:06:26:35 +0200] "GET /triple-double-u/ HTTP/1.1" 403 1223 "-" "msnbot/1.1 (+http://search.msn.com/msnbot.htm)"
67.195.37.109 - - [04/Jun/2008:06:33:27 +0200] "GET /rez/108.mp3 HTTP/1.0" 200 2086040 "-" "Mozilla/5.0 (compatible; Yahoo! Slurp/3.0; http://help.yahoo.com/help/us/ysearch/slurp)"
125.162.80.38 - - [04/Jun/2008:06:45:12 +0200] "GET / HTTP/1.1" 200 10127 "http://www.google.com/search?client=opera&rls=en&q=euro.com&sourceid=opera&ie=utf-8&oe=utf-8" "Opera/9.24 (Windows NT 5.1; U; en)"
125.162.80.38 - - [04/Jun/2008:06:45:21 +0200] "GET /ve-icon-2.ico HTTP/1.1" 200 2238 "http://www.various-euro.com/" "Opera/9.24 (Windows NT 5.1; U; en)"
125.162.80.38 - - [04/Jun/2008:06:45:35 +0200] "GET /framez_0.html HTTP/1.1" 200 12444 "http://www.various-euro.com/" "Opera/9.24 (Windows NT 5.1; U; en)"
65.55.212.216 - - [04/Jun/2008:07:18:10 +0200] "GET /zampa/slike/E1TITEL.GIF HTTP/1.0" 200 16284 "-" "msnbot-media/1.0 (+http://search.msn.com/msnbot.htm)"
65.55.212.216 - - [04/Jun/2008:07:18:12 +0200] "GET /zampa/slike/E6BIENNI.GIF HTTP/1.0" 200 33736 "-" "msnbot-media/1.0 (+http://search.msn.com/msnbot.htm)"
74.6.8.121 - - [04/Jun/2008:07:27:02 +0200] "GET /robots.txt HTTP/1.0" 200 64 "-" "Mozilla/5.0 (compatible; Yahoo! Slurp; http://help.yahoo.com/help/us/ysearch/slurp)"
74.6.8.121 - - [04/Jun/2008:07:27:02 +0200] "GET /zampa-lovers/ HTTP/1.0" 200 37790 "-" "Mozilla/5.0 (compatible; Yahoo! Slurp; http://help.yahoo.com/help/us/ysearch/slurp)"
74.6.8.121 - - [04/Jun/2008:07:34:03 +0200] "GET /framez-rez.html HTTP/1.0" 200 4323 "-" "Mozilla/5.0 (compatible; Yahoo! Slurp; http://help.yahoo.com/help/us/ysearch/slurp)"
74.6.8.121 - - [04/Jun/2008:07:34:04 +0200] "GET /frame-menu.html HTTP/1.0" 200 10492 "-" "Mozilla/5.0 (compatible; Yahoo! Slurp; http://help.yahoo.com/help/us/ysearch/slurp)"
74.6.8.121 - - [04/Jun/2008:07:34:05 +0200] "GET /f-rez.html HTTP/1.0" 200 9765 "-" "Mozilla/5.0 (compatible; Yahoo! Slurp; http://help.yahoo.com/help/us/ysearch/slurp)"
74.6.8.121 - - [04/Jun/2008:07:34:07 +0200] "GET /frame-unten.html HTTP/1.0" 200 5308 "-" "Mozilla/5.0 (compatible; Yahoo! Slurp; http://help.yahoo.com/help/us/ysearch/slurp)"
74.6.8.121 - - [04/Jun/2008:07:35:32 +0200] "GET /partnergegenberlin.html HTTP/1.0" 200 5022 "-" "Mozilla/5.0 (compatible; Yahoo! Slurp; http://help.yahoo.com/help/us/ysearch/slurp)"
66.231.189.112 - - [04/Jun/2008:07:50:29 +0200] "GET /robots.txt HTTP/1.0" 200 64 "-" "Gigabot/3.0 (http://www.gigablast.com/spider.html)"
66.231.189.139 - - [04/Jun/2008:07:50:30 +0200] "GET /framez-rez.html HTTP/1.0" 200 4323 "-" "Gigabot/3.0 (http://www.gigablast.com/spider.html)"
193.252.149.15 - - [04/Jun/2008:07:56:51 +0200] "GET /robots.txt HTTP/1.1" 200 64 "-" "Mozilla/5.0 (Windows; U; Windows NT 5.1; fr; rv:1.8.1) VoilaBot BETA 1.2 (support.voilabot@orange-ftgroup.com)"
193.252.149.15 - - [04/Jun/2008:07:56:53 +0200] "GET /f-bannnerz.html HTTP/1.1" 200 12651 "-" "Mozilla/5.0 (Windows; U; Windows NT 5.1; fr; rv:1.8.1) VoilaBot BETA 1.2 (support.voilabot@orange-ftgroup.com)"
74.6.8.121 - - [04/Jun/2008:08:17:41 +0200] "GET /logs/usage_200703.html HTTP/1.0" 200 108444 "-" "Mozilla/5.0 (compatible; Yahoo! Slurp; http://help.yahoo.com/help/us/ysearch/slurp)"
189.137.60.75 - - [04/Jun/2008:08:24:42 +0200] "POST /cgi-bin/ibill/count.cgi HTTP/1.1" 404 2748 "http://various-euro.com/cgi-bin/ibill/count.cgi" "Mozilla/4.0 (compatible; MSIE 6.0; Windows NT 5.1)"
74.6.28.123 - - [04/Jun/2008:08:27:40 +0200] "GET /robots.txt HTTP/1.0" 302 363 "-" "Mozilla/5.0 (compatible; Yahoo! Slurp; http://help.yahoo.com/help/us/ysearch/slurp)"
74.6.28.123 - - [04/Jun/2008:08:27:41 +0200] "GET /zampa/robots.txt HTTP/1.0" 404 2748 "-" "Mozilla/5.0 (compatible; Yahoo! Slurp; http://help.yahoo.com/help/us/ysearch/slurp)"
67.195.51.105 - - [04/Jun/2008:08:27:41 +0200] "GET / HTTP/1.0" 302 353 "-" "Mozilla/5.0 (compatible; Yahoo! Slurp; http://help.yahoo.com/help/us/ysearch/slurp)"
74.6.28.91 - - [04/Jun/2008:08:27:42 +0200] "GET /robots.txt HTTP/1.0" 200 64 "-" "Mozilla/5.0 (compatible; Yahoo! Slurp; http://help.yahoo.com/help/us/ysearch/slurp)"
67.195.51.105 - - [04/Jun/2008:08:27:51 +0200] "GET /zampa/ HTTP/1.0" 200 7153 "-" "Mozilla/5.0 (compatible; Yahoo! Slurp; http://help.yahoo.com/help/us/ysearch/slurp)"
122.116.38.65 - - [04/Jun/2008:08:30:39 +0200] "GET http://various-euro.com/join.html?jpage=members/.htaccess HTTP/1.0" 404 2748 "http://various-euro.com/join.html?jpage=members/.htaccess" "Mozilla/4.0 (compatible; MSIE 6.0; Windows NT 5.1)"
82.237.212.168 - - [04/Jun/2008:08:33:29 +0200] "GET http://various-euro.com/db/new.cgi?table=mteki&skin=../../../../../../../../etc/passwd HTTP/1.0" 404 2748 "http://various-euro.com/db/new.cgi?table=mteki&skin=../../../../../../../../etc/passwd" "Mozilla/4.0 (compatible; MSIE 6.0; Windows NT 5.1)"
67.195.51.249 - - [04/Jun/2008:08:36:13 +0200] "GET /games/virtualcop/virtualcop.html HTTP/1.0" 200 4487 "-" "Mozilla/5.0 (compatible; Yahoo! Slurp; http://help.yahoo.com/help/us/ysearch/slurp)"
78.0.150.51 - - [04/Jun/2008:08:59:55 +0200] "GET /zampa-lovers/index.html HTTP/1.1" 200 37790 "-" "Mozilla/4.0 (compatible; MSIE 6.0; Windows NT 5.1;1813)"
74.6.22.112 - - [04/Jun/2008:09:15:29 +0200] "GET /robots.txt HTTP/1.0" 200 64 "-" "Mozilla/5.0 (compatible; Yahoo! Slurp; http://help.yahoo.com/help/us/ysearch/slurp)"
74.6.22.112 - - [04/Jun/2008:09:15:30 +0200] "GET /neon/euro.html HTTP/1.0" 200 2212 "-" "Mozilla/5.0 (compatible; Yahoo! Slurp; http://help.yahoo.com/help/us/ysearch/slurp)"
74.6.22.112 - - [04/Jun/2008:09:32:25 +0200] "GET /neon/europa.html HTTP/1.0" 200 389 "-" "Mozilla/5.0 (compatible; Yahoo! Slurp; http://help.yahoo.com/help/us/ysearch/slurp)"
65.55.212.216 - - [04/Jun/2008:09:33:39 +0200] "GET /robots.txt HTTP/1.0" 200 64 "-" "msnbot-media/1.0 (+http://search.msn.com/msnbot.htm)"
