128.54.59.208 - - [16/Jun/2008:00:12:45 +0200] "GET / HTTP/1.0" 200 10127 "-" "Mozilla/5.0 (X11; U; Linux x86_64; en-US; rv:1.9b5) Gecko/2008040514 Firefox/3.0b5"
128.54.59.208 - - [16/Jun/2008:00:12:48 +0200] "GET /ve-icon-2.ico HTTP/1.0" 200 2238 "http://www.various-euro.com/" "Mozilla/5.0 (X11; U; Linux x86_64; en-US; rv:1.9b5) Gecko/2008040514 Firefox/3.0b5"
128.54.59.208 - - [16/Jun/2008:00:12:52 +0200] "GET /framez.html HTTP/1.0" 200 3883 "http://www.various-euro.com/" "Mozilla/5.0 (X11; U; Linux x86_64; en-US; rv:1.9b5) Gecko/2008040514 Firefox/3.0b5"
81.52.143.16 - - [16/Jun/2008:00:16:26 +0200] "GET /robots.txt HTTP/1.1" 200 64 "-" "Mozilla/5.0 (Windows; U; Windows NT 5.1; fr; rv:1.8.1) VoilaBot BETA 1.2 (support.voilabot@orange-ftgroup.com)"
81.52.143.16 - - [16/Jun/2008:00:16:28 +0200] "GET /robots.txt HTTP/1.1" 200 64 "-" "Mozilla/5.0 (Windows; U; Windows NT 5.1; fr; rv:1.8.1) VoilaBot BETA 1.2 (support.voilabot@orange-ftgroup.com)"
67.195.37.109 - - [16/Jun/2008:00:17:50 +0200] "GET /games/virtualcop/ HTTP/1.0" 403 1223 "-" "Mozilla/5.0 (compatible; Yahoo! Slurp/3.0; http://help.yahoo.com/help/us/ysearch/slurp)"
74.6.8.103 - - [16/Jun/2008:00:18:09 +0200] "GET /neon/girlz3.html HTTP/1.0" 200 2479 "-" "Mozilla/5.0 (compatible; Yahoo! Slurp; http://help.yahoo.com/help/us/ysearch/slurp)"
67.195.37.109 - - [16/Jun/2008:00:46:20 +0200] "GET /f-euro.html HTTP/1.0" 200 12203 "-" "Mozilla/5.0 (compatible; Yahoo! Slurp/3.0; http://help.yahoo.com/help/us/ysearch/slurp)"
74.6.8.103 - - [16/Jun/2008:00:51:28 +0200] "GET /search.html HTTP/1.0" 200 1440 "-" "Mozilla/5.0 (compatible; Yahoo! Slurp; http://help.yahoo.com/help/us/ysearch/slurp)"
87.118.100.177 - - [16/Jun/2008:01:06:06 +0200] "GET /framez-rez.html HTTP/1.1" 200 4323 "-" "Mozilla"
65.55.211.158 - - [16/Jun/2008:01:28:29 +0200] "GET /robots.txt HTTP/1.1" 302 363 "-" "msnbot/1.1 (+http://search.msn.com/msnbot.htm)"
65.55.211.158 - - [16/Jun/2008:01:28:29 +0200] "GET /zampa/robots.txt HTTP/1.1" 404 2748 "-" "msnbot/1.1 (+http://search.msn.com/msnbot.htm)"
65.55.211.158 - - [16/Jun/2008:01:28:29 +0200] "GET / HTTP/1.1" 302 353 "-" "msnbot/1.1 (+http://search.msn.com/msnbot.htm)"
65.55.211.158 - - [16/Jun/2008:01:30:21 +0200] "GET /robots.txt HTTP/1.1" 200 64 "-" "msnbot/1.1 (+http://search.msn.com/msnbot.htm)"
65.55.211.158 - - [16/Jun/2008:01:30:22 +0200] "GET /zampa/ HTTP/1.1" 200 7153 "-" "msnbot/1.1 (+http://search.msn.com/msnbot.htm)"
67.195.37.109 - - [16/Jun/2008:01:31:50 +0200] "GET /neon/channel.html HTTP/1.0" 200 1942 "-" "Mozilla/5.0 (compatible; Yahoo! Slurp/3.0; http://help.yahoo.com/help/us/ysearch/slurp)"
74.6.8.103 - - [16/Jun/2008:01:36:22 +0200] "GET /zampa/montenegro/TESLAW.html HTTP/1.0" 200 861 "-" "Mozilla/5.0 (compatible; Yahoo! Slurp; http://help.yahoo.com/help/us/ysearch/slurp)"
99.194.141.78 - - [16/Jun/2008:01:42:23 +0200] "GET /restate_copy.html HTTP/1.1" 200 97631 "-" "Mozilla/4.0 (compatible; MSIE 6.0; Windows NT 5.1;1813)"
99.194.141.78 - - [16/Jun/2008:01:42:24 +0200] "GET /menueleiste.js HTTP/1.1" 404 2748 "-" "Mozilla/4.0 (compatible; MSIE 6.0; Windows NT 5.1;1813)"
68.116.150.54 - - [16/Jun/2008:01:52:21 +0200] "GET / HTTP/1.0" 200 10127 "-" "Mozilla/5.0 (Windows; U; Windows NT 5.1; en-US; rv:1.8.1.14) Gecko/20080404 Firefox/2.0.0.14"
68.116.150.54 - - [16/Jun/2008:01:52:23 +0200] "GET /framez.html HTTP/1.0" 200 3883 "http://www.various-euro.com/" "Mozilla/5.0 (Windows; U; Windows NT 5.1; en-US; rv:1.8.1.14) Gecko/20080404 Firefox/2.0.0.14"
68.116.150.54 - - [16/Jun/2008:01:52:29 +0200] "GET /frame-unten.html HTTP/1.0" 200 5308 "http://www.various-euro.com/framez.html" "Mozilla/5.0 (Windows; U; Windows NT 5.1; en-US; rv:1.8.1.14) Gecko/20080404 Firefox/2.0.0.14"
74.6.22.88 - - [16/Jun/2008:02:02:43 +0200] "GET /robots.txt HTTP/1.0" 302 363 "-" "Mozilla/5.0 (compatible; Yahoo! Slurp; http://help.yahoo.com/help/us/ysearch/slurp)"
74.6.22.88 - - [16/Jun/2008:02:02:43 +0200] "GET /zampa/robots.txt HTTP/1.0" 404 2748 "-" "Mozilla/5.0 (compatible; Yahoo! Slurp; http://help.yahoo.com/help/us/ysearch/slurp)"
74.6.22.88 - - [16/Jun/2008:02:02:44 +0200] "GET / HTTP/1.0" 302 353 "-" "Mozilla/5.0 (compatible; Yahoo! Slurp; http://help.yahoo.com/help/us/ysearch/slurp)"
74.6.8.103 - - [16/Jun/2008:02:02:44 +0200] "GET /zampa/ HTTP/1.0" 200 7153 "-" "Mozilla/5.0 (compatible; Yahoo! Slurp; http://help.yahoo.com/help/us/ysearch/slurp)"
193.252.149.16 - - [16/Jun/2008:02:06:00 +0200] "GET /neon/girl-tv.html HTTP/1.1" 200 1717 "-" "Mozilla/5.0 (Windows; U; Windows NT 5.1; fr; rv:1.8.1) VoilaBot BETA 1.2 (support.voilabot@orange-ftgroup.com)"
74.6.8.103 - - [16/Jun/2008:02:19:45 +0200] "GET /framez_0.html HTTP/1.0" 200 12444 "-" "Mozilla/5.0 (compatible; Yahoo! Slurp; http://help.yahoo.com/help/us/ysearch/slurp)"
65.214.45.123 - - [16/Jun/2008:02:35:23 +0200] "GET /robots.txt HTTP/1.0" 200 64 "-" "Mozilla/5.0 (compatible; Ask Jeeves/Teoma; +http://about.ask.com/en/docs/about/webmasters.shtml)"
65.214.45.123 - - [16/Jun/2008:02:35:23 +0200] "GET /neon/girlz2.html HTTP/1.0" 200 2937 "-" "Mozilla/5.0 (compatible; Ask Jeeves/Teoma; +http://about.ask.com/en/docs/about/webmasters.shtml)"
65.214.45.123 - - [16/Jun/2008:02:42:27 +0200] "GET /restate_copy.html HTTP/1.0" 200 97631 "-" "Mozilla/5.0 (compatible; Ask Jeeves/Teoma; +http://about.ask.com/en/docs/about/webmasters.shtml)"
67.195.51.170 - - [16/Jun/2008:02:44:33 +0200] "GET /your_tour.html HTTP/1.0" 200 29413 "-" "Mozilla/5.0 (compatible; Yahoo! Slurp; http://help.yahoo.com/help/us/ysearch/slurp)"
67.195.37.109 - - [16/Jun/2008:02:47:10 +0200] "GET /bmpp/euro_pal_111.html HTTP/1.0" 200 2129 "-" "Mozilla/5.0 (compatible; Yahoo! Slurp/3.0; http://help.yahoo.com/help/us/ysearch/slurp)"
193.252.149.16 - - [16/Jun/2008:03:18:53 +0200] "GET /neon/channel.html HTTP/1.1" 200 1942 "-" "Mozilla/5.0 (Windows; U; Windows NT 5.1; fr; rv:1.8.1) VoilaBot BETA 1.2 (support.voilabot@orange-ftgroup.com)"
209.19.152.71 - - [16/Jun/2008:04:35:07 +0200] "GET / HTTP/1.1" 200 10127 "-" "Mozilla/5.0 (X11; U; Linux i686; en-US; rv:1.6) Gecko/20040225 Firefox/0.8"
81.33.206.191 - - [16/Jun/2008:05:10:53 +0200] "GET /_vti_pvt/service.pwd HTTP/1.1" 404 2748 "http://various-euro.com/_vti_pvt/service.pwd" "Mozilla/4.0 (compatible; MSIE 6.0; Windows NT 5.1)"
203.160.1.52 - - [16/Jun/2008:05:38:19 +0200] "GET / HTTP/1.1" 200 10127 "-" "Mozilla/4.0 (compatible; MSIE 6.0; Windows NT 5.1;1813)"
74.6.22.177 - - [16/Jun/2008:05:43:00 +0200] "GET /robots.txt HTTP/1.0" 200 64 "-" "Mozilla/5.0 (compatible; Yahoo! Slurp; http://help.yahoo.com/help/us/ysearch/slurp)"
67.195.54.60 - - [16/Jun/2008:05:43:00 +0200] "GET /DgH/ HTTP/1.0" 200 5024 "-" "Mozilla/5.0 (compatible; Yahoo! Slurp; http://help.yahoo.com/help/us/ysearch/slurp)"
74.6.8.103 - - [16/Jun/2008:06:22:01 +0200] "GET /robots.txt HTTP/1.0" 200 64 "-" "Mozilla/5.0 (compatible; Yahoo! Slurp; http://help.yahoo.com/help/us/ysearch/slurp)"
74.6.8.103 - - [16/Jun/2008:06:22:01 +0200] "GET /zampa/wonderland/ HTTP/1.0" 200 2084 "-" "Mozilla/5.0 (compatible; Yahoo! Slurp; http://help.yahoo.com/help/us/ysearch/slurp)"
65.214.45.101 - - [16/Jun/2008:06:28:54 +0200] "GET /robots.txt HTTP/1.0" 200 64 "-" "Mozilla/5.0 (compatible; Ask Jeeves/Teoma; +http://about.ask.com/en/docs/about/webmasters.shtml)"
65.214.45.101 - - [16/Jun/2008:06:28:55 +0200] "GET /restate_copy.html HTTP/1.0" 200 97631 "-" "Mozilla/5.0 (compatible; Ask Jeeves/Teoma; +http://about.ask.com/en/docs/about/webmasters.shtml)"
202.1.192.2 - - [16/Jun/2008:06:32:56 +0200] "GET / HTTP/1.0" 200 10127 "-" "Mozilla/4.0 (compatible; MSIE 6.0; Windows NT 5.1;1813)"
74.6.8.103 - - [16/Jun/2008:06:42:18 +0200] "GET /logs/usage_200707.html HTTP/1.0" 200 110942 "-" "Mozilla/5.0 (compatible; Yahoo! Slurp; http://help.yahoo.com/help/us/ysearch/slurp)"
202.1.192.7 - - [16/Jun/2008:06:50:42 +0200] "GET / HTTP/1.0" 200 10127 "-" "Mozilla/4.0 (compatible; MSIE 6.0; Windows NT 5.1;1813)"
66.249.65.133 - - [16/Jun/2008:06:55:31 +0200] "GET /robots.txt HTTP/1.1" 200 64 "-" "Mozilla/5.0 (compatible; Googlebot/2.1; +http://www.google.com/bot.html)"
66.249.65.133 - - [16/Jun/2008:06:55:31 +0200] "GET /restate_copy.html HTTP/1.1" 200 97631 "-" "Mozilla/5.0 (compatible; Googlebot/2.1; +http://www.google.com/bot.html)"
74.6.8.103 - - [16/Jun/2008:07:00:33 +0200] "GET /zampa/montenegro/ HTTP/1.0" 200 2651 "-" "Mozilla/5.0 (compatible; Yahoo! Slurp; http://help.yahoo.com/help/us/ysearch/slurp)"
65.214.45.100 - - [16/Jun/2008:07:00:43 +0200] "GET /robots.txt HTTP/1.0" 200 64 "-" "Mozilla/5.0 (compatible; Ask Jeeves/Teoma; +http://about.ask.com/en/docs/about/webmasters.shtml)"
65.214.45.100 - - [16/Jun/2008:07:00:43 +0200] "GET /framez-restate.html HTTP/1.0" 200 4328 "-" "Mozilla/5.0 (compatible; Ask Jeeves/Teoma; +http://about.ask.com/en/docs/about/webmasters.shtml)"
65.214.45.100 - - [16/Jun/2008:07:00:43 +0200] "GET /frame-menu.html HTTP/1.0" 200 10492 "-" "Mozilla/5.0 (compatible; Ask Jeeves/Teoma; +http://about.ask.com/en/docs/about/webmasters.shtml)"
65.214.45.100 - - [16/Jun/2008:07:00:45 +0200] "GET /restate_copy.html HTTP/1.0" 200 97631 "-" "Mozilla/5.0 (compatible; Ask Jeeves/Teoma; +http://about.ask.com/en/docs/about/webmasters.shtml)"
65.214.45.100 - - [16/Jun/2008:07:00:45 +0200] "GET /frame-unten.html HTTP/1.0" 200 5308 "-" "Mozilla/5.0 (compatible; Ask Jeeves/Teoma; +http://about.ask.com/en/docs/about/webmasters.shtml)"
65.214.45.100 - - [16/Jun/2008:07:00:46 +0200] "GET /menueleiste.js HTTP/1.0" 404 2748 "-" "Mozilla/5.0 (compatible; Ask Jeeves/Teoma; +http://about.ask.com/en/docs/about/webmasters.shtml)"
65.214.45.100 - - [16/Jun/2008:07:08:56 +0200] "GET /framez.html HTTP/1.0" 200 3883 "-" "Mozilla/5.0 (compatible; Ask Jeeves/Teoma; +http://about.ask.com/en/docs/about/webmasters.shtml)"
65.214.45.100 - - [16/Jun/2008:07:08:57 +0200] "GET /framez.html HTTP/1.0" 200 3883 "-" "Mozilla/5.0 (compatible; Ask Jeeves/Teoma; +http://about.ask.com/en/docs/about/webmasters.shtml)"
65.214.45.100 - - [16/Jun/2008:07:08:57 +0200] "GET /frame-inhalt.html HTTP/1.0" 200 8784 "-" "Mozilla/5.0 (compatible; Ask Jeeves/Teoma; +http://about.ask.com/en/docs/about/webmasters.shtml)"
67.195.52.34 - - [16/Jun/2008:07:09:37 +0200] "GET /f-web.html HTTP/1.0" 200 13605 "-" "Mozilla/5.0 (compatible; Yahoo! Slurp; http://help.yahoo.com/help/us/ysearch/slurp)"
74.6.8.103 - - [16/Jun/2008:07:09:39 +0200] "GET /f-sponsor.html HTTP/1.0" 200 8578 "-" "Mozilla/5.0 (compatible; Yahoo! Slurp; http://help.yahoo.com/help/us/ysearch/slurp)"
74.6.8.103 - - [16/Jun/2008:07:35:43 +0200] "GET /f-maintitle.html HTTP/1.0" 200 5030 "-" "Mozilla/5.0 (compatible; Yahoo! Slurp; http://help.yahoo.com/help/us/ysearch/slurp)"
67.195.52.82 - - [16/Jun/2008:07:37:56 +0200] "GET /partnergegenberlin.html HTTP/1.0" 200 5022 "-" "Mozilla/5.0 (compatible; Yahoo! Slurp; http://help.yahoo.com/help/us/ysearch/slurp)"
67.195.37.109 - - [16/Jun/2008:08:11:09 +0200] "GET /robots.txt HTTP/1.0" 200 64 "-" "Mozilla/5.0 (compatible; Yahoo! Slurp; http://help.yahoo.com/help/us/ysearch/slurp)"
67.195.37.109 - - [16/Jun/2008:08:11:09 +0200] "GET /frame-menu.html HTTP/1.0" 200 10492 "-" "Mozilla/5.0 (compatible; Yahoo! Slurp/3.0; http://help.yahoo.com/help/us/ysearch/slurp)"
213.55.95.2 - - [16/Jun/2008:08:21:37 +0200] "GET / HTTP/1.0" 200 10127 "-" "Mozilla/4.0 (compatible; MSIE 6.0; Windows NT 5.1;1813)"
74.6.8.103 - - [16/Jun/2008:08:26:32 +0200] "GET /neon/slow-walk.html HTTP/1.0" 200 1640 "-" "Mozilla/5.0 (compatible; Yahoo! Slurp; http://help.yahoo.com/help/us/ysearch/slurp)"
66.249.65.133 - - [16/Jun/2008:08:36:27 +0200] "GET /zampa-lovers/ HTTP/1.1" 200 37790 "-" "Mozilla/5.0 (compatible; Googlebot/2.1; +http://www.google.com/bot.html)"
65.55.211.158 - - [16/Jun/2008:08:50:17 +0200] "GET /robots.txt HTTP/1.1" 200 64 "-" "msnbot/1.1 (+http://search.msn.com/msnbot.htm)"
65.55.211.158 - - [16/Jun/2008:08:50:18 +0200] "GET /DgH/bull/index.html HTTP/1.1" 200 1915 "-" "msnbot/1.1 (+http://search.msn.com/msnbot.htm)"
67.195.37.109 - - [16/Jun/2008:08:50:30 +0200] "GET /rez/327.mp3 HTTP/1.0" 200 2771948 "-" "Mozilla/5.0 (compatible; Yahoo! Slurp/3.0; http://help.yahoo.com/help/us/ysearch/slurp)"
38.104.58.118 - - [16/Jun/2008:09:10:24 +0200] "GET /robots.txt HTTP/1.1" 200 64 "-" "panscient.com"
38.104.58.118 - - [16/Jun/2008:09:10:24 +0200] "GET / HTTP/1.1" 200 10127 "-" "panscient.com"
38.104.58.118 - - [16/Jun/2008:09:10:25 +0200] "GET /menue.html HTTP/1.1" 404 2748 "-" "panscient.com"
38.104.58.118 - - [16/Jun/2008:09:10:27 +0200] "GET /framez_0.html HTTP/1.1" 200 12444 "-" "panscient.com"
38.104.58.118 - - [16/Jun/2008:09:10:28 +0200] "GET /framez.html HTTP/1.1" 200 3883 "-" "panscient.com"
38.104.58.118 - - [16/Jun/2008:09:10:30 +0200] "GET /frame-unten.html HTTP/1.1" 200 5308 "-" "panscient.com"
38.104.58.118 - - [16/Jun/2008:09:10:31 +0200] "GET /frame-menu.html HTTP/1.1" 200 10492 "-" "panscient.com"
38.104.58.118 - - [16/Jun/2008:09:10:32 +0200] "GET /robots.txt HTTP/1.1" 302 363 "-" "panscient.com"
38.104.58.118 - - [16/Jun/2008:09:10:32 +0200] "GET /zampa/robots.txt HTTP/1.1" 404 2748 "-" "panscient.com"
38.104.58.118 - - [16/Jun/2008:09:10:54 +0200] "GET / HTTP/1.1" 302 353 "-" "panscient.com"
38.104.58.118 - - [16/Jun/2008:09:10:54 +0200] "GET /zampa/ HTTP/1.1" 200 7153 "-" "panscient.com"
38.104.58.118 - - [16/Jun/2008:09:11:01 +0200] "GET /frame-inhalt.html HTTP/1.1" 200 8784 "-" "panscient.com"
38.104.58.118 - - [16/Jun/2008:09:11:03 +0200] "GET /restate_copy.html HTTP/1.1" 200 97631 "-" "panscient.com"
38.104.58.118 - - [16/Jun/2008:09:11:04 +0200] "GET /euro.html HTTP/1.1" 404 2748 "-" "panscient.com"
38.104.58.118 - - [16/Jun/2008:09:11:06 +0200] "GET /your_tour.html HTTP/1.1" 200 31672 "-" "panscient.com"
38.104.58.118 - - [16/Jun/2008:09:11:07 +0200] "GET /zampa/montenegro/dajpare.html HTTP/1.1" 200 2503 "-" "panscient.com"
38.104.58.118 - - [16/Jun/2008:09:11:08 +0200] "GET /zampa/lybia/index.html HTTP/1.1" 200 3036 "-" "panscient.com"
38.104.58.118 - - [16/Jun/2008:09:11:10 +0200] "GET /warez.html HTTP/1.1" 200 9754 "-" "panscient.com"
193.252.149.15 - - [16/Jun/2008:09:27:22 +0200] "GET /neon/annniiii.html HTTP/1.1" 200 686 "-" "Mozilla/5.0 (Windows; U; Windows NT 5.1; fr; rv:1.8.1) VoilaBot BETA 1.2 (support.voilabot@orange-ftgroup.com)"
74.6.8.103 - - [16/Jun/2008:09:27:27 +0200] "GET / HTTP/1.0" 200 10127 "-" "Mozilla/5.0 (compatible; Yahoo! Slurp; http://help.yahoo.com/help/us/ysearch/slurp)"
65.55.211.156 - - [16/Jun/2008:09:30:23 +0200] "GET /robots.txt HTTP/1.1" 200 64 "-" "msnbot/1.1 (+http://search.msn.com/msnbot.htm)"
65.55.211.156 - - [16/Jun/2008:09:30:23 +0200] "GET /bmpp/18start.html HTTP/1.1" 200 320 "-" "msnbot/1.1 (+http://search.msn.com/msnbot.htm)"
38.105.83.10 - - [16/Jun/2008:09:42:10 +0200] "GET /restate_copy.html HTTP/1.1" 200 97631 "http://www.google.com/custom?cof=GALT%3A336600%3BVLC%3A000066%3BAH%3Acenter%3BBGC%3AFFFFFF%3BLH%3A81%3BLC%3A000066%3BGFNT%3A336600%3BL%3Ahttp%3A%2F%2Fcyveillance.allthesites.com%2Fimages%2Fats_logo.gif%3BALC%3A000066%3BLW%3A361%3BT%3A000066%3BGIMP%3A336600%3BAWFID%3A248cacfbbe0ae58f%3B&q=%22state%20farm%22%20yahoo%20%22previous%20message%22&num=100&hl=en&start=0&filter=0" "Mozilla/4.0 (compatible; MSIE 5.5; Windows NT 5.0)"
67.195.37.109 - - [16/Jun/2008:09:53:36 +0200] "GET / HTTP/1.0" 200 10127 "-" "Mozilla/5.0 (compatible; Yahoo! Slurp/3.0; http://help.yahoo.com/help/us/ysearch/slurp)"
74.6.8.103 - - [16/Jun/2008:10:32:45 +0200] "GET /zampa/lybia/ HTTP/1.0" 200 3036 "-" "Mozilla/5.0 (compatible; Yahoo! Slurp; http://help.yahoo.com/help/us/ysearch/slurp)"
189.137.26.22 - - [16/Jun/2008:11:02:10 +0200] "GET /cgi-bin/screamlink.cgi?|echo;cat /etc/passwd;exit| HTTP/1.1" 404 2748 "http://various-euro.com/cgi-bin/screamlink.cgi?|echo;cat /etc/passwd;exit|" "Mozilla/4.0 (compatible; MSIE 6.0; Windows NT 5.1)"
74.6.8.103 - - [16/Jun/2008:11:04:24 +0200] "GET /framez-rez.html HTTP/1.0" 200 4323 "-" "Mozilla/5.0 (compatible; Yahoo! Slurp; http://help.yahoo.com/help/us/ysearch/slurp)"
74.6.8.103 - - [16/Jun/2008:11:04:25 +0200] "GET /frame-menu.html HTTP/1.0" 200 10492 "-" "Mozilla/5.0 (compatible; Yahoo! Slurp; http://help.yahoo.com/help/us/ysearch/slurp)"
74.6.8.103 - - [16/Jun/2008:11:04:26 +0200] "GET /f-rez.html HTTP/1.0" 200 9765 "-" "Mozilla/5.0 (compatible; Yahoo! Slurp; http://help.yahoo.com/help/us/ysearch/slurp)"
74.6.8.103 - - [16/Jun/2008:11:04:27 +0200] "GET /frame-unten.html HTTP/1.0" 200 5308 "-" "Mozilla/5.0 (compatible; Yahoo! Slurp; http://help.yahoo.com/help/us/ysearch/slurp)"
74.6.8.103 - - [16/Jun/2008:11:04:27 +0200] "GET /f-bannnerz.html HTTP/1.0" 200 12651 "-" "Mozilla/5.0 (compatible; Yahoo! Slurp; http://help.yahoo.com/help/us/ysearch/slurp)"
88.131.106.12 - - [16/Jun/2008:11:06:55 +0200] "GET /robots.txt HTTP/1.0" 200 64 "-" "Speedy Spider (http://www.entireweb.com/about/search_tech/speedy_spider/)"
88.131.106.12 - - [16/Jun/2008:11:06:55 +0200] "GET / HTTP/1.0" 200 10127 "-" "Speedy Spider (http://www.entireweb.com/about/search_tech/speedy_spider/)"
82.237.212.168 - - [16/Jun/2008:11:11:39 +0200] "GET http://various-euro.com/cgi-bin/sblogin/report.pl HTTP/1.0" 404 2748 "http://various-euro.com/cgi-bin/sblogin/report.pl" "Mozilla/4.0 (compatible; MSIE 6.0; Windows NT 5.1)"
74.6.8.103 - - [16/Jun/2008:11:30:06 +0200] "GET /logs/usage_200705.html HTTP/1.0" 200 109447 "-" "Mozilla/5.0 (compatible; Yahoo! Slurp; http://help.yahoo.com/help/us/ysearch/slurp)"
119.63.193.43 - - [16/Jun/2008:11:36:06 +0200] "GET / HTTP/1.1" 200 10127 "-" "Baiduspider+(+http://help.baidu.jp/system/05.html)"
67.195.37.109 - - [16/Jun/2008:11:37:41 +0200] "GET /DgH/bull/ HTTP/1.0" 200 1915 "-" "Mozilla/5.0 (compatible; Yahoo! Slurp/3.0; http://help.yahoo.com/help/us/ysearch/slurp)"
203.99.42.144 - - [16/Jun/2008:11:52:54 +0200] "GET /f-sponsor.html HTTP/1.0" 200 8578 "http://www.google.co.in/search?hl=en&q=EURO+sponsor&meta=" "Mozilla/4.0 (compatible; MSIE 6.0; Windows NT 5.1; SV1; .NET CLR 2.0.50727; .NET CLR 1.1.4322; .NET CLR 3.0.04506.30; .NET CLR 3.0.04506.648)"
203.99.42.144 - - [16/Jun/2008:11:52:55 +0200] "GET /16cols.gif HTTP/1.0" 404 2748 "http://www.various-euro.com/f-sponsor.html" "Mozilla/4.0 (compatible; MSIE 6.0; Windows NT 5.1; SV1; .NET CLR 2.0.50727; .NET CLR 1.1.4322; .NET CLR 3.0.04506.30; .NET CLR 3.0.04506.648)"
203.99.42.144 - - [16/Jun/2008:11:52:55 +0200] "GET /bannerz/rebelle.gif HTTP/1.0" 200 6986 "http://www.various-euro.com/f-sponsor.html" "Mozilla/4.0 (compatible; MSIE 6.0; Windows NT 5.1; SV1; .NET CLR 2.0.50727; .NET CLR 1.1.4322; .NET CLR 3.0.04506.30; .NET CLR 3.0.04506.648)"
203.99.42.144 - - [16/Jun/2008:11:52:55 +0200] "GET /bannerz/beLe.gif HTTP/1.0" 200 9193 "http://www.various-euro.com/f-sponsor.html" "Mozilla/4.0 (compatible; MSIE 6.0; Windows NT 5.1; SV1; .NET CLR 2.0.50727; .NET CLR 1.1.4322; .NET CLR 3.0.04506.30; .NET CLR 3.0.04506.648)"
203.99.42.144 - - [16/Jun/2008:11:52:55 +0200] "GET /bannerz/docubanner2.gif HTTP/1.0" 200 14804 "http://www.various-euro.com/f-sponsor.html" "Mozilla/4.0 (compatible; MSIE 6.0; Windows NT 5.1; SV1; .NET CLR 2.0.50727; .NET CLR 1.1.4322; .NET CLR 3.0.04506.30; .NET CLR 3.0.04506.648)"
203.99.42.144 - - [16/Jun/2008:11:52:55 +0200] "GET /bannerz/fbwnpiscreen.jpg HTTP/1.0" 200 8204 "http://www.various-euro.com/f-sponsor.html" "Mozilla/4.0 (compatible; MSIE 6.0; Windows NT 5.1; SV1; .NET CLR 2.0.50727; .NET CLR 1.1.4322; .NET CLR 3.0.04506.30; .NET CLR 3.0.04506.648)"
203.99.42.144 - - [16/Jun/2008:11:52:56 +0200] "GET /bannerz/olmar.jpg HTTP/1.0" 200 10973 "http://www.various-euro.com/f-sponsor.html" "Mozilla/4.0 (compatible; MSIE 6.0; Windows NT 5.1; SV1; .NET CLR 2.0.50727; .NET CLR 1.1.4322; .NET CLR 3.0.04506.30; .NET CLR 3.0.04506.648)"
203.99.42.144 - - [16/Jun/2008:11:52:56 +0200] "GET /bannerz/lastone.jpg HTTP/1.0" 200 20195 "http://www.various-euro.com/f-sponsor.html" "Mozilla/4.0 (compatible; MSIE 6.0; Windows NT 5.1; SV1; .NET CLR 2.0.50727; .NET CLR 1.1.4322; .NET CLR 3.0.04506.30; .NET CLR 3.0.04506.648)"
203.99.42.144 - - [16/Jun/2008:11:52:55 +0200] "GET /bannerz/jimpunk.gif HTTP/1.0" 200 32077 "http://www.various-euro.com/f-sponsor.html" "Mozilla/4.0 (compatible; MSIE 6.0; Windows NT 5.1; SV1; .NET CLR 2.0.50727; .NET CLR 1.1.4322; .NET CLR 3.0.04506.30; .NET CLR 3.0.04506.648)"
203.99.42.144 - - [16/Jun/2008:11:52:56 +0200] "GET /bannerz/bitnee.jpg HTTP/1.0" 200 10152 "http://www.various-euro.com/f-sponsor.html" "Mozilla/4.0 (compatible; MSIE 6.0; Windows NT 5.1; SV1; .NET CLR 2.0.50727; .NET CLR 1.1.4322; .NET CLR 3.0.04506.30; .NET CLR 3.0.04506.648)"
203.99.42.144 - - [16/Jun/2008:11:52:56 +0200] "GET /bannerz/MODUKITASCII468x60.jpg HTTP/1.0" 200 4792 "http://www.various-euro.com/f-sponsor.html" "Mozilla/4.0 (compatible; MSIE 6.0; Windows NT 5.1; SV1; .NET CLR 2.0.50727; .NET CLR 1.1.4322; .NET CLR 3.0.04506.30; .NET CLR 3.0.04506.648)"
203.99.42.144 - - [16/Jun/2008:11:52:56 +0200] "GET /bannerz/d2b_on_o_o.gif HTTP/1.0" 200 6772 "http://www.various-euro.com/f-sponsor.html" "Mozilla/4.0 (compatible; MSIE 6.0; Windows NT 5.1; SV1; .NET CLR 2.0.50727; .NET CLR 1.1.4322; .NET CLR 3.0.04506.30; .NET CLR 3.0.04506.648)"
203.99.42.144 - - [16/Jun/2008:11:52:57 +0200] "GET /bannerz/fbwn-banner.gif HTTP/1.0" 200 5121 "http://www.various-euro.com/f-sponsor.html" "Mozilla/4.0 (compatible; MSIE 6.0; Windows NT 5.1; SV1; .NET CLR 2.0.50727; .NET CLR 1.1.4322; .NET CLR 3.0.04506.30; .NET CLR 3.0.04506.648)"
203.99.42.144 - - [16/Jun/2008:11:52:57 +0200] "GET /bannerz/GNouban.gif HTTP/1.0" 200 37201 "http://www.various-euro.com/f-sponsor.html" "Mozilla/4.0 (compatible; MSIE 6.0; Windows NT 5.1; SV1; .NET CLR 2.0.50727; .NET CLR 1.1.4322; .NET CLR 3.0.04506.30; .NET CLR 3.0.04506.648)"
203.99.42.144 - - [16/Jun/2008:11:52:57 +0200] "GET /bannerz/asco-o.gif HTTP/1.0" 200 19735 "http://www.various-euro.com/f-sponsor.html" "Mozilla/4.0 (compatible; MSIE 6.0; Windows NT 5.1; SV1; .NET CLR 2.0.50727; .NET CLR 1.1.4322; .NET CLR 3.0.04506.30; .NET CLR 3.0.04506.648)"
203.99.42.144 - - [16/Jun/2008:11:52:57 +0200] "GET /bannerz/restate.gif HTTP/1.0" 200 22259 "http://www.various-euro.com/f-sponsor.html" "Mozilla/4.0 (compatible; MSIE 6.0; Windows NT 5.1; SV1; .NET CLR 2.0.50727; .NET CLR 1.1.4322; .NET CLR 3.0.04506.30; .NET CLR 3.0.04506.648)"
203.99.42.144 - - [16/Jun/2008:11:52:57 +0200] "GET /bannerz/fbwnpi.gif HTTP/1.0" 200 42068 "http://www.various-euro.com/f-sponsor.html" "Mozilla/4.0 (compatible; MSIE 6.0; Windows NT 5.1; SV1; .NET CLR 2.0.50727; .NET CLR 1.1.4322; .NET CLR 3.0.04506.30; .NET CLR 3.0.04506.648)"
203.99.42.144 - - [16/Jun/2008:11:52:57 +0200] "GET /bannerz/pavuJapbanner.gif HTTP/1.0" 200 14954 "http://www.various-euro.com/f-sponsor.html" "Mozilla/4.0 (compatible; MSIE 6.0; Windows NT 5.1; SV1; .NET CLR 2.0.50727; .NET CLR 1.1.4322; .NET CLR 3.0.04506.30; .NET CLR 3.0.04506.648)"
203.99.42.144 - - [16/Jun/2008:11:52:58 +0200] "GET /bannerz/euross-big.gif HTTP/1.0" 200 19738 "http://www.various-euro.com/f-sponsor.html" "Mozilla/4.0 (compatible; MSIE 6.0; Windows NT 5.1; SV1; .NET CLR 2.0.50727; .NET CLR 1.1.4322; .NET CLR 3.0.04506.30; .NET CLR 3.0.04506.648)"
203.99.42.144 - - [16/Jun/2008:11:52:57 +0200] "GET /bannerz/pavuokwui.gif HTTP/1.0" 200 82088 "http://www.various-euro.com/f-sponsor.html" "Mozilla/4.0 (compatible; MSIE 6.0; Windows NT 5.1; SV1; .NET CLR 2.0.50727; .NET CLR 1.1.4322; .NET CLR 3.0.04506.30; .NET CLR 3.0.04506.648)"
203.99.42.144 - - [16/Jun/2008:11:52:59 +0200] "GET /framez-sponsor.html HTTP/1.0" 200 4325 "-" "Mozilla/4.0 (compatible; MSIE 6.0; Windows NT 5.1; SV1; .NET CLR 2.0.50727; .NET CLR 1.1.4322; .NET CLR 3.0.04506.30; .NET CLR 3.0.04506.648)"
203.99.42.144 - - [16/Jun/2008:11:53:00 +0200] "GET /frame-menu.html HTTP/1.0" 200 10492 "http://www.various-euro.com/framez-sponsor.html" "Mozilla/4.0 (compatible; MSIE 6.0; Windows NT 5.1; SV1; .NET CLR 2.0.50727; .NET CLR 1.1.4322; .NET CLR 3.0.04506.30; .NET CLR 3.0.04506.648)"
203.99.42.144 - - [16/Jun/2008:11:53:00 +0200] "GET /f-sponsor.html HTTP/1.0" 200 8578 "http://www.various-euro.com/framez-sponsor.html" "Mozilla/4.0 (compatible; MSIE 6.0; Windows NT 5.1; SV1; .NET CLR 2.0.50727; .NET CLR 1.1.4322; .NET CLR 3.0.04506.30; .NET CLR 3.0.04506.648)"
203.99.42.144 - - [16/Jun/2008:11:53:00 +0200] "GET /frame-unten.html HTTP/1.0" 200 5308 "http://www.various-euro.com/framez-sponsor.html" "Mozilla/4.0 (compatible; MSIE 6.0; Windows NT 5.1; SV1; .NET CLR 2.0.50727; .NET CLR 1.1.4322; .NET CLR 3.0.04506.30; .NET CLR 3.0.04506.648)"
203.99.42.144 - - [16/Jun/2008:11:53:00 +0200] "GET /16cols.gif HTTP/1.0" 404 2748 "http://www.various-euro.com/f-sponsor.html" "Mozilla/4.0 (compatible; MSIE 6.0; Windows NT 5.1; SV1; .NET CLR 2.0.50727; .NET CLR 1.1.4322; .NET CLR 3.0.04506.30; .NET CLR 3.0.04506.648)"
203.99.42.144 - - [16/Jun/2008:11:53:00 +0200] "GET /bannerz/ve.jpg HTTP/1.0" 200 36912 "http://www.various-euro.com/frame-unten.html" "Mozilla/4.0 (compatible; MSIE 6.0; Windows NT 5.1; SV1; .NET CLR 2.0.50727; .NET CLR 1.1.4322; .NET CLR 3.0.04506.30; .NET CLR 3.0.04506.648)"
203.99.42.144 - - [16/Jun/2008:11:53:00 +0200] "GET /bannerz/ubu-shot.png HTTP/1.0" 200 200117 "http://www.various-euro.com/frame-menu.html" "Mozilla/4.0 (compatible; MSIE 6.0; Windows NT 5.1; SV1; .NET CLR 2.0.50727; .NET CLR 1.1.4322; .NET CLR 3.0.04506.30; .NET CLR 3.0.04506.648)"
203.99.42.144 - - [16/Jun/2008:11:53:01 +0200] "GET /bannerz/various-euro-girl.jpg HTTP/1.0" 200 91514 "http://www.various-euro.com/frame-unten.html" "Mozilla/4.0 (compatible; MSIE 6.0; Windows NT 5.1; SV1; .NET CLR 2.0.50727; .NET CLR 1.1.4322; .NET CLR 3.0.04506.30; .NET CLR 3.0.04506.648)"
203.99.42.144 - - [16/Jun/2008:11:53:11 +0200] "GET /16cols.gif HTTP/1.0" 404 2748 "http://www.various-euro.com/f-sponsor.html" "Mozilla/4.0 (compatible; MSIE 6.0; Windows NT 5.1; SV1; .NET CLR 2.0.50727; .NET CLR 1.1.4322; .NET CLR 3.0.04506.30; .NET CLR 3.0.04506.648)"
203.99.42.144 - - [16/Jun/2008:11:53:11 +0200] "GET /framez-sponsor.html HTTP/1.0" 200 4325 "-" "Mozilla/4.0 (compatible; MSIE 6.0; Windows NT 5.1; SV1; .NET CLR 2.0.50727; .NET CLR 1.1.4322; .NET CLR 3.0.04506.30; .NET CLR 3.0.04506.648)"
203.99.42.144 - - [16/Jun/2008:11:53:11 +0200] "GET /frame-menu.html HTTP/1.0" 200 10492 "http://www.various-euro.com/framez-sponsor.html" "Mozilla/4.0 (compatible; MSIE 6.0; Windows NT 5.1; SV1; .NET CLR 2.0.50727; .NET CLR 1.1.4322; .NET CLR 3.0.04506.30; .NET CLR 3.0.04506.648)"
203.99.42.144 - - [16/Jun/2008:11:53:11 +0200] "GET /f-sponsor.html HTTP/1.0" 200 8578 "http://www.various-euro.com/framez-sponsor.html" "Mozilla/4.0 (compatible; MSIE 6.0; Windows NT 5.1; SV1; .NET CLR 2.0.50727; .NET CLR 1.1.4322; .NET CLR 3.0.04506.30; .NET CLR 3.0.04506.648)"
203.99.42.144 - - [16/Jun/2008:11:53:11 +0200] "GET /frame-unten.html HTTP/1.0" 200 5308 "http://www.various-euro.com/framez-sponsor.html" "Mozilla/4.0 (compatible; MSIE 6.0; Windows NT 5.1; SV1; .NET CLR 2.0.50727; .NET CLR 1.1.4322; .NET CLR 3.0.04506.30; .NET CLR 3.0.04506.648)"
203.99.42.144 - - [16/Jun/2008:11:53:12 +0200] "GET /16cols.gif HTTP/1.0" 404 2748 "http://www.various-euro.com/f-sponsor.html" "Mozilla/4.0 (compatible; MSIE 6.0; Windows NT 5.1; SV1; .NET CLR 2.0.50727; .NET CLR 1.1.4322; .NET CLR 3.0.04506.30; .NET CLR 3.0.04506.648)"
81.12.54.251 - - [16/Jun/2008:12:07:01 +0200] "GET /neon/girl-tv.html HTTP/1.0" 200 1717 "http://www.google.com/search?hl=fo&q=euro+girl&start=10&sa=N" "Mozilla/4.0 (compatible; MSIE 6.0; Windows NT 5.1; SV1)"
81.12.54.251 - - [16/Jun/2008:12:07:02 +0200] "GET /neon/girl-tv.gif HTTP/1.0" 200 15982 "http://www.various-euro.com/neon/girl-tv.html" "Mozilla/4.0 (compatible; MSIE 6.0; Windows NT 5.1; SV1)"
81.12.54.251 - - [16/Jun/2008:12:07:03 +0200] "GET /neon/dollar-shadow.jpg HTTP/1.0" 200 3045 "http://www.various-euro.com/neon/girl-tv.html" "Mozilla/4.0 (compatible; MSIE 6.0; Windows NT 5.1; SV1)"
81.12.54.251 - - [16/Jun/2008:12:07:20 +0200] "GET /neon/girlz2.html HTTP/1.0" 200 2937 "http://www.various-euro.com/neon/girl-tv.html" "Mozilla/4.0 (compatible; MSIE 6.0; Windows NT 5.1; SV1)"
81.12.54.251 - - [16/Jun/2008:12:07:22 +0200] "GET /vgirls/button1.gif HTTP/1.0" 200 9099 "http://www.various-euro.com/neon/girlz2.html" "Mozilla/4.0 (compatible; MSIE 6.0; Windows NT 5.1; SV1)"
81.12.54.251 - - [16/Jun/2008:12:07:22 +0200] "GET /vgirls/button3.gif HTTP/1.0" 200 9634 "http://www.various-euro.com/neon/girlz2.html" "Mozilla/4.0 (compatible; MSIE 6.0; Windows NT 5.1; SV1)"
81.12.54.251 - - [16/Jun/2008:12:07:21 +0200] "GET /vgirls/wm_02.gif HTTP/1.0" 200 36891 "http://www.various-euro.com/neon/girlz2.html" "Mozilla/4.0 (compatible; MSIE 6.0; Windows NT 5.1; SV1)"
81.12.54.251 - - [16/Jun/2008:12:07:22 +0200] "GET /vgirls/virtua4.gif HTTP/1.0" 200 12643 "http://www.various-euro.com/neon/girlz2.html" "Mozilla/4.0 (compatible; MSIE 6.0; Windows NT 5.1; SV1)"
81.12.54.251 - - [16/Jun/2008:12:07:22 +0200] "GET /vgirls/button10.gif HTTP/1.0" 200 15687 "http://www.various-euro.com/neon/girlz2.html" "Mozilla/4.0 (compatible; MSIE 6.0; Windows NT 5.1; SV1)"
81.12.54.251 - - [16/Jun/2008:12:07:28 +0200] "GET /vgirls/shaina_big.gif HTTP/1.0" 200 16169 "http://www.various-euro.com/neon/girlz2.html" "Mozilla/4.0 (compatible; MSIE 6.0; Windows NT 5.1; SV1)"
81.12.54.251 - - [16/Jun/2008:12:07:38 +0200] "GET /vgirls/dora_01.gif HTTP/1.0" 200 15465 "http://www.various-euro.com/neon/girlz2.html" "Mozilla/4.0 (compatible; MSIE 6.0; Windows NT 5.1; SV1)"
81.12.54.251 - - [16/Jun/2008:12:07:56 +0200] "GET /frame-inhalt.html HTTP/1.0" 200 8784 "http://www.various-euro.com/neon/girlz2.html" "Mozilla/4.0 (compatible; MSIE 6.0; Windows NT 5.1; SV1)"
81.12.54.251 - - [16/Jun/2008:12:07:57 +0200] "GET /frame-inhalt.html HTTP/1.0" 200 8784 "http://www.various-euro.com/neon/girlz2.html" "Mozilla/4.0 (compatible; MSIE 6.0; Windows NT 5.1; SV1)"
81.12.54.251 - - [16/Jun/2008:12:08:00 +0200] "GET /bannerz/neon_click_3.gif HTTP/1.0" 200 240 "http://www.various-euro.com/frame-inhalt.html" "Mozilla/4.0 (compatible; MSIE 6.0; Windows NT 5.1; SV1)"
81.12.54.251 - - [16/Jun/2008:12:08:00 +0200] "GET /eurosign3.gif HTTP/1.0" 200 7879 "http://www.various-euro.com/frame-inhalt.html" "Mozilla/4.0 (compatible; MSIE 6.0; Windows NT 5.1; SV1)"
81.12.54.251 - - [16/Jun/2008:12:08:00 +0200] "GET /bannerz/neon_click_1.gif HTTP/1.0" 200 890 "http://www.various-euro.com/frame-inhalt.html" "Mozilla/4.0 (compatible; MSIE 6.0; Windows NT 5.1; SV1)"
81.12.54.251 - - [16/Jun/2008:12:08:00 +0200] "GET /bannerz/google/Logo_40blk.gif HTTP/1.0" 200 2308 "http://www.various-euro.com/frame-inhalt.html" "Mozilla/4.0 (compatible; MSIE 6.0; Windows NT 5.1; SV1)"
81.12.54.251 - - [16/Jun/2008:12:08:00 +0200] "GET /bannerz/douwil.gif HTTP/1.0" 200 528 "http://www.various-euro.com/frame-inhalt.html" "Mozilla/4.0 (compatible; MSIE 6.0; Windows NT 5.1; SV1)"
81.12.54.251 - - [16/Jun/2008:12:08:00 +0200] "GET /bannerz/anti_black_small.gif HTTP/1.0" 200 1009 "http://www.various-euro.com/frame-inhalt.html" "Mozilla/4.0 (compatible; MSIE 6.0; Windows NT 5.1; SV1)"
81.12.54.251 - - [16/Jun/2008:12:08:00 +0200] "GET /bannerz/copyleft_black_small.gif HTTP/1.0" 200 1231 "http://www.various-euro.com/frame-inhalt.html" "Mozilla/4.0 (compatible; MSIE 6.0; Windows NT 5.1; SV1)"
81.12.54.251 - - [16/Jun/2008:12:08:00 +0200] "GET /bannerz/goolag_468.jpg HTTP/1.0" 200 28285 "http://www.various-euro.com/frame-inhalt.html" "Mozilla/4.0 (compatible; MSIE 6.0; Windows NT 5.1; SV1)"
81.12.54.251 - - [16/Jun/2008:12:08:00 +0200] "GET /bannerz/wet.gif HTTP/1.0" 200 18561 "http://www.various-euro.com/frame-inhalt.html" "Mozilla/4.0 (compatible; MSIE 6.0; Windows NT 5.1; SV1)"
81.12.54.251 - - [16/Jun/2008:12:08:03 +0200] "GET /bannerz/neon_click_2.gif HTTP/1.0" 200 387 "http://www.various-euro.com/frame-inhalt.html" "Mozilla/4.0 (compatible; MSIE 6.0; Windows NT 5.1; SV1)"
81.12.54.251 - - [16/Jun/2008:12:08:01 +0200] "GET /bannerz/ubu-shot.png HTTP/1.0" 200 200117 "http://www.various-euro.com/frame-inhalt.html" "Mozilla/4.0 (compatible; MSIE 6.0; Windows NT 5.1; SV1)"
81.12.54.251 - - [16/Jun/2008:12:10:43 +0200] "GET /bannerz/ubu-shot.png HTTP/1.0" 200 200117 "http://www.various-euro.com/frame-inhalt.html" "Mozilla/4.0 (compatible; MSIE 6.0; Windows NT 5.1; SV1)"
66.249.65.133 - - [16/Jun/2008:12:20:11 +0200] "GET /logs/usage_200709.html HTTP/1.1" 200 110974 "-" "Mozilla/5.0 (compatible; Googlebot/2.1; +http://www.google.com/bot.html)"
203.130.251.67 - - [16/Jun/2008:12:25:43 +0200] "GET / HTTP/1.1" 200 10127 "http://www.google.com/custom?domains=www.detiksport.com&q=euro.com&sitesearch=&client=pub-6880533263535234&forid=1&channel=3638630029&ie=ISO-8859-1&oe=ISO-8859-1&safe=active&cof=GALT%3A%23008000%3BGL%3A1%3BDIV%3A%23003399%3BVLC%3A663399%3BAH%3Acenter%3BBGC%3AFFFFFF%3BLBGC%3AFFFFFF%3BALC%3A0000FF%3BLC%3A0000FF%3BT%3A000000%3BGFNT%3AFF0000%3BGIMP%3AFF0000%3BLH%3A30%3BLW%3A100%3BL%3Ahttp%3A%2F%2Fwww.detiksport.com%2Fimage%2Fdetiksportlogo.gif%3BS%3Ahttp%3A%2F%2Fwww.detiksport.com%3BLP%3A1%3BFORID%3A1&hl=in" "Mozilla/4.0 (compatible; MSIE 6.0; Windows NT 5.0)"
203.130.251.67 - - [16/Jun/2008:12:25:49 +0200] "GET /framez_0.html HTTP/1.1" 200 12444 "-" "Mozilla/4.0 (compatible; MSIE 6.0; Windows NT 5.0)"
203.130.251.67 - - [16/Jun/2008:12:26:04 +0200] "GET /framez.html HTTP/1.1" 200 3883 "-" "Mozilla/4.0 (compatible; MSIE 6.0; Windows NT 5.0)"
203.130.251.67 - - [16/Jun/2008:12:26:10 +0200] "GET /frame-menu.html HTTP/1.1" 200 10492 "http://www.various-euro.com/framez.html" "Mozilla/4.0 (compatible; MSIE 6.0; Windows NT 5.0)"
203.130.251.67 - - [16/Jun/2008:12:26:12 +0200] "GET /frame-inhalt.html HTTP/1.1" 200 8784 "http://www.various-euro.com/framez.html" "Mozilla/4.0 (compatible; MSIE 6.0; Windows NT 5.0)"
203.130.251.67 - - [16/Jun/2008:12:26:19 +0200] "GET /frame-unten.html HTTP/1.1" 200 5308 "http://www.various-euro.com/framez.html" "Mozilla/4.0 (compatible; MSIE 6.0; Windows NT 5.0)"
203.130.251.67 - - [16/Jun/2008:12:26:25 +0200] "GET /bannerz/neon_click_3.gif HTTP/1.1" 200 240 "http://www.various-euro.com/frame-inhalt.html" "Mozilla/4.0 (compatible; MSIE 6.0; Windows NT 5.0)"
203.130.251.67 - - [16/Jun/2008:12:26:38 +0200] "GET /bannerz/goolag_468.jpg HTTP/1.1" 200 28285 "http://www.various-euro.com/frame-inhalt.html" "Mozilla/4.0 (compatible; MSIE 6.0; Windows NT 5.0)"
203.130.251.67 - - [16/Jun/2008:12:26:57 +0200] "GET /eurosign3.gif HTTP/1.1" 200 7879 "http://www.various-euro.com/frame-inhalt.html" "Mozilla/4.0 (compatible; MSIE 6.0; Windows NT 5.0)"
203.130.251.67 - - [16/Jun/2008:12:27:07 +0200] "GET /bannerz/neon_click_1.gif HTTP/1.1" 200 890 "http://www.various-euro.com/frame-inhalt.html" "Mozilla/4.0 (compatible; MSIE 6.0; Windows NT 5.0)"
203.130.251.67 - - [16/Jun/2008:12:27:14 +0200] "GET /bannerz/google/Logo_40blk.gif HTTP/1.1" 200 2308 "http://www.various-euro.com/frame-inhalt.html" "Mozilla/4.0 (compatible; MSIE 6.0; Windows NT 5.0)"
203.130.251.67 - - [16/Jun/2008:12:27:25 +0200] "GET /bannerz/neon_click_2.gif HTTP/1.1" 200 387 "http://www.various-euro.com/frame-inhalt.html" "Mozilla/4.0 (compatible; MSIE 6.0; Windows NT 5.0)"
203.130.251.67 - - [16/Jun/2008:12:27:37 +0200] "GET /bannerz/anti_black_small.gif HTTP/1.1" 200 1009 "http://www.various-euro.com/frame-inhalt.html" "Mozilla/4.0 (compatible; MSIE 6.0; Windows NT 5.0)"
203.130.251.67 - - [16/Jun/2008:12:27:38 +0200] "GET /bannerz/douwil.gif HTTP/1.1" 200 528 "http://www.various-euro.com/frame-inhalt.html" "Mozilla/4.0 (compatible; MSIE 6.0; Windows NT 5.0)"
203.130.251.67 - - [16/Jun/2008:12:27:39 +0200] "GET /bannerz/wet.gif HTTP/1.1" 200 18561 "http://www.various-euro.com/frame-inhalt.html" "Mozilla/4.0 (compatible; MSIE 6.0; Windows NT 5.0)"
203.130.251.67 - - [16/Jun/2008:12:27:58 +0200] "GET /bannerz/copyleft_black_small.gif HTTP/1.1" 200 1231 "http://www.various-euro.com/frame-inhalt.html" "Mozilla/4.0 (compatible; MSIE 6.0; Windows NT 5.0)"
203.130.251.67 - - [16/Jun/2008:12:26:22 +0200] "GET /bannerz/ubu-shot.png HTTP/1.1" 200 200117 "http://www.various-euro.com/frame-menu.html" "Mozilla/4.0 (compatible; MSIE 6.0; Windows NT 5.0)"
203.130.251.67 - - [16/Jun/2008:12:28:02 +0200] "GET /bannerz/ve.jpg HTTP/1.1" 200 36912 "http://www.various-euro.com/frame-unten.html" "Mozilla/4.0 (compatible; MSIE 6.0; Windows NT 5.0)"
203.130.251.67 - - [16/Jun/2008:12:28:08 +0200] "GET /bannerz/various-euro-girl.jpg HTTP/1.1" 200 91514 "http://www.various-euro.com/frame-unten.html" "Mozilla/4.0 (compatible; MSIE 6.0; Windows NT 5.0)"
66.249.65.133 - - [16/Jun/2008:12:33:54 +0200] "GET /f-warez.html HTTP/1.1" 200 10953 "-" "Mozilla/5.0 (compatible; Googlebot/2.1; +http://www.google.com/bot.html)"
67.195.54.62 - - [16/Jun/2008:12:42:26 +0200] "GET /f-channel1.html HTTP/1.0" 200 5713 "-" "Mozilla/5.0 (compatible; Yahoo! Slurp; http://help.yahoo.com/help/us/ysearch/slurp)"
66.249.65.133 - - [16/Jun/2008:13:04:44 +0200] "GET /framez-girlz.html HTTP/1.1" 200 4271 "-" "Mozilla/5.0 (compatible; Googlebot/2.1; +http://www.google.com/bot.html)"
66.249.65.133 - - [16/Jun/2008:13:10:41 +0200] "GET /schubb/schubb-2.html HTTP/1.1" 200 16660 "-" "Mozilla/5.0 (compatible; Googlebot/2.1; +http://www.google.com/bot.html)"
66.249.65.133 - - [16/Jun/2008:13:42:26 +0200] "GET /games/virtualcop/virtualcop.html HTTP/1.1" 200 4487 "-" "Mozilla/5.0 (compatible; Googlebot/2.1; +http://www.google.com/bot.html)"
84.25.0.216 - - [16/Jun/2008:14:00:56 +0200] "GET /schubb/schubb-4.html HTTP/1.1" 200 17746 "-" "Mozilla/4.0 (compatible; MSIE 6.0; Windows NT 5.1;1813)"
67.195.54.37 - - [16/Jun/2008:14:11:25 +0200] "GET /rez/555.mp3 HTTP/1.0" 304 - "-" "Mozilla/5.0 (compatible; Yahoo! Slurp; http://help.yahoo.com/help/us/ysearch/slurp)"
66.249.65.133 - - [16/Jun/2008:14:14:19 +0200] "GET /schubb/schubb-2.html HTTP/1.1" 200 16660 "-" "Mozilla/5.0 (compatible; Googlebot/2.1; +http://www.google.com/bot.html)"
67.195.54.29 - - [16/Jun/2008:15:02:08 +0200] "GET /neon/biggtani.html HTTP/1.0" 200 1698 "-" "Mozilla/5.0 (compatible; Yahoo! Slurp; http://help.yahoo.com/help/us/ysearch/slurp)"
66.249.65.133 - - [16/Jun/2008:15:04:23 +0200] "GET /bmpp/18start.html HTTP/1.1" 200 320 "-" "Mozilla/5.0 (compatible; Googlebot/2.1; +http://www.google.com/bot.html)"
84.190.33.216 - - [16/Jun/2008:15:06:22 +0200] "GET / HTTP/1.1" 200 10127 "-" "Mozilla/5.0 (X11; U; Linux i686; de; rv:1.9) Gecko/2008052912 Firefox/3.0"
84.190.33.216 - - [16/Jun/2008:15:06:22 +0200] "GET /ve-icon-2.ico HTTP/1.1" 200 2238 "-" "Mozilla/5.0 (X11; U; Linux i686; de; rv:1.9) Gecko/2008052912 Firefox/3.0"
84.190.33.216 - - [16/Jun/2008:15:06:22 +0200] "GET /framez_0.html HTTP/1.1" 200 12444 "http://www.various-euro.com/" "Mozilla/5.0 (X11; U; Linux i686; de; rv:1.9) Gecko/2008052912 Firefox/3.0"
84.190.33.216 - - [16/Jun/2008:15:06:24 +0200] "GET /framez.html HTTP/1.1" 200 3883 "http://www.various-euro.com/framez_0.html" "Mozilla/5.0 (X11; U; Linux i686; de; rv:1.9) Gecko/2008052912 Firefox/3.0"
84.190.33.216 - - [16/Jun/2008:15:06:24 +0200] "GET /frame-menu.html HTTP/1.1" 200 10492 "http://www.various-euro.com/framez.html" "Mozilla/5.0 (X11; U; Linux i686; de; rv:1.9) Gecko/2008052912 Firefox/3.0"
84.190.33.216 - - [16/Jun/2008:15:06:25 +0200] "GET /frame-inhalt.html HTTP/1.1" 200 8784 "http://www.various-euro.com/framez.html" "Mozilla/5.0 (X11; U; Linux i686; de; rv:1.9) Gecko/2008052912 Firefox/3.0"
84.190.33.216 - - [16/Jun/2008:15:06:25 +0200] "GET /frame-unten.html HTTP/1.1" 200 5308 "http://www.various-euro.com/framez.html" "Mozilla/5.0 (X11; U; Linux i686; de; rv:1.9) Gecko/2008052912 Firefox/3.0"
84.190.33.216 - - [16/Jun/2008:15:06:25 +0200] "GET /bannerz/neon_click_3.gif HTTP/1.1" 200 240 "http://www.various-euro.com/frame-inhalt.html" "Mozilla/5.0 (X11; U; Linux i686; de; rv:1.9) Gecko/2008052912 Firefox/3.0"
84.190.33.216 - - [16/Jun/2008:15:06:25 +0200] "GET /bannerz/google/Logo_40blk.gif HTTP/1.1" 200 2308 "http://www.various-euro.com/frame-inhalt.html" "Mozilla/5.0 (X11; U; Linux i686; de; rv:1.9) Gecko/2008052912 Firefox/3.0"
84.190.33.216 - - [16/Jun/2008:15:06:25 +0200] "GET /bannerz/neon_click_2.gif HTTP/1.1" 200 387 "http://www.various-euro.com/frame-inhalt.html" "Mozilla/5.0 (X11; U; Linux i686; de; rv:1.9) Gecko/2008052912 Firefox/3.0"
84.190.33.216 - - [16/Jun/2008:15:06:25 +0200] "GET /bannerz/douwil.gif HTTP/1.1" 200 528 "http://www.various-euro.com/frame-inhalt.html" "Mozilla/5.0 (X11; U; Linux i686; de; rv:1.9) Gecko/2008052912 Firefox/3.0"
84.190.33.216 - - [16/Jun/2008:15:06:25 +0200] "GET /bannerz/anti_black_small.gif HTTP/1.1" 200 1009 "http://www.various-euro.com/frame-inhalt.html" "Mozilla/5.0 (X11; U; Linux i686; de; rv:1.9) Gecko/2008052912 Firefox/3.0"
84.190.33.216 - - [16/Jun/2008:15:06:25 +0200] "GET /bannerz/copyleft_black_small.gif HTTP/1.1" 200 1231 "http://www.various-euro.com/frame-inhalt.html" "Mozilla/5.0 (X11; U; Linux i686; de; rv:1.9) Gecko/2008052912 Firefox/3.0"
84.190.33.216 - - [16/Jun/2008:15:06:25 +0200] "GET /eurosign3.gif HTTP/1.1" 200 7879 "http://www.various-euro.com/frame-inhalt.html" "Mozilla/5.0 (X11; U; Linux i686; de; rv:1.9) Gecko/2008052912 Firefox/3.0"
84.190.33.216 - - [16/Jun/2008:15:06:25 +0200] "GET /bannerz/neon_click_1.gif HTTP/1.1" 200 890 "http://www.various-euro.com/frame-inhalt.html" "Mozilla/5.0 (X11; U; Linux i686; de; rv:1.9) Gecko/2008052912 Firefox/3.0"
84.190.33.216 - - [16/Jun/2008:15:06:25 +0200] "GET /bannerz/wet.gif HTTP/1.1" 200 18561 "http://www.various-euro.com/frame-inhalt.html" "Mozilla/5.0 (X11; U; Linux i686; de; rv:1.9) Gecko/2008052912 Firefox/3.0"
84.190.33.216 - - [16/Jun/2008:15:06:25 +0200] "GET /bannerz/goolag_468.jpg HTTP/1.1" 200 28285 "http://www.various-euro.com/frame-inhalt.html" "Mozilla/5.0 (X11; U; Linux i686; de; rv:1.9) Gecko/2008052912 Firefox/3.0"
84.190.33.216 - - [16/Jun/2008:15:06:25 +0200] "GET /bannerz/ve.jpg HTTP/1.1" 200 36912 "http://www.various-euro.com/frame-unten.html" "Mozilla/5.0 (X11; U; Linux i686; de; rv:1.9) Gecko/2008052912 Firefox/3.0"
84.190.33.216 - - [16/Jun/2008:15:06:25 +0200] "GET /bannerz/various-euro-girl.jpg HTTP/1.1" 200 91514 "http://www.various-euro.com/frame-unten.html" "Mozilla/5.0 (X11; U; Linux i686; de; rv:1.9) Gecko/2008052912 Firefox/3.0"
84.190.33.216 - - [16/Jun/2008:15:06:25 +0200] "GET /bannerz/ubu-shot.png HTTP/1.1" 200 200117 "http://www.various-euro.com/frame-menu.html" "Mozilla/5.0 (X11; U; Linux i686; de; rv:1.9) Gecko/2008052912 Firefox/3.0"
84.190.33.216 - - [16/Jun/2008:15:06:28 +0200] "GET /frame-menu.html HTTP/1.1" 200 10492 "http://www.various-euro.com/framez.html" "Mozilla/5.0 (X11; U; Linux i686; de; rv:1.9) Gecko/2008052912 Firefox/3.0"
84.190.33.216 - - [16/Jun/2008:15:06:28 +0200] "GET /frame-inhalt.html HTTP/1.1" 200 8784 "http://www.various-euro.com/framez.html" "Mozilla/5.0 (X11; U; Linux i686; de; rv:1.9) Gecko/2008052912 Firefox/3.0"
84.190.33.216 - - [16/Jun/2008:15:06:28 +0200] "GET /frame-unten.html HTTP/1.1" 200 5308 "http://www.various-euro.com/framez.html" "Mozilla/5.0 (X11; U; Linux i686; de; rv:1.9) Gecko/2008052912 Firefox/3.0"
84.190.33.216 - - [16/Jun/2008:15:06:28 +0200] "GET /bannerz/neon_click_3.gif HTTP/1.1" 304 - "http://www.various-euro.com/frame-inhalt.html" "Mozilla/5.0 (X11; U; Linux i686; de; rv:1.9) Gecko/2008052912 Firefox/3.0"
84.190.33.216 - - [16/Jun/2008:15:06:28 +0200] "GET /bannerz/goolag_468.jpg HTTP/1.1" 304 - "http://www.various-euro.com/frame-inhalt.html" "Mozilla/5.0 (X11; U; Linux i686; de; rv:1.9) Gecko/2008052912 Firefox/3.0"
84.190.33.216 - - [16/Jun/2008:15:06:28 +0200] "GET /bannerz/ve.jpg HTTP/1.1" 304 - "http://www.various-euro.com/frame-unten.html" "Mozilla/5.0 (X11; U; Linux i686; de; rv:1.9) Gecko/2008052912 Firefox/3.0"
84.190.33.216 - - [16/Jun/2008:15:06:28 +0200] "GET /bannerz/various-euro-girl.jpg HTTP/1.1" 304 - "http://www.various-euro.com/frame-unten.html" "Mozilla/5.0 (X11; U; Linux i686; de; rv:1.9) Gecko/2008052912 Firefox/3.0"
84.190.33.216 - - [16/Jun/2008:15:06:28 +0200] "GET /bannerz/ubu-shot.png HTTP/1.1" 304 - "http://www.various-euro.com/frame-menu.html" "Mozilla/5.0 (X11; U; Linux i686; de; rv:1.9) Gecko/2008052912 Firefox/3.0"
84.190.33.216 - - [16/Jun/2008:15:06:28 +0200] "GET /eurosign3.gif HTTP/1.1" 304 - "http://www.various-euro.com/frame-inhalt.html" "Mozilla/5.0 (X11; U; Linux i686; de; rv:1.9) Gecko/2008052912 Firefox/3.0"
84.190.33.216 - - [16/Jun/2008:15:06:28 +0200] "GET /bannerz/neon_click_1.gif HTTP/1.1" 304 - "http://www.various-euro.com/frame-inhalt.html" "Mozilla/5.0 (X11; U; Linux i686; de; rv:1.9) Gecko/2008052912 Firefox/3.0"
84.190.33.216 - - [16/Jun/2008:15:06:28 +0200] "GET /bannerz/wet.gif HTTP/1.1" 304 - "http://www.various-euro.com/frame-inhalt.html" "Mozilla/5.0 (X11; U; Linux i686; de; rv:1.9) Gecko/2008052912 Firefox/3.0"
84.190.33.216 - - [16/Jun/2008:15:06:28 +0200] "GET /bannerz/google/Logo_40blk.gif HTTP/1.1" 304 - "http://www.various-euro.com/frame-inhalt.html" "Mozilla/5.0 (X11; U; Linux i686; de; rv:1.9) Gecko/2008052912 Firefox/3.0"
84.190.33.216 - - [16/Jun/2008:15:06:28 +0200] "GET /bannerz/neon_click_2.gif HTTP/1.1" 304 - "http://www.various-euro.com/frame-inhalt.html" "Mozilla/5.0 (X11; U; Linux i686; de; rv:1.9) Gecko/2008052912 Firefox/3.0"
84.190.33.216 - - [16/Jun/2008:15:06:28 +0200] "GET /bannerz/douwil.gif HTTP/1.1" 304 - "http://www.various-euro.com/frame-inhalt.html" "Mozilla/5.0 (X11; U; Linux i686; de; rv:1.9) Gecko/2008052912 Firefox/3.0"
84.190.33.216 - - [16/Jun/2008:15:06:28 +0200] "GET /bannerz/anti_black_small.gif HTTP/1.1" 304 - "http://www.various-euro.com/frame-inhalt.html" "Mozilla/5.0 (X11; U; Linux i686; de; rv:1.9) Gecko/2008052912 Firefox/3.0"
84.190.33.216 - - [16/Jun/2008:15:06:28 +0200] "GET /bannerz/copyleft_black_small.gif HTTP/1.1" 304 - "http://www.various-euro.com/frame-inhalt.html" "Mozilla/5.0 (X11; U; Linux i686; de; rv:1.9) Gecko/2008052912 Firefox/3.0"
84.190.33.216 - - [16/Jun/2008:15:06:31 +0200] "GET /frame-menu.html HTTP/1.1" 200 10492 "http://www.various-euro.com/framez.html" "Mozilla/5.0 (X11; U; Linux i686; de; rv:1.9) Gecko/2008052912 Firefox/3.0"
84.190.33.216 - - [16/Jun/2008:15:06:31 +0200] "GET /frame-inhalt.html HTTP/1.1" 200 8784 "http://www.various-euro.com/framez.html" "Mozilla/5.0 (X11; U; Linux i686; de; rv:1.9) Gecko/2008052912 Firefox/3.0"
84.190.33.216 - - [16/Jun/2008:15:06:31 +0200] "GET /frame-unten.html HTTP/1.1" 200 5308 "http://www.various-euro.com/framez.html" "Mozilla/5.0 (X11; U; Linux i686; de; rv:1.9) Gecko/2008052912 Firefox/3.0"
84.190.33.216 - - [16/Jun/2008:15:06:31 +0200] "GET /bannerz/ubu-shot.png HTTP/1.1" 304 - "http://www.various-euro.com/frame-menu.html" "Mozilla/5.0 (X11; U; Linux i686; de; rv:1.9) Gecko/2008052912 Firefox/3.0"
84.190.33.216 - - [16/Jun/2008:15:06:31 +0200] "GET /bannerz/neon_click_3.gif HTTP/1.1" 304 - "http://www.various-euro.com/frame-inhalt.html" "Mozilla/5.0 (X11; U; Linux i686; de; rv:1.9) Gecko/2008052912 Firefox/3.0"
84.190.33.216 - - [16/Jun/2008:15:06:31 +0200] "GET /bannerz/goolag_468.jpg HTTP/1.1" 304 - "http://www.various-euro.com/frame-inhalt.html" "Mozilla/5.0 (X11; U; Linux i686; de; rv:1.9) Gecko/2008052912 Firefox/3.0"
84.190.33.216 - - [16/Jun/2008:15:06:31 +0200] "GET /bannerz/ve.jpg HTTP/1.1" 304 - "http://www.various-euro.com/frame-unten.html" "Mozilla/5.0 (X11; U; Linux i686; de; rv:1.9) Gecko/2008052912 Firefox/3.0"
84.190.33.216 - - [16/Jun/2008:15:06:31 +0200] "GET /bannerz/various-euro-girl.jpg HTTP/1.1" 304 - "http://www.various-euro.com/frame-unten.html" "Mozilla/5.0 (X11; U; Linux i686; de; rv:1.9) Gecko/2008052912 Firefox/3.0"
84.190.33.216 - - [16/Jun/2008:15:06:31 +0200] "GET /eurosign3.gif HTTP/1.1" 304 - "http://www.various-euro.com/frame-inhalt.html" "Mozilla/5.0 (X11; U; Linux i686; de; rv:1.9) Gecko/2008052912 Firefox/3.0"
84.190.33.216 - - [16/Jun/2008:15:06:32 +0200] "GET /bannerz/neon_click_1.gif HTTP/1.1" 304 - "http://www.various-euro.com/frame-inhalt.html" "Mozilla/5.0 (X11; U; Linux i686; de; rv:1.9) Gecko/2008052912 Firefox/3.0"
84.190.33.216 - - [16/Jun/2008:15:06:32 +0200] "GET /bannerz/wet.gif HTTP/1.1" 304 - "http://www.various-euro.com/frame-inhalt.html" "Mozilla/5.0 (X11; U; Linux i686; de; rv:1.9) Gecko/2008052912 Firefox/3.0"
84.190.33.216 - - [16/Jun/2008:15:06:32 +0200] "GET /bannerz/google/Logo_40blk.gif HTTP/1.1" 304 - "http://www.various-euro.com/frame-inhalt.html" "Mozilla/5.0 (X11; U; Linux i686; de; rv:1.9) Gecko/2008052912 Firefox/3.0"
84.190.33.216 - - [16/Jun/2008:15:06:32 +0200] "GET /bannerz/neon_click_2.gif HTTP/1.1" 304 - "http://www.various-euro.com/frame-inhalt.html" "Mozilla/5.0 (X11; U; Linux i686; de; rv:1.9) Gecko/2008052912 Firefox/3.0"
84.190.33.216 - - [16/Jun/2008:15:06:32 +0200] "GET /bannerz/douwil.gif HTTP/1.1" 304 - "http://www.various-euro.com/frame-inhalt.html" "Mozilla/5.0 (X11; U; Linux i686; de; rv:1.9) Gecko/2008052912 Firefox/3.0"
84.190.33.216 - - [16/Jun/2008:15:06:32 +0200] "GET /bannerz/anti_black_small.gif HTTP/1.1" 304 - "http://www.various-euro.com/frame-inhalt.html" "Mozilla/5.0 (X11; U; Linux i686; de; rv:1.9) Gecko/2008052912 Firefox/3.0"
84.190.33.216 - - [16/Jun/2008:15:06:32 +0200] "GET /bannerz/copyleft_black_small.gif HTTP/1.1" 304 - "http://www.various-euro.com/frame-inhalt.html" "Mozilla/5.0 (X11; U; Linux i686; de; rv:1.9) Gecko/2008052912 Firefox/3.0"
84.190.33.216 - - [16/Jun/2008:15:06:32 +0200] "GET /bannerz/ubu-shot.png HTTP/1.1" 304 - "http://www.various-euro.com/frame-inhalt.html" "Mozilla/5.0 (X11; U; Linux i686; de; rv:1.9) Gecko/2008052912 Firefox/3.0"
74.6.8.103 - - [16/Jun/2008:15:08:51 +0200] "GET /robots.txt HTTP/1.0" 200 64 "-" "Mozilla/5.0 (compatible; Yahoo! Slurp; http://help.yahoo.com/help/us/ysearch/slurp)"
74.6.8.103 - - [16/Jun/2008:15:08:51 +0200] "GET /f-contact.html HTTP/1.0" 200 6804 "-" "Mozilla/5.0 (compatible; Yahoo! Slurp; http://help.yahoo.com/help/us/ysearch/slurp)"
65.214.45.123 - - [16/Jun/2008:15:11:08 +0200] "GET /robots.txt HTTP/1.0" 200 64 "-" "Mozilla/5.0 (compatible; Ask Jeeves/Teoma; +http://about.ask.com/en/docs/about/webmasters.shtml)"
