78.148.203.30 - - [07/Jun/2008:16:38:19 +0200] "GET /neon/girlz2.html HTTP/1.1" 200 2937 "http://www.various-euro.com/neon/slow-walk2.html" "Mozilla/4.0 (compatible; MSIE 7.0; Windows NT 6.0; SLCC1; .NET CLR 2.0.50727; .NET CLR 3.0.04506)"
78.148.203.30 - - [07/Jun/2008:16:38:25 +0200] "GET /neon/slow-walk.html HTTP/1.1" 200 1640 "http://www.various-euro.com/neon/girlz2.html" "Mozilla/4.0 (compatible; MSIE 7.0; Windows NT 6.0; SLCC1; .NET CLR 2.0.50727; .NET CLR 3.0.04506)"
78.148.203.30 - - [07/Jun/2008:16:38:25 +0200] "GET /neon/sw-girl.gif HTTP/1.1" 200 86668 "http://www.various-euro.com/neon/slow-walk.html" "Mozilla/4.0 (compatible; MSIE 7.0; Windows NT 6.0; SLCC1; .NET CLR 2.0.50727; .NET CLR 3.0.04506)"
78.148.203.30 - - [07/Jun/2008:16:38:41 +0200] "GET /framez-girlz.html HTTP/1.1" 200 4271 "-" "Mozilla/4.0 (compatible; MSIE 7.0; Windows NT 6.0; SLCC1; .NET CLR 2.0.50727; .NET CLR 3.0.04506)"
78.148.203.30 - - [07/Jun/2008:16:38:41 +0200] "GET /frame-menu.html HTTP/1.1" 200 10492 "http://www.various-euro.com/framez-girlz.html" "Mozilla/4.0 (compatible; MSIE 7.0; Windows NT 6.0; SLCC1; .NET CLR 2.0.50727; .NET CLR 3.0.04506)"
78.148.203.30 - - [07/Jun/2008:16:38:41 +0200] "GET /neon/girlz2.html HTTP/1.1" 200 2937 "http://www.various-euro.com/framez-girlz.html" "Mozilla/4.0 (compatible; MSIE 7.0; Windows NT 6.0; SLCC1; .NET CLR 2.0.50727; .NET CLR 3.0.04506)"
78.148.203.30 - - [07/Jun/2008:16:38:41 +0200] "GET /frame-unten.html HTTP/1.1" 200 5308 "http://www.various-euro.com/framez-girlz.html" "Mozilla/4.0 (compatible; MSIE 7.0; Windows NT 6.0; SLCC1; .NET CLR 2.0.50727; .NET CLR 3.0.04506)"
78.148.203.30 - - [07/Jun/2008:16:38:42 +0200] "GET /framez-girlz.html HTTP/1.1" 200 4271 "-" "Mozilla/4.0 (compatible; MSIE 7.0; Windows NT 6.0; SLCC1; .NET CLR 2.0.50727; .NET CLR 3.0.04506)"
78.148.203.30 - - [07/Jun/2008:16:38:42 +0200] "GET /frame-menu.html HTTP/1.1" 200 10492 "http://www.various-euro.com/framez-girlz.html" "Mozilla/4.0 (compatible; MSIE 7.0; Windows NT 6.0; SLCC1; .NET CLR 2.0.50727; .NET CLR 3.0.04506)"
78.148.203.30 - - [07/Jun/2008:16:38:42 +0200] "GET /neon/girlz2.html HTTP/1.1" 200 2937 "http://www.various-euro.com/framez-girlz.html" "Mozilla/4.0 (compatible; MSIE 7.0; Windows NT 6.0; SLCC1; .NET CLR 2.0.50727; .NET CLR 3.0.04506)"
78.148.203.30 - - [07/Jun/2008:16:38:43 +0200] "GET /frame-unten.html HTTP/1.1" 200 5308 "http://www.various-euro.com/framez-girlz.html" "Mozilla/4.0 (compatible; MSIE 7.0; Windows NT 6.0; SLCC1; .NET CLR 2.0.50727; .NET CLR 3.0.04506)"
78.148.203.30 - - [07/Jun/2008:16:38:44 +0200] "GET /framez-girlz.html HTTP/1.1" 200 4271 "-" "Mozilla/4.0 (compatible; MSIE 7.0; Windows NT 6.0; SLCC1; .NET CLR 2.0.50727; .NET CLR 3.0.04506)"
78.148.203.30 - - [07/Jun/2008:16:38:44 +0200] "GET /frame-menu.html HTTP/1.1" 200 10492 "http://www.various-euro.com/framez-girlz.html" "Mozilla/4.0 (compatible; MSIE 7.0; Windows NT 6.0; SLCC1; .NET CLR 2.0.50727; .NET CLR 3.0.04506)"
78.148.203.30 - - [07/Jun/2008:16:38:45 +0200] "GET /neon/girlz2.html HTTP/1.1" 200 2937 "http://www.various-euro.com/framez-girlz.html" "Mozilla/4.0 (compatible; MSIE 7.0; Windows NT 6.0; SLCC1; .NET CLR 2.0.50727; .NET CLR 3.0.04506)"
78.148.203.30 - - [07/Jun/2008:16:38:45 +0200] "GET /frame-unten.html HTTP/1.1" 200 5308 "http://www.various-euro.com/framez-girlz.html" "Mozilla/4.0 (compatible; MSIE 7.0; Windows NT 6.0; SLCC1; .NET CLR 2.0.50727; .NET CLR 3.0.04506)"
78.148.203.30 - - [07/Jun/2008:16:38:45 +0200] "GET /framez-girlz.html HTTP/1.1" 200 4271 "-" "Mozilla/4.0 (compatible; MSIE 7.0; Windows NT 6.0; SLCC1; .NET CLR 2.0.50727; .NET CLR 3.0.04506)"
78.148.203.30 - - [07/Jun/2008:16:38:46 +0200] "GET /frame-menu.html HTTP/1.1" 200 10492 "http://www.various-euro.com/framez-girlz.html" "Mozilla/4.0 (compatible; MSIE 7.0; Windows NT 6.0; SLCC1; .NET CLR 2.0.50727; .NET CLR 3.0.04506)"
78.148.203.30 - - [07/Jun/2008:16:38:46 +0200] "GET /frame-unten.html HTTP/1.1" 200 5308 "http://www.various-euro.com/framez-girlz.html" "Mozilla/4.0 (compatible; MSIE 7.0; Windows NT 6.0; SLCC1; .NET CLR 2.0.50727; .NET CLR 3.0.04506)"
78.148.203.30 - - [07/Jun/2008:16:38:51 +0200] "GET /framez-girlz.html HTTP/1.1" 200 4271 "-" "Mozilla/4.0 (compatible; MSIE 7.0; Windows NT 6.0; SLCC1; .NET CLR 2.0.50727; .NET CLR 3.0.04506)"
78.148.203.30 - - [07/Jun/2008:16:38:51 +0200] "GET /frame-menu.html HTTP/1.1" 200 10492 "http://www.various-euro.com/framez-girlz.html" "Mozilla/4.0 (compatible; MSIE 7.0; Windows NT 6.0; SLCC1; .NET CLR 2.0.50727; .NET CLR 3.0.04506)"
78.148.203.30 - - [07/Jun/2008:16:38:51 +0200] "GET /frame-unten.html HTTP/1.1" 200 5308 "http://www.various-euro.com/framez-girlz.html" "Mozilla/4.0 (compatible; MSIE 7.0; Windows NT 6.0; SLCC1; .NET CLR 2.0.50727; .NET CLR 3.0.04506)"
78.148.203.30 - - [07/Jun/2008:16:38:55 +0200] "GET /framez-girlz.html HTTP/1.1" 200 4271 "-" "Mozilla/4.0 (compatible; MSIE 7.0; Windows NT 6.0; SLCC1; .NET CLR 2.0.50727; .NET CLR 3.0.04506)"
78.148.203.30 - - [07/Jun/2008:16:38:56 +0200] "GET /frame-menu.html HTTP/1.1" 200 10492 "http://www.various-euro.com/framez-girlz.html" "Mozilla/4.0 (compatible; MSIE 7.0; Windows NT 6.0; SLCC1; .NET CLR 2.0.50727; .NET CLR 3.0.04506)"
78.148.203.30 - - [07/Jun/2008:16:38:56 +0200] "GET /frame-unten.html HTTP/1.1" 200 5308 "http://www.various-euro.com/framez-girlz.html" "Mozilla/4.0 (compatible; MSIE 7.0; Windows NT 6.0; SLCC1; .NET CLR 2.0.50727; .NET CLR 3.0.04506)"
78.148.203.30 - - [07/Jun/2008:16:39:00 +0200] "GET /framez-girlz.html HTTP/1.1" 200 4271 "-" "Mozilla/4.0 (compatible; MSIE 7.0; Windows NT 6.0; SLCC1; .NET CLR 2.0.50727; .NET CLR 3.0.04506)"
78.148.203.30 - - [07/Jun/2008:16:39:00 +0200] "GET /frame-menu.html HTTP/1.1" 200 10492 "http://www.various-euro.com/framez-girlz.html" "Mozilla/4.0 (compatible; MSIE 7.0; Windows NT 6.0; SLCC1; .NET CLR 2.0.50727; .NET CLR 3.0.04506)"
78.148.203.30 - - [07/Jun/2008:16:39:00 +0200] "GET /frame-unten.html HTTP/1.1" 200 5308 "http://www.various-euro.com/framez-girlz.html" "Mozilla/4.0 (compatible; MSIE 7.0; Windows NT 6.0; SLCC1; .NET CLR 2.0.50727; .NET CLR 3.0.04506)"
65.55.211.167 - - [07/Jun/2008:16:42:29 +0200] "GET /3dsf3/sendi/index.html HTTP/1.1" 200 1837 "-" "msnbot/1.1 (+http://search.msn.com/msnbot.htm)"
132.248.5.4 - - [07/Jun/2008:17:19:50 +0200] "GET //errors.php?error=http://www.sec6.biz/zen/images/id.txt?? HTTP/1.1" 404 2748 "-" "libwww-perl/5.805"
74.6.22.151 - - [07/Jun/2008:17:25:59 +0200] "GET /logs/usage_200712.html HTTP/1.0" 200 92577 "-" "Mozilla/5.0 (compatible; Yahoo! Slurp; http://help.yahoo.com/help/us/ysearch/slurp)"
66.249.66.4 - - [07/Jun/2008:17:38:18 +0200] "GET /robots.txt HTTP/1.1" 200 64 "-" "Googlebot-Image/1.0"
193.252.149.16 - - [07/Jun/2008:17:39:34 +0200] "GET http://www.various-euro.com:80/robots.txt HTTP/1.1" 200 64 "-" "Mozilla/5.0 (Windows; U; Windows NT 5.1; fr; rv:1.8.1) VoilaBot BETA 1.2 (support.voilabot@orange-ftgroup.com)"
193.252.149.16 - - [07/Jun/2008:17:39:36 +0200] "GET /DgH/rampe/index.html HTTP/1.1" 200 2056 "-" "Mozilla/5.0 (Windows; U; Windows NT 5.1; fr; rv:1.8.1) VoilaBot BETA 1.2 (support.voilabot@orange-ftgroup.com)"
86.151.2.113 - - [07/Jun/2008:17:50:05 +0200] "GET / HTTP/1.1" 200 10127 "-" "Mozilla/4.0 (compatible; MSIE 6.0; Windows NT 5.1;1813)"
91.23.204.181 - - [07/Jun/2008:17:52:57 +0200] "GET /games/virtualcop/virtualcop.html HTTP/1.1" 200 4487 "-" "Mozilla/5.0 (Windows; U; Windows NT 5.1; de; rv:1.8.1.14) Gecko/20080404 Firefox/2.0.0.14"
91.23.204.181 - - [07/Jun/2008:17:52:57 +0200] "GET /ve-icon-2.ico HTTP/1.1" 200 2238 "-" "Mozilla/5.0 (Windows; U; Windows NT 5.1; de; rv:1.8.1.14) Gecko/20080404 Firefox/2.0.0.14"
91.23.204.181 - - [07/Jun/2008:17:52:57 +0200] "GET /games/virtualcop/bbo_bg.gif HTTP/1.1" 200 543 "http://www.various-euro.com/games/virtualcop/virtualcop.html" "Mozilla/5.0 (Windows; U; Windows NT 5.1; de; rv:1.8.1.14) Gecko/20080404 Firefox/2.0.0.14"
91.23.204.181 - - [07/Jun/2008:17:52:57 +0200] "GET /games/virtualcop/virtualcop.swf HTTP/1.1" 200 2563562 "http://www.various-euro.com/games/virtualcop/virtualcop.html" "Mozilla/5.0 (Windows; U; Windows NT 5.1; de; rv:1.8.1.14) Gecko/20080404 Firefox/2.0.0.14"
67.195.37.109 - - [07/Jun/2008:17:56:34 +0200] "GET /framez.html HTTP/1.0" 200 3883 "-" "Mozilla/5.0 (compatible; Yahoo! Slurp/3.0; http://help.yahoo.com/help/us/ysearch/slurp)"
67.195.37.109 - - [07/Jun/2008:17:56:35 +0200] "GET /frame-inhalt.html HTTP/1.0" 200 5834 "http://www.various-euro.com/framez.html" "Mozilla/5.0 (compatible; Yahoo! Slurp/3.0; http://help.yahoo.com/help/us/ysearch/slurp)"
67.195.37.109 - - [07/Jun/2008:17:56:35 +0200] "GET /frame-menu.html HTTP/1.0" 200 10492 "http://www.various-euro.com/framez.html" "Mozilla/5.0 (compatible; Yahoo! Slurp/3.0; http://help.yahoo.com/help/us/ysearch/slurp)"
67.195.37.109 - - [07/Jun/2008:17:56:35 +0200] "GET /frame-unten.html HTTP/1.0" 200 5308 "http://www.various-euro.com/framez.html" "Mozilla/5.0 (compatible; Yahoo! Slurp/3.0; http://help.yahoo.com/help/us/ysearch/slurp)"
193.47.80.77 - - [07/Jun/2008:17:57:16 +0200] "GET / HTTP/1.0" 200 10127 "-" "Mozilla/5.0 (compatible; Konqueror/3.5; Linux) KHTML/3.5.5 (like Gecko) (Exabot-Thumbnails)"
193.47.80.77 - - [07/Jun/2008:17:57:21 +0200] "GET / HTTP/1.0" 200 10127 "-" "Mozilla/5.0 (compatible; Konqueror/3.5; Linux) KHTML/3.5.5 (like Gecko) (Exabot-Thumbnails)"
193.47.80.77 - - [07/Jun/2008:17:58:27 +0200] "GET / HTTP/1.0" 200 10127 "-" "Mozilla/5.0 (compatible; Konqueror/3.5; Linux) KHTML/3.5.5 (like Gecko) (Exabot-Thumbnails)"
79.96.10.148 - - [07/Jun/2008:17:58:52 +0200] "GET / HTTP/1.1" 200 10127 "-" "Mozilla/4.0 (compatible; MSIE 5.01; Windows NT 5.0)"
193.47.80.77 - - [07/Jun/2008:17:59:09 +0200] "GET / HTTP/1.0" 200 10127 "-" "Mozilla/5.0 (compatible; Konqueror/3.5; Linux) KHTML/3.5.5 (like Gecko) (Exabot-Thumbnails)"
74.6.17.189 - - [07/Jun/2008:18:01:19 +0200] "GET /robots.txt HTTP/1.0" 200 64 "-" "Mozilla/5.0 (compatible; Yahoo! Slurp; http://help.yahoo.com/help/us/ysearch/slurp)"
67.195.52.23 - - [07/Jun/2008:18:01:20 +0200] "GET /warez.html HTTP/1.0" 200 9754 "-" "Mozilla/5.0 (compatible; Yahoo! Slurp; http://help.yahoo.com/help/us/ysearch/slurp)"
67.195.37.109 - - [07/Jun/2008:18:35:06 +0200] "GET /rez/557.mp3 HTTP/1.0" 200 9164800 "-" "Mozilla/5.0 (compatible; Yahoo! Slurp/3.0; http://help.yahoo.com/help/us/ysearch/slurp)"
81.52.143.16 - - [07/Jun/2008:18:51:51 +0200] "GET /robots.txt HTTP/1.1" 200 64 "-" "Mozilla/5.0 (Windows; U; Windows NT 5.1; fr; rv:1.8.1) VoilaBot BETA 1.2 (support.voilabot@orange-ftgroup.com)"
81.52.143.16 - - [07/Jun/2008:18:51:55 +0200] "GET /schubb/schubb-1.html HTTP/1.1" 200 9070 "-" "Mozilla/5.0 (Windows; U; Windows NT 5.1; fr; rv:1.8.1) VoilaBot BETA 1.2 (support.voilabot@orange-ftgroup.com)"
99.227.128.159 - - [07/Jun/2008:18:57:06 +0200] "GET /framez.html HTTP/1.1" 200 3883 "-" "Mozilla/4.0 (compatible; MSIE 6.0; Windows NT 5.1;1813)"
99.227.128.159 - - [07/Jun/2008:18:57:08 +0200] "GET /frame-menu.html HTTP/1.1" 200 10492 "-" "Mozilla/4.0 (compatible; MSIE 6.0; Windows NT 5.1;1813)"
99.227.128.159 - - [07/Jun/2008:18:57:11 +0200] "GET /frame-inhalt.html HTTP/1.1" 200 5834 "-" "Mozilla/4.0 (compatible; MSIE 6.0; Windows NT 5.1;1813)"
99.227.128.159 - - [07/Jun/2008:18:57:13 +0200] "GET /frame-unten.html HTTP/1.1" 200 5308 "-" "Mozilla/4.0 (compatible; MSIE 6.0; Windows NT 5.1;1813)"
77.91.224.5 - - [07/Jun/2008:19:01:42 +0200] "GET /robots.txt HTTP/1.1" 200 64 "-" "WebAlta Crawler/2.0 (http://www.webalta.net/ru/about_webmaster.html) (Windows; U; Windows NT 5.1; ru-RU)"
77.91.224.5 - - [07/Jun/2008:19:01:42 +0200] "GET / HTTP/1.1" 200 10127 "-" "WebAlta Crawler/2.0 (http://www.webalta.net/ru/about_webmaster.html) (Windows; U; Windows NT 5.1; ru-RU)"
74.6.22.151 - - [07/Jun/2008:19:18:50 +0200] "GET /robots.txt HTTP/1.0" 200 64 "-" "Mozilla/5.0 (compatible; Yahoo! Slurp; http://help.yahoo.com/help/us/ysearch/slurp)"
74.6.22.151 - - [07/Jun/2008:19:18:50 +0200] "GET /f-euro.html HTTP/1.0" 200 12203 "-" "Mozilla/5.0 (compatible; Yahoo! Slurp; http://help.yahoo.com/help/us/ysearch/slurp)"
67.19.87.58 - - [07/Jun/2008:19:32:21 +0200] "GET /?pg=http://www.yogyacardus.com/var/echo.txt?? HTTP/1.1" 200 10127 "-" "libwww-perl/5.805"
67.195.37.109 - - [07/Jun/2008:19:49:31 +0200] "GET /DgH/orginal/ HTTP/1.0" 200 1727 "-" "Mozilla/5.0 (compatible; Yahoo! Slurp/3.0; http://help.yahoo.com/help/us/ysearch/slurp)"
193.252.149.15 - - [07/Jun/2008:19:51:36 +0200] "GET http://www.various-euro.com:80/robots.txt HTTP/1.1" 200 64 "-" "Mozilla/5.0 (Windows; U; Windows NT 5.1; fr; rv:1.8.1) VoilaBot BETA 1.2 (support.voilabot@orange-ftgroup.com)"
193.252.149.15 - - [07/Jun/2008:19:51:38 +0200] "GET /neon/girlz3.html HTTP/1.1" 200 2479 "-" "Mozilla/5.0 (Windows; U; Windows NT 5.1; fr; rv:1.8.1) VoilaBot BETA 1.2 (support.voilabot@orange-ftgroup.com)"
74.6.22.151 - - [07/Jun/2008:20:06:11 +0200] "GET /f-net.html HTTP/1.0" 200 9913 "-" "Mozilla/5.0 (compatible; Yahoo! Slurp; http://help.yahoo.com/help/us/ysearch/slurp)"
65.55.211.157 - - [07/Jun/2008:20:11:13 +0200] "GET /robots.txt HTTP/1.1" 200 64 "-" "msnbot/1.1 (+http://search.msn.com/msnbot.htm)"
65.55.211.157 - - [07/Jun/2008:20:11:13 +0200] "GET /neon/click.html HTTP/1.1" 200 521 "-" "msnbot/1.1 (+http://search.msn.com/msnbot.htm)"
67.195.52.47 - - [07/Jun/2008:20:16:42 +0200] "GET /neon/biggtani.html HTTP/1.0" 200 1698 "-" "Mozilla/5.0 (compatible; Yahoo! Slurp; http://help.yahoo.com/help/us/ysearch/slurp)"
67.195.51.254 - - [07/Jun/2008:20:21:54 +0200] "GET /sendi-agent/Interfiction-sendi.mpg HTTP/1.0" 200 13300252 "-" "Mozilla/5.0 (compatible; Yahoo! Slurp; http://help.yahoo.com/help/us/ysearch/slurp)"
67.195.52.92 - - [07/Jun/2008:20:22:57 +0200] "GET /zampa-lovers/ HTTP/1.0" 200 37790 "-" "Mozilla/5.0 (compatible; Yahoo! Slurp; http://help.yahoo.com/help/us/ysearch/slurp)"
67.195.54.48 - - [07/Jun/2008:20:24:52 +0200] "GET /frame-menu.html HTTP/1.0" 200 10492 "-" "Mozilla/5.0 (compatible; Yahoo! Slurp; http://help.yahoo.com/help/us/ysearch/slurp)"
74.6.22.151 - - [07/Jun/2008:20:25:28 +0200] "GET /euro.html HTTP/1.0" 404 2748 "-" "Mozilla/5.0 (compatible; Yahoo! Slurp; http://help.yahoo.com/help/us/ysearch/slurp)"
74.6.22.151 - - [07/Jun/2008:20:28:22 +0200] "GET /search.html HTTP/1.0" 200 1440 "-" "Mozilla/5.0 (compatible; Yahoo! Slurp; http://help.yahoo.com/help/us/ysearch/slurp)"
65.55.211.166 - - [07/Jun/2008:20:45:40 +0200] "GET /robots.txt HTTP/1.1" 200 64 "-" "msnbot/1.1 (+http://search.msn.com/msnbot.htm)"
65.55.211.166 - - [07/Jun/2008:20:45:41 +0200] "GET /DgH/watch/index.html HTTP/1.1" 200 2028 "-" "msnbot/1.1 (+http://search.msn.com/msnbot.htm)"
67.195.51.161 - - [07/Jun/2008:20:53:38 +0200] "GET /zampa-lovers/ZAMPAMAS.MPG HTTP/1.0" 200 520196 "-" "Mozilla/5.0 (compatible; Yahoo! Slurp; http://help.yahoo.com/help/us/ysearch/slurp)"
67.195.37.109 - - [07/Jun/2008:20:56:27 +0200] "GET /rez/607.mp3 HTTP/1.0" 200 4964417 "-" "Mozilla/5.0 (compatible; Yahoo! Slurp/3.0; http://help.yahoo.com/help/us/ysearch/slurp)"
74.6.22.151 - - [07/Jun/2008:20:58:59 +0200] "GET /bmpp/euro_pal_1.html HTTP/1.0" 200 18252 "-" "Mozilla/5.0 (compatible; Yahoo! Slurp; http://help.yahoo.com/help/us/ysearch/slurp)"
74.6.22.151 - - [07/Jun/2008:21:13:40 +0200] "GET /logs/usage_200705.html HTTP/1.0" 200 109447 "-" "Mozilla/5.0 (compatible; Yahoo! Slurp; http://help.yahoo.com/help/us/ysearch/slurp)"
74.6.22.151 - - [07/Jun/2008:21:13:56 +0200] "GET /rez/601.mp3 HTTP/1.0" 304 - "-" "Mozilla/5.0 (compatible; Yahoo! Slurp; http://help.yahoo.com/help/us/ysearch/slurp)"
129.241.50.32 - - [07/Jun/2008:21:43:26 +0200] "GET /robots.txt HTTP/1.1" 200 64 "-" "boitho.com-dc/0.86 ( http://www.boitho.com/dcbot.html )"
67.195.52.31 - - [07/Jun/2008:21:47:56 +0200] "GET /framez-girlz.html HTTP/1.0" 200 4271 "-" "Mozilla/5.0 (compatible; Yahoo! Slurp; http://help.yahoo.com/help/us/ysearch/slurp)"
67.195.52.31 - - [07/Jun/2008:21:48:06 +0200] "GET /frame-menu.html HTTP/1.0" 200 10492 "-" "Mozilla/5.0 (compatible; Yahoo! Slurp; http://help.yahoo.com/help/us/ysearch/slurp)"
67.195.52.31 - - [07/Jun/2008:21:48:16 +0200] "GET /neon/girlz2.html HTTP/1.0" 200 2937 "-" "Mozilla/5.0 (compatible; Yahoo! Slurp; http://help.yahoo.com/help/us/ysearch/slurp)"
67.195.52.31 - - [07/Jun/2008:21:48:26 +0200] "GET /frame-unten.html HTTP/1.0" 200 5308 "-" "Mozilla/5.0 (compatible; Yahoo! Slurp; http://help.yahoo.com/help/us/ysearch/slurp)"
66.249.66.4 - - [07/Jun/2008:22:04:01 +0200] "GET /zampa-lovers/ HTTP/1.1" 200 37790 "-" "Mozilla/5.0 (compatible; Googlebot/2.1; +http://www.google.com/bot.html)"
91.121.145.68 - - [07/Jun/2008:22:49:56 +0200] "GET /robots.txt HTTP/1.1" 200 64 "-" "mozilla/5.0 (compatible; RTGI; http://rtgi.fr/)"
91.121.145.68 - - [07/Jun/2008:22:49:56 +0200] "GET / HTTP/1.1" 200 10127 "-" "mozilla/5.0 (compatible; RTGI; http://rtgi.fr/)"
91.121.145.68 - - [07/Jun/2008:22:49:56 +0200] "GET /favicon.ico HTTP/1.1" 404 2748 "http://www.various-euro.com/" "mozilla/5.0 (compatible; RTGI; http://rtgi.fr/)"
91.121.145.68 - - [07/Jun/2008:22:49:56 +0200] "GET /framez_0.html HTTP/1.1" 200 12444 "http://www.various-euro.com/" "mozilla/5.0 (compatible; RTGI; http://rtgi.fr/)"
91.121.145.68 - - [07/Jun/2008:22:49:57 +0200] "GET /ve-icon-2.ico HTTP/1.1" 200 2238 "http://www.various-euro.com/" "mozilla/5.0 (compatible; RTGI; http://rtgi.fr/)"
91.121.145.68 - - [07/Jun/2008:22:49:57 +0200] "GET /framez.html HTTP/1.1" 200 3883 "http://www.various-euro.com/" "mozilla/5.0 (compatible; RTGI; http://rtgi.fr/)"
91.121.145.68 - - [07/Jun/2008:22:49:57 +0200] "GET /frame-inhalt.html HTTP/1.1" 200 5834 "http://www.various-euro.com/framez.html" "mozilla/5.0 (compatible; RTGI; http://rtgi.fr/)"
91.121.145.68 - - [07/Jun/2008:22:49:57 +0200] "GET /partnergegenberlin.html HTTP/1.1" 200 5022 "http://www.various-euro.com/frame-inhalt.html" "mozilla/5.0 (compatible; RTGI; http://rtgi.fr/)"
91.121.145.68 - - [07/Jun/2008:22:49:58 +0200] "GET /f-maintitle.html HTTP/1.1" 200 5030 "http://www.various-euro.com/frame-inhalt.html" "mozilla/5.0 (compatible; RTGI; http://rtgi.fr/)"
91.121.145.68 - - [07/Jun/2008:22:49:58 +0200] "GET /schubb/schubb-1.html HTTP/1.1" 200 9070 "http://www.various-euro.com/frame-inhalt.html" "mozilla/5.0 (compatible; RTGI; http://rtgi.fr/)"
67.195.52.26 - - [07/Jun/2008:23:48:33 +0200] "GET /DgH/bull/ HTTP/1.0" 200 1915 "-" "Mozilla/5.0 (compatible; Yahoo! Slurp; http://help.yahoo.com/help/us/ysearch/slurp)"
24.188.246.22 - - [07/Jun/2008:23:52:15 +0200] "GET /robots.txt HTTP/1.1" 200 64 "-" "Mozilla/5.0 (Windows; U; Windows NT 5.1; en-US; rv:1.8.1.14) Gecko/20080404 Firefox/2.0.0.14"
74.6.22.151 - - [08/Jun/2008:00:08:21 +0200] "GET /logs/ HTTP/1.0" 200 10079 "-" "Mozilla/5.0 (compatible; Yahoo! Slurp; http://help.yahoo.com/help/us/ysearch/slurp)"
213.249.63.97 - - [08/Jun/2008:00:13:19 +0200] "GET / HTTP/1.1" 200 10127 "-" "Mozilla/4.0 (compatible; MSIE 6.0; Windows NT 5.1;1813)"
65.55.211.151 - - [08/Jun/2008:00:33:50 +0200] "GET /robots.txt HTTP/1.1" 200 64 "-" "msnbot/1.1 (+http://search.msn.com/msnbot.htm)"
65.55.211.151 - - [08/Jun/2008:00:33:50 +0200] "GET /framez.html HTTP/1.1" 200 3883 "-" "msnbot/1.1 (+http://search.msn.com/msnbot.htm)"
65.55.211.151 - - [08/Jun/2008:00:36:53 +0200] "GET /robots.txt HTTP/1.1" 200 64 "-" "msnbot/1.0 (+http://search.msn.com/msnbot.htm)"
65.55.211.151 - - [08/Jun/2008:00:36:53 +0200] "GET /frame-menu.html HTTP/1.1" 200 10492 "-" "msnbot/1.0 (+http://search.msn.com/msnbot.htm)"
65.55.211.151 - - [08/Jun/2008:00:36:53 +0200] "GET /frame-inhalt.html HTTP/1.1" 200 5834 "-" "msnbot/1.0 (+http://search.msn.com/msnbot.htm)"
65.55.211.151 - - [08/Jun/2008:00:36:55 +0200] "GET /frame-unten.html HTTP/1.1" 200 5308 "-" "msnbot/1.0 (+http://search.msn.com/msnbot.htm)"
65.55.109.194 - - [08/Jun/2008:00:39:14 +0200] "GET /framez.html HTTP/1.0" 200 3883 "http://search.live.com/results.aspx?q=various&form=QBHP" "Mozilla/4.0 (compatible; MSIE 7.0; Windows NT 5.2; .NET CLR 1.1.4322)"
65.55.109.194 - - [08/Jun/2008:00:39:14 +0200] "GET /frame-menu.html HTTP/1.0" 200 10492 "http://www.various-euro.com/framez.html" "Mozilla/4.0 (compatible; MSIE 7.0; Windows NT 5.2; .NET CLR 1.1.4322)"
65.55.109.194 - - [08/Jun/2008:00:39:14 +0200] "GET /frame-inhalt.html HTTP/1.0" 200 5834 "http://www.various-euro.com/framez.html" "Mozilla/4.0 (compatible; MSIE 7.0; Windows NT 5.2; .NET CLR 1.1.4322)"
65.55.109.194 - - [08/Jun/2008:00:39:14 +0200] "GET /frame-unten.html HTTP/1.0" 200 5308 "http://www.various-euro.com/framez.html" "Mozilla/4.0 (compatible; MSIE 7.0; Windows NT 5.2; .NET CLR 1.1.4322)"
74.6.18.217 - - [08/Jun/2008:00:46:03 +0200] "GET /robots.txt HTTP/1.0" 200 64 "-" "Mozilla/5.0 (compatible; Yahoo! Slurp; http://help.yahoo.com/help/us/ysearch/slurp)"
67.195.51.174 - - [08/Jun/2008:00:46:04 +0200] "GET /logs/ HTTP/1.0" 200 10079 "-" "Mozilla/5.0 (compatible; Yahoo! Slurp; http://help.yahoo.com/help/us/ysearch/slurp)"
77.91.224.5 - - [08/Jun/2008:01:08:32 +0200] "GET /robots.txt HTTP/1.1" 200 64 "-" "WebAlta Crawler/2.0 (http://www.webalta.net/ru/about_webmaster.html) (Windows; U; Windows NT 5.1; ru-RU)"
77.91.224.5 - - [08/Jun/2008:01:08:32 +0200] "GET / HTTP/1.1" 200 10127 "-" "WebAlta Crawler/2.0 (http://www.webalta.net/ru/about_webmaster.html) (Windows; U; Windows NT 5.1; ru-RU)"
67.195.37.109 - - [08/Jun/2008:01:19:56 +0200] "GET /framez-e-count.html HTTP/1.0" 200 4321 "-" "Mozilla/5.0 (compatible; Yahoo! Slurp/3.0; http://help.yahoo.com/help/us/ysearch/slurp)"
67.195.37.109 - - [08/Jun/2008:01:19:57 +0200] "GET /e-counter.html HTTP/1.0" 200 4047 "http://www.various-euro.com/framez-e-count.html" "Mozilla/5.0 (compatible; Yahoo! Slurp/3.0; http://help.yahoo.com/help/us/ysearch/slurp)"
67.195.37.109 - - [08/Jun/2008:01:19:58 +0200] "GET /frame-menu.html HTTP/1.0" 200 10492 "http://www.various-euro.com/framez-e-count.html" "Mozilla/5.0 (compatible; Yahoo! Slurp/3.0; http://help.yahoo.com/help/us/ysearch/slurp)"
67.195.37.109 - - [08/Jun/2008:01:19:58 +0200] "GET /frame-unten.html HTTP/1.0" 200 5308 "http://www.various-euro.com/framez-e-count.html" "Mozilla/5.0 (compatible; Yahoo! Slurp/3.0; http://help.yahoo.com/help/us/ysearch/slurp)"
65.98.224.4 - - [08/Jun/2008:01:29:25 +0200] "GET /robots.txt HTTP/1.0" 200 64 "-" "TurnitinBot/2.1 (http://www.turnitin.com/robot/crawlerinfo.html)"
65.98.224.4 - - [08/Jun/2008:01:30:14 +0200] "GET /f-actions.html HTTP/1.0" 200 10429 "-" "TurnitinBot/2.1 (http://www.turnitin.com/robot/crawlerinfo.html)"
65.98.224.4 - - [08/Jun/2008:01:31:03 +0200] "GET /your_tour.html HTTP/1.0" 200 31738 "-" "TurnitinBot/2.1 (http://www.turnitin.com/robot/crawlerinfo.html)"
65.98.224.4 - - [08/Jun/2008:01:31:42 +0200] "GET /sendi_agent.html HTTP/1.0" 200 6213 "-" "TurnitinBot/2.1 (http://www.turnitin.com/robot/crawlerinfo.html)"
65.98.224.4 - - [08/Jun/2008:01:32:30 +0200] "GET /schubb/schubb-4.html HTTP/1.0" 200 17746 "-" "TurnitinBot/2.1 (http://www.turnitin.com/robot/crawlerinfo.html)"
65.98.224.4 - - [08/Jun/2008:01:33:28 +0200] "GET /schubb/schubb-3.html HTTP/1.0" 200 17546 "-" "TurnitinBot/2.1 (http://www.turnitin.com/robot/crawlerinfo.html)"
65.98.224.4 - - [08/Jun/2008:01:34:15 +0200] "GET /warez.html HTTP/1.0" 200 9754 "-" "TurnitinBot/2.1 (http://www.turnitin.com/robot/crawlerinfo.html)"
66.249.66.4 - - [08/Jun/2008:01:37:38 +0200] "GET /robots.txt HTTP/1.1" 200 64 "-" "Mozilla/5.0 (compatible; Googlebot/2.1; +http://www.google.com/bot.html)"
66.249.66.4 - - [08/Jun/2008:01:37:38 +0200] "GET /channel1.html HTTP/1.1" 404 2748 "-" "Mozilla/5.0 (compatible; Googlebot/2.1; +http://www.google.com/bot.html)"
211.172.232.90 - - [08/Jun/2008:02:00:21 +0200] "GET /previous.php?pg=http://www.it-history.net/cgi/idscan3?? HTTP/1.1" 404 2748 "-" "libwww-perl/5.810"
211.172.232.90 - - [08/Jun/2008:02:00:25 +0200] "GET /previous.php?pg=http://www.it-history.net/cgi/idscan3?? HTTP/1.1" 404 2748 "-" "libwww-perl/5.810"
211.172.232.90 - - [08/Jun/2008:02:00:25 +0200] "GET /previous.php?pg=http://www.it-history.net/cgi/idscan3?? HTTP/1.1" 404 2748 "-" "libwww-perl/5.810"
211.172.232.90 - - [08/Jun/2008:02:01:46 +0200] "GET /previous.php?pg=http://www.it-history.net/cgi/idscan3?? HTTP/1.1" 404 2748 "-" "libwww-perl/5.810"
66.249.66.4 - - [08/Jun/2008:02:04:04 +0200] "GET /f-bannnerz.html HTTP/1.1" 200 12651 "-" "Mozilla/5.0 (compatible; Googlebot/2.1; +http://www.google.com/bot.html)"
189.192.95.193 - - [08/Jun/2008:02:10:45 +0200] "GET / HTTP/1.1" 200 10127 "-" "Mozilla/4.0 (compatible; MSIE 6.0; Windows NT 5.1;1813)"
67.195.37.109 - - [08/Jun/2008:02:13:42 +0200] "GET /tour1_new.html HTTP/1.0" 404 2748 "-" "Mozilla/5.0 (compatible; Yahoo! Slurp/3.0; http://help.yahoo.com/help/us/ysearch/slurp)"
67.195.52.47 - - [08/Jun/2008:02:19:00 +0200] "GET /neon/code.html HTTP/1.0" 200 1109 "-" "Mozilla/5.0 (compatible; Yahoo! Slurp; http://help.yahoo.com/help/us/ysearch/slurp)"
67.195.51.242 - - [08/Jun/2008:02:34:36 +0200] "GET /DgH/watch/ HTTP/1.0" 200 2028 "-" "Mozilla/5.0 (compatible; Yahoo! Slurp; http://help.yahoo.com/help/us/ysearch/slurp)"
65.55.211.156 - - [08/Jun/2008:02:54:34 +0200] "GET /robots.txt HTTP/1.1" 200 64 "-" "msnbot/1.1 (+http://search.msn.com/msnbot.htm)"
65.55.211.156 - - [08/Jun/2008:02:54:35 +0200] "GET /logs/ HTTP/1.1" 200 10079 "-" "msnbot/1.1 (+http://search.msn.com/msnbot.htm)"
66.249.66.4 - - [08/Jun/2008:03:02:50 +0200] "GET /f-bannnerz.html HTTP/1.1" 200 12651 "-" "Mozilla/5.0 (compatible; Googlebot/2.1; +http://www.google.com/bot.html)"
119.63.193.56 - - [08/Jun/2008:03:12:23 +0200] "GET /robots.txt HTTP/1.1" 200 64 "-" "Baiduspider+(+http://www.baidu.com/search/spider_jp.html)"
74.6.22.151 - - [08/Jun/2008:03:20:42 +0200] "GET /zampa/montenegro/BATAW.html HTTP/1.0" 200 860 "-" "Mozilla/5.0 (compatible; Yahoo! Slurp; http://help.yahoo.com/help/us/ysearch/slurp)"
193.252.149.16 - - [08/Jun/2008:03:27:21 +0200] "GET http://www.various-euro.com:80/robots.txt HTTP/1.1" 200 64 "-" "Mozilla/5.0 (Windows; U; Windows NT 5.1; fr; rv:1.8.1) VoilaBot BETA 1.2 (support.voilabot@orange-ftgroup.com)"
193.252.149.16 - - [08/Jun/2008:03:27:37 +0200] "GET /neon/girl-tv.html HTTP/1.1" 200 1717 "-" "Mozilla/5.0 (Windows; U; Windows NT 5.1; fr; rv:1.8.1) VoilaBot BETA 1.2 (support.voilabot@orange-ftgroup.com)"
81.52.143.16 - - [08/Jun/2008:03:41:58 +0200] "GET /robots.txt HTTP/1.1" 200 64 "-" "Mozilla/5.0 (Windows; U; Windows NT 5.1; fr; rv:1.8.1) VoilaBot BETA 1.2 (support.voilabot@orange-ftgroup.com)"
81.52.143.16 - - [08/Jun/2008:03:42:00 +0200] "GET /frame-unten.html HTTP/1.1" 200 5308 "-" "Mozilla/5.0 (Windows; U; Windows NT 5.1; fr; rv:1.8.1) VoilaBot BETA 1.2 (support.voilabot@orange-ftgroup.com)"
74.6.22.151 - - [08/Jun/2008:03:44:00 +0200] "GET /logs/usage_200711.html HTTP/1.0" 200 109628 "-" "Mozilla/5.0 (compatible; Yahoo! Slurp; http://help.yahoo.com/help/us/ysearch/slurp)"
74.6.22.151 - - [08/Jun/2008:04:03:10 +0200] "GET / HTTP/1.0" 200 10127 "-" "Mozilla/5.0 (compatible; Yahoo! Slurp; http://help.yahoo.com/help/us/ysearch/slurp)"
65.55.211.156 - - [08/Jun/2008:04:12:33 +0200] "GET /logs/usage_200709.html HTTP/1.1" 200 110974 "-" "msnbot/1.1 (+http://search.msn.com/msnbot.htm)"
65.55.211.160 - - [08/Jun/2008:04:12:44 +0200] "GET /robots.txt HTTP/1.1" 200 64 "-" "msnbot/1.1 (+http://search.msn.com/msnbot.htm)"
65.55.211.160 - - [08/Jun/2008:04:12:44 +0200] "GET /zampa/montenegro/dajpare.html HTTP/1.1" 200 2503 "-" "msnbot/1.1 (+http://search.msn.com/msnbot.htm)"
66.249.66.4 - - [08/Jun/2008:04:26:58 +0200] "GET /web.html HTTP/1.1" 404 2748 "-" "Mozilla/5.0 (compatible; Googlebot/2.1; +http://www.google.com/bot.html)"
74.6.22.151 - - [08/Jun/2008:04:40:15 +0200] "GET /framez-rez.html HTTP/1.0" 200 4323 "-" "Mozilla/5.0 (compatible; Yahoo! Slurp; http://help.yahoo.com/help/us/ysearch/slurp)"
74.6.22.151 - - [08/Jun/2008:04:40:16 +0200] "GET /frame-menu.html HTTP/1.0" 200 10492 "-" "Mozilla/5.0 (compatible; Yahoo! Slurp; http://help.yahoo.com/help/us/ysearch/slurp)"
74.6.22.151 - - [08/Jun/2008:04:40:17 +0200] "GET /f-rez.html HTTP/1.0" 200 9765 "-" "Mozilla/5.0 (compatible; Yahoo! Slurp; http://help.yahoo.com/help/us/ysearch/slurp)"
74.6.22.151 - - [08/Jun/2008:04:40:18 +0200] "GET /frame-unten.html HTTP/1.0" 200 5308 "-" "Mozilla/5.0 (compatible; Yahoo! Slurp; http://help.yahoo.com/help/us/ysearch/slurp)"
66.249.66.4 - - [08/Jun/2008:04:58:07 +0200] "GET /menue.html HTTP/1.1" 404 2748 "-" "Mozilla/5.0 (compatible; Googlebot/2.1; +http://www.google.com/bot.html)"
74.6.22.151 - - [08/Jun/2008:05:07:31 +0200] "GET /zampa-lovers/ HTTP/1.0" 200 37790 "-" "Mozilla/5.0 (compatible; Yahoo! Slurp; http://help.yahoo.com/help/us/ysearch/slurp)"
193.252.149.16 - - [08/Jun/2008:05:08:13 +0200] "GET http://www.various-euro.com:80/robots.txt HTTP/1.1" 200 64 "-" "Mozilla/5.0 (Windows; U; Windows NT 5.1; fr; rv:1.8.1) VoilaBot BETA 1.2 (support.voilabot@orange-ftgroup.com)"
193.252.149.16 - - [08/Jun/2008:05:08:15 +0200] "GET /frame-inhalt.html HTTP/1.1" 200 5834 "-" "Mozilla/5.0 (Windows; U; Windows NT 5.1; fr; rv:1.8.1) VoilaBot BETA 1.2 (support.voilabot@orange-ftgroup.com)"
66.249.66.4 - - [08/Jun/2008:05:11:29 +0200] "GET /logs/ HTTP/1.1" 200 10079 "-" "Mozilla/5.0 (compatible; Googlebot/2.1; +http://www.google.com/bot.html)"
66.249.66.4 - - [08/Jun/2008:05:15:55 +0200] "GET /euro.html HTTP/1.1" 404 2748 "-" "Mozilla/5.0 (compatible; Googlebot/2.1; +http://www.google.com/bot.html)"
65.55.211.160 - - [08/Jun/2008:05:25:00 +0200] "GET /robots.txt HTTP/1.1" 200 64 "-" "msnbot/1.1 (+http://search.msn.com/msnbot.htm)"
65.55.211.160 - - [08/Jun/2008:05:25:00 +0200] "GET /zampa/montenegro/ZMAJW.html HTTP/1.1" 200 860 "-" "msnbot/1.1 (+http://search.msn.com/msnbot.htm)"
74.6.22.177 - - [08/Jun/2008:05:38:51 +0200] "GET /robots.txt HTTP/1.0" 200 64 "-" "Mozilla/5.0 (compatible; Yahoo! Slurp; http://help.yahoo.com/help/us/ysearch/slurp)"
67.195.52.28 - - [08/Jun/2008:05:38:51 +0200] "GET / HTTP/1.0" 200 10127 "-" "Mozilla/5.0 (compatible; Yahoo! Slurp; http://help.yahoo.com/help/us/ysearch/slurp)"
67.195.37.109 - - [08/Jun/2008:05:47:26 +0200] "GET /robots.txt HTTP/1.0" 200 64 "-" "Mozilla/5.0 (compatible; Yahoo! Slurp; http://help.yahoo.com/help/us/ysearch/slurp)"
67.195.37.109 - - [08/Jun/2008:05:47:26 +0200] "GET /3dsf3/sendi/sacrifice.html HTTP/1.0" 200 1309 "-" "Mozilla/5.0 (compatible; Yahoo! Slurp/3.0; http://help.yahoo.com/help/us/ysearch/slurp)"
66.249.66.4 - - [08/Jun/2008:05:51:30 +0200] "GET /framez_0.html HTTP/1.1" 200 12444 "-" "Mozilla/5.0 (compatible; Googlebot/2.1; +http://www.google.com/bot.html)"
74.6.17.189 - - [08/Jun/2008:06:07:26 +0200] "GET /robots.txt HTTP/1.0" 200 64 "-" "Mozilla/5.0 (compatible; Yahoo! Slurp; http://help.yahoo.com/help/us/ysearch/slurp)"
67.195.52.34 - - [08/Jun/2008:06:07:27 +0200] "GET /f-web.html HTTP/1.0" 200 13605 "-" "Mozilla/5.0 (compatible; Yahoo! Slurp; http://help.yahoo.com/help/us/ysearch/slurp)"
74.6.22.151 - - [08/Jun/2008:06:25:13 +0200] "GET /robots.txt HTTP/1.0" 200 64 "-" "Mozilla/5.0 (compatible; Yahoo! Slurp; http://help.yahoo.com/help/us/ysearch/slurp)"
74.6.22.151 - - [08/Jun/2008:06:25:14 +0200] "GET /your_tour.html HTTP/1.0" 200 29413 "-" "Mozilla/5.0 (compatible; Yahoo! Slurp; http://help.yahoo.com/help/us/ysearch/slurp)"
208.80.193.42 - - [08/Jun/2008:06:28:23 +0200] "GET / HTTP/1.0" 200 10127 "-" "Mozilla/4.0 (compatible; MSIE 6.0; Windows NT 5.1; {884AC448-137E-C55D-454D-BB5661EB7157}; InfoPath.1; .NET CLR 1.1.4322; .NET CLR 2.0.50727)"
208.80.193.42 - - [08/Jun/2008:06:28:42 +0200] "GET / HTTP/1.0" 200 10127 "-" "Mozilla/4.0 (compatible; MSIE 6.0; Windows NT 5.1; SV1; .NET CLR 2.0.50727; .NET CLR 1.0.3705; .NET CLR 1.1.4322)"
74.6.22.151 - - [08/Jun/2008:06:28:59 +0200] "GET /neon/click.html HTTP/1.0" 200 521 "-" "Mozilla/5.0 (compatible; Yahoo! Slurp; http://help.yahoo.com/help/us/ysearch/slurp)"
74.6.22.151 - - [08/Jun/2008:06:40:14 +0200] "GET /games/3dswat/ HTTP/1.0" 403 1223 "-" "Mozilla/5.0 (compatible; Yahoo! Slurp; http://help.yahoo.com/help/us/ysearch/slurp)"
70.152.90.56 - - [08/Jun/2008:06:46:39 +0200] "GET / HTTP/1.1" 200 10127 "-" "Mozilla/4.0 (compatible; MSIE 6.0; Windows NT 5.1; SV1; .NET CLR 1.1.4322; InfoPath.1; .NET CLR 2.0.50727; WWTClient2)"
70.152.90.56 - - [08/Jun/2008:06:46:40 +0200] "GET /framez_0.html HTTP/1.1" 200 12444 "-" "Mozilla/4.0 (compatible; MSIE 6.0; Windows NT 5.1; SV1; .NET CLR 1.1.4322; InfoPath.1; .NET CLR 2.0.50727; WWTClient2)"
70.152.90.56 - - [08/Jun/2008:06:46:48 +0200] "GET /framez.html HTTP/1.1" 200 3883 "-" "Mozilla/4.0 (compatible; MSIE 6.0; Windows NT 5.1; SV1; .NET CLR 1.1.4322; InfoPath.1; .NET CLR 2.0.50727; WWTClient2)"
70.152.90.56 - - [08/Jun/2008:06:46:49 +0200] "GET /frame-menu.html HTTP/1.1" 200 10492 "http://www.various-euro.com/framez.html" "Mozilla/4.0 (compatible; MSIE 6.0; Windows NT 5.1; SV1; .NET CLR 1.1.4322; InfoPath.1; .NET CLR 2.0.50727; WWTClient2)"
70.152.90.56 - - [08/Jun/2008:06:46:49 +0200] "GET /frame-inhalt.html HTTP/1.1" 200 5834 "http://www.various-euro.com/framez.html" "Mozilla/4.0 (compatible; MSIE 6.0; Windows NT 5.1; SV1; .NET CLR 1.1.4322; InfoPath.1; .NET CLR 2.0.50727; WWTClient2)"
70.152.90.56 - - [08/Jun/2008:06:46:49 +0200] "GET /frame-unten.html HTTP/1.1" 200 5308 "http://www.various-euro.com/framez.html" "Mozilla/4.0 (compatible; MSIE 6.0; Windows NT 5.1; SV1; .NET CLR 1.1.4322; InfoPath.1; .NET CLR 2.0.50727; WWTClient2)"
70.152.90.56 - - [08/Jun/2008:06:46:49 +0200] "GET /bannerz/ve.jpg HTTP/1.1" 200 36912 "http://www.various-euro.com/frame-unten.html" "Mozilla/4.0 (compatible; MSIE 6.0; Windows NT 5.1; SV1; .NET CLR 1.1.4322; InfoPath.1; .NET CLR 2.0.50727; WWTClient2)"
70.152.90.56 - - [08/Jun/2008:06:46:50 +0200] "GET /bannerz/various-euro-girl.jpg HTTP/1.1" 200 91514 "http://www.various-euro.com/frame-unten.html" "Mozilla/4.0 (compatible; MSIE 6.0; Windows NT 5.1; SV1; .NET CLR 1.1.4322; InfoPath.1; .NET CLR 2.0.50727; WWTClient2)"
70.152.90.56 - - [08/Jun/2008:06:46:52 +0200] "GET /bannerz/neon_click_3.gif HTTP/1.1" 200 240 "http://www.various-euro.com/frame-inhalt.html" "Mozilla/4.0 (compatible; MSIE 6.0; Windows NT 5.1; SV1; .NET CLR 1.1.4322; InfoPath.1; .NET CLR 2.0.50727; WWTClient2)"
70.152.90.56 - - [08/Jun/2008:06:46:52 +0200] "GET /bannerz/goolag_468.jpg HTTP/1.1" 200 28285 "http://www.various-euro.com/frame-inhalt.html" "Mozilla/4.0 (compatible; MSIE 6.0; Windows NT 5.1; SV1; .NET CLR 1.1.4322; InfoPath.1; .NET CLR 2.0.50727; WWTClient2)"
70.152.90.56 - - [08/Jun/2008:06:46:49 +0200] "GET /bannerz/ubu-shot.png HTTP/1.1" 200 200117 "http://www.various-euro.com/frame-menu.html" "Mozilla/4.0 (compatible; MSIE 6.0; Windows NT 5.1; SV1; .NET CLR 1.1.4322; InfoPath.1; .NET CLR 2.0.50727; WWTClient2)"
70.152.90.56 - - [08/Jun/2008:06:46:52 +0200] "GET /eurosign3.gif HTTP/1.1" 200 7879 "http://www.various-euro.com/frame-inhalt.html" "Mozilla/4.0 (compatible; MSIE 6.0; Windows NT 5.1; SV1; .NET CLR 1.1.4322; InfoPath.1; .NET CLR 2.0.50727; WWTClient2)"
70.152.90.56 - - [08/Jun/2008:06:46:52 +0200] "GET /bannerz/neon_click_1.gif HTTP/1.1" 200 890 "http://www.various-euro.com/frame-inhalt.html" "Mozilla/4.0 (compatible; MSIE 6.0; Windows NT 5.1; SV1; .NET CLR 1.1.4322; InfoPath.1; .NET CLR 2.0.50727; WWTClient2)"
70.152.90.56 - - [08/Jun/2008:06:46:52 +0200] "GET /bannerz/google/Logo_40blk.gif HTTP/1.1" 200 2308 "http://www.various-euro.com/frame-inhalt.html" "Mozilla/4.0 (compatible; MSIE 6.0; Windows NT 5.1; SV1; .NET CLR 1.1.4322; InfoPath.1; .NET CLR 2.0.50727; WWTClient2)"
70.152.90.56 - - [08/Jun/2008:06:46:53 +0200] "GET /bannerz/wet.gif HTTP/1.1" 200 18561 "http://www.various-euro.com/frame-inhalt.html" "Mozilla/4.0 (compatible; MSIE 6.0; Windows NT 5.1; SV1; .NET CLR 1.1.4322; InfoPath.1; .NET CLR 2.0.50727; WWTClient2)"
70.152.90.56 - - [08/Jun/2008:06:46:53 +0200] "GET /bannerz/neon_click_2.gif HTTP/1.1" 200 387 "http://www.various-euro.com/frame-inhalt.html" "Mozilla/4.0 (compatible; MSIE 6.0; Windows NT 5.1; SV1; .NET CLR 1.1.4322; InfoPath.1; .NET CLR 2.0.50727; WWTClient2)"
70.152.90.56 - - [08/Jun/2008:06:46:53 +0200] "GET /bannerz/douwil.gif HTTP/1.1" 200 528 "http://www.various-euro.com/frame-inhalt.html" "Mozilla/4.0 (compatible; MSIE 6.0; Windows NT 5.1; SV1; .NET CLR 1.1.4322; InfoPath.1; .NET CLR 2.0.50727; WWTClient2)"
70.152.90.56 - - [08/Jun/2008:06:46:53 +0200] "GET /bannerz/anti_black_small.gif HTTP/1.1" 200 1009 "http://www.various-euro.com/frame-inhalt.html" "Mozilla/4.0 (compatible; MSIE 6.0; Windows NT 5.1; SV1; .NET CLR 1.1.4322; InfoPath.1; .NET CLR 2.0.50727; WWTClient2)"
70.152.90.56 - - [08/Jun/2008:06:46:53 +0200] "GET /bannerz/copyleft_black_small.gif HTTP/1.1" 200 1231 "http://www.various-euro.com/frame-inhalt.html" "Mozilla/4.0 (compatible; MSIE 6.0; Windows NT 5.1; SV1; .NET CLR 1.1.4322; InfoPath.1; .NET CLR 2.0.50727; WWTClient2)"
74.6.22.94 - - [08/Jun/2008:06:47:13 +0200] "GET /robots.txt HTTP/1.0" 200 64 "-" "Mozilla/5.0 (compatible; Yahoo! Slurp; http://help.yahoo.com/help/us/ysearch/slurp)"
67.195.51.243 - - [08/Jun/2008:06:47:14 +0200] "GET /rez/ HTTP/1.0" 403 1223 "-" "Mozilla/5.0 (compatible; Yahoo! Slurp; http://help.yahoo.com/help/us/ysearch/slurp)"
74.6.22.151 - - [08/Jun/2008:07:02:47 +0200] "GET /logs/usage_200703.html HTTP/1.0" 200 108444 "-" "Mozilla/5.0 (compatible; Yahoo! Slurp; http://help.yahoo.com/help/us/ysearch/slurp)"
74.6.22.151 - - [08/Jun/2008:07:05:13 +0200] "GET /zampa/lybia/index.html HTTP/1.0" 200 3036 "-" "Mozilla/5.0 (compatible; Yahoo! Slurp; http://help.yahoo.com/help/us/ysearch/slurp)"
74.6.22.151 - - [08/Jun/2008:07:20:34 +0200] "GET /logs/usage_200609.html HTTP/1.0" 200 108989 "-" "Mozilla/5.0 (compatible; Yahoo! Slurp; http://help.yahoo.com/help/us/ysearch/slurp)"
81.52.143.15 - - [08/Jun/2008:07:31:34 +0200] "GET /robots.txt HTTP/1.1" 200 64 "-" "Mozilla/5.0 (Windows; U; Windows NT 5.1; fr; rv:1.8.1) VoilaBot BETA 1.2 (support.voilabot@orange-ftgroup.com)"
81.52.143.15 - - [08/Jun/2008:07:31:40 +0200] "GET /f-links.html HTTP/1.1" 404 2748 "-" "Mozilla/5.0 (Windows; U; Windows NT 5.1; fr; rv:1.8.1) VoilaBot BETA 1.2 (support.voilabot@orange-ftgroup.com)"
119.63.193.129 - - [08/Jun/2008:07:43:39 +0200] "GET /robots.txt HTTP/1.1" 200 64 "-" "Baiduspider+(+http://www.baidu.com/search/spider_jp.html)"
67.195.37.109 - - [08/Jun/2008:07:45:22 +0200] "GET /frame-menu.html HTTP/1.0" 200 10492 "-" "Mozilla/5.0 (compatible; Yahoo! Slurp/3.0; http://help.yahoo.com/help/us/ysearch/slurp)"
65.55.211.165 - - [08/Jun/2008:07:45:59 +0200] "GET /robots.txt HTTP/1.1" 200 64 "-" "msnbot/1.1 (+http://search.msn.com/msnbot.htm)"
65.55.211.165 - - [08/Jun/2008:07:45:59 +0200] "GET /neon/annniiii.html HTTP/1.1" 200 686 "-" "msnbot/1.1 (+http://search.msn.com/msnbot.htm)"
81.52.143.15 - - [08/Jun/2008:08:21:15 +0200] "GET /robots.txt HTTP/1.1" 200 64 "-" "Mozilla/5.0 (Windows; U; Windows NT 5.1; fr; rv:1.8.1) VoilaBot BETA 1.2 (support.voilabot@orange-ftgroup.com)"
81.52.143.15 - - [08/Jun/2008:08:21:16 +0200] "GET /f-maintitle.html HTTP/1.1" 200 5030 "-" "Mozilla/5.0 (Windows; U; Windows NT 5.1; fr; rv:1.8.1) VoilaBot BETA 1.2 (support.voilabot@orange-ftgroup.com)"
66.249.66.4 - - [08/Jun/2008:08:22:46 +0200] "GET /framez.html HTTP/1.1" 200 3883 "-" "Mozilla/5.0 (compatible; Googlebot/2.1; +http://www.google.com/bot.html)"
74.6.22.151 - - [08/Jun/2008:08:34:00 +0200] "GET /frame-inhalt.html HTTP/1.0" 200 5834 "-" "Mozilla/5.0 (compatible; Yahoo! Slurp; http://help.yahoo.com/help/us/ysearch/slurp)"
193.252.149.16 - - [08/Jun/2008:08:44:53 +0200] "GET http://www.various-euro.com:80/robots.txt HTTP/1.1" 200 64 "-" "Mozilla/5.0 (Windows; U; Windows NT 5.1; fr; rv:1.8.1) VoilaBot BETA 1.2 (support.voilabot@orange-ftgroup.com)"
193.252.149.16 - - [08/Jun/2008:08:44:57 +0200] "GET /f-net.html HTTP/1.1" 200 9913 "-" "Mozilla/5.0 (Windows; U; Windows NT 5.1; fr; rv:1.8.1) VoilaBot BETA 1.2 (support.voilabot@orange-ftgroup.com)"
65.55.211.151 - - [08/Jun/2008:09:00:25 +0200] "GET /robots.txt HTTP/1.1" 304 - "-" "msnbot/1.1 (+http://search.msn.com/msnbot.htm)"
65.55.211.157 - - [08/Jun/2008:09:01:05 +0200] "GET /neon/biggtani.html HTTP/1.1" 200 1698 "-" "msnbot/1.1 (+http://search.msn.com/msnbot.htm)"
83.21.241.110 - - [08/Jun/2008:09:05:29 +0200] "GET /framez-rez.html HTTP/1.1" 200 4323 "http://www.google.pl/search?hl=pl&client=firefox-a&rls=com.google%3Aen-US%3Aofficial&hs=0fZ&q=berlin+bordeaux&btnG=Szukaj&lr=" "Mozilla/5.0 (Windows; U; Windows NT 5.1; en-US; rv:1.8.1.14) Gecko/20080404 Firefox/2.0.0.14"
83.21.241.110 - - [08/Jun/2008:09:05:30 +0200] "GET /ve-icon-2.ico HTTP/1.1" 200 2238 "-" "Mozilla/5.0 (Windows; U; Windows NT 5.1; en-US; rv:1.8.1.14) Gecko/20080404 Firefox/2.0.0.14"
83.21.241.110 - - [08/Jun/2008:09:05:30 +0200] "GET /frame-menu.html HTTP/1.1" 200 10492 "http://www.various-euro.com/framez-rez.html" "Mozilla/5.0 (Windows; U; Windows NT 5.1; en-US; rv:1.8.1.14) Gecko/20080404 Firefox/2.0.0.14"
83.21.241.110 - - [08/Jun/2008:09:05:30 +0200] "GET /f-rez.html HTTP/1.1" 200 9765 "http://www.various-euro.com/framez-rez.html" "Mozilla/5.0 (Windows; U; Windows NT 5.1; en-US; rv:1.8.1.14) Gecko/20080404 Firefox/2.0.0.14"
83.21.241.110 - - [08/Jun/2008:09:05:30 +0200] "GET /frame-unten.html HTTP/1.1" 200 5308 "http://www.various-euro.com/framez-rez.html" "Mozilla/5.0 (Windows; U; Windows NT 5.1; en-US; rv:1.8.1.14) Gecko/20080404 Firefox/2.0.0.14"
83.21.241.110 - - [08/Jun/2008:09:05:30 +0200] "GET /rez/ma.jpg HTTP/1.1" 200 12893 "http://www.various-euro.com/f-rez.html" "Mozilla/5.0 (Windows; U; Windows NT 5.1; en-US; rv:1.8.1.14) Gecko/20080404 Firefox/2.0.0.14"
83.21.241.110 - - [08/Jun/2008:09:05:31 +0200] "GET /rez/mb.jpg HTTP/1.1" 200 12467 "http://www.various-euro.com/f-rez.html" "Mozilla/5.0 (Windows; U; Windows NT 5.1; en-US; rv:1.8.1.14) Gecko/20080404 Firefox/2.0.0.14"
83.21.241.110 - - [08/Jun/2008:09:05:31 +0200] "GET /rez/car.gif HTTP/1.1" 404 2748 "http://www.various-euro.com/f-rez.html" "Mozilla/5.0 (Windows; U; Windows NT 5.1; en-US; rv:1.8.1.14) Gecko/20080404 Firefox/2.0.0.14"
83.21.241.110 - - [08/Jun/2008:09:05:32 +0200] "GET /rez/tec.gif HTTP/1.1" 200 732 "http://www.various-euro.com/f-rez.html" "Mozilla/5.0 (Windows; U; Windows NT 5.1; en-US; rv:1.8.1.14) Gecko/20080404 Firefox/2.0.0.14"
83.21.241.110 - - [08/Jun/2008:09:05:32 +0200] "GET /bannerz/various-euro-girl.jpg HTTP/1.1" 200 91514 "http://www.various-euro.com/frame-unten.html" "Mozilla/5.0 (Windows; U; Windows NT 5.1; en-US; rv:1.8.1.14) Gecko/20080404 Firefox/2.0.0.14"
83.21.241.110 - - [08/Jun/2008:09:05:32 +0200] "GET /bannerz/ve.jpg HTTP/1.1" 200 36912 "http://www.various-euro.com/frame-unten.html" "Mozilla/5.0 (Windows; U; Windows NT 5.1; en-US; rv:1.8.1.14) Gecko/20080404 Firefox/2.0.0.14"
67.195.52.42 - - [08/Jun/2008:09:06:53 +0200] "GET /f-zeug.html HTTP/1.0" 200 45338 "-" "Mozilla/5.0 (compatible; Yahoo! Slurp; http://help.yahoo.com/help/us/ysearch/slurp)"
66.249.66.4 - - [08/Jun/2008:09:16:11 +0200] "GET /logz.html HTTP/1.1" 404 2748 "-" "Mozilla/5.0 (compatible; Googlebot/2.1; +http://www.google.com/bot.html)"
84.190.64.204 - - [08/Jun/2008:09:21:12 +0200] "GET / HTTP/1.1" 200 10127 "-" "Mozilla/5.0 (X11; U; Linux i686; de; rv:1.9) Gecko/2008052912 Firefox/3.0"
84.190.64.204 - - [08/Jun/2008:09:21:12 +0200] "GET /ve-icon-2.ico HTTP/1.1" 200 2238 "-" "Mozilla/5.0 (X11; U; Linux i686; de; rv:1.9) Gecko/2008052912 Firefox/3.0"
84.190.64.204 - - [08/Jun/2008:09:21:12 +0200] "GET /framez_0.html HTTP/1.1" 200 12444 "http://www.various-euro.com/" "Mozilla/5.0 (X11; U; Linux i686; de; rv:1.9) Gecko/2008052912 Firefox/3.0"
84.190.64.204 - - [08/Jun/2008:09:21:14 +0200] "GET /framez.html HTTP/1.1" 200 3883 "http://www.various-euro.com/framez_0.html" "Mozilla/5.0 (X11; U; Linux i686; de; rv:1.9) Gecko/2008052912 Firefox/3.0"
84.190.64.204 - - [08/Jun/2008:09:21:14 +0200] "GET /frame-menu.html HTTP/1.1" 200 10492 "http://www.various-euro.com/framez.html" "Mozilla/5.0 (X11; U; Linux i686; de; rv:1.9) Gecko/2008052912 Firefox/3.0"
84.190.64.204 - - [08/Jun/2008:09:21:14 +0200] "GET /frame-inhalt.html HTTP/1.1" 200 5834 "http://www.various-euro.com/framez.html" "Mozilla/5.0 (X11; U; Linux i686; de; rv:1.9) Gecko/2008052912 Firefox/3.0"
84.190.64.204 - - [08/Jun/2008:09:21:14 +0200] "GET /frame-unten.html HTTP/1.1" 200 5308 "http://www.various-euro.com/framez.html" "Mozilla/5.0 (X11; U; Linux i686; de; rv:1.9) Gecko/2008052912 Firefox/3.0"
84.190.64.204 - - [08/Jun/2008:09:21:14 +0200] "GET /bannerz/neon_click_3.gif HTTP/1.1" 200 240 "http://www.various-euro.com/frame-inhalt.html" "Mozilla/5.0 (X11; U; Linux i686; de; rv:1.9) Gecko/2008052912 Firefox/3.0"
84.190.64.204 - - [08/Jun/2008:09:21:14 +0200] "GET /eurosign3.gif HTTP/1.1" 200 7879 "http://www.various-euro.com/frame-inhalt.html" "Mozilla/5.0 (X11; U; Linux i686; de; rv:1.9) Gecko/2008052912 Firefox/3.0"
84.190.64.204 - - [08/Jun/2008:09:21:15 +0200] "GET /bannerz/neon_click_1.gif HTTP/1.1" 200 890 "http://www.various-euro.com/frame-inhalt.html" "Mozilla/5.0 (X11; U; Linux i686; de; rv:1.9) Gecko/2008052912 Firefox/3.0"
84.190.64.204 - - [08/Jun/2008:09:21:14 +0200] "GET /bannerz/wet.gif HTTP/1.1" 200 18561 "http://www.various-euro.com/frame-inhalt.html" "Mozilla/5.0 (X11; U; Linux i686; de; rv:1.9) Gecko/2008052912 Firefox/3.0"
84.190.64.204 - - [08/Jun/2008:09:21:15 +0200] "GET /bannerz/neon_click_2.gif HTTP/1.1" 200 387 "http://www.various-euro.com/frame-inhalt.html" "Mozilla/5.0 (X11; U; Linux i686; de; rv:1.9) Gecko/2008052912 Firefox/3.0"
84.190.64.204 - - [08/Jun/2008:09:21:15 +0200] "GET /bannerz/douwil.gif HTTP/1.1" 200 528 "http://www.various-euro.com/frame-inhalt.html" "Mozilla/5.0 (X11; U; Linux i686; de; rv:1.9) Gecko/2008052912 Firefox/3.0"
84.190.64.204 - - [08/Jun/2008:09:21:15 +0200] "GET /bannerz/anti_black_small.gif HTTP/1.1" 200 1009 "http://www.various-euro.com/frame-inhalt.html" "Mozilla/5.0 (X11; U; Linux i686; de; rv:1.9) Gecko/2008052912 Firefox/3.0"
84.190.64.204 - - [08/Jun/2008:09:21:15 +0200] "GET /bannerz/copyleft_black_small.gif HTTP/1.1" 200 1231 "http://www.various-euro.com/frame-inhalt.html" "Mozilla/5.0 (X11; U; Linux i686; de; rv:1.9) Gecko/2008052912 Firefox/3.0"
84.190.64.204 - - [08/Jun/2008:09:21:15 +0200] "GET /bannerz/google/Logo_40blk.gif HTTP/1.1" 200 2308 "http://www.various-euro.com/frame-inhalt.html" "Mozilla/5.0 (X11; U; Linux i686; de; rv:1.9) Gecko/2008052912 Firefox/3.0"
84.190.64.204 - - [08/Jun/2008:09:21:14 +0200] "GET /bannerz/goolag_468.jpg HTTP/1.1" 200 28285 "http://www.various-euro.com/frame-inhalt.html" "Mozilla/5.0 (X11; U; Linux i686; de; rv:1.9) Gecko/2008052912 Firefox/3.0"
84.190.64.204 - - [08/Jun/2008:09:21:15 +0200] "GET /bannerz/ve.jpg HTTP/1.1" 200 36912 "http://www.various-euro.com/frame-unten.html" "Mozilla/5.0 (X11; U; Linux i686; de; rv:1.9) Gecko/2008052912 Firefox/3.0"
84.190.64.204 - - [08/Jun/2008:09:21:15 +0200] "GET /bannerz/various-euro-girl.jpg HTTP/1.1" 200 91514 "http://www.various-euro.com/frame-unten.html" "Mozilla/5.0 (X11; U; Linux i686; de; rv:1.9) Gecko/2008052912 Firefox/3.0"
84.190.64.204 - - [08/Jun/2008:09:21:15 +0200] "GET /bannerz/ubu-shot.png HTTP/1.1" 200 200117 "http://www.various-euro.com/frame-menu.html" "Mozilla/5.0 (X11; U; Linux i686; de; rv:1.9) Gecko/2008052912 Firefox/3.0"
84.190.64.204 - - [08/Jun/2008:09:25:50 +0200] "GET /mashup/ HTTP/1.1" 200 13983 "-" "Mozilla/5.0 (X11; U; Linux i686; de; rv:1.9) Gecko/2008052912 Firefox/3.0"
84.190.64.204 - - [08/Jun/2008:09:25:50 +0200] "GET /mashup/bannerz/neon_click_2.gif HTTP/1.1" 404 2748 "http://www.various-euro.com/mashup/" "Mozilla/5.0 (X11; U; Linux i686; de; rv:1.9) Gecko/2008052912 Firefox/3.0"
84.190.64.204 - - [08/Jun/2008:09:25:50 +0200] "GET /mashup/bannerz/douwil.gif HTTP/1.1" 404 2748 "http://www.various-euro.com/mashup/" "Mozilla/5.0 (X11; U; Linux i686; de; rv:1.9) Gecko/2008052912 Firefox/3.0"
84.190.64.204 - - [08/Jun/2008:09:25:50 +0200] "GET /mashup/bannerz/anti_black_small.gif HTTP/1.1" 404 2748 "http://www.various-euro.com/mashup/" "Mozilla/5.0 (X11; U; Linux i686; de; rv:1.9) Gecko/2008052912 Firefox/3.0"
84.190.64.204 - - [08/Jun/2008:09:25:50 +0200] "GET /mashup/bannerz/copyleft_black_small.gif HTTP/1.1" 404 2748 "http://www.various-euro.com/mashup/" "Mozilla/5.0 (X11; U; Linux i686; de; rv:1.9) Gecko/2008052912 Firefox/3.0"
84.190.64.204 - - [08/Jun/2008:09:25:50 +0200] "GET /mashup/bannerz/ve.jpg HTTP/1.1" 404 2748 "http://www.various-euro.com/mashup/" "Mozilla/5.0 (X11; U; Linux i686; de; rv:1.9) Gecko/2008052912 Firefox/3.0"
84.190.64.204 - - [08/Jun/2008:09:25:50 +0200] "GET /mashup/style/various-euro.css HTTP/1.1" 200 3447 "http://www.various-euro.com/mashup/" "Mozilla/5.0 (X11; U; Linux i686; de; rv:1.9) Gecko/2008052912 Firefox/3.0"
84.190.64.204 - - [08/Jun/2008:09:25:50 +0200] "GET /mashup/bannerz/neon_click_3.gif HTTP/1.1" 404 2748 "http://www.various-euro.com/mashup/" "Mozilla/5.0 (X11; U; Linux i686; de; rv:1.9) Gecko/2008052912 Firefox/3.0"
84.190.64.204 - - [08/Jun/2008:09:25:50 +0200] "GET /mashup/bannerz/goolag_468.jpg HTTP/1.1" 404 2748 "http://www.various-euro.com/mashup/" "Mozilla/5.0 (X11; U; Linux i686; de; rv:1.9) Gecko/2008052912 Firefox/3.0"
84.190.64.204 - - [08/Jun/2008:09:25:50 +0200] "GET /mashup/eurosign3.gif HTTP/1.1" 404 2748 "http://www.various-euro.com/mashup/" "Mozilla/5.0 (X11; U; Linux i686; de; rv:1.9) Gecko/2008052912 Firefox/3.0"
84.190.64.204 - - [08/Jun/2008:09:25:50 +0200] "GET /mashup/bannerz/neon_click_1.gif HTTP/1.1" 404 2748 "http://www.various-euro.com/mashup/" "Mozilla/5.0 (X11; U; Linux i686; de; rv:1.9) Gecko/2008052912 Firefox/3.0"
84.190.64.204 - - [08/Jun/2008:09:25:50 +0200] "GET /mashup/bannerz/wet.gif HTTP/1.1" 404 2748 "http://www.various-euro.com/mashup/" "Mozilla/5.0 (X11; U; Linux i686; de; rv:1.9) Gecko/2008052912 Firefox/3.0"
84.190.64.204 - - [08/Jun/2008:09:25:50 +0200] "GET /mashup/bannerz/google/Logo_40blk.gif HTTP/1.1" 404 2748 "http://www.various-euro.com/mashup/" "Mozilla/5.0 (X11; U; Linux i686; de; rv:1.9) Gecko/2008052912 Firefox/3.0"
