65.55.211.169 - - [10/Jun/2008:23:38:49 +0200] "GET /robots.txt HTTP/1.1" 200 64 "-" "msnbot/1.1 (+http://search.msn.com/msnbot.htm)"
65.55.211.169 - - [10/Jun/2008:23:38:50 +0200] "GET /zampa/montenegro/ HTTP/1.1" 200 2651 "-" "msnbot/1.1 (+http://search.msn.com/msnbot.htm)"
64.1.215.165 - - [10/Jun/2008:23:50:55 +0200] "GET /robots.txt HTTP/1.0" 200 64 "-" "Mozilla/5.0 (Twiceler-0.9 http://www.cuill.com/twiceler/robot.html)"
65.55.211.157 - - [10/Jun/2008:23:53:34 +0200] "GET /robots.txt HTTP/1.1" 200 64 "-" "msnbot/1.1 (+http://search.msn.com/msnbot.htm)"
65.55.211.157 - - [10/Jun/2008:23:53:34 +0200] "GET /logs/usage_200701.html HTTP/1.1" 200 109268 "-" "msnbot/1.1 (+http://search.msn.com/msnbot.htm)"
79.126.252.15 - - [11/Jun/2008:00:01:17 +0200] "GET / HTTP/1.1" 200 10127 "-" "Mozilla/4.0 (compatible; MSIE 6.0; Windows NT 5.1;1813)"
67.195.37.109 - - [11/Jun/2008:00:28:37 +0200] "GET /robots.txt HTTP/1.0" 200 64 "-" "Mozilla/5.0 (compatible; Yahoo! Slurp; http://help.yahoo.com/help/us/ysearch/slurp)"
67.195.37.109 - - [11/Jun/2008:00:28:37 +0200] "GET /f-channel1.html HTTP/1.0" 200 5713 "-" "Mozilla/5.0 (compatible; Yahoo! Slurp/3.0; http://help.yahoo.com/help/us/ysearch/slurp)"
74.6.22.88 - - [11/Jun/2008:00:40:36 +0200] "GET /f-channel1.html HTTP/1.0" 200 5713 "-" "Mozilla/5.0 (compatible; Yahoo! Slurp; http://help.yahoo.com/help/us/ysearch/slurp)"
128.54.59.208 - - [11/Jun/2008:01:07:04 +0200] "GET / HTTP/1.0" 200 10127 "-" "Mozilla/5.0 (X11; U; Linux x86_64; en-US; rv:1.9b5) Gecko/2008040514 Firefox/3.0b5"
128.54.59.208 - - [11/Jun/2008:01:07:16 +0200] "GET /ve-icon-2.ico HTTP/1.0" 200 2238 "http://www.various-euro.com/" "Mozilla/5.0 (X11; U; Linux x86_64; en-US; rv:1.9b5) Gecko/2008040514 Firefox/3.0b5"
128.54.59.208 - - [11/Jun/2008:01:07:20 +0200] "GET /framez.html HTTP/1.0" 200 3883 "http://www.various-euro.com/" "Mozilla/5.0 (X11; U; Linux x86_64; en-US; rv:1.9b5) Gecko/2008040514 Firefox/3.0b5"
74.6.22.88 - - [11/Jun/2008:01:30:48 +0200] "GET /f-actions.html HTTP/1.0" 200 10429 "-" "Mozilla/5.0 (compatible; Yahoo! Slurp; http://help.yahoo.com/help/us/ysearch/slurp)"
65.55.211.157 - - [11/Jun/2008:01:36:16 +0200] "GET /framez_0.html HTTP/1.1" 200 12444 "-" "msnbot/1.1 (+http://search.msn.com/msnbot.htm)"
67.195.37.109 - - [11/Jun/2008:01:47:19 +0200] "GET /sendi-agent/interfiction-sendi.mpg HTTP/1.0" 404 2748 "-" "Mozilla/5.0 (compatible; Yahoo! Slurp/3.0; http://help.yahoo.com/help/us/ysearch/slurp)"
74.6.22.88 - - [11/Jun/2008:01:50:02 +0200] "GET /framez-zampa-lovers.html HTTP/1.0" 200 4322 "-" "Mozilla/5.0 (compatible; Yahoo! Slurp; http://help.yahoo.com/help/us/ysearch/slurp)"
74.6.22.88 - - [11/Jun/2008:01:50:03 +0200] "GET /frame-menu.html HTTP/1.0" 200 10492 "-" "Mozilla/5.0 (compatible; Yahoo! Slurp; http://help.yahoo.com/help/us/ysearch/slurp)"
74.6.22.88 - - [11/Jun/2008:01:50:05 +0200] "GET /zampa-lovers/index.html HTTP/1.0" 200 37790 "-" "Mozilla/5.0 (compatible; Yahoo! Slurp; http://help.yahoo.com/help/us/ysearch/slurp)"
74.6.22.88 - - [11/Jun/2008:01:50:06 +0200] "GET /frame-unten.html HTTP/1.0" 200 5308 "-" "Mozilla/5.0 (compatible; Yahoo! Slurp; http://help.yahoo.com/help/us/ysearch/slurp)"
193.252.149.16 - - [11/Jun/2008:01:55:35 +0200] "GET /frame-inhalt.html HTTP/1.1" 200 8784 "-" "Mozilla/5.0 (Windows; U; Windows NT 5.1; fr; rv:1.8.1) VoilaBot BETA 1.2 (support.voilabot@orange-ftgroup.com)"
129.241.50.35 - "" [11/Jun/2008:02:35:33 +0200] "GET /framez.html HTTP/1.1" 200 3883 "-" "boitho.com-dc/0.86 ( http://www.boitho.com/dcbot.html )"
74.6.22.94 - - [11/Jun/2008:02:38:16 +0200] "GET /robots.txt HTTP/1.0" 200 64 "-" "Mozilla/5.0 (compatible; Yahoo! Slurp; http://help.yahoo.com/help/us/ysearch/slurp)"
67.195.51.166 - - [11/Jun/2008:02:38:16 +0200] "GET / HTTP/1.0" 200 10127 "-" "Mozilla/5.0 (compatible; Yahoo! Slurp; http://help.yahoo.com/help/us/ysearch/slurp)"
67.195.37.109 - - [11/Jun/2008:02:39:24 +0200] "GET /framez-rez.html HTTP/1.0" 200 4323 "-" "Mozilla/5.0 (compatible; Yahoo! Slurp/3.0; http://help.yahoo.com/help/us/ysearch/slurp)"
67.195.37.109 - - [11/Jun/2008:02:39:25 +0200] "GET /f-rez.html HTTP/1.0" 200 9765 "http://www.various-euro.com/framez-rez.html" "Mozilla/5.0 (compatible; Yahoo! Slurp/3.0; http://help.yahoo.com/help/us/ysearch/slurp)"
67.195.37.109 - - [11/Jun/2008:02:39:25 +0200] "GET /frame-menu.html HTTP/1.0" 200 10492 "http://www.various-euro.com/framez-rez.html" "Mozilla/5.0 (compatible; Yahoo! Slurp/3.0; http://help.yahoo.com/help/us/ysearch/slurp)"
67.195.37.109 - - [11/Jun/2008:02:39:25 +0200] "GET /frame-unten.html HTTP/1.0" 200 5308 "http://www.various-euro.com/framez-rez.html" "Mozilla/5.0 (compatible; Yahoo! Slurp/3.0; http://help.yahoo.com/help/us/ysearch/slurp)"
66.249.66.4 - - [11/Jun/2008:02:40:00 +0200] "GET /robots.txt HTTP/1.1" 200 64 "-" "Mozilla/5.0 (compatible; Googlebot/2.1; +http://www.google.com/bot.html)"
66.249.66.4 - - [11/Jun/2008:02:40:01 +0200] "GET /3dsf3/sendi/communication.html HTTP/1.1" 200 1331 "-" "Mozilla/5.0 (compatible; Googlebot/2.1; +http://www.google.com/bot.html)"
208.80.193.37 - - [11/Jun/2008:02:49:05 +0200] "GET / HTTP/1.0" 200 10127 "-" "Mozilla/4.0 (compatible; MSIE 5.5; Windows 98; AT&T CSM 6; FunWebProducts; HbTools 4.8.0)"
208.80.193.37 - - [11/Jun/2008:02:49:05 +0200] "GET / HTTP/1.0" 200 10127 "-" "Mozilla/4.0 (compatible; MSIE 6.0; Windows NT 5.1; {3B09CC5D-0918-2E49-313C-481BB95A27E6}; .NET CLR 1.1.4322)"
65.55.211.167 - - [11/Jun/2008:02:51:55 +0200] "GET /robots.txt HTTP/1.1" 200 64 "-" "msnbot/1.1 (+http://search.msn.com/msnbot.htm)"
65.55.211.167 - - [11/Jun/2008:02:51:55 +0200] "GET /f-doku-brau.html HTTP/1.1" 200 7152 "-" "msnbot/1.1 (+http://search.msn.com/msnbot.htm)"
65.55.110.172 - - [11/Jun/2008:02:54:09 +0200] "GET /f-doku-brau.html HTTP/1.0" 200 7152 "http://search.live.com/results.aspx?q=braeu&form=QBHP" "Mozilla/4.0 (compatible; MSIE 7.0; Windows NT 5.2; .NET CLR 1.1.4322)"
65.55.110.172 - - [11/Jun/2008:02:54:11 +0200] "GET /framez-dbrau.html HTTP/1.0" 200 4313 "-" "Mozilla/4.0 (compatible; MSIE 7.0; Windows NT 5.2; .NET CLR 1.1.4322)"
65.55.110.172 - - [11/Jun/2008:02:54:11 +0200] "GET /frame-menu.html HTTP/1.0" 200 10492 "http://www.various-euro.com/framez-dbrau.html" "Mozilla/4.0 (compatible; MSIE 7.0; Windows NT 5.2; .NET CLR 1.1.4322)"
65.55.110.172 - - [11/Jun/2008:02:54:11 +0200] "GET /f-doku-brau.html HTTP/1.0" 200 7152 "http://www.various-euro.com/framez-dbrau.html" "Mozilla/4.0 (compatible; MSIE 7.0; Windows NT 5.2; .NET CLR 1.1.4322)"
65.55.110.172 - - [11/Jun/2008:02:54:12 +0200] "GET /frame-unten.html HTTP/1.0" 200 5308 "http://www.various-euro.com/framez-dbrau.html" "Mozilla/4.0 (compatible; MSIE 7.0; Windows NT 5.2; .NET CLR 1.1.4322)"
74.6.22.88 - - [11/Jun/2008:03:06:31 +0200] "GET / HTTP/1.0" 200 10127 "-" "Mozilla/5.0 (compatible; Yahoo! Slurp; http://help.yahoo.com/help/us/ysearch/slurp)"
67.195.37.109 - - [11/Jun/2008:03:09:17 +0200] "GET /f-other.html HTTP/1.0" 200 33189 "-" "Mozilla/5.0 (compatible; Yahoo! Slurp/3.0; http://help.yahoo.com/help/us/ysearch/slurp)"
67.68.228.109 - - [11/Jun/2008:03:19:34 +0200] "GET / HTTP/1.1" 200 10127 "-" "Mozilla/4.0 (compatible; MSIE 6.0; Windows NT 5.1;1813)"
67.68.228.109 - - [11/Jun/2008:03:22:02 +0200] "GET / HTTP/1.1" 200 10127 "-" "Mozilla/4.0 (compatible; MSIE 6.0; Windows NT 5.1;1813)"
189.129.138.224 - - [11/Jun/2008:03:42:42 +0200] "GET / HTTP/1.1" 200 10127 "http://www.google.com.pe/search?q=euro.com&hl=es&safe=active&oe=ISO-8859-1" "Mozilla/4.0 (compatible; MSIE 6.0; Windows NT 5.1; SV1)"
189.129.138.224 - - [11/Jun/2008:03:42:45 +0200] "GET /framez_0.html HTTP/1.1" 200 12444 "-" "Mozilla/4.0 (compatible; MSIE 6.0; Windows NT 5.1; SV1)"
189.129.138.224 - - [11/Jun/2008:03:43:04 +0200] "GET /framez.html HTTP/1.1" 200 3883 "-" "Mozilla/4.0 (compatible; MSIE 6.0; Windows NT 5.1; SV1)"
189.129.138.224 - - [11/Jun/2008:03:43:05 +0200] "GET /frame-menu.html HTTP/1.1" 200 10492 "http://www.various-euro.com/framez.html" "Mozilla/4.0 (compatible; MSIE 6.0; Windows NT 5.1; SV1)"
189.129.138.224 - - [11/Jun/2008:03:43:06 +0200] "GET /frame-inhalt.html HTTP/1.1" 200 8784 "http://www.various-euro.com/framez.html" "Mozilla/4.0 (compatible; MSIE 6.0; Windows NT 5.1; SV1)"
189.129.138.224 - - [11/Jun/2008:03:43:07 +0200] "GET /frame-unten.html HTTP/1.1" 200 5308 "http://www.various-euro.com/framez.html" "Mozilla/4.0 (compatible; MSIE 6.0; Windows NT 5.1; SV1)"
189.129.138.224 - - [11/Jun/2008:03:43:08 +0200] "GET /bannerz/neon_click_3.gif HTTP/1.1" 200 240 "http://www.various-euro.com/frame-inhalt.html" "Mozilla/4.0 (compatible; MSIE 6.0; Windows NT 5.1; SV1)"
189.129.138.224 - - [11/Jun/2008:03:43:09 +0200] "GET /eurosign3.gif HTTP/1.1" 200 7879 "http://www.various-euro.com/frame-inhalt.html" "Mozilla/4.0 (compatible; MSIE 6.0; Windows NT 5.1; SV1)"
189.129.138.224 - - [11/Jun/2008:03:43:11 +0200] "GET /bannerz/goolag_468.jpg HTTP/1.1" 200 28285 "http://www.various-euro.com/frame-inhalt.html" "Mozilla/4.0 (compatible; MSIE 6.0; Windows NT 5.1; SV1)"
189.129.138.224 - - [11/Jun/2008:03:43:08 +0200] "GET /bannerz/ubu-shot.png HTTP/1.1" 200 200117 "http://www.various-euro.com/frame-menu.html" "Mozilla/4.0 (compatible; MSIE 6.0; Windows NT 5.1; SV1)"
189.129.138.224 - - [11/Jun/2008:03:43:13 +0200] "GET /bannerz/neon_click_1.gif HTTP/1.1" 200 890 "http://www.various-euro.com/frame-inhalt.html" "Mozilla/4.0 (compatible; MSIE 6.0; Windows NT 5.1; SV1)"
189.129.138.224 - - [11/Jun/2008:03:43:13 +0200] "GET /bannerz/wet.gif HTTP/1.1" 200 18561 "http://www.various-euro.com/frame-inhalt.html" "Mozilla/4.0 (compatible; MSIE 6.0; Windows NT 5.1; SV1)"
189.129.138.224 - - [11/Jun/2008:03:43:14 +0200] "GET /bannerz/google/Logo_40blk.gif HTTP/1.1" 200 2308 "http://www.various-euro.com/frame-inhalt.html" "Mozilla/4.0 (compatible; MSIE 6.0; Windows NT 5.1; SV1)"
189.129.138.224 - - [11/Jun/2008:03:43:14 +0200] "GET /bannerz/neon_click_2.gif HTTP/1.1" 200 387 "http://www.various-euro.com/frame-inhalt.html" "Mozilla/4.0 (compatible; MSIE 6.0; Windows NT 5.1; SV1)"
189.129.138.224 - - [11/Jun/2008:03:43:14 +0200] "GET /bannerz/douwil.gif HTTP/1.1" 200 528 "http://www.various-euro.com/frame-inhalt.html" "Mozilla/4.0 (compatible; MSIE 6.0; Windows NT 5.1; SV1)"
189.129.138.224 - - [11/Jun/2008:03:43:15 +0200] "GET /bannerz/anti_black_small.gif HTTP/1.1" 200 1009 "http://www.various-euro.com/frame-inhalt.html" "Mozilla/4.0 (compatible; MSIE 6.0; Windows NT 5.1; SV1)"
189.129.138.224 - - [11/Jun/2008:03:43:15 +0200] "GET /bannerz/copyleft_black_small.gif HTTP/1.1" 200 1231 "http://www.various-euro.com/frame-inhalt.html" "Mozilla/4.0 (compatible; MSIE 6.0; Windows NT 5.1; SV1)"
189.129.138.224 - - [11/Jun/2008:03:43:15 +0200] "GET /bannerz/ve.jpg HTTP/1.1" 200 36912 "http://www.various-euro.com/frame-unten.html" "Mozilla/4.0 (compatible; MSIE 6.0; Windows NT 5.1; SV1)"
189.129.138.224 - - [11/Jun/2008:03:43:16 +0200] "GET /bannerz/various-euro-girl.jpg HTTP/1.1" 200 91514 "http://www.various-euro.com/frame-unten.html" "Mozilla/4.0 (compatible; MSIE 6.0; Windows NT 5.1; SV1)"
66.249.66.4 - - [11/Jun/2008:03:44:31 +0200] "GET /framez-restate.html HTTP/1.1" 200 4328 "-" "Mozilla/5.0 (compatible; Googlebot/2.1; +http://www.google.com/bot.html)"
217.78.182.15 - - [11/Jun/2008:03:55:02 +0200] "GET /schubb/schubb-5.html HTTP/1.0" 200 72944 "http://www.various-euro.com/schubb/schubb-5.html" "Mozilla/4.0 (compatible; MSIE 6.0; AOL 9.0; Windows NT 5.1)"
67.195.37.109 - - [11/Jun/2008:03:57:26 +0200] "GET /f-bannnerz.html HTTP/1.0" 200 12651 "-" "Mozilla/5.0 (compatible; Yahoo! Slurp/3.0; http://help.yahoo.com/help/us/ysearch/slurp)"
81.52.143.16 - - [11/Jun/2008:03:58:22 +0200] "GET /robots.txt HTTP/1.1" 200 64 "-" "Mozilla/5.0 (Windows; U; Windows NT 5.1; fr; rv:1.8.1) VoilaBot BETA 1.2 (support.voilabot@orange-ftgroup.com)"
81.52.143.16 - - [11/Jun/2008:03:58:25 +0200] "GET /frame-unten.html HTTP/1.1" 200 5308 "-" "Mozilla/5.0 (Windows; U; Windows NT 5.1; fr; rv:1.8.1) VoilaBot BETA 1.2 (support.voilabot@orange-ftgroup.com)"
74.6.22.88 - - [11/Jun/2008:04:31:09 +0200] "GET /neon/girl-tv.html HTTP/1.0" 200 1717 "-" "Mozilla/5.0 (compatible; Yahoo! Slurp; http://help.yahoo.com/help/us/ysearch/slurp)"
66.249.66.4 - - [11/Jun/2008:04:36:08 +0200] "GET /f-channel1.html HTTP/1.1" 200 5713 "-" "Mozilla/5.0 (compatible; Googlebot/2.1; +http://www.google.com/bot.html)"
81.52.143.16 - - [11/Jun/2008:04:38:20 +0200] "GET /robots.txt HTTP/1.1" 200 64 "-" "Mozilla/5.0 (Windows; U; Windows NT 5.1; fr; rv:1.8.1) VoilaBot BETA 1.2 (support.voilabot@orange-ftgroup.com)"
81.52.143.16 - - [11/Jun/2008:04:38:22 +0200] "GET /robots.txt HTTP/1.1" 200 64 "-" "Mozilla/5.0 (Windows; U; Windows NT 5.1; fr; rv:1.8.1) VoilaBot BETA 1.2 (support.voilabot@orange-ftgroup.com)"
193.252.149.16 - - [11/Jun/2008:04:48:41 +0200] "GET http://www.various-euro.com:80/robots.txt HTTP/1.1" 200 64 "-" "Mozilla/5.0 (Windows; U; Windows NT 5.1; fr; rv:1.8.1) VoilaBot BETA 1.2 (support.voilabot@orange-ftgroup.com)"
193.252.149.16 - - [11/Jun/2008:04:48:54 +0200] "GET /f-net.html HTTP/1.1" 200 9913 "-" "Mozilla/5.0 (Windows; U; Windows NT 5.1; fr; rv:1.8.1) VoilaBot BETA 1.2 (support.voilabot@orange-ftgroup.com)"
74.6.22.88 - - [11/Jun/2008:05:04:49 +0200] "GET /robots.txt HTTP/1.0" 200 64 "-" "Mozilla/5.0 (compatible; Yahoo! Slurp; http://help.yahoo.com/help/us/ysearch/slurp)"
74.6.22.88 - - [11/Jun/2008:05:04:50 +0200] "GET /rez/607.mp3 HTTP/1.0" 200 4964417 "-" "Mozilla/5.0 (compatible; Yahoo! Slurp; http://help.yahoo.com/help/us/ysearch/slurp)"
67.195.52.114 - - [11/Jun/2008:05:05:34 +0200] "GET /rez/327.mp3 HTTP/1.0" 304 - "-" "Mozilla/5.0 (compatible; Yahoo! Slurp; http://help.yahoo.com/help/us/ysearch/slurp)"
69.73.204.20 - - [11/Jun/2008:05:11:16 +0200] "GET / HTTP/1.1" 200 10127 "-" "Mozilla/4.0 (compatible; MSIE 6.0; Windows NT 5.1; SV1)"
66.249.66.4 - - [11/Jun/2008:05:23:27 +0200] "GET /f-rez.html HTTP/1.1" 200 9765 "-" "Mozilla/5.0 (compatible; Googlebot/2.1; +http://www.google.com/bot.html)"
74.6.22.88 - - [11/Jun/2008:05:26:02 +0200] "GET /rez/326.mp3 HTTP/1.0" 200 7672484 "-" "Mozilla/5.0 (compatible; Yahoo! Slurp; http://help.yahoo.com/help/us/ysearch/slurp)"
66.249.66.4 - - [11/Jun/2008:05:42:01 +0200] "GET /schubb/schubb-2.html HTTP/1.1" 200 16660 "-" "Mozilla/5.0 (compatible; Googlebot/2.1; +http://www.google.com/bot.html)"
67.195.52.92 - - [11/Jun/2008:06:19:46 +0200] "GET /rez/326.mp3 HTTP/1.0" 304 - "-" "Mozilla/5.0 (compatible; Yahoo! Slurp; http://help.yahoo.com/help/us/ysearch/slurp)"
67.195.52.107 - - [11/Jun/2008:06:22:30 +0200] "GET /DgH/bull/index.html HTTP/1.0" 200 1915 "-" "Mozilla/5.0 (compatible; Yahoo! Slurp; http://help.yahoo.com/help/us/ysearch/slurp)"
65.55.211.166 - - [11/Jun/2008:06:29:07 +0200] "GET /robots.txt HTTP/1.1" 200 64 "-" "msnbot/1.1 (+http://search.msn.com/msnbot.htm)"
65.55.211.166 - - [11/Jun/2008:06:29:08 +0200] "GET /f-net.html HTTP/1.1" 200 9913 "-" "msnbot/1.1 (+http://search.msn.com/msnbot.htm)"
65.55.211.158 - - [11/Jun/2008:06:46:11 +0200] "GET /robots.txt HTTP/1.1" 200 64 "-" "msnbot/1.1 (+http://search.msn.com/msnbot.htm)"
65.55.211.158 - - [11/Jun/2008:06:46:11 +0200] "GET /logs/usage_200705.html HTTP/1.1" 200 109447 "-" "msnbot/1.1 (+http://search.msn.com/msnbot.htm)"
81.52.143.15 - - [11/Jun/2008:06:54:47 +0200] "GET /robots.txt HTTP/1.1" 200 64 "-" "Mozilla/5.0 (Windows; U; Windows NT 5.1; fr; rv:1.8.1) VoilaBot BETA 1.2 (support.voilabot@orange-ftgroup.com)"
81.52.143.15 - - [11/Jun/2008:06:54:49 +0200] "GET /f-maintitle.html HTTP/1.1" 200 5030 "-" "Mozilla/5.0 (Windows; U; Windows NT 5.1; fr; rv:1.8.1) VoilaBot BETA 1.2 (support.voilabot@orange-ftgroup.com)"
66.249.66.4 - - [11/Jun/2008:07:28:12 +0200] "GET /f-doku-brau.html HTTP/1.1" 200 7152 "-" "Mozilla/5.0 (compatible; Googlebot/2.1; +http://www.google.com/bot.html)"
74.6.22.88 - - [11/Jun/2008:07:53:36 +0200] "GET /zampa-lovers/ HTTP/1.0" 200 37790 "-" "Mozilla/5.0 (compatible; Yahoo! Slurp; http://help.yahoo.com/help/us/ysearch/slurp)"
74.6.22.88 - - [11/Jun/2008:08:13:28 +0200] "GET /framez_0.html HTTP/1.0" 200 12444 "-" "Mozilla/5.0 (compatible; Yahoo! Slurp; http://help.yahoo.com/help/us/ysearch/slurp)"
67.195.52.25 - - [11/Jun/2008:08:15:24 +0200] "GET /f-maintitle.html HTTP/1.0" 200 5030 "-" "Mozilla/5.0 (compatible; Yahoo! Slurp; http://help.yahoo.com/help/us/ysearch/slurp)"
67.195.52.24 - - [11/Jun/2008:08:17:30 +0200] "GET /neon/code.html HTTP/1.0" 200 1109 "-" "Mozilla/5.0 (compatible; Yahoo! Slurp; http://help.yahoo.com/help/us/ysearch/slurp)"
65.55.211.163 - - [11/Jun/2008:08:23:26 +0200] "GET /zampa/lybia/index.html HTTP/1.1" 200 3036 "-" "msnbot/1.1 (+http://search.msn.com/msnbot.htm)"
66.249.66.4 - - [11/Jun/2008:08:28:25 +0200] "GET /schubb/schubb-4.html HTTP/1.1" 200 17746 "-" "Mozilla/5.0 (compatible; Googlebot/2.1; +http://www.google.com/bot.html)"
67.195.37.109 - - [11/Jun/2008:08:29:59 +0200] "GET /net.html HTTP/1.0" 404 2748 "-" "Mozilla/5.0 (compatible; Yahoo! Slurp/3.0; http://help.yahoo.com/help/us/ysearch/slurp)"
90.40.34.182 - - [11/Jun/2008:08:32:29 +0200] "GET /favicon.ico HTTP/1.1" 404 2748 "http://search.ke.voila.fr/S/voila?rtype=kw&rdata=schubb&profil=voila&bhv=web_fr" "Mozilla/4.0 (compatible; MSIE 7.0; Windows NT 5.1; .NET CLR 2.0.50727)"
67.195.51.249 - - [11/Jun/2008:08:36:57 +0200] "GET /games/virtualcop/virtualcop.html HTTP/1.0" 200 4487 "-" "Mozilla/5.0 (compatible; Yahoo! Slurp; http://help.yahoo.com/help/us/ysearch/slurp)"
67.195.37.109 - - [11/Jun/2008:08:43:10 +0200] "GET /frame-inhalt.html HTTP/1.0" 200 8784 "-" "Mozilla/5.0 (compatible; Yahoo! Slurp/3.0; http://help.yahoo.com/help/us/ysearch/slurp)"
81.52.143.15 - - [11/Jun/2008:08:56:10 +0200] "GET /robots.txt HTTP/1.1" 200 64 "-" "Mozilla/5.0 (Windows; U; Windows NT 5.1; fr; rv:1.8.1) VoilaBot BETA 1.2 (support.voilabot@orange-ftgroup.com)"
81.52.143.15 - - [11/Jun/2008:08:56:26 +0200] "GET /warez.html HTTP/1.1" 200 9754 "-" "Mozilla/5.0 (Windows; U; Windows NT 5.1; fr; rv:1.8.1) VoilaBot BETA 1.2 (support.voilabot@orange-ftgroup.com)"
67.195.52.94 - - [11/Jun/2008:09:08:41 +0200] "GET /f-sponsor.html HTTP/1.0" 200 8578 "-" "Mozilla/5.0 (compatible; Yahoo! Slurp; http://help.yahoo.com/help/us/ysearch/slurp)"
65.55.25.145 - - [11/Jun/2008:09:13:37 +0200] "GET /robots.txt HTTP/1.1" 200 64 "-" "msnbot/1.1 (+http://search.msn.com/msnbot.htm)"
65.55.25.145 - - [11/Jun/2008:09:13:37 +0200] "GET /f-channel1.html HTTP/1.1" 200 5713 "-" "msnbot/1.1 (+http://search.msn.com/msnbot.htm)"
74.6.22.88 - - [11/Jun/2008:09:14:29 +0200] "GET /games/ HTTP/1.0" 403 1223 "-" "Mozilla/5.0 (compatible; Yahoo! Slurp; http://help.yahoo.com/help/us/ysearch/slurp)"
74.6.22.88 - - [11/Jun/2008:09:16:43 +0200] "GET /f-contact.html HTTP/1.0" 200 6804 "-" "Mozilla/5.0 (compatible; Yahoo! Slurp; http://help.yahoo.com/help/us/ysearch/slurp)"
67.195.37.109 - - [11/Jun/2008:09:18:43 +0200] "GET /menue.html HTTP/1.0" 404 2748 "-" "Mozilla/5.0 (compatible; Yahoo! Slurp/3.0; http://help.yahoo.com/help/us/ysearch/slurp)"
67.195.51.168 - - [11/Jun/2008:09:38:11 +0200] "GET /rez/108.mp3 HTTP/1.0" 304 - "-" "Mozilla/5.0 (compatible; Yahoo! Slurp; http://help.yahoo.com/help/us/ysearch/slurp)"
67.195.51.230 - - [11/Jun/2008:09:40:57 +0200] "GET /neon/euro.html HTTP/1.0" 200 2212 "-" "Mozilla/5.0 (compatible; Yahoo! Slurp; http://help.yahoo.com/help/us/ysearch/slurp)"
67.195.52.88 - - [11/Jun/2008:09:44:27 +0200] "GET /neon/europa.html HTTP/1.0" 200 389 "-" "Mozilla/5.0 (compatible; Yahoo! Slurp; http://help.yahoo.com/help/us/ysearch/slurp)"
125.162.175.104 - - [11/Jun/2008:09:45:07 +0200] "GET /neon/girl-tv.html HTTP/1.1" 200 1717 "-" "Mozilla/4.0 (compatible; MSIE 6.0; Windows NT 5.1;1813)"
125.162.175.104 - - [11/Jun/2008:09:45:46 +0200] "GET /framez.html HTTP/1.1" 200 3883 "-" "Mozilla/4.0 (compatible; MSIE 6.0; Windows NT 5.1;1813)"
125.162.175.104 - - [11/Jun/2008:09:46:00 +0200] "GET /frame-menu.html HTTP/1.1" 200 10492 "-" "Mozilla/4.0 (compatible; MSIE 6.0; Windows NT 5.1;1813)"
125.162.175.104 - - [11/Jun/2008:09:46:11 +0200] "GET /frame-inhalt.html HTTP/1.1" 200 8784 "-" "Mozilla/4.0 (compatible; MSIE 6.0; Windows NT 5.1;1813)"
125.162.175.104 - - [11/Jun/2008:09:46:16 +0200] "GET /frame-unten.html HTTP/1.1" 200 5308 "-" "Mozilla/4.0 (compatible; MSIE 6.0; Windows NT 5.1;1813)"
123.23.222.166 - - [11/Jun/2008:09:56:00 +0200] "GET / HTTP/1.1" 200 10127 "-" "Mozilla/4.0 (compatible; MSIE 6.0; Windows NT 5.1;1813)"
66.249.66.4 - - [11/Jun/2008:10:03:03 +0200] "GET /framez-contact.html HTTP/1.1" 200 4325 "-" "Mozilla/5.0 (compatible; Googlebot/2.1; +http://www.google.com/bot.html)"
189.137.26.22 - - [11/Jun/2008:10:05:45 +0200] "POST /cgi-bin/htadd.pl HTTP/1.1" 404 2748 "http://various-euro.com/cgi-bin/htadd.pl" "Mozilla/4.0 (compatible; MSIE 6.0; Windows NT 5.1)"
74.6.22.88 - - [11/Jun/2008:10:15:16 +0200] "GET /web.html HTTP/1.0" 404 2748 "-" "Mozilla/5.0 (compatible; Yahoo! Slurp; http://help.yahoo.com/help/us/ysearch/slurp)"
74.6.22.88 - - [11/Jun/2008:10:17:54 +0200] "GET /sendi_agent.html HTTP/1.0" 200 6213 "-" "Mozilla/5.0 (compatible; Yahoo! Slurp; http://help.yahoo.com/help/us/ysearch/slurp)"
67.195.51.155 - - [11/Jun/2008:10:19:28 +0200] "GET /neon/channel.html HTTP/1.0" 200 1942 "-" "Mozilla/5.0 (compatible; Yahoo! Slurp; http://help.yahoo.com/help/us/ysearch/slurp)"
66.249.66.4 - - [11/Jun/2008:10:24:34 +0200] "GET /f-contact.html HTTP/1.1" 200 6804 "-" "Mozilla/5.0 (compatible; Googlebot/2.1; +http://www.google.com/bot.html)"
77.91.224.5 - - [11/Jun/2008:10:40:08 +0200] "GET /robots.txt HTTP/1.1" 302 363 "-" "WebAlta Crawler/2.0 (http://www.webalta.net/ru/about_webmaster.html) (Windows; U; Windows NT 5.1; ru-RU)"
77.91.224.5 - - [11/Jun/2008:10:40:08 +0200] "GET / HTTP/1.1" 302 353 "-" "WebAlta Crawler/2.0 (http://www.webalta.net/ru/about_webmaster.html) (Windows; U; Windows NT 5.1; ru-RU)"
67.195.37.109 - - [11/Jun/2008:11:06:22 +0200] "GET /robots.txt HTTP/1.0" 200 64 "-" "Mozilla/5.0 (compatible; Yahoo! Slurp; http://help.yahoo.com/help/us/ysearch/slurp)"
67.195.37.109 - - [11/Jun/2008:11:06:22 +0200] "GET /DgH/watch/index.html HTTP/1.0" 200 2028 "-" "Mozilla/5.0 (compatible; Yahoo! Slurp/3.0; http://help.yahoo.com/help/us/ysearch/slurp)"
67.195.37.109 - - [11/Jun/2008:11:06:23 +0200] "GET /DgH/watch/pict/Watch.mp3 HTTP/1.0" 200 29938 "http://www.various-euro.com/DgH/watch/index.html" "Mozilla/5.0 (compatible; Yahoo! Slurp/3.0; http://help.yahoo.com/help/us/ysearch/slurp)"
67.195.37.109 - - [11/Jun/2008:11:09:51 +0200] "GET /DgH/watch/ HTTP/1.0" 200 2028 "-" "Mozilla/5.0 (compatible; Yahoo! Slurp/3.0; http://help.yahoo.com/help/us/ysearch/slurp)"
67.195.37.109 - - [11/Jun/2008:11:09:53 +0200] "GET /DgH/watch/pict/Watch.mp3 HTTP/1.0" 200 29938 "http://www.various-euro.com/DgH/watch/" "Mozilla/5.0 (compatible; Yahoo! Slurp/3.0; http://help.yahoo.com/help/us/ysearch/slurp)"
66.249.66.4 - - [11/Jun/2008:11:11:32 +0200] "GET / HTTP/1.1" 200 10127 "-" "Mozilla/5.0 (compatible; Googlebot/2.1; +http://www.google.com/bot.html)"
65.55.211.157 - - [11/Jun/2008:11:15:12 +0200] "GET /logs/usage_200703.html HTTP/1.1" 200 108444 "-" "msnbot/1.1 (+http://search.msn.com/msnbot.htm)"
65.55.211.157 - - [11/Jun/2008:11:15:13 +0200] "GET /logs/usage_200707.html HTTP/1.1" 200 110942 "-" "msnbot/1.1 (+http://search.msn.com/msnbot.htm)"
66.249.66.4 - - [11/Jun/2008:11:15:47 +0200] "GET /framez-net.html HTTP/1.1" 200 4319 "-" "Mozilla/5.0 (compatible; Googlebot/2.1; +http://www.google.com/bot.html)"
74.6.22.88 - - [11/Jun/2008:11:22:12 +0200] "GET /neon/europa.html HTTP/1.0" 200 389 "-" "Mozilla/5.0 (compatible; Yahoo! Slurp; http://help.yahoo.com/help/us/ysearch/slurp)"
67.195.37.109 - - [11/Jun/2008:11:25:18 +0200] "GET /partnergegenberlin.html HTTP/1.0" 200 5022 "-" "Mozilla/5.0 (compatible; Yahoo! Slurp/3.0; http://help.yahoo.com/help/us/ysearch/slurp)"
74.6.22.88 - - [11/Jun/2008:11:51:12 +0200] "GET /zampa/montenegro/ZMAJW.html HTTP/1.0" 200 860 "-" "Mozilla/5.0 (compatible; Yahoo! Slurp; http://help.yahoo.com/help/us/ysearch/slurp)"
128.54.49.204 - - [11/Jun/2008:11:55:02 +0200] "GET / HTTP/1.0" 200 10127 "-" "Mozilla/5.0 (X11; U; Linux x86_64; en-US; rv:1.9b5) Gecko/2008040514 Firefox/3.0b5"
128.54.49.204 - - [11/Jun/2008:11:55:04 +0200] "GET /ve-icon-2.ico HTTP/1.0" 200 2238 "http://www.various-euro.com/" "Mozilla/5.0 (X11; U; Linux x86_64; en-US; rv:1.9b5) Gecko/2008040514 Firefox/3.0b5"
128.54.49.204 - - [11/Jun/2008:11:55:10 +0200] "GET /framez.html HTTP/1.0" 200 3883 "http://www.various-euro.com/" "Mozilla/5.0 (X11; U; Linux x86_64; en-US; rv:1.9b5) Gecko/2008040514 Firefox/3.0b5"
67.195.37.109 - - [11/Jun/2008:11:55:49 +0200] "GET /neon/warning2.html HTTP/1.0" 200 997 "-" "Mozilla/5.0 (compatible; Yahoo! Slurp/3.0; http://help.yahoo.com/help/us/ysearch/slurp)"
66.249.66.4 - - [11/Jun/2008:12:36:28 +0200] "GET /framez-dbrau.html HTTP/1.1" 200 4313 "-" "Mozilla/5.0 (compatible; Googlebot/2.1; +http://www.google.com/bot.html)"
65.55.211.162 - - [11/Jun/2008:12:41:59 +0200] "GET /logz_old.html HTTP/1.1" 404 2748 "-" "msnbot/1.1 (+http://search.msn.com/msnbot.htm)"
67.195.52.86 - - [11/Jun/2008:12:46:41 +0200] "GET /schubb/schubb-4.html HTTP/1.0" 200 17746 "-" "Mozilla/5.0 (compatible; Yahoo! Slurp; http://help.yahoo.com/help/us/ysearch/slurp)"
65.55.211.162 - - [11/Jun/2008:12:50:41 +0200] "GET /zampa/montenegro/index.html HTTP/1.1" 200 2651 "-" "msnbot/1.1 (+http://search.msn.com/msnbot.htm)"
84.63.20.88 - - [11/Jun/2008:13:11:05 +0200] "GET /robots.txt HTTP/1.0" 302 363 "-" "Mozilla/5.0 (X11; U; SunOS sun4u; en-US; rv:1.7.8) Gecko/20050512 Firefox/1.0.4"
74.6.22.88 - - [11/Jun/2008:13:19:43 +0200] "GET /logs/usage_200712.html HTTP/1.0" 200 92577 "-" "Mozilla/5.0 (compatible; Yahoo! Slurp; http://help.yahoo.com/help/us/ysearch/slurp)"
66.249.66.4 - - [11/Jun/2008:13:31:35 +0200] "GET /f-actions.html HTTP/1.1" 200 10429 "-" "Mozilla/5.0 (compatible; Googlebot/2.1; +http://www.google.com/bot.html)"
213.198.204.158 - - [11/Jun/2008:13:32:29 +0200] "GET /zampa-lovers/index.html HTTP/1.1" 200 37790 "-" "Mozilla/4.0 (compatible; MSIE 6.0; Windows NT 5.1; SV1)"
213.198.204.158 - - [11/Jun/2008:13:32:30 +0200] "GET /zampa-lovers/kralle.gif HTTP/1.1" 404 2748 "http://www.various-euro.com/zampa-lovers/index.html" "Mozilla/4.0 (compatible; MSIE 6.0; Windows NT 5.1; SV1)"
213.198.204.158 - - [11/Jun/2008:13:32:30 +0200] "GET /zampa-lovers/MILIZA_B.JPG HTTP/1.1" 200 10947 "http://www.various-euro.com/zampa-lovers/index.html" "Mozilla/4.0 (compatible; MSIE 6.0; Windows NT 5.1; SV1)"
213.198.204.158 - - [11/Jun/2008:13:32:30 +0200] "GET /zampa-lovers/DRAGAN_Z.JPG HTTP/1.1" 200 6850 "http://www.various-euro.com/zampa-lovers/index.html" "Mozilla/4.0 (compatible; MSIE 6.0; Windows NT 5.1; SV1)"
213.198.204.158 - - [11/Jun/2008:13:32:30 +0200] "GET /zampa-lovers/MILIZA_4.JPG HTTP/1.1" 200 9946 "http://www.various-euro.com/zampa-lovers/index.html" "Mozilla/4.0 (compatible; MSIE 6.0; Windows NT 5.1; SV1)"
213.198.204.158 - - [11/Jun/2008:13:32:30 +0200] "GET /zampa-lovers/MILIZA_2.JPG HTTP/1.1" 200 22172 "http://www.various-euro.com/zampa-lovers/index.html" "Mozilla/4.0 (compatible; MSIE 6.0; Windows NT 5.1; SV1)"
213.198.204.158 - - [11/Jun/2008:13:32:31 +0200] "GET /zampa-lovers/Kralle.gif HTTP/1.1" 200 260 "http://www.various-euro.com/zampa-lovers/index.html" "Mozilla/4.0 (compatible; MSIE 6.0; Windows NT 5.1; SV1)"
213.198.204.158 - - [11/Jun/2008:13:32:31 +0200] "GET /zampa-lovers/zampa-2X2.gif HTTP/1.1" 200 6948 "http://www.various-euro.com/zampa-lovers/index.html" "Mozilla/4.0 (compatible; MSIE 6.0; Windows NT 5.1; SV1)"
213.198.204.158 - - [11/Jun/2008:13:32:30 +0200] "GET /zampa-lovers/DRAGANZA.JPG HTTP/1.1" 200 18560 "http://www.various-euro.com/zampa-lovers/index.html" "Mozilla/4.0 (compatible; MSIE 6.0; Windows NT 5.1; SV1)"
213.198.204.158 - - [11/Jun/2008:13:32:30 +0200] "GET /zampa-lovers/MILIZA_3.JPG HTTP/1.1" 200 26924 "http://www.various-euro.com/zampa-lovers/index.html" "Mozilla/4.0 (compatible; MSIE 6.0; Windows NT 5.1; SV1)"
213.198.204.158 - - [11/Jun/2008:13:32:32 +0200] "GET /zampa-lovers/zampamali.gif HTTP/1.1" 200 2617 "http://www.various-euro.com/zampa-lovers/index.html" "Mozilla/4.0 (compatible; MSIE 6.0; Windows NT 5.1; SV1)"
213.198.204.158 - - [11/Jun/2008:13:32:32 +0200] "GET /zampa-lovers/ZAMPAMA2.MPG HTTP/1.1" 200 63492 "http://www.various-euro.com/zampa-lovers/index.html" "Windows-Media-Player/10.00.00.4058"
213.198.204.158 - - [11/Jun/2008:13:32:32 +0200] "GET /zampa-lovers/WASISTMI1.MPG HTTP/1.1" 200 271221 "http://www.various-euro.com/zampa-lovers/index.html" "Windows-Media-Player/10.00.00.4058"
213.198.204.158 - - [11/Jun/2008:13:32:32 +0200] "GET /zampa-lovers/ZAMPAMAS.MPG HTTP/1.1" 200 520196 "http://www.various-euro.com/zampa-lovers/index.html" "Windows-Media-Player/10.00.00.4058"
213.198.204.158 - - [11/Jun/2008:13:32:30 +0200] "GET /zampa-lovers/1SEITEVE.GIF HTTP/1.1" 200 78726 "http://www.various-euro.com/zampa-lovers/index.html" "Mozilla/4.0 (compatible; MSIE 6.0; Windows NT 5.1; SV1)"
213.198.204.158 - - [11/Jun/2008:13:32:34 +0200] "GET /zampa-lovers/ZAMPAMA2.MPG HTTP/1.1" 200 63492 "-" "Mozilla/4.0 (compatible; MSIE 6.0; Windows NT 5.1; SV1)"
213.198.204.158 - - [11/Jun/2008:13:32:30 +0200] "GET /zampa-lovers/zampa.gif HTTP/1.1" 200 460627 "http://www.various-euro.com/zampa-lovers/index.html" "Mozilla/4.0 (compatible; MSIE 6.0; Windows NT 5.1; SV1)"
213.198.204.158 - - [11/Jun/2008:13:32:32 +0200] "GET /zampa-lovers/2SEITEVE.GIF HTTP/1.1" 200 83466 "http://www.various-euro.com/zampa-lovers/index.html" "Mozilla/4.0 (compatible; MSIE 6.0; Windows NT 5.1; SV1)"
213.198.204.158 - - [11/Jun/2008:13:32:34 +0200] "GET /zampa-lovers/WASISTMI1.MPG HTTP/1.1" 200 271221 "-" "Mozilla/4.0 (compatible; MSIE 6.0; Windows NT 5.1; SV1)"
213.198.204.158 - - [11/Jun/2008:13:32:34 +0200] "GET /zampa-lovers/ZAMPAMAS.MPG HTTP/1.1" 200 520196 "-" "Mozilla/4.0 (compatible; MSIE 6.0; Windows NT 5.1; SV1)"
79.12.120.193 - - [11/Jun/2008:13:47:56 +0200] "GET / HTTP/1.1" 302 353 "http://www.google.it/search?hl=it&rlz=1G1GGLQ_ITIT260&q=zampa+leone&btnG=Cerca&meta=" "Mozilla/4.0 (compatible; MSIE 6.0; Windows NT 5.1; SV1; .NET CLR 1.0.3705)"
79.12.120.193 - - [11/Jun/2008:13:47:57 +0200] "GET /zampa/ HTTP/1.1" 200 7153 "http://www.google.it/search?hl=it&rlz=1G1GGLQ_ITIT260&q=zampa+leone&btnG=Cerca&meta=" "Mozilla/4.0 (compatible; MSIE 6.0; Windows NT 5.1; SV1; .NET CLR 1.0.3705)"
79.12.120.193 - - [11/Jun/2008:13:47:57 +0200] "GET /zampa/slike/udupetu.gif HTTP/1.1" 200 4138 "http://www.various-euro.com/zampa/" "Mozilla/4.0 (compatible; MSIE 6.0; Windows NT 5.1; SV1; .NET CLR 1.0.3705)"
79.12.120.193 - - [11/Jun/2008:13:47:57 +0200] "GET /zampa/slike/zampa.gif HTTP/1.1" 200 5310 "http://www.various-euro.com/zampa/" "Mozilla/4.0 (compatible; MSIE 6.0; Windows NT 5.1; SV1; .NET CLR 1.0.3705)"
79.12.120.193 - - [11/Jun/2008:13:47:57 +0200] "GET /zampa/slike/inthearse.gif HTTP/1.1" 200 4077 "http://www.various-euro.com/zampa/" "Mozilla/4.0 (compatible; MSIE 6.0; Windows NT 5.1; SV1; .NET CLR 1.0.3705)"
67.195.37.109 - - [11/Jun/2008:13:51:14 +0200] "GET /neon/sushi.html HTTP/1.0" 200 687 "-" "Mozilla/5.0 (compatible; Yahoo! Slurp/3.0; http://help.yahoo.com/help/us/ysearch/slurp)"
67.195.51.188 - - [11/Jun/2008:13:53:00 +0200] "GET /bmpp/18.html HTTP/1.0" 200 4467 "-" "Mozilla/5.0 (compatible; Yahoo! Slurp; http://help.yahoo.com/help/us/ysearch/slurp)"
67.195.52.106 - - [11/Jun/2008:13:55:17 +0200] "GET /bmpp/18_x.html HTTP/1.0" 200 1100 "-" "Mozilla/5.0 (compatible; Yahoo! Slurp; http://help.yahoo.com/help/us/ysearch/slurp)"
65.55.104.165 - - [11/Jun/2008:14:17:36 +0200] "GET /robots.txt HTTP/1.1" 200 64 "-" "msnbot/1.1 (+http://search.msn.com/msnbot.htm)"
65.55.104.165 - - [11/Jun/2008:14:17:36 +0200] "GET / HTTP/1.1" 200 10127 "-" "msnbot/1.1 (+http://search.msn.com/msnbot.htm)"
66.249.66.4 - - [11/Jun/2008:14:18:16 +0200] "GET /f-net.html HTTP/1.1" 200 9913 "-" "Mozilla/5.0 (compatible; Googlebot/2.1; +http://www.google.com/bot.html)"
65.55.232.48 - - [11/Jun/2008:14:24:39 +0200] "GET / HTTP/1.0" 200 10127 "http://search.live.com/results.aspx?q=various&form=QBHP" "Mozilla/4.0 (compatible; MSIE 7.0; Windows NT 5.2; .NET CLR 1.1.4322)"
65.55.232.48 - - [11/Jun/2008:14:24:39 +0200] "GET /framez_0.html HTTP/1.0" 200 12444 "-" "Mozilla/4.0 (compatible; MSIE 7.0; Windows NT 5.2; .NET CLR 1.1.4322)"
65.55.232.48 - - [11/Jun/2008:14:24:42 +0200] "GET /framez.html HTTP/1.0" 200 3883 "-" "Mozilla/4.0 (compatible; MSIE 7.0; Windows NT 5.2; .NET CLR 1.1.4322)"
65.55.232.48 - - [11/Jun/2008:14:24:42 +0200] "GET /frame-menu.html HTTP/1.0" 200 10492 "http://www.various-euro.com/framez.html" "Mozilla/4.0 (compatible; MSIE 7.0; Windows NT 5.2; .NET CLR 1.1.4322)"
65.55.232.48 - - [11/Jun/2008:14:24:42 +0200] "GET /frame-inhalt.html HTTP/1.0" 200 8784 "http://www.various-euro.com/framez.html" "Mozilla/4.0 (compatible; MSIE 7.0; Windows NT 5.2; .NET CLR 1.1.4322)"
65.55.232.48 - - [11/Jun/2008:14:24:43 +0200] "GET /frame-unten.html HTTP/1.0" 200 5308 "http://www.various-euro.com/framez.html" "Mozilla/4.0 (compatible; MSIE 7.0; Windows NT 5.2; .NET CLR 1.1.4322)"
74.6.22.88 - - [11/Jun/2008:14:38:18 +0200] "GET /neon/large.html HTTP/1.0" 200 1547 "-" "Mozilla/5.0 (compatible; Yahoo! Slurp; http://help.yahoo.com/help/us/ysearch/slurp)"
74.125.16.70 - - [11/Jun/2008:14:43:44 +0200] "GET /schubb/schubb-2.html HTTP/1.1" 200 16660 "http://www.google.com/search?q=www.various-euro.com" "Mozilla/5.0 (Windows; U; Windows NT 5.1; en-US; rv:1.8.0.7) Gecko/20060909 Firefox/1.5.0.7"
65.55.211.169 - - [11/Jun/2008:14:58:16 +0200] "GET /robots.txt HTTP/1.1" 200 64 "-" "msnbot/1.1 (+http://search.msn.com/msnbot.htm)"
65.55.211.169 - - [11/Jun/2008:14:58:17 +0200] "GET /neon/code.html HTTP/1.1" 200 1109 "-" "msnbot/1.1 (+http://search.msn.com/msnbot.htm)"
193.252.149.15 - - [11/Jun/2008:15:10:15 +0200] "GET /f-channel1.html HTTP/1.1" 200 5713 "-" "Mozilla/5.0 (Windows; U; Windows NT 5.1; fr; rv:1.8.1) VoilaBot BETA 1.2 (support.voilabot@orange-ftgroup.com)"
209.19.152.69 - - [11/Jun/2008:15:26:55 +0200] "GET / HTTP/1.1" 200 10127 "-" "Mozilla/5.0 (Windows; U; Win 9x 4.90; en-US; rv:1.0.1) Gecko/20020823 Netscape/7.0"
84.255.247.88 - - [11/Jun/2008:15:36:19 +0200] "GET /zampa/ HTTP/1.1" 200 7153 "-" "Mozilla/5.0 (Windows; U; Windows NT 5.1; en-US) AppleWebKit/525.18 (KHTML, like Gecko) Version/3.1.1 Safari/525.17"
84.255.247.88 - - [11/Jun/2008:15:36:19 +0200] "GET /zampa/slike/zampa.gif HTTP/1.1" 200 5310 "http://www.various-euro.com/zampa/" "Mozilla/5.0 (Windows; U; Windows NT 5.1; en-US) AppleWebKit/525.18 (KHTML, like Gecko) Version/3.1.1 Safari/525.17"
84.255.247.88 - - [11/Jun/2008:15:36:20 +0200] "GET /zampa/slike/udupetu.gif HTTP/1.1" 200 4138 "http://www.various-euro.com/zampa/" "Mozilla/5.0 (Windows; U; Windows NT 5.1; en-US) AppleWebKit/525.18 (KHTML, like Gecko) Version/3.1.1 Safari/525.17"
84.255.247.88 - - [11/Jun/2008:15:36:20 +0200] "GET /zampa/slike/inthearse.gif HTTP/1.1" 200 4077 "http://www.various-euro.com/zampa/" "Mozilla/5.0 (Windows; U; Windows NT 5.1; en-US) AppleWebKit/525.18 (KHTML, like Gecko) Version/3.1.1 Safari/525.17"
84.255.247.88 - - [11/Jun/2008:15:36:20 +0200] "GET /favicon.ico HTTP/1.1" 404 2748 "http://www.various-euro.com/zampa/" "Mozilla/5.0 (Windows; U; Windows NT 5.1; en-US) AppleWebKit/525.18 (KHTML, like Gecko) Version/3.1.1 Safari/525.17"
84.255.247.88 - - [11/Jun/2008:15:36:26 +0200] "GET /zampa/slike/E1TITEL.GIF HTTP/1.1" 200 16284 "http://www.various-euro.com/zampa/" "Mozilla/5.0 (Windows; U; Windows NT 5.1; en-US) AppleWebKit/525.18 (KHTML, like Gecko) Version/3.1.1 Safari/525.17"
84.255.247.88 - - [11/Jun/2008:15:36:33 +0200] "GET /zampa/slike/E4IRWIN.GIF HTTP/1.1" 200 53174 "http://www.various-euro.com/zampa/" "Mozilla/5.0 (Windows; U; Windows NT 5.1; en-US) AppleWebKit/525.18 (KHTML, like Gecko) Version/3.1.1 Safari/525.17"
67.195.37.109 - - [11/Jun/2008:15:37:12 +0200] "GET /rez/601.mp3 HTTP/1.0" 200 5052711 "-" "Mozilla/5.0 (compatible; Yahoo! Slurp/3.0; http://help.yahoo.com/help/us/ysearch/slurp)"
84.255.247.88 - - [11/Jun/2008:15:38:20 +0200] "GET /zampa/slike/E3VAMPIR.GIF HTTP/1.1" 200 52553 "http://www.various-euro.com/zampa/" "Mozilla/5.0 (Windows; U; Windows NT 5.1; en-US) AppleWebKit/525.18 (KHTML, like Gecko) Version/3.1.1 Safari/525.17"
84.255.247.88 - - [11/Jun/2008:15:38:29 +0200] "GET /zampa/slike/E2COPY.GIF HTTP/1.1" 200 10416 "http://www.various-euro.com/zampa/" "Mozilla/5.0 (Windows; U; Windows NT 5.1; en-US) AppleWebKit/525.18 (KHTML, like Gecko) Version/3.1.1 Safari/525.17"
84.255.247.88 - - [11/Jun/2008:15:38:34 +0200] "GET /zampa/slike/E5UROSTO.GIF HTTP/1.1" 200 42690 "http://www.various-euro.com/zampa/" "Mozilla/5.0 (Windows; U; Windows NT 5.1; en-US) AppleWebKit/525.18 (KHTML, like Gecko) Version/3.1.1 Safari/525.17"
84.255.247.88 - - [11/Jun/2008:15:38:37 +0200] "GET /zampa/slike/E6BIENNI.GIF HTTP/1.1" 200 33736 "http://www.various-euro.com/zampa/" "Mozilla/5.0 (Windows; U; Windows NT 5.1; en-US) AppleWebKit/525.18 (KHTML, like Gecko) Version/3.1.1 Safari/525.17"
84.255.247.88 - - [11/Jun/2008:15:38:43 +0200] "GET /zampa/slike/E7MEDIAA.GIF HTTP/1.1" 200 44716 "http://www.various-euro.com/zampa/" "Mozilla/5.0 (Windows; U; Windows NT 5.1; en-US) AppleWebKit/525.18 (KHTML, like Gecko) Version/3.1.1 Safari/525.17"
84.255.247.88 - - [11/Jun/2008:15:38:48 +0200] "GET /zampa/slike/E8CURATO.GIF HTTP/1.1" 200 15386 "http://www.various-euro.com/zampa/" "Mozilla/5.0 (Windows; U; Windows NT 5.1; en-US) AppleWebKit/525.18 (KHTML, like Gecko) Version/3.1.1 Safari/525.17"
84.255.247.88 - - [11/Jun/2008:15:39:14 +0200] "GET /zampa/slike/S4IRWIN.GIF HTTP/1.1" 200 54718 "http://www.various-euro.com/zampa/" "Mozilla/5.0 (Windows; U; Windows NT 5.1; en-US) AppleWebKit/525.18 (KHTML, like Gecko) Version/3.1.1 Safari/525.17"
84.255.247.88 - - [11/Jun/2008:15:39:32 +0200] "GET /zampa/montenegro/index.html HTTP/1.1" 200 2651 "http://www.various-euro.com/zampa/" "Mozilla/5.0 (Windows; U; Windows NT 5.1; en-US) AppleWebKit/525.18 (KHTML, like Gecko) Version/3.1.1 Safari/525.17"
84.255.247.88 - - [11/Jun/2008:15:39:32 +0200] "GET /zampa/montenegro/slike/plakat.jpg HTTP/1.1" 200 47879 "http://www.various-euro.com/zampa/montenegro/index.html" "Mozilla/5.0 (Windows; U; Windows NT 5.1; en-US) AppleWebKit/525.18 (KHTML, like Gecko) Version/3.1.1 Safari/525.17"
217.169.216.41 - - [11/Jun/2008:15:55:34 +0200] "GET /zampa-lovers/index.html HTTP/1.1" 200 37790 "-" "Mozilla/4.0 (compatible; MSIE 6.0; Windows NT 5.1;1813)"
74.6.22.94 - - [11/Jun/2008:16:11:24 +0200] "GET /robots.txt HTTP/1.0" 200 64 "-" "Mozilla/5.0 (compatible; Yahoo! Slurp; http://help.yahoo.com/help/us/ysearch/slurp)"
67.195.52.26 - - [11/Jun/2008:16:11:28 +0200] "GET /DgH/bull/ HTTP/1.0" 200 1915 "-" "Mozilla/5.0 (compatible; Yahoo! Slurp; http://help.yahoo.com/help/us/ysearch/slurp)"
74.6.22.88 - - [11/Jun/2008:16:17:48 +0200] "GET /logs/usage_200709.html HTTP/1.0" 200 110974 "-" "Mozilla/5.0 (compatible; Yahoo! Slurp; http://help.yahoo.com/help/us/ysearch/slurp)"
66.249.66.4 - - [11/Jun/2008:16:30:19 +0200] "GET /schubb/schubb-2.html HTTP/1.1" 200 16660 "-" "Mozilla/5.0 (compatible; Googlebot/2.1; +http://www.google.com/bot.html)"
85.17.173.8 - - [11/Jun/2008:16:36:59 +0200] "GET / HTTP/1.1" 200 10127 "-" "WebAlta Crawler/1.3.34 (http://www.webalta.net/ru/about_webmaster.html) (Windows; U; Windows NT 5.1; ru-RU)"
85.17.173.8 - - [11/Jun/2008:16:36:59 +0200] "GET /framez.html HTTP/1.1" 200 3883 "-" "WebAlta Crawler/1.3.34 (http://www.webalta.net/ru/about_webmaster.html) (Windows; U; Windows NT 5.1; ru-RU)"
60.50.197.1 - - [11/Jun/2008:16:49:22 +0200] "GET /framez-rez.html HTTP/1.1" 200 4323 "-" "Mozilla/4.0 (compatible; MSIE 6.0; Windows NT 5.1;1813)"
60.50.197.1 - - [11/Jun/2008:16:49:34 +0200] "GET /frame-menu.html HTTP/1.1" 200 10492 "-" "Mozilla/4.0 (compatible; MSIE 6.0; Windows NT 5.1;1813)"
60.50.197.1 - - [11/Jun/2008:16:49:41 +0200] "GET /f-rez.html HTTP/1.1" 200 9765 "-" "Mozilla/4.0 (compatible; MSIE 6.0; Windows NT 5.1;1813)"
60.50.197.1 - - [11/Jun/2008:16:49:49 +0200] "GET /frame-unten.html HTTP/1.1" 200 5308 "-" "Mozilla/4.0 (compatible; MSIE 6.0; Windows NT 5.1;1813)"
67.195.52.59 - - [11/Jun/2008:17:44:12 +0200] "GET /DgH/watch/index.html HTTP/1.0" 200 2028 "-" "Mozilla/5.0 (compatible; Yahoo! Slurp; http://help.yahoo.com/help/us/ysearch/slurp)"
65.55.211.169 - - [11/Jun/2008:18:20:34 +0200] "GET /logs/usage_200702.html HTTP/1.1" 200 107861 "-" "msnbot/1.1 (+http://search.msn.com/msnbot.htm)"
67.195.37.109 - - [11/Jun/2008:18:30:08 +0200] "GET /logs/usage_200709.html HTTP/1.0" 200 110974 "-" "Mozilla/5.0 (compatible; Yahoo! Slurp/3.0; http://help.yahoo.com/help/us/ysearch/slurp)"
91.89.132.33 - - [11/Jun/2008:18:32:35 +0200] "GET / HTTP/1.1" 200 10127 "-" "Mozilla/4.0 (compatible; MSIE 6.0; Windows NT 5.1;1813)"
201.245.8.37 - - [11/Jun/2008:19:16:51 +0200] "GET / HTTP/1.1" 200 10127 "-" "Mozilla/4.0 (compatible; MSIE 6.0; Windows NT 5.1;1813)"
125.37.81.58 - - [11/Jun/2008:19:18:56 +0200] "GET /zampa-lovers/index.html HTTP/1.1" 200 37790 "-" "Mozilla/4.0 (compatible; MSIE 6.0; Windows NT 5.1;1813)"
74.6.22.88 - - [11/Jun/2008:19:30:42 +0200] "GET /robots.txt HTTP/1.0" 200 64 "-" "Mozilla/5.0 (compatible; Yahoo! Slurp; http://help.yahoo.com/help/us/ysearch/slurp)"
74.6.22.88 - - [11/Jun/2008:19:30:42 +0200] "GET /logs/usage_200705.html HTTP/1.0" 200 109447 "-" "Mozilla/5.0 (compatible; Yahoo! Slurp; http://help.yahoo.com/help/us/ysearch/slurp)"
74.6.17.176 - - [11/Jun/2008:20:07:32 +0200] "GET /robots.txt HTTP/1.0" 302 363 "-" "Mozilla/5.0 (compatible; Yahoo! Slurp; http://help.yahoo.com/help/us/ysearch/slurp)"
74.6.17.176 - - [11/Jun/2008:20:07:33 +0200] "GET /zampa/robots.txt HTTP/1.0" 404 2748 "-" "Mozilla/5.0 (compatible; Yahoo! Slurp; http://help.yahoo.com/help/us/ysearch/slurp)"
74.6.17.176 - - [11/Jun/2008:20:07:33 +0200] "GET / HTTP/1.0" 302 353 "-" "Mozilla/5.0 (compatible; Yahoo! Slurp; http://help.yahoo.com/help/us/ysearch/slurp)"
74.6.22.88 - - [11/Jun/2008:20:07:34 +0200] "GET /zampa/ HTTP/1.0" 200 7153 "-" "Mozilla/5.0 (compatible; Yahoo! Slurp; http://help.yahoo.com/help/us/ysearch/slurp)"
85.178.118.95 - - [11/Jun/2008:20:09:02 +0200] "GET /f-zeug.html HTTP/1.1" 200 45338 "-" "Mozilla/4.0 (compatible; MSIE 6.0; Windows NT 5.1;1813)"
82.237.212.168 - - [11/Jun/2008:20:12:40 +0200] "GET http://various-euro.com/mailme/s.pl?e=1&subscribe=subscribe&l=../../../../../../../../etc/passwd%00 HTTP/1.0" 404 2748 "http://various-euro.com/mailme/s.pl?e=1&subscribe=subscribe&l=../../../../../../../../etc/passwd%00" "Mozilla/4.0 (compatible; MSIE 6.0; Windows NT 5.1)"
67.195.37.109 - - [11/Jun/2008:20:23:49 +0200] "GET /f-contact.html HTTP/1.0" 200 6804 "-" "Mozilla/5.0 (compatible; Yahoo! Slurp/3.0; http://help.yahoo.com/help/us/ysearch/slurp)"
66.249.66.4 - - [11/Jun/2008:20:39:04 +0200] "GET /partnergegenberlin.html HTTP/1.1" 200 5022 "-" "Mozilla/5.0 (compatible; Googlebot/2.1; +http://www.google.com/bot.html)"
66.249.66.4 - - [11/Jun/2008:20:42:11 +0200] "GET /framez-search.html HTTP/1.1" 200 4326 "-" "Mozilla/5.0 (compatible; Googlebot/2.1; +http://www.google.com/bot.html)"
66.65.84.139 - - [11/Jun/2008:20:48:30 +0200] "GET / HTTP/1.1" 200 10127 "-" "libwww-perl/5.805"
91.89.132.33 - - [11/Jun/2008:20:48:56 +0200] "GET / HTTP/1.1" 200 10127 "-" "Mozilla/4.0 (compatible; MSIE 6.0; Windows NT 5.1;1813)"
91.89.132.33 - - [11/Jun/2008:20:49:31 +0200] "GET / HTTP/1.1" 200 10127 "-" "Mozilla/4.0 (compatible; MSIE 6.0; Windows NT 5.1;1813)"
66.249.66.4 - - [11/Jun/2008:21:32:04 +0200] "GET /DgH/ HTTP/1.1" 200 5024 "-" "Mozilla/5.0 (compatible; Googlebot/2.1; +http://www.google.com/bot.html)"
145.116.239.21 - - [11/Jun/2008:21:33:34 +0200] "GET / HTTP/1.1" 302 353 "http://www.facebook.com/profile.php?id=1319769011" "Mozilla/5.0 (Windows; U; Windows NT 5.1; en-US; rv:1.8.1.14) Gecko/20080404 Firefox/2.0.0.14"
145.116.239.21 - - [11/Jun/2008:21:33:35 +0200] "GET /zampa/ HTTP/1.1" 200 7153 "http://www.facebook.com/profile.php?id=1319769011" "Mozilla/5.0 (Windows; U; Windows NT 5.1; en-US; rv:1.8.1.14) Gecko/20080404 Firefox/2.0.0.14"
145.116.239.21 - - [11/Jun/2008:21:33:35 +0200] "GET /zampa/slike/zampa.gif HTTP/1.1" 200 5310 "http://www.various-euro.com/zampa/" "Mozilla/5.0 (Windows; U; Windows NT 5.1; en-US; rv:1.8.1.14) Gecko/20080404 Firefox/2.0.0.14"
145.116.239.21 - - [11/Jun/2008:21:33:35 +0200] "GET /zampa/slike/inthearse.gif HTTP/1.1" 200 4077 "http://www.various-euro.com/zampa/" "Mozilla/5.0 (Windows; U; Windows NT 5.1; en-US; rv:1.8.1.14) Gecko/20080404 Firefox/2.0.0.14"
145.116.239.21 - - [11/Jun/2008:21:33:35 +0200] "GET /zampa/slike/udupetu.gif HTTP/1.1" 200 4138 "http://www.various-euro.com/zampa/" "Mozilla/5.0 (Windows; U; Windows NT 5.1; en-US; rv:1.8.1.14) Gecko/20080404 Firefox/2.0.0.14"
145.116.239.21 - - [11/Jun/2008:21:33:35 +0200] "GET /favicon.ico HTTP/1.1" 404 2748 "-" "Mozilla/5.0 (Windows; U; Windows NT 5.1; en-US; rv:1.8.1.14) Gecko/20080404 Firefox/2.0.0.14"
145.116.239.21 - - [11/Jun/2008:21:34:15 +0200] "GET /zampa/lybia/index.html HTTP/1.1" 200 3036 "http://www.various-euro.com/zampa/" "Mozilla/5.0 (Windows; U; Windows NT 5.1; en-US; rv:1.8.1.14) Gecko/20080404 Firefox/2.0.0.14"
145.116.239.21 - - [11/Jun/2008:21:34:15 +0200] "GET /zampa/lybia/slike/tele.jpg HTTP/1.1" 200 28022 "http://www.various-euro.com/zampa/lybia/index.html" "Mozilla/5.0 (Windows; U; Windows NT 5.1; en-US; rv:1.8.1.14) Gecko/20080404 Firefox/2.0.0.14"
145.116.239.21 - - [11/Jun/2008:21:34:24 +0200] "GET /favicon.ico HTTP/1.1" 404 2748 "-" "Mozilla/5.0 (Windows; U; Windows NT 5.1; en-US; rv:1.8.1.14) Gecko/20080404 Firefox/2.0.0.14"
145.116.239.21 - - [11/Jun/2008:21:34:26 +0200] "GET /zampa/wonderland/index.html HTTP/1.1" 200 2084 "http://www.various-euro.com/zampa/" "Mozilla/5.0 (Windows; U; Windows NT 5.1; en-US; rv:1.8.1.14) Gecko/20080404 Firefox/2.0.0.14"
145.116.239.21 - - [11/Jun/2008:21:34:27 +0200] "GET /zampa/wonderland/TWonder.gif HTTP/1.1" 200 76757 "http://www.various-euro.com/zampa/wonderland/index.html" "Mozilla/5.0 (Windows; U; Windows NT 5.1; en-US; rv:1.8.1.14) Gecko/20080404 Firefox/2.0.0.14"
65.55.211.158 - - [11/Jun/2008:21:34:29 +0200] "GET /robots.txt HTTP/1.1" 302 363 "-" "msnbot/1.1 (+http://search.msn.com/msnbot.htm)"
65.55.211.158 - - [11/Jun/2008:21:34:30 +0200] "GET /zampa/robots.txt HTTP/1.1" 404 2748 "-" "msnbot/1.1 (+http://search.msn.com/msnbot.htm)"
65.55.211.158 - - [11/Jun/2008:21:34:30 +0200] "GET / HTTP/1.1" 302 353 "-" "msnbot/1.1 (+http://search.msn.com/msnbot.htm)"
145.116.239.21 - - [11/Jun/2008:21:35:55 +0200] "GET /favicon.ico HTTP/1.1" 404 2748 "-" "Mozilla/5.0 (Windows; U; Windows NT 5.1; en-US; rv:1.8.1.14) Gecko/20080404 Firefox/2.0.0.14"
145.116.239.21 - - [11/Jun/2008:21:36:30 +0200] "GET /favicon.ico HTTP/1.1" 404 2748 "-" "Mozilla/5.0 (Windows; U; Windows NT 5.1; en-US; rv:1.8.1.14) Gecko/20080404 Firefox/2.0.0.14"
24.131.18.148 - - [11/Jun/2008:21:37:28 +0200] "GET / HTTP/1.1" 200 10127 "-" "Mozilla/5.0 (Windows; U; Windows NT 6.0; en-US; rv:1.8.1.14) Gecko/20080404 Firefox/2.0.0.14"
65.55.211.158 - - [11/Jun/2008:21:41:03 +0200] "GET /robots.txt HTTP/1.1" 200 64 "-" "msnbot/1.1 (+http://search.msn.com/msnbot.htm)"
65.55.211.158 - - [11/Jun/2008:21:41:03 +0200] "GET /zampa/ HTTP/1.1" 200 7153 "-" "msnbot/1.1 (+http://search.msn.com/msnbot.htm)"
65.55.109.99 - - [11/Jun/2008:21:45:33 +0200] "GET / HTTP/1.0" 302 353 "http://search.live.com/results.aspx?q=zampa&form=QBHP" "Mozilla/4.0 (compatible; MSIE 7.0; Windows NT 5.2; .NET CLR 1.1.4322)"
65.55.109.99 - - [11/Jun/2008:21:45:33 +0200] "GET /zampa/ HTTP/1.0" 200 7153 "http://search.live.com/results.aspx?q=zampa&form=QBHP" "Mozilla/4.0 (compatible; MSIE 7.0; Windows NT 5.2; .NET CLR 1.1.4322)"
164.11.204.57 - - [11/Jun/2008:21:54:08 +0200] "GET / HTTP/1.1" 200 10127 "-" "Mozilla/4.0 (compatible; MSIE 6.0; Windows NT 5.1;1813)"
65.120.148.11 - - [11/Jun/2008:22:34:53 +0200] "GET / HTTP/1.1" 200 10127 "http://www.randomwebsite.com/" "Mozilla/4.0 (compatible; MSIE 6.0; Windows NT 5.1; SV1; .NET CLR 1.1.4322; InfoPath.1)"
65.120.148.11 - - [11/Jun/2008:22:34:54 +0200] "GET /framez_0.html HTTP/1.1" 200 12444 "-" "Mozilla/4.0 (compatible; MSIE 6.0; Windows NT 5.1; SV1; .NET CLR 1.1.4322; InfoPath.1)"
65.120.148.11 - - [11/Jun/2008:22:34:58 +0200] "GET /framez.html HTTP/1.1" 200 3883 "-" "Mozilla/4.0 (compatible; MSIE 6.0; Windows NT 5.1; SV1; .NET CLR 1.1.4322; InfoPath.1)"
65.120.148.11 - - [11/Jun/2008:22:34:59 +0200] "GET /frame-inhalt.html HTTP/1.1" 200 8784 "http://www.various-euro.com/framez.html" "Mozilla/4.0 (compatible; MSIE 6.0; Windows NT 5.1; SV1; .NET CLR 1.1.4322; InfoPath.1)"
65.120.148.11 - - [11/Jun/2008:22:34:59 +0200] "GET /frame-menu.html HTTP/1.1" 200 10492 "http://www.various-euro.com/framez.html" "Mozilla/4.0 (compatible; MSIE 6.0; Windows NT 5.1; SV1; .NET CLR 1.1.4322; InfoPath.1)"
65.120.148.11 - - [11/Jun/2008:22:34:59 +0200] "GET /frame-unten.html HTTP/1.1" 200 5308 "http://www.various-euro.com/framez.html" "Mozilla/4.0 (compatible; MSIE 6.0; Windows NT 5.1; SV1; .NET CLR 1.1.4322; InfoPath.1)"
65.120.148.11 - - [11/Jun/2008:22:34:59 +0200] "GET /bannerz/neon_click_3.gif HTTP/1.1" 200 240 "http://www.various-euro.com/frame-inhalt.html" "Mozilla/4.0 (compatible; MSIE 6.0; Windows NT 5.1; SV1; .NET CLR 1.1.4322; InfoPath.1)"
65.120.148.11 - - [11/Jun/2008:22:35:00 +0200] "GET /eurosign3.gif HTTP/1.1" 200 7879 "http://www.various-euro.com/frame-inhalt.html" "Mozilla/4.0 (compatible; MSIE 6.0; Windows NT 5.1; SV1; .NET CLR 1.1.4322; InfoPath.1)"
65.120.148.11 - - [11/Jun/2008:22:34:59 +0200] "GET /bannerz/goolag_468.jpg HTTP/1.1" 200 28285 "http://www.various-euro.com/frame-inhalt.html" "Mozilla/4.0 (compatible; MSIE 6.0; Windows NT 5.1; SV1; .NET CLR 1.1.4322; InfoPath.1)"
65.120.148.11 - - [11/Jun/2008:22:35:00 +0200] "GET /bannerz/neon_click_1.gif HTTP/1.1" 200 890 "http://www.various-euro.com/frame-inhalt.html" "Mozilla/4.0 (compatible; MSIE 6.0; Windows NT 5.1; SV1; .NET CLR 1.1.4322; InfoPath.1)"
