71.197.31.23 - - [13/Jun/2008:07:23:38 +0200] "GET /bmpp/Bilder/18_30.png HTTP/1.1" 200 233 "http://www.various-euro.com/bmpp/18.html" "Mozilla/4.0 (compatible; MSIE 7.0; Windows NT 5.1; .NET CLR 1.1.4322)"
71.197.31.23 - - [13/Jun/2008:07:23:38 +0200] "GET /bmpp/Bilder/18_31.png HTTP/1.1" 200 402 "http://www.various-euro.com/bmpp/18.html" "Mozilla/4.0 (compatible; MSIE 7.0; Windows NT 5.1; .NET CLR 1.1.4322)"
71.197.31.23 - - [13/Jun/2008:07:23:38 +0200] "GET /bmpp/Bilder/18_32.png HTTP/1.1" 200 374 "http://www.various-euro.com/bmpp/18.html" "Mozilla/4.0 (compatible; MSIE 7.0; Windows NT 5.1; .NET CLR 1.1.4322)"
71.197.31.23 - - [13/Jun/2008:07:23:38 +0200] "GET /bmpp/Bilder/18_33.png HTTP/1.1" 200 398 "http://www.various-euro.com/bmpp/18.html" "Mozilla/4.0 (compatible; MSIE 7.0; Windows NT 5.1; .NET CLR 1.1.4322)"
71.197.31.23 - - [13/Jun/2008:07:23:38 +0200] "GET /bmpp/Bilder/18_34.png HTTP/1.1" 200 573 "http://www.various-euro.com/bmpp/18.html" "Mozilla/4.0 (compatible; MSIE 7.0; Windows NT 5.1; .NET CLR 1.1.4322)"
71.197.31.23 - - [13/Jun/2008:07:23:39 +0200] "GET /bmpp/Bilder/18_35.png HTTP/1.1" 200 691 "http://www.various-euro.com/bmpp/18.html" "Mozilla/4.0 (compatible; MSIE 7.0; Windows NT 5.1; .NET CLR 1.1.4322)"
71.197.31.23 - - [13/Jun/2008:07:23:39 +0200] "GET /bmpp/Bilder/18_36.png HTTP/1.1" 200 557 "http://www.various-euro.com/bmpp/18.html" "Mozilla/4.0 (compatible; MSIE 7.0; Windows NT 5.1; .NET CLR 1.1.4322)"
71.197.31.23 - - [13/Jun/2008:07:23:39 +0200] "GET /bmpp/Bilder/18_37.png HTTP/1.1" 200 239 "http://www.various-euro.com/bmpp/18.html" "Mozilla/4.0 (compatible; MSIE 7.0; Windows NT 5.1; .NET CLR 1.1.4322)"
71.197.31.23 - - [13/Jun/2008:07:23:39 +0200] "GET /bmpp/Bilder/18_38.png HTTP/1.1" 200 509 "http://www.various-euro.com/bmpp/18.html" "Mozilla/4.0 (compatible; MSIE 7.0; Windows NT 5.1; .NET CLR 1.1.4322)"
71.197.31.23 - - [13/Jun/2008:07:23:39 +0200] "GET /bmpp/Bilder/18_39.png HTTP/1.1" 200 733 "http://www.various-euro.com/bmpp/18.html" "Mozilla/4.0 (compatible; MSIE 7.0; Windows NT 5.1; .NET CLR 1.1.4322)"
71.197.31.23 - - [13/Jun/2008:07:23:39 +0200] "GET /bmpp/Bilder/18_40.png HTTP/1.1" 200 506 "http://www.various-euro.com/bmpp/18.html" "Mozilla/4.0 (compatible; MSIE 7.0; Windows NT 5.1; .NET CLR 1.1.4322)"
71.197.31.23 - - [13/Jun/2008:07:23:39 +0200] "GET /bmpp/Bilder/18_41.png HTTP/1.1" 200 334 "http://www.various-euro.com/bmpp/18.html" "Mozilla/4.0 (compatible; MSIE 7.0; Windows NT 5.1; .NET CLR 1.1.4322)"
71.197.31.23 - - [13/Jun/2008:07:23:39 +0200] "GET /bmpp/Bilder/18_42.png HTTP/1.1" 200 286 "http://www.various-euro.com/bmpp/18.html" "Mozilla/4.0 (compatible; MSIE 7.0; Windows NT 5.1; .NET CLR 1.1.4322)"
71.197.31.23 - - [13/Jun/2008:07:23:39 +0200] "GET /bmpp/Bilder/18_43.png HTTP/1.1" 200 280 "http://www.various-euro.com/bmpp/18.html" "Mozilla/4.0 (compatible; MSIE 7.0; Windows NT 5.1; .NET CLR 1.1.4322)"
74.6.22.174 - - [13/Jun/2008:08:03:18 +0200] "GET /robots.txt HTTP/1.0" 200 64 "-" "Mozilla/5.0 (compatible; Yahoo! Slurp; http://help.yahoo.com/help/us/ysearch/slurp)"
67.195.52.28 - - [13/Jun/2008:08:03:19 +0200] "GET / HTTP/1.0" 200 10127 "-" "Mozilla/5.0 (compatible; Yahoo! Slurp; http://help.yahoo.com/help/us/ysearch/slurp)"
74.6.22.88 - - [13/Jun/2008:08:35:03 +0200] "GET /games/virtualcop/virtualcop.html HTTP/1.0" 200 4487 "-" "Mozilla/5.0 (compatible; Yahoo! Slurp; http://help.yahoo.com/help/us/ysearch/slurp)"
67.195.52.119 - - [13/Jun/2008:08:35:17 +0200] "GET /e-counter.html HTTP/1.0" 200 4047 "-" "Mozilla/5.0 (compatible; Yahoo! Slurp; http://help.yahoo.com/help/us/ysearch/slurp)"
222.254.140.241 - - [13/Jun/2008:08:40:33 +0200] "GET / HTTP/1.1" 200 10127 "http://www.google.com.vn/search?hl=vi&q=euro.com&meta=" "Mozilla/4.0 (compatible; MSIE 6.0; Windows NT 5.1; SV1)"
222.254.140.241 - - [13/Jun/2008:08:40:37 +0200] "GET /framez_0.html HTTP/1.1" 200 12444 "-" "Mozilla/4.0 (compatible; MSIE 6.0; Windows NT 5.1; SV1)"
222.254.140.241 - - [13/Jun/2008:08:40:47 +0200] "GET /framez.html HTTP/1.1" 200 3883 "-" "Mozilla/4.0 (compatible; MSIE 6.0; Windows NT 5.1; SV1)"
222.254.140.241 - - [13/Jun/2008:08:40:48 +0200] "GET /frame-menu.html HTTP/1.1" 200 10492 "http://www.various-euro.com/framez.html" "Mozilla/4.0 (compatible; MSIE 6.0; Windows NT 5.1; SV1)"
222.254.140.241 - - [13/Jun/2008:08:40:48 +0200] "GET /frame-inhalt.html HTTP/1.1" 200 8784 "http://www.various-euro.com/framez.html" "Mozilla/4.0 (compatible; MSIE 6.0; Windows NT 5.1; SV1)"
222.254.140.241 - - [13/Jun/2008:08:40:50 +0200] "GET /frame-unten.html HTTP/1.1" 200 5308 "http://www.various-euro.com/framez.html" "Mozilla/4.0 (compatible; MSIE 6.0; Windows NT 5.1; SV1)"
222.254.140.241 - - [13/Jun/2008:08:40:53 +0200] "GET /bannerz/neon_click_3.gif HTTP/1.1" 200 240 "http://www.various-euro.com/frame-inhalt.html" "Mozilla/4.0 (compatible; MSIE 6.0; Windows NT 5.1; SV1)"
222.254.140.241 - - [13/Jun/2008:08:40:50 +0200] "GET /bannerz/goolag_468.jpg HTTP/1.1" 200 28285 "http://www.various-euro.com/frame-inhalt.html" "Mozilla/4.0 (compatible; MSIE 6.0; Windows NT 5.1; SV1)"
222.254.140.241 - - [13/Jun/2008:08:40:53 +0200] "GET /eurosign3.gif HTTP/1.1" 200 7879 "http://www.various-euro.com/frame-inhalt.html" "Mozilla/4.0 (compatible; MSIE 6.0; Windows NT 5.1; SV1)"
222.254.140.241 - - [13/Jun/2008:08:40:54 +0200] "GET /bannerz/neon_click_1.gif HTTP/1.1" 200 890 "http://www.various-euro.com/frame-inhalt.html" "Mozilla/4.0 (compatible; MSIE 6.0; Windows NT 5.1; SV1)"
222.254.140.241 - - [13/Jun/2008:08:40:53 +0200] "GET /bannerz/wet.gif HTTP/1.1" 200 18561 "http://www.various-euro.com/frame-inhalt.html" "Mozilla/4.0 (compatible; MSIE 6.0; Windows NT 5.1; SV1)"
222.254.140.241 - - [13/Jun/2008:08:40:54 +0200] "GET /bannerz/neon_click_2.gif HTTP/1.1" 200 387 "http://www.various-euro.com/frame-inhalt.html" "Mozilla/4.0 (compatible; MSIE 6.0; Windows NT 5.1; SV1)"
222.254.140.241 - - [13/Jun/2008:08:40:55 +0200] "GET /bannerz/douwil.gif HTTP/1.1" 200 528 "http://www.various-euro.com/frame-inhalt.html" "Mozilla/4.0 (compatible; MSIE 6.0; Windows NT 5.1; SV1)"
222.254.140.241 - - [13/Jun/2008:08:40:55 +0200] "GET /bannerz/anti_black_small.gif HTTP/1.1" 200 1009 "http://www.various-euro.com/frame-inhalt.html" "Mozilla/4.0 (compatible; MSIE 6.0; Windows NT 5.1; SV1)"
222.254.140.241 - - [13/Jun/2008:08:40:55 +0200] "GET /bannerz/copyleft_black_small.gif HTTP/1.1" 200 1231 "http://www.various-euro.com/frame-inhalt.html" "Mozilla/4.0 (compatible; MSIE 6.0; Windows NT 5.1; SV1)"
222.254.140.241 - - [13/Jun/2008:08:40:57 +0200] "GET /bannerz/google/Logo_40blk.gif HTTP/1.1" 200 2308 "http://www.various-euro.com/frame-inhalt.html" "Mozilla/4.0 (compatible; MSIE 6.0; Windows NT 5.1; SV1)"
222.254.140.241 - - [13/Jun/2008:08:41:01 +0200] "GET /bannerz/ve.jpg HTTP/1.1" 200 36912 "http://www.various-euro.com/frame-unten.html" "Mozilla/4.0 (compatible; MSIE 6.0; Windows NT 5.1; SV1)"
222.254.140.241 - - [13/Jun/2008:08:41:05 +0200] "GET /bannerz/various-euro-girl.jpg HTTP/1.1" 200 91514 "http://www.various-euro.com/frame-unten.html" "Mozilla/4.0 (compatible; MSIE 6.0; Windows NT 5.1; SV1)"
222.254.140.241 - - [13/Jun/2008:08:40:59 +0200] "GET /bannerz/ubu-shot.png HTTP/1.1" 200 200117 "http://www.various-euro.com/frame-inhalt.html" "Mozilla/4.0 (compatible; MSIE 6.0; Windows NT 5.1; SV1)"
222.254.140.241 - - [13/Jun/2008:08:42:18 +0200] "GET / HTTP/1.1" 200 10127 "http://www.google.com.vn/search?hl=vi&q=euro.com&meta=" "Mozilla/4.0 (compatible; MSIE 6.0; Windows NT 5.1; SV1)"
222.254.140.241 - - [13/Jun/2008:08:42:20 +0200] "GET /framez_0.html HTTP/1.1" 200 12444 "-" "Mozilla/4.0 (compatible; MSIE 6.0; Windows NT 5.1; SV1)"
222.254.140.241 - - [13/Jun/2008:08:42:24 +0200] "GET / HTTP/1.1" 200 10127 "http://www.google.com.vn/search?hl=vi&q=euro.com&meta=" "Mozilla/4.0 (compatible; MSIE 6.0; Windows NT 5.1; SV1)"
222.254.140.241 - - [13/Jun/2008:08:42:28 +0200] "GET /framez_0.html HTTP/1.1" 200 12444 "-" "Mozilla/4.0 (compatible; MSIE 6.0; Windows NT 5.1; SV1)"
222.254.140.241 - - [13/Jun/2008:08:42:32 +0200] "GET / HTTP/1.1" 200 10127 "http://www.google.com.vn/search?hl=vi&q=euro.com&meta=" "Mozilla/4.0 (compatible; MSIE 6.0; Windows NT 5.1; SV1)"
222.254.140.241 - - [13/Jun/2008:08:42:34 +0200] "GET /framez_0.html HTTP/1.1" 200 12444 "-" "Mozilla/4.0 (compatible; MSIE 6.0; Windows NT 5.1; SV1)"
222.254.140.241 - - [13/Jun/2008:08:42:37 +0200] "GET / HTTP/1.1" 200 10127 "http://www.google.com.vn/search?hl=vi&q=euro.com&meta=" "Mozilla/4.0 (compatible; MSIE 6.0; Windows NT 5.1; SV1)"
222.254.140.241 - - [13/Jun/2008:08:42:39 +0200] "GET /framez_0.html HTTP/1.1" 200 12444 "-" "Mozilla/4.0 (compatible; MSIE 6.0; Windows NT 5.1; SV1)"
222.254.140.241 - - [13/Jun/2008:08:42:40 +0200] "GET / HTTP/1.1" 200 10127 "http://www.google.com.vn/search?hl=vi&q=euro.com&meta=" "Mozilla/4.0 (compatible; MSIE 6.0; Windows NT 5.1; SV1)"
222.254.140.241 - - [13/Jun/2008:08:42:41 +0200] "GET /framez_0.html HTTP/1.1" 200 12444 "-" "Mozilla/4.0 (compatible; MSIE 6.0; Windows NT 5.1; SV1)"
222.254.140.241 - - [13/Jun/2008:08:42:44 +0200] "GET / HTTP/1.1" 200 10127 "http://www.google.com.vn/search?hl=vi&q=euro.com&meta=" "Mozilla/4.0 (compatible; MSIE 6.0; Windows NT 5.1; SV1)"
222.254.140.241 - - [13/Jun/2008:08:42:47 +0200] "GET /framez_0.html HTTP/1.1" 200 12444 "-" "Mozilla/4.0 (compatible; MSIE 6.0; Windows NT 5.1; SV1)"
65.55.211.170 - - [13/Jun/2008:08:48:37 +0200] "GET /framez-girlz.html HTTP/1.1" 200 4271 "-" "msnbot/1.1 (+http://search.msn.com/msnbot.htm)"
65.55.211.170 - - [13/Jun/2008:08:50:23 +0200] "GET /robots.txt HTTP/1.1" 200 64 "-" "msnbot/1.0 (+http://search.msn.com/msnbot.htm)"
65.55.211.170 - - [13/Jun/2008:08:50:23 +0200] "GET /frame-menu.html HTTP/1.1" 200 10492 "-" "msnbot/1.0 (+http://search.msn.com/msnbot.htm)"
65.55.211.170 - - [13/Jun/2008:08:50:24 +0200] "GET /neon/girlz2.html HTTP/1.1" 200 2937 "-" "msnbot/1.0 (+http://search.msn.com/msnbot.htm)"
65.55.211.170 - - [13/Jun/2008:08:50:24 +0200] "GET /frame-unten.html HTTP/1.1" 200 5308 "-" "msnbot/1.0 (+http://search.msn.com/msnbot.htm)"
65.55.110.138 - - [13/Jun/2008:08:52:16 +0200] "GET /framez-girlz.html HTTP/1.0" 200 4271 "http://search.live.com/results.aspx?q=various&form=QBHP" "Mozilla/4.0 (compatible; MSIE 7.0; Windows NT 5.2; .NET CLR 1.1.4322)"
65.55.110.138 - - [13/Jun/2008:08:52:16 +0200] "GET /neon/girlz2.html HTTP/1.0" 200 2937 "http://www.various-euro.com/framez-girlz.html" "Mozilla/4.0 (compatible; MSIE 7.0; Windows NT 5.2; .NET CLR 1.1.4322)"
65.55.110.138 - - [13/Jun/2008:08:52:16 +0200] "GET /frame-menu.html HTTP/1.0" 200 10492 "http://www.various-euro.com/framez-girlz.html" "Mozilla/4.0 (compatible; MSIE 7.0; Windows NT 5.2; .NET CLR 1.1.4322)"
65.55.110.138 - - [13/Jun/2008:08:52:16 +0200] "GET /frame-unten.html HTTP/1.0" 200 5308 "http://www.various-euro.com/framez-girlz.html" "Mozilla/4.0 (compatible; MSIE 7.0; Windows NT 5.2; .NET CLR 1.1.4322)"
74.6.22.88 - - [13/Jun/2008:08:59:31 +0200] "GET /robots.txt HTTP/1.0" 200 64 "-" "Mozilla/5.0 (compatible; Yahoo! Slurp; http://help.yahoo.com/help/us/ysearch/slurp)"
74.6.22.88 - - [13/Jun/2008:08:59:31 +0200] "GET /f-search.html HTTP/1.0" 200 11800 "-" "Mozilla/5.0 (compatible; Yahoo! Slurp; http://help.yahoo.com/help/us/ysearch/slurp)"
189.137.26.22 - - [13/Jun/2008:09:23:45 +0200] "POST /awstat/cgi-bin/awstats.pl HTTP/1.1" 404 2748 "http://various-euro.com/awstat/cgi-bin/awstats.pl" "Mozilla/4.0 (compatible; MSIE 6.0; Windows NT 5.1)"
66.249.65.133 - - [13/Jun/2008:09:24:55 +0200] "GET /zampa-lovers/ HTTP/1.1" 200 37790 "-" "Mozilla/5.0 (compatible; Googlebot/2.1; +http://www.google.com/bot.html)"
66.249.65.133 - - [13/Jun/2008:09:32:00 +0200] "GET /news.html HTTP/1.1" 404 2748 "-" "Mozilla/5.0 (compatible; Googlebot/2.1; +http://www.google.com/bot.html)"
74.6.22.176 - - [13/Jun/2008:09:45:49 +0200] "GET /robots.txt HTTP/1.0" 200 64 "-" "Mozilla/5.0 (compatible; Yahoo! Slurp; http://help.yahoo.com/help/us/ysearch/slurp)"
67.195.52.99 - - [13/Jun/2008:09:45:50 +0200] "GET /f-actions.html HTTP/1.0" 200 10429 "-" "Mozilla/5.0 (compatible; Yahoo! Slurp; http://help.yahoo.com/help/us/ysearch/slurp)"
74.6.22.88 - - [13/Jun/2008:09:48:52 +0200] "GET /frame-menu.html HTTP/1.0" 200 10492 "-" "Mozilla/5.0 (compatible; Yahoo! Slurp; http://help.yahoo.com/help/us/ysearch/slurp)"
65.55.211.170 - - [13/Jun/2008:10:04:51 +0200] "GET /bmpp/euro_pal_111.html HTTP/1.1" 200 2129 "-" "msnbot/1.1 (+http://search.msn.com/msnbot.htm)"
125.163.84.126 - - [13/Jun/2008:10:22:05 +0200] "GET /neon/girl-tv.html HTTP/1.1" 200 1717 "http://www.google.co.id/search?hl=id&q=euro+girl&btnG=Telusuri&meta=" "Mozilla/5.0 (Windows; U; Windows NT 5.1; en-US; rv:1.8.1.1) Gecko/20061204 Firefox/2.0.0.1"
125.163.84.126 - - [13/Jun/2008:10:22:05 +0200] "GET /neon/dollar-shadow.jpg HTTP/1.1" 200 3045 "http://www.various-euro.com/neon/girl-tv.html" "Mozilla/5.0 (Windows; U; Windows NT 5.1; en-US; rv:1.8.1.1) Gecko/20061204 Firefox/2.0.0.1"
125.163.84.126 - - [13/Jun/2008:10:22:06 +0200] "GET /neon/girl-tv.gif HTTP/1.1" 200 15982 "http://www.various-euro.com/neon/girl-tv.html" "Mozilla/5.0 (Windows; U; Windows NT 5.1; en-US; rv:1.8.1.1) Gecko/20061204 Firefox/2.0.0.1"
125.163.84.126 - - [13/Jun/2008:10:22:09 +0200] "GET /favicon.ico HTTP/1.1" 404 2748 "-" "Mozilla/5.0 (Windows; U; Windows NT 5.1; en-US; rv:1.8.1.1) Gecko/20061204 Firefox/2.0.0.1"
125.163.84.126 - - [13/Jun/2008:10:22:16 +0200] "GET /neon/girlz2.html HTTP/1.1" 200 2937 "http://www.various-euro.com/neon/girl-tv.html" "Mozilla/5.0 (Windows; U; Windows NT 5.1; en-US; rv:1.8.1.1) Gecko/20061204 Firefox/2.0.0.1"
125.163.84.126 - - [13/Jun/2008:10:22:22 +0200] "GET /vgirls/button1.gif HTTP/1.1" 200 9099 "http://www.various-euro.com/neon/girlz2.html" "Mozilla/5.0 (Windows; U; Windows NT 5.1; en-US; rv:1.8.1.1) Gecko/20061204 Firefox/2.0.0.1"
125.163.84.126 - - [13/Jun/2008:10:22:24 +0200] "GET /vgirls/button10.gif HTTP/1.1" 200 15687 "http://www.various-euro.com/neon/girlz2.html" "Mozilla/5.0 (Windows; U; Windows NT 5.1; en-US; rv:1.8.1.1) Gecko/20061204 Firefox/2.0.0.1"
125.163.84.126 - - [13/Jun/2008:10:22:22 +0200] "GET /vgirls/wm_02.gif HTTP/1.1" 200 36891 "http://www.various-euro.com/neon/girlz2.html" "Mozilla/5.0 (Windows; U; Windows NT 5.1; en-US; rv:1.8.1.1) Gecko/20061204 Firefox/2.0.0.1"
125.163.84.126 - - [13/Jun/2008:10:22:27 +0200] "GET /vgirls/virtua4.gif HTTP/1.1" 200 12643 "http://www.various-euro.com/neon/girlz2.html" "Mozilla/5.0 (Windows; U; Windows NT 5.1; en-US; rv:1.8.1.1) Gecko/20061204 Firefox/2.0.0.1"
125.163.84.126 - - [13/Jun/2008:10:22:28 +0200] "GET /vgirls/button3.gif HTTP/1.1" 200 9634 "http://www.various-euro.com/neon/girlz2.html" "Mozilla/5.0 (Windows; U; Windows NT 5.1; en-US; rv:1.8.1.1) Gecko/20061204 Firefox/2.0.0.1"
125.163.84.126 - - [13/Jun/2008:10:22:29 +0200] "GET /vgirls/dora_01.gif HTTP/1.1" 200 15465 "http://www.various-euro.com/neon/girlz2.html" "Mozilla/5.0 (Windows; U; Windows NT 5.1; en-US; rv:1.8.1.1) Gecko/20061204 Firefox/2.0.0.1"
125.163.84.126 - - [13/Jun/2008:10:22:38 +0200] "GET /vgirls/shaina_big.gif HTTP/1.1" 200 16169 "http://www.various-euro.com/neon/girlz2.html" "Mozilla/5.0 (Windows; U; Windows NT 5.1; en-US; rv:1.8.1.1) Gecko/20061204 Firefox/2.0.0.1"
67.195.37.181 - - [13/Jun/2008:10:25:58 +0200] "GET /robots.txt HTTP/1.0" 200 64 "-" "Mozilla/5.0 (compatible; Yahoo! Slurp; http://help.yahoo.com/help/us/ysearch/slurp)"
67.195.37.181 - - [13/Jun/2008:10:25:59 +0200] "GET / HTTP/1.0" 200 10127 "-" "Mozilla/5.0 (compatible; Yahoo! Slurp/3.0; http://help.yahoo.com/help/us/ysearch/slurp)"
67.195.37.109 - - [13/Jun/2008:10:26:20 +0200] "GET /your_tour.html HTTP/1.0" 200 16418 "-" "Mozilla/5.0 (compatible; Yahoo! Slurp/3.0; http://help.yahoo.com/help/us/ysearch/slurp)"
74.6.22.88 - - [13/Jun/2008:10:32:31 +0200] "GET /partnergegenberlin.html HTTP/1.0" 200 5022 "-" "Mozilla/5.0 (compatible; Yahoo! Slurp; http://help.yahoo.com/help/us/ysearch/slurp)"
66.249.65.133 - - [13/Jun/2008:10:33:22 +0200] "GET /f-other.html HTTP/1.1" 200 33189 "-" "Mozilla/5.0 (compatible; Googlebot/2.1; +http://www.google.com/bot.html)"
74.6.22.88 - - [13/Jun/2008:10:41:16 +0200] "GET /world.html HTTP/1.0" 200 16295 "-" "Mozilla/5.0 (compatible; Yahoo! Slurp; http://help.yahoo.com/help/us/ysearch/slurp)"
67.195.37.113 - - [13/Jun/2008:10:41:19 +0200] "GET /robots.txt HTTP/1.0" 302 363 "-" "Mozilla/5.0 (compatible; Yahoo! Slurp; http://help.yahoo.com/help/us/ysearch/slurp)"
67.195.37.113 - - [13/Jun/2008:10:41:20 +0200] "GET /zampa/robots.txt HTTP/1.0" 404 2748 "-" "Mozilla/5.0 (compatible; Yahoo! Slurp; http://help.yahoo.com/help/us/ysearch/slurp)"
67.195.37.113 - - [13/Jun/2008:10:41:21 +0200] "GET / HTTP/1.0" 302 353 "-" "Mozilla/5.0 (compatible; Yahoo! Slurp/3.0; http://help.yahoo.com/help/us/ysearch/slurp)"
67.195.37.109 - - [13/Jun/2008:10:41:30 +0200] "GET /zampa/ HTTP/1.0" 200 7153 "-" "Mozilla/5.0 (compatible; Yahoo! Slurp/3.0; http://help.yahoo.com/help/us/ysearch/slurp)"
67.195.52.122 - - [13/Jun/2008:10:48:43 +0200] "GET /DgH/orginal/index.html HTTP/1.0" 200 1727 "-" "Mozilla/5.0 (compatible; Yahoo! Slurp; http://help.yahoo.com/help/us/ysearch/slurp)"
67.195.52.51 - - [13/Jun/2008:10:50:27 +0200] "GET /DgH/orginal/ HTTP/1.0" 200 1727 "-" "Mozilla/5.0 (compatible; Yahoo! Slurp; http://help.yahoo.com/help/us/ysearch/slurp)"
65.55.211.169 - - [13/Jun/2008:11:05:35 +0200] "GET /framez-schubb4.html HTTP/1.1" 200 4318 "-" "msnbot/1.1 (+http://search.msn.com/msnbot.htm)"
65.55.211.169 - - [13/Jun/2008:11:08:10 +0200] "GET /robots.txt HTTP/1.1" 200 64 "-" "msnbot/1.0 (+http://search.msn.com/msnbot.htm)"
65.55.211.169 - - [13/Jun/2008:11:08:11 +0200] "GET /frame-menu.html HTTP/1.1" 200 10492 "-" "msnbot/1.0 (+http://search.msn.com/msnbot.htm)"
65.55.211.169 - - [13/Jun/2008:11:08:11 +0200] "GET /schubb/schubb-4.html HTTP/1.1" 200 17746 "-" "msnbot/1.0 (+http://search.msn.com/msnbot.htm)"
65.55.211.169 - - [13/Jun/2008:11:08:12 +0200] "GET /frame-unten.html HTTP/1.1" 200 5308 "-" "msnbot/1.0 (+http://search.msn.com/msnbot.htm)"
65.214.45.123 - - [13/Jun/2008:11:14:10 +0200] "GET /neon/girlz2.html HTTP/1.0" 200 2937 "-" "Mozilla/5.0 (compatible; Ask Jeeves/Teoma; +http://about.ask.com/en/docs/about/webmasters.shtml)"
65.214.45.123 - - [13/Jun/2008:11:26:09 +0200] "GET /restate_copy.html HTTP/1.0" 200 97631 "-" "Mozilla/5.0 (compatible; Ask Jeeves/Teoma; +http://about.ask.com/en/docs/about/webmasters.shtml)"
77.46.220.240 - - [13/Jun/2008:11:30:38 +0200] "GET / HTTP/1.1" 302 353 "-" "Mozilla/4.0 (compatible; MSIE 7.0; Windows NT 5.1; FDM; .NET CLR 1.1.4322)"
77.46.220.240 - - [13/Jun/2008:11:30:38 +0200] "GET /zampa/ HTTP/1.1" 200 7153 "-" "Mozilla/4.0 (compatible; MSIE 7.0; Windows NT 5.1; FDM; .NET CLR 1.1.4322)"
77.46.220.240 - - [13/Jun/2008:11:30:39 +0200] "GET /zampa/slike/zampa.gif HTTP/1.1" 200 5310 "http://www.various-euro.com/zampa/" "Mozilla/4.0 (compatible; MSIE 7.0; Windows NT 5.1; FDM; .NET CLR 1.1.4322)"
77.46.220.240 - - [13/Jun/2008:11:30:39 +0200] "GET /zampa/slike/udupetu.gif HTTP/1.1" 200 4138 "http://www.various-euro.com/zampa/" "Mozilla/4.0 (compatible; MSIE 7.0; Windows NT 5.1; FDM; .NET CLR 1.1.4322)"
77.46.220.240 - - [13/Jun/2008:11:30:39 +0200] "GET /zampa/slike/inthearse.gif HTTP/1.1" 200 4077 "http://www.various-euro.com/zampa/" "Mozilla/4.0 (compatible; MSIE 7.0; Windows NT 5.1; FDM; .NET CLR 1.1.4322)"
77.46.220.240 - - [13/Jun/2008:11:30:39 +0200] "GET /favicon.ico HTTP/1.1" 404 2748 "-" "Mozilla/4.0 (compatible; MSIE 7.0; Windows NT 5.1; FDM; .NET CLR 1.1.4322)"
84.119.66.14 - - [13/Jun/2008:11:47:28 +0200] "GET /zampa-lovers/index.html HTTP/1.1" 200 37790 "-" "Mozilla/4.0 (compatible; MSIE 7.0; Windows NT 5.1; SIMBAR={51EEA571-AE43-4590-B87A-665E7598C095}; .NET CLR 1.1.4322; InfoPath.2)"
84.119.66.14 - - [13/Jun/2008:11:47:29 +0200] "GET /zampa-lovers/kralle.gif HTTP/1.1" 404 2748 "-" "Mozilla/4.0 (compatible; MSIE 7.0; Windows NT 5.1; SIMBAR={51EEA571-AE43-4590-B87A-665E7598C095}; .NET CLR 1.1.4322; InfoPath.2)"
84.119.66.14 - - [13/Jun/2008:11:47:29 +0200] "GET /zampa-lovers/DRAGAN_Z.JPG HTTP/1.1" 200 6850 "-" "Mozilla/4.0 (compatible; MSIE 7.0; Windows NT 5.1; SIMBAR={51EEA571-AE43-4590-B87A-665E7598C095}; .NET CLR 1.1.4322; InfoPath.2)"
84.119.66.14 - - [13/Jun/2008:11:47:29 +0200] "GET /zampa-lovers/MILIZA_2.JPG HTTP/1.1" 200 22172 "-" "Mozilla/4.0 (compatible; MSIE 7.0; Windows NT 5.1; SIMBAR={51EEA571-AE43-4590-B87A-665E7598C095}; .NET CLR 1.1.4322; InfoPath.2)"
84.119.66.14 - - [13/Jun/2008:11:47:30 +0200] "GET /zampa-lovers/MILIZA_4.JPG HTTP/1.1" 200 9946 "-" "Mozilla/4.0 (compatible; MSIE 7.0; Windows NT 5.1; SIMBAR={51EEA571-AE43-4590-B87A-665E7598C095}; .NET CLR 1.1.4322; InfoPath.2)"
84.119.66.14 - - [13/Jun/2008:11:47:30 +0200] "GET /zampa-lovers/MILIZA_B.JPG HTTP/1.1" 200 10947 "-" "Mozilla/4.0 (compatible; MSIE 7.0; Windows NT 5.1; SIMBAR={51EEA571-AE43-4590-B87A-665E7598C095}; .NET CLR 1.1.4322; InfoPath.2)"
84.119.66.14 - - [13/Jun/2008:11:47:30 +0200] "GET /zampa-lovers/MILIZA_3.JPG HTTP/1.1" 200 26924 "-" "Mozilla/4.0 (compatible; MSIE 7.0; Windows NT 5.1; SIMBAR={51EEA571-AE43-4590-B87A-665E7598C095}; .NET CLR 1.1.4322; InfoPath.2)"
84.119.66.14 - - [13/Jun/2008:11:47:30 +0200] "GET /zampa-lovers/DRAGANZA.JPG HTTP/1.1" 200 18560 "-" "Mozilla/4.0 (compatible; MSIE 7.0; Windows NT 5.1; SIMBAR={51EEA571-AE43-4590-B87A-665E7598C095}; .NET CLR 1.1.4322; InfoPath.2)"
84.119.66.14 - - [13/Jun/2008:11:47:29 +0200] "GET /zampa-lovers/zampa.gif HTTP/1.1" 200 460627 "-" "Mozilla/4.0 (compatible; MSIE 7.0; Windows NT 5.1; SIMBAR={51EEA571-AE43-4590-B87A-665E7598C095}; .NET CLR 1.1.4322; InfoPath.2)"
84.119.66.14 - - [13/Jun/2008:11:47:30 +0200] "GET /zampa-lovers/Kralle.gif HTTP/1.1" 200 260 "-" "Mozilla/4.0 (compatible; MSIE 7.0; Windows NT 5.1; SIMBAR={51EEA571-AE43-4590-B87A-665E7598C095}; .NET CLR 1.1.4322; InfoPath.2)"
84.119.66.14 - - [13/Jun/2008:11:47:31 +0200] "GET /zampa-lovers/zampa-2X2.gif HTTP/1.1" 200 6948 "-" "Mozilla/4.0 (compatible; MSIE 7.0; Windows NT 5.1; SIMBAR={51EEA571-AE43-4590-B87A-665E7598C095}; .NET CLR 1.1.4322; InfoPath.2)"
84.119.66.14 - - [13/Jun/2008:11:47:31 +0200] "GET /zampa-lovers/zampamali.gif HTTP/1.1" 200 2617 "-" "Mozilla/4.0 (compatible; MSIE 7.0; Windows NT 5.1; SIMBAR={51EEA571-AE43-4590-B87A-665E7598C095}; .NET CLR 1.1.4322; InfoPath.2)"
84.119.66.14 - - [13/Jun/2008:11:47:30 +0200] "GET /zampa-lovers/1SEITEVE.GIF HTTP/1.1" 200 78726 "-" "Mozilla/4.0 (compatible; MSIE 7.0; Windows NT 5.1; SIMBAR={51EEA571-AE43-4590-B87A-665E7598C095}; .NET CLR 1.1.4322; InfoPath.2)"
84.119.66.14 - - [13/Jun/2008:11:47:30 +0200] "GET /zampa-lovers/2SEITEVE.GIF HTTP/1.1" 200 83466 "-" "Mozilla/4.0 (compatible; MSIE 7.0; Windows NT 5.1; SIMBAR={51EEA571-AE43-4590-B87A-665E7598C095}; .NET CLR 1.1.4322; InfoPath.2)"
84.119.66.14 - - [13/Jun/2008:11:47:32 +0200] "GET /zampa-lovers/zampa.ICO HTTP/1.1" 200 7134 "-" "Mozilla/4.0 (compatible; MSIE 7.0; Windows NT 5.1; SIMBAR={51EEA571-AE43-4590-B87A-665E7598C095}; .NET CLR 1.1.4322; InfoPath.2)"
84.119.66.14 - - [13/Jun/2008:11:47:46 +0200] "GET /zampa-lovers/ZAMPAMA2.MPG HTTP/1.1" 200 63492 "-" "Mozilla/4.0 (compatible; MSIE 7.0; Windows NT 5.1; SIMBAR={51EEA571-AE43-4590-B87A-665E7598C095}; .NET CLR 1.1.4322; InfoPath.2)"
84.119.66.14 - - [13/Jun/2008:11:47:46 +0200] "GET /zampa-lovers/ZAMPAMAS.MPG HTTP/1.1" 200 520196 "-" "Mozilla/4.0 (compatible; MSIE 7.0; Windows NT 5.1; SIMBAR={51EEA571-AE43-4590-B87A-665E7598C095}; .NET CLR 1.1.4322; InfoPath.2)"
84.119.66.14 - - [13/Jun/2008:11:47:46 +0200] "GET /framez-zampa-lovers.html HTTP/1.1" 200 4322 "-" "Mozilla/4.0 (compatible; MSIE 7.0; Windows NT 5.1; SIMBAR={51EEA571-AE43-4590-B87A-665E7598C095}; .NET CLR 1.1.4322; InfoPath.2)"
84.119.66.14 - - [13/Jun/2008:11:47:46 +0200] "GET /zampa-lovers/WASISTMI1.MPG HTTP/1.1" 200 271221 "-" "Mozilla/4.0 (compatible; MSIE 7.0; Windows NT 5.1; SIMBAR={51EEA571-AE43-4590-B87A-665E7598C095}; .NET CLR 1.1.4322; InfoPath.2)"
84.119.66.14 - - [13/Jun/2008:11:47:49 +0200] "GET /frame-menu.html HTTP/1.1" 200 10492 "-" "Mozilla/4.0 (compatible; MSIE 7.0; Windows NT 5.1; SIMBAR={51EEA571-AE43-4590-B87A-665E7598C095}; .NET CLR 1.1.4322; InfoPath.2)"
84.119.66.14 - - [13/Jun/2008:11:47:49 +0200] "GET /frame-unten.html HTTP/1.1" 200 5308 "-" "Mozilla/4.0 (compatible; MSIE 7.0; Windows NT 5.1; SIMBAR={51EEA571-AE43-4590-B87A-665E7598C095}; .NET CLR 1.1.4322; InfoPath.2)"
84.119.66.14 - - [13/Jun/2008:11:47:49 +0200] "GET /zampa-lovers/index.html HTTP/1.1" 200 37790 "-" "Mozilla/4.0 (compatible; MSIE 7.0; Windows NT 5.1; SIMBAR={51EEA571-AE43-4590-B87A-665E7598C095}; .NET CLR 1.1.4322; InfoPath.2)"
84.119.66.14 - - [13/Jun/2008:11:47:49 +0200] "GET /bannerz/ubu-shot.png HTTP/1.1" 200 200117 "-" "Mozilla/4.0 (compatible; MSIE 7.0; Windows NT 5.1; SIMBAR={51EEA571-AE43-4590-B87A-665E7598C095}; .NET CLR 1.1.4322; InfoPath.2)"
84.119.66.14 - - [13/Jun/2008:11:47:50 +0200] "GET /zampa-lovers/kralle.gif HTTP/1.1" 404 2748 "-" "Mozilla/4.0 (compatible; MSIE 7.0; Windows NT 5.1; SIMBAR={51EEA571-AE43-4590-B87A-665E7598C095}; .NET CLR 1.1.4322; InfoPath.2)"
84.119.66.14 - - [13/Jun/2008:11:47:50 +0200] "GET /bannerz/ve.jpg HTTP/1.1" 200 36912 "-" "Mozilla/4.0 (compatible; MSIE 7.0; Windows NT 5.1; SIMBAR={51EEA571-AE43-4590-B87A-665E7598C095}; .NET CLR 1.1.4322; InfoPath.2)"
84.119.66.14 - - [13/Jun/2008:11:47:50 +0200] "GET /bannerz/various-euro-girl.jpg HTTP/1.1" 200 91514 "-" "Mozilla/4.0 (compatible; MSIE 7.0; Windows NT 5.1; SIMBAR={51EEA571-AE43-4590-B87A-665E7598C095}; .NET CLR 1.1.4322; InfoPath.2)"
84.119.66.14 - - [13/Jun/2008:11:47:51 +0200] "GET /zampa-lovers/ZAMPAMA2.MPG HTTP/1.1" 206 63492 "-" "Mozilla/4.0 (compatible; MSIE 7.0; Windows NT 5.1; SIMBAR={51EEA571-AE43-4590-B87A-665E7598C095}; .NET CLR 1.1.4322; InfoPath.2)"
84.119.66.14 - - [13/Jun/2008:11:47:53 +0200] "GET /ve-icon-2.ico HTTP/1.1" 200 2238 "-" "Mozilla/4.0 (compatible; MSIE 7.0; Windows NT 5.1; SIMBAR={51EEA571-AE43-4590-B87A-665E7598C095}; .NET CLR 1.1.4322; InfoPath.2)"
84.119.66.14 - - [13/Jun/2008:11:47:53 +0200] "GET /zampa-lovers/ZAMPAMAS.MPG HTTP/1.1" 200 520196 "-" "Mozilla/4.0 (compatible; MSIE 7.0; Windows NT 5.1; SIMBAR={51EEA571-AE43-4590-B87A-665E7598C095}; .NET CLR 1.1.4322; InfoPath.2)"
74.6.22.177 - - [13/Jun/2008:12:42:34 +0200] "GET /robots.txt HTTP/1.0" 200 64 "-" "Mozilla/5.0 (compatible; Yahoo! Slurp; http://help.yahoo.com/help/us/ysearch/slurp)"
67.195.52.97 - - [13/Jun/2008:12:42:35 +0200] "GET /framez.html HTTP/1.0" 200 3883 "-" "Mozilla/5.0 (compatible; Yahoo! Slurp; http://help.yahoo.com/help/us/ysearch/slurp)"
67.195.52.97 - - [13/Jun/2008:12:42:44 +0200] "GET /frame-menu.html HTTP/1.0" 200 10492 "-" "Mozilla/5.0 (compatible; Yahoo! Slurp; http://help.yahoo.com/help/us/ysearch/slurp)"
67.195.52.97 - - [13/Jun/2008:12:42:54 +0200] "GET /frame-inhalt.html HTTP/1.0" 200 8784 "-" "Mozilla/5.0 (compatible; Yahoo! Slurp; http://help.yahoo.com/help/us/ysearch/slurp)"
67.195.52.97 - - [13/Jun/2008:12:43:04 +0200] "GET /frame-unten.html HTTP/1.0" 200 5308 "-" "Mozilla/5.0 (compatible; Yahoo! Slurp; http://help.yahoo.com/help/us/ysearch/slurp)"
74.6.22.88 - - [13/Jun/2008:12:58:17 +0200] "GET /channel1.html HTTP/1.0" 404 2748 "-" "Mozilla/5.0 (compatible; Yahoo! Slurp; http://help.yahoo.com/help/us/ysearch/slurp)"
71.41.200.74 - - [13/Jun/2008:13:09:58 +0200] "GET /robots.txt HTTP/1.1" 200 64 "-" "MLBot (www.metadatalabs.com/mlbot)"
71.41.200.82 - - [13/Jun/2008:13:09:58 +0200] "GET / HTTP/1.1" 200 10127 "-" "MLBot (www.metadatalabs.com/mlbot)"
67.195.37.109 - - [13/Jun/2008:13:11:29 +0200] "GET /rez/556.mp3 HTTP/1.0" 200 2674419 "-" "Mozilla/5.0 (compatible; Yahoo! Slurp/3.0; http://help.yahoo.com/help/us/ysearch/slurp)"
67.195.37.109 - - [13/Jun/2008:14:03:28 +0200] "GET /bmpp/18.html HTTP/1.0" 200 4467 "-" "Mozilla/5.0 (compatible; Yahoo! Slurp/3.0; http://help.yahoo.com/help/us/ysearch/slurp)"
67.195.37.109 - - [13/Jun/2008:14:07:39 +0200] "GET /bmpp/18_x.html HTTP/1.0" 200 1100 "-" "Mozilla/5.0 (compatible; Yahoo! Slurp/3.0; http://help.yahoo.com/help/us/ysearch/slurp)"
66.249.65.133 - - [13/Jun/2008:14:17:52 +0200] "GET /robots.txt HTTP/1.1" 200 64 "-" "Mozilla/5.0 (compatible; Googlebot/2.1; +http://www.google.com/bot.html)"
66.249.65.133 - - [13/Jun/2008:14:17:53 +0200] "GET /f-channel1.html HTTP/1.1" 200 5713 "-" "Mozilla/5.0 (compatible; Googlebot/2.1; +http://www.google.com/bot.html)"
71.41.200.82 - - [13/Jun/2008:14:24:37 +0200] "GET /framez.html HTTP/1.1" 200 3883 "-" "MLBot (www.metadatalabs.com/mlbot)"
216.239.58.136 - - [13/Jun/2008:14:38:56 +0200] "GET /zampa-lovers/index.html HTTP/1.0" 200 37790 "http://translate.google.com/translate?hl=de&sl=en&u=http://www.various-euro.com/zampa-lovers/index.html&sa=X&oi=translate&resnum=1&ct=result&prev=/search%3Fq%3Dpa%2Bni%2Bti%2Bvise%26hl%3Dde%26rls%3Dcom.microsoft:de:IE-SearchBox%26rlz%3D1I7GGIK" "Mozilla/4.0 (compatible; MSIE 7.0; Windows NT 5.1; Versatel.de ISDN 0404; Versatel.de ISDN 0404),gzip(gfe) (via translate.google.com)"
89.244.206.180 - - [13/Jun/2008:14:38:58 +0200] "GET /zampa-lovers/DRAGAN_Z.JPG HTTP/1.1" 200 6850 "http://66.102.9.104/translate_c?hl=de&sl=en&u=http://www.various-euro.com/zampa-lovers/index.html&prev=/search%3Fq%3Dpa%2Bni%2Bti%2Bvise%26hl%3Dde%26rls%3Dcom.microsoft:de:IE-SearchBox%26rlz%3D1I7GGIK" "Mozilla/4.0 (compatible; MSIE 7.0; Windows NT 5.1; Versatel.de ISDN 0404; Versatel.de ISDN 0404)"
89.244.206.180 - - [13/Jun/2008:14:38:59 +0200] "GET /zampa-lovers/kralle.gif HTTP/1.1" 404 2748 "http://66.102.9.104/translate_c?hl=de&sl=en&u=http://www.various-euro.com/zampa-lovers/index.html&prev=/search%3Fq%3Dpa%2Bni%2Bti%2Bvise%26hl%3Dde%26rls%3Dcom.microsoft:de:IE-SearchBox%26rlz%3D1I7GGIK" "Mozilla/4.0 (compatible; MSIE 7.0; Windows NT 5.1; Versatel.de ISDN 0404; Versatel.de ISDN 0404)"
89.244.206.180 - - [13/Jun/2008:14:38:59 +0200] "GET /zampa-lovers/MILIZA_B.JPG HTTP/1.1" 200 10947 "http://66.102.9.104/translate_c?hl=de&sl=en&u=http://www.various-euro.com/zampa-lovers/index.html&prev=/search%3Fq%3Dpa%2Bni%2Bti%2Bvise%26hl%3Dde%26rls%3Dcom.microsoft:de:IE-SearchBox%26rlz%3D1I7GGIK" "Mozilla/4.0 (compatible; MSIE 7.0; Windows NT 5.1; Versatel.de ISDN 0404; Versatel.de ISDN 0404)"
89.244.206.180 - - [13/Jun/2008:14:38:59 +0200] "GET /zampa-lovers/MILIZA_2.JPG HTTP/1.1" 200 22172 "http://66.102.9.104/translate_c?hl=de&sl=en&u=http://www.various-euro.com/zampa-lovers/index.html&prev=/search%3Fq%3Dpa%2Bni%2Bti%2Bvise%26hl%3Dde%26rls%3Dcom.microsoft:de:IE-SearchBox%26rlz%3D1I7GGIK" "Mozilla/4.0 (compatible; MSIE 7.0; Windows NT 5.1; Versatel.de ISDN 0404; Versatel.de ISDN 0404)"
89.244.206.180 - - [13/Jun/2008:14:38:59 +0200] "GET /zampa-lovers/MILIZA_4.JPG HTTP/1.1" 200 9946 "http://66.102.9.104/translate_c?hl=de&sl=en&u=http://www.various-euro.com/zampa-lovers/index.html&prev=/search%3Fq%3Dpa%2Bni%2Bti%2Bvise%26hl%3Dde%26rls%3Dcom.microsoft:de:IE-SearchBox%26rlz%3D1I7GGIK" "Mozilla/4.0 (compatible; MSIE 7.0; Windows NT 5.1; Versatel.de ISDN 0404; Versatel.de ISDN 0404)"
89.244.206.180 - - [13/Jun/2008:14:38:59 +0200] "GET /zampa-lovers/DRAGANZA.JPG HTTP/1.1" 200 18560 "http://66.102.9.104/translate_c?hl=de&sl=en&u=http://www.various-euro.com/zampa-lovers/index.html&prev=/search%3Fq%3Dpa%2Bni%2Bti%2Bvise%26hl%3Dde%26rls%3Dcom.microsoft:de:IE-SearchBox%26rlz%3D1I7GGIK" "Mozilla/4.0 (compatible; MSIE 7.0; Windows NT 5.1; Versatel.de ISDN 0404; Versatel.de ISDN 0404)"
89.244.206.180 - - [13/Jun/2008:14:38:59 +0200] "GET /zampa-lovers/MILIZA_3.JPG HTTP/1.1" 200 26924 "http://66.102.9.104/translate_c?hl=de&sl=en&u=http://www.various-euro.com/zampa-lovers/index.html&prev=/search%3Fq%3Dpa%2Bni%2Bti%2Bvise%26hl%3Dde%26rls%3Dcom.microsoft:de:IE-SearchBox%26rlz%3D1I7GGIK" "Mozilla/4.0 (compatible; MSIE 7.0; Windows NT 5.1; Versatel.de ISDN 0404; Versatel.de ISDN 0404)"
89.244.206.180 - - [13/Jun/2008:14:38:59 +0200] "GET /zampa-lovers/2SEITEVE.GIF HTTP/1.1" 200 83466 "http://66.102.9.104/translate_c?hl=de&sl=en&u=http://www.various-euro.com/zampa-lovers/index.html&prev=/search%3Fq%3Dpa%2Bni%2Bti%2Bvise%26hl%3Dde%26rls%3Dcom.microsoft:de:IE-SearchBox%26rlz%3D1I7GGIK" "Mozilla/4.0 (compatible; MSIE 7.0; Windows NT 5.1; Versatel.de ISDN 0404; Versatel.de ISDN 0404)"
89.244.206.180 - - [13/Jun/2008:14:38:59 +0200] "GET /zampa-lovers/1SEITEVE.GIF HTTP/1.1" 200 78726 "http://66.102.9.104/translate_c?hl=de&sl=en&u=http://www.various-euro.com/zampa-lovers/index.html&prev=/search%3Fq%3Dpa%2Bni%2Bti%2Bvise%26hl%3Dde%26rls%3Dcom.microsoft:de:IE-SearchBox%26rlz%3D1I7GGIK" "Mozilla/4.0 (compatible; MSIE 7.0; Windows NT 5.1; Versatel.de ISDN 0404; Versatel.de ISDN 0404)"
89.244.206.180 - - [13/Jun/2008:14:39:01 +0200] "GET /zampa-lovers/Kralle.gif HTTP/1.1" 200 260 "http://66.102.9.104/translate_c?hl=de&sl=en&u=http://www.various-euro.com/zampa-lovers/index.html&prev=/search%3Fq%3Dpa%2Bni%2Bti%2Bvise%26hl%3Dde%26rls%3Dcom.microsoft:de:IE-SearchBox%26rlz%3D1I7GGIK" "Mozilla/4.0 (compatible; MSIE 7.0; Windows NT 5.1; Versatel.de ISDN 0404; Versatel.de ISDN 0404)"
89.244.206.180 - - [13/Jun/2008:14:39:01 +0200] "GET /zampa-lovers/zampa-2X2.gif HTTP/1.1" 200 6948 "http://66.102.9.104/translate_c?hl=de&sl=en&u=http://www.various-euro.com/zampa-lovers/index.html&prev=/search%3Fq%3Dpa%2Bni%2Bti%2Bvise%26hl%3Dde%26rls%3Dcom.microsoft:de:IE-SearchBox%26rlz%3D1I7GGIK" "Mozilla/4.0 (compatible; MSIE 7.0; Windows NT 5.1; Versatel.de ISDN 0404; Versatel.de ISDN 0404)"
89.244.206.180 - - [13/Jun/2008:14:39:01 +0200] "GET /zampa-lovers/zampamali.gif HTTP/1.1" 200 2617 "http://66.102.9.104/translate_c?hl=de&sl=en&u=http://www.various-euro.com/zampa-lovers/index.html&prev=/search%3Fq%3Dpa%2Bni%2Bti%2Bvise%26hl%3Dde%26rls%3Dcom.microsoft:de:IE-SearchBox%26rlz%3D1I7GGIK" "Mozilla/4.0 (compatible; MSIE 7.0; Windows NT 5.1; Versatel.de ISDN 0404; Versatel.de ISDN 0404)"
89.244.206.180 - - [13/Jun/2008:14:38:59 +0200] "GET /zampa-lovers/zampa.gif HTTP/1.1" 200 460627 "http://66.102.9.104/translate_c?hl=de&sl=en&u=http://www.various-euro.com/zampa-lovers/index.html&prev=/search%3Fq%3Dpa%2Bni%2Bti%2Bvise%26hl%3Dde%26rls%3Dcom.microsoft:de:IE-SearchBox%26rlz%3D1I7GGIK" "Mozilla/4.0 (compatible; MSIE 7.0; Windows NT 5.1; Versatel.de ISDN 0404; Versatel.de ISDN 0404)"
65.214.45.123 - - [13/Jun/2008:14:55:18 +0200] "GET /zampa/montenegro/index.html HTTP/1.0" 200 2651 "-" "Mozilla/5.0 (compatible; Ask Jeeves/Teoma; +http://about.ask.com/en/docs/about/webmasters.shtml)"
61.247.222.56 - - [13/Jun/2008:14:59:57 +0200] "GET /robots.txt HTTP/1.1" 200 64 "-" "Yeti/1.0 (+http://help.naver.com/robots/)"
61.247.222.56 - - [13/Jun/2008:14:59:58 +0200] "GET /framez.html HTTP/1.1" 200 3883 "-" "Yeti/1.0 (+http://help.naver.com/robots/)"
61.247.222.54 - - [13/Jun/2008:15:00:08 +0200] "GET /bannerz/various-euro-girl.jpg HTTP/1.1" 200 91514 "-" "Yeti/1.0 (+http://help.naver.com/robots/)"
66.249.65.133 - - [13/Jun/2008:15:01:28 +0200] "GET /schubb/schubb-2.html HTTP/1.1" 200 16660 "-" "Mozilla/5.0 (compatible; Googlebot/2.1; +http://www.google.com/bot.html)"
65.55.211.162 - - [13/Jun/2008:15:01:55 +0200] "GET /robots.txt HTTP/1.1" 200 64 "-" "msnbot/1.1 (+http://search.msn.com/msnbot.htm)"
65.55.211.162 - - [13/Jun/2008:15:01:55 +0200] "GET /framez-e-count.html HTTP/1.1" 200 4321 "-" "msnbot/1.1 (+http://search.msn.com/msnbot.htm)"
67.195.37.109 - - [13/Jun/2008:15:02:47 +0200] "GET /robots.txt HTTP/1.0" 200 64 "-" "Mozilla/5.0 (compatible; Yahoo! Slurp; http://help.yahoo.com/help/us/ysearch/slurp)"
67.195.37.109 - - [13/Jun/2008:15:02:48 +0200] "GET /games/virtualcop/virtualcop.html HTTP/1.0" 200 4487 "-" "Mozilla/5.0 (compatible; Yahoo! Slurp/3.0; http://help.yahoo.com/help/us/ysearch/slurp)"
65.55.211.162 - - [13/Jun/2008:15:04:21 +0200] "GET /robots.txt HTTP/1.1" 200 64 "-" "msnbot/1.0 (+http://search.msn.com/msnbot.htm)"
65.55.211.162 - - [13/Jun/2008:15:04:21 +0200] "GET /frame-menu.html HTTP/1.1" 200 10492 "-" "msnbot/1.0 (+http://search.msn.com/msnbot.htm)"
65.55.211.162 - - [13/Jun/2008:15:04:23 +0200] "GET /e-counter.html HTTP/1.1" 200 4047 "-" "msnbot/1.0 (+http://search.msn.com/msnbot.htm)"
65.55.211.162 - - [13/Jun/2008:15:04:23 +0200] "GET /frame-unten.html HTTP/1.1" 200 5308 "-" "msnbot/1.0 (+http://search.msn.com/msnbot.htm)"
202.79.62.21 - - [13/Jun/2008:15:04:38 +0200] "GET / HTTP/1.0" 200 10127 "-" "Mozilla/4.0 (compatible; MSIE 6.0; Windows NT 5.1; SV1)"
65.55.211.168 - - [13/Jun/2008:15:18:18 +0200] "GET /robots.txt HTTP/1.1" 200 64 "-" "msnbot/1.1 (+http://search.msn.com/msnbot.htm)"
65.55.211.168 - - [13/Jun/2008:15:18:18 +0200] "GET /3dsf3/sendi/sacrifice.html HTTP/1.1" 200 1309 "-" "msnbot/1.1 (+http://search.msn.com/msnbot.htm)"
67.195.37.109 - - [13/Jun/2008:15:23:09 +0200] "GET /neon/click.html HTTP/1.0" 200 521 "-" "Mozilla/5.0 (compatible; Yahoo! Slurp/3.0; http://help.yahoo.com/help/us/ysearch/slurp)"
66.249.65.133 - - [13/Jun/2008:15:27:16 +0200] "GET /robots.txt HTTP/1.1" 302 363 "-" "Mozilla/5.0 (compatible; Googlebot/2.1; +http://www.google.com/bot.html)"
66.249.65.133 - - [13/Jun/2008:15:27:16 +0200] "GET /zampa/robots.txt HTTP/1.1" 404 2748 "-" "Mozilla/5.0 (compatible; Googlebot/2.1; +http://www.google.com/bot.html)"
66.249.65.133 - - [13/Jun/2008:15:27:17 +0200] "GET / HTTP/1.1" 302 353 "-" "Mozilla/5.0 (compatible; Googlebot/2.1; +http://www.google.com/bot.html)"
66.249.65.133 - - [13/Jun/2008:15:27:17 +0200] "GET /zampa/ HTTP/1.1" 200 7153 "-" "Mozilla/5.0 (compatible; Googlebot/2.1; +http://www.google.com/bot.html)"
67.195.37.109 - - [13/Jun/2008:15:27:52 +0200] "GET /neon/sushi.html HTTP/1.0" 200 687 "-" "Mozilla/5.0 (compatible; Yahoo! Slurp/3.0; http://help.yahoo.com/help/us/ysearch/slurp)"
74.6.22.88 - - [13/Jun/2008:15:50:10 +0200] "GET /f-world.html HTTP/1.0" 200 35590 "-" "Mozilla/5.0 (compatible; Yahoo! Slurp; http://help.yahoo.com/help/us/ysearch/slurp)"
66.249.65.133 - - [13/Jun/2008:16:06:17 +0200] "GET /framez-schubb5.html HTTP/1.1" 200 4330 "-" "Mozilla/5.0 (compatible; Googlebot/2.1; +http://www.google.com/bot.html)"
65.55.211.169 - - [13/Jun/2008:16:10:08 +0200] "GET /robots.txt HTTP/1.1" 200 64 "-" "msnbot/1.1 (+http://search.msn.com/msnbot.htm)"
65.55.211.169 - - [13/Jun/2008:16:10:09 +0200] "GET /neon/girl-tv.html HTTP/1.1" 200 1717 "-" "msnbot/1.1 (+http://search.msn.com/msnbot.htm)"
81.52.143.15 - - [13/Jun/2008:16:10:11 +0200] "GET /f-warez.html HTTP/1.1" 200 10953 "-" "Mozilla/5.0 (Windows; U; Windows NT 5.1; fr; rv:1.8.1) VoilaBot BETA 1.2 (support.voilabot@orange-ftgroup.com)"
66.249.65.133 - - [13/Jun/2008:16:28:47 +0200] "GET /schubb/schubb-4.html HTTP/1.1" 200 17746 "-" "Mozilla/5.0 (compatible; Googlebot/2.1; +http://www.google.com/bot.html)"
66.249.65.133 - - [13/Jun/2008:16:42:19 +0200] "GET /framez-schubb3.html HTTP/1.1" 200 4317 "-" "Mozilla/5.0 (compatible; Googlebot/2.1; +http://www.google.com/bot.html)"
121.91.65.93 - - [13/Jun/2008:16:55:08 +0200] "GET /f-bannnerz.html HTTP/1.1" 200 12651 "-" "Mozilla/4.0 (compatible; MSIE 6.0; Windows NT 5.1;1813)"
74.6.22.88 - - [13/Jun/2008:16:59:39 +0200] "GET /zampa-lovers/ZAMPAMA2.MPG HTTP/1.0" 200 63492 "-" "Mozilla/5.0 (compatible; Yahoo! Slurp; http://help.yahoo.com/help/us/ysearch/slurp)"
66.249.65.133 - - [13/Jun/2008:17:39:22 +0200] "GET /ie_menue.html HTTP/1.1" 404 2748 "-" "Mozilla/5.0 (compatible; Googlebot/2.1; +http://www.google.com/bot.html)"
193.252.149.15 - - [13/Jun/2008:17:53:36 +0200] "GET /neon/europa.html HTTP/1.1" 200 389 "-" "Mozilla/5.0 (Windows; U; Windows NT 5.1; fr; rv:1.8.1) VoilaBot BETA 1.2 (support.voilabot@orange-ftgroup.com)"
66.249.65.133 - - [13/Jun/2008:18:03:23 +0200] "GET /framez-web.html HTTP/1.1" 200 4322 "-" "Mozilla/5.0 (compatible; Googlebot/2.1; +http://www.google.com/bot.html)"
66.249.65.133 - - [13/Jun/2008:18:12:23 +0200] "GET /neon/sushi.html HTTP/1.1" 200 687 "-" "Mozilla/5.0 (compatible; Googlebot/2.1; +http://www.google.com/bot.html)"
74.6.22.88 - - [13/Jun/2008:18:17:40 +0200] "GET /logs/usage_200708.html HTTP/1.0" 200 111167 "-" "Mozilla/5.0 (compatible; Yahoo! Slurp; http://help.yahoo.com/help/us/ysearch/slurp)"
66.249.65.133 - - [13/Jun/2008:18:18:24 +0200] "GET /frame-menu.html HTTP/1.1" 200 10492 "-" "Mozilla/5.0 (compatible; Googlebot/2.1; +http://www.google.com/bot.html)"
81.52.143.16 - - [13/Jun/2008:18:30:06 +0200] "GET /neon/girlz2.html HTTP/1.1" 200 2937 "-" "Mozilla/5.0 (Windows; U; Windows NT 5.1; fr; rv:1.8.1) VoilaBot BETA 1.2 (support.voilabot@orange-ftgroup.com)"
74.6.22.88 - - [13/Jun/2008:18:31:15 +0200] "GET /rez/555.mp3 HTTP/1.0" 200 6017674 "-" "Mozilla/5.0 (compatible; Yahoo! Slurp; http://help.yahoo.com/help/us/ysearch/slurp)"
189.137.26.22 - - [13/Jun/2008:18:32:37 +0200] "POST /cgi-bin/test.cgi HTTP/1.1" 404 2748 "http://various-euro.com/cgi-bin/test.cgi" "Mozilla/4.0 (compatible; MSIE 6.0; Windows NT 5.1)"
65.55.211.159 - - [13/Jun/2008:18:35:57 +0200] "GET /robots.txt HTTP/1.1" 200 64 "-" "msnbot/1.1 (+http://search.msn.com/msnbot.htm)"
65.55.211.159 - - [13/Jun/2008:18:35:58 +0200] "GET /channel1.html HTTP/1.1" 404 2748 "-" "msnbot/1.1 (+http://search.msn.com/msnbot.htm)"
65.55.211.159 - - [13/Jun/2008:18:36:24 +0200] "GET /web.html HTTP/1.1" 404 2748 "-" "msnbot/1.1 (+http://search.msn.com/msnbot.htm)"
66.249.65.133 - - [13/Jun/2008:18:42:25 +0200] "GET /neon/code.html HTTP/1.1" 200 1109 "-" "Mozilla/5.0 (compatible; Googlebot/2.1; +http://www.google.com/bot.html)"
62.136.74.96 - - [13/Jun/2008:18:46:06 +0200] "GET /neon/girlz2.html HTTP/1.1" 200 2937 "http://www.google.co.uk/search?hl=en&q=euro.com+for+girls&meta=" "Mozilla/4.0 (compatible; MSIE 7.0; Windows NT 5.1; FunWebProducts)"
62.136.74.96 - - [13/Jun/2008:18:46:06 +0200] "GET /vgirls/button1.gif HTTP/1.1" 200 9099 "http://www.various-euro.com/neon/girlz2.html" "Mozilla/4.0 (compatible; MSIE 7.0; Windows NT 5.1; FunWebProducts)"
62.136.74.96 - - [13/Jun/2008:18:46:06 +0200] "GET /vgirls/button10.gif HTTP/1.1" 200 15687 "http://www.various-euro.com/neon/girlz2.html" "Mozilla/4.0 (compatible; MSIE 7.0; Windows NT 5.1; FunWebProducts)"
62.136.74.96 - - [13/Jun/2008:18:46:06 +0200] "GET /vgirls/wm_02.gif HTTP/1.1" 200 36891 "http://www.various-euro.com/neon/girlz2.html" "Mozilla/4.0 (compatible; MSIE 7.0; Windows NT 5.1; FunWebProducts)"
62.136.74.96 - - [13/Jun/2008:18:46:07 +0200] "GET /vgirls/virtua4.gif HTTP/1.1" 200 12643 "http://www.various-euro.com/neon/girlz2.html" "Mozilla/4.0 (compatible; MSIE 7.0; Windows NT 5.1; FunWebProducts)"
62.136.74.96 - - [13/Jun/2008:18:46:07 +0200] "GET /vgirls/button3.gif HTTP/1.1" 200 9634 "http://www.various-euro.com/neon/girlz2.html" "Mozilla/4.0 (compatible; MSIE 7.0; Windows NT 5.1; FunWebProducts)"
62.136.74.96 - - [13/Jun/2008:18:46:07 +0200] "GET /vgirls/dora_01.gif HTTP/1.1" 200 15465 "http://www.various-euro.com/neon/girlz2.html" "Mozilla/4.0 (compatible; MSIE 7.0; Windows NT 5.1; FunWebProducts)"
62.136.74.96 - - [13/Jun/2008:18:46:07 +0200] "GET /vgirls/shaina_big.gif HTTP/1.1" 200 16169 "http://www.various-euro.com/neon/girlz2.html" "Mozilla/4.0 (compatible; MSIE 7.0; Windows NT 5.1; FunWebProducts)"
62.136.74.96 - - [13/Jun/2008:18:46:07 +0200] "GET /favicon.ico HTTP/1.1" 404 2748 "-" "Mozilla/4.0 (compatible; MSIE 7.0; Windows NT 5.1; FunWebProducts)"
62.136.74.96 - - [13/Jun/2008:18:46:07 +0200] "GET /framez-girlz.html HTTP/1.1" 200 4271 "-" "Mozilla/4.0 (compatible; MSIE 7.0; Windows NT 5.1; FunWebProducts)"
62.136.74.96 - - [13/Jun/2008:18:46:08 +0200] "GET /frame-menu.html HTTP/1.1" 200 10492 "http://www.various-euro.com/framez-girlz.html" "Mozilla/4.0 (compatible; MSIE 7.0; Windows NT 5.1; FunWebProducts)"
62.136.74.96 - - [13/Jun/2008:18:46:08 +0200] "GET /neon/girlz2.html HTTP/1.1" 200 2937 "http://www.various-euro.com/framez-girlz.html" "Mozilla/4.0 (compatible; MSIE 7.0; Windows NT 5.1; FunWebProducts)"
62.136.74.96 - - [13/Jun/2008:18:46:08 +0200] "GET /frame-unten.html HTTP/1.1" 200 5308 "http://www.various-euro.com/framez-girlz.html" "Mozilla/4.0 (compatible; MSIE 7.0; Windows NT 5.1; FunWebProducts)"
62.136.74.96 - - [13/Jun/2008:18:46:08 +0200] "GET /bannerz/ve.jpg HTTP/1.1" 200 36912 "http://www.various-euro.com/frame-unten.html" "Mozilla/4.0 (compatible; MSIE 7.0; Windows NT 5.1; FunWebProducts)"
62.136.74.96 - - [13/Jun/2008:18:46:08 +0200] "GET /bannerz/ubu-shot.png HTTP/1.1" 200 200117 "http://www.various-euro.com/frame-menu.html" "Mozilla/4.0 (compatible; MSIE 7.0; Windows NT 5.1; FunWebProducts)"
62.136.74.96 - - [13/Jun/2008:18:46:09 +0200] "GET /bannerz/various-euro-girl.jpg HTTP/1.1" 200 91514 "http://www.various-euro.com/frame-unten.html" "Mozilla/4.0 (compatible; MSIE 7.0; Windows NT 5.1; FunWebProducts)"
62.136.74.96 - - [13/Jun/2008:18:46:11 +0200] "GET /ve-icon-2.ico HTTP/1.1" 200 2238 "-" "Mozilla/4.0 (compatible; MSIE 7.0; Windows NT 5.1; FunWebProducts)"
62.136.74.96 - - [13/Jun/2008:18:46:17 +0200] "GET /framez-girlz.html HTTP/1.1" 200 4271 "-" "Mozilla/4.0 (compatible; MSIE 7.0; Windows NT 5.1; FunWebProducts)"
62.136.74.96 - - [13/Jun/2008:18:46:18 +0200] "GET /frame-menu.html HTTP/1.1" 200 10492 "http://www.various-euro.com/framez-girlz.html" "Mozilla/4.0 (compatible; MSIE 7.0; Windows NT 5.1; FunWebProducts)"
62.136.74.96 - - [13/Jun/2008:18:46:18 +0200] "GET /frame-unten.html HTTP/1.1" 200 5308 "http://www.various-euro.com/framez-girlz.html" "Mozilla/4.0 (compatible; MSIE 7.0; Windows NT 5.1; FunWebProducts)"
62.136.74.96 - - [13/Jun/2008:18:46:19 +0200] "GET /framez-girlz.html HTTP/1.1" 200 4271 "-" "Mozilla/4.0 (compatible; MSIE 7.0; Windows NT 5.1; FunWebProducts)"
66.249.65.133 - - [13/Jun/2008:18:51:26 +0200] "GET /f-net.html HTTP/1.1" 200 9913 "-" "Mozilla/5.0 (compatible; Googlebot/2.1; +http://www.google.com/bot.html)"
66.249.65.133 - - [13/Jun/2008:19:18:28 +0200] "GET /f-contact.html HTTP/1.1" 200 6804 "-" "Mozilla/5.0 (compatible; Googlebot/2.1; +http://www.google.com/bot.html)"
74.246.148.6 - - [13/Jun/2008:19:23:02 +0200] "GET /zampa/montenegro/contributions.html HTTP/1.1" 200 18843 "-" "npdjwdxfx4vgnxyjwaip44fbjlxunu"
193.252.149.16 - - [13/Jun/2008:19:51:11 +0200] "GET http://www.various-euro.com:80/robots.txt HTTP/1.1" 200 64 "-" "Mozilla/5.0 (Windows; U; Windows NT 5.1; fr; rv:1.8.1) VoilaBot BETA 1.2 (support.voilabot@orange-ftgroup.com)"
193.252.149.16 - - [13/Jun/2008:19:51:15 +0200] "GET /neon/large.html HTTP/1.1" 200 1547 "-" "Mozilla/5.0 (Windows; U; Windows NT 5.1; fr; rv:1.8.1) VoilaBot BETA 1.2 (support.voilabot@orange-ftgroup.com)"
66.249.65.133 - - [13/Jun/2008:19:56:00 +0200] "GET /frame-inhalt.html HTTP/1.1" 200 8784 "-" "Mozilla/5.0 (compatible; Googlebot/2.1; +http://www.google.com/bot.html)"
66.249.65.133 - - [13/Jun/2008:19:56:01 +0200] "GET /f-zeug.html HTTP/1.1" 200 45338 "-" "Mozilla/5.0 (compatible; Googlebot/2.1; +http://www.google.com/bot.html)"
66.249.65.133 - - [13/Jun/2008:19:56:02 +0200] "GET /f-other.html HTTP/1.1" 200 33189 "-" "Mozilla/5.0 (compatible; Googlebot/2.1; +http://www.google.com/bot.html)"
81.52.143.15 - - [13/Jun/2008:19:56:15 +0200] "GET http://www.various-euro.com:80/robots.txt HTTP/1.1" 200 64 "-" "Mozilla/5.0 (Windows; U; Windows NT 5.1; fr; rv:1.8.1) VoilaBot BETA 1.2 (support.voilabot@orange-ftgroup.com)"
81.52.143.15 - - [13/Jun/2008:19:56:23 +0200] "GET /bmpp/euro_pal_1.html HTTP/1.1" 200 18252 "-" "Mozilla/5.0 (Windows; U; Windows NT 5.1; fr; rv:1.8.1) VoilaBot BETA 1.2 (support.voilabot@orange-ftgroup.com)"
66.249.65.133 - - [13/Jun/2008:20:06:30 +0200] "GET /bmpp/18start.html HTTP/1.1" 200 320 "-" "Mozilla/5.0 (compatible; Googlebot/2.1; +http://www.google.com/bot.html)"
66.249.65.133 - - [13/Jun/2008:20:09:30 +0200] "GET /framez-schubb.html HTTP/1.1" 200 4324 "-" "Mozilla/5.0 (compatible; Googlebot/2.1; +http://www.google.com/bot.html)"
74.6.22.88 - - [13/Jun/2008:20:17:26 +0200] "GET /DgH/watch/index.html HTTP/1.0" 200 2028 "-" "Mozilla/5.0 (compatible; Yahoo! Slurp; http://help.yahoo.com/help/us/ysearch/slurp)"
67.195.37.109 - - [13/Jun/2008:20:26:02 +0200] "GET /sendi_agent.html HTTP/1.0" 200 6213 "-" "Mozilla/5.0 (compatible; Yahoo! Slurp/3.0; http://help.yahoo.com/help/us/ysearch/slurp)"
67.195.37.109 - - [13/Jun/2008:20:26:03 +0200] "GET /3dsf3/sendi/sendisendi.html HTTP/1.0" 200 5118 "http://www.various-euro.com/sendi_agent.html" "Mozilla/5.0 (compatible; Yahoo! Slurp/3.0; http://help.yahoo.com/help/us/ysearch/slurp)"
67.195.37.109 - - [13/Jun/2008:20:26:03 +0200] "GET /3dsf3/sendi/index.html HTTP/1.0" 200 1837 "http://www.various-euro.com/sendi_agent.html" "Mozilla/5.0 (compatible; Yahoo! Slurp/3.0; http://help.yahoo.com/help/us/ysearch/slurp)"
74.6.22.88 - - [13/Jun/2008:20:28:24 +0200] "GET /rez/f-rez.html HTTP/1.0" 200 7773 "-" "Mozilla/5.0 (compatible; Yahoo! Slurp; http://help.yahoo.com/help/us/ysearch/slurp)"
60.240.249.208 - - [13/Jun/2008:20:31:18 +0200] "GET /framez-rez.html HTTP/1.1" 200 4323 "-" "Mozilla/5.0 (X11; U; Linux i686; en-US; rv:1.8.1.4) Gecko/20070515 Firefox/2.0.0.4"
128.54.55.9 - - [13/Jun/2008:20:34:30 +0200] "GET / HTTP/1.0" 200 10127 "-" "Mozilla/5.0 (X11; U; Linux x86_64; en-US; rv:1.9b5) Gecko/2008040514 Firefox/3.0b5"
128.54.55.9 - - [13/Jun/2008:20:34:33 +0200] "GET / HTTP/1.0" 200 10127 "-" "Mozilla/5.0 (X11; U; Linux x86_64; en-US; rv:1.9b5) Gecko/2008040514 Firefox/3.0b5"
128.54.55.9 - - [13/Jun/2008:20:34:36 +0200] "GET /ve-icon-2.ico HTTP/1.0" 200 2238 "http://www.various-euro.com/" "Mozilla/5.0 (X11; U; Linux x86_64; en-US; rv:1.9b5) Gecko/2008040514 Firefox/3.0b5"
128.54.55.9 - - [13/Jun/2008:20:34:44 +0200] "GET /framez.html HTTP/1.0" 200 3883 "http://www.various-euro.com/" "Mozilla/5.0 (X11; U; Linux x86_64; en-US; rv:1.9b5) Gecko/2008040514 Firefox/3.0b5"
66.249.65.133 - - [13/Jun/2008:20:36:31 +0200] "GET /restate_copy.html HTTP/1.1" 200 97631 "-" "Mozilla/5.0 (compatible; Googlebot/2.1; +http://www.google.com/bot.html)"
74.6.22.88 - - [13/Jun/2008:20:47:29 +0200] "GET /neon/girlz2.html HTTP/1.0" 200 2937 "-" "Mozilla/5.0 (compatible; Yahoo! Slurp; http://help.yahoo.com/help/us/ysearch/slurp)"
