65.120.148.11 - - [11/Jun/2008:22:35:00 +0200] "GET /bannerz/google/Logo_40blk.gif HTTP/1.1" 200 2308 "http://www.various-euro.com/frame-inhalt.html" "Mozilla/4.0 (compatible; MSIE 6.0; Windows NT 5.1; SV1; .NET CLR 1.1.4322; InfoPath.1)"
65.120.148.11 - - [11/Jun/2008:22:35:00 +0200] "GET /bannerz/wet.gif HTTP/1.1" 200 18561 "http://www.various-euro.com/frame-inhalt.html" "Mozilla/4.0 (compatible; MSIE 6.0; Windows NT 5.1; SV1; .NET CLR 1.1.4322; InfoPath.1)"
65.120.148.11 - - [11/Jun/2008:22:35:00 +0200] "GET /bannerz/neon_click_2.gif HTTP/1.1" 200 387 "http://www.various-euro.com/frame-inhalt.html" "Mozilla/4.0 (compatible; MSIE 6.0; Windows NT 5.1; SV1; .NET CLR 1.1.4322; InfoPath.1)"
65.120.148.11 - - [11/Jun/2008:22:35:00 +0200] "GET /bannerz/douwil.gif HTTP/1.1" 200 528 "http://www.various-euro.com/frame-inhalt.html" "Mozilla/4.0 (compatible; MSIE 6.0; Windows NT 5.1; SV1; .NET CLR 1.1.4322; InfoPath.1)"
65.120.148.11 - - [11/Jun/2008:22:35:00 +0200] "GET /bannerz/anti_black_small.gif HTTP/1.1" 200 1009 "http://www.various-euro.com/frame-inhalt.html" "Mozilla/4.0 (compatible; MSIE 6.0; Windows NT 5.1; SV1; .NET CLR 1.1.4322; InfoPath.1)"
65.120.148.11 - - [11/Jun/2008:22:35:00 +0200] "GET /bannerz/copyleft_black_small.gif HTTP/1.1" 200 1231 "http://www.various-euro.com/frame-inhalt.html" "Mozilla/4.0 (compatible; MSIE 6.0; Windows NT 5.1; SV1; .NET CLR 1.1.4322; InfoPath.1)"
65.120.148.11 - - [11/Jun/2008:22:35:01 +0200] "GET /bannerz/ve.jpg HTTP/1.1" 200 36912 "http://www.various-euro.com/frame-unten.html" "Mozilla/4.0 (compatible; MSIE 6.0; Windows NT 5.1; SV1; .NET CLR 1.1.4322; InfoPath.1)"
65.120.148.11 - - [11/Jun/2008:22:35:01 +0200] "GET /bannerz/ubu-shot.png HTTP/1.1" 200 200117 "http://www.various-euro.com/frame-inhalt.html" "Mozilla/4.0 (compatible; MSIE 6.0; Windows NT 5.1; SV1; .NET CLR 1.1.4322; InfoPath.1)"
65.120.148.11 - - [11/Jun/2008:22:35:01 +0200] "GET /bannerz/various-euro-girl.jpg HTTP/1.1" 200 91514 "http://www.various-euro.com/frame-unten.html" "Mozilla/4.0 (compatible; MSIE 6.0; Windows NT 5.1; SV1; .NET CLR 1.1.4322; InfoPath.1)"
74.6.22.88 - - [11/Jun/2008:22:35:29 +0200] "GET /DgH/ HTTP/1.0" 200 5024 "-" "Mozilla/5.0 (compatible; Yahoo! Slurp; http://help.yahoo.com/help/us/ysearch/slurp)"
67.195.51.244 - - [11/Jun/2008:22:36:22 +0200] "GET /f-rez.html HTTP/1.0" 200 9765 "-" "Mozilla/5.0 (compatible; Yahoo! Slurp; http://help.yahoo.com/help/us/ysearch/slurp)"
74.6.22.88 - - [11/Jun/2008:22:44:34 +0200] "GET /framez-rez.html HTTP/1.0" 200 4323 "-" "Mozilla/5.0 (compatible; Yahoo! Slurp; http://help.yahoo.com/help/us/ysearch/slurp)"
74.6.22.88 - - [11/Jun/2008:22:44:35 +0200] "GET /frame-menu.html HTTP/1.0" 200 10492 "-" "Mozilla/5.0 (compatible; Yahoo! Slurp; http://help.yahoo.com/help/us/ysearch/slurp)"
74.6.22.88 - - [11/Jun/2008:22:44:37 +0200] "GET /f-rez.html HTTP/1.0" 200 9765 "-" "Mozilla/5.0 (compatible; Yahoo! Slurp; http://help.yahoo.com/help/us/ysearch/slurp)"
74.6.22.88 - - [11/Jun/2008:22:44:39 +0200] "GET /frame-unten.html HTTP/1.0" 200 5308 "-" "Mozilla/5.0 (compatible; Yahoo! Slurp; http://help.yahoo.com/help/us/ysearch/slurp)"
67.195.37.109 - - [11/Jun/2008:22:45:45 +0200] "GET /neon/europa.html HTTP/1.0" 200 389 "-" "Mozilla/5.0 (compatible; Yahoo! Slurp/3.0; http://help.yahoo.com/help/us/ysearch/slurp)"
74.6.22.181 - - [11/Jun/2008:22:59:36 +0200] "GET /robots.txt HTTP/1.0" 302 363 "-" "Mozilla/5.0 (compatible; Yahoo! Slurp; http://help.yahoo.com/help/us/ysearch/slurp)"
74.6.22.181 - - [11/Jun/2008:22:59:37 +0200] "GET /zampa/robots.txt HTTP/1.0" 404 2748 "-" "Mozilla/5.0 (compatible; Yahoo! Slurp; http://help.yahoo.com/help/us/ysearch/slurp)"
67.195.51.105 - - [11/Jun/2008:22:59:37 +0200] "GET / HTTP/1.0" 302 353 "-" "Mozilla/5.0 (compatible; Yahoo! Slurp; http://help.yahoo.com/help/us/ysearch/slurp)"
67.195.51.105 - - [11/Jun/2008:22:59:47 +0200] "GET /zampa/ HTTP/1.0" 200 7153 "-" "Mozilla/5.0 (compatible; Yahoo! Slurp; http://help.yahoo.com/help/us/ysearch/slurp)"
89.243.149.14 - - [11/Jun/2008:23:03:19 +0200] "GET /framez.html HTTP/1.1" 200 3883 "http://aolsearch.aol.co.uk/aol/search?query=euro+portal&restrict=wholeweb&invocationType=hf_talktalk_po_ws_unauth" "Mozilla/4.0 (compatible; MSIE 7.0; Windows NT 5.1; .NET CLR 1.1.4322; UGDC 1.1.33.0; UGES 1.4.8.0)"
89.243.149.14 - - [11/Jun/2008:23:03:19 +0200] "GET /frame-menu.html HTTP/1.1" 200 10492 "http://www.various-euro.com/framez.html" "Mozilla/4.0 (compatible; MSIE 7.0; Windows NT 5.1; .NET CLR 1.1.4322; UGDC 1.1.33.0; UGES 1.4.8.0)"
89.243.149.14 - - [11/Jun/2008:23:03:19 +0200] "GET /frame-inhalt.html HTTP/1.1" 200 8784 "http://www.various-euro.com/framez.html" "Mozilla/4.0 (compatible; MSIE 7.0; Windows NT 5.1; .NET CLR 1.1.4322; UGDC 1.1.33.0; UGES 1.4.8.0)"
89.243.149.14 - - [11/Jun/2008:23:03:19 +0200] "GET /frame-unten.html HTTP/1.1" 200 5308 "http://www.various-euro.com/framez.html" "Mozilla/4.0 (compatible; MSIE 7.0; Windows NT 5.1; .NET CLR 1.1.4322; UGDC 1.1.33.0; UGES 1.4.8.0)"
89.243.149.14 - - [11/Jun/2008:23:03:20 +0200] "GET /bannerz/ve.jpg HTTP/1.1" 200 36912 "http://www.various-euro.com/frame-unten.html" "Mozilla/4.0 (compatible; MSIE 7.0; Windows NT 5.1; .NET CLR 1.1.4322; UGDC 1.1.33.0; UGES 1.4.8.0)"
89.243.149.14 - - [11/Jun/2008:23:03:19 +0200] "GET /bannerz/ubu-shot.png HTTP/1.1" 200 200117 "http://www.various-euro.com/frame-menu.html" "Mozilla/4.0 (compatible; MSIE 7.0; Windows NT 5.1; .NET CLR 1.1.4322; UGDC 1.1.33.0; UGES 1.4.8.0)"
89.243.149.14 - - [11/Jun/2008:23:03:22 +0200] "GET /bannerz/various-euro-girl.jpg HTTP/1.1" 200 91514 "http://www.various-euro.com/frame-unten.html" "Mozilla/4.0 (compatible; MSIE 7.0; Windows NT 5.1; .NET CLR 1.1.4322; UGDC 1.1.33.0; UGES 1.4.8.0)"
89.243.149.14 - - [11/Jun/2008:23:03:37 +0200] "GET /bannerz/neon_click_3.gif HTTP/1.1" 200 240 "http://www.various-euro.com/frame-inhalt.html" "Mozilla/4.0 (compatible; MSIE 7.0; Windows NT 5.1; .NET CLR 1.1.4322; UGDC 1.1.33.0; UGES 1.4.8.0)"
89.243.149.14 - - [11/Jun/2008:23:03:38 +0200] "GET /bannerz/goolag_468.jpg HTTP/1.1" 200 28285 "http://www.various-euro.com/frame-inhalt.html" "Mozilla/4.0 (compatible; MSIE 7.0; Windows NT 5.1; .NET CLR 1.1.4322; UGDC 1.1.33.0; UGES 1.4.8.0)"
89.243.149.14 - - [11/Jun/2008:23:03:38 +0200] "GET /eurosign3.gif HTTP/1.1" 200 7879 "http://www.various-euro.com/frame-inhalt.html" "Mozilla/4.0 (compatible; MSIE 7.0; Windows NT 5.1; .NET CLR 1.1.4322; UGDC 1.1.33.0; UGES 1.4.8.0)"
89.243.149.14 - - [11/Jun/2008:23:03:41 +0200] "GET /bannerz/neon_click_1.gif HTTP/1.1" 200 890 "http://www.various-euro.com/frame-inhalt.html" "Mozilla/4.0 (compatible; MSIE 7.0; Windows NT 5.1; .NET CLR 1.1.4322; UGDC 1.1.33.0; UGES 1.4.8.0)"
89.243.149.14 - - [11/Jun/2008:23:03:42 +0200] "GET /bannerz/wet.gif HTTP/1.1" 200 18561 "http://www.various-euro.com/frame-inhalt.html" "Mozilla/4.0 (compatible; MSIE 7.0; Windows NT 5.1; .NET CLR 1.1.4322; UGDC 1.1.33.0; UGES 1.4.8.0)"
89.243.149.14 - - [11/Jun/2008:23:03:42 +0200] "GET /bannerz/google/Logo_40blk.gif HTTP/1.1" 200 2308 "http://www.various-euro.com/frame-inhalt.html" "Mozilla/4.0 (compatible; MSIE 7.0; Windows NT 5.1; .NET CLR 1.1.4322; UGDC 1.1.33.0; UGES 1.4.8.0)"
89.243.149.14 - - [11/Jun/2008:23:03:44 +0200] "GET /bannerz/neon_click_2.gif HTTP/1.1" 200 387 "http://www.various-euro.com/frame-inhalt.html" "Mozilla/4.0 (compatible; MSIE 7.0; Windows NT 5.1; .NET CLR 1.1.4322; UGDC 1.1.33.0; UGES 1.4.8.0)"
89.243.149.14 - - [11/Jun/2008:23:03:45 +0200] "GET /bannerz/douwil.gif HTTP/1.1" 200 528 "http://www.various-euro.com/frame-inhalt.html" "Mozilla/4.0 (compatible; MSIE 7.0; Windows NT 5.1; .NET CLR 1.1.4322; UGDC 1.1.33.0; UGES 1.4.8.0)"
89.243.149.14 - - [11/Jun/2008:23:03:45 +0200] "GET /bannerz/anti_black_small.gif HTTP/1.1" 200 1009 "http://www.various-euro.com/frame-inhalt.html" "Mozilla/4.0 (compatible; MSIE 7.0; Windows NT 5.1; .NET CLR 1.1.4322; UGDC 1.1.33.0; UGES 1.4.8.0)"
89.243.149.14 - - [11/Jun/2008:23:03:46 +0200] "GET /bannerz/copyleft_black_small.gif HTTP/1.1" 200 1231 "http://www.various-euro.com/frame-inhalt.html" "Mozilla/4.0 (compatible; MSIE 7.0; Windows NT 5.1; .NET CLR 1.1.4322; UGDC 1.1.33.0; UGES 1.4.8.0)"
89.243.149.14 - - [11/Jun/2008:23:03:48 +0200] "GET /ve-icon-2.ico HTTP/1.1" 200 2238 "-" "Mozilla/4.0 (compatible; MSIE 7.0; Windows NT 5.1; .NET CLR 1.1.4322; UGDC 1.1.33.0; UGES 1.4.8.0)"
74.6.22.88 - - [11/Jun/2008:23:06:11 +0200] "GET /logs/usage_200612.html HTTP/1.0" 200 109590 "-" "Mozilla/5.0 (compatible; Yahoo! Slurp; http://help.yahoo.com/help/us/ysearch/slurp)"
66.249.66.4 - - [11/Jun/2008:23:11:55 +0200] "GET /frame-unten.html HTTP/1.1" 200 5308 "-" "Mozilla/5.0 (compatible; Googlebot/2.1; +http://www.google.com/bot.html)"
67.195.37.109 - - [11/Jun/2008:23:20:53 +0200] "GET /neon/girlz3.html HTTP/1.0" 200 2479 "-" "Mozilla/5.0 (compatible; Yahoo! Slurp/3.0; http://help.yahoo.com/help/us/ysearch/slurp)"
189.137.26.22 - - [11/Jun/2008:23:33:31 +0200] "POST /cgi-bin/form/form.cgi HTTP/1.1" 404 2748 "http://various-euro.com/cgi-bin/form/form.cgi" "Mozilla/4.0 (compatible; MSIE 6.0; Windows NT 5.1)"
65.55.211.165 - - [11/Jun/2008:23:42:45 +0200] "GET /robots.txt HTTP/1.1" 200 64 "-" "msnbot/1.1 (+http://search.msn.com/msnbot.htm)"
65.55.211.165 - - [11/Jun/2008:23:42:45 +0200] "GET /schubb/schubb-1.html HTTP/1.1" 200 9070 "-" "msnbot/1.1 (+http://search.msn.com/msnbot.htm)"
67.195.51.184 - - [11/Jun/2008:23:44:36 +0200] "GET /rez/607.mp3 HTTP/1.0" 200 4964417 "-" "Mozilla/5.0 (compatible; Yahoo! Slurp; http://help.yahoo.com/help/us/ysearch/slurp)"
74.6.22.88 - - [11/Jun/2008:23:44:47 +0200] "GET /neon/girlz3.html HTTP/1.0" 200 2479 "-" "Mozilla/5.0 (compatible; Yahoo! Slurp; http://help.yahoo.com/help/us/ysearch/slurp)"
65.55.109.75 - - [11/Jun/2008:23:45:28 +0200] "GET /schubb/schubb-1.html HTTP/1.0" 200 9070 "http://search.live.com/results.aspx?q=various&form=QBHP" "Mozilla/4.0 (compatible; MSIE 7.0; Windows NT 5.2; .NET CLR 1.1.4322)"
65.55.109.75 - - [11/Jun/2008:23:45:30 +0200] "GET /framez-schubb.html HTTP/1.0" 200 4324 "-" "Mozilla/4.0 (compatible; MSIE 7.0; Windows NT 5.2; .NET CLR 1.1.4322)"
65.55.109.75 - - [11/Jun/2008:23:45:30 +0200] "GET /schubb/schubb-1.html HTTP/1.0" 200 9070 "http://www.various-euro.com/framez-schubb.html" "Mozilla/4.0 (compatible; MSIE 7.0; Windows NT 5.2; .NET CLR 1.1.4322)"
65.55.109.75 - - [11/Jun/2008:23:45:30 +0200] "GET /frame-menu.html HTTP/1.0" 200 10492 "http://www.various-euro.com/framez-schubb.html" "Mozilla/4.0 (compatible; MSIE 7.0; Windows NT 5.2; .NET CLR 1.1.4322)"
65.55.109.75 - - [11/Jun/2008:23:45:30 +0200] "GET /frame-unten.html HTTP/1.0" 200 5308 "http://www.various-euro.com/framez-schubb.html" "Mozilla/4.0 (compatible; MSIE 7.0; Windows NT 5.2; .NET CLR 1.1.4322)"
67.195.37.109 - - [11/Jun/2008:23:54:01 +0200] "GET /rez/ HTTP/1.0" 403 1223 "-" "Mozilla/5.0 (compatible; Yahoo! Slurp/3.0; http://help.yahoo.com/help/us/ysearch/slurp)"
66.249.66.4 - - [11/Jun/2008:23:59:06 +0200] "GET /f-contact.html HTTP/1.1" 200 6804 "-" "Mozilla/5.0 (compatible; Googlebot/2.1; +http://www.google.com/bot.html)"
76.200.181.154 - - [12/Jun/2008:00:02:06 +0200] "GET /bannerz/various-euro-girl.jpg HTTP/1.1" 200 91514 "-" "Mozilla/4.0 (compatible; MSIE 7.0; Windows NT 5.1; .NET CLR 1.1.4322; IEMB3; SpamBlockerUtility 10.2.215.0; IEMB3)"
66.249.66.4 - - [12/Jun/2008:00:05:00 +0200] "GET /robots.txt HTTP/1.1" 200 64 "-" "Mozilla/5.0 (compatible; Googlebot/2.1; +http://www.google.com/bot.html)"
67.195.51.227 - - [12/Jun/2008:00:13:32 +0200] "GET /f-world.html HTTP/1.0" 200 35590 "-" "Mozilla/5.0 (compatible; Yahoo! Slurp; http://help.yahoo.com/help/us/ysearch/slurp)"
74.6.22.88 - - [12/Jun/2008:00:13:56 +0200] "GET /rez/611.mp3 HTTP/1.0" 200 6782540 "-" "Mozilla/5.0 (compatible; Yahoo! Slurp; http://help.yahoo.com/help/us/ysearch/slurp)"
74.6.22.88 - - [12/Jun/2008:00:28:25 +0200] "GET /rez/108.mp3 HTTP/1.0" 200 2086040 "-" "Mozilla/5.0 (compatible; Yahoo! Slurp; http://help.yahoo.com/help/us/ysearch/slurp)"
66.249.66.4 - - [12/Jun/2008:01:01:06 +0200] "GET /f-logz_old.html HTTP/1.1" 200 43773 "-" "Mozilla/5.0 (compatible; Googlebot/2.1; +http://www.google.com/bot.html)"
67.195.37.109 - - [12/Jun/2008:01:05:00 +0200] "GET /robots.txt HTTP/1.0" 200 64 "-" "Mozilla/5.0 (compatible; Yahoo! Slurp; http://help.yahoo.com/help/us/ysearch/slurp)"
67.195.37.109 - - [12/Jun/2008:01:05:00 +0200] "GET /zampa-lovers/index.html HTTP/1.0" 200 37790 "-" "Mozilla/5.0 (compatible; Yahoo! Slurp/3.0; http://help.yahoo.com/help/us/ysearch/slurp)"
64.13.160.9 - - [12/Jun/2008:01:08:41 +0200] "GET /robots.txt HTTP/1.1" 200 64 "-" "Mozilla/5.0 (compatible; ScoutJet; +http://www.scoutjet.com/)"
64.13.160.9 - - [12/Jun/2008:01:08:50 +0200] "GET / HTTP/1.1" 200 10127 "-" "Mozilla/5.0 (compatible; ScoutJet; +http://www.scoutjet.com/)"
64.13.160.9 - - [12/Jun/2008:01:08:58 +0200] "GET /ve-icon-2.ico HTTP/1.1" 200 2238 "-" "Mozilla/5.0 (compatible; ScoutJet; +http://www.scoutjet.com/)"
74.6.22.88 - - [12/Jun/2008:01:11:43 +0200] "GET /search.html HTTP/1.0" 200 1440 "-" "Mozilla/5.0 (compatible; Yahoo! Slurp; http://help.yahoo.com/help/us/ysearch/slurp)"
66.249.66.4 - - [12/Jun/2008:01:19:14 +0200] "GET /f-bannnerz.html HTTP/1.1" 200 12651 "-" "Mozilla/5.0 (compatible; Googlebot/2.1; +http://www.google.com/bot.html)"
67.195.52.48 - - [12/Jun/2008:01:30:25 +0200] "GET /bmpp/euro_pal_111.html HTTP/1.0" 200 2129 "-" "Mozilla/5.0 (compatible; Yahoo! Slurp; http://help.yahoo.com/help/us/ysearch/slurp)"
66.249.66.4 - - [12/Jun/2008:01:42:25 +0200] "GET /bmpp/euro_pal_111.html HTTP/1.1" 200 2129 "-" "Mozilla/5.0 (compatible; Googlebot/2.1; +http://www.google.com/bot.html)"
65.55.211.161 - - [12/Jun/2008:02:04:51 +0200] "GET /robots.txt HTTP/1.1" 200 64 "-" "msnbot/1.1 (+http://search.msn.com/msnbot.htm)"
65.55.211.161 - - [12/Jun/2008:02:04:52 +0200] "GET /f-zeug.html HTTP/1.1" 200 45338 "-" "msnbot/1.1 (+http://search.msn.com/msnbot.htm)"
65.55.110.241 - - [12/Jun/2008:02:06:24 +0200] "GET /f-zeug.html HTTP/1.0" 200 45338 "http://search.live.com/results.aspx?q=minuten&form=QBHP" "Mozilla/4.0 (compatible; MSIE 7.0; Windows NT 5.2; .NET CLR 1.1.4322)"
65.55.110.241 - - [12/Jun/2008:02:06:25 +0200] "GET /framez-zeug.html HTTP/1.0" 200 4311 "-" "Mozilla/4.0 (compatible; MSIE 7.0; Windows NT 5.2; .NET CLR 1.1.4322)"
65.55.110.241 - - [12/Jun/2008:02:06:25 +0200] "GET /frame-menu.html HTTP/1.0" 200 10492 "http://www.various-euro.com/framez-zeug.html" "Mozilla/4.0 (compatible; MSIE 7.0; Windows NT 5.2; .NET CLR 1.1.4322)"
65.55.110.241 - - [12/Jun/2008:02:06:25 +0200] "GET /f-zeug.html HTTP/1.0" 200 45338 "http://www.various-euro.com/framez-zeug.html" "Mozilla/4.0 (compatible; MSIE 7.0; Windows NT 5.2; .NET CLR 1.1.4322)"
65.55.110.241 - - [12/Jun/2008:02:06:26 +0200] "GET /frame-unten.html HTTP/1.0" 200 5308 "http://www.various-euro.com/framez-zeug.html" "Mozilla/4.0 (compatible; MSIE 7.0; Windows NT 5.2; .NET CLR 1.1.4322)"
66.249.66.4 - - [12/Jun/2008:02:11:56 +0200] "GET /schubb/schubb-1.html HTTP/1.1" 200 9070 "-" "Mozilla/5.0 (compatible; Googlebot/2.1; +http://www.google.com/bot.html)"
201.67.91.245 - - [12/Jun/2008:02:14:22 +0200] "GET /f-actions.html HTTP/1.1" 200 10429 "-" "Mozilla/4.0 (compatible; MSIE 6.0; Windows NT 5.0)"
66.249.66.4 - - [12/Jun/2008:02:20:48 +0200] "GET /neon/girlz3.html HTTP/1.1" 200 2479 "-" "Mozilla/5.0 (compatible; Googlebot/2.1; +http://www.google.com/bot.html)"
67.195.37.109 - - [12/Jun/2008:02:22:44 +0200] "GET /framez.html HTTP/1.0" 200 3883 "-" "Mozilla/5.0 (compatible; Yahoo! Slurp/3.0; http://help.yahoo.com/help/us/ysearch/slurp)"
67.195.37.109 - - [12/Jun/2008:02:22:44 +0200] "GET /frame-inhalt.html HTTP/1.0" 200 8784 "http://www.various-euro.com/framez.html" "Mozilla/5.0 (compatible; Yahoo! Slurp/3.0; http://help.yahoo.com/help/us/ysearch/slurp)"
67.195.37.109 - - [12/Jun/2008:02:22:44 +0200] "GET /frame-menu.html HTTP/1.0" 200 10492 "http://www.various-euro.com/framez.html" "Mozilla/5.0 (compatible; Yahoo! Slurp/3.0; http://help.yahoo.com/help/us/ysearch/slurp)"
67.195.37.109 - - [12/Jun/2008:02:22:45 +0200] "GET /frame-unten.html HTTP/1.0" 200 5308 "http://www.various-euro.com/framez.html" "Mozilla/5.0 (compatible; Yahoo! Slurp/3.0; http://help.yahoo.com/help/us/ysearch/slurp)"
66.249.66.4 - - [12/Jun/2008:02:23:12 +0200] "GET /robots.txt HTTP/1.1" 200 64 "-" "Mozilla/5.0 (compatible; Googlebot/2.1; +http://www.google.com/bot.html)"
66.249.66.4 - - [12/Jun/2008:02:23:12 +0200] "GET /ie_menue.html HTTP/1.1" 404 2748 "-" "Mozilla/5.0 (compatible; Googlebot/2.1; +http://www.google.com/bot.html)"
66.249.66.4 - - [12/Jun/2008:02:23:13 +0200] "GET /moz_menue.html HTTP/1.1" 404 2748 "-" "Mozilla/5.0 (compatible; Googlebot/2.1; +http://www.google.com/bot.html)"
67.195.37.109 - - [12/Jun/2008:02:30:23 +0200] "GET /bmpp/euro_pal_111.html HTTP/1.0" 200 2129 "-" "Mozilla/5.0 (compatible; Yahoo! Slurp/3.0; http://help.yahoo.com/help/us/ysearch/slurp)"
66.249.66.4 - - [12/Jun/2008:02:31:50 +0200] "GET /news.html HTTP/1.1" 404 2748 "-" "Mozilla/5.0 (compatible; Googlebot/2.1; +http://www.google.com/bot.html)"
64.13.160.9 - - [12/Jun/2008:02:32:33 +0200] "GET /framez.html HTTP/1.1" 200 3883 "-" "Mozilla/5.0 (compatible; ScoutJet; +http://www.scoutjet.com/)"
66.249.66.4 - - [12/Jun/2008:02:35:35 +0200] "GET /f-bannnerz.html HTTP/1.1" 200 12651 "-" "Mozilla/5.0 (compatible; Googlebot/2.1; +http://www.google.com/bot.html)"
66.249.66.4 - - [12/Jun/2008:02:42:22 +0200] "GET /prog.html HTTP/1.1" 404 2748 "-" "Mozilla/5.0 (compatible; Googlebot/2.1; +http://www.google.com/bot.html)"
74.6.22.94 - - [12/Jun/2008:02:51:25 +0200] "GET /robots.txt HTTP/1.0" 200 64 "-" "Mozilla/5.0 (compatible; Yahoo! Slurp; http://help.yahoo.com/help/us/ysearch/slurp)"
67.195.54.38 - - [12/Jun/2008:02:51:26 +0200] "GET /schubb/schubb-5.html HTTP/1.0" 200 72944 "-" "Mozilla/5.0 (compatible; Yahoo! Slurp; http://help.yahoo.com/help/us/ysearch/slurp)"
65.55.211.168 - - [12/Jun/2008:02:53:48 +0200] "GET /robots.txt HTTP/1.1" 200 64 "-" "msnbot/1.1 (+http://search.msn.com/msnbot.htm)"
65.55.211.168 - - [12/Jun/2008:02:53:48 +0200] "GET /logs/usage_200708.html HTTP/1.1" 200 111167 "-" "msnbot/1.1 (+http://search.msn.com/msnbot.htm)"
64.13.160.9 - - [12/Jun/2008:03:35:00 +0200] "GET /frame-inhalt.html HTTP/1.1" 200 8784 "-" "Mozilla/5.0 (compatible; ScoutJet; +http://www.scoutjet.com/)"
66.249.66.4 - - [12/Jun/2008:03:40:30 +0200] "GET /robots.txt HTTP/1.1" 200 64 "-" "Mozilla/5.0 (compatible; Googlebot/2.1; +http://www.google.com/bot.html)"
66.249.66.4 - - [12/Jun/2008:03:40:30 +0200] "GET /framez_0.html HTTP/1.1" 200 12444 "-" "Mozilla/5.0 (compatible; Googlebot/2.1; +http://www.google.com/bot.html)"
66.249.66.4 - - [12/Jun/2008:03:43:27 +0200] "GET /neon/warning.html HTTP/1.1" 200 5134 "-" "Mozilla/5.0 (compatible; Googlebot/2.1; +http://www.google.com/bot.html)"
65.55.211.165 - - [12/Jun/2008:03:50:24 +0200] "GET /f-actions.html HTTP/1.1" 200 10429 "-" "msnbot/1.1 (+http://search.msn.com/msnbot.htm)"
65.55.109.149 - - [12/Jun/2008:03:52:29 +0200] "GET /f-actions.html HTTP/1.0" 200 10429 "http://search.live.com/results.aspx?q=various&form=QBHP" "Mozilla/4.0 (compatible; MSIE 7.0; Windows NT 5.2; .NET CLR 1.1.4322)"
65.55.109.149 - - [12/Jun/2008:03:52:30 +0200] "GET /framez-actions.html HTTP/1.0" 200 4322 "-" "Mozilla/4.0 (compatible; MSIE 7.0; Windows NT 5.2; .NET CLR 1.1.4322)"
65.55.109.149 - - [12/Jun/2008:03:52:30 +0200] "GET /bannerz/sound/bruce.mid HTTP/1.0" 200 3515 "-" "Windows-Media-Player/10.00.00.3998"
65.55.109.149 - - [12/Jun/2008:03:52:30 +0200] "GET /f-actions.html HTTP/1.0" 200 10429 "http://www.various-euro.com/framez-actions.html" "Mozilla/4.0 (compatible; MSIE 7.0; Windows NT 5.2; .NET CLR 1.1.4322)"
65.55.109.149 - - [12/Jun/2008:03:52:30 +0200] "GET /frame-menu.html HTTP/1.0" 200 10492 "http://www.various-euro.com/framez-actions.html" "Mozilla/4.0 (compatible; MSIE 7.0; Windows NT 5.2; .NET CLR 1.1.4322)"
65.55.109.149 - - [12/Jun/2008:03:52:31 +0200] "GET /frame-unten.html HTTP/1.0" 200 5308 "http://www.various-euro.com/framez-actions.html" "Mozilla/4.0 (compatible; MSIE 7.0; Windows NT 5.2; .NET CLR 1.1.4322)"
65.55.109.149 - - [12/Jun/2008:03:52:31 +0200] "GET /bannerz/sound/bruce.mid HTTP/1.0" 200 3515 "-" "Windows-Media-Player/10.00.00.3998"
65.55.109.149 - - [12/Jun/2008:03:52:31 +0200] "GET /bannerz/sound/bruce.mid HTTP/1.0" 200 3515 "-" "Mozilla/4.0 (compatible; MSIE 7.0; Windows NT 5.2; .NET CLR 1.1.4322)"
66.249.66.4 - - [12/Jun/2008:03:58:13 +0200] "GET /framez.html HTTP/1.1" 200 3883 "-" "Mozilla/5.0 (compatible; Googlebot/2.1; +http://www.google.com/bot.html)"
77.92.88.23 - - [12/Jun/2008:04:03:39 +0200] "GET /schubb/schubb-5.html HTTP/1.0" 200 72944 "http://www.various-euro.com/schubb/schubb-5.html" "Mozilla/5.0 (Windows; U; WinNT4.0; en-US; rv:1.3a) Gecko/20021207 Phoenix/0.5"
67.195.51.222 - - [12/Jun/2008:04:20:12 +0200] "GET /schubb/ HTTP/1.0" 403 1223 "-" "Mozilla/5.0 (compatible; Yahoo! Slurp; http://help.yahoo.com/help/us/ysearch/slurp)"
217.78.182.15 - - [12/Jun/2008:04:39:22 +0200] "GET /schubb/schubb-5.html HTTP/1.0" 200 72944 "http://www.various-euro.com/schubb/schubb-5.html" "Mozilla/5.0 (Windows; U; Windows NT 5.1; en-US; rv:1.7) Gecko/20040707 Firefox/0.9.2 StumbleUpon/1.998"
74.6.22.88 - - [12/Jun/2008:04:43:24 +0200] "GET /schubb/schubb-2.html HTTP/1.0" 200 16660 "-" "Mozilla/5.0 (compatible; Yahoo! Slurp; http://help.yahoo.com/help/us/ysearch/slurp)"
66.249.66.4 - - [12/Jun/2008:05:03:10 +0200] "GET /sendi_agent.html HTTP/1.1" 200 6213 "-" "Mozilla/5.0 (compatible; Googlebot/2.1; +http://www.google.com/bot.html)"
67.195.54.53 - - [12/Jun/2008:05:16:37 +0200] "GET /zampa/montenegro/dajpare.html HTTP/1.0" 200 2503 "-" "Mozilla/5.0 (compatible; Yahoo! Slurp; http://help.yahoo.com/help/us/ysearch/slurp)"
67.195.54.48 - - [12/Jun/2008:05:19:19 +0200] "GET /zampa/montenegro/MILOW.html HTTP/1.0" 200 860 "-" "Mozilla/5.0 (compatible; Yahoo! Slurp; http://help.yahoo.com/help/us/ysearch/slurp)"
67.195.52.98 - - [12/Jun/2008:05:20:22 +0200] "GET /zampa/montenegro/BATAW.html HTTP/1.0" 200 860 "-" "Mozilla/5.0 (compatible; Yahoo! Slurp; http://help.yahoo.com/help/us/ysearch/slurp)"
67.195.52.51 - - [12/Jun/2008:05:21:05 +0200] "GET /zampa/montenegro/ZMAJW.html HTTP/1.0" 200 860 "-" "Mozilla/5.0 (compatible; Yahoo! Slurp; http://help.yahoo.com/help/us/ysearch/slurp)"
74.6.22.88 - - [12/Jun/2008:05:28:56 +0200] "GET /robots.txt HTTP/1.0" 200 64 "-" "Mozilla/5.0 (compatible; Yahoo! Slurp; http://help.yahoo.com/help/us/ysearch/slurp)"
74.6.22.88 - - [12/Jun/2008:05:28:57 +0200] "GET /DgH/bull/ HTTP/1.0" 200 1915 "-" "Mozilla/5.0 (compatible; Yahoo! Slurp; http://help.yahoo.com/help/us/ysearch/slurp)"
213.5.103.55 - - [12/Jun/2008:05:45:58 +0200] "GET http://various-euro.com/cgi-bin/pass.cgi HTTP/1.0" 404 2748 "http://various-euro.com/cgi-bin/pass.cgi" "Mozilla/4.0 (compatible; MSIE 6.0; Windows NT 5.1)"
65.55.211.163 - - [12/Jun/2008:05:47:08 +0200] "GET /robots.txt HTTP/1.1" 200 64 "-" "msnbot/1.1 (+http://search.msn.com/msnbot.htm)"
65.55.211.163 - - [12/Jun/2008:05:47:09 +0200] "GET /world.html HTTP/1.1" 200 16295 "-" "msnbot/1.1 (+http://search.msn.com/msnbot.htm)"
65.55.110.221 - - [12/Jun/2008:05:48:43 +0200] "GET /world.html HTTP/1.0" 200 16295 "http://search.live.com/results.aspx?q=various&form=QBHP" "Mozilla/4.0 (compatible; MSIE 7.0; Windows NT 5.2; .NET CLR 1.1.4322)"
65.55.110.221 - - [12/Jun/2008:05:48:46 +0200] "GET /framez-world.html HTTP/1.0" 200 4325 "-" "Mozilla/4.0 (compatible; MSIE 7.0; Windows NT 5.2; .NET CLR 1.1.4322)"
65.55.110.221 - - [12/Jun/2008:05:48:47 +0200] "GET /frame-menu.html HTTP/1.0" 200 10492 "http://www.various-euro.com/framez-world.html" "Mozilla/4.0 (compatible; MSIE 7.0; Windows NT 5.2; .NET CLR 1.1.4322)"
65.55.110.221 - - [12/Jun/2008:05:48:47 +0200] "GET /f-world.html HTTP/1.0" 200 35590 "http://www.various-euro.com/framez-world.html" "Mozilla/4.0 (compatible; MSIE 7.0; Windows NT 5.2; .NET CLR 1.1.4322)"
65.55.110.221 - - [12/Jun/2008:05:48:47 +0200] "GET /frame-unten.html HTTP/1.0" 200 5308 "http://www.various-euro.com/framez-world.html" "Mozilla/4.0 (compatible; MSIE 7.0; Windows NT 5.2; .NET CLR 1.1.4322)"
67.195.52.57 - - [12/Jun/2008:05:52:18 +0200] "GET /DgH/rampe/index.html HTTP/1.0" 200 2056 "-" "Mozilla/5.0 (compatible; Yahoo! Slurp; http://help.yahoo.com/help/us/ysearch/slurp)"
66.249.66.4 - - [12/Jun/2008:05:53:21 +0200] "GET /f-maintitle.html HTTP/1.1" 200 5030 "-" "Mozilla/5.0 (compatible; Googlebot/2.1; +http://www.google.com/bot.html)"
67.195.51.216 - - [12/Jun/2008:05:53:31 +0200] "GET /DgH/rampe/ HTTP/1.0" 200 2056 "-" "Mozilla/5.0 (compatible; Yahoo! Slurp; http://help.yahoo.com/help/us/ysearch/slurp)"
220.181.19.167 - - [12/Jun/2008:05:56:42 +0200] "GET /robots.txt HTTP/1.1" 302 363 "-" "-"
74.6.17.186 - - [12/Jun/2008:06:07:08 +0200] "GET /robots.txt HTTP/1.0" 200 64 "-" "Mozilla/5.0 (compatible; Yahoo! Slurp; http://help.yahoo.com/help/us/ysearch/slurp)"
67.195.54.52 - - [12/Jun/2008:06:07:08 +0200] "GET /neon/warning2.html HTTP/1.0" 200 997 "-" "Mozilla/5.0 (compatible; Yahoo! Slurp; http://help.yahoo.com/help/us/ysearch/slurp)"
74.6.22.88 - - [12/Jun/2008:06:21:31 +0200] "GET /logs/usage_200707.html HTTP/1.0" 200 110942 "-" "Mozilla/5.0 (compatible; Yahoo! Slurp; http://help.yahoo.com/help/us/ysearch/slurp)"
67.195.37.109 - - [12/Jun/2008:06:24:36 +0200] "GET /f-horrorkatze.html HTTP/1.0" 200 7865 "-" "Mozilla/5.0 (compatible; Yahoo! Slurp/3.0; http://help.yahoo.com/help/us/ysearch/slurp)"
66.249.66.4 - - [12/Jun/2008:06:28:46 +0200] "GET /ve-icon-2.ico HTTP/1.1" 200 2238 "-" "Mozilla/5.0 (compatible; Googlebot/2.1; +http://www.google.com/bot.html)"
67.195.58.156 - - [12/Jun/2008:06:31:18 +0200] "GET /framez-rez.html HTTP/1.0" 200 4323 "-" "Mozilla/5.0 (compatible; Yahoo! Slurp; http://help.yahoo.com/help/us/ysearch/slurp)"
67.195.58.156 - - [12/Jun/2008:06:31:19 +0200] "GET /frame-menu.html HTTP/1.0" 200 10492 "-" "Mozilla/5.0 (compatible; Yahoo! Slurp; http://help.yahoo.com/help/us/ysearch/slurp)"
67.195.58.156 - - [12/Jun/2008:06:31:21 +0200] "GET /f-rez.html HTTP/1.0" 200 9765 "-" "Mozilla/5.0 (compatible; Yahoo! Slurp; http://help.yahoo.com/help/us/ysearch/slurp)"
67.195.58.156 - - [12/Jun/2008:06:31:22 +0200] "GET /frame-unten.html HTTP/1.0" 200 5308 "-" "Mozilla/5.0 (compatible; Yahoo! Slurp; http://help.yahoo.com/help/us/ysearch/slurp)"
67.195.52.62 - - [12/Jun/2008:06:45:22 +0200] "GET /zampa-lovers/index.html HTTP/1.0" 200 37790 "-" "Mozilla/5.0 (compatible; Yahoo! Slurp; http://help.yahoo.com/help/us/ysearch/slurp)"
24.5.193.72 - - [12/Jun/2008:06:47:26 +0200] "GET / HTTP/1.1" 200 10127 "-" "Mozilla/5.0 (Windows; U; Windows NT 5.1; en-US; rv:1.8.1.14) Gecko/20080404 Firefox/2.0.0.14"
24.5.193.72 - - [12/Jun/2008:06:47:27 +0200] "GET /ve-icon-2.ico HTTP/1.1" 200 2238 "-" "Mozilla/5.0 (Windows; U; Windows NT 5.1; en-US; rv:1.8.1.14) Gecko/20080404 Firefox/2.0.0.14"
24.5.193.72 - - [12/Jun/2008:06:47:27 +0200] "GET /framez_0.html HTTP/1.1" 200 12444 "http://www.various-euro.com/" "Mozilla/5.0 (Windows; U; Windows NT 5.1; en-US; rv:1.8.1.14) Gecko/20080404 Firefox/2.0.0.14"
24.5.193.72 - - [12/Jun/2008:06:47:30 +0200] "GET /framez.html HTTP/1.1" 200 3883 "http://www.various-euro.com/framez_0.html" "Mozilla/5.0 (Windows; U; Windows NT 5.1; en-US; rv:1.8.1.14) Gecko/20080404 Firefox/2.0.0.14"
24.5.193.72 - - [12/Jun/2008:06:47:31 +0200] "GET /frame-inhalt.html HTTP/1.1" 200 8784 "http://www.various-euro.com/framez.html" "Mozilla/5.0 (Windows; U; Windows NT 5.1; en-US; rv:1.8.1.14) Gecko/20080404 Firefox/2.0.0.14"
24.5.193.72 - - [12/Jun/2008:06:47:31 +0200] "GET /frame-menu.html HTTP/1.1" 200 10492 "http://www.various-euro.com/framez.html" "Mozilla/5.0 (Windows; U; Windows NT 5.1; en-US; rv:1.8.1.14) Gecko/20080404 Firefox/2.0.0.14"
24.5.193.72 - - [12/Jun/2008:06:47:32 +0200] "GET /frame-unten.html HTTP/1.1" 200 5308 "http://www.various-euro.com/framez.html" "Mozilla/5.0 (Windows; U; Windows NT 5.1; en-US; rv:1.8.1.14) Gecko/20080404 Firefox/2.0.0.14"
24.5.193.72 - - [12/Jun/2008:06:47:32 +0200] "GET /bannerz/neon_click_3.gif HTTP/1.1" 200 240 "http://www.various-euro.com/frame-inhalt.html" "Mozilla/5.0 (Windows; U; Windows NT 5.1; en-US; rv:1.8.1.14) Gecko/20080404 Firefox/2.0.0.14"
24.5.193.72 - - [12/Jun/2008:06:47:32 +0200] "GET /eurosign3.gif HTTP/1.1" 200 7879 "http://www.various-euro.com/frame-inhalt.html" "Mozilla/5.0 (Windows; U; Windows NT 5.1; en-US; rv:1.8.1.14) Gecko/20080404 Firefox/2.0.0.14"
24.5.193.72 - - [12/Jun/2008:06:47:32 +0200] "GET /bannerz/goolag_468.jpg HTTP/1.1" 200 28285 "http://www.various-euro.com/frame-inhalt.html" "Mozilla/5.0 (Windows; U; Windows NT 5.1; en-US; rv:1.8.1.14) Gecko/20080404 Firefox/2.0.0.14"
24.5.193.72 - - [12/Jun/2008:06:47:32 +0200] "GET /bannerz/neon_click_1.gif HTTP/1.1" 200 890 "http://www.various-euro.com/frame-inhalt.html" "Mozilla/5.0 (Windows; U; Windows NT 5.1; en-US; rv:1.8.1.14) Gecko/20080404 Firefox/2.0.0.14"
24.5.193.72 - - [12/Jun/2008:06:47:33 +0200] "GET /bannerz/google/Logo_40blk.gif HTTP/1.1" 200 2308 "http://www.various-euro.com/frame-inhalt.html" "Mozilla/5.0 (Windows; U; Windows NT 5.1; en-US; rv:1.8.1.14) Gecko/20080404 Firefox/2.0.0.14"
24.5.193.72 - - [12/Jun/2008:06:47:33 +0200] "GET /bannerz/neon_click_2.gif HTTP/1.1" 200 387 "http://www.various-euro.com/frame-inhalt.html" "Mozilla/5.0 (Windows; U; Windows NT 5.1; en-US; rv:1.8.1.14) Gecko/20080404 Firefox/2.0.0.14"
24.5.193.72 - - [12/Jun/2008:06:47:33 +0200] "GET /bannerz/wet.gif HTTP/1.1" 200 18561 "http://www.various-euro.com/frame-inhalt.html" "Mozilla/5.0 (Windows; U; Windows NT 5.1; en-US; rv:1.8.1.14) Gecko/20080404 Firefox/2.0.0.14"
24.5.193.72 - - [12/Jun/2008:06:47:33 +0200] "GET /bannerz/douwil.gif HTTP/1.1" 200 528 "http://www.various-euro.com/frame-inhalt.html" "Mozilla/5.0 (Windows; U; Windows NT 5.1; en-US; rv:1.8.1.14) Gecko/20080404 Firefox/2.0.0.14"
24.5.193.72 - - [12/Jun/2008:06:47:33 +0200] "GET /bannerz/anti_black_small.gif HTTP/1.1" 200 1009 "http://www.various-euro.com/frame-inhalt.html" "Mozilla/5.0 (Windows; U; Windows NT 5.1; en-US; rv:1.8.1.14) Gecko/20080404 Firefox/2.0.0.14"
24.5.193.72 - - [12/Jun/2008:06:47:33 +0200] "GET /bannerz/copyleft_black_small.gif HTTP/1.1" 200 1231 "http://www.various-euro.com/frame-inhalt.html" "Mozilla/5.0 (Windows; U; Windows NT 5.1; en-US; rv:1.8.1.14) Gecko/20080404 Firefox/2.0.0.14"
24.5.193.72 - - [12/Jun/2008:06:47:34 +0200] "GET /bannerz/ve.jpg HTTP/1.1" 200 36912 "http://www.various-euro.com/frame-unten.html" "Mozilla/5.0 (Windows; U; Windows NT 5.1; en-US; rv:1.8.1.14) Gecko/20080404 Firefox/2.0.0.14"
24.5.193.72 - - [12/Jun/2008:06:47:34 +0200] "GET /bannerz/various-euro-girl.jpg HTTP/1.1" 200 91514 "http://www.various-euro.com/frame-unten.html" "Mozilla/5.0 (Windows; U; Windows NT 5.1; en-US; rv:1.8.1.14) Gecko/20080404 Firefox/2.0.0.14"
24.5.193.72 - - [12/Jun/2008:06:47:36 +0200] "GET /favicon.ico HTTP/1.1" 404 2748 "-" "Mozilla/5.0 (Windows; U; Windows NT 5.1; en-US; rv:1.8.1.14) Gecko/20080404 Firefox/2.0.0.14"
24.5.193.72 - - [12/Jun/2008:06:47:35 +0200] "GET /bannerz/ubu-shot.png HTTP/1.1" 200 200117 "http://www.various-euro.com/frame-menu.html" "Mozilla/5.0 (Windows; U; Windows NT 5.1; en-US; rv:1.8.1.14) Gecko/20080404 Firefox/2.0.0.14"
67.195.52.92 - - [12/Jun/2008:06:58:45 +0200] "GET /zampa-lovers/ HTTP/1.0" 200 37790 "-" "Mozilla/5.0 (compatible; Yahoo! Slurp; http://help.yahoo.com/help/us/ysearch/slurp)"
65.55.211.156 - - [12/Jun/2008:07:02:37 +0200] "GET /robots.txt HTTP/1.1" 200 64 "-" "msnbot/1.1 (+http://search.msn.com/msnbot.htm)"
65.55.211.156 - - [12/Jun/2008:07:02:38 +0200] "GET /bannnerz.html HTTP/1.1" 404 2748 "-" "msnbot/1.1 (+http://search.msn.com/msnbot.htm)"
65.55.211.156 - - [12/Jun/2008:07:02:38 +0200] "GET /logz.html HTTP/1.1" 404 2748 "-" "msnbot/1.1 (+http://search.msn.com/msnbot.htm)"
67.195.54.23 - - [12/Jun/2008:07:15:55 +0200] "GET /rez/556.mp3 HTTP/1.0" 304 - "-" "Mozilla/5.0 (compatible; Yahoo! Slurp; http://help.yahoo.com/help/us/ysearch/slurp)"
67.195.52.92 - - [12/Jun/2008:07:42:30 +0200] "GET /zampa/montenegro/ HTTP/1.0" 200 2651 "-" "Mozilla/5.0 (compatible; Yahoo! Slurp; http://help.yahoo.com/help/us/ysearch/slurp)"
65.55.211.157 - - [12/Jun/2008:07:56:27 +0200] "GET /robots.txt HTTP/1.1" 200 64 "-" "msnbot/1.1 (+http://search.msn.com/msnbot.htm)"
65.55.211.157 - - [12/Jun/2008:07:56:27 +0200] "GET /DgH/rampe/index.html HTTP/1.1" 200 2056 "-" "msnbot/1.1 (+http://search.msn.com/msnbot.htm)"
67.195.37.109 - - [12/Jun/2008:08:01:18 +0200] "GET /f-zeug.html HTTP/1.0" 200 45338 "-" "Mozilla/5.0 (compatible; Yahoo! Slurp/3.0; http://help.yahoo.com/help/us/ysearch/slurp)"
66.249.65.133 - - [12/Jun/2008:08:08:33 +0200] "GET /f-net.html HTTP/1.1" 200 9913 "-" "Mozilla/5.0 (compatible; Googlebot/2.1; +http://www.google.com/bot.html)"
65.55.211.151 - - [12/Jun/2008:08:20:25 +0200] "GET /robots.txt HTTP/1.1" 200 64 "-" "msnbot/1.1 (+http://search.msn.com/msnbot.htm)"
65.55.211.151 - - [12/Jun/2008:08:20:25 +0200] "GET /bmpp/18.html HTTP/1.1" 200 4467 "-" "msnbot/1.1 (+http://search.msn.com/msnbot.htm)"
67.195.52.115 - - [12/Jun/2008:08:23:31 +0200] "GET /neon/click.html HTTP/1.0" 200 521 "-" "Mozilla/5.0 (compatible; Yahoo! Slurp; http://help.yahoo.com/help/us/ysearch/slurp)"
67.195.52.107 - - [12/Jun/2008:08:24:29 +0200] "GET /neon/sushi.html HTTP/1.0" 200 687 "-" "Mozilla/5.0 (compatible; Yahoo! Slurp; http://help.yahoo.com/help/us/ysearch/slurp)"
208.80.193.30 - - [12/Jun/2008:08:25:04 +0200] "GET / HTTP/1.0" 200 10127 "-" "Mozilla/4.0 (compatible; MSIE 6.0; AOL 9.0; Windows NT 5.1; SV1; FunWebProducts; .NET CLR 1.1.4322; SpamBlockerUtility 4.8.4)"
208.80.193.30 - - [12/Jun/2008:08:25:05 +0200] "GET / HTTP/1.0" 200 10127 "-" "Mozilla/4.0 (compatible; MSIE 6.0; Windows NT 5.1; SV1; FunWebProducts; .NET CLR 2.0.50727; MSN 6.1; MSNbMSFT; MSNmen-us; MSNc00; v5m)"
65.55.211.151 - - [12/Jun/2008:08:42:46 +0200] "GET /euro.html HTTP/1.1" 404 2748 "-" "msnbot/1.1 (+http://search.msn.com/msnbot.htm)"
195.189.142.241 - - [12/Jun/2008:09:10:04 +0200] "GET / HTTP/1.1" 200 10127 "http://nerzwissenschaft.de/" "Opera/8.01 (J2ME/MIDP; Opera Mini/3.1.9024/1724; en; U; ssr)"
195.189.142.241 - - [12/Jun/2008:09:10:04 +0200] "GET /framez_0.html HTTP/1.1" 200 12444 "http://various-euro.com/" "Opera/8.01 (J2ME/MIDP; Opera Mini/3.1.9024/1724; en; U; ssr)"
195.189.142.241 - - [12/Jun/2008:09:10:04 +0200] "GET /ve-icon-2.ico HTTP/1.1" 200 2238 "http://various-euro.com/framez_0.html" "Opera/8.01 (J2ME/MIDP; Opera Mini/3.1.9024/1724; en; U; ssr)"
195.189.142.241 - - [12/Jun/2008:09:10:25 +0200] "GET /framez.html HTTP/1.1" 200 3883 "http://various-euro.com/framez_0.html" "Opera/8.01 (J2ME/MIDP; Opera Mini/3.1.9024/1724; en; U; ssr)"
195.189.142.241 - - [12/Jun/2008:09:10:25 +0200] "GET /frame-menu.html HTTP/1.1" 200 10492 "http://various-euro.com/framez.html" "Opera/8.01 (J2ME/MIDP; Opera Mini/3.1.9024/1724; en; U; ssr)"
195.189.142.241 - - [12/Jun/2008:09:10:25 +0200] "GET /frame-inhalt.html HTTP/1.1" 200 8784 "http://various-euro.com/framez.html" "Opera/8.01 (J2ME/MIDP; Opera Mini/3.1.9024/1724; en; U; ssr)"
195.189.142.241 - - [12/Jun/2008:09:10:25 +0200] "GET /frame-unten.html HTTP/1.1" 200 5308 "http://various-euro.com/framez.html" "Opera/8.01 (J2ME/MIDP; Opera Mini/3.1.9024/1724; en; U; ssr)"
195.189.142.241 - - [12/Jun/2008:09:10:25 +0200] "GET /bannerz/neon_click_3.gif HTTP/1.1" 200 240 "http://various-euro.com/frame-inhalt.html" "Opera/8.01 (J2ME/MIDP; Opera Mini/3.1.9024/1724; en; U; ssr)"
195.189.142.241 - - [12/Jun/2008:09:10:25 +0200] "GET /eurosign3.gif HTTP/1.1" 200 7879 "http://various-euro.com/frame-inhalt.html" "Opera/8.01 (J2ME/MIDP; Opera Mini/3.1.9024/1724; en; U; ssr)"
195.189.142.241 - - [12/Jun/2008:09:10:25 +0200] "GET /bannerz/google/Logo_40blk.gif HTTP/1.1" 200 2308 "http://various-euro.com/frame-inhalt.html" "Opera/8.01 (J2ME/MIDP; Opera Mini/3.1.9024/1724; en; U; ssr)"
195.189.142.241 - - [12/Jun/2008:09:10:25 +0200] "GET /bannerz/neon_click_2.gif HTTP/1.1" 200 387 "http://various-euro.com/frame-inhalt.html" "Opera/8.01 (J2ME/MIDP; Opera Mini/3.1.9024/1724; en; U; ssr)"
195.189.142.241 - - [12/Jun/2008:09:10:25 +0200] "GET /bannerz/douwil.gif HTTP/1.1" 200 528 "http://various-euro.com/frame-inhalt.html" "Opera/8.01 (J2ME/MIDP; Opera Mini/3.1.9024/1724; en; U; ssr)"
195.189.142.241 - - [12/Jun/2008:09:10:25 +0200] "GET /bannerz/anti_black_small.gif HTTP/1.1" 200 1009 "http://various-euro.com/frame-inhalt.html" "Opera/8.01 (J2ME/MIDP; Opera Mini/3.1.9024/1724; en; U; ssr)"
195.189.142.241 - - [12/Jun/2008:09:10:25 +0200] "GET /bannerz/wet.gif HTTP/1.1" 200 18561 "http://various-euro.com/frame-inhalt.html" "Opera/8.01 (J2ME/MIDP; Opera Mini/3.1.9024/1724; en; U; ssr)"
195.189.142.241 - - [12/Jun/2008:09:10:25 +0200] "GET /bannerz/goolag_468.jpg HTTP/1.1" 200 28285 "http://various-euro.com/frame-inhalt.html" "Opera/8.01 (J2ME/MIDP; Opera Mini/3.1.9024/1724; en; U; ssr)"
195.189.142.241 - - [12/Jun/2008:09:10:25 +0200] "GET /bannerz/ve.jpg HTTP/1.1" 200 36912 "http://various-euro.com/frame-unten.html" "Opera/8.01 (J2ME/MIDP; Opera Mini/3.1.9024/1724; en; U; ssr)"
195.189.142.241 - - [12/Jun/2008:09:10:25 +0200] "GET /bannerz/copyleft_black_small.gif HTTP/1.1" 200 1231 "http://various-euro.com/frame-inhalt.html" "Opera/8.01 (J2ME/MIDP; Opera Mini/3.1.9024/1724; en; U; ssr)"
195.189.142.241 - - [12/Jun/2008:09:10:25 +0200] "GET /bannerz/various-euro-girl.jpg HTTP/1.1" 200 91514 "http://various-euro.com/frame-unten.html" "Opera/8.01 (J2ME/MIDP; Opera Mini/3.1.9024/1724; en; U; ssr)"
195.189.142.241 - - [12/Jun/2008:09:10:25 +0200] "GET /bannerz/ubu-shot.png HTTP/1.1" 200 200117 "http://various-euro.com/frame-inhalt.html" "Opera/8.01 (J2ME/MIDP; Opera Mini/3.1.9024/1724; en; U; ssr)"
195.189.142.241 - - [12/Jun/2008:09:10:26 +0200] "GET /bannerz/neon_click_1.gif HTTP/1.1" 200 890 "http://various-euro.com/frame-inhalt.html" "Opera/8.01 (J2ME/MIDP; Opera Mini/3.1.9024/1724; en; U; ssr)"
195.189.142.241 - - [12/Jun/2008:09:10:52 +0200] "GET /f-search.html HTTP/1.1" 200 11800 "http://various-euro.com/frame-menu.html" "Opera/8.01 (J2ME/MIDP; Opera Mini/3.1.9024/1724; en; U; ssr)"
195.189.142.241 - - [12/Jun/2008:09:10:53 +0200] "GET /bannerz/notrace.gif HTTP/1.1" 200 485 "http://various-euro.com/f-search.html" "Opera/8.01 (J2ME/MIDP; Opera Mini/3.1.9024/1724; en; U; ssr)"
67.195.37.109 - - [12/Jun/2008:09:24:59 +0200] "GET /f-search.html HTTP/1.0" 200 11800 "-" "Mozilla/5.0 (compatible; Yahoo! Slurp/3.0; http://help.yahoo.com/help/us/ysearch/slurp)"
65.55.211.151 - - [12/Jun/2008:09:39:20 +0200] "GET /f-channel1.html HTTP/1.1" 200 5713 "-" "msnbot/1.1 (+http://search.msn.com/msnbot.htm)"
128.54.55.9 - - [12/Jun/2008:09:45:57 +0200] "GET / HTTP/1.0" 200 10127 "-" "Mozilla/5.0 (X11; U; Linux x86_64; en-US; rv:1.9b5) Gecko/2008040514 Firefox/3.0b5"
128.54.55.9 - - [12/Jun/2008:09:45:59 +0200] "GET /ve-icon-2.ico HTTP/1.0" 200 2238 "http://www.various-euro.com/" "Mozilla/5.0 (X11; U; Linux x86_64; en-US; rv:1.9b5) Gecko/2008040514 Firefox/3.0b5"
128.54.55.9 - - [12/Jun/2008:09:46:39 +0200] "GET /framez.html HTTP/1.0" 200 3883 "http://www.various-euro.com/" "Mozilla/5.0 (X11; U; Linux x86_64; en-US; rv:1.9b5) Gecko/2008040514 Firefox/3.0b5"
66.249.65.133 - - [12/Jun/2008:09:52:08 +0200] "GET /search.html HTTP/1.1" 200 1440 "-" "Mozilla/5.0 (compatible; Googlebot/2.1; +http://www.google.com/bot.html)"
74.6.22.88 - - [12/Jun/2008:09:53:15 +0200] "GET /neon/code.html HTTP/1.0" 200 1109 "-" "Mozilla/5.0 (compatible; Yahoo! Slurp; http://help.yahoo.com/help/us/ysearch/slurp)"
74.6.22.88 - - [12/Jun/2008:09:56:40 +0200] "GET /f-web.html HTTP/1.0" 200 13605 "-" "Mozilla/5.0 (compatible; Yahoo! Slurp; http://help.yahoo.com/help/us/ysearch/slurp)"
74.6.22.88 - - [12/Jun/2008:10:09:11 +0200] "GET /rez/fisztfull.qtl HTTP/1.0" 200 166 "-" "Mozilla/5.0 (compatible; Yahoo! Slurp; http://help.yahoo.com/help/us/ysearch/slurp)"
125.162.126.174 - - [12/Jun/2008:10:13:23 +0200] "HEAD /rez/555.mp3 HTTP/1.0" 200 - "-" "Mozilla/4.0 (compatible; MSIE 6.0; Windows NT 5.1)"
65.55.211.163 - - [12/Jun/2008:10:21:00 +0200] "GET /f-contact.html HTTP/1.1" 200 6804 "-" "msnbot/1.1 (+http://search.msn.com/msnbot.htm)"
65.55.110.218 - - [12/Jun/2008:10:21:52 +0200] "GET /f-contact.html HTTP/1.0" 200 6804 "http://search.live.com/results.aspx?q=various&form=QBHP" "Mozilla/4.0 (compatible; MSIE 7.0; Windows NT 5.2; .NET CLR 1.1.4322)"
65.55.110.218 - - [12/Jun/2008:10:21:53 +0200] "GET /framez-contact.html HTTP/1.0" 200 4325 "-" "Mozilla/4.0 (compatible; MSIE 7.0; Windows NT 5.2; .NET CLR 1.1.4322)"
65.55.110.218 - - [12/Jun/2008:10:21:54 +0200] "GET /frame-menu.html HTTP/1.0" 200 10492 "http://www.various-euro.com/framez-contact.html" "Mozilla/4.0 (compatible; MSIE 7.0; Windows NT 5.2; .NET CLR 1.1.4322)"
65.55.110.218 - - [12/Jun/2008:10:21:54 +0200] "GET /f-contact.html HTTP/1.0" 200 6804 "http://www.various-euro.com/framez-contact.html" "Mozilla/4.0 (compatible; MSIE 7.0; Windows NT 5.2; .NET CLR 1.1.4322)"
65.55.110.218 - - [12/Jun/2008:10:21:55 +0200] "GET /frame-unten.html HTTP/1.0" 200 5308 "http://www.various-euro.com/framez-contact.html" "Mozilla/4.0 (compatible; MSIE 7.0; Windows NT 5.2; .NET CLR 1.1.4322)"
74.6.22.88 - - [12/Jun/2008:10:23:18 +0200] "GET /framez-rez.html HTTP/1.0" 200 4323 "-" "Mozilla/5.0 (compatible; Yahoo! Slurp; http://help.yahoo.com/help/us/ysearch/slurp)"
74.6.22.88 - - [12/Jun/2008:10:23:19 +0200] "GET /frame-menu.html HTTP/1.0" 200 10492 "-" "Mozilla/5.0 (compatible; Yahoo! Slurp; http://help.yahoo.com/help/us/ysearch/slurp)"
74.6.22.88 - - [12/Jun/2008:10:23:20 +0200] "GET /f-rez.html HTTP/1.0" 200 9765 "-" "Mozilla/5.0 (compatible; Yahoo! Slurp; http://help.yahoo.com/help/us/ysearch/slurp)"
74.6.22.88 - - [12/Jun/2008:10:23:22 +0200] "GET /frame-unten.html HTTP/1.0" 200 5308 "-" "Mozilla/5.0 (compatible; Yahoo! Slurp; http://help.yahoo.com/help/us/ysearch/slurp)"
66.249.65.133 - - [12/Jun/2008:10:23:38 +0200] "GET /schubb/schubb-3.html HTTP/1.1" 200 17546 "-" "Mozilla/5.0 (compatible; Googlebot/2.1; +http://www.google.com/bot.html)"
66.249.65.133 - - [12/Jun/2008:10:29:23 +0200] "GET /f-web.html HTTP/1.1" 200 13605 "-" "Mozilla/5.0 (compatible; Googlebot/2.1; +http://www.google.com/bot.html)"
65.55.211.167 - - [12/Jun/2008:10:38:05 +0200] "GET /robots.txt HTTP/1.1" 200 64 "-" "msnbot/1.1 (+http://search.msn.com/msnbot.htm)"
65.55.211.167 - - [12/Jun/2008:10:38:06 +0200] "GET /neon/girlz3.html HTTP/1.1" 200 2479 "-" "msnbot/1.1 (+http://search.msn.com/msnbot.htm)"
67.195.37.109 - - [12/Jun/2008:10:37:53 +0200] "GET /rez/555.mp3 HTTP/1.0" 200 6017674 "-" "Mozilla/5.0 (compatible; Yahoo! Slurp/3.0; http://help.yahoo.com/help/us/ysearch/slurp)"
137.9.121.122 - - [12/Jun/2008:10:51:50 +0200] "GET /framez-girlz.html HTTP/1.1" 200 4271 "-" "Mozilla/4.0 (compatible;)"
67.195.37.109 - - [12/Jun/2008:10:59:34 +0200] "GET /neon/large.html HTTP/1.0" 200 1547 "-" "Mozilla/5.0 (compatible; Yahoo! Slurp/3.0; http://help.yahoo.com/help/us/ysearch/slurp)"
67.195.37.109 - - [12/Jun/2008:11:06:14 +0200] "GET /neon/annniiii.html HTTP/1.0" 200 686 "-" "Mozilla/5.0 (compatible; Yahoo! Slurp/3.0; http://help.yahoo.com/help/us/ysearch/slurp)"
65.55.211.158 - - [12/Jun/2008:11:16:38 +0200] "GET /neon/warning.html HTTP/1.1" 200 5134 "-" "msnbot/1.1 (+http://search.msn.com/msnbot.htm)"
74.6.17.186 - - [12/Jun/2008:12:01:35 +0200] "GET /robots.txt HTTP/1.0" 200 64 "-" "Mozilla/5.0 (compatible; Yahoo! Slurp; http://help.yahoo.com/help/us/ysearch/slurp)"
67.195.51.242 - - [12/Jun/2008:12:01:36 +0200] "GET /DgH/watch/ HTTP/1.0" 200 2028 "-" "Mozilla/5.0 (compatible; Yahoo! Slurp; http://help.yahoo.com/help/us/ysearch/slurp)"
81.108.226.147 - - [12/Jun/2008:12:13:40 +0200] "GET /zampa-lovers/index.html HTTP/1.1" 200 37790 "-" "Mozilla/4.0 (compatible; MSIE 6.0; Windows NT 5.1;1813)"
65.55.211.163 - - [12/Jun/2008:12:14:24 +0200] "GET /logs/usage_200712.html HTTP/1.1" 200 92577 "-" "msnbot/1.1 (+http://search.msn.com/msnbot.htm)"
65.55.211.165 - - [12/Jun/2008:12:18:26 +0200] "GET /f-world.html HTTP/1.1" 200 35590 "-" "msnbot/1.1 (+http://search.msn.com/msnbot.htm)"
195.54.250.19 - - [12/Jun/2008:12:19:03 +0200] "GET /schubb/schubb-4.html HTTP/1.1" 200 17746 "-" "Mozilla/4.0 (compatible; MSIE 6.0; Windows NT 5.1;1813)"
65.55.211.168 - - [12/Jun/2008:12:41:19 +0200] "GET /f-horrorkatze.html HTTP/1.1" 200 7865 "-" "msnbot/1.1 (+http://search.msn.com/msnbot.htm)"
67.195.52.52 - - [12/Jun/2008:12:43:56 +0200] "GET /zampa/montenegro/SEKAW.html HTTP/1.0" 200 860 "-" "Mozilla/5.0 (compatible; Yahoo! Slurp; http://help.yahoo.com/help/us/ysearch/slurp)"
67.195.37.109 - - [12/Jun/2008:12:48:43 +0200] "GET /rez/108.mp3 HTTP/1.0" 200 2086040 "-" "Mozilla/5.0 (compatible; Yahoo! Slurp/3.0; http://help.yahoo.com/help/us/ysearch/slurp)"
65.55.211.169 - - [12/Jun/2008:12:51:19 +0200] "GET /robots.txt HTTP/1.1" 200 64 "-" "msnbot/1.1 (+http://search.msn.com/msnbot.htm)"
65.55.211.169 - - [12/Jun/2008:12:51:20 +0200] "GET /f-warez.html HTTP/1.1" 200 10953 "-" "msnbot/1.1 (+http://search.msn.com/msnbot.htm)"
65.55.110.148 - - [12/Jun/2008:12:52:58 +0200] "GET /f-warez.html HTTP/1.0" 200 10953 "http://search.live.com/results.aspx?q=stuff&form=QBHP" "Mozilla/4.0 (compatible; MSIE 7.0; Windows NT 5.2; .NET CLR 1.1.4322)"
65.55.110.148 - - [12/Jun/2008:12:52:58 +0200] "GET /framez-warez.html HTTP/1.0" 200 4322 "-" "Mozilla/4.0 (compatible; MSIE 7.0; Windows NT 5.2; .NET CLR 1.1.4322)"
65.55.110.148 - - [12/Jun/2008:12:52:59 +0200] "GET /frame-menu.html HTTP/1.0" 200 10492 "http://www.various-euro.com/framez-warez.html" "Mozilla/4.0 (compatible; MSIE 7.0; Windows NT 5.2; .NET CLR 1.1.4322)"
65.55.110.148 - - [12/Jun/2008:12:52:59 +0200] "GET /f-warez.html HTTP/1.0" 200 10953 "http://www.various-euro.com/framez-warez.html" "Mozilla/4.0 (compatible; MSIE 7.0; Windows NT 5.2; .NET CLR 1.1.4322)"
65.55.110.148 - - [12/Jun/2008:12:52:59 +0200] "GET /frame-unten.html HTTP/1.0" 200 5308 "http://www.various-euro.com/framez-warez.html" "Mozilla/4.0 (compatible; MSIE 7.0; Windows NT 5.2; .NET CLR 1.1.4322)"
65.55.210.230 - - [12/Jun/2008:13:02:17 +0200] "GET /robots.txt HTTP/1.1" 200 64 "-" "msnbot/1.0 (+http://search.msn.com/msnbot.htm)"
65.55.210.230 - - [12/Jun/2008:13:02:17 +0200] "GET / HTTP/1.1" 200 10127 "-" "msnbot/1.0 (+http://search.msn.com/msnbot.htm)"
88.253.111.167 - - [12/Jun/2008:13:07:40 +0200] "GET /neon/biggtani.html HTTP/1.1" 200 1698 "-" "Mozilla/4.0 (compatible; MSIE 6.0; Windows NT 5.1;1813)"
65.55.211.159 - - [12/Jun/2008:13:12:56 +0200] "GET /robots.txt HTTP/1.1" 200 64 "-" "msnbot/1.1 (+http://search.msn.com/msnbot.htm)"
65.55.211.159 - - [12/Jun/2008:13:12:57 +0200] "GET /f-euro.html HTTP/1.1" 200 12203 "-" "msnbot/1.1 (+http://search.msn.com/msnbot.htm)"
193.252.149.16 - - [12/Jun/2008:13:17:41 +0200] "GET /neon/sushi.html HTTP/1.1" 200 687 "-" "Mozilla/5.0 (Windows; U; Windows NT 5.1; fr; rv:1.8.1) VoilaBot BETA 1.2 (support.voilabot@orange-ftgroup.com)"
195.149.90.80 - - [12/Jun/2008:13:19:00 +0200] "GET /schubb/schubb-5.html HTTP/1.0" 200 72944 "http://www.various-euro.com/schubb/schubb-5.html" "Mozilla/4.0 (compatible; MSIE 7.0; Windows NT 5.1; SV1; .NET CLR 2.0.50727)"
65.55.211.159 - - [12/Jun/2008:13:40:22 +0200] "GET /logs/usage_200711.html HTTP/1.1" 200 109628 "-" "msnbot/1.1 (+http://search.msn.com/msnbot.htm)"
67.195.37.109 - - [12/Jun/2008:14:14:21 +0200] "GET /bmpp/euro_pal_1.html HTTP/1.0" 200 18252 "-" "Mozilla/5.0 (compatible; Yahoo! Slurp/3.0; http://help.yahoo.com/help/us/ysearch/slurp)"
65.55.211.169 - - [12/Jun/2008:14:28:09 +0200] "GET /frame-inhalt.html HTTP/1.1" 200 8784 "-" "msnbot/1.1 (+http://search.msn.com/msnbot.htm)"
62.165.169.110 - - [12/Jun/2008:14:30:46 +0200] "GET /framez.html HTTP/1.1" 200 3883 "http://www.google.fi/search?hl=fi&q=europortal&meta=" "Mozilla/4.0 (compatible; MSIE 7.0; Windows NT 5.1; .NET CLR 2.0.50727; InfoPath.1)"
62.165.169.110 - - [12/Jun/2008:14:30:47 +0200] "GET /frame-menu.html HTTP/1.1" 200 10492 "http://www.various-euro.com/framez.html" "Mozilla/4.0 (compatible; MSIE 7.0; Windows NT 5.1; .NET CLR 2.0.50727; InfoPath.1)"
62.165.169.110 - - [12/Jun/2008:14:30:47 +0200] "GET /frame-inhalt.html HTTP/1.1" 200 8784 "http://www.various-euro.com/framez.html" "Mozilla/4.0 (compatible; MSIE 7.0; Windows NT 5.1; .NET CLR 2.0.50727; InfoPath.1)"
62.165.169.110 - - [12/Jun/2008:14:30:47 +0200] "GET /frame-unten.html HTTP/1.1" 200 5308 "http://www.various-euro.com/framez.html" "Mozilla/4.0 (compatible; MSIE 7.0; Windows NT 5.1; .NET CLR 2.0.50727; InfoPath.1)"
62.165.169.110 - - [12/Jun/2008:14:30:48 +0200] "GET /bannerz/neon_click_3.gif HTTP/1.1" 200 240 "http://www.various-euro.com/frame-inhalt.html" "Mozilla/4.0 (compatible; MSIE 7.0; Windows NT 5.1; .NET CLR 2.0.50727; InfoPath.1)"
62.165.169.110 - - [12/Jun/2008:14:30:48 +0200] "GET /bannerz/ve.jpg HTTP/1.1" 200 36912 "http://www.various-euro.com/frame-unten.html" "Mozilla/4.0 (compatible; MSIE 7.0; Windows NT 5.1; .NET CLR 2.0.50727; InfoPath.1)"
62.165.169.110 - - [12/Jun/2008:14:30:49 +0200] "GET /bannerz/various-euro-girl.jpg HTTP/1.1" 200 91514 "http://www.various-euro.com/frame-unten.html" "Mozilla/4.0 (compatible; MSIE 7.0; Windows NT 5.1; .NET CLR 2.0.50727; InfoPath.1)"
62.165.169.110 - - [12/Jun/2008:14:30:50 +0200] "GET /bannerz/goolag_468.jpg HTTP/1.1" 200 28285 "http://www.various-euro.com/frame-inhalt.html" "Mozilla/4.0 (compatible; MSIE 7.0; Windows NT 5.1; .NET CLR 2.0.50727; InfoPath.1)"
62.165.169.110 - - [12/Jun/2008:14:30:50 +0200] "GET /eurosign3.gif HTTP/1.1" 200 7879 "http://www.various-euro.com/frame-inhalt.html" "Mozilla/4.0 (compatible; MSIE 7.0; Windows NT 5.1; .NET CLR 2.0.50727; InfoPath.1)"
62.165.169.110 - - [12/Jun/2008:14:30:50 +0200] "GET /bannerz/neon_click_1.gif HTTP/1.1" 200 890 "http://www.various-euro.com/frame-inhalt.html" "Mozilla/4.0 (compatible; MSIE 7.0; Windows NT 5.1; .NET CLR 2.0.50727; InfoPath.1)"
