62.165.169.110 - - [12/Jun/2008:14:30:50 +0200] "GET /bannerz/wet.gif HTTP/1.1" 200 18561 "http://www.various-euro.com/frame-inhalt.html" "Mozilla/4.0 (compatible; MSIE 7.0; Windows NT 5.1; .NET CLR 2.0.50727; InfoPath.1)"
62.165.169.110 - - [12/Jun/2008:14:30:50 +0200] "GET /bannerz/google/Logo_40blk.gif HTTP/1.1" 200 2308 "http://www.various-euro.com/frame-inhalt.html" "Mozilla/4.0 (compatible; MSIE 7.0; Windows NT 5.1; .NET CLR 2.0.50727; InfoPath.1)"
62.165.169.110 - - [12/Jun/2008:14:30:51 +0200] "GET /bannerz/neon_click_2.gif HTTP/1.1" 200 387 "http://www.various-euro.com/frame-inhalt.html" "Mozilla/4.0 (compatible; MSIE 7.0; Windows NT 5.1; .NET CLR 2.0.50727; InfoPath.1)"
62.165.169.110 - - [12/Jun/2008:14:30:51 +0200] "GET /bannerz/douwil.gif HTTP/1.1" 200 528 "http://www.various-euro.com/frame-inhalt.html" "Mozilla/4.0 (compatible; MSIE 7.0; Windows NT 5.1; .NET CLR 2.0.50727; InfoPath.1)"
62.165.169.110 - - [12/Jun/2008:14:30:48 +0200] "GET /bannerz/ubu-shot.png HTTP/1.1" 200 200117 "http://www.various-euro.com/frame-menu.html" "Mozilla/4.0 (compatible; MSIE 7.0; Windows NT 5.1; .NET CLR 2.0.50727; InfoPath.1)"
62.165.169.110 - - [12/Jun/2008:14:30:51 +0200] "GET /bannerz/anti_black_small.gif HTTP/1.1" 200 1009 "http://www.various-euro.com/frame-inhalt.html" "Mozilla/4.0 (compatible; MSIE 7.0; Windows NT 5.1; .NET CLR 2.0.50727; InfoPath.1)"
62.165.169.110 - - [12/Jun/2008:14:30:52 +0200] "GET /bannerz/copyleft_black_small.gif HTTP/1.1" 200 1231 "http://www.various-euro.com/frame-inhalt.html" "Mozilla/4.0 (compatible; MSIE 7.0; Windows NT 5.1; .NET CLR 2.0.50727; InfoPath.1)"
62.165.169.110 - - [12/Jun/2008:14:30:53 +0200] "GET /ve-icon-2.ico HTTP/1.1" 200 2238 "-" "Mozilla/4.0 (compatible; MSIE 7.0; Windows NT 5.1; .NET CLR 2.0.50727; InfoPath.1)"
65.55.110.142 - - [12/Jun/2008:14:31:32 +0200] "GET /frame-inhalt.html HTTP/1.0" 200 8784 "http://search.live.com/results.aspx?q=various&form=QBHP" "Mozilla/4.0 (compatible; MSIE 7.0; Windows NT 5.2; .NET CLR 1.1.4322)"
65.55.110.142 - - [12/Jun/2008:14:31:33 +0200] "GET /framez.html HTTP/1.0" 200 3883 "-" "Mozilla/4.0 (compatible; MSIE 7.0; Windows NT 5.2; .NET CLR 1.1.4322)"
65.55.110.142 - - [12/Jun/2008:14:31:33 +0200] "GET /frame-menu.html HTTP/1.0" 200 10492 "http://www.various-euro.com/framez.html" "Mozilla/4.0 (compatible; MSIE 7.0; Windows NT 5.2; .NET CLR 1.1.4322)"
65.55.110.142 - - [12/Jun/2008:14:31:34 +0200] "GET /frame-inhalt.html HTTP/1.0" 200 8784 "http://www.various-euro.com/framez.html" "Mozilla/4.0 (compatible; MSIE 7.0; Windows NT 5.2; .NET CLR 1.1.4322)"
65.55.110.142 - - [12/Jun/2008:14:31:34 +0200] "GET /frame-unten.html HTTP/1.0" 200 5308 "http://www.various-euro.com/framez.html" "Mozilla/4.0 (compatible; MSIE 7.0; Windows NT 5.2; .NET CLR 1.1.4322)"
65.55.211.157 - - [12/Jun/2008:14:33:08 +0200] "GET /triple-double-u/ HTTP/1.1" 403 1223 "-" "msnbot/1.1 (+http://search.msn.com/msnbot.htm)"
74.6.22.88 - - [12/Jun/2008:15:04:17 +0200] "GET /rez/554.mp3 HTTP/1.0" 200 13335140 "-" "Mozilla/5.0 (compatible; Yahoo! Slurp; http://help.yahoo.com/help/us/ysearch/slurp)"
65.55.211.156 - - [12/Jun/2008:15:08:35 +0200] "GET /sendi_agent.html HTTP/1.1" 200 6213 "-" "msnbot/1.1 (+http://search.msn.com/msnbot.htm)"
66.249.65.133 - - [12/Jun/2008:15:14:21 +0200] "GET /zampa/montenegro/index.html HTTP/1.1" 200 2651 "-" "Mozilla/5.0 (compatible; Googlebot/2.1; +http://www.google.com/bot.html)"
67.195.37.109 - - [12/Jun/2008:15:26:20 +0200] "GET /robots.txt HTTP/1.0" 200 64 "-" "Mozilla/5.0 (compatible; Yahoo! Slurp; http://help.yahoo.com/help/us/ysearch/slurp)"
67.195.37.109 - - [12/Jun/2008:15:26:21 +0200] "GET /schubb/schubb-1.html HTTP/1.0" 200 9070 "-" "Mozilla/5.0 (compatible; Yahoo! Slurp/3.0; http://help.yahoo.com/help/us/ysearch/slurp)"
65.55.211.169 - - [12/Jun/2008:15:34:55 +0200] "GET /logs/usage_200706.html HTTP/1.1" 200 107008 "-" "msnbot/1.1 (+http://search.msn.com/msnbot.htm)"
67.195.37.109 - - [12/Jun/2008:15:46:04 +0200] "GET /rez/611.mp3 HTTP/1.0" 200 6782540 "-" "Mozilla/5.0 (compatible; Yahoo! Slurp/3.0; http://help.yahoo.com/help/us/ysearch/slurp)"
200.117.223.61 - - [12/Jun/2008:16:03:21 +0200] "GET / HTTP/1.0" 302 353 "-" "Mozilla/4.0 (compatible; MSIE 6.0; Windows NT 5.1;1813)"
200.117.223.61 - - [12/Jun/2008:16:03:24 +0200] "GET /zampa/ HTTP/1.0" 200 7153 "-" "Mozilla/4.0 (compatible; MSIE 6.0; Windows NT 5.1;1813)"
74.6.22.88 - - [12/Jun/2008:16:09:08 +0200] "GET /f-logz_old.html HTTP/1.0" 200 43773 "-" "Mozilla/5.0 (compatible; Yahoo! Slurp; http://help.yahoo.com/help/us/ysearch/slurp)"
202.179.180.45 - - [12/Jun/2008:16:38:58 +0200] "GET /robots.txt HTTP/1.1" 302 363 "-" "Mozilla/4.0 (compatible; NaverBot/1.0; http://help.naver.com/delete_main.asp)"
202.179.180.45 - - [12/Jun/2008:16:39:02 +0200] "GET / HTTP/1.1" 302 353 "-" "Mozilla/4.0 (compatible; NaverBot/1.0; http://help.naver.com/delete_main.asp)"
65.55.211.170 - - [12/Jun/2008:16:43:07 +0200] "GET /robots.txt HTTP/1.1" 200 64 "-" "msnbot/1.1 (+http://search.msn.com/msnbot.htm)"
65.55.211.170 - - [12/Jun/2008:16:43:08 +0200] "GET /logs/usage_200704.html HTTP/1.1" 200 108835 "-" "msnbot/1.1 (+http://search.msn.com/msnbot.htm)"
67.195.37.109 - - [12/Jun/2008:17:11:59 +0200] "GET /neon/warning.html HTTP/1.0" 200 5134 "-" "Mozilla/5.0 (compatible; Yahoo! Slurp/3.0; http://help.yahoo.com/help/us/ysearch/slurp)"
87.184.65.5 - - [12/Jun/2008:17:25:25 +0200] "GET /16cols.gif HTTP/1.1" 404 2748 "http://www.various-euro.com/f-zeug.html" "Opera/9.27 (Windows NT 5.1; U; de)"
87.184.65.5 - - [12/Jun/2008:17:25:25 +0200] "GET /f-zeug.html HTTP/1.1" 200 45338 "http://www.google.de/search?hl=de&lr=lang_de&client=opera&rls=de&hs=Wlo&sa=X&oi=spell&resnum=0&ct=result&cd=1&q=euro+in+europe&spell=1" "Opera/9.27 (Windows NT 5.1; U; de)"
87.184.65.5 - - [12/Jun/2008:17:25:28 +0200] "GET /favicon.ico HTTP/1.1" 404 2748 "http://www.various-euro.com/f-zeug.html" "Opera/9.27 (Windows NT 5.1; U; de)"
87.184.65.5 - - [12/Jun/2008:17:25:28 +0200] "GET /framez-zeug.html HTTP/1.1" 200 4311 "http://www.various-euro.com/f-zeug.html" "Opera/9.27 (Windows NT 5.1; U; de)"
87.184.65.5 - - [12/Jun/2008:17:25:28 +0200] "GET /ve-icon-2.ico HTTP/1.1" 200 2238 "http://www.various-euro.com/framez-zeug.html" "Opera/9.27 (Windows NT 5.1; U; de)"
87.184.65.5 - - [12/Jun/2008:17:25:28 +0200] "GET /frame-unten.html HTTP/1.1" 200 5308 "http://www.various-euro.com/framez-zeug.html" "Opera/9.27 (Windows NT 5.1; U; de)"
87.184.65.5 - - [12/Jun/2008:17:25:28 +0200] "GET /frame-menu.html HTTP/1.1" 200 10492 "http://www.various-euro.com/framez-zeug.html" "Opera/9.27 (Windows NT 5.1; U; de)"
87.184.65.5 - - [12/Jun/2008:17:25:28 +0200] "GET /bannerz/various-euro-girl.jpg HTTP/1.1" 200 91514 "http://www.various-euro.com/frame-unten.html" "Opera/9.27 (Windows NT 5.1; U; de)"
87.184.65.5 - - [12/Jun/2008:17:25:28 +0200] "GET /bannerz/ve.jpg HTTP/1.1" 200 36912 "http://www.various-euro.com/frame-unten.html" "Opera/9.27 (Windows NT 5.1; U; de)"
87.184.65.5 - - [12/Jun/2008:17:25:28 +0200] "GET /f-zeug.html HTTP/1.1" 200 45338 "http://www.various-euro.com/framez-zeug.html" "Opera/9.27 (Windows NT 5.1; U; de)"
87.184.65.5 - - [12/Jun/2008:17:25:29 +0200] "GET /16cols.gif HTTP/1.1" 404 2748 "http://www.various-euro.com/f-zeug.html" "Opera/9.27 (Windows NT 5.1; U; de)"
87.184.65.5 - - [12/Jun/2008:17:25:28 +0200] "GET /bannerz/various-euro-girl.jpg HTTP/1.1" 200 91514 "http://www.various-euro.com/frame-unten.html" "Opera/9.27 (Windows NT 5.1; U; de)"
87.184.65.5 - - [12/Jun/2008:17:25:29 +0200] "GET /bannerz/ubu-shot.png HTTP/1.1" 200 200117 "http://www.various-euro.com/frame-menu.html" "Opera/9.27 (Windows NT 5.1; U; de)"
123.22.52.70 - - [12/Jun/2008:17:30:36 +0200] "GET / HTTP/1.1" 200 10127 "-" "Mozilla/4.0 (compatible; MSIE 6.0; Windows NT 5.1;1813)"
74.6.22.88 - - [12/Jun/2008:17:33:49 +0200] "GET /neon/euro.html HTTP/1.0" 200 2212 "-" "Mozilla/5.0 (compatible; Yahoo! Slurp; http://help.yahoo.com/help/us/ysearch/slurp)"
74.6.22.88 - - [12/Jun/2008:17:39:52 +0200] "GET /rez/fisztfull.mp4 HTTP/1.0" 200 5973230 "-" "Mozilla/5.0 (compatible; Yahoo! Slurp; http://help.yahoo.com/help/us/ysearch/slurp)"
65.55.211.160 - - [12/Jun/2008:18:11:34 +0200] "GET /robots.txt HTTP/1.1" 200 64 "-" "msnbot/1.1 (+http://search.msn.com/msnbot.htm)"
65.55.211.160 - - [12/Jun/2008:18:11:34 +0200] "GET /framez-rez.html HTTP/1.1" 200 4323 "-" "msnbot/1.1 (+http://search.msn.com/msnbot.htm)"
74.6.22.88 - - [12/Jun/2008:18:12:22 +0200] "GET /robots.txt HTTP/1.0" 200 64 "-" "Mozilla/5.0 (compatible; Yahoo! Slurp; http://help.yahoo.com/help/us/ysearch/slurp)"
74.6.22.88 - - [12/Jun/2008:18:12:22 +0200] "GET /neon/ HTTP/1.0" 403 1223 "-" "Mozilla/5.0 (compatible; Yahoo! Slurp; http://help.yahoo.com/help/us/ysearch/slurp)"
65.55.211.160 - - [12/Jun/2008:18:16:28 +0200] "GET /robots.txt HTTP/1.1" 200 64 "-" "msnbot/1.0 (+http://search.msn.com/msnbot.htm)"
65.55.211.160 - - [12/Jun/2008:18:16:28 +0200] "GET /frame-menu.html HTTP/1.1" 200 10492 "-" "msnbot/1.0 (+http://search.msn.com/msnbot.htm)"
65.55.211.160 - - [12/Jun/2008:18:16:29 +0200] "GET /f-rez.html HTTP/1.1" 200 9765 "-" "msnbot/1.0 (+http://search.msn.com/msnbot.htm)"
65.55.211.160 - - [12/Jun/2008:18:16:29 +0200] "GET /frame-unten.html HTTP/1.1" 200 5308 "-" "msnbot/1.0 (+http://search.msn.com/msnbot.htm)"
81.52.143.16 - - [12/Jun/2008:18:18:12 +0200] "GET http://www.various-euro.com:80/robots.txt HTTP/1.1" 200 64 "-" "Mozilla/5.0 (Windows; U; Windows NT 5.1; fr; rv:1.8.1) VoilaBot BETA 1.2 (support.voilabot@orange-ftgroup.com)"
81.52.143.16 - - [12/Jun/2008:18:18:18 +0200] "GET /bmpp/18.html HTTP/1.1" 200 4467 "-" "Mozilla/5.0 (Windows; U; Windows NT 5.1; fr; rv:1.8.1) VoilaBot BETA 1.2 (support.voilabot@orange-ftgroup.com)"
67.195.52.106 - - [12/Jun/2008:18:35:54 +0200] "GET /frame-inhalt.html HTTP/1.0" 200 8784 "-" "Mozilla/5.0 (compatible; Yahoo! Slurp; http://help.yahoo.com/help/us/ysearch/slurp)"
65.55.211.163 - - [12/Jun/2008:18:47:32 +0200] "GET /f-maintitle.html HTTP/1.1" 200 5030 "-" "msnbot/1.1 (+http://search.msn.com/msnbot.htm)"
65.55.110.142 - - [12/Jun/2008:18:48:40 +0200] "GET /f-maintitle.html HTTP/1.0" 200 5030 "http://search.live.com/results.aspx?q=various&form=QBHP" "Mozilla/4.0 (compatible; MSIE 7.0; Windows NT 5.2; .NET CLR 1.1.4322)"
65.55.110.142 - - [12/Jun/2008:18:48:41 +0200] "GET /framez.html HTTP/1.0" 200 3883 "-" "Mozilla/4.0 (compatible; MSIE 7.0; Windows NT 5.2; .NET CLR 1.1.4322)"
65.55.110.142 - - [12/Jun/2008:18:48:41 +0200] "GET /frame-menu.html HTTP/1.0" 200 10492 "http://www.various-euro.com/framez.html" "Mozilla/4.0 (compatible; MSIE 7.0; Windows NT 5.2; .NET CLR 1.1.4322)"
65.55.110.142 - - [12/Jun/2008:18:48:41 +0200] "GET /frame-inhalt.html HTTP/1.0" 200 8784 "http://www.various-euro.com/framez.html" "Mozilla/4.0 (compatible; MSIE 7.0; Windows NT 5.2; .NET CLR 1.1.4322)"
65.55.110.142 - - [12/Jun/2008:18:48:41 +0200] "GET /frame-unten.html HTTP/1.0" 200 5308 "http://www.various-euro.com/framez.html" "Mozilla/4.0 (compatible; MSIE 7.0; Windows NT 5.2; .NET CLR 1.1.4322)"
74.6.22.88 - - [12/Jun/2008:18:50:17 +0200] "GET /games/virtualcop/ HTTP/1.0" 403 1223 "-" "Mozilla/5.0 (compatible; Yahoo! Slurp; http://help.yahoo.com/help/us/ysearch/slurp)"
202.179.180.45 - - [12/Jun/2008:18:51:52 +0200] "GET /robots.txt HTTP/1.1" 200 64 "-" "Mozilla/4.0 (compatible; NaverBot/1.0; http://help.naver.com/delete_main.asp)"
202.179.180.45 - - [12/Jun/2008:18:51:52 +0200] "GET / HTTP/1.1" 200 10127 "-" "Mozilla/4.0 (compatible; NaverBot/1.0; http://help.naver.com/delete_main.asp)"
67.195.37.109 - - [12/Jun/2008:18:59:12 +0200] "GET /f-sponsor.html HTTP/1.0" 200 8578 "-" "Mozilla/5.0 (compatible; Yahoo! Slurp/3.0; http://help.yahoo.com/help/us/ysearch/slurp)"
193.252.149.16 - - [12/Jun/2008:19:16:42 +0200] "GET http://www.various-euro.com:80/robots.txt HTTP/1.1" 200 64 "-" "Mozilla/5.0 (Windows; U; Windows NT 5.1; fr; rv:1.8.1) VoilaBot BETA 1.2 (support.voilabot@orange-ftgroup.com)"
193.252.149.16 - - [12/Jun/2008:19:17:01 +0200] "GET /framez.html HTTP/1.1" 200 3883 "-" "Mozilla/5.0 (Windows; U; Windows NT 5.1; fr; rv:1.8.1) VoilaBot BETA 1.2 (support.voilabot@orange-ftgroup.com)"
193.252.149.16 - - [12/Jun/2008:19:17:19 +0200] "GET /frame-inhalt.html HTTP/1.1" 200 8784 "-" "Mozilla/5.0 (Windows; U; Windows NT 5.1; fr; rv:1.8.1) VoilaBot BETA 1.2 (support.voilabot@orange-ftgroup.com)"
193.252.149.16 - - [12/Jun/2008:19:17:19 +0200] "GET /frame-unten.html HTTP/1.1" 200 5308 "-" "Mozilla/5.0 (Windows; U; Windows NT 5.1; fr; rv:1.8.1) VoilaBot BETA 1.2 (support.voilabot@orange-ftgroup.com)"
193.252.149.16 - - [12/Jun/2008:19:17:21 +0200] "GET /frame-menu.html HTTP/1.1" 200 10492 "-" "Mozilla/5.0 (Windows; U; Windows NT 5.1; fr; rv:1.8.1) VoilaBot BETA 1.2 (support.voilabot@orange-ftgroup.com)"
81.52.143.16 - - [12/Jun/2008:19:35:31 +0200] "GET /neon/warning.html HTTP/1.1" 200 5134 "-" "Mozilla/5.0 (Windows; U; Windows NT 5.1; fr; rv:1.8.1) VoilaBot BETA 1.2 (support.voilabot@orange-ftgroup.com)"
74.6.22.88 - - [12/Jun/2008:19:44:10 +0200] "GET / HTTP/1.0" 200 10127 "-" "Mozilla/5.0 (compatible; Yahoo! Slurp; http://help.yahoo.com/help/us/ysearch/slurp)"
189.137.26.22 - - [12/Jun/2008:20:08:37 +0200] "GET /cgi-bin/r_manage.cgi HTTP/1.1" 404 2748 "http://various-euro.com/cgi-bin/r_manage.cgi" "Mozilla/4.0 (compatible; MSIE 6.0; Windows NT 5.1)"
220.181.19.167 - - [12/Jun/2008:20:11:37 +0200] "GET / HTTP/1.1" 302 353 "-" "Sogou web spider/4.0(+http://www.sogou.com/docs/help/webmasters.htm#07)"
220.181.19.167 - - [12/Jun/2008:20:11:58 +0200] "GET /robots.txt HTTP/1.1" 304 - "-" "-"
65.55.211.164 - - [12/Jun/2008:20:22:22 +0200] "GET /robots.txt HTTP/1.1" 200 64 "-" "msnbot/1.1 (+http://search.msn.com/msnbot.htm)"
65.55.211.164 - - [12/Jun/2008:20:22:22 +0200] "GET / HTTP/1.1" 200 10127 "-" "msnbot/1.1 (+http://search.msn.com/msnbot.htm)"
74.6.22.88 - - [12/Jun/2008:20:46:31 +0200] "GET /schubb/schubb-5.html HTTP/1.0" 200 72944 "-" "Mozilla/5.0 (compatible; Yahoo! Slurp; http://help.yahoo.com/help/us/ysearch/slurp)"
67.195.52.31 - - [12/Jun/2008:20:50:50 +0200] "GET /f-net.html HTTP/1.0" 200 9913 "-" "Mozilla/5.0 (compatible; Yahoo! Slurp; http://help.yahoo.com/help/us/ysearch/slurp)"
74.6.22.177 - - [12/Jun/2008:20:55:48 +0200] "GET /robots.txt HTTP/1.0" 200 64 "-" "Mozilla/5.0 (compatible; Yahoo! Slurp; http://help.yahoo.com/help/us/ysearch/slurp)"
67.195.52.106 - - [12/Jun/2008:20:55:49 +0200] "GET /neon/ HTTP/1.0" 403 1223 "-" "Mozilla/5.0 (compatible; Yahoo! Slurp; http://help.yahoo.com/help/us/ysearch/slurp)"
67.195.51.243 - - [12/Jun/2008:20:55:58 +0200] "GET /neon/girlz3.html HTTP/1.0" 200 2479 "-" "Mozilla/5.0 (compatible; Yahoo! Slurp; http://help.yahoo.com/help/us/ysearch/slurp)"
83.18.148.75 - - [12/Jun/2008:21:25:05 +0200] "GET / HTTP/1.1" 200 10127 "-" "Mozilla/4.0 (compatible; MSIE 6.0; Windows NT 5.1;1813)"
68.77.108.249 - - [12/Jun/2008:21:26:32 +0200] "GET / HTTP/1.1" 200 10127 "-" "Mozilla/5.0 (Windows; U; Windows NT 6.0; en-US; rv:1.8.1.14) Gecko/20080404 Firefox/2.0.0.14"
68.77.108.249 - - [12/Jun/2008:21:26:33 +0200] "GET /ve-icon-2.ico HTTP/1.1" 200 2238 "-" "Mozilla/5.0 (Windows; U; Windows NT 6.0; en-US; rv:1.8.1.14) Gecko/20080404 Firefox/2.0.0.14"
68.77.108.249 - - [12/Jun/2008:21:33:03 +0200] "GET / HTTP/1.1" 200 10127 "-" "Mozilla/5.0 (Windows; U; Windows NT 6.0; en-US; rv:1.8.1.14) Gecko/20080404 Firefox/2.0.0.14"
68.77.108.249 - - [12/Jun/2008:21:33:04 +0200] "GET /ve-icon-2.ico HTTP/1.1" 200 2238 "-" "Mozilla/5.0 (Windows; U; Windows NT 6.0; en-US; rv:1.8.1.14) Gecko/20080404 Firefox/2.0.0.14"
220.181.19.167 - - [12/Jun/2008:21:48:00 +0200] "GET /zampa/ HTTP/1.1" 200 7153 "-" "Sogou web spider/4.0(+http://www.sogou.com/docs/help/webmasters.htm#07)"
206.169.226.66 - - [12/Jun/2008:21:55:39 +0200] "GET /framez-zampa-lovers.html HTTP/1.1" 200 4322 "-" "Mozilla/4.0 (compatible; MSIE 6.0; Windows NT 5.1;1813)"
206.169.226.66 - - [12/Jun/2008:21:55:38 +0200] "GET /zampa-lovers/index.html HTTP/1.1" 200 37790 "-" "Mozilla/4.0 (compatible; MSIE 6.0; Windows NT 5.1;1813)"
206.169.226.66 - - [12/Jun/2008:21:55:48 +0200] "GET /frame-menu.html HTTP/1.1" 200 10492 "-" "Mozilla/4.0 (compatible; MSIE 6.0; Windows NT 5.1;1813)"
206.169.226.66 - - [12/Jun/2008:21:55:54 +0200] "GET /zampa-lovers/index.html HTTP/1.1" 200 37790 "-" "Mozilla/4.0 (compatible; MSIE 6.0; Windows NT 5.1;1813)"
206.169.226.66 - - [12/Jun/2008:21:55:57 +0200] "GET /frame-unten.html HTTP/1.1" 200 5308 "-" "Mozilla/4.0 (compatible; MSIE 6.0; Windows NT 5.1;1813)"
119.63.193.43 - - [12/Jun/2008:22:53:22 +0200] "GET / HTTP/1.1" 200 10127 "-" "Baiduspider+(+http://help.baidu.jp/system/05.html)"
68.77.108.249 - - [12/Jun/2008:22:59:28 +0200] "GET / HTTP/1.1" 200 10127 "-" "Mozilla/5.0 (Windows; U; Windows NT 6.0; en-US; rv:1.8.1.14) Gecko/20080404 Firefox/2.0.0.14"
68.77.108.249 - - [12/Jun/2008:22:59:29 +0200] "GET /ve-icon-2.ico HTTP/1.1" 200 2238 "-" "Mozilla/5.0 (Windows; U; Windows NT 6.0; en-US; rv:1.8.1.14) Gecko/20080404 Firefox/2.0.0.14"
201.79.87.212 - - [12/Jun/2008:23:16:28 +0200] "GET / HTTP/1.1" 200 10127 "-" "Mozilla/4.0 (compatible; MSIE 6.0; Windows NT 5.1; SV1)"
201.79.87.212 - - [12/Jun/2008:23:16:34 +0200] "GET / HTTP/1.1" 200 10127 "-" "Mozilla/4.0 (compatible; MSIE 6.0; Windows NT 5.1; SV1)"
128.54.59.208 - - [12/Jun/2008:23:19:07 +0200] "GET / HTTP/1.0" 200 10127 "http://www.modukit.com/" "Mozilla/5.0 (X11; U; Linux x86_64; en-US; rv:1.9b5) Gecko/2008040514 Firefox/3.0b5"
74.6.17.186 - - [12/Jun/2008:23:24:47 +0200] "GET /robots.txt HTTP/1.0" 200 64 "-" "Mozilla/5.0 (compatible; Yahoo! Slurp; http://help.yahoo.com/help/us/ysearch/slurp)"
67.195.51.253 - - [12/Jun/2008:23:24:47 +0200] "GET /f-horrorkatze.html HTTP/1.0" 200 7865 "-" "Mozilla/5.0 (compatible; Yahoo! Slurp; http://help.yahoo.com/help/us/ysearch/slurp)"
151.138.13.220 - - [13/Jun/2008:00:23:16 +0200] "GET /restate_copy.html HTTP/1.1" 200 97631 "-" "Mozilla/4.0 (compatible; MSIE 5.0; Windows 95; DigExt"
66.249.65.133 - - [13/Jun/2008:00:30:38 +0200] "GET /f-zeug.html HTTP/1.1" 200 45338 "-" "Mozilla/5.0 (compatible; Googlebot/2.1; +http://www.google.com/bot.html)"
67.195.52.114 - - [13/Jun/2008:00:46:34 +0200] "GET /games/virtualcop/ HTTP/1.0" 403 1223 "-" "Mozilla/5.0 (compatible; Yahoo! Slurp; http://help.yahoo.com/help/us/ysearch/slurp)"
208.96.54.70 - - [13/Jun/2008:01:07:46 +0200] "GET /robots.txt HTTP/1.1" 200 64 "-" "Mozilla/5.0 (compatible; discobot/1.0; +http://discoveryengine.com/discobot.html)"
208.96.54.70 - - [13/Jun/2008:01:10:04 +0200] "GET /robots.txt HTTP/1.1" 200 64 "-" "Mozilla/5.0 (compatible; discobot/1.0; +http://discoveryengine.com/discobot.html)"
208.96.54.70 - - [13/Jun/2008:01:10:25 +0200] "GET /robots.txt HTTP/1.1" 302 363 "-" "Mozilla/5.0 (compatible; discobot/1.0; +http://discoveryengine.com/discobot.html)"
66.249.65.133 - - [13/Jun/2008:01:13:47 +0200] "GET /robots.txt HTTP/1.1" 302 363 "-" "Mozilla/5.0 (compatible; Googlebot/2.1; +http://www.google.com/bot.html)"
66.249.65.133 - - [13/Jun/2008:01:13:48 +0200] "GET /zampa/robots.txt HTTP/1.1" 404 2748 "-" "Mozilla/5.0 (compatible; Googlebot/2.1; +http://www.google.com/bot.html)"
66.249.65.133 - - [13/Jun/2008:01:13:49 +0200] "GET /montenegro/index.html HTTP/1.1" 302 374 "-" "Mozilla/5.0 (compatible; Googlebot/2.1; +http://www.google.com/bot.html)"
66.249.65.133 - - [13/Jun/2008:01:13:49 +0200] "GET /zampa/montenegro/index.html HTTP/1.1" 200 2651 "-" "Mozilla/5.0 (compatible; Googlebot/2.1; +http://www.google.com/bot.html)"
81.52.143.16 - - [13/Jun/2008:01:23:48 +0200] "GET /f-web.html HTTP/1.1" 200 13605 "-" "Mozilla/5.0 (Windows; U; Windows NT 5.1; fr; rv:1.8.1) VoilaBot BETA 1.2 (support.voilabot@orange-ftgroup.com)"
74.6.22.177 - - [13/Jun/2008:01:32:21 +0200] "GET /robots.txt HTTP/1.0" 200 64 "-" "Mozilla/5.0 (compatible; Yahoo! Slurp; http://help.yahoo.com/help/us/ysearch/slurp)"
67.195.52.48 - - [13/Jun/2008:01:32:22 +0200] "GET /bmpp/euro_pal_111.html HTTP/1.0" 200 2129 "-" "Mozilla/5.0 (compatible; Yahoo! Slurp; http://help.yahoo.com/help/us/ysearch/slurp)"
74.6.22.88 - - [13/Jun/2008:01:38:40 +0200] "GET /bmpp/18_x.html HTTP/1.0" 200 1100 "-" "Mozilla/5.0 (compatible; Yahoo! Slurp; http://help.yahoo.com/help/us/ysearch/slurp)"
209.19.152.65 - - [13/Jun/2008:02:16:25 +0200] "GET / HTTP/1.1" 200 10127 "-" "Mozilla/5.0 (compatible; Konqueror/3.1; Linux; en)"
67.195.37.109 - - [13/Jun/2008:02:30:18 +0200] "GET /restate_copy.html HTTP/1.0" 200 97631 "-" "Mozilla/5.0 (compatible; Yahoo! Slurp/3.0; http://help.yahoo.com/help/us/ysearch/slurp)"
189.137.26.22 - - [13/Jun/2008:02:47:40 +0200] "POST /cgi-bin/backup.cgi HTTP/1.1" 404 2748 "http://various-euro.com/cgi-bin/backup.cgi" "Mozilla/4.0 (compatible; MSIE 6.0; Windows NT 5.1)"
66.249.65.133 - - [13/Jun/2008:02:57:28 +0200] "GET /zampa/montenegro/ HTTP/1.1" 200 2651 "-" "Mozilla/5.0 (compatible; Googlebot/2.1; +http://www.google.com/bot.html)"
65.55.211.161 - - [13/Jun/2008:03:23:55 +0200] "GET /robots.txt HTTP/1.1" 200 64 "-" "msnbot/1.1 (+http://search.msn.com/msnbot.htm)"
65.55.211.161 - - [13/Jun/2008:03:23:56 +0200] "GET /neon/warning2.html HTTP/1.1" 200 997 "-" "msnbot/1.1 (+http://search.msn.com/msnbot.htm)"
125.160.77.242 - - [13/Jun/2008:03:40:10 +0200] "GET /neon/girl-tv.html HTTP/1.1" 200 1717 "-" "Mozilla/4.0 (compatible; MSIE 6.0; Windows NT 5.1;1813)"
125.160.77.242 - - [13/Jun/2008:03:40:29 +0200] "GET /neon/girl-tv.html HTTP/1.1" 200 1717 "http://www.google.co.id/search?hl=id&q=euro+girl&btnG=Telusuri+dengan+Google&meta=" "Mozilla/5.0 (Windows; U; Windows NT 5.1; en-US; rv:1.8.1.14) Gecko/20080404 Firefox/2.0.0.14"
125.160.77.242 - - [13/Jun/2008:03:40:29 +0200] "GET /neon/dollar-shadow.jpg HTTP/1.1" 200 3045 "http://www.various-euro.com/neon/girl-tv.html" "Mozilla/5.0 (Windows; U; Windows NT 5.1; en-US; rv:1.8.1.14) Gecko/20080404 Firefox/2.0.0.14"
125.160.77.242 - - [13/Jun/2008:03:40:30 +0200] "GET /neon/girl-tv.gif HTTP/1.1" 200 15982 "http://www.various-euro.com/neon/girl-tv.html" "Mozilla/5.0 (Windows; U; Windows NT 5.1; en-US; rv:1.8.1.14) Gecko/20080404 Firefox/2.0.0.14"
125.160.77.242 - - [13/Jun/2008:03:40:33 +0200] "GET /favicon.ico HTTP/1.1" 404 2748 "-" "Mozilla/5.0 (Windows; U; Windows NT 5.1; en-US; rv:1.8.1.14) Gecko/20080404 Firefox/2.0.0.14"
125.160.77.242 - - [13/Jun/2008:03:40:33 +0200] "GET /favicon.ico HTTP/1.1" 404 2748 "-" "Mozilla/5.0 (Windows; U; Windows NT 5.1; en-US; rv:1.8.1.14) Gecko/20080404 Firefox/2.0.0.14"
125.160.77.242 - - [13/Jun/2008:03:40:58 +0200] "GET /favicon.ico HTTP/1.1" 404 2748 "-" "Mozilla/5.0 (Windows; U; Windows NT 5.1; en-US; rv:1.8.1.14) Gecko/20080404 Firefox/2.0.0.14"
74.6.22.88 - - [13/Jun/2008:03:40:59 +0200] "GET /framez-rez.html HTTP/1.0" 200 4323 "-" "Mozilla/5.0 (compatible; Yahoo! Slurp; http://help.yahoo.com/help/us/ysearch/slurp)"
74.6.22.88 - - [13/Jun/2008:03:41:01 +0200] "GET /frame-menu.html HTTP/1.0" 200 10492 "-" "Mozilla/5.0 (compatible; Yahoo! Slurp; http://help.yahoo.com/help/us/ysearch/slurp)"
125.160.77.242 - - [13/Jun/2008:03:41:01 +0200] "GET /neon/girlz2.html HTTP/1.1" 200 2937 "http://www.various-euro.com/neon/girl-tv.html" "Mozilla/5.0 (Windows; U; Windows NT 5.1; en-US; rv:1.8.1.14) Gecko/20080404 Firefox/2.0.0.14"
74.6.22.88 - - [13/Jun/2008:03:41:02 +0200] "GET /f-rez.html HTTP/1.0" 200 9765 "-" "Mozilla/5.0 (compatible; Yahoo! Slurp; http://help.yahoo.com/help/us/ysearch/slurp)"
74.6.22.88 - - [13/Jun/2008:03:41:03 +0200] "GET /frame-unten.html HTTP/1.0" 200 5308 "-" "Mozilla/5.0 (compatible; Yahoo! Slurp; http://help.yahoo.com/help/us/ysearch/slurp)"
125.160.77.242 - - [13/Jun/2008:03:41:03 +0200] "GET /vgirls/button1.gif HTTP/1.1" 200 9099 "http://www.various-euro.com/neon/girlz2.html" "Mozilla/5.0 (Windows; U; Windows NT 5.1; en-US; rv:1.8.1.14) Gecko/20080404 Firefox/2.0.0.14"
125.160.77.242 - - [13/Jun/2008:03:41:04 +0200] "GET /vgirls/button10.gif HTTP/1.1" 200 15687 "http://www.various-euro.com/neon/girlz2.html" "Mozilla/5.0 (Windows; U; Windows NT 5.1; en-US; rv:1.8.1.14) Gecko/20080404 Firefox/2.0.0.14"
125.160.77.242 - - [13/Jun/2008:03:41:03 +0200] "GET /vgirls/wm_02.gif HTTP/1.1" 200 36891 "http://www.various-euro.com/neon/girlz2.html" "Mozilla/5.0 (Windows; U; Windows NT 5.1; en-US; rv:1.8.1.14) Gecko/20080404 Firefox/2.0.0.14"
125.160.77.242 - - [13/Jun/2008:03:41:05 +0200] "GET /vgirls/virtua4.gif HTTP/1.1" 200 12643 "http://www.various-euro.com/neon/girlz2.html" "Mozilla/5.0 (Windows; U; Windows NT 5.1; en-US; rv:1.8.1.14) Gecko/20080404 Firefox/2.0.0.14"
125.160.77.242 - - [13/Jun/2008:03:41:06 +0200] "GET /vgirls/button3.gif HTTP/1.1" 200 9634 "http://www.various-euro.com/neon/girlz2.html" "Mozilla/5.0 (Windows; U; Windows NT 5.1; en-US; rv:1.8.1.14) Gecko/20080404 Firefox/2.0.0.14"
125.160.77.242 - - [13/Jun/2008:03:41:06 +0200] "GET /vgirls/dora_01.gif HTTP/1.1" 200 15465 "http://www.various-euro.com/neon/girlz2.html" "Mozilla/5.0 (Windows; U; Windows NT 5.1; en-US; rv:1.8.1.14) Gecko/20080404 Firefox/2.0.0.14"
125.160.77.242 - - [13/Jun/2008:03:41:07 +0200] "GET /vgirls/shaina_big.gif HTTP/1.1" 200 16169 "http://www.various-euro.com/neon/girlz2.html" "Mozilla/5.0 (Windows; U; Windows NT 5.1; en-US; rv:1.8.1.14) Gecko/20080404 Firefox/2.0.0.14"
125.160.77.242 - - [13/Jun/2008:03:41:09 +0200] "GET /framez-girlz.html HTTP/1.1" 200 4271 "http://www.various-euro.com/neon/girlz2.html" "Mozilla/5.0 (Windows; U; Windows NT 5.1; en-US; rv:1.8.1.14) Gecko/20080404 Firefox/2.0.0.14"
125.160.77.242 - - [13/Jun/2008:03:41:09 +0200] "GET /ve-icon-2.ico HTTP/1.1" 200 2238 "-" "Mozilla/5.0 (Windows; U; Windows NT 5.1; en-US; rv:1.8.1.14) Gecko/20080404 Firefox/2.0.0.14"
125.160.77.242 - - [13/Jun/2008:03:41:10 +0200] "GET /frame-menu.html HTTP/1.1" 200 10492 "http://www.various-euro.com/framez-girlz.html" "Mozilla/5.0 (Windows; U; Windows NT 5.1; en-US; rv:1.8.1.14) Gecko/20080404 Firefox/2.0.0.14"
125.160.77.242 - - [13/Jun/2008:03:41:10 +0200] "GET /neon/girlz2.html HTTP/1.1" 200 2937 "http://www.various-euro.com/framez-girlz.html" "Mozilla/5.0 (Windows; U; Windows NT 5.1; en-US; rv:1.8.1.14) Gecko/20080404 Firefox/2.0.0.14"
125.160.77.242 - - [13/Jun/2008:03:41:11 +0200] "GET /frame-unten.html HTTP/1.1" 200 5308 "http://www.various-euro.com/framez-girlz.html" "Mozilla/5.0 (Windows; U; Windows NT 5.1; en-US; rv:1.8.1.14) Gecko/20080404 Firefox/2.0.0.14"
125.160.77.242 - - [13/Jun/2008:03:41:12 +0200] "GET /bannerz/ve.jpg HTTP/1.1" 200 36912 "http://www.various-euro.com/frame-unten.html" "Mozilla/5.0 (Windows; U; Windows NT 5.1; en-US; rv:1.8.1.14) Gecko/20080404 Firefox/2.0.0.14"
125.160.77.242 - - [13/Jun/2008:03:41:11 +0200] "GET /bannerz/ubu-shot.png HTTP/1.1" 200 200117 "http://www.various-euro.com/frame-menu.html" "Mozilla/5.0 (Windows; U; Windows NT 5.1; en-US; rv:1.8.1.14) Gecko/20080404 Firefox/2.0.0.14"
125.160.77.242 - - [13/Jun/2008:03:41:15 +0200] "GET /bannerz/various-euro-girl.jpg HTTP/1.1" 200 91514 "http://www.various-euro.com/frame-unten.html" "Mozilla/5.0 (Windows; U; Windows NT 5.1; en-US; rv:1.8.1.14) Gecko/20080404 Firefox/2.0.0.14"
125.160.77.242 - - [13/Jun/2008:03:41:39 +0200] "GET /neon/girl-tv.html HTTP/1.1" 200 1717 "http://www.various-euro.com/neon/girlz2.html" "Mozilla/5.0 (Windows; U; Windows NT 5.1; en-US; rv:1.8.1.14) Gecko/20080404 Firefox/2.0.0.14"
125.160.77.242 - - [13/Jun/2008:03:41:40 +0200] "GET /neon/dollar-shadow.jpg HTTP/1.1" 200 3045 "http://www.various-euro.com/neon/girl-tv.html" "Mozilla/5.0 (Windows; U; Windows NT 5.1; en-US; rv:1.8.1.14) Gecko/20080404 Firefox/2.0.0.14"
125.160.77.242 - - [13/Jun/2008:03:41:41 +0200] "GET /neon/girl-tv.gif HTTP/1.1" 200 15982 "http://www.various-euro.com/neon/girl-tv.html" "Mozilla/5.0 (Windows; U; Windows NT 5.1; en-US; rv:1.8.1.14) Gecko/20080404 Firefox/2.0.0.14"
125.160.77.242 - - [13/Jun/2008:03:41:43 +0200] "GET /favicon.ico HTTP/1.1" 404 2748 "-" "Mozilla/5.0 (Windows; U; Windows NT 5.1; en-US; rv:1.8.1.14) Gecko/20080404 Firefox/2.0.0.14"
125.160.77.242 - - [13/Jun/2008:03:42:48 +0200] "GET /ve-icon-2.ico HTTP/1.1" 200 2238 "-" "Mozilla/5.0 (Windows; U; Windows NT 5.1; en-US; rv:1.8.1.14) Gecko/20080404 Firefox/2.0.0.14"
123.19.123.54 - - [13/Jun/2008:03:43:00 +0200] "GET / HTTP/1.1" 200 10127 "-" "Mozilla/4.0 (compatible; MSIE 6.0; Windows NT 5.1;1813)"
125.160.77.242 - - [13/Jun/2008:03:43:03 +0200] "GET /neon/left-one-new.html HTTP/1.1" 200 1483 "http://www.various-euro.com/neon/girlz2.html" "Mozilla/5.0 (Windows; U; Windows NT 5.1; en-US; rv:1.8.1.14) Gecko/20080404 Firefox/2.0.0.14"
125.160.77.242 - - [13/Jun/2008:03:43:04 +0200] "GET /bannerz/behindd.gif HTTP/1.1" 200 7760 "http://www.various-euro.com/neon/left-one-new.html" "Mozilla/5.0 (Windows; U; Windows NT 5.1; en-US; rv:1.8.1.14) Gecko/20080404 Firefox/2.0.0.14"
125.160.77.242 - - [13/Jun/2008:03:43:14 +0200] "GET /neon/girlz2.html HTTP/1.1" 200 2937 "http://www.various-euro.com/neon/left-one-new.html" "Mozilla/5.0 (Windows; U; Windows NT 5.1; en-US; rv:1.8.1.14) Gecko/20080404 Firefox/2.0.0.14"
125.160.77.242 - - [13/Jun/2008:03:43:15 +0200] "GET /vgirls/button1.gif HTTP/1.1" 200 9099 "http://www.various-euro.com/neon/girlz2.html" "Mozilla/5.0 (Windows; U; Windows NT 5.1; en-US; rv:1.8.1.14) Gecko/20080404 Firefox/2.0.0.14"
125.160.77.242 - - [13/Jun/2008:03:43:15 +0200] "GET /vgirls/wm_02.gif HTTP/1.1" 200 36891 "http://www.various-euro.com/neon/girlz2.html" "Mozilla/5.0 (Windows; U; Windows NT 5.1; en-US; rv:1.8.1.14) Gecko/20080404 Firefox/2.0.0.14"
66.249.65.133 - - [13/Jun/2008:04:27:55 +0200] "GET /robots.txt HTTP/1.1" 200 64 "-" "Mozilla/5.0 (compatible; Googlebot/2.1; +http://www.google.com/bot.html)"
66.249.65.133 - - [13/Jun/2008:04:27:55 +0200] "GET /zampa-lovers/index.html HTTP/1.1" 200 37790 "-" "Mozilla/5.0 (compatible; Googlebot/2.1; +http://www.google.com/bot.html)"
67.195.54.53 - - [13/Jun/2008:04:30:13 +0200] "GET /neon/annniiii.html HTTP/1.0" 200 686 "-" "Mozilla/5.0 (compatible; Yahoo! Slurp; http://help.yahoo.com/help/us/ysearch/slurp)"
67.195.37.109 - - [13/Jun/2008:04:31:38 +0200] "GET /robots.txt HTTP/1.0" 200 64 "-" "Mozilla/5.0 (compatible; Yahoo! Slurp; http://help.yahoo.com/help/us/ysearch/slurp)"
67.195.37.109 - - [13/Jun/2008:04:31:38 +0200] "GET /3dsf3/sendi/receiver.html HTTP/1.0" 200 1402 "-" "Mozilla/5.0 (compatible; Yahoo! Slurp/3.0; http://help.yahoo.com/help/us/ysearch/slurp)"
67.195.37.109 - - [13/Jun/2008:04:31:39 +0200] "GET /3dsf3/sendi/formate.css HTTP/1.0" 200 474 "http://www.various-euro.com/3dsf3/sendi/receiver.html" "Mozilla/5.0 (compatible; Yahoo! Slurp/3.0; http://help.yahoo.com/help/us/ysearch/slurp)"
60.52.47.191 - - [13/Jun/2008:04:34:37 +0200] "GET / HTTP/1.1" 200 10127 "-" "Mozilla/4.0 (compatible; MSIE 6.0; Windows NT 5.1;1813)"
67.195.37.109 - - [13/Jun/2008:04:35:44 +0200] "GET /3dsf3/sendi/rituals.html HTTP/1.0" 200 1411 "-" "Mozilla/5.0 (compatible; Yahoo! Slurp/3.0; http://help.yahoo.com/help/us/ysearch/slurp)"
65.55.211.151 - - [13/Jun/2008:04:36:36 +0200] "GET /robots.txt HTTP/1.1" 200 64 "-" "msnbot/1.1 (+http://search.msn.com/msnbot.htm)"
65.55.211.151 - - [13/Jun/2008:04:36:37 +0200] "GET /neon/girlz2.html HTTP/1.1" 200 2937 "-" "msnbot/1.1 (+http://search.msn.com/msnbot.htm)"
125.164.225.31 - - [13/Jun/2008:04:37:19 +0200] "GET / HTTP/1.1" 200 10127 "-" "Mozilla/4.0 (compatible; MSIE 6.0; Windows NT 5.1;1813)"
65.55.110.36 - - [13/Jun/2008:04:38:09 +0200] "GET /neon/girlz2.html HTTP/1.0" 200 2937 "http://search.live.com/results.aspx?q=girls&form=QBHP" "Mozilla/4.0 (compatible; MSIE 7.0; Windows NT 5.2; .NET CLR 1.1.4322)"
65.55.110.36 - - [13/Jun/2008:04:38:09 +0200] "GET /framez-girlz.html HTTP/1.0" 200 4271 "-" "Mozilla/4.0 (compatible; MSIE 7.0; Windows NT 5.2; .NET CLR 1.1.4322)"
65.55.110.36 - - [13/Jun/2008:04:38:10 +0200] "GET /frame-menu.html HTTP/1.0" 200 10492 "http://www.various-euro.com/framez-girlz.html" "Mozilla/4.0 (compatible; MSIE 7.0; Windows NT 5.2; .NET CLR 1.1.4322)"
65.55.110.36 - - [13/Jun/2008:04:38:10 +0200] "GET /neon/girlz2.html HTTP/1.0" 200 2937 "http://www.various-euro.com/framez-girlz.html" "Mozilla/4.0 (compatible; MSIE 7.0; Windows NT 5.2; .NET CLR 1.1.4322)"
65.55.110.36 - - [13/Jun/2008:04:38:10 +0200] "GET /frame-unten.html HTTP/1.0" 200 5308 "http://www.various-euro.com/framez-girlz.html" "Mozilla/4.0 (compatible; MSIE 7.0; Windows NT 5.2; .NET CLR 1.1.4322)"
125.164.225.31 - - [13/Jun/2008:04:38:29 +0200] "GET / HTTP/1.1" 200 10127 "-" "Mozilla/4.0 (compatible; MSIE 6.0; Windows NT 5.1;1813)"
65.55.110.163 - - [13/Jun/2008:04:39:14 +0200] "GET /e-counter.html HTTP/1.0" 200 4047 "http://search.live.com/results.aspx?q=warning&form=QBHP" "Mozilla/4.0 (compatible; MSIE 7.0; Windows NT 5.2; .NET CLR 1.1.4322)"
74.6.22.88 - - [13/Jun/2008:04:52:36 +0200] "GET /logz_old.html HTTP/1.0" 404 2748 "-" "Mozilla/5.0 (compatible; Yahoo! Slurp; http://help.yahoo.com/help/us/ysearch/slurp)"
66.34.204.26 - - [13/Jun/2008:05:00:33 +0200] "GET / HTTP/1.1" 302 353 "http://www.keywordspy.com/keyword-research/zampa.various-euro.com" "Mozilla/4.0 (compatible; MSIE 7.0; Windows NT 5.1; Alexa Toolbar)"
66.34.204.26 - - [13/Jun/2008:05:00:34 +0200] "GET /zampa/ HTTP/1.1" 200 7153 "http://www.keywordspy.com/keyword-research/zampa.various-euro.com" "Mozilla/4.0 (compatible; MSIE 7.0; Windows NT 5.1; Alexa Toolbar)"
66.34.204.26 - - [13/Jun/2008:05:00:36 +0200] "GET / HTTP/1.1" 302 353 "http://www.keywordspy.com/keyword-research/zampa.various-euro.com" "Mozilla/4.0 (compatible; MSIE 7.0; Windows NT 5.1; Alexa Toolbar)"
66.34.204.26 - - [13/Jun/2008:05:00:36 +0200] "GET /zampa/ HTTP/1.1" 200 7153 "http://www.keywordspy.com/keyword-research/zampa.various-euro.com" "Mozilla/4.0 (compatible; MSIE 7.0; Windows NT 5.1; Alexa Toolbar)"
66.34.204.26 - - [13/Jun/2008:05:00:38 +0200] "GET / HTTP/1.1" 302 353 "http://www.keywordspy.com/keyword-research/zampa.various-euro.com" "Mozilla/4.0 (compatible; MSIE 7.0; Windows NT 5.1; Alexa Toolbar)"
66.34.204.26 - - [13/Jun/2008:05:00:38 +0200] "GET /zampa/ HTTP/1.1" 200 7153 "http://www.keywordspy.com/keyword-research/zampa.various-euro.com" "Mozilla/4.0 (compatible; MSIE 7.0; Windows NT 5.1; Alexa Toolbar)"
65.214.45.123 - - [13/Jun/2008:05:32:14 +0200] "GET /robots.txt HTTP/1.0" 200 64 "-" "Mozilla/5.0 (compatible; Ask Jeeves/Teoma; +http://about.ask.com/en/docs/about/webmasters.shtml)"
65.214.45.123 - - [13/Jun/2008:05:32:15 +0200] "GET / HTTP/1.0" 200 10127 "-" "Mozilla/5.0 (compatible; Ask Jeeves/Teoma; +http://about.ask.com/en/docs/about/webmasters.shtml)"
65.214.45.101 - - [13/Jun/2008:05:35:14 +0200] "GET /robots.txt HTTP/1.0" 200 64 "-" "Mozilla/5.0 (compatible; Ask Jeeves/Teoma; +http://about.ask.com/en/docs/about/webmasters.shtml)"
65.214.45.101 - - [13/Jun/2008:05:35:14 +0200] "GET /framez-zampa-lovers.html HTTP/1.0" 200 4322 "-" "Mozilla/5.0 (compatible; Ask Jeeves/Teoma; +http://about.ask.com/en/docs/about/webmasters.shtml)"
65.214.45.101 - - [13/Jun/2008:05:35:15 +0200] "GET /frame-menu.html HTTP/1.0" 200 10492 "-" "Mozilla/5.0 (compatible; Ask Jeeves/Teoma; +http://about.ask.com/en/docs/about/webmasters.shtml)"
65.214.45.101 - - [13/Jun/2008:05:35:16 +0200] "GET /zampa-lovers/index.html HTTP/1.0" 200 37790 "-" "Mozilla/5.0 (compatible; Ask Jeeves/Teoma; +http://about.ask.com/en/docs/about/webmasters.shtml)"
65.214.45.101 - - [13/Jun/2008:05:35:16 +0200] "GET /frame-unten.html HTTP/1.0" 200 5308 "-" "Mozilla/5.0 (compatible; Ask Jeeves/Teoma; +http://about.ask.com/en/docs/about/webmasters.shtml)"
67.195.52.124 - - [13/Jun/2008:05:43:24 +0200] "GET /neon/code.html HTTP/1.0" 200 1109 "-" "Mozilla/5.0 (compatible; Yahoo! Slurp; http://help.yahoo.com/help/us/ysearch/slurp)"
65.55.211.169 - - [13/Jun/2008:05:44:04 +0200] "GET /robots.txt HTTP/1.1" 200 64 "-" "msnbot/1.1 (+http://search.msn.com/msnbot.htm)"
65.55.211.169 - - [13/Jun/2008:05:44:04 +0200] "GET /DgH/ HTTP/1.1" 200 5024 "-" "msnbot/1.1 (+http://search.msn.com/msnbot.htm)"
67.195.54.30 - - [13/Jun/2008:05:54:27 +0200] "GET /f-search.html HTTP/1.0" 200 11800 "-" "Mozilla/5.0 (compatible; Yahoo! Slurp; http://help.yahoo.com/help/us/ysearch/slurp)"
65.55.211.167 - - [13/Jun/2008:06:40:21 +0200] "GET /robots.txt HTTP/1.1" 200 64 "-" "msnbot/1.1 (+http://search.msn.com/msnbot.htm)"
65.55.211.167 - - [13/Jun/2008:06:40:21 +0200] "GET /neon/europa.html HTTP/1.1" 200 389 "-" "msnbot/1.1 (+http://search.msn.com/msnbot.htm)"
164.100.150.118 - - [13/Jun/2008:06:40:41 +0200] "GET / HTTP/1.0" 200 10127 "http://www.google.com/search?hl=en&q=http%3A%2F%2Fwww.various-euro.com&btnG=Search" "Mozilla/5.0 (X11; U; Linux i686; en-US; rv:1.8.1.5) Gecko/20070713 Firefox/2.0.0.5"
164.100.150.118 - - [13/Jun/2008:06:40:42 +0200] "GET /ve-icon-2.ico HTTP/1.0" 200 2238 "-" "Mozilla/5.0 (X11; U; Linux i686; en-US; rv:1.8.1.5) Gecko/20070713 Firefox/2.0.0.5"
164.100.150.118 - - [13/Jun/2008:06:40:43 +0200] "GET /framez_0.html HTTP/1.0" 200 12444 "http://www.various-euro.com/" "Mozilla/5.0 (X11; U; Linux i686; en-US; rv:1.8.1.5) Gecko/20070713 Firefox/2.0.0.5"
164.100.150.118 - - [13/Jun/2008:06:40:48 +0200] "GET /framez.html HTTP/1.0" 200 3883 "http://www.various-euro.com/framez_0.html" "Mozilla/5.0 (X11; U; Linux i686; en-US; rv:1.8.1.5) Gecko/20070713 Firefox/2.0.0.5"
164.100.150.118 - - [13/Jun/2008:06:40:49 +0200] "GET /frame-menu.html HTTP/1.0" 200 10492 "http://www.various-euro.com/framez.html" "Mozilla/5.0 (X11; U; Linux i686; en-US; rv:1.8.1.5) Gecko/20070713 Firefox/2.0.0.5"
164.100.150.118 - - [13/Jun/2008:06:40:49 +0200] "GET /frame-unten.html HTTP/1.0" 200 5308 "http://www.various-euro.com/framez.html" "Mozilla/5.0 (X11; U; Linux i686; en-US; rv:1.8.1.5) Gecko/20070713 Firefox/2.0.0.5"
164.100.150.118 - - [13/Jun/2008:06:40:49 +0200] "GET /frame-inhalt.html HTTP/1.0" 200 8784 "http://www.various-euro.com/framez.html" "Mozilla/5.0 (X11; U; Linux i686; en-US; rv:1.8.1.5) Gecko/20070713 Firefox/2.0.0.5"
164.100.150.118 - - [13/Jun/2008:06:40:50 +0200] "GET /bannerz/neon_click_3.gif HTTP/1.0" 200 240 "http://www.various-euro.com/frame-inhalt.html" "Mozilla/5.0 (X11; U; Linux i686; en-US; rv:1.8.1.5) Gecko/20070713 Firefox/2.0.0.5"
164.100.150.118 - - [13/Jun/2008:06:40:50 +0200] "GET /bannerz/goolag_468.jpg HTTP/1.0" 200 28285 "http://www.various-euro.com/frame-inhalt.html" "Mozilla/5.0 (X11; U; Linux i686; en-US; rv:1.8.1.5) Gecko/20070713 Firefox/2.0.0.5"
164.100.150.118 - - [13/Jun/2008:06:40:52 +0200] "GET /eurosign3.gif HTTP/1.0" 200 7879 "http://www.various-euro.com/frame-inhalt.html" "Mozilla/5.0 (X11; U; Linux i686; en-US; rv:1.8.1.5) Gecko/20070713 Firefox/2.0.0.5"
164.100.150.118 - - [13/Jun/2008:06:40:52 +0200] "GET /bannerz/neon_click_1.gif HTTP/1.0" 200 890 "http://www.various-euro.com/frame-inhalt.html" "Mozilla/5.0 (X11; U; Linux i686; en-US; rv:1.8.1.5) Gecko/20070713 Firefox/2.0.0.5"
164.100.150.118 - - [13/Jun/2008:06:40:53 +0200] "GET /bannerz/wet.gif HTTP/1.0" 200 18561 "http://www.various-euro.com/frame-inhalt.html" "Mozilla/5.0 (X11; U; Linux i686; en-US; rv:1.8.1.5) Gecko/20070713 Firefox/2.0.0.5"
164.100.150.118 - - [13/Jun/2008:06:40:50 +0200] "GET /bannerz/ubu-shot.png HTTP/1.0" 200 200117 "http://www.various-euro.com/frame-menu.html" "Mozilla/5.0 (X11; U; Linux i686; en-US; rv:1.8.1.5) Gecko/20070713 Firefox/2.0.0.5"
164.100.150.118 - - [13/Jun/2008:06:41:02 +0200] "GET /bannerz/google/Logo_40blk.gif HTTP/1.0" 200 2308 "http://www.various-euro.com/frame-inhalt.html" "Mozilla/5.0 (X11; U; Linux i686; en-US; rv:1.8.1.5) Gecko/20070713 Firefox/2.0.0.5"
164.100.150.118 - - [13/Jun/2008:06:41:02 +0200] "GET /bannerz/neon_click_2.gif HTTP/1.0" 200 387 "http://www.various-euro.com/frame-inhalt.html" "Mozilla/5.0 (X11; U; Linux i686; en-US; rv:1.8.1.5) Gecko/20070713 Firefox/2.0.0.5"
164.100.150.118 - - [13/Jun/2008:06:41:02 +0200] "GET /bannerz/douwil.gif HTTP/1.0" 200 528 "http://www.various-euro.com/frame-inhalt.html" "Mozilla/5.0 (X11; U; Linux i686; en-US; rv:1.8.1.5) Gecko/20070713 Firefox/2.0.0.5"
164.100.150.118 - - [13/Jun/2008:06:41:03 +0200] "GET /bannerz/anti_black_small.gif HTTP/1.0" 200 1009 "http://www.various-euro.com/frame-inhalt.html" "Mozilla/5.0 (X11; U; Linux i686; en-US; rv:1.8.1.5) Gecko/20070713 Firefox/2.0.0.5"
164.100.150.118 - - [13/Jun/2008:06:41:03 +0200] "GET /bannerz/copyleft_black_small.gif HTTP/1.0" 200 1231 "http://www.various-euro.com/frame-inhalt.html" "Mozilla/5.0 (X11; U; Linux i686; en-US; rv:1.8.1.5) Gecko/20070713 Firefox/2.0.0.5"
164.100.150.118 - - [13/Jun/2008:06:41:22 +0200] "GET /partnergegenberlin.html HTTP/1.0" 200 5022 "http://www.various-euro.com/frame-inhalt.html" "Mozilla/5.0 (X11; U; Linux i686; en-US; rv:1.8.1.5) Gecko/20070713 Firefox/2.0.0.5"
164.100.150.118 - - [13/Jun/2008:06:41:22 +0200] "GET /bannerz/ve.jpg HTTP/1.0" 200 36912 "http://www.various-euro.com/frame-unten.html" "Mozilla/5.0 (X11; U; Linux i686; en-US; rv:1.8.1.5) Gecko/20070713 Firefox/2.0.0.5"
164.100.150.118 - - [13/Jun/2008:06:41:24 +0200] "GET /bannerz/logo-partnergegenberlin.png HTTP/1.0" 200 6341 "http://www.various-euro.com/partnergegenberlin.html" "Mozilla/5.0 (X11; U; Linux i686; en-US; rv:1.8.1.5) Gecko/20070713 Firefox/2.0.0.5"
164.100.150.118 - - [13/Jun/2008:06:41:23 +0200] "GET /bannerz/stasi-2-0.jpg HTTP/1.0" 200 42818 "http://www.various-euro.com/partnergegenberlin.html" "Mozilla/5.0 (X11; U; Linux i686; en-US; rv:1.8.1.5) Gecko/20070713 Firefox/2.0.0.5"
164.100.150.118 - - [13/Jun/2008:06:41:23 +0200] "GET /bannerz/kapitalismusdebatte.jpg HTTP/1.0" 200 69093 "http://www.various-euro.com/partnergegenberlin.html" "Mozilla/5.0 (X11; U; Linux i686; en-US; rv:1.8.1.5) Gecko/20070713 Firefox/2.0.0.5"
164.100.150.118 - - [13/Jun/2008:06:41:22 +0200] "GET /bannerz/various-euro-girl.jpg HTTP/1.0" 200 91514 "http://www.various-euro.com/frame-unten.html" "Mozilla/5.0 (X11; U; Linux i686; en-US; rv:1.8.1.5) Gecko/20070713 Firefox/2.0.0.5"
74.6.22.88 - - [13/Jun/2008:06:41:32 +0200] "GET /framez.html HTTP/1.0" 200 3883 "-" "Mozilla/5.0 (compatible; Yahoo! Slurp; http://help.yahoo.com/help/us/ysearch/slurp)"
74.6.22.88 - - [13/Jun/2008:06:41:33 +0200] "GET /frame-menu.html HTTP/1.0" 200 10492 "-" "Mozilla/5.0 (compatible; Yahoo! Slurp; http://help.yahoo.com/help/us/ysearch/slurp)"
74.6.22.88 - - [13/Jun/2008:06:41:34 +0200] "GET /frame-inhalt.html HTTP/1.0" 200 8784 "-" "Mozilla/5.0 (compatible; Yahoo! Slurp; http://help.yahoo.com/help/us/ysearch/slurp)"
74.6.22.88 - - [13/Jun/2008:06:41:36 +0200] "GET /frame-unten.html HTTP/1.0" 200 5308 "-" "Mozilla/5.0 (compatible; Yahoo! Slurp; http://help.yahoo.com/help/us/ysearch/slurp)"
74.6.22.88 - - [13/Jun/2008:06:44:37 +0200] "GET /logs/usage_200703.html HTTP/1.0" 200 108444 "-" "Mozilla/5.0 (compatible; Yahoo! Slurp; http://help.yahoo.com/help/us/ysearch/slurp)"
74.6.22.88 - - [13/Jun/2008:06:49:00 +0200] "GET /logs/ HTTP/1.0" 200 10079 "-" "Mozilla/5.0 (compatible; Yahoo! Slurp; http://help.yahoo.com/help/us/ysearch/slurp)"
125.163.15.94 - - [13/Jun/2008:07:00:55 +0200] "GET / HTTP/1.1" 200 10127 "-" "Mozilla/4.0 (compatible; MSIE 6.0; Windows NT 5.1;1813)"
67.195.51.187 - - [13/Jun/2008:07:17:21 +0200] "GET /sendi_agent.html HTTP/1.0" 200 6213 "-" "Mozilla/5.0 (compatible; Yahoo! Slurp; http://help.yahoo.com/help/us/ysearch/slurp)"
71.197.31.23 - - [13/Jun/2008:07:23:33 +0200] "GET /bmpp/18start.html HTTP/1.1" 200 320 "http://www.google.com/search?hl=en&safe=off&q=must+be+18+or+older&start=10&sa=N" "Mozilla/4.0 (compatible; MSIE 7.0; Windows NT 5.1; .NET CLR 1.1.4322)"
71.197.31.23 - - [13/Jun/2008:07:23:33 +0200] "GET /bmpp/18oo.png HTTP/1.1" 200 3188 "http://www.various-euro.com/bmpp/18start.html" "Mozilla/4.0 (compatible; MSIE 7.0; Windows NT 5.1; .NET CLR 1.1.4322)"
71.197.31.23 - - [13/Jun/2008:07:23:34 +0200] "GET /favicon.ico HTTP/1.1" 404 2748 "-" "Mozilla/4.0 (compatible; MSIE 7.0; Windows NT 5.1; .NET CLR 1.1.4322)"
71.197.31.23 - - [13/Jun/2008:07:23:36 +0200] "GET /bmpp/18.html HTTP/1.1" 200 4467 "http://www.various-euro.com/bmpp/18start.html" "Mozilla/4.0 (compatible; MSIE 7.0; Windows NT 5.1; .NET CLR 1.1.4322)"
71.197.31.23 - - [13/Jun/2008:07:23:36 +0200] "GET /bmpp/Bilder/18_01.png HTTP/1.1" 200 1118 "http://www.various-euro.com/bmpp/18.html" "Mozilla/4.0 (compatible; MSIE 7.0; Windows NT 5.1; .NET CLR 1.1.4322)"
71.197.31.23 - - [13/Jun/2008:07:23:36 +0200] "GET /bmpp/Bilder/18_02.png HTTP/1.1" 200 289 "http://www.various-euro.com/bmpp/18.html" "Mozilla/4.0 (compatible; MSIE 7.0; Windows NT 5.1; .NET CLR 1.1.4322)"
71.197.31.23 - - [13/Jun/2008:07:23:36 +0200] "GET /bmpp/Bilder/18_03.png HTTP/1.1" 200 574 "http://www.various-euro.com/bmpp/18.html" "Mozilla/4.0 (compatible; MSIE 7.0; Windows NT 5.1; .NET CLR 1.1.4322)"
71.197.31.23 - - [13/Jun/2008:07:23:36 +0200] "GET /bmpp/Bilder/18_04.png HTTP/1.1" 200 289 "http://www.various-euro.com/bmpp/18.html" "Mozilla/4.0 (compatible; MSIE 7.0; Windows NT 5.1; .NET CLR 1.1.4322)"
71.197.31.23 - - [13/Jun/2008:07:23:36 +0200] "GET /bmpp/Bilder/18_05.png HTTP/1.1" 200 407 "http://www.various-euro.com/bmpp/18.html" "Mozilla/4.0 (compatible; MSIE 7.0; Windows NT 5.1; .NET CLR 1.1.4322)"
71.197.31.23 - - [13/Jun/2008:07:23:37 +0200] "GET /bmpp/Bilder/18_06.png HTTP/1.1" 200 289 "http://www.various-euro.com/bmpp/18.html" "Mozilla/4.0 (compatible; MSIE 7.0; Windows NT 5.1; .NET CLR 1.1.4322)"
71.197.31.23 - - [13/Jun/2008:07:23:37 +0200] "GET /bmpp/Bilder/18_07.png HTTP/1.1" 200 417 "http://www.various-euro.com/bmpp/18.html" "Mozilla/4.0 (compatible; MSIE 7.0; Windows NT 5.1; .NET CLR 1.1.4322)"
71.197.31.23 - - [13/Jun/2008:07:23:37 +0200] "GET /bmpp/Bilder/18_08.png HTTP/1.1" 200 289 "http://www.various-euro.com/bmpp/18.html" "Mozilla/4.0 (compatible; MSIE 7.0; Windows NT 5.1; .NET CLR 1.1.4322)"
71.197.31.23 - - [13/Jun/2008:07:23:37 +0200] "GET /bmpp/Bilder/18_09.png HTTP/1.1" 200 417 "http://www.various-euro.com/bmpp/18.html" "Mozilla/4.0 (compatible; MSIE 7.0; Windows NT 5.1; .NET CLR 1.1.4322)"
71.197.31.23 - - [13/Jun/2008:07:23:37 +0200] "GET /bmpp/Bilder/18_10.png HTTP/1.1" 200 270 "http://www.various-euro.com/bmpp/18.html" "Mozilla/4.0 (compatible; MSIE 7.0; Windows NT 5.1; .NET CLR 1.1.4322)"
71.197.31.23 - - [13/Jun/2008:07:23:37 +0200] "GET /bmpp/Bilder/18_11.png HTTP/1.1" 200 233 "http://www.various-euro.com/bmpp/18.html" "Mozilla/4.0 (compatible; MSIE 7.0; Windows NT 5.1; .NET CLR 1.1.4322)"
71.197.31.23 - - [13/Jun/2008:07:23:37 +0200] "GET /bmpp/Bilder/18_12.png HTTP/1.1" 200 595 "http://www.various-euro.com/bmpp/18.html" "Mozilla/4.0 (compatible; MSIE 7.0; Windows NT 5.1; .NET CLR 1.1.4322)"
71.197.31.23 - - [13/Jun/2008:07:23:37 +0200] "GET /bmpp/Bilder/18_13.png HTTP/1.1" 200 282 "http://www.various-euro.com/bmpp/18.html" "Mozilla/4.0 (compatible; MSIE 7.0; Windows NT 5.1; .NET CLR 1.1.4322)"
71.197.31.23 - - [13/Jun/2008:07:23:37 +0200] "GET /bmpp/Bilder/18_14.png HTTP/1.1" 200 609 "http://www.various-euro.com/bmpp/18.html" "Mozilla/4.0 (compatible; MSIE 7.0; Windows NT 5.1; .NET CLR 1.1.4322)"
71.197.31.23 - - [13/Jun/2008:07:23:37 +0200] "GET /bmpp/Bilder/18_15.png HTTP/1.1" 200 524 "http://www.various-euro.com/bmpp/18.html" "Mozilla/4.0 (compatible; MSIE 7.0; Windows NT 5.1; .NET CLR 1.1.4322)"
71.197.31.23 - - [13/Jun/2008:07:23:37 +0200] "GET /bmpp/Bilder/18_16.png HTTP/1.1" 200 499 "http://www.various-euro.com/bmpp/18.html" "Mozilla/4.0 (compatible; MSIE 7.0; Windows NT 5.1; .NET CLR 1.1.4322)"
71.197.31.23 - - [13/Jun/2008:07:23:37 +0200] "GET /bmpp/Bilder/18_17.png HTTP/1.1" 200 958 "http://www.various-euro.com/bmpp/18.html" "Mozilla/4.0 (compatible; MSIE 7.0; Windows NT 5.1; .NET CLR 1.1.4322)"
71.197.31.23 - - [13/Jun/2008:07:23:37 +0200] "GET /bmpp/Bilder/18_18.png HTTP/1.1" 200 453 "http://www.various-euro.com/bmpp/18.html" "Mozilla/4.0 (compatible; MSIE 7.0; Windows NT 5.1; .NET CLR 1.1.4322)"
71.197.31.23 - - [13/Jun/2008:07:23:37 +0200] "GET /bmpp/Bilder/18_19.png HTTP/1.1" 200 277 "http://www.various-euro.com/bmpp/18.html" "Mozilla/4.0 (compatible; MSIE 7.0; Windows NT 5.1; .NET CLR 1.1.4322)"
71.197.31.23 - - [13/Jun/2008:07:23:37 +0200] "GET /bmpp/Bilder/18_20.png HTTP/1.1" 200 252 "http://www.various-euro.com/bmpp/18.html" "Mozilla/4.0 (compatible; MSIE 7.0; Windows NT 5.1; .NET CLR 1.1.4322)"
71.197.31.23 - - [13/Jun/2008:07:23:38 +0200] "GET /bmpp/Bilder/18_21.png HTTP/1.1" 200 253 "http://www.various-euro.com/bmpp/18.html" "Mozilla/4.0 (compatible; MSIE 7.0; Windows NT 5.1; .NET CLR 1.1.4322)"
71.197.31.23 - - [13/Jun/2008:07:23:38 +0200] "GET /bmpp/Bilder/18_22.png HTTP/1.1" 200 430 "http://www.various-euro.com/bmpp/18.html" "Mozilla/4.0 (compatible; MSIE 7.0; Windows NT 5.1; .NET CLR 1.1.4322)"
71.197.31.23 - - [13/Jun/2008:07:23:38 +0200] "GET /bmpp/Bilder/18_23.png HTTP/1.1" 200 454 "http://www.various-euro.com/bmpp/18.html" "Mozilla/4.0 (compatible; MSIE 7.0; Windows NT 5.1; .NET CLR 1.1.4322)"
71.197.31.23 - - [13/Jun/2008:07:23:38 +0200] "GET /bmpp/Bilder/18_24.png HTTP/1.1" 200 353 "http://www.various-euro.com/bmpp/18.html" "Mozilla/4.0 (compatible; MSIE 7.0; Windows NT 5.1; .NET CLR 1.1.4322)"
71.197.31.23 - - [13/Jun/2008:07:23:38 +0200] "GET /bmpp/Bilder/18_25.png HTTP/1.1" 200 827 "http://www.various-euro.com/bmpp/18.html" "Mozilla/4.0 (compatible; MSIE 7.0; Windows NT 5.1; .NET CLR 1.1.4322)"
71.197.31.23 - - [13/Jun/2008:07:23:38 +0200] "GET /bmpp/Bilder/18_26.png HTTP/1.1" 200 880 "http://www.various-euro.com/bmpp/18.html" "Mozilla/4.0 (compatible; MSIE 7.0; Windows NT 5.1; .NET CLR 1.1.4322)"
71.197.31.23 - - [13/Jun/2008:07:23:38 +0200] "GET /bmpp/Bilder/18_27.png HTTP/1.1" 200 854 "http://www.various-euro.com/bmpp/18.html" "Mozilla/4.0 (compatible; MSIE 7.0; Windows NT 5.1; .NET CLR 1.1.4322)"
71.197.31.23 - - [13/Jun/2008:07:23:38 +0200] "GET /bmpp/Bilder/18_28.png HTTP/1.1" 200 721 "http://www.various-euro.com/bmpp/18.html" "Mozilla/4.0 (compatible; MSIE 7.0; Windows NT 5.1; .NET CLR 1.1.4322)"
71.197.31.23 - - [13/Jun/2008:07:23:38 +0200] "GET /bmpp/Bilder/18_29.png HTTP/1.1" 200 564 "http://www.various-euro.com/bmpp/18.html" "Mozilla/4.0 (compatible; MSIE 7.0; Windows NT 5.1; .NET CLR 1.1.4322)"
