66.249.66.4 - - [10/Jun/2008:03:41:22 +0200] "GET /zampa/ HTTP/1.1" 200 7153 "-" "Mozilla/5.0 (compatible; Googlebot/2.1; +http://www.google.com/bot.html)"
74.6.22.151 - - [10/Jun/2008:03:44:15 +0200] "GET /robots.txt HTTP/1.0" 200 64 "-" "Mozilla/5.0 (compatible; Yahoo! Slurp; http://help.yahoo.com/help/us/ysearch/slurp)"
74.6.22.151 - - [10/Jun/2008:03:44:15 +0200] "GET /DgH/rampe/index.html HTTP/1.0" 200 2056 "-" "Mozilla/5.0 (compatible; Yahoo! Slurp; http://help.yahoo.com/help/us/ysearch/slurp)"
66.249.66.4 - - [10/Jun/2008:04:03:48 +0200] "GET /logs/usage_200701.html HTTP/1.1" 200 109268 "-" "Mozilla/5.0 (compatible; Googlebot/2.1; +http://www.google.com/bot.html)"
74.6.22.151 - - [10/Jun/2008:04:11:09 +0200] "GET /bmpp/euro_pal_111.html HTTP/1.0" 200 2129 "-" "Mozilla/5.0 (compatible; Yahoo! Slurp; http://help.yahoo.com/help/us/ysearch/slurp)"
74.6.8.106 - - [10/Jun/2008:04:14:46 +0200] "GET /robots.txt HTTP/1.0" 200 64 "-" "Mozilla/5.0 (compatible; Yahoo! Slurp; http://help.yahoo.com/help/us/ysearch/slurp)"
67.195.58.156 - - [10/Jun/2008:04:14:46 +0200] "GET /framez-rez.html HTTP/1.0" 200 4323 "-" "Mozilla/5.0 (compatible; Yahoo! Slurp; http://help.yahoo.com/help/us/ysearch/slurp)"
67.195.58.156 - - [10/Jun/2008:04:14:48 +0200] "GET /frame-menu.html HTTP/1.0" 200 10492 "-" "Mozilla/5.0 (compatible; Yahoo! Slurp; http://help.yahoo.com/help/us/ysearch/slurp)"
67.195.58.156 - - [10/Jun/2008:04:14:49 +0200] "GET /f-rez.html HTTP/1.0" 200 9765 "-" "Mozilla/5.0 (compatible; Yahoo! Slurp; http://help.yahoo.com/help/us/ysearch/slurp)"
67.195.58.156 - - [10/Jun/2008:04:14:51 +0200] "GET /frame-unten.html HTTP/1.0" 200 5308 "-" "Mozilla/5.0 (compatible; Yahoo! Slurp; http://help.yahoo.com/help/us/ysearch/slurp)"
66.189.172.2 - - [10/Jun/2008:04:19:13 +0200] "GET /bannerz/various-euro-girl.jpg HTTP/1.1" 200 91514 "http://fe.shortcuts.search.yahoo.com/modules/pictures?p=Various&lang=undefined&location=undefined&fr=csc_tb&predictionProbability=undefined&category=undefined" "Mozilla/4.0 (compatible; MSIE 7.0; Windows NT 6.0; FunWebProducts; SLCC1; .NET CLR 2.0.50727; .NET CLR 3.0.04506)"
66.249.66.4 - - [10/Jun/2008:04:22:30 +0200] "GET /f-horrorkatze.html HTTP/1.1" 200 7865 "-" "Mozilla/5.0 (compatible; Googlebot/2.1; +http://www.google.com/bot.html)"
66.249.66.4 - - [10/Jun/2008:04:29:58 +0200] "GET /framez-girlz-neon.html HTTP/1.1" 200 4388 "-" "Mozilla/5.0 (compatible; Googlebot/2.1; +http://www.google.com/bot.html)"
74.6.22.151 - - [10/Jun/2008:04:33:49 +0200] "GET /f-other.html HTTP/1.0" 200 33189 "-" "Mozilla/5.0 (compatible; Yahoo! Slurp; http://help.yahoo.com/help/us/ysearch/slurp)"
67.195.54.24 - - [10/Jun/2008:04:37:58 +0200] "GET /schubb/schubb-1.html HTTP/1.0" 200 9070 "-" "Mozilla/5.0 (compatible; Yahoo! Slurp; http://help.yahoo.com/help/us/ysearch/slurp)"
67.195.52.52 - - [10/Jun/2008:04:39:57 +0200] "GET /logs/usage_200703.html HTTP/1.0" 200 108444 "-" "Mozilla/5.0 (compatible; Yahoo! Slurp; http://help.yahoo.com/help/us/ysearch/slurp)"
66.249.66.4 - - [10/Jun/2008:04:41:12 +0200] "GET /f-sponsor.html HTTP/1.1" 200 8578 "-" "Mozilla/5.0 (compatible; Googlebot/2.1; +http://www.google.com/bot.html)"
118.68.94.245 - - [10/Jun/2008:04:48:14 +0200] "GET / HTTP/1.1" 200 10127 "-" "Mozilla/4.0 (compatible; MSIE 6.0; Windows NT 5.1;1813)"
66.249.66.4 - - [10/Jun/2008:04:48:41 +0200] "GET /neon/annniiii.html HTTP/1.1" 200 686 "-" "Mozilla/5.0 (compatible; Googlebot/2.1; +http://www.google.com/bot.html)"
77.91.224.5 - - [10/Jun/2008:05:02:09 +0200] "GET /robots.txt HTTP/1.1" 200 64 "-" "WebAlta Crawler/2.0 (http://www.webalta.net/ru/about_webmaster.html) (Windows; U; Windows NT 5.1; ru-RU)"
77.91.224.5 - - [10/Jun/2008:05:02:09 +0200] "GET /framez-rez.html HTTP/1.1" 200 4323 "-" "WebAlta Crawler/2.0 (http://www.webalta.net/ru/about_webmaster.html) (Windows; U; Windows NT 5.1; ru-RU)"
128.54.59.208 - - [10/Jun/2008:05:02:33 +0200] "GET / HTTP/1.0" 200 10127 "http://modukit.com/" "Mozilla/5.0 (X11; U; Linux x86_64; en-US; rv:1.9b5) Gecko/2008040514 Firefox/3.0b5"
66.249.66.4 - - [10/Jun/2008:05:07:23 +0200] "GET /montenegro/dajpare.html HTTP/1.1" 302 376 "-" "Mozilla/5.0 (compatible; Googlebot/2.1; +http://www.google.com/bot.html)"
66.249.66.4 - - [10/Jun/2008:05:07:24 +0200] "GET /zampa/montenegro/dajpare.html HTTP/1.1" 200 2503 "-" "Mozilla/5.0 (compatible; Googlebot/2.1; +http://www.google.com/bot.html)"
71.41.200.74 - - [10/Jun/2008:05:19:06 +0200] "GET /robots.txt HTTP/1.1" 302 363 "-" "MLBot (www.metadatalabs.com/mlbot)"
71.41.200.78 - - [10/Jun/2008:05:19:06 +0200] "GET /zampa/robots.txt HTTP/1.1" 404 2748 "-" "MLBot (www.metadatalabs.com/mlbot)"
71.41.200.78 - - [10/Jun/2008:05:19:07 +0200] "GET / HTTP/1.1" 302 353 "-" "MLBot (www.metadatalabs.com/mlbot)"
71.41.200.78 - - [10/Jun/2008:05:19:07 +0200] "GET /robots.txt HTTP/1.1" 200 64 "-" "MLBot (www.metadatalabs.com/mlbot)"
71.41.200.74 - - [10/Jun/2008:05:19:08 +0200] "GET /zampa/ HTTP/1.1" 200 7153 "-" "MLBot (www.metadatalabs.com/mlbot)"
189.137.26.22 - - [10/Jun/2008:05:20:27 +0200] "GET /sblogin/ HTTP/1.1" 404 2748 "http://various-euro.com/sblogin/" "Mozilla/4.0 (compatible; MSIE 6.0; Windows NT 5.1)"
74.6.22.151 - - [10/Jun/2008:05:36:33 +0200] "GET /robots.txt HTTP/1.0" 200 64 "-" "Mozilla/5.0 (compatible; Yahoo! Slurp; http://help.yahoo.com/help/us/ysearch/slurp)"
74.6.22.151 - - [10/Jun/2008:05:36:34 +0200] "GET /neon/warning2.html HTTP/1.0" 200 997 "-" "Mozilla/5.0 (compatible; Yahoo! Slurp; http://help.yahoo.com/help/us/ysearch/slurp)"
217.78.182.15 - - [10/Jun/2008:05:41:12 +0200] "GET /schubb/schubb-5.html HTTP/1.0" 200 72944 "http://www.various-euro.com/schubb/schubb-5.html" "Mozilla/4.0 (compatible; MSIE 6.0; Windows NT 5.1; FREE; .NET CLR 1.1.4322)"
67.195.37.109 - - [10/Jun/2008:05:50:20 +0200] "GET /zampa/montenegro/contributions.html HTTP/1.0" 200 18843 "-" "Mozilla/5.0 (compatible; Yahoo! Slurp/3.0; http://help.yahoo.com/help/us/ysearch/slurp)"
67.195.37.109 - - [10/Jun/2008:05:55:26 +0200] "GET /zampa/ HTTP/1.0" 200 7153 "-" "Mozilla/5.0 (compatible; Yahoo! Slurp/3.0; http://help.yahoo.com/help/us/ysearch/slurp)"
66.249.66.4 - - [10/Jun/2008:06:03:29 +0200] "GET /neon/click.html HTTP/1.1" 200 521 "-" "Mozilla/5.0 (compatible; Googlebot/2.1; +http://www.google.com/bot.html)"
65.214.45.101 - - [10/Jun/2008:06:07:45 +0200] "GET /robots.txt HTTP/1.0" 302 363 "-" "Mozilla/5.0 (compatible; Ask Jeeves/Teoma; +http://about.ask.com/en/docs/about/webmasters.shtml)"
65.214.45.101 - - [10/Jun/2008:06:07:46 +0200] "GET /zampa/robots.txt HTTP/1.0" 404 2748 "-" "Mozilla/5.0 (compatible; Ask Jeeves/Teoma; +http://about.ask.com/en/docs/about/webmasters.shtml)"
65.214.45.101 - - [10/Jun/2008:06:07:46 +0200] "GET / HTTP/1.0" 302 353 "-" "Mozilla/5.0 (compatible; Ask Jeeves/Teoma; +http://about.ask.com/en/docs/about/webmasters.shtml)"
65.214.45.101 - - [10/Jun/2008:06:07:46 +0200] "GET /robots.txt HTTP/1.0" 200 64 "-" "Mozilla/5.0 (compatible; Ask Jeeves/Teoma; +http://about.ask.com/en/docs/about/webmasters.shtml)"
65.214.45.101 - - [10/Jun/2008:06:07:46 +0200] "GET /zampa/ HTTP/1.0" 200 7153 "-" "Mozilla/5.0 (compatible; Ask Jeeves/Teoma; +http://about.ask.com/en/docs/about/webmasters.shtml)"
99.253.192.238 - - [10/Jun/2008:06:11:05 +0200] "GET /zampa-lovers/index.html HTTP/1.1" 200 37790 "http://www.google.ca/search?hl=en&q=lepe+sise&btnG=Google+Search&meta=" "Mozilla/5.0 (Windows; U; Windows NT 5.0; en-US; rv:1.8.1.14) Gecko/20080404 Firefox/2.0.0.14"
66.249.66.4 - - [10/Jun/2008:06:22:11 +0200] "GET /framez-euro.html HTTP/1.1" 200 4319 "-" "Mozilla/5.0 (compatible; Googlebot/2.1; +http://www.google.com/bot.html)"
66.249.66.4 - - [10/Jun/2008:06:25:55 +0200] "GET /e-counter.html HTTP/1.1" 200 4047 "-" "Mozilla/5.0 (compatible; Googlebot/2.1; +http://www.google.com/bot.html)"
202.160.180.168 - - [10/Jun/2008:06:43:51 +0200] "GET /robots.txt HTTP/1.0" 200 64 "-" "Mozilla/5.0 (compatible; Yahoo! Slurp China; http://misc.yahoo.com.cn/help.html)"
202.160.180.69 - - [10/Jun/2008:06:44:18 +0200] "GET / HTTP/1.0" 200 10127 "-" "Mozilla/5.0 (compatible; Yahoo! Slurp China; http://misc.yahoo.com.cn/help.html)"
65.214.45.123 - - [10/Jun/2008:06:51:03 +0200] "GET /robots.txt HTTP/1.0" 200 64 "-" "Mozilla/5.0 (compatible; Ask Jeeves/Teoma; +http://about.ask.com/en/docs/about/webmasters.shtml)"
65.214.45.123 - - [10/Jun/2008:06:51:03 +0200] "GET /neon/girlz2.html HTTP/1.0" 200 2937 "-" "Mozilla/5.0 (compatible; Ask Jeeves/Teoma; +http://about.ask.com/en/docs/about/webmasters.shtml)"
65.214.45.123 - - [10/Jun/2008:06:53:08 +0200] "GET /restate_copy.html HTTP/1.0" 200 97631 "-" "Mozilla/5.0 (compatible; Ask Jeeves/Teoma; +http://about.ask.com/en/docs/about/webmasters.shtml)"
66.249.66.4 - - [10/Jun/2008:06:55:51 +0200] "GET /your_tour.html HTTP/1.1" 200 29413 "-" "Mozilla/5.0 (compatible; Googlebot/2.1; +http://www.google.com/bot.html)"
119.63.194.61 - - [10/Jun/2008:07:10:32 +0200] "GET / HTTP/1.1" 200 10127 "-" "Baiduspider+(+http://help.baidu.jp/system/05.html)"
66.249.66.4 - - [10/Jun/2008:07:21:57 +0200] "GET /logs/usage_200709.html HTTP/1.1" 200 110974 "-" "Mozilla/5.0 (compatible; Googlebot/2.1; +http://www.google.com/bot.html)"
67.195.37.109 - - [10/Jun/2008:07:26:03 +0200] "GET /zampa/montenegro/ HTTP/1.0" 200 2651 "-" "Mozilla/5.0 (compatible; Yahoo! Slurp/3.0; http://help.yahoo.com/help/us/ysearch/slurp)"
66.249.66.4 - - [10/Jun/2008:07:29:23 +0200] "GET /framez-pgb.html HTTP/1.1" 200 4336 "-" "Mozilla/5.0 (compatible; Googlebot/2.1; +http://www.google.com/bot.html)"
65.55.211.164 - - [10/Jun/2008:07:36:39 +0200] "GET /robots.txt HTTP/1.1" 200 64 "-" "msnbot/1.1 (+http://search.msn.com/msnbot.htm)"
65.55.211.164 - - [10/Jun/2008:07:36:39 +0200] "GET /bmpp/euro_pal_1.html HTTP/1.1" 200 18252 "-" "msnbot/1.1 (+http://search.msn.com/msnbot.htm)"
66.249.66.4 - - [10/Jun/2008:07:47:59 +0200] "GET /zampa/montenegro/BATAW.html HTTP/1.1" 200 860 "-" "Mozilla/5.0 (compatible; Googlebot/2.1; +http://www.google.com/bot.html)"
74.6.22.151 - - [10/Jun/2008:07:49:03 +0200] "GET /logs/usage_200704.html HTTP/1.0" 200 108835 "-" "Mozilla/5.0 (compatible; Yahoo! Slurp; http://help.yahoo.com/help/us/ysearch/slurp)"
85.177.186.1 - - [10/Jun/2008:07:49:28 +0200] "GET /robots.txt HTTP/1.1" 200 64 "-" "Mozilla/5.0 (Windows; U; Windows NT 5.1; de; rv:1.8.1.14) Gecko/20080404 Firefox/2.0.0.14"
85.177.186.1 - - [10/Jun/2008:07:49:28 +0200] "GET /favicon.ico HTTP/1.1" 404 2748 "http://www.google.de/search?hl=de&q=babylon+kassel&btnG=Google-Suche&meta=" "Mozilla/5.0 (Windows; U; Windows NT 5.1; de; rv:1.8.1.14) Gecko/20080404 Firefox/2.0.0.14"
66.249.66.4 - - [10/Jun/2008:07:59:08 +0200] "GET /neon/channel.html HTTP/1.1" 200 1942 "-" "Mozilla/5.0 (compatible; Googlebot/2.1; +http://www.google.com/bot.html)"
67.195.37.109 - - [10/Jun/2008:08:16:39 +0200] "GET /contact.html HTTP/1.0" 404 2748 "-" "Mozilla/5.0 (compatible; Yahoo! Slurp/3.0; http://help.yahoo.com/help/us/ysearch/slurp)"
66.249.66.4 - - [10/Jun/2008:08:35:47 +0200] "GET /games/virtualcop/virtualcop.html HTTP/1.1" 200 4487 "-" "Mozilla/5.0 (compatible; Googlebot/2.1; +http://www.google.com/bot.html)"
66.249.66.4 - - [10/Jun/2008:08:39:24 +0200] "GET /f-other.html HTTP/1.1" 200 33189 "-" "Mozilla/5.0 (compatible; Googlebot/2.1; +http://www.google.com/bot.html)"
60.53.113.86 - - [10/Jun/2008:09:01:18 +0200] "GET / HTTP/1.1" 200 10127 "http://www.google.com/search?hl=en&q=euro.com&btnG=Google+Search" "Mozilla/4.0 (compatible; MSIE 6.0; Windows NT 5.1; FunWebProducts; .NET CLR 1.1.4322)"
60.53.113.86 - - [10/Jun/2008:09:01:20 +0200] "GET /framez_0.html HTTP/1.1" 200 12444 "-" "Mozilla/4.0 (compatible; MSIE 6.0; Windows NT 5.1; FunWebProducts; .NET CLR 1.1.4322)"
60.53.113.86 - - [10/Jun/2008:09:01:28 +0200] "GET /framez.html HTTP/1.1" 200 3883 "-" "Mozilla/4.0 (compatible; MSIE 6.0; Windows NT 5.1; FunWebProducts; .NET CLR 1.1.4322)"
60.53.113.86 - - [10/Jun/2008:09:01:29 +0200] "GET /frame-menu.html HTTP/1.1" 200 10492 "http://www.various-euro.com/framez.html" "Mozilla/4.0 (compatible; MSIE 6.0; Windows NT 5.1; FunWebProducts; .NET CLR 1.1.4322)"
60.53.113.86 - - [10/Jun/2008:09:01:30 +0200] "GET /frame-inhalt.html HTTP/1.1" 200 8784 "http://www.various-euro.com/framez.html" "Mozilla/4.0 (compatible; MSIE 6.0; Windows NT 5.1; FunWebProducts; .NET CLR 1.1.4322)"
60.53.113.86 - - [10/Jun/2008:09:01:30 +0200] "GET /frame-unten.html HTTP/1.1" 200 5308 "http://www.various-euro.com/framez.html" "Mozilla/4.0 (compatible; MSIE 6.0; Windows NT 5.1; FunWebProducts; .NET CLR 1.1.4322)"
60.53.113.86 - - [10/Jun/2008:09:01:31 +0200] "GET /bannerz/ve.jpg HTTP/1.1" 200 36912 "http://www.various-euro.com/frame-unten.html" "Mozilla/4.0 (compatible; MSIE 6.0; Windows NT 5.1; FunWebProducts; .NET CLR 1.1.4322)"
60.53.113.86 - - [10/Jun/2008:09:01:34 +0200] "GET /bannerz/various-euro-girl.jpg HTTP/1.1" 200 91514 "http://www.various-euro.com/frame-unten.html" "Mozilla/4.0 (compatible; MSIE 6.0; Windows NT 5.1; FunWebProducts; .NET CLR 1.1.4322)"
60.53.113.86 - - [10/Jun/2008:09:01:37 +0200] "GET /bannerz/neon_click_3.gif HTTP/1.1" 200 240 "http://www.various-euro.com/frame-inhalt.html" "Mozilla/4.0 (compatible; MSIE 6.0; Windows NT 5.1; FunWebProducts; .NET CLR 1.1.4322)"
60.53.113.86 - - [10/Jun/2008:09:01:37 +0200] "GET /bannerz/goolag_468.jpg HTTP/1.1" 200 28285 "http://www.various-euro.com/frame-inhalt.html" "Mozilla/4.0 (compatible; MSIE 6.0; Windows NT 5.1; FunWebProducts; .NET CLR 1.1.4322)"
60.53.113.86 - - [10/Jun/2008:09:01:39 +0200] "GET /eurosign3.gif HTTP/1.1" 200 7879 "http://www.various-euro.com/frame-inhalt.html" "Mozilla/4.0 (compatible; MSIE 6.0; Windows NT 5.1; FunWebProducts; .NET CLR 1.1.4322)"
60.53.113.86 - - [10/Jun/2008:09:01:40 +0200] "GET /bannerz/neon_click_1.gif HTTP/1.1" 200 890 "http://www.various-euro.com/frame-inhalt.html" "Mozilla/4.0 (compatible; MSIE 6.0; Windows NT 5.1; FunWebProducts; .NET CLR 1.1.4322)"
60.53.113.86 - - [10/Jun/2008:09:01:40 +0200] "GET /bannerz/wet.gif HTTP/1.1" 200 18561 "http://www.various-euro.com/frame-inhalt.html" "Mozilla/4.0 (compatible; MSIE 6.0; Windows NT 5.1; FunWebProducts; .NET CLR 1.1.4322)"
60.53.113.86 - - [10/Jun/2008:09:01:46 +0200] "GET /bannerz/google/Logo_40blk.gif HTTP/1.1" 200 2308 "http://www.various-euro.com/frame-inhalt.html" "Mozilla/4.0 (compatible; MSIE 6.0; Windows NT 5.1; FunWebProducts; .NET CLR 1.1.4322)"
60.53.113.86 - - [10/Jun/2008:09:01:47 +0200] "GET /bannerz/neon_click_2.gif HTTP/1.1" 200 387 "http://www.various-euro.com/frame-inhalt.html" "Mozilla/4.0 (compatible; MSIE 6.0; Windows NT 5.1; FunWebProducts; .NET CLR 1.1.4322)"
60.53.113.86 - - [10/Jun/2008:09:01:47 +0200] "GET /bannerz/douwil.gif HTTP/1.1" 200 528 "http://www.various-euro.com/frame-inhalt.html" "Mozilla/4.0 (compatible; MSIE 6.0; Windows NT 5.1; FunWebProducts; .NET CLR 1.1.4322)"
60.53.113.86 - - [10/Jun/2008:09:01:31 +0200] "GET /bannerz/ubu-shot.png HTTP/1.1" 200 200117 "http://www.various-euro.com/frame-menu.html" "Mozilla/4.0 (compatible; MSIE 6.0; Windows NT 5.1; FunWebProducts; .NET CLR 1.1.4322)"
60.53.113.86 - - [10/Jun/2008:09:01:48 +0200] "GET /bannerz/anti_black_small.gif HTTP/1.1" 200 1009 "http://www.various-euro.com/frame-inhalt.html" "Mozilla/4.0 (compatible; MSIE 6.0; Windows NT 5.1; FunWebProducts; .NET CLR 1.1.4322)"
60.53.113.86 - - [10/Jun/2008:09:01:48 +0200] "GET /bannerz/copyleft_black_small.gif HTTP/1.1" 200 1231 "http://www.various-euro.com/frame-inhalt.html" "Mozilla/4.0 (compatible; MSIE 6.0; Windows NT 5.1; FunWebProducts; .NET CLR 1.1.4322)"
60.53.113.86 - - [10/Jun/2008:09:02:01 +0200] "GET /framez_0.html HTTP/1.1" 200 12444 "-" "Mozilla/4.0 (compatible; MSIE 6.0; Windows NT 5.1; FunWebProducts; .NET CLR 1.1.4322)"
66.249.66.4 - - [10/Jun/2008:09:15:41 +0200] "GET /framez-zampa-lovers.html HTTP/1.1" 200 4322 "-" "Mozilla/5.0 (compatible; Googlebot/2.1; +http://www.google.com/bot.html)"
89.216.140.171 - - [10/Jun/2008:09:23:01 +0200] "GET / HTTP/1.1" 302 353 "http://www.google.com/search?q=%22zampa+di+leone%7C&ie=utf-8&oe=utf-8&aq=t&rls=org.mozilla:en-US:official&client=firefox-a" "Mozilla/5.0 (Windows; U; Windows NT 5.1; en-US; rv:1.8.1.14) Gecko/20080404 Firefox/2.0.0.14"
89.216.140.171 - - [10/Jun/2008:09:23:01 +0200] "GET /zampa/ HTTP/1.1" 200 7153 "http://www.google.com/search?q=%22zampa+di+leone%7C&ie=utf-8&oe=utf-8&aq=t&rls=org.mozilla:en-US:official&client=firefox-a" "Mozilla/5.0 (Windows; U; Windows NT 5.1; en-US; rv:1.8.1.14) Gecko/20080404 Firefox/2.0.0.14"
89.216.140.171 - - [10/Jun/2008:09:23:02 +0200] "GET /zampa/slike/zampa.gif HTTP/1.1" 200 5310 "http://www.various-euro.com/zampa/" "Mozilla/5.0 (Windows; U; Windows NT 5.1; en-US; rv:1.8.1.14) Gecko/20080404 Firefox/2.0.0.14"
89.216.140.171 - - [10/Jun/2008:09:23:02 +0200] "GET /zampa/slike/inthearse.gif HTTP/1.1" 200 4077 "http://www.various-euro.com/zampa/" "Mozilla/5.0 (Windows; U; Windows NT 5.1; en-US; rv:1.8.1.14) Gecko/20080404 Firefox/2.0.0.14"
89.216.140.171 - - [10/Jun/2008:09:23:04 +0200] "GET /zampa/slike/udupetu.gif HTTP/1.1" 200 4138 "http://www.various-euro.com/zampa/" "Mozilla/5.0 (Windows; U; Windows NT 5.1; en-US; rv:1.8.1.14) Gecko/20080404 Firefox/2.0.0.14"
89.216.140.171 - - [10/Jun/2008:09:23:05 +0200] "GET /favicon.ico HTTP/1.1" 404 2748 "-" "Mozilla/5.0 (Windows; U; Windows NT 5.1; en-US; rv:1.8.1.14) Gecko/20080404 Firefox/2.0.0.14"
66.249.66.4 - - [10/Jun/2008:09:26:34 +0200] "GET /neon/euro.html HTTP/1.1" 200 2212 "-" "Mozilla/5.0 (compatible; Googlebot/2.1; +http://www.google.com/bot.html)"
66.249.66.4 - - [10/Jun/2008:09:30:12 +0200] "GET /framez-rez.html HTTP/1.1" 200 4323 "-" "Mozilla/5.0 (compatible; Googlebot/2.1; +http://www.google.com/bot.html)"
66.249.66.4 - - [10/Jun/2008:09:33:50 +0200] "GET /f-warez.html HTTP/1.1" 200 10953 "-" "Mozilla/5.0 (compatible; Googlebot/2.1; +http://www.google.com/bot.html)"
66.249.66.4 - - [10/Jun/2008:09:37:27 +0200] "GET /f-search.html HTTP/1.1" 200 11800 "-" "Mozilla/5.0 (compatible; Googlebot/2.1; +http://www.google.com/bot.html)"
66.249.66.4 - - [10/Jun/2008:09:41:05 +0200] "GET /framez-schubb2.html HTTP/1.1" 200 4314 "-" "Mozilla/5.0 (compatible; Googlebot/2.1; +http://www.google.com/bot.html)"
193.252.149.16 - - [10/Jun/2008:09:42:37 +0200] "GET /world.html HTTP/1.1" 200 16295 "-" "Mozilla/5.0 (Windows; U; Windows NT 5.1; fr; rv:1.8.1) VoilaBot BETA 1.2 (support.voilabot@orange-ftgroup.com)"
66.249.66.4 - - [10/Jun/2008:09:44:43 +0200] "GET /neon/warning2.html HTTP/1.1" 200 997 "-" "Mozilla/5.0 (compatible; Googlebot/2.1; +http://www.google.com/bot.html)"
66.249.66.4 - - [10/Jun/2008:09:48:20 +0200] "GET /bmpp/18asi_2.html HTTP/1.1" 200 8674 "-" "Mozilla/5.0 (compatible; Googlebot/2.1; +http://www.google.com/bot.html)"
65.55.211.162 - - [10/Jun/2008:09:55:49 +0200] "GET /robots.txt HTTP/1.1" 200 64 "-" "msnbot/1.1 (+http://search.msn.com/msnbot.htm)"
65.55.211.162 - - [10/Jun/2008:09:55:50 +0200] "GET /logs/usage_200710.html HTTP/1.1" 200 110952 "-" "msnbot/1.1 (+http://search.msn.com/msnbot.htm)"
81.52.143.16 - - [10/Jun/2008:10:01:22 +0200] "GET /robots.txt HTTP/1.1" 200 64 "-" "Mozilla/5.0 (Windows; U; Windows NT 5.1; fr; rv:1.8.1) VoilaBot BETA 1.2 (support.voilabot@orange-ftgroup.com)"
81.52.143.16 - - [10/Jun/2008:10:01:24 +0200] "GET /bmpp/18asi_2.html HTTP/1.1" 200 8674 "-" "Mozilla/5.0 (Windows; U; Windows NT 5.1; fr; rv:1.8.1) VoilaBot BETA 1.2 (support.voilabot@orange-ftgroup.com)"
121.217.27.82 - - [10/Jun/2008:10:29:57 +0200] "GET / HTTP/1.1" 200 10127 "-" "Mozilla/4.0 (compatible; MSIE 6.0; Windows NT 5.1; SV1)"
121.217.27.82 - - [10/Jun/2008:10:30:02 +0200] "GET / HTTP/1.1" 200 10127 "-" "Mozilla/4.0 (compatible; MSIE 6.0; Windows NT 5.1; SV1)"
66.249.66.4 - - [10/Jun/2008:10:48:59 +0200] "GET /zampa/montenegro/SEKAW.html HTTP/1.1" 200 860 "-" "Mozilla/5.0 (compatible; Googlebot/2.1; +http://www.google.com/bot.html)"
87.194.86.163 - - [10/Jun/2008:11:00:14 +0200] "GET /zampa/montenegro/contributions.html HTTP/1.1" 200 18843 "-" "Mozilla/4.0 (compatible; MSIE 6.0; Windows NT 5.1;1813)"
85.17.173.7 - - [10/Jun/2008:11:06:17 +0200] "GET / HTTP/1.1" 200 10127 "-" "WebAlta Crawler/1.3.34 (http://www.webalta.net/ru/about_webmaster.html) (Windows; U; Windows NT 5.1; ru-RU)"
85.17.173.7 - - [10/Jun/2008:11:06:17 +0200] "GET /framez.html HTTP/1.1" 200 3883 "-" "WebAlta Crawler/1.3.34 (http://www.webalta.net/ru/about_webmaster.html) (Windows; U; Windows NT 5.1; ru-RU)"
66.249.66.4 - - [10/Jun/2008:11:10:16 +0200] "GET /neon/girl-tv.html HTTP/1.1" 200 1717 "-" "Mozilla/5.0 (compatible; Googlebot/2.1; +http://www.google.com/bot.html)"
66.249.66.4 - - [10/Jun/2008:11:13:49 +0200] "GET /framez-world.html HTTP/1.1" 200 4325 "-" "Mozilla/5.0 (compatible; Googlebot/2.1; +http://www.google.com/bot.html)"
66.249.66.4 - - [10/Jun/2008:11:17:22 +0200] "GET /framez-actions.html HTTP/1.1" 200 4322 "-" "Mozilla/5.0 (compatible; Googlebot/2.1; +http://www.google.com/bot.html)"
66.249.66.4 - - [10/Jun/2008:11:24:28 +0200] "GET /zampa/montenegro/ZMAJW.html HTTP/1.1" 200 860 "-" "Mozilla/5.0 (compatible; Googlebot/2.1; +http://www.google.com/bot.html)"
66.249.66.4 - - [10/Jun/2008:11:35:06 +0200] "GET /logs/usage_200707.html HTTP/1.1" 200 110942 "-" "Mozilla/5.0 (compatible; Googlebot/2.1; +http://www.google.com/bot.html)"
65.214.45.123 - - [10/Jun/2008:11:35:23 +0200] "GET / HTTP/1.0" 200 10127 "-" "Mozilla/5.0 (compatible; Ask Jeeves/Teoma; +http://about.ask.com/en/docs/about/webmasters.shtml)"
66.249.66.4 - - [10/Jun/2008:11:38:39 +0200] "GET /logs/usage_200703.html HTTP/1.1" 200 108444 "-" "Mozilla/5.0 (compatible; Googlebot/2.1; +http://www.google.com/bot.html)"
66.249.66.4 - - [10/Jun/2008:11:42:12 +0200] "GET /logs/usage_200702.html HTTP/1.1" 200 107861 "-" "Mozilla/5.0 (compatible; Googlebot/2.1; +http://www.google.com/bot.html)"
74.6.22.94 - - [10/Jun/2008:11:44:47 +0200] "GET /robots.txt HTTP/1.0" 200 64 "-" "Mozilla/5.0 (compatible; Yahoo! Slurp; http://help.yahoo.com/help/us/ysearch/slurp)"
67.195.51.254 - - [10/Jun/2008:11:44:48 +0200] "GET /schubb/schubb-2.html HTTP/1.0" 200 16660 "-" "Mozilla/5.0 (compatible; Yahoo! Slurp; http://help.yahoo.com/help/us/ysearch/slurp)"
74.6.22.151 - - [10/Jun/2008:11:55:22 +0200] "GET /schubb/schubb-1.html HTTP/1.0" 200 9070 "-" "Mozilla/5.0 (compatible; Yahoo! Slurp; http://help.yahoo.com/help/us/ysearch/slurp)"
65.55.211.157 - - [10/Jun/2008:12:07:02 +0200] "GET /triple-double-u/ HTTP/1.1" 403 1223 "-" "msnbot/1.1 (+http://search.msn.com/msnbot.htm)"
67.195.52.43 - - [10/Jun/2008:12:07:44 +0200] "GET /zampa HTTP/1.0" 301 375 "-" "Mozilla/5.0 (compatible; Yahoo! Slurp; http://help.yahoo.com/help/us/ysearch/slurp)"
67.195.52.43 - - [10/Jun/2008:12:07:53 +0200] "GET /zampa/ HTTP/1.0" 200 7153 "-" "Mozilla/5.0 (compatible; Yahoo! Slurp; http://help.yahoo.com/help/us/ysearch/slurp)"
81.138.0.161 - - [10/Jun/2008:12:08:45 +0200] "GET /zampa/montenegro/contributions.html HTTP/1.1" 200 18843 "-" "Ctucxu0iwxeam0vdcwavmjqxqcnnjjids"
74.6.18.232 - - [10/Jun/2008:12:15:10 +0200] "GET /robots.txt HTTP/1.0" 302 363 "-" "Mozilla/5.0 (compatible; Yahoo! Slurp; http://help.yahoo.com/help/us/ysearch/slurp)"
74.6.18.232 - - [10/Jun/2008:12:15:10 +0200] "GET /zampa/robots.txt HTTP/1.0" 404 2748 "-" "Mozilla/5.0 (compatible; Yahoo! Slurp; http://help.yahoo.com/help/us/ysearch/slurp)"
74.6.18.232 - - [10/Jun/2008:12:15:11 +0200] "GET /montenegro/index.html HTTP/1.0" 302 374 "-" "Mozilla/5.0 (compatible; Yahoo! Slurp; http://help.yahoo.com/help/us/ysearch/slurp)"
74.6.22.151 - - [10/Jun/2008:12:15:11 +0200] "GET /zampa/montenegro/index.html HTTP/1.0" 200 2651 "-" "Mozilla/5.0 (compatible; Yahoo! Slurp; http://help.yahoo.com/help/us/ysearch/slurp)"
67.195.37.109 - - [10/Jun/2008:12:18:19 +0200] "GET /robots.txt HTTP/1.0" 200 64 "-" "Mozilla/5.0 (compatible; Yahoo! Slurp; http://help.yahoo.com/help/us/ysearch/slurp)"
67.195.37.109 - - [10/Jun/2008:12:18:20 +0200] "GET /logs/usage_200706.html HTTP/1.0" 200 107008 "-" "Mozilla/5.0 (compatible; Yahoo! Slurp/3.0; http://help.yahoo.com/help/us/ysearch/slurp)"
66.249.66.4 - - [10/Jun/2008:12:21:14 +0200] "GET /framez-pal111.html HTTP/1.1" 200 4328 "-" "Mozilla/5.0 (compatible; Googlebot/2.1; +http://www.google.com/bot.html)"
193.252.149.15 - - [10/Jun/2008:12:34:59 +0200] "GET http://www.various-euro.com:80/robots.txt HTTP/1.1" 200 64 "-" "Mozilla/5.0 (Windows; U; Windows NT 5.1; fr; rv:1.8.1) VoilaBot BETA 1.2 (support.voilabot@orange-ftgroup.com)"
193.252.149.15 - - [10/Jun/2008:12:35:05 +0200] "GET /f-bannnerz.html HTTP/1.1" 200 12651 "-" "Mozilla/5.0 (Windows; U; Windows NT 5.1; fr; rv:1.8.1) VoilaBot BETA 1.2 (support.voilabot@orange-ftgroup.com)"
67.195.51.236 - - [10/Jun/2008:12:43:47 +0200] "GET /zampa-lovers/ZAMPAMA2.MPG HTTP/1.0" 200 63492 "-" "Mozilla/5.0 (compatible; Yahoo! Slurp; http://help.yahoo.com/help/us/ysearch/slurp)"
67.195.51.246 - - [10/Jun/2008:12:48:29 +0200] "GET /sendi-agent/Interfiction-sendi.avi HTTP/1.0" 200 34633728 "-" "Mozilla/5.0 (compatible; Yahoo! Slurp; http://help.yahoo.com/help/us/ysearch/slurp)"
66.249.66.4 - - [10/Jun/2008:12:49:36 +0200] "GET /logs/usage_200706.html HTTP/1.1" 200 107008 "-" "Mozilla/5.0 (compatible; Googlebot/2.1; +http://www.google.com/bot.html)"
74.6.8.118 - - [10/Jun/2008:12:52:01 +0200] "GET /robots.txt HTTP/1.0" 200 64 "-" "Mozilla/5.0 (compatible; Yahoo! Slurp; http://help.yahoo.com/help/us/ysearch/slurp)"
67.195.52.28 - - [10/Jun/2008:12:52:01 +0200] "GET / HTTP/1.0" 200 10127 "-" "Mozilla/5.0 (compatible; Yahoo! Slurp; http://help.yahoo.com/help/us/ysearch/slurp)"
66.249.66.4 - - [10/Jun/2008:12:53:09 +0200] "GET /logs/usage_200711.html HTTP/1.1" 200 109628 "-" "Mozilla/5.0 (compatible; Googlebot/2.1; +http://www.google.com/bot.html)"
74.6.22.151 - - [10/Jun/2008:12:56:25 +0200] "GET /logs/usage_200706.html HTTP/1.0" 200 107008 "-" "Mozilla/5.0 (compatible; Yahoo! Slurp; http://help.yahoo.com/help/us/ysearch/slurp)"
66.249.66.4 - - [10/Jun/2008:13:00:15 +0200] "GET /logs/usage_200710.html HTTP/1.1" 200 110952 "-" "Mozilla/5.0 (compatible; Googlebot/2.1; +http://www.google.com/bot.html)"
66.249.66.4 - - [10/Jun/2008:13:28:38 +0200] "GET /logs/usage_200704.html HTTP/1.1" 200 108835 "-" "Mozilla/5.0 (compatible; Googlebot/2.1; +http://www.google.com/bot.html)"
123.19.235.191 - - [10/Jun/2008:13:43:04 +0200] "GET / HTTP/1.1" 200 10127 "-" "Mozilla/4.0 (compatible; MSIE 6.0; Windows NT 5.1;1813)"
74.6.17.185 - - [10/Jun/2008:14:08:40 +0200] "GET /robots.txt HTTP/1.0" 200 64 "-" "Mozilla/5.0 (compatible; Yahoo! Slurp; http://help.yahoo.com/help/us/ysearch/slurp)"
67.195.54.41 - - [10/Jun/2008:14:08:41 +0200] "GET /zampa/lybia/ HTTP/1.0" 200 3036 "-" "Mozilla/5.0 (compatible; Yahoo! Slurp; http://help.yahoo.com/help/us/ysearch/slurp)"
66.249.66.4 - - [10/Jun/2008:14:11:13 +0200] "GET /logs/usage_200712.html HTTP/1.1" 200 92577 "-" "Mozilla/5.0 (compatible; Googlebot/2.1; +http://www.google.com/bot.html)"
66.249.66.4 - - [10/Jun/2008:14:14:45 +0200] "GET /framez-girlz.html HTTP/1.1" 200 4271 "-" "Mozilla/5.0 (compatible; Googlebot/2.1; +http://www.google.com/bot.html)"
66.249.66.4 - - [10/Jun/2008:14:16:29 +0200] "GET /triple-double-u/ HTTP/1.1" 403 1223 "-" "Mozilla/5.0 (compatible; Googlebot/2.1; +http://www.google.com/bot.html)"
89.216.140.171 - - [10/Jun/2008:14:19:33 +0200] "GET /zampa-lovers/index.html HTTP/1.1" 200 37790 "http://www.google.com/search?q=zampa+lovers&ie=utf-8&oe=utf-8&aq=t&rls=org.mozilla:en-US:official&client=firefox-a" "Mozilla/5.0 (Windows; U; Windows NT 5.1; en-US; rv:1.8.1.14) Gecko/20080404 Firefox/2.0.0.14"
89.216.140.171 - - [10/Jun/2008:14:19:34 +0200] "GET /zampa-lovers/zampa.ICO HTTP/1.1" 200 7134 "-" "Mozilla/5.0 (Windows; U; Windows NT 5.1; en-US; rv:1.8.1.14) Gecko/20080404 Firefox/2.0.0.14"
89.216.140.171 - - [10/Jun/2008:14:19:34 +0200] "GET /zampa-lovers/MILIZA_2.JPG HTTP/1.1" 200 22172 "http://www.various-euro.com/zampa-lovers/index.html" "Mozilla/5.0 (Windows; U; Windows NT 5.1; en-US; rv:1.8.1.14) Gecko/20080404 Firefox/2.0.0.14"
89.216.140.171 - - [10/Jun/2008:14:19:35 +0200] "GET /zampa-lovers/MILIZA_3.JPG HTTP/1.1" 200 26924 "http://www.various-euro.com/zampa-lovers/index.html" "Mozilla/5.0 (Windows; U; Windows NT 5.1; en-US; rv:1.8.1.14) Gecko/20080404 Firefox/2.0.0.14"
89.216.140.171 - - [10/Jun/2008:14:19:36 +0200] "GET /zampa-lovers/MILIZA_B.JPG HTTP/1.1" 200 10947 "http://www.various-euro.com/zampa-lovers/index.html" "Mozilla/5.0 (Windows; U; Windows NT 5.1; en-US; rv:1.8.1.14) Gecko/20080404 Firefox/2.0.0.14"
89.216.140.171 - - [10/Jun/2008:14:19:36 +0200] "GET /zampa-lovers/MILIZA_4.JPG HTTP/1.1" 200 9946 "http://www.various-euro.com/zampa-lovers/index.html" "Mozilla/5.0 (Windows; U; Windows NT 5.1; en-US; rv:1.8.1.14) Gecko/20080404 Firefox/2.0.0.14"
89.216.140.171 - - [10/Jun/2008:14:19:37 +0200] "GET /zampa-lovers/DRAGAN_Z.JPG HTTP/1.1" 200 6850 "http://www.various-euro.com/zampa-lovers/index.html" "Mozilla/5.0 (Windows; U; Windows NT 5.1; en-US; rv:1.8.1.14) Gecko/20080404 Firefox/2.0.0.14"
89.216.140.171 - - [10/Jun/2008:14:19:37 +0200] "GET /zampa-lovers/DRAGANZA.JPG HTTP/1.1" 200 18560 "http://www.various-euro.com/zampa-lovers/index.html" "Mozilla/5.0 (Windows; U; Windows NT 5.1; en-US; rv:1.8.1.14) Gecko/20080404 Firefox/2.0.0.14"
89.216.140.171 - - [10/Jun/2008:14:19:38 +0200] "GET /zampa-lovers/2SEITEVE.GIF HTTP/1.1" 200 83466 "http://www.various-euro.com/zampa-lovers/index.html" "Mozilla/5.0 (Windows; U; Windows NT 5.1; en-US; rv:1.8.1.14) Gecko/20080404 Firefox/2.0.0.14"
89.216.140.171 - - [10/Jun/2008:14:19:39 +0200] "GET /zampa-lovers/Kralle.gif HTTP/1.1" 200 260 "http://www.various-euro.com/zampa-lovers/index.html" "Mozilla/5.0 (Windows; U; Windows NT 5.1; en-US; rv:1.8.1.14) Gecko/20080404 Firefox/2.0.0.14"
89.216.140.171 - - [10/Jun/2008:14:19:39 +0200] "GET /zampa-lovers/zampa-2X2.gif HTTP/1.1" 200 6948 "http://www.various-euro.com/zampa-lovers/index.html" "Mozilla/5.0 (Windows; U; Windows NT 5.1; en-US; rv:1.8.1.14) Gecko/20080404 Firefox/2.0.0.14"
89.216.140.171 - - [10/Jun/2008:14:19:40 +0200] "GET /zampa-lovers/zampamali.gif HTTP/1.1" 200 2617 "http://www.various-euro.com/zampa-lovers/index.html" "Mozilla/5.0 (Windows; U; Windows NT 5.1; en-US; rv:1.8.1.14) Gecko/20080404 Firefox/2.0.0.14"
89.216.140.171 - - [10/Jun/2008:14:19:40 +0200] "GET /zampa-lovers/kralle.gif HTTP/1.1" 404 2748 "http://www.various-euro.com/zampa-lovers/index.html" "Mozilla/5.0 (Windows; U; Windows NT 5.1; en-US; rv:1.8.1.14) Gecko/20080404 Firefox/2.0.0.14"
89.216.140.171 - - [10/Jun/2008:14:19:37 +0200] "GET /zampa-lovers/1SEITEVE.GIF HTTP/1.1" 200 78726 "http://www.various-euro.com/zampa-lovers/index.html" "Mozilla/5.0 (Windows; U; Windows NT 5.1; en-US; rv:1.8.1.14) Gecko/20080404 Firefox/2.0.0.14"
89.216.140.171 - - [10/Jun/2008:14:19:42 +0200] "GET /framez-zampa-lovers.html HTTP/1.1" 200 4322 "http://www.various-euro.com/zampa-lovers/index.html" "Mozilla/5.0 (Windows; U; Windows NT 5.1; en-US; rv:1.8.1.14) Gecko/20080404 Firefox/2.0.0.14"
89.216.140.171 - - [10/Jun/2008:14:19:43 +0200] "GET /frame-menu.html HTTP/1.1" 200 10492 "http://www.various-euro.com/framez-zampa-lovers.html" "Mozilla/5.0 (Windows; U; Windows NT 5.1; en-US; rv:1.8.1.14) Gecko/20080404 Firefox/2.0.0.14"
89.216.140.171 - - [10/Jun/2008:14:19:40 +0200] "GET /zampa-lovers/zampa.gif HTTP/1.1" 200 460627 "http://www.various-euro.com/zampa-lovers/index.html" "Mozilla/5.0 (Windows; U; Windows NT 5.1; en-US; rv:1.8.1.14) Gecko/20080404 Firefox/2.0.0.14"
89.216.140.171 - - [10/Jun/2008:14:19:44 +0200] "GET /frame-unten.html HTTP/1.1" 200 5308 "http://www.various-euro.com/framez-zampa-lovers.html" "Mozilla/5.0 (Windows; U; Windows NT 5.1; en-US; rv:1.8.1.14) Gecko/20080404 Firefox/2.0.0.14"
89.216.140.171 - - [10/Jun/2008:14:19:44 +0200] "GET /ve-icon-2.ico HTTP/1.1" 200 2238 "-" "Mozilla/5.0 (Windows; U; Windows NT 5.1; en-US; rv:1.8.1.14) Gecko/20080404 Firefox/2.0.0.14"
89.216.140.171 - - [10/Jun/2008:14:19:43 +0200] "GET /zampa-lovers/index.html HTTP/1.1" 200 37790 "http://www.various-euro.com/framez-zampa-lovers.html" "Mozilla/5.0 (Windows; U; Windows NT 5.1; en-US; rv:1.8.1.14) Gecko/20080404 Firefox/2.0.0.14"
89.216.140.171 - - [10/Jun/2008:14:19:44 +0200] "GET /bannerz/ve.jpg HTTP/1.1" 200 36912 "http://www.various-euro.com/frame-unten.html" "Mozilla/5.0 (Windows; U; Windows NT 5.1; en-US; rv:1.8.1.14) Gecko/20080404 Firefox/2.0.0.14"
89.216.140.171 - - [10/Jun/2008:14:19:45 +0200] "GET /bannerz/various-euro-girl.jpg HTTP/1.1" 200 91514 "http://www.various-euro.com/frame-unten.html" "Mozilla/5.0 (Windows; U; Windows NT 5.1; en-US; rv:1.8.1.14) Gecko/20080404 Firefox/2.0.0.14"
89.216.140.171 - - [10/Jun/2008:14:19:48 +0200] "GET /zampa-lovers/kralle.gif HTTP/1.1" 404 2748 "http://www.various-euro.com/zampa-lovers/index.html" "Mozilla/5.0 (Windows; U; Windows NT 5.1; en-US; rv:1.8.1.14) Gecko/20080404 Firefox/2.0.0.14"
89.216.140.171 - - [10/Jun/2008:14:19:48 +0200] "GET /zampa-lovers/zampa.gif HTTP/1.1" 206 325192 "http://www.various-euro.com/zampa-lovers/index.html" "Mozilla/5.0 (Windows; U; Windows NT 5.1; en-US; rv:1.8.1.14) Gecko/20080404 Firefox/2.0.0.14"
89.216.140.171 - - [10/Jun/2008:14:19:47 +0200] "GET /bannerz/ubu-shot.png HTTP/1.1" 200 200117 "http://www.various-euro.com/frame-menu.html" "Mozilla/5.0 (Windows; U; Windows NT 5.1; en-US; rv:1.8.1.14) Gecko/20080404 Firefox/2.0.0.14"
193.252.149.15 - - [10/Jun/2008:14:34:26 +0200] "GET http://various-euro.com:80/robots.txt HTTP/1.1" 200 64 "-" "Mozilla/5.0 (Windows; U; Windows NT 5.1; fr; rv:1.8.1) VoilaBot BETA 1.2 (support.voilabot@orange-ftgroup.com)"
193.252.149.15 - - [10/Jun/2008:14:34:28 +0200] "GET /warez.html HTTP/1.1" 200 9754 "-" "Mozilla/5.0 (Windows; U; Windows NT 5.1; fr; rv:1.8.1) VoilaBot BETA 1.2 (support.voilabot@orange-ftgroup.com)"
66.249.66.4 - - [10/Jun/2008:14:36:03 +0200] "GET /bmpp/18.html HTTP/1.1" 200 4467 "-" "Mozilla/5.0 (compatible; Googlebot/2.1; +http://www.google.com/bot.html)"
89.216.140.171 - - [10/Jun/2008:14:45:20 +0200] "GET /zampa-lovers/kralle.gif HTTP/1.1" 404 2748 "http://www.various-euro.com/zampa-lovers/index.html" "Mozilla/5.0 (Windows; U; Windows NT 5.1; en-US; rv:1.8.1.14) Gecko/20080404 Firefox/2.0.0.14"
89.216.140.171 - - [10/Jun/2008:14:45:20 +0200] "GET /zampa-lovers/index.html HTTP/1.1" 200 37790 "http://www.google.com/search?q=zampa+lovers&ie=utf-8&oe=utf-8&aq=t&rls=org.mozilla:en-US:official&client=firefox-a" "Mozilla/5.0 (Windows; U; Windows NT 5.1; en-US; rv:1.8.1.14) Gecko/20080404 Firefox/2.0.0.14"
89.216.140.171 - - [10/Jun/2008:14:45:26 +0200] "GET /zampa-lovers/ZAMPAMA2.MPG HTTP/1.1" 200 63492 "http://www.various-euro.com/zampa-lovers/index.html" "Mozilla/5.0 (Windows; U; Windows NT 5.1; en-US; rv:1.8.1.14) Gecko/20080404 Firefox/2.0.0.14"
89.216.140.171 - - [10/Jun/2008:14:45:26 +0200] "GET /zampa-lovers/WASISTMI1.MPG HTTP/1.1" 200 271221 "http://www.various-euro.com/zampa-lovers/index.html" "Mozilla/5.0 (Windows; U; Windows NT 5.1; en-US; rv:1.8.1.14) Gecko/20080404 Firefox/2.0.0.14"
89.216.140.171 - - [10/Jun/2008:14:45:27 +0200] "GET /zampa-lovers/ZAMPAMAS.MPG HTTP/1.1" 200 520196 "http://www.various-euro.com/zampa-lovers/index.html" "Mozilla/5.0 (Windows; U; Windows NT 5.1; en-US; rv:1.8.1.14) Gecko/20080404 Firefox/2.0.0.14"
89.216.140.171 - - [10/Jun/2008:14:46:04 +0200] "GET /framez-zampa-lovers.html HTTP/1.1" 200 4322 "http://www.various-euro.com/zampa-lovers/index.html" "Mozilla/5.0 (Windows; U; Windows NT 5.1; en-US; rv:1.8.1.14) Gecko/20080404 Firefox/2.0.0.14"
89.216.140.171 - - [10/Jun/2008:14:46:11 +0200] "GET /frame-menu.html HTTP/1.1" 200 10492 "http://www.various-euro.com/framez-zampa-lovers.html" "Mozilla/5.0 (Windows; U; Windows NT 5.1; en-US; rv:1.8.1.14) Gecko/20080404 Firefox/2.0.0.14"
89.216.140.171 - - [10/Jun/2008:14:46:11 +0200] "GET /zampa-lovers/index.html HTTP/1.1" 200 37790 "http://www.various-euro.com/framez-zampa-lovers.html" "Mozilla/5.0 (Windows; U; Windows NT 5.1; en-US; rv:1.8.1.14) Gecko/20080404 Firefox/2.0.0.14"
89.216.140.171 - - [10/Jun/2008:14:46:12 +0200] "GET /frame-unten.html HTTP/1.1" 200 5308 "http://www.various-euro.com/framez-zampa-lovers.html" "Mozilla/5.0 (Windows; U; Windows NT 5.1; en-US; rv:1.8.1.14) Gecko/20080404 Firefox/2.0.0.14"
89.216.140.171 - - [10/Jun/2008:14:46:14 +0200] "GET /zampa-lovers/kralle.gif HTTP/1.1" 404 2748 "http://www.various-euro.com/zampa-lovers/index.html" "Mozilla/5.0 (Windows; U; Windows NT 5.1; en-US; rv:1.8.1.14) Gecko/20080404 Firefox/2.0.0.14"
74.6.22.151 - - [10/Jun/2008:14:46:45 +0200] "GET /robots.txt HTTP/1.0" 200 64 "-" "Mozilla/5.0 (compatible; Yahoo! Slurp; http://help.yahoo.com/help/us/ysearch/slurp)"
67.195.37.109 - - [10/Jun/2008:15:15:01 +0200] "GET /neon/euro.html HTTP/1.0" 200 2212 "-" "Mozilla/5.0 (compatible; Yahoo! Slurp/3.0; http://help.yahoo.com/help/us/ysearch/slurp)"
67.195.51.216 - - [10/Jun/2008:15:23:41 +0200] "GET /framez-rez.html HTTP/1.0" 200 4323 "-" "Mozilla/5.0 (compatible; Yahoo! Slurp; http://help.yahoo.com/help/us/ysearch/slurp)"
66.249.66.4 - - [10/Jun/2008:15:29:16 +0200] "GET /neon/sushi.html HTTP/1.1" 200 687 "-" "Mozilla/5.0 (compatible; Googlebot/2.1; +http://www.google.com/bot.html)"
66.249.66.4 - - [10/Jun/2008:15:32:49 +0200] "GET /logs/usage_200705.html HTTP/1.1" 200 109447 "-" "Mozilla/5.0 (compatible; Googlebot/2.1; +http://www.google.com/bot.html)"
67.195.37.109 - - [10/Jun/2008:15:43:34 +0200] "GET /rez/326.mp3 HTTP/1.0" 200 7672484 "-" "Mozilla/5.0 (compatible; Yahoo! Slurp/3.0; http://help.yahoo.com/help/us/ysearch/slurp)"
66.249.66.4 - - [10/Jun/2008:15:57:39 +0200] "GET /bmpp/18start.html HTTP/1.1" 200 320 "-" "Mozilla/5.0 (compatible; Googlebot/2.1; +http://www.google.com/bot.html)"
74.6.22.151 - - [10/Jun/2008:16:13:29 +0200] "GET /robots.txt HTTP/1.0" 200 64 "-" "Mozilla/5.0 (compatible; Yahoo! Slurp; http://help.yahoo.com/help/us/ysearch/slurp)"
74.6.22.151 - - [10/Jun/2008:16:13:29 +0200] "GET /games/virtualcop/virtualcop.swf HTTP/1.0" 200 2563562 "-" "Mozilla/5.0 (compatible; Yahoo! Slurp; http://help.yahoo.com/help/us/ysearch/slurp)"
85.200.142.250 - - [10/Jun/2008:16:13:32 +0200] "GET / HTTP/1.1" 302 353 "http://www.facebook.com/profile.php?id=1319769011" "Mozilla/5.0 (compatible; Konqueror/3.5; Linux; nb) KHTML/3.5.9 (like Gecko) (Kubuntu)"
85.200.142.250 - - [10/Jun/2008:16:13:33 +0200] "GET /zampa/ HTTP/1.1" 200 7153 "http://www.facebook.com/profile.php?id=1319769011" "Mozilla/5.0 (compatible; Konqueror/3.5; Linux; nb) KHTML/3.5.9 (like Gecko) (Kubuntu)"
85.200.142.250 - - [10/Jun/2008:16:13:34 +0200] "GET /zampa/slike/udupetu.gif HTTP/1.1" 200 4138 "http://www.various-euro.com/zampa/" "Mozilla/5.0 (compatible; Konqueror/3.5; Linux; nb) KHTML/3.5.9 (like Gecko) (Kubuntu)"
85.200.142.250 - - [10/Jun/2008:16:13:34 +0200] "GET /zampa/slike/zampa.gif HTTP/1.1" 200 5310 "http://www.various-euro.com/zampa/" "Mozilla/5.0 (compatible; Konqueror/3.5; Linux; nb) KHTML/3.5.9 (like Gecko) (Kubuntu)"
85.200.142.250 - - [10/Jun/2008:16:13:34 +0200] "GET /zampa/slike/inthearse.gif HTTP/1.1" 200 4077 "http://www.various-euro.com/zampa/" "Mozilla/5.0 (compatible; Konqueror/3.5; Linux; nb) KHTML/3.5.9 (like Gecko) (Kubuntu)"
85.200.142.250 - - [10/Jun/2008:16:13:36 +0200] "GET /favicon.ico HTTP/1.1" 404 2748 "-" "Mozilla/5.0 (compatible; Konqueror/3.5; Linux; nb) KHTML/3.5.9 (like Gecko) (Kubuntu)"
74.6.22.151 - - [10/Jun/2008:16:35:38 +0200] "GET /schubb/schubb-4.html HTTP/1.0" 200 17746 "-" "Mozilla/5.0 (compatible; Yahoo! Slurp; http://help.yahoo.com/help/us/ysearch/slurp)"
74.6.22.151 - - [10/Jun/2008:16:37:23 +0200] "GET /rez/327.mp3 HTTP/1.0" 200 2771948 "-" "Mozilla/5.0 (compatible; Yahoo! Slurp; http://help.yahoo.com/help/us/ysearch/slurp)"
77.91.224.5 - - [10/Jun/2008:16:39:39 +0200] "GET /robots.txt HTTP/1.1" 200 64 "-" "WebAlta Crawler/2.0 (http://www.webalta.net/ru/about_webmaster.html) (Windows; U; Windows NT 5.1; ru-RU)"
77.91.224.5 - - [10/Jun/2008:16:39:39 +0200] "GET / HTTP/1.1" 200 10127 "-" "WebAlta Crawler/2.0 (http://www.webalta.net/ru/about_webmaster.html) (Windows; U; Windows NT 5.1; ru-RU)"
84.190.31.253 - - [10/Jun/2008:16:42:16 +0200] "GET / HTTP/1.1" 200 10127 "-" "Mozilla/5.0 (X11; U; Linux i686; de; rv:1.9) Gecko/2008052912 Firefox/3.0"
84.190.31.253 - - [10/Jun/2008:16:42:16 +0200] "GET /ve-icon-2.ico HTTP/1.1" 200 2238 "-" "Mozilla/5.0 (X11; U; Linux i686; de; rv:1.9) Gecko/2008052912 Firefox/3.0"
84.190.31.253 - - [10/Jun/2008:16:42:16 +0200] "GET /framez_0.html HTTP/1.1" 200 12444 "http://www.various-euro.com/" "Mozilla/5.0 (X11; U; Linux i686; de; rv:1.9) Gecko/2008052912 Firefox/3.0"
84.190.31.253 - - [10/Jun/2008:16:42:18 +0200] "GET /framez.html HTTP/1.1" 200 3883 "http://www.various-euro.com/framez_0.html" "Mozilla/5.0 (X11; U; Linux i686; de; rv:1.9) Gecko/2008052912 Firefox/3.0"
84.190.31.253 - - [10/Jun/2008:16:42:18 +0200] "GET /frame-menu.html HTTP/1.1" 200 10492 "http://www.various-euro.com/framez.html" "Mozilla/5.0 (X11; U; Linux i686; de; rv:1.9) Gecko/2008052912 Firefox/3.0"
84.190.31.253 - - [10/Jun/2008:16:42:18 +0200] "GET /frame-inhalt.html HTTP/1.1" 200 8784 "http://www.various-euro.com/framez.html" "Mozilla/5.0 (X11; U; Linux i686; de; rv:1.9) Gecko/2008052912 Firefox/3.0"
84.190.31.253 - - [10/Jun/2008:16:42:18 +0200] "GET /frame-unten.html HTTP/1.1" 200 5308 "http://www.various-euro.com/framez.html" "Mozilla/5.0 (X11; U; Linux i686; de; rv:1.9) Gecko/2008052912 Firefox/3.0"
84.190.31.253 - - [10/Jun/2008:16:42:18 +0200] "GET /bannerz/neon_click_3.gif HTTP/1.1" 200 240 "http://www.various-euro.com/frame-inhalt.html" "Mozilla/5.0 (X11; U; Linux i686; de; rv:1.9) Gecko/2008052912 Firefox/3.0"
84.190.31.253 - - [10/Jun/2008:16:42:18 +0200] "GET /bannerz/neon_click_1.gif HTTP/1.1" 200 890 "http://www.various-euro.com/frame-inhalt.html" "Mozilla/5.0 (X11; U; Linux i686; de; rv:1.9) Gecko/2008052912 Firefox/3.0"
84.190.31.253 - - [10/Jun/2008:16:42:18 +0200] "GET /eurosign3.gif HTTP/1.1" 200 7879 "http://www.various-euro.com/frame-inhalt.html" "Mozilla/5.0 (X11; U; Linux i686; de; rv:1.9) Gecko/2008052912 Firefox/3.0"
84.190.31.253 - - [10/Jun/2008:16:42:18 +0200] "GET /bannerz/anti_black_small.gif HTTP/1.1" 200 1009 "http://www.various-euro.com/frame-inhalt.html" "Mozilla/5.0 (X11; U; Linux i686; de; rv:1.9) Gecko/2008052912 Firefox/3.0"
84.190.31.253 - - [10/Jun/2008:16:42:18 +0200] "GET /bannerz/wet.gif HTTP/1.1" 200 18561 "http://www.various-euro.com/frame-inhalt.html" "Mozilla/5.0 (X11; U; Linux i686; de; rv:1.9) Gecko/2008052912 Firefox/3.0"
84.190.31.253 - - [10/Jun/2008:16:42:18 +0200] "GET /bannerz/google/Logo_40blk.gif HTTP/1.1" 200 2308 "http://www.various-euro.com/frame-inhalt.html" "Mozilla/5.0 (X11; U; Linux i686; de; rv:1.9) Gecko/2008052912 Firefox/3.0"
84.190.31.253 - - [10/Jun/2008:16:42:18 +0200] "GET /bannerz/neon_click_2.gif HTTP/1.1" 200 387 "http://www.various-euro.com/frame-inhalt.html" "Mozilla/5.0 (X11; U; Linux i686; de; rv:1.9) Gecko/2008052912 Firefox/3.0"
84.190.31.253 - - [10/Jun/2008:16:42:18 +0200] "GET /bannerz/douwil.gif HTTP/1.1" 200 528 "http://www.various-euro.com/frame-inhalt.html" "Mozilla/5.0 (X11; U; Linux i686; de; rv:1.9) Gecko/2008052912 Firefox/3.0"
84.190.31.253 - - [10/Jun/2008:16:42:18 +0200] "GET /bannerz/copyleft_black_small.gif HTTP/1.1" 200 1231 "http://www.various-euro.com/frame-inhalt.html" "Mozilla/5.0 (X11; U; Linux i686; de; rv:1.9) Gecko/2008052912 Firefox/3.0"
84.190.31.253 - - [10/Jun/2008:16:42:18 +0200] "GET /bannerz/goolag_468.jpg HTTP/1.1" 200 28285 "http://www.various-euro.com/frame-inhalt.html" "Mozilla/5.0 (X11; U; Linux i686; de; rv:1.9) Gecko/2008052912 Firefox/3.0"
84.190.31.253 - - [10/Jun/2008:16:42:18 +0200] "GET /bannerz/ve.jpg HTTP/1.1" 200 36912 "http://www.various-euro.com/frame-unten.html" "Mozilla/5.0 (X11; U; Linux i686; de; rv:1.9) Gecko/2008052912 Firefox/3.0"
84.190.31.253 - - [10/Jun/2008:16:42:18 +0200] "GET /bannerz/ubu-shot.png HTTP/1.1" 200 200117 "http://www.various-euro.com/frame-menu.html" "Mozilla/5.0 (X11; U; Linux i686; de; rv:1.9) Gecko/2008052912 Firefox/3.0"
84.190.31.253 - - [10/Jun/2008:16:42:18 +0200] "GET /bannerz/various-euro-girl.jpg HTTP/1.1" 200 91514 "http://www.various-euro.com/frame-unten.html" "Mozilla/5.0 (X11; U; Linux i686; de; rv:1.9) Gecko/2008052912 Firefox/3.0"
84.190.31.253 - - [10/Jun/2008:16:42:23 +0200] "GET /frame-menu.html HTTP/1.1" 200 10492 "http://www.various-euro.com/framez.html" "Mozilla/5.0 (X11; U; Linux i686; de; rv:1.9) Gecko/2008052912 Firefox/3.0"
84.190.31.253 - - [10/Jun/2008:16:42:23 +0200] "GET /frame-inhalt.html HTTP/1.1" 200 8784 "http://www.various-euro.com/framez.html" "Mozilla/5.0 (X11; U; Linux i686; de; rv:1.9) Gecko/2008052912 Firefox/3.0"
84.190.31.253 - - [10/Jun/2008:16:42:23 +0200] "GET /frame-unten.html HTTP/1.1" 200 5308 "http://www.various-euro.com/framez.html" "Mozilla/5.0 (X11; U; Linux i686; de; rv:1.9) Gecko/2008052912 Firefox/3.0"
84.190.31.253 - - [10/Jun/2008:16:42:23 +0200] "GET /bannerz/ubu-shot.png HTTP/1.1" 304 - "http://www.various-euro.com/frame-menu.html" "Mozilla/5.0 (X11; U; Linux i686; de; rv:1.9) Gecko/2008052912 Firefox/3.0"
84.190.31.253 - - [10/Jun/2008:16:42:23 +0200] "GET /bannerz/neon_click_3.gif HTTP/1.1" 304 - "http://www.various-euro.com/frame-inhalt.html" "Mozilla/5.0 (X11; U; Linux i686; de; rv:1.9) Gecko/2008052912 Firefox/3.0"
84.190.31.253 - - [10/Jun/2008:16:42:23 +0200] "GET /bannerz/goolag_468.jpg HTTP/1.1" 304 - "http://www.various-euro.com/frame-inhalt.html" "Mozilla/5.0 (X11; U; Linux i686; de; rv:1.9) Gecko/2008052912 Firefox/3.0"
84.190.31.253 - - [10/Jun/2008:16:42:23 +0200] "GET /bannerz/ve.jpg HTTP/1.1" 304 - "http://www.various-euro.com/frame-unten.html" "Mozilla/5.0 (X11; U; Linux i686; de; rv:1.9) Gecko/2008052912 Firefox/3.0"
84.190.31.253 - - [10/Jun/2008:16:42:23 +0200] "GET /bannerz/various-euro-girl.jpg HTTP/1.1" 304 - "http://www.various-euro.com/frame-unten.html" "Mozilla/5.0 (X11; U; Linux i686; de; rv:1.9) Gecko/2008052912 Firefox/3.0"
84.190.31.253 - - [10/Jun/2008:16:42:23 +0200] "GET /eurosign3.gif HTTP/1.1" 304 - "http://www.various-euro.com/frame-inhalt.html" "Mozilla/5.0 (X11; U; Linux i686; de; rv:1.9) Gecko/2008052912 Firefox/3.0"
84.190.31.253 - - [10/Jun/2008:16:42:23 +0200] "GET /bannerz/neon_click_1.gif HTTP/1.1" 304 - "http://www.various-euro.com/frame-inhalt.html" "Mozilla/5.0 (X11; U; Linux i686; de; rv:1.9) Gecko/2008052912 Firefox/3.0"
84.190.31.253 - - [10/Jun/2008:16:42:23 +0200] "GET /bannerz/wet.gif HTTP/1.1" 304 - "http://www.various-euro.com/frame-inhalt.html" "Mozilla/5.0 (X11; U; Linux i686; de; rv:1.9) Gecko/2008052912 Firefox/3.0"
84.190.31.253 - - [10/Jun/2008:16:42:23 +0200] "GET /bannerz/ubu-shot.png HTTP/1.1" 304 - "http://www.various-euro.com/frame-inhalt.html" "Mozilla/5.0 (X11; U; Linux i686; de; rv:1.9) Gecko/2008052912 Firefox/3.0"
84.190.31.253 - - [10/Jun/2008:16:42:23 +0200] "GET /bannerz/google/Logo_40blk.gif HTTP/1.1" 304 - "http://www.various-euro.com/frame-inhalt.html" "Mozilla/5.0 (X11; U; Linux i686; de; rv:1.9) Gecko/2008052912 Firefox/3.0"
84.190.31.253 - - [10/Jun/2008:16:42:23 +0200] "GET /bannerz/neon_click_2.gif HTTP/1.1" 304 - "http://www.various-euro.com/frame-inhalt.html" "Mozilla/5.0 (X11; U; Linux i686; de; rv:1.9) Gecko/2008052912 Firefox/3.0"
84.190.31.253 - - [10/Jun/2008:16:42:23 +0200] "GET /bannerz/douwil.gif HTTP/1.1" 304 - "http://www.various-euro.com/frame-inhalt.html" "Mozilla/5.0 (X11; U; Linux i686; de; rv:1.9) Gecko/2008052912 Firefox/3.0"
84.190.31.253 - - [10/Jun/2008:16:42:23 +0200] "GET /bannerz/anti_black_small.gif HTTP/1.1" 304 - "http://www.various-euro.com/frame-inhalt.html" "Mozilla/5.0 (X11; U; Linux i686; de; rv:1.9) Gecko/2008052912 Firefox/3.0"
84.190.31.253 - - [10/Jun/2008:16:42:23 +0200] "GET /bannerz/copyleft_black_small.gif HTTP/1.1" 304 - "http://www.various-euro.com/frame-inhalt.html" "Mozilla/5.0 (X11; U; Linux i686; de; rv:1.9) Gecko/2008052912 Firefox/3.0"
84.190.31.253 - - [10/Jun/2008:16:42:27 +0200] "GET /frame-menu.html HTTP/1.1" 200 10492 "http://www.various-euro.com/framez.html" "Mozilla/5.0 (X11; U; Linux i686; de; rv:1.9) Gecko/2008052912 Firefox/3.0"
84.190.31.253 - - [10/Jun/2008:16:42:27 +0200] "GET /frame-inhalt.html HTTP/1.1" 200 8784 "http://www.various-euro.com/framez.html" "Mozilla/5.0 (X11; U; Linux i686; de; rv:1.9) Gecko/2008052912 Firefox/3.0"
84.190.31.253 - - [10/Jun/2008:16:42:27 +0200] "GET /frame-unten.html HTTP/1.1" 200 5308 "http://www.various-euro.com/framez.html" "Mozilla/5.0 (X11; U; Linux i686; de; rv:1.9) Gecko/2008052912 Firefox/3.0"
84.190.31.253 - - [10/Jun/2008:16:42:27 +0200] "GET /bannerz/neon_click_3.gif HTTP/1.1" 304 - "http://www.various-euro.com/frame-inhalt.html" "Mozilla/5.0 (X11; U; Linux i686; de; rv:1.9) Gecko/2008052912 Firefox/3.0"
84.190.31.253 - - [10/Jun/2008:16:42:27 +0200] "GET /bannerz/goolag_468.jpg HTTP/1.1" 304 - "http://www.various-euro.com/frame-inhalt.html" "Mozilla/5.0 (X11; U; Linux i686; de; rv:1.9) Gecko/2008052912 Firefox/3.0"
84.190.31.253 - - [10/Jun/2008:16:42:27 +0200] "GET /bannerz/ubu-shot.png HTTP/1.1" 304 - "http://www.various-euro.com/frame-menu.html" "Mozilla/5.0 (X11; U; Linux i686; de; rv:1.9) Gecko/2008052912 Firefox/3.0"
84.190.31.253 - - [10/Jun/2008:16:42:27 +0200] "GET /bannerz/ve.jpg HTTP/1.1" 304 - "http://www.various-euro.com/frame-unten.html" "Mozilla/5.0 (X11; U; Linux i686; de; rv:1.9) Gecko/2008052912 Firefox/3.0"
84.190.31.253 - - [10/Jun/2008:16:42:27 +0200] "GET /bannerz/various-euro-girl.jpg HTTP/1.1" 304 - "http://www.various-euro.com/frame-unten.html" "Mozilla/5.0 (X11; U; Linux i686; de; rv:1.9) Gecko/2008052912 Firefox/3.0"
84.190.31.253 - - [10/Jun/2008:16:42:28 +0200] "GET /eurosign3.gif HTTP/1.1" 304 - "http://www.various-euro.com/frame-inhalt.html" "Mozilla/5.0 (X11; U; Linux i686; de; rv:1.9) Gecko/2008052912 Firefox/3.0"
84.190.31.253 - - [10/Jun/2008:16:42:28 +0200] "GET /bannerz/neon_click_1.gif HTTP/1.1" 304 - "http://www.various-euro.com/frame-inhalt.html" "Mozilla/5.0 (X11; U; Linux i686; de; rv:1.9) Gecko/2008052912 Firefox/3.0"
