81.52.143.16 - - [28/Sep/2008:23:00:09 +0200] "GET /neon/girlz2.html HTTP/1.1" 200 2937 "-" "Mozilla/5.0 (Windows; U; Windows NT 5.1; fr; rv:1.8.1) VoilaBot BETA 1.2 (support.voilabot@orange-ftgroup.com)"
74.6.17.182 - - [28/Sep/2008:23:04:47 +0200] "GET /logs/usage_200701.html HTTP/1.0" 200 109268 "-" "Mozilla/5.0 (compatible; Yahoo! Slurp; http://help.yahoo.com/help/us/ysearch/slurp)"
74.6.17.182 - - [28/Sep/2008:23:06:32 +0200] "GET /f-search.html HTTP/1.0" 200 11800 "-" "Mozilla/5.0 (compatible; Yahoo! Slurp; http://help.yahoo.com/help/us/ysearch/slurp)"
74.6.17.182 - - [28/Sep/2008:23:09:43 +0200] "GET /bmpp/eurolauf.html HTTP/1.0" 200 3078 "-" "Mozilla/5.0 (compatible; Yahoo! Slurp; http://help.yahoo.com/help/us/ysearch/slurp)"
65.214.45.100 - - [28/Sep/2008:23:12:16 +0200] "GET /framez-zampa-lovers.html HTTP/1.0" 200 4322 "-" "Mozilla/5.0 (compatible; Ask Jeeves/Teoma; +http://about.ask.com/en/docs/about/webmasters.shtml)"
65.214.45.100 - - [28/Sep/2008:23:12:17 +0200] "GET /frame-menu.html HTTP/1.0" 200 10536 "-" "Mozilla/5.0 (compatible; Ask Jeeves/Teoma; +http://about.ask.com/en/docs/about/webmasters.shtml)"
65.214.45.100 - - [28/Sep/2008:23:12:17 +0200] "GET /zampa-lovers/index.html HTTP/1.0" 200 37790 "-" "Mozilla/5.0 (compatible; Ask Jeeves/Teoma; +http://about.ask.com/en/docs/about/webmasters.shtml)"
65.214.45.100 - - [28/Sep/2008:23:12:18 +0200] "GET /frame-unten.html HTTP/1.0" 200 5308 "-" "Mozilla/5.0 (compatible; Ask Jeeves/Teoma; +http://about.ask.com/en/docs/about/webmasters.shtml)"
68.142.212.211 - - [28/Sep/2008:23:18:53 +0200] "GET /robots.txt HTTP/1.0" 200 64 "-" "Mozilla/5.0 (Yahoo-MMCrawler/4.0; mailto:vertical-crawl-support@yahoo-inc.com)"
68.142.212.211 - - [28/Sep/2008:23:18:54 +0200] "GET /bannerz/ubu-shot.png HTTP/1.0" 200 200117 "-" "Mozilla/5.0 (Yahoo-MMCrawler/4.0; mailto:vertical-crawl-support@yahoo-inc.com)"
65.214.45.100 - - [28/Sep/2008:23:20:24 +0200] "GET /framez.html HTTP/1.0" 200 3959 "-" "Mozilla/5.0 (compatible; Ask Jeeves/Teoma; +http://about.ask.com/en/docs/about/webmasters.shtml)"
65.214.45.100 - - [28/Sep/2008:23:20:24 +0200] "GET /framez.html HTTP/1.0" 200 3959 "-" "Mozilla/5.0 (compatible; Ask Jeeves/Teoma; +http://about.ask.com/en/docs/about/webmasters.shtml)"
65.214.45.100 - - [28/Sep/2008:23:20:24 +0200] "GET /frame-inhalt.html HTTP/1.0" 200 5418 "-" "Mozilla/5.0 (compatible; Ask Jeeves/Teoma; +http://about.ask.com/en/docs/about/webmasters.shtml)"
68.142.212.211 - - [28/Sep/2008:23:33:52 +0200] "GET /robots.txt HTTP/1.0" 200 64 "-" "Mozilla/5.0 (Yahoo-MMCrawler/4.0; mailto:vertical-crawl-support@yahoo-inc.com)"
68.142.212.211 - - [28/Sep/2008:23:33:52 +0200] "GET /bannerz/ubu-shot.png HTTP/1.0" 200 200117 "-" "Mozilla/5.0 (Yahoo-MMCrawler/4.0; mailto:vertical-crawl-support@yahoo-inc.com)"
208.80.194.48 - - [28/Sep/2008:23:37:55 +0200] "GET / HTTP/1.0" 200 7869 "-" "Mozilla/4.0 (compatible; MSIE 6.0; Windows NT 5.1; {A27ECA0B-C251-2094-665D-96829544DFF7}; SpamBlockerUtility 4.8.4)"
208.80.194.48 - - [28/Sep/2008:23:37:55 +0200] "GET / HTTP/1.0" 200 7869 "-" "Mozilla/4.0 (compatible; MSIE 6.0; Windows NT 5.1; {906E4F77-A82D-B0C5-DD09-955294513388})"
193.252.149.15 - - [28/Sep/2008:23:49:15 +0200] "GET /bmpp/euro_pal_111.html HTTP/1.1" 200 2129 "-" "Mozilla/5.0 (Windows; U; Windows NT 5.1; fr; rv:1.8.1) VoilaBot BETA 1.2 (support.voilabot@orange-ftgroup.com)"
68.142.212.211 - - [28/Sep/2008:23:52:48 +0200] "GET /robots.txt HTTP/1.0" 200 64 "-" "Mozilla/5.0 (Yahoo-MMCrawler/4.0; mailto:vertical-crawl-support@yahoo-inc.com)"
68.142.212.211 - - [28/Sep/2008:23:52:48 +0200] "GET /bannerz/ubu-shot.png HTTP/1.0" 200 200117 "-" "Mozilla/5.0 (Yahoo-MMCrawler/4.0; mailto:vertical-crawl-support@yahoo-inc.com)"
193.252.149.16 - - [29/Sep/2008:00:05:35 +0200] "GET /DgH/ HTTP/1.1" 200 5024 "-" "Mozilla/5.0 (Windows; U; Windows NT 5.1; fr; rv:1.8.1) VoilaBot BETA 1.2 (support.voilabot@orange-ftgroup.com)"
65.55.211.184 - - [29/Sep/2008:01:15:29 +0200] "GET /robots.txt HTTP/1.1" 200 64 "-" "msnbot/1.1 (+http://search.msn.com/msnbot.htm)"
65.55.211.184 - - [29/Sep/2008:01:15:30 +0200] "GET /3dsf3/sendi/catastrophe.html HTTP/1.1" 200 1322 "-" "msnbot/1.1 (+http://search.msn.com/msnbot.htm)"
193.252.149.16 - - [29/Sep/2008:02:05:21 +0200] "GET /framez.html HTTP/1.1" 200 3959 "-" "Mozilla/5.0 (Windows; U; Windows NT 5.1; fr; rv:1.8.1) VoilaBot BETA 1.2 (support.voilabot@orange-ftgroup.com)"
193.252.149.16 - - [29/Sep/2008:02:05:53 +0200] "GET /frame-inhalt.html HTTP/1.1" 200 5418 "-" "Mozilla/5.0 (Windows; U; Windows NT 5.1; fr; rv:1.8.1) VoilaBot BETA 1.2 (support.voilabot@orange-ftgroup.com)"
193.252.149.16 - - [29/Sep/2008:02:05:53 +0200] "GET /frame-menu.html HTTP/1.1" 200 10536 "-" "Mozilla/5.0 (Windows; U; Windows NT 5.1; fr; rv:1.8.1) VoilaBot BETA 1.2 (support.voilabot@orange-ftgroup.com)"
193.252.149.16 - - [29/Sep/2008:02:05:53 +0200] "GET /frame-unten.html HTTP/1.1" 200 5308 "-" "Mozilla/5.0 (Windows; U; Windows NT 5.1; fr; rv:1.8.1) VoilaBot BETA 1.2 (support.voilabot@orange-ftgroup.com)"
193.252.149.16 - - [29/Sep/2008:02:06:12 +0200] "GET /bmpp/18start.html HTTP/1.1" 200 320 "-" "Mozilla/5.0 (Windows; U; Windows NT 5.1; fr; rv:1.8.1) VoilaBot BETA 1.2 (support.voilabot@orange-ftgroup.com)"
201.252.0.31 - - [29/Sep/2008:02:51:37 +0200] "POST /admin/login.php HTTP/1.1" 404 2748 "http://various-euro.com/admin/login.php" "Mozilla/4.0 (compatible; MSIE 6.0; Windows NT 5.1)"
66.249.65.169 - - [29/Sep/2008:03:20:39 +0200] "GET /f-search.html HTTP/1.1" 200 11800 "-" "Mozilla/5.0 (compatible; Googlebot/2.1; +http://www.google.com/bot.html)"
74.6.17.182 - - [29/Sep/2008:03:35:22 +0200] "GET /robots.txt HTTP/1.0" 200 64 "-" "Mozilla/5.0 (compatible; Yahoo! Slurp; http://help.yahoo.com/help/us/ysearch/slurp)"
74.6.17.182 - - [29/Sep/2008:03:35:22 +0200] "GET /schubb/schubb-1.html HTTP/1.0" 200 9070 "-" "Mozilla/5.0 (compatible; Yahoo! Slurp; http://help.yahoo.com/help/us/ysearch/slurp)"
58.31.120.150 - - [29/Sep/2008:04:19:37 +0200] "GET /favicon.ico HTTP/1.1" 404 2748 "-" "Mozilla/5.0 (Windows; U; Windows NT 5.1; zh-CN; rv:1.8.1.16) Gecko/20080702 Firefox/2.0.0.16"
82.166.163.10 - - [29/Sep/2008:04:42:50 +0200] "GET /restate_copy.html HTTP/1.1" 200 97631 "-" "Mozilla/4.0 (compatible; MSIE 6.0; Windows NT 5.1; SV1; .NET CLR 1.1.4322)"
82.166.163.13 - - [29/Sep/2008:04:42:51 +0200] "GET /menueleiste.js HTTP/1.1" 404 2748 "http://www.various-euro.com/restate_copy.html" "Mozilla/4.0 (compatible; MSIE 6.0; Windows NT 5.1; SV1; .NET CLR 1.1.4322)"
82.166.163.10 - - [29/Sep/2008:04:42:51 +0200] "GET /re.state} HTTP/1.1" 404 2748 "http://www.various-euro.com/restate_copy.html" "Mozilla/4.0 (compatible; MSIE 6.0; Windows NT 5.1; SV1; .NET CLR 1.1.4322)"
66.249.65.169 - - [29/Sep/2008:05:03:35 +0200] "GET /robots.txt HTTP/1.1" 200 64 "-" "Mozilla/5.0 (compatible; Googlebot/2.1; +http://www.google.com/bot.html)"
66.249.65.169 - - [29/Sep/2008:05:03:35 +0200] "GET /net.html HTTP/1.1" 404 2748 "-" "Mozilla/5.0 (compatible; Googlebot/2.1; +http://www.google.com/bot.html)"
82.99.30.13 - - [29/Sep/2008:05:12:10 +0200] "GET /DgH/watch/pict/Watch-DgH02.jpg HTTP/1.0" 200 12152 "http://www.munax.com/referer.htm" "Mozilla/4.0 (compatible; MSIE 6.0; Windows NT 5.1)"
82.99.30.13 - - [29/Sep/2008:05:12:10 +0200] "GET /DgH/watch/pict/Watch-DgH04.jpg HTTP/1.0" 200 12152 "http://www.munax.com/referer.htm" "Mozilla/4.0 (compatible; MSIE 6.0; Windows NT 5.1)"
82.99.30.13 - - [29/Sep/2008:05:12:10 +0200] "GET /DgH/watch/pict/Watch-DgH03.jpg HTTP/1.0" 200 12152 "http://www.munax.com/referer.htm" "Mozilla/4.0 (compatible; MSIE 6.0; Windows NT 5.1)"
82.99.30.13 - - [29/Sep/2008:05:12:10 +0200] "GET /DgH/watch/pict/GNouFL-IS.jpg HTTP/1.0" 200 23320 "http://www.munax.com/referer.htm" "Mozilla/4.0 (compatible; MSIE 6.0; Windows NT 5.1)"
82.99.30.13 - - [29/Sep/2008:05:12:10 +0200] "GET /DgH/watch/pict/Watch-DgH08.jpg HTTP/1.0" 200 12152 "http://www.munax.com/referer.htm" "Mozilla/4.0 (compatible; MSIE 6.0; Windows NT 5.1)"
82.99.30.13 - - [29/Sep/2008:05:12:10 +0200] "GET /DgH/watch/pict/Watch-DgH09.jpg HTTP/1.0" 200 12152 "http://www.munax.com/referer.htm" "Mozilla/4.0 (compatible; MSIE 6.0; Windows NT 5.1)"
82.99.30.13 - - [29/Sep/2008:05:12:10 +0200] "GET /DgH/watch/pict/Watch-DgH07.jpg HTTP/1.0" 200 12152 "http://www.munax.com/referer.htm" "Mozilla/4.0 (compatible; MSIE 6.0; Windows NT 5.1)"
82.99.30.13 - - [29/Sep/2008:05:12:10 +0200] "GET /DgH/watch/pict/Watch-DgH10.jpg HTTP/1.0" 200 12152 "http://www.munax.com/referer.htm" "Mozilla/4.0 (compatible; MSIE 6.0; Windows NT 5.1)"
82.99.30.13 - - [29/Sep/2008:05:12:10 +0200] "GET /DgH/watch/pict/Watch-DgH01.jpg HTTP/1.0" 200 12152 "http://www.munax.com/referer.htm" "Mozilla/4.0 (compatible; MSIE 6.0; Windows NT 5.1)"
82.99.30.13 - - [29/Sep/2008:05:12:10 +0200] "GET /DgH/watch/pict/Watch-DgH05.jpg HTTP/1.0" 200 12152 "http://www.munax.com/referer.htm" "Mozilla/4.0 (compatible; MSIE 6.0; Windows NT 5.1)"
82.99.30.13 - - [29/Sep/2008:05:12:10 +0200] "GET /DgH/watch/pict/Watch.mp3 HTTP/1.0" 200 29938 "http://www.various-euro.com/DgH/watch/index.html" "Mozilla/4.0 (compatible; MSIE 6.0; Windows NT 5.1)"
65.55.211.171 - - [29/Sep/2008:05:41:05 +0200] "GET /robots.txt HTTP/1.1" 200 64 "-" "msnbot/1.1 (+http://search.msn.com/msnbot.htm)"
65.55.211.171 - - [29/Sep/2008:05:41:05 +0200] "GET /logs/ HTTP/1.1" 200 10079 "-" "msnbot/1.1 (+http://search.msn.com/msnbot.htm)"
61.247.222.52 - - [29/Sep/2008:05:59:56 +0200] "GET /robots.txt HTTP/1.1" 200 64 "-" "Yeti/1.0 (NHN Corp.; http://help.naver.com/robots/)"
61.247.222.52 - - [29/Sep/2008:05:59:56 +0200] "GET /bannerz/various-euro-girl.jpg HTTP/1.1" 200 91514 "-" "Yeti/1.0 (NHN Corp.; http://help.naver.com/robots/)"
208.36.144.10 - - [29/Sep/2008:06:02:53 +0200] "GET /img.web.de/v/p.gif HTTP/1.0" 404 2748 "-" "Mozilla/5.0 (Twiceler-0.9 http://www.cuil.com/twiceler/robot.html)"
65.55.211.180 - - [29/Sep/2008:06:09:25 +0200] "GET /robots.txt HTTP/1.1" 200 64 "-" "msnbot/1.1 (+http://search.msn.com/msnbot.htm)"
65.55.211.180 - - [29/Sep/2008:06:09:25 +0200] "GET /neon/warning2.html HTTP/1.1" 200 997 "-" "msnbot/1.1 (+http://search.msn.com/msnbot.htm)"
66.249.65.169 - - [29/Sep/2008:06:53:33 +0200] "GET /framez-schubb4.html HTTP/1.1" 200 4318 "-" "Mozilla/5.0 (compatible; Googlebot/2.1; +http://www.google.com/bot.html)"
38.100.21.204 - - [29/Sep/2008:07:31:13 +0200] "GET /restate_copy.html HTTP/1.1" 200 97631 "http://www.google.com/custom?cof=GALT%3A336600%3BVLC%3A000066%3BAH%3Acenter%3BBGC%3AFFFFFF%3BLH%3A81%3BLC%3A000066%3BGFNT%3A336600%3BL%3Ahttp%3A%2F%2Fcyveillance.allthesites.com%2Fimages%2Fats_logo.gif%3BALC%3A000066%3BLW%3A361%3BT%3A000066%3BGIMP%3A336600%3BAWFID%3A248cacfbbe0ae58f%3B&q=%22state%20farm%22%20yahoo%20%22previous%20message%22&num=100&hl=en&start=0&filter=0" "Mozilla/4.0 (compatible; MSIE 5.5; Windows NT 5.0)"
193.252.149.15 - - [29/Sep/2008:07:32:05 +0200] "GET /f-channel1.html HTTP/1.1" 200 5713 "-" "Mozilla/5.0 (Windows; U; Windows NT 5.1; fr; rv:1.8.1) VoilaBot BETA 1.2 (support.voilabot@orange-ftgroup.com)"
65.55.211.185 - - [29/Sep/2008:07:42:28 +0200] "GET /robots.txt HTTP/1.1" 200 64 "-" "msnbot/1.1 (+http://search.msn.com/msnbot.htm)"
65.55.211.185 - - [29/Sep/2008:07:42:28 +0200] "GET /3dsf3/sendi/connection.html HTTP/1.1" 200 1336 "-" "msnbot/1.1 (+http://search.msn.com/msnbot.htm)"
82.99.30.56 - - [29/Sep/2008:07:44:56 +0200] "GET /logs/daily_usage_200710.png HTTP/1.0" 200 4176 "http://www.munax.com/referer.htm" "Mozilla/4.0 (compatible; MSIE 6.0; Windows NT 5.1)"
82.99.30.56 - - [29/Sep/2008:07:44:56 +0200] "GET /logs/hourly_usage_200710.png HTTP/1.0" 200 2249 "http://www.munax.com/referer.htm" "Mozilla/4.0 (compatible; MSIE 6.0; Windows NT 5.1)"
82.99.30.56 - - [29/Sep/2008:07:44:56 +0200] "GET /logs/ctry_usage_200710.png HTTP/1.0" 200 5462 "http://www.munax.com/referer.htm" "Mozilla/4.0 (compatible; MSIE 6.0; Windows NT 5.1)"
82.99.30.56 - - [29/Sep/2008:07:44:56 +0200] "GET /zampa-lovers/WASISTMI1.MPG HTTP/1.0" 200 271221 "http://www.various-euro.com/logs/usage_200710.html" "Mozilla/4.0 (compatible; MSIE 6.0; Windows NT 5.1)"
82.99.30.56 - - [29/Sep/2008:07:44:56 +0200] "GET /zampa-lovers/ZAMPAMAS.MPG HTTP/1.0" 200 520196 "http://www.various-euro.com/logs/usage_200710.html" "Mozilla/4.0 (compatible; MSIE 6.0; Windows NT 5.1)"
213.251.189.201 - - [29/Sep/2008:08:12:52 +0200] "GET /framez-rez.html HTTP/1.1" 200 4323 "-" "WordPress/2.6.1"
213.251.189.201 - - [29/Sep/2008:08:12:52 +0200] "GET /framez-rez.html HTTP/1.1" 200 4323 "-" "WordPress/2.6.1"
213.251.189.201 - - [29/Sep/2008:08:12:57 +0200] "HEAD /framez-rez.html HTTP/1.1" 200 - "-" "WordPress/2.6.1"
213.251.189.201 - - [29/Sep/2008:08:12:57 +0200] "HEAD /framez-rez.html HTTP/1.1" 200 - "-" "WordPress/2.6.1"
82.99.30.53 - - [29/Sep/2008:08:15:13 +0200] "GET /logs/daily_usage_200708.png HTTP/1.0" 200 4078 "http://www.munax.com/referer.htm" "Mozilla/4.0 (compatible; MSIE 6.0; Windows NT 5.1)"
82.99.30.53 - - [29/Sep/2008:08:15:13 +0200] "GET /logs/ctry_usage_200708.png HTTP/1.0" 200 5244 "http://www.munax.com/referer.htm" "Mozilla/4.0 (compatible; MSIE 6.0; Windows NT 5.1)"
82.99.30.53 - - [29/Sep/2008:08:15:13 +0200] "GET /logs/hourly_usage_200708.png HTTP/1.0" 200 2234 "http://www.munax.com/referer.htm" "Mozilla/4.0 (compatible; MSIE 6.0; Windows NT 5.1)"
119.63.193.62 - - [29/Sep/2008:08:21:37 +0200] "GET /robots.txt HTTP/1.1" 200 64 "-" "Baiduspider+(+http://www.baidu.com/search/spider_jp.html)"
82.99.30.25 - - [29/Sep/2008:08:28:58 +0200] "GET /DgH/bull/pict/BullGNFL.jpg HTTP/1.0" 200 20466 "http://www.munax.com/referer.htm" "Mozilla/4.0 (compatible; MSIE 6.0; Windows NT 5.1)"
119.63.193.43 - - [29/Sep/2008:08:39:34 +0200] "GET / HTTP/1.1" 200 7869 "-" "Baiduspider+(+http://help.baidu.jp/system/05.html)"
82.99.30.16 - - [29/Sep/2008:08:50:19 +0200] "GET /logs/daily_usage_200709.png HTTP/1.0" 200 4030 "http://www.munax.com/referer.htm" "Mozilla/4.0 (compatible; MSIE 6.0; Windows NT 5.1)"
82.99.30.16 - - [29/Sep/2008:08:50:19 +0200] "GET /logs/hourly_usage_200709.png HTTP/1.0" 200 2259 "http://www.munax.com/referer.htm" "Mozilla/4.0 (compatible; MSIE 6.0; Windows NT 5.1)"
82.99.30.16 - - [29/Sep/2008:08:50:19 +0200] "GET /logs/ctry_usage_200709.png HTTP/1.0" 200 5414 "http://www.munax.com/referer.htm" "Mozilla/4.0 (compatible; MSIE 6.0; Windows NT 5.1)"
82.99.30.16 - - [29/Sep/2008:08:50:19 +0200] "GET /rez/fisztfull.mp4 HTTP/1.0" 200 5973230 "http://www.various-euro.com/logs/usage_200709.html" "Mozilla/4.0 (compatible; MSIE 6.0; Windows NT 5.1)"
82.99.30.31 - - [29/Sep/2008:09:18:00 +0200] "GET /logs/hourly_usage_200707.png HTTP/1.0" 200 2140 "http://www.munax.com/referer.htm" "Mozilla/4.0 (compatible; MSIE 6.0; Windows NT 5.1)"
82.99.30.31 - - [29/Sep/2008:09:18:00 +0200] "GET /logs/daily_usage_200707.png HTTP/1.0" 200 4109 "http://www.munax.com/referer.htm" "Mozilla/4.0 (compatible; MSIE 6.0; Windows NT 5.1)"
82.99.30.31 - - [29/Sep/2008:09:18:00 +0200] "GET /logs/ctry_usage_200707.png HTTP/1.0" 200 4871 "http://www.munax.com/referer.htm" "Mozilla/4.0 (compatible; MSIE 6.0; Windows NT 5.1)"
88.70.180.173 - - [29/Sep/2008:09:20:19 +0200] "POST http://various-euro.com/cgi-bin/mail/subscribe.pl HTTP/1.0" 404 2748 "http://various-euro.com/cgi-bin/mail/subscribe.pl" "Mozilla/4.0 (compatible; MSIE 6.0; Windows NT 5.1)"
88.70.180.173 - - [29/Sep/2008:09:20:20 +0200] "POST http://various-euro.com/cgi-bin/subme/subscribe.pl HTTP/1.0" 404 2748 "http://various-euro.com/cgi-bin/subme/subscribe.pl" "Mozilla/4.0 (compatible; MSIE 6.0; Windows NT 5.1)"
88.70.180.173 - - [29/Sep/2008:09:20:20 +0200] "POST http://various-euro.com/cgi-bin/mail/s.pl HTTP/1.0" 404 2748 "http://various-euro.com/cgi-bin/mail/s.pl" "Mozilla/4.0 (compatible; MSIE 6.0; Windows NT 5.1)"
88.70.180.173 - - [29/Sep/2008:09:20:20 +0200] "POST http://various-euro.com/cgi-bin/mailme/subscribe.pl HTTP/1.0" 404 2748 "http://various-euro.com/cgi-bin/mailme/subscribe.pl" "Mozilla/4.0 (compatible; MSIE 6.0; Windows NT 5.1)"
65.55.211.170 - - [29/Sep/2008:09:25:57 +0200] "GET /robots.txt HTTP/1.1" 200 64 "-" "msnbot/1.1 (+http://search.msn.com/msnbot.htm)"
65.55.211.170 - - [29/Sep/2008:09:25:57 +0200] "GET /bmpp/18.html HTTP/1.1" 200 4467 "-" "msnbot/1.1 (+http://search.msn.com/msnbot.htm)"
62.203.218.66 - - [29/Sep/2008:09:34:08 +0200] "GET /framez-zampa-lovers.html HTTP/1.1" 200 4322 "http://www.google.ch/search?hl=de&q=sta+je+kritika&meta=" "Mozilla/4.0 (compatible; MSIE 7.0; Windows NT 6.0; SLCC1; .NET CLR 2.0.50727; .NET CLR 3.0.04506; InfoPath.2)"
62.203.218.66 - - [29/Sep/2008:09:34:08 +0200] "GET /frame-menu.html HTTP/1.1" 200 10536 "http://www.various-euro.com/framez-zampa-lovers.html" "Mozilla/4.0 (compatible; MSIE 7.0; Windows NT 6.0; SLCC1; .NET CLR 2.0.50727; .NET CLR 3.0.04506; InfoPath.2)"
62.203.218.66 - - [29/Sep/2008:09:34:08 +0200] "GET /zampa-lovers/index.html HTTP/1.1" 200 37790 "http://www.various-euro.com/framez-zampa-lovers.html" "Mozilla/4.0 (compatible; MSIE 7.0; Windows NT 6.0; SLCC1; .NET CLR 2.0.50727; .NET CLR 3.0.04506; InfoPath.2)"
62.203.218.66 - - [29/Sep/2008:09:34:08 +0200] "GET /frame-unten.html HTTP/1.1" 200 5308 "http://www.various-euro.com/framez-zampa-lovers.html" "Mozilla/4.0 (compatible; MSIE 7.0; Windows NT 6.0; SLCC1; .NET CLR 2.0.50727; .NET CLR 3.0.04506; InfoPath.2)"
62.203.218.66 - - [29/Sep/2008:09:34:10 +0200] "GET /zampa-lovers/kralle.gif HTTP/1.1" 404 2748 "http://www.various-euro.com/zampa-lovers/index.html" "Mozilla/4.0 (compatible; MSIE 7.0; Windows NT 6.0; SLCC1; .NET CLR 2.0.50727; .NET CLR 3.0.04506; InfoPath.2)"
62.203.218.66 - - [29/Sep/2008:09:34:11 +0200] "GET /zampa-lovers/DRAGAN_Z.JPG HTTP/1.1" 200 6850 "http://www.various-euro.com/zampa-lovers/index.html" "Mozilla/4.0 (compatible; MSIE 7.0; Windows NT 6.0; SLCC1; .NET CLR 2.0.50727; .NET CLR 3.0.04506; InfoPath.2)"
62.203.218.66 - - [29/Sep/2008:09:34:11 +0200] "GET /zampa-lovers/MILIZA_2.JPG HTTP/1.1" 200 22172 "http://www.various-euro.com/zampa-lovers/index.html" "Mozilla/4.0 (compatible; MSIE 7.0; Windows NT 6.0; SLCC1; .NET CLR 2.0.50727; .NET CLR 3.0.04506; InfoPath.2)"
62.203.218.66 - - [29/Sep/2008:09:34:11 +0200] "GET /zampa-lovers/MILIZA_3.JPG HTTP/1.1" 200 26924 "http://www.various-euro.com/zampa-lovers/index.html" "Mozilla/4.0 (compatible; MSIE 7.0; Windows NT 6.0; SLCC1; .NET CLR 2.0.50727; .NET CLR 3.0.04506; InfoPath.2)"
62.203.218.66 - - [29/Sep/2008:09:34:11 +0200] "GET /zampa-lovers/MILIZA_B.JPG HTTP/1.1" 200 10947 "http://www.various-euro.com/zampa-lovers/index.html" "Mozilla/4.0 (compatible; MSIE 7.0; Windows NT 6.0; SLCC1; .NET CLR 2.0.50727; .NET CLR 3.0.04506; InfoPath.2)"
62.203.218.66 - - [29/Sep/2008:09:34:11 +0200] "GET /zampa-lovers/MILIZA_4.JPG HTTP/1.1" 200 9946 "http://www.various-euro.com/zampa-lovers/index.html" "Mozilla/4.0 (compatible; MSIE 7.0; Windows NT 6.0; SLCC1; .NET CLR 2.0.50727; .NET CLR 3.0.04506; InfoPath.2)"
62.203.218.66 - - [29/Sep/2008:09:34:11 +0200] "GET /zampa-lovers/DRAGANZA.JPG HTTP/1.1" 200 18560 "http://www.various-euro.com/zampa-lovers/index.html" "Mozilla/4.0 (compatible; MSIE 7.0; Windows NT 6.0; SLCC1; .NET CLR 2.0.50727; .NET CLR 3.0.04506; InfoPath.2)"
62.203.218.66 - - [29/Sep/2008:09:34:10 +0200] "GET /zampa-lovers/zampa.gif HTTP/1.1" 200 460627 "http://www.various-euro.com/zampa-lovers/index.html" "Mozilla/4.0 (compatible; MSIE 7.0; Windows NT 6.0; SLCC1; .NET CLR 2.0.50727; .NET CLR 3.0.04506; InfoPath.2)"
62.203.218.66 - - [29/Sep/2008:09:34:11 +0200] "GET /style/various-euro.css HTTP/1.1" 200 3437 "http://www.various-euro.com/frame-menu.html" "Mozilla/4.0 (compatible; MSIE 7.0; Windows NT 6.0; SLCC1; .NET CLR 2.0.50727; .NET CLR 3.0.04506; InfoPath.2)"
62.203.218.66 - - [29/Sep/2008:09:34:11 +0200] "GET /zampa-lovers/2SEITEVE.GIF HTTP/1.1" 200 83466 "http://www.various-euro.com/zampa-lovers/index.html" "Mozilla/4.0 (compatible; MSIE 7.0; Windows NT 6.0; SLCC1; .NET CLR 2.0.50727; .NET CLR 3.0.04506; InfoPath.2)"
62.203.218.66 - - [29/Sep/2008:09:34:11 +0200] "GET /zampa-lovers/1SEITEVE.GIF HTTP/1.1" 200 78726 "http://www.various-euro.com/zampa-lovers/index.html" "Mozilla/4.0 (compatible; MSIE 7.0; Windows NT 6.0; SLCC1; .NET CLR 2.0.50727; .NET CLR 3.0.04506; InfoPath.2)"
62.203.218.66 - - [29/Sep/2008:09:34:12 +0200] "GET /zampa-lovers/Kralle.gif HTTP/1.1" 200 260 "http://www.various-euro.com/zampa-lovers/index.html" "Mozilla/4.0 (compatible; MSIE 7.0; Windows NT 6.0; SLCC1; .NET CLR 2.0.50727; .NET CLR 3.0.04506; InfoPath.2)"
62.203.218.66 - - [29/Sep/2008:09:34:12 +0200] "GET /zampa-lovers/zampa-2X2.gif HTTP/1.1" 200 6948 "http://www.various-euro.com/zampa-lovers/index.html" "Mozilla/4.0 (compatible; MSIE 7.0; Windows NT 6.0; SLCC1; .NET CLR 2.0.50727; .NET CLR 3.0.04506; InfoPath.2)"
62.203.218.66 - - [29/Sep/2008:09:34:12 +0200] "GET /zampa-lovers/zampamali.gif HTTP/1.1" 200 2617 "http://www.various-euro.com/zampa-lovers/index.html" "Mozilla/4.0 (compatible; MSIE 7.0; Windows NT 6.0; SLCC1; .NET CLR 2.0.50727; .NET CLR 3.0.04506; InfoPath.2)"
62.203.218.66 - - [29/Sep/2008:09:34:12 +0200] "GET /zampa-lovers/ZAMPAMA2.MPG HTTP/1.1" 200 63492 "-" "Mozilla/4.0 (compatible; MSIE 7.0; Windows NT 6.0; SLCC1; .NET CLR 2.0.50727; .NET CLR 3.0.04506; InfoPath.2)"
62.203.218.66 - - [29/Sep/2008:09:34:12 +0200] "GET /zampa-lovers/WASISTMI1.MPG HTTP/1.1" 200 271221 "-" "Mozilla/4.0 (compatible; MSIE 7.0; Windows NT 6.0; SLCC1; .NET CLR 2.0.50727; .NET CLR 3.0.04506; InfoPath.2)"
62.203.218.66 - - [29/Sep/2008:09:34:15 +0200] "GET /bannerz/ve.jpg HTTP/1.1" 200 36912 "http://www.various-euro.com/frame-unten.html" "Mozilla/4.0 (compatible; MSIE 7.0; Windows NT 6.0; SLCC1; .NET CLR 2.0.50727; .NET CLR 3.0.04506; InfoPath.2)"
62.203.218.66 - - [29/Sep/2008:09:34:15 +0200] "GET /bannerz/various-euro-girl.jpg HTTP/1.1" 200 91514 "http://www.various-euro.com/frame-unten.html" "Mozilla/4.0 (compatible; MSIE 7.0; Windows NT 6.0; SLCC1; .NET CLR 2.0.50727; .NET CLR 3.0.04506; InfoPath.2)"
62.203.218.66 - - [29/Sep/2008:09:34:13 +0200] "GET /zampa-lovers/ZAMPAMAS.MPG HTTP/1.1" 200 520196 "-" "Mozilla/4.0 (compatible; MSIE 7.0; Windows NT 6.0; SLCC1; .NET CLR 2.0.50727; .NET CLR 3.0.04506; InfoPath.2)"
62.203.218.66 - - [29/Sep/2008:09:34:16 +0200] "GET /ve-icon-2.ico HTTP/1.1" 200 2238 "-" "Mozilla/4.0 (compatible; MSIE 7.0; Windows NT 6.0; SLCC1; .NET CLR 2.0.50727; .NET CLR 3.0.04506; InfoPath.2)"
82.99.30.54 - - [29/Sep/2008:09:42:20 +0200] "GET /logs/daily_usage_200711.png HTTP/1.0" 200 3758 "http://www.munax.com/referer.htm" "Mozilla/4.0 (compatible; MSIE 6.0; Windows NT 5.1)"
82.99.30.54 - - [29/Sep/2008:09:42:20 +0200] "GET /logs/ctry_usage_200711.png HTTP/1.0" 200 4533 "http://www.munax.com/referer.htm" "Mozilla/4.0 (compatible; MSIE 6.0; Windows NT 5.1)"
82.99.30.54 - - [29/Sep/2008:09:42:20 +0200] "GET /logs/hourly_usage_200711.png HTTP/1.0" 200 2010 "http://www.munax.com/referer.htm" "Mozilla/4.0 (compatible; MSIE 6.0; Windows NT 5.1)"
82.99.30.54 - - [29/Sep/2008:09:42:20 +0200] "GET /zampa-lovers/ZAMPAMA2.MPG HTTP/1.0" 200 63492 "http://www.various-euro.com/logs/usage_200711.html" "Mozilla/4.0 (compatible; MSIE 6.0; Windows NT 5.1)"
88.71.68.221 - - [29/Sep/2008:09:53:12 +0200] "POST http://various-euro.com/cgi-bin/mail/subscribe.pl HTTP/1.0" 404 2748 "http://various-euro.com/cgi-bin/mail/subscribe.pl" "Mozilla/4.0 (compatible; MSIE 6.0; Windows NT 5.1)"
88.71.68.221 - - [29/Sep/2008:09:53:12 +0200] "POST http://various-euro.com/cgi-bin/mailme/subscribe.pl HTTP/1.0" 404 2748 "http://various-euro.com/cgi-bin/mailme/subscribe.pl" "Mozilla/4.0 (compatible; MSIE 6.0; Windows NT 5.1)"
88.71.68.221 - - [29/Sep/2008:09:53:12 +0200] "POST http://various-euro.com/cgi-bin/subme/subscribe.pl HTTP/1.0" 404 2748 "http://various-euro.com/cgi-bin/subme/subscribe.pl" "Mozilla/4.0 (compatible; MSIE 6.0; Windows NT 5.1)"
88.71.68.221 - - [29/Sep/2008:09:53:12 +0200] "POST http://various-euro.com/cgi-bin/mail/s.pl HTTP/1.0" 404 2748 "http://various-euro.com/cgi-bin/mail/s.pl" "Mozilla/4.0 (compatible; MSIE 6.0; Windows NT 5.1)"
208.36.144.10 - - [29/Sep/2008:10:18:47 +0200] "GET /neon/EURO23a.gif HTTP/1.0" 200 33058 "-" "Mozilla/5.0 (Twiceler-0.9 http://www.cuil.com/twiceler/robot.html)"
208.36.144.10 - - [29/Sep/2008:10:24:40 +0200] "GET /bmpp/Bilder2/fsstreiffcc_30.png HTTP/1.0" 200 583 "-" "Mozilla/5.0 (Twiceler-0.9 http://www.cuil.com/twiceler/robot.html)"
65.55.211.172 - - [29/Sep/2008:10:27:13 +0200] "GET /neon/biggtani.html HTTP/1.1" 200 1698 "-" "msnbot/1.1 (+http://search.msn.com/msnbot.htm)"
65.55.211.173 - - [29/Sep/2008:10:47:49 +0200] "GET /robots.txt HTTP/1.1" 200 64 "-" "msnbot/1.1 (+http://search.msn.com/msnbot.htm)"
65.55.211.173 - - [29/Sep/2008:10:47:49 +0200] "GET /DgH/bull/index.html HTTP/1.1" 200 1915 "-" "msnbot/1.1 (+http://search.msn.com/msnbot.htm)"
66.249.65.169 - - [29/Sep/2008:10:49:12 +0200] "GET /neon/left-one-new.html HTTP/1.1" 200 1483 "-" "Mozilla/5.0 (compatible; Googlebot/2.1; +http://www.google.com/bot.html)"
38.105.83.10 - - [29/Sep/2008:10:53:32 +0200] "GET /restate_copy.html HTTP/1.1" 200 97631 "http://www.google.com/custom?cof=GALT%3A336600%3BVLC%3A000066%3BAH%3Acenter%3BBGC%3AFFFFFF%3BLH%3A81%3BLC%3A000066%3BGFNT%3A336600%3BL%3Ahttp%3A%2F%2Fcyveillance.allthesites.com%2Fimages%2Fats_logo.gif%3BALC%3A000066%3BLW%3A361%3BT%3A000066%3BGIMP%3A336600%3BAWFID%3A248cacfbbe0ae58f%3B&q=%22state%20farm%22%20yahoo%20%22previous%20message%22&num=100&hl=en&start=0&filter=0" "Mozilla/4.0 (compatible; MSIE 5.5; Windows NT 5.0)"
65.55.211.181 - - [29/Sep/2008:10:54:06 +0200] "GET /robots.txt HTTP/1.1" 200 64 "-" "msnbot/1.1 (+http://search.msn.com/msnbot.htm)"
65.55.211.181 - - [29/Sep/2008:10:54:06 +0200] "GET /search.html HTTP/1.1" 200 1440 "-" "msnbot/1.1 (+http://search.msn.com/msnbot.htm)"
149.20.54.199 - - [29/Sep/2008:10:56:16 +0200] "GET /robots.txt HTTP/1.0" 200 64 "-" "Grub/2.0 (Grub.org crawler; http://www.grub.org/; bot@grub.org)"
149.20.54.199 - - [29/Sep/2008:10:56:17 +0200] "GET / HTTP/1.0" 200 7869 "-" "Grub/2.0 (Grub.org crawler; http://www.grub.org/; bot@grub.org)"
68.142.212.211 - - [29/Sep/2008:11:04:13 +0200] "GET /robots.txt HTTP/1.0" 200 64 "-" "Mozilla/5.0 (Yahoo-MMCrawler/4.0; mailto:vertical-crawl-support@yahoo-inc.com)"
68.142.212.211 - - [29/Sep/2008:11:04:13 +0200] "GET /logs/hourly_usage_200709.png HTTP/1.0" 200 2259 "-" "Mozilla/5.0 (Yahoo-MMCrawler/4.0; mailto:vertical-crawl-support@yahoo-inc.com)"
208.36.144.10 - - [29/Sep/2008:11:13:47 +0200] "GET /bmpp/Bilder/18_03.png HTTP/1.0" 200 574 "-" "Mozilla/5.0 (Twiceler-0.9 http://www.cuil.com/twiceler/robot.html)"
208.36.144.10 - - [29/Sep/2008:11:28:30 +0200] "GET /bannerz/gradio_berlin.gif HTTP/1.0" 200 4400 "-" "Mozilla/5.0 (Twiceler-0.9 http://www.cuil.com/twiceler/robot.html)"
68.142.212.211 - - [29/Sep/2008:11:28:33 +0200] "GET /robots.txt HTTP/1.0" 200 64 "-" "Mozilla/5.0 (Yahoo-MMCrawler/4.0; mailto:vertical-crawl-support@yahoo-inc.com)"
68.142.212.211 - - [29/Sep/2008:11:28:33 +0200] "GET /logs/hourly_usage_200709.png HTTP/1.0" 200 2259 "-" "Mozilla/5.0 (Yahoo-MMCrawler/4.0; mailto:vertical-crawl-support@yahoo-inc.com)"
74.6.17.182 - - [29/Sep/2008:11:40:45 +0200] "GET /zampa/ HTTP/1.0" 200 7153 "-" "Mozilla/5.0 (compatible; Yahoo! Slurp; http://help.yahoo.com/help/us/ysearch/slurp)"
208.36.144.10 - - [29/Sep/2008:12:06:49 +0200] "GET /bannerz/loading.gif HTTP/1.0" 200 9937 "-" "Mozilla/5.0 (Twiceler-0.9 http://www.cuil.com/twiceler/robot.html)"
66.249.65.169 - - [29/Sep/2008:12:08:58 +0200] "GET /logs/usage_200809.html HTTP/1.1" 404 2748 "-" "Mozilla/5.0 (compatible; Googlebot/2.1; +http://www.google.com/bot.html)"
65.55.211.172 - - [29/Sep/2008:12:47:44 +0200] "GET /robots.txt HTTP/1.1" 200 64 "-" "msnbot/1.1 (+http://search.msn.com/msnbot.htm)"
65.55.211.172 - - [29/Sep/2008:12:47:44 +0200] "GET /zampa/montenegro/contributions.html HTTP/1.1" 200 18843 "-" "msnbot/1.1 (+http://search.msn.com/msnbot.htm)"
65.55.211.183 - - [29/Sep/2008:12:57:47 +0200] "GET /robots.txt HTTP/1.1" 200 64 "-" "msnbot/1.1 (+http://search.msn.com/msnbot.htm)"
65.55.211.183 - - [29/Sep/2008:12:57:47 +0200] "GET /zampa/montenegro/BATAW.html HTTP/1.1" 200 860 "-" "msnbot/1.1 (+http://search.msn.com/msnbot.htm)"
88.71.68.221 - - [29/Sep/2008:13:02:51 +0200] "POST http://various-euro.com/cgi-bin/mail/subscribe.pl HTTP/1.0" 404 2748 "http://various-euro.com/cgi-bin/mail/subscribe.pl" "Mozilla/4.0 (compatible; MSIE 6.0; Windows NT 5.1)"
88.71.68.221 - - [29/Sep/2008:13:02:51 +0200] "POST http://various-euro.com/cgi-bin/mailme/subscribe.pl HTTP/1.0" 404 2748 "http://various-euro.com/cgi-bin/mailme/subscribe.pl" "Mozilla/4.0 (compatible; MSIE 6.0; Windows NT 5.1)"
88.71.68.221 - - [29/Sep/2008:13:02:51 +0200] "POST http://various-euro.com/cgi-bin/subme/subscribe.pl HTTP/1.0" 404 2748 "http://various-euro.com/cgi-bin/subme/subscribe.pl" "Mozilla/4.0 (compatible; MSIE 6.0; Windows NT 5.1)"
88.71.68.221 - - [29/Sep/2008:13:02:51 +0200] "POST http://various-euro.com/cgi-bin/mail/s.pl HTTP/1.0" 404 2748 "http://various-euro.com/cgi-bin/mail/s.pl" "Mozilla/4.0 (compatible; MSIE 6.0; Windows NT 5.1)"
68.142.212.211 - - [29/Sep/2008:13:30:37 +0200] "GET /robots.txt HTTP/1.0" 200 64 "-" "Mozilla/5.0 (Yahoo-MMCrawler/4.0; mailto:vertical-crawl-support@yahoo-inc.com)"
68.142.212.211 - - [29/Sep/2008:13:30:37 +0200] "GET /bannerz/army_graphics_package/m249-n.gif HTTP/1.0" 200 7658 "-" "Mozilla/5.0 (Yahoo-MMCrawler/4.0; mailto:vertical-crawl-support@yahoo-inc.com)"
68.142.212.211 - - [29/Sep/2008:13:56:49 +0200] "GET /robots.txt HTTP/1.0" 200 64 "-" "Mozilla/5.0 (Yahoo-MMCrawler/4.0; mailto:vertical-crawl-support@yahoo-inc.com)"
68.142.212.211 - - [29/Sep/2008:13:56:49 +0200] "GET /bannerz/army_graphics_package/m249-n.gif HTTP/1.0" 200 7658 "-" "Mozilla/5.0 (Yahoo-MMCrawler/4.0; mailto:vertical-crawl-support@yahoo-inc.com)"
66.249.65.169 - - [29/Sep/2008:13:57:43 +0200] "GET /framez-girlz-neon.html HTTP/1.1" 200 4388 "-" "Mozilla/5.0 (compatible; Googlebot/2.1; +http://www.google.com/bot.html)"
208.36.144.10 - - [29/Sep/2008:14:23:37 +0200] "GET /robots.txt HTTP/1.0" 200 64 "-" "Mozilla/5.0 (Twiceler-0.9 http://www.cuil.com/twiceler/robot.html)"
65.214.45.224 - - [29/Sep/2008:14:36:28 +0200] "GET /robots.txt HTTP/1.0" 200 64 "-" "Mozilla/5.0 (compatible; Ask Jeeves/Teoma; +http://about.ask.com/en/docs/about/webmasters.shtml)"
65.214.45.224 - - [29/Sep/2008:14:36:28 +0200] "GET /neon/girlz2.html HTTP/1.0" 200 2937 "-" "Mozilla/5.0 (compatible; Ask Jeeves/Teoma; +http://about.ask.com/en/docs/about/webmasters.shtml)"
66.249.65.169 - - [29/Sep/2008:14:52:41 +0200] "GET /framez-net.html HTTP/1.1" 200 4319 "-" "Mozilla/5.0 (compatible; Googlebot/2.1; +http://www.google.com/bot.html)"
65.55.25.145 - - [29/Sep/2008:15:03:16 +0200] "GET /robots.txt HTTP/1.1" 200 64 "-" "msnbot/1.1 (+http://search.msn.com/msnbot.htm)"
65.55.25.145 - - [29/Sep/2008:15:03:16 +0200] "GET / HTTP/1.1" 200 7869 "-" "msnbot/1.1 (+http://search.msn.com/msnbot.htm)"
82.249.29.198 - - [29/Sep/2008:15:20:23 +0200] "GET /framez-zampa-lovers.html HTTP/1.1" 200 4322 "-" "Mozilla/4.0 (compatible; MSIE 6.0; Windows NT 5.1; SV1)"
82.249.29.198 - - [29/Sep/2008:15:20:23 +0200] "GET /frame-menu.html HTTP/1.1" 200 10536 "-" "Mozilla/4.0 (compatible; MSIE 6.0; Windows NT 5.1; SV1)"
82.249.29.198 - - [29/Sep/2008:15:20:24 +0200] "GET /zampa-lovers/index.html HTTP/1.1" 200 37790 "-" "Mozilla/4.0 (compatible; MSIE 6.0; Windows NT 5.1; SV1)"
82.249.29.198 - - [29/Sep/2008:15:20:24 +0200] "GET /frame-unten.html HTTP/1.1" 200 5308 "-" "Mozilla/4.0 (compatible; MSIE 6.0; Windows NT 5.1; SV1)"
66.249.65.169 - - [29/Sep/2008:15:24:10 +0200] "GET /news.html HTTP/1.1" 404 2748 "-" "Mozilla/5.0 (compatible; Googlebot/2.1; +http://www.google.com/bot.html)"
68.142.212.211 - - [29/Sep/2008:15:25:32 +0200] "GET /robots.txt HTTP/1.0" 200 64 "-" "Mozilla/5.0 (Yahoo-MMCrawler/4.0; mailto:vertical-crawl-support@yahoo-inc.com)"
68.142.212.211 - - [29/Sep/2008:15:25:33 +0200] "GET /zampa-lovers/zampa.ICO HTTP/1.0" 200 7134 "-" "Mozilla/5.0 (Yahoo-MMCrawler/4.0; mailto:vertical-crawl-support@yahoo-inc.com)"
66.249.65.169 - - [29/Sep/2008:15:31:40 +0200] "GET /robots.txt HTTP/1.1" 302 363 "-" "Mozilla/5.0 (compatible; Googlebot/2.1; +http://www.google.com/bot.html)"
66.249.65.169 - - [29/Sep/2008:15:31:40 +0200] "GET /zampa/robots.txt HTTP/1.1" 404 2748 "-" "Mozilla/5.0 (compatible; Googlebot/2.1; +http://www.google.com/bot.html)"
66.249.65.169 - - [29/Sep/2008:15:31:41 +0200] "GET / HTTP/1.1" 302 353 "-" "Mozilla/5.0 (compatible; Googlebot/2.1; +http://www.google.com/bot.html)"
66.249.65.169 - - [29/Sep/2008:15:31:41 +0200] "GET /zampa/ HTTP/1.1" 200 7153 "-" "Mozilla/5.0 (compatible; Googlebot/2.1; +http://www.google.com/bot.html)"
74.6.17.182 - - [29/Sep/2008:16:00:34 +0200] "GET /robots.txt HTTP/1.0" 200 64 "-" "Mozilla/5.0 (compatible; Yahoo! Slurp; http://help.yahoo.com/help/us/ysearch/slurp)"
74.6.17.182 - - [29/Sep/2008:16:00:35 +0200] "GET /warez.html HTTP/1.0" 200 9754 "-" "Mozilla/5.0 (compatible; Yahoo! Slurp; http://help.yahoo.com/help/us/ysearch/slurp)"
65.55.211.175 - - [29/Sep/2008:16:12:22 +0200] "GET /robots.txt HTTP/1.1" 200 64 "-" "msnbot/1.1 (+http://search.msn.com/msnbot.htm)"
65.55.211.175 - - [29/Sep/2008:16:12:22 +0200] "GET /zampa/montenegro/dajpare.html HTTP/1.1" 200 2503 "-" "msnbot/1.1 (+http://search.msn.com/msnbot.htm)"
212.18.0.99 - - [29/Sep/2008:16:28:41 +0200] "GET / HTTP/1.0" 302 353 "http://www.google.de/search?hl=de&q=zampa+di+leone&btnG=Google-Suche&meta=" "Mozilla/5.0 (Windows; U; Windows NT 5.1; de; rv:1.8.1.17) Gecko/20080829 Firefox/2.0.0.17"
212.18.0.99 - - [29/Sep/2008:16:28:42 +0200] "GET /zampa/ HTTP/1.0" 200 7153 "http://www.google.de/search?hl=de&q=zampa+di+leone&btnG=Google-Suche&meta=" "Mozilla/5.0 (Windows; U; Windows NT 5.1; de; rv:1.8.1.17) Gecko/20080829 Firefox/2.0.0.17"
212.18.0.99 - - [29/Sep/2008:16:28:42 +0200] "GET /zampa/slike/udupetu.gif HTTP/1.0" 200 4138 "http://www.various-euro.com/zampa/" "Mozilla/5.0 (Windows; U; Windows NT 5.1; de; rv:1.8.1.17) Gecko/20080829 Firefox/2.0.0.17"
212.18.0.99 - - [29/Sep/2008:16:28:42 +0200] "GET /zampa/slike/zampa.gif HTTP/1.0" 200 5310 "http://www.various-euro.com/zampa/" "Mozilla/5.0 (Windows; U; Windows NT 5.1; de; rv:1.8.1.17) Gecko/20080829 Firefox/2.0.0.17"
212.18.0.99 - - [29/Sep/2008:16:28:42 +0200] "GET /zampa/slike/inthearse.gif HTTP/1.0" 200 4077 "http://www.various-euro.com/zampa/" "Mozilla/5.0 (Windows; U; Windows NT 5.1; de; rv:1.8.1.17) Gecko/20080829 Firefox/2.0.0.17"
212.18.0.99 - - [29/Sep/2008:16:28:42 +0200] "GET /favicon.ico HTTP/1.0" 404 2748 "-" "Mozilla/5.0 (Windows; U; Windows NT 5.1; de; rv:1.8.1.17) Gecko/20080829 Firefox/2.0.0.17"
212.18.0.99 - - [29/Sep/2008:16:28:51 +0200] "GET /zampa/slike/S1TITEL.GIF HTTP/1.0" 200 15244 "http://www.various-euro.com/zampa/" "Mozilla/5.0 (Windows; U; Windows NT 5.1; de; rv:1.8.1.17) Gecko/20080829 Firefox/2.0.0.17"
212.18.0.99 - - [29/Sep/2008:16:28:58 +0200] "GET /zampa/slike/S2COPY.GIF HTTP/1.0" 200 12771 "http://www.various-euro.com/zampa/" "Mozilla/5.0 (Windows; U; Windows NT 5.1; de; rv:1.8.1.17) Gecko/20080829 Firefox/2.0.0.17"
212.18.0.99 - - [29/Sep/2008:16:29:09 +0200] "GET /zampa/slike/S7MEDIAA.GIF HTTP/1.0" 200 45793 "http://www.various-euro.com/zampa/" "Mozilla/5.0 (Windows; U; Windows NT 5.1; de; rv:1.8.1.17) Gecko/20080829 Firefox/2.0.0.17"
66.249.65.169 - - [29/Sep/2008:16:47:18 +0200] "GET /prog.html HTTP/1.1" 404 2748 "-" "Mozilla/5.0 (compatible; Googlebot/2.1; +http://www.google.com/bot.html)"
74.6.22.187 - - [29/Sep/2008:16:53:56 +0200] "GET /robots.txt HTTP/1.0" 200 64 "-" "Mozilla/5.0 (compatible; Yahoo! Slurp; http://help.yahoo.com/help/us/ysearch/slurp)"
74.6.22.187 - - [29/Sep/2008:16:53:56 +0200] "GET /schubb/schubb-5.html HTTP/1.0" 200 72944 "-" "Mozilla/5.0 (compatible; Yahoo! Slurp; http://help.yahoo.com/help/us/ysearch/slurp)"
66.249.65.169 - - [29/Sep/2008:16:54:58 +0200] "GET /ie_menue.html HTTP/1.1" 404 2748 "-" "Mozilla/5.0 (compatible; Googlebot/2.1; +http://www.google.com/bot.html)"
68.142.212.211 - - [29/Sep/2008:16:58:38 +0200] "GET /robots.txt HTTP/1.0" 200 64 "-" "Mozilla/5.0 (Yahoo-MMCrawler/4.0; mailto:vertical-crawl-support@yahoo-inc.com)"
68.142.212.211 - - [29/Sep/2008:16:58:39 +0200] "GET /logs/hourly_usage_200707.png HTTP/1.0" 200 2140 "-" "Mozilla/5.0 (Yahoo-MMCrawler/4.0; mailto:vertical-crawl-support@yahoo-inc.com)"
65.55.211.183 - - [29/Sep/2008:17:07:42 +0200] "GET /robots.txt HTTP/1.1" 200 64 "-" "msnbot/1.1 (+http://search.msn.com/msnbot.htm)"
65.55.211.183 - - [29/Sep/2008:17:07:43 +0200] "GET /schubb/schubb-3.html HTTP/1.1" 200 17546 "-" "msnbot/1.1 (+http://search.msn.com/msnbot.htm)"
195.195.109.214 - - [29/Sep/2008:17:10:26 +0200] "GET / HTTP/1.1" 200 7869 "-" "University_Bot_Beta_1 (compatible; MSIE 6.0;)"
66.249.65.169 - - [29/Sep/2008:17:25:15 +0200] "GET /3dsf3/sendi/rituals.html HTTP/1.1" 200 1411 "-" "Mozilla/5.0 (compatible; Googlebot/2.1; +http://www.google.com/bot.html)"
74.6.18.220 - - [29/Sep/2008:17:26:29 +0200] "GET /robots.txt HTTP/1.0" 200 64 "-" "Mozilla/5.0 (compatible; Yahoo! Slurp; http://help.yahoo.com/help/us/ysearch/slurp)"
74.6.18.220 - - [29/Sep/2008:17:26:29 +0200] "GET /f-contact.html HTTP/1.0" 200 6804 "-" "Mozilla/5.0 (compatible; Yahoo! Slurp; http://help.yahoo.com/help/us/ysearch/slurp)"
67.195.37.107 - - [29/Sep/2008:17:51:56 +0200] "GET /robots.txt HTTP/1.0" 200 64 "-" "Mozilla/5.0 (compatible; Yahoo! Slurp; http://help.yahoo.com/help/us/ysearch/slurp)"
67.195.37.107 - - [29/Sep/2008:17:51:57 +0200] "GET / HTTP/1.0" 200 7869 "-" "Mozilla/5.0 (compatible; Yahoo! Slurp; http://help.yahoo.com/help/us/ysearch/slurp)"
66.249.65.169 - - [29/Sep/2008:18:03:05 +0200] "GET /3dsf3/sendi/body.html HTTP/1.1" 200 1322 "-" "Mozilla/5.0 (compatible; Googlebot/2.1; +http://www.google.com/bot.html)"
74.6.18.220 - - [29/Sep/2008:18:05:22 +0200] "GET /f-rez.html HTTP/1.0" 200 9765 "-" "Mozilla/5.0 (compatible; Yahoo! Slurp; http://help.yahoo.com/help/us/ysearch/slurp)"
65.214.45.100 - - [29/Sep/2008:18:06:52 +0200] "GET /framez-girlz.html HTTP/1.0" 200 4271 "-" "Mozilla/5.0 (compatible; Ask Jeeves/Teoma; +http://about.ask.com/en/docs/about/webmasters.shtml)"
65.214.45.100 - - [29/Sep/2008:18:06:52 +0200] "GET /frame-menu.html HTTP/1.0" 200 10536 "-" "Mozilla/5.0 (compatible; Ask Jeeves/Teoma; +http://about.ask.com/en/docs/about/webmasters.shtml)"
65.214.45.100 - - [29/Sep/2008:18:06:52 +0200] "GET /neon/girlz2.html HTTP/1.0" 200 2937 "-" "Mozilla/5.0 (compatible; Ask Jeeves/Teoma; +http://about.ask.com/en/docs/about/webmasters.shtml)"
65.214.45.100 - - [29/Sep/2008:18:06:53 +0200] "GET /frame-unten.html HTTP/1.0" 200 5308 "-" "Mozilla/5.0 (compatible; Ask Jeeves/Teoma; +http://about.ask.com/en/docs/about/webmasters.shtml)"
91.205.124.4 - - [29/Sep/2008:18:08:39 +0200] "GET /robots.txt HTTP/1.1" 200 64 "-" "Yanga WorldSearch Bot v1.1/beta (http://www.yanga.co.uk/)"
208.66.193.164 - - [29/Sep/2008:18:08:39 +0200] "GET / HTTP/1.1" 200 7869 "-" "Yanga WorldSearch Bot v1.1/beta (http://www.yanga.co.uk/)"
66.249.65.169 - - [29/Sep/2008:18:10:49 +0200] "GET /schubb/schubb-4.html HTTP/1.1" 200 17746 "-" "Mozilla/5.0 (compatible; Googlebot/2.1; +http://www.google.com/bot.html)"
65.214.45.100 - - [29/Sep/2008:18:14:20 +0200] "GET /framez.html HTTP/1.0" 200 3959 "-" "Mozilla/5.0 (compatible; Ask Jeeves/Teoma; +http://about.ask.com/en/docs/about/webmasters.shtml)"
65.214.45.100 - - [29/Sep/2008:18:14:20 +0200] "GET /framez.html HTTP/1.0" 200 3959 "-" "Mozilla/5.0 (compatible; Ask Jeeves/Teoma; +http://about.ask.com/en/docs/about/webmasters.shtml)"
65.214.45.100 - - [29/Sep/2008:18:14:20 +0200] "GET /frame-inhalt.html HTTP/1.0" 200 5418 "-" "Mozilla/5.0 (compatible; Ask Jeeves/Teoma; +http://about.ask.com/en/docs/about/webmasters.shtml)"
66.249.65.169 - - [29/Sep/2008:18:18:02 +0200] "GET /3dsf3/sendi/catastrophe.html HTTP/1.1" 200 1322 "-" "Mozilla/5.0 (compatible; Googlebot/2.1; +http://www.google.com/bot.html)"
208.115.111.243 - - [29/Sep/2008:18:56:06 +0200] "GET /robots.txt HTTP/1.1" 200 64 "-" "Mozilla/5.0 (compatible; DotBot/1.1; http://www.dotnetdotcom.org/, crawler@dotnetdotcom.org)"
208.115.111.243 - - [29/Sep/2008:18:56:06 +0200] "GET /robots.txt HTTP/1.1" 200 64 "-" "Mozilla/5.0 (compatible; DotBot/1.1; http://www.dotnetdotcom.org/, crawler@dotnetdotcom.org)"
81.52.143.16 - - [29/Sep/2008:18:58:21 +0200] "GET /f-web.html HTTP/1.1" 200 13605 "-" "Mozilla/5.0 (Windows; U; Windows NT 5.1; fr; rv:1.8.1) VoilaBot BETA 1.2 (support.voilabot@orange-ftgroup.com)"
208.36.144.10 - - [29/Sep/2008:19:26:46 +0200] "GET /bannerz/superfactory-volksbuehne.jpg HTTP/1.0" 200 5445 "-" "Mozilla/5.0 (Twiceler-0.9 http://www.cuil.com/twiceler/robot.html)"
85.235.220.166 - - [29/Sep/2008:19:34:33 +0200] "GET / HTTP/1.0" 200 7869 "http://automobile.su" "Mozilla/4.0 (compatible; MSIE 6.0; Windows NT 5.1; SV1)"
208.36.144.10 - - [29/Sep/2008:19:38:02 +0200] "GET /bmpp/Bilder/18_11.png HTTP/1.0" 200 233 "-" "Mozilla/5.0 (Twiceler-0.9 http://www.cuil.com/twiceler/robot.html)"
85.235.220.166 - - [29/Sep/2008:20:05:09 +0200] "GET / HTTP/1.0" 200 7869 "http://angelinajoliefan.ru" "Mozilla/4.0 (compatible; MSIE 6.0; Windows NT 5.1; .NET CLR 1.1.4322; FDM)"
74.6.18.220 - - [29/Sep/2008:20:23:25 +0200] "GET /robots.txt HTTP/1.0" 200 64 "-" "Mozilla/5.0 (compatible; Yahoo! Slurp; http://help.yahoo.com/help/us/ysearch/slurp)"
74.6.18.220 - - [29/Sep/2008:20:26:26 +0200] "GET /bmpp/18.html HTTP/1.0" 200 4467 "-" "Mozilla/5.0 (compatible; Yahoo! Slurp; http://help.yahoo.com/help/us/ysearch/slurp)"
77.162.219.139 - - [29/Sep/2008:20:32:03 +0200] "GET http://various-euro.com/ct/installct.php?action=proc HTTP/1.0" 404 2748 "http://various-euro.com/ct/installct.php?action=proc" "Mozilla/4.0 (compatible; MSIE 6.0; Windows NT 5.1)"
65.55.25.145 - - [29/Sep/2008:21:02:19 +0200] "GET /framez.html HTTP/1.1" 200 3959 "-" "msnbot/1.1 (+http://search.msn.com/msnbot.htm)"
65.55.25.145 - - [29/Sep/2008:21:02:51 +0200] "GET /robots.txt HTTP/1.1" 200 64 "-" "msnbot/1.0 (+http://search.msn.com/msnbot.htm)"
65.55.25.145 - - [29/Sep/2008:21:02:51 +0200] "GET /frame-menu.html HTTP/1.1" 200 10536 "-" "msnbot/1.0 (+http://search.msn.com/msnbot.htm)"
65.55.25.145 - - [29/Sep/2008:21:02:52 +0200] "GET /frame-inhalt.html HTTP/1.1" 200 5418 "-" "msnbot/1.0 (+http://search.msn.com/msnbot.htm)"
65.55.25.145 - - [29/Sep/2008:21:02:53 +0200] "GET /frame-unten.html HTTP/1.1" 200 5308 "-" "msnbot/1.0 (+http://search.msn.com/msnbot.htm)"
67.195.37.107 - - [29/Sep/2008:21:07:54 +0200] "GET /framez-rez.html HTTP/1.0" 200 4323 "-" "Mozilla/5.0 (compatible; Yahoo! Slurp; http://help.yahoo.com/help/us/ysearch/slurp)"
67.195.37.107 - - [29/Sep/2008:21:08:18 +0200] "GET /frame-menu.html HTTP/1.0" 200 10536 "-" "Mozilla/5.0 (compatible; Yahoo! Slurp; http://help.yahoo.com/help/us/ysearch/slurp)"
67.195.37.107 - - [29/Sep/2008:21:08:36 +0200] "GET /f-rez.html HTTP/1.0" 200 9765 "-" "Mozilla/5.0 (compatible; Yahoo! Slurp; http://help.yahoo.com/help/us/ysearch/slurp)"
67.195.37.107 - - [29/Sep/2008:21:08:53 +0200] "GET /frame-unten.html HTTP/1.0" 200 5308 "-" "Mozilla/5.0 (compatible; Yahoo! Slurp; http://help.yahoo.com/help/us/ysearch/slurp)"
65.55.211.184 - - [29/Sep/2008:21:21:10 +0200] "GET /robots.txt HTTP/1.1" 200 64 "-" "msnbot/1.1 (+http://search.msn.com/msnbot.htm)"
65.55.211.184 - - [29/Sep/2008:21:21:10 +0200] "GET /DgH/bull/ HTTP/1.1" 200 1915 "-" "msnbot/1.1 (+http://search.msn.com/msnbot.htm)"
65.55.211.170 - - [29/Sep/2008:21:28:30 +0200] "GET /f-channel1.html HTTP/1.1" 200 5713 "-" "msnbot/1.1 (+http://search.msn.com/msnbot.htm)"
208.115.111.243 - - [29/Sep/2008:21:31:40 +0200] "GET /framez-zampa-lovers.html HTTP/1.1" 200 4322 "-" "Mozilla/5.0 (compatible; DotBot/1.1; http://www.dotnetdotcom.org/, crawler@dotnetdotcom.org)"
208.115.111.243 - - [29/Sep/2008:21:31:45 +0200] "GET /menue.html HTTP/1.1" 404 2748 "-" "Mozilla/5.0 (compatible; DotBot/1.1; http://www.dotnetdotcom.org/, crawler@dotnetdotcom.org)"
208.115.111.243 - - [29/Sep/2008:21:31:50 +0200] "GET /zampa/ HTTP/1.1" 200 7153 "-" "Mozilla/5.0 (compatible; DotBot/1.1; http://www.dotnetdotcom.org/, crawler@dotnetdotcom.org)"
208.115.111.243 - - [29/Sep/2008:21:31:56 +0200] "GET /framez.html HTTP/1.1" 200 3959 "-" "Mozilla/5.0 (compatible; DotBot/1.1; http://www.dotnetdotcom.org/, crawler@dotnetdotcom.org)"
74.6.18.220 - - [29/Sep/2008:21:41:08 +0200] "GET /f-maintitle.html HTTP/1.0" 200 5030 "-" "Mozilla/5.0 (compatible; Yahoo! Slurp; http://help.yahoo.com/help/us/ysearch/slurp)"
66.249.65.169 - - [29/Sep/2008:21:48:55 +0200] "GET /robots.txt HTTP/1.1" 200 64 "-" "Googlebot-Image/1.0"
149.20.54.199 - - [29/Sep/2008:21:55:48 +0200] "GET /robots.txt HTTP/1.0" 200 64 "-" "Grub/2.0 (Grub.org crawler; http://www.grub.org/; bot@grub.org)"
149.20.54.199 - - [29/Sep/2008:21:55:48 +0200] "GET / HTTP/1.0" 200 7869 "-" "Grub/2.0 (Grub.org crawler; http://www.grub.org/; bot@grub.org)"
85.12.24.24 - - [29/Sep/2008:22:01:59 +0200] "GET /schubb/schubb-5.html HTTP/1.0" 200 72944 "http://www.various-euro.com/schubb/schubb-5.html" "Mozilla/4.0 (compatible; MSIE 6.0; Windows NT 5.1; Maxthon; .NET CLR 1.1.4322)"
208.36.144.10 - - [29/Sep/2008:22:18:12 +0200] "GET /DgH/orginal/pict/GNFL.jpg HTTP/1.0" 200 17744 "-" "Mozilla/5.0 (Twiceler-0.9 http://www.cuil.com/twiceler/robot.html)"
91.191.51.138 - - [29/Sep/2008:22:19:34 +0200] "GET /zampa-lovers/kralle.gif HTTP/1.1" 404 2748 "http://various-euro.com/zampa-lovers/index.html" "Mozilla/5.0 (Windows; U; Windows NT 5.1; en-US; rv:1.9.0.3) Gecko/2008092417 Firefox/3.0.3"
91.191.51.138 - - [29/Sep/2008:22:19:34 +0200] "GET /zampa-lovers/DRAGAN_Z.JPG HTTP/1.1" 200 6850 "http://various-euro.com/zampa-lovers/index.html" "Mozilla/5.0 (Windows; U; Windows NT 5.1; en-US; rv:1.9.0.3) Gecko/2008092417 Firefox/3.0.3"
91.191.51.138 - - [29/Sep/2008:22:19:34 +0200] "GET /zampa-lovers/MILIZA_B.JPG HTTP/1.1" 200 10947 "http://various-euro.com/zampa-lovers/index.html" "Mozilla/5.0 (Windows; U; Windows NT 5.1; en-US; rv:1.9.0.3) Gecko/2008092417 Firefox/3.0.3"
91.191.51.138 - - [29/Sep/2008:22:19:34 +0200] "GET /zampa-lovers/zampa.ICO HTTP/1.1" 200 7134 "-" "Mozilla/5.0 (Windows; U; Windows NT 5.1; en-US; rv:1.9.0.3) Gecko/2008092417 Firefox/3.0.3"
91.191.51.138 - - [29/Sep/2008:22:19:34 +0200] "GET /zampa-lovers/ZAMPAMA2.MPG HTTP/1.1" 200 63492 "http://various-euro.com/zampa-lovers/index.html" "Mozilla/5.0 (Windows; U; Windows NT 5.1; en-US; rv:1.9.0.3) Gecko/2008092417 Firefox/3.0.3"
91.191.51.138 - - [29/Sep/2008:22:19:35 +0200] "GET /zampa-lovers/WASISTMI1.MPG HTTP/1.1" 200 271221 "http://various-euro.com/zampa-lovers/index.html" "Mozilla/5.0 (Windows; U; Windows NT 5.1; en-US; rv:1.9.0.3) Gecko/2008092417 Firefox/3.0.3"
91.191.51.138 - - [29/Sep/2008:22:19:34 +0200] "GET /zampa-lovers/MILIZA_3.JPG HTTP/1.1" 200 26924 "http://various-euro.com/zampa-lovers/index.html" "Mozilla/5.0 (Windows; U; Windows NT 5.1; en-US; rv:1.9.0.3) Gecko/2008092417 Firefox/3.0.3"
91.191.51.138 - - [29/Sep/2008:22:19:37 +0200] "GET /zampa-lovers/ZAMPAMAS.MPG HTTP/1.1" 200 520196 "http://various-euro.com/zampa-lovers/index.html" "Mozilla/5.0 (Windows; U; Windows NT 5.1; en-US; rv:1.9.0.3) Gecko/2008092417 Firefox/3.0.3"
91.191.51.138 - - [29/Sep/2008:22:19:34 +0200] "GET /zampa-lovers/MILIZA_2.JPG HTTP/1.1" 200 22172 "http://various-euro.com/zampa-lovers/index.html" "Mozilla/5.0 (Windows; U; Windows NT 5.1; en-US; rv:1.9.0.3) Gecko/2008092417 Firefox/3.0.3"
91.191.51.138 - - [29/Sep/2008:22:19:38 +0200] "GET /zampa-lovers/MILIZA_4.JPG HTTP/1.1" 200 9946 "http://various-euro.com/zampa-lovers/index.html" "Mozilla/5.0 (Windows; U; Windows NT 5.1; en-US; rv:1.9.0.3) Gecko/2008092417 Firefox/3.0.3"
91.191.51.138 - - [29/Sep/2008:22:19:33 +0200] "GET /zampa-lovers/index.html HTTP/1.1" 200 37790 "http://search.bearshare.com/intl/webResults.html?q=smrt%20jugoslaviji&hl=en&o=10596&page=1&lr=1&src=hmp_intl" "Mozilla/5.0 (Windows; U; Windows NT 5.1; en-US; rv:1.9.0.3) Gecko/2008092417 Firefox/3.0.3"
91.191.51.138 - - [29/Sep/2008:22:19:41 +0200] "GET /zampa-lovers/Kralle.gif HTTP/1.1" 200 260 "http://various-euro.com/zampa-lovers/index.html" "Mozilla/5.0 (Windows; U; Windows NT 5.1; en-US; rv:1.9.0.3) Gecko/2008092417 Firefox/3.0.3"
91.191.51.138 - - [29/Sep/2008:22:19:39 +0200] "GET /zampa-lovers/DRAGANZA.JPG HTTP/1.1" 200 18560 "http://various-euro.com/zampa-lovers/index.html" "Mozilla/5.0 (Windows; U; Windows NT 5.1; en-US; rv:1.9.0.3) Gecko/2008092417 Firefox/3.0.3"
91.191.51.138 - - [29/Sep/2008:22:19:41 +0200] "GET /zampa-lovers/zampa-2X2.gif HTTP/1.1" 200 6948 "http://various-euro.com/zampa-lovers/index.html" "Mozilla/5.0 (Windows; U; Windows NT 5.1; en-US; rv:1.9.0.3) Gecko/2008092417 Firefox/3.0.3"
91.191.51.138 - - [29/Sep/2008:22:19:41 +0200] "GET /zampa-lovers/zampamali.gif HTTP/1.1" 200 2617 "http://various-euro.com/zampa-lovers/index.html" "Mozilla/5.0 (Windows; U; Windows NT 5.1; en-US; rv:1.9.0.3) Gecko/2008092417 Firefox/3.0.3"
91.191.51.138 - - [29/Sep/2008:22:19:40 +0200] "GET /zampa-lovers/2SEITEVE.GIF HTTP/1.1" 200 83466 "http://various-euro.com/zampa-lovers/index.html" "Mozilla/5.0 (Windows; U; Windows NT 5.1; en-US; rv:1.9.0.3) Gecko/2008092417 Firefox/3.0.3"
91.191.51.138 - - [29/Sep/2008:22:19:40 +0200] "GET /zampa-lovers/1SEITEVE.GIF HTTP/1.1" 200 78726 "http://various-euro.com/zampa-lovers/index.html" "Mozilla/5.0 (Windows; U; Windows NT 5.1; en-US; rv:1.9.0.3) Gecko/2008092417 Firefox/3.0.3"
91.191.51.138 - - [29/Sep/2008:22:19:42 +0200] "GET /zampa-lovers/zampa.gif HTTP/1.1" 200 460627 "http://various-euro.com/zampa-lovers/index.html" "Mozilla/5.0 (Windows; U; Windows NT 5.1; en-US; rv:1.9.0.3) Gecko/2008092417 Firefox/3.0.3"
65.55.211.171 - - [29/Sep/2008:22:22:36 +0200] "GET /robots.txt HTTP/1.1" 200 64 "-" "msnbot/1.1 (+http://search.msn.com/msnbot.htm)"
65.55.211.171 - - [29/Sep/2008:22:22:37 +0200] "GET /logs/usage_200709.html HTTP/1.1" 200 110974 "-" "msnbot/1.1 (+http://search.msn.com/msnbot.htm)"
