71.105.65.57 - - [08/Sep/2008:06:32:37 +0200] "GET /bmpp/Bilder2/fsstreiffcc_02.png HTTP/1.1" 200 2509 "http://www.various-euro.com/bmpp/euro_pal_1.html" "Mozilla/5.0 (Macintosh; U; Intel Mac OS X; en-US; rv:1.8.1.16) Gecko/20080702 Firefox/2.0.0.16"
71.105.65.57 - - [08/Sep/2008:06:32:37 +0200] "GET /bmpp/Bilder2/fsstreiffcc_03.png HTTP/1.1" 200 2391 "http://www.various-euro.com/bmpp/euro_pal_1.html" "Mozilla/5.0 (Macintosh; U; Intel Mac OS X; en-US; rv:1.8.1.16) Gecko/20080702 Firefox/2.0.0.16"
71.105.65.57 - - [08/Sep/2008:06:32:37 +0200] "GET /bmpp/Bilder2/fsstreiffcc_04.png HTTP/1.1" 200 2213 "http://www.various-euro.com/bmpp/euro_pal_1.html" "Mozilla/5.0 (Macintosh; U; Intel Mac OS X; en-US; rv:1.8.1.16) Gecko/20080702 Firefox/2.0.0.16"
71.105.65.57 - - [08/Sep/2008:06:32:38 +0200] "GET /bmpp/Bilder2/fsstreiffcc_05.png HTTP/1.1" 200 2452 "http://www.various-euro.com/bmpp/euro_pal_1.html" "Mozilla/5.0 (Macintosh; U; Intel Mac OS X; en-US; rv:1.8.1.16) Gecko/20080702 Firefox/2.0.0.16"
71.105.65.57 - - [08/Sep/2008:06:32:38 +0200] "GET /bmpp/Bilder2/fsstreiffcc_06.png HTTP/1.1" 200 2060 "http://www.various-euro.com/bmpp/euro_pal_1.html" "Mozilla/5.0 (Macintosh; U; Intel Mac OS X; en-US; rv:1.8.1.16) Gecko/20080702 Firefox/2.0.0.16"
71.105.65.57 - - [08/Sep/2008:06:32:38 +0200] "GET /bmpp/Bilder2/fsstreiffcc_07.png HTTP/1.1" 200 287 "http://www.various-euro.com/bmpp/euro_pal_1.html" "Mozilla/5.0 (Macintosh; U; Intel Mac OS X; en-US; rv:1.8.1.16) Gecko/20080702 Firefox/2.0.0.16"
71.105.65.57 - - [08/Sep/2008:06:32:38 +0200] "GET /bmpp/Bilder2/fsstreiffcc_08.png HTTP/1.1" 200 1740 "http://www.various-euro.com/bmpp/euro_pal_1.html" "Mozilla/5.0 (Macintosh; U; Intel Mac OS X; en-US; rv:1.8.1.16) Gecko/20080702 Firefox/2.0.0.16"
71.105.65.57 - - [08/Sep/2008:06:32:39 +0200] "GET /bmpp/Bilder2/fsstreiffcc_09.png HTTP/1.1" 200 1796 "http://www.various-euro.com/bmpp/euro_pal_1.html" "Mozilla/5.0 (Macintosh; U; Intel Mac OS X; en-US; rv:1.8.1.16) Gecko/20080702 Firefox/2.0.0.16"
71.105.65.57 - - [08/Sep/2008:06:32:40 +0200] "GET /bmpp/Bilder2/fsstreiffcc_10.png HTTP/1.1" 200 2645 "http://www.various-euro.com/bmpp/euro_pal_1.html" "Mozilla/5.0 (Macintosh; U; Intel Mac OS X; en-US; rv:1.8.1.16) Gecko/20080702 Firefox/2.0.0.16"
71.105.65.57 - - [08/Sep/2008:06:32:40 +0200] "GET /bmpp/Bilder2/fsstreiffcc_11.png HTTP/1.1" 200 2558 "http://www.various-euro.com/bmpp/euro_pal_1.html" "Mozilla/5.0 (Macintosh; U; Intel Mac OS X; en-US; rv:1.8.1.16) Gecko/20080702 Firefox/2.0.0.16"
71.105.65.57 - - [08/Sep/2008:06:32:40 +0200] "GET /bmpp/Bilder2/fsstreiffcc_12.png HTTP/1.1" 200 1783 "http://www.various-euro.com/bmpp/euro_pal_1.html" "Mozilla/5.0 (Macintosh; U; Intel Mac OS X; en-US; rv:1.8.1.16) Gecko/20080702 Firefox/2.0.0.16"
71.105.65.57 - - [08/Sep/2008:06:32:40 +0200] "GET /bmpp/Bilder2/fsstreiffcc_13.png HTTP/1.1" 200 2817 "http://www.various-euro.com/bmpp/euro_pal_1.html" "Mozilla/5.0 (Macintosh; U; Intel Mac OS X; en-US; rv:1.8.1.16) Gecko/20080702 Firefox/2.0.0.16"
71.105.65.57 - - [08/Sep/2008:06:32:41 +0200] "GET /bmpp/Bilder2/fsstreiffcc_14.png HTTP/1.1" 200 1792 "http://www.various-euro.com/bmpp/euro_pal_1.html" "Mozilla/5.0 (Macintosh; U; Intel Mac OS X; en-US; rv:1.8.1.16) Gecko/20080702 Firefox/2.0.0.16"
71.105.65.57 - - [08/Sep/2008:06:32:41 +0200] "GET /bmpp/Bilder2/fsstreiffcc_15.png HTTP/1.1" 200 2614 "http://www.various-euro.com/bmpp/euro_pal_1.html" "Mozilla/5.0 (Macintosh; U; Intel Mac OS X; en-US; rv:1.8.1.16) Gecko/20080702 Firefox/2.0.0.16"
71.105.65.57 - - [08/Sep/2008:06:32:42 +0200] "GET /bmpp/Bilder2/fsstreiffcc_16.png HTTP/1.1" 200 1536 "http://www.various-euro.com/bmpp/euro_pal_1.html" "Mozilla/5.0 (Macintosh; U; Intel Mac OS X; en-US; rv:1.8.1.16) Gecko/20080702 Firefox/2.0.0.16"
71.105.65.57 - - [08/Sep/2008:06:32:42 +0200] "GET /bmpp/Bilder2/fsstreiffcc_17.png HTTP/1.1" 200 1288 "http://www.various-euro.com/bmpp/euro_pal_1.html" "Mozilla/5.0 (Macintosh; U; Intel Mac OS X; en-US; rv:1.8.1.16) Gecko/20080702 Firefox/2.0.0.16"
71.105.65.57 - - [08/Sep/2008:06:32:43 +0200] "GET /bmpp/Bilder2/fsstreiffcc_18.png HTTP/1.1" 200 1094 "http://www.various-euro.com/bmpp/euro_pal_1.html" "Mozilla/5.0 (Macintosh; U; Intel Mac OS X; en-US; rv:1.8.1.16) Gecko/20080702 Firefox/2.0.0.16"
71.105.65.57 - - [08/Sep/2008:06:32:43 +0200] "GET /bmpp/Bilder2/fsstreiffcc_19.png HTTP/1.1" 200 714 "http://www.various-euro.com/bmpp/euro_pal_1.html" "Mozilla/5.0 (Macintosh; U; Intel Mac OS X; en-US; rv:1.8.1.16) Gecko/20080702 Firefox/2.0.0.16"
71.105.65.57 - - [08/Sep/2008:06:32:43 +0200] "GET /bmpp/Bilder2/fsstreiffcc_20.png HTTP/1.1" 200 357 "http://www.various-euro.com/bmpp/euro_pal_1.html" "Mozilla/5.0 (Macintosh; U; Intel Mac OS X; en-US; rv:1.8.1.16) Gecko/20080702 Firefox/2.0.0.16"
71.105.65.57 - - [08/Sep/2008:06:32:44 +0200] "GET /bmpp/Bilder2/fsstreiffcc_21.png HTTP/1.1" 200 214 "http://www.various-euro.com/bmpp/euro_pal_1.html" "Mozilla/5.0 (Macintosh; U; Intel Mac OS X; en-US; rv:1.8.1.16) Gecko/20080702 Firefox/2.0.0.16"
71.105.65.57 - - [08/Sep/2008:06:32:44 +0200] "GET /bmpp/Bilder2/fsstreiffcc_22.png HTTP/1.1" 200 691 "http://www.various-euro.com/bmpp/euro_pal_1.html" "Mozilla/5.0 (Macintosh; U; Intel Mac OS X; en-US; rv:1.8.1.16) Gecko/20080702 Firefox/2.0.0.16"
71.105.65.57 - - [08/Sep/2008:06:32:45 +0200] "GET /bmpp/Bilder2/fsstreiffcc_23.png HTTP/1.1" 200 475 "http://www.various-euro.com/bmpp/euro_pal_1.html" "Mozilla/5.0 (Macintosh; U; Intel Mac OS X; en-US; rv:1.8.1.16) Gecko/20080702 Firefox/2.0.0.16"
71.105.65.57 - - [08/Sep/2008:06:32:45 +0200] "GET /bmpp/Bilder2/fsstreiffcc_24.png HTTP/1.1" 200 737 "http://www.various-euro.com/bmpp/euro_pal_1.html" "Mozilla/5.0 (Macintosh; U; Intel Mac OS X; en-US; rv:1.8.1.16) Gecko/20080702 Firefox/2.0.0.16"
71.105.65.57 - - [08/Sep/2008:06:32:45 +0200] "GET /bmpp/Bilder2/fsstreiffcc_25.png HTTP/1.1" 200 478 "http://www.various-euro.com/bmpp/euro_pal_1.html" "Mozilla/5.0 (Macintosh; U; Intel Mac OS X; en-US; rv:1.8.1.16) Gecko/20080702 Firefox/2.0.0.16"
71.105.65.57 - - [08/Sep/2008:06:32:46 +0200] "GET /bmpp/Bilder2/fsstreiffcc_26.png HTTP/1.1" 200 336 "http://www.various-euro.com/bmpp/euro_pal_1.html" "Mozilla/5.0 (Macintosh; U; Intel Mac OS X; en-US; rv:1.8.1.16) Gecko/20080702 Firefox/2.0.0.16"
71.105.65.57 - - [08/Sep/2008:06:32:46 +0200] "GET /bmpp/Bilder2/fsstreiffcc_27.png HTTP/1.1" 200 615 "http://www.various-euro.com/bmpp/euro_pal_1.html" "Mozilla/5.0 (Macintosh; U; Intel Mac OS X; en-US; rv:1.8.1.16) Gecko/20080702 Firefox/2.0.0.16"
71.105.65.57 - - [08/Sep/2008:06:32:46 +0200] "GET /bmpp/Bilder2/fsstreiffcc_28.png HTTP/1.1" 200 595 "http://www.various-euro.com/bmpp/euro_pal_1.html" "Mozilla/5.0 (Macintosh; U; Intel Mac OS X; en-US; rv:1.8.1.16) Gecko/20080702 Firefox/2.0.0.16"
71.105.65.57 - - [08/Sep/2008:06:32:47 +0200] "GET /bmpp/Bilder2/fsstreiffcc_29.png HTTP/1.1" 200 448 "http://www.various-euro.com/bmpp/euro_pal_1.html" "Mozilla/5.0 (Macintosh; U; Intel Mac OS X; en-US; rv:1.8.1.16) Gecko/20080702 Firefox/2.0.0.16"
71.105.65.57 - - [08/Sep/2008:06:32:47 +0200] "GET /bmpp/Bilder2/fsstreiffcc_30.png HTTP/1.1" 200 583 "http://www.various-euro.com/bmpp/euro_pal_1.html" "Mozilla/5.0 (Macintosh; U; Intel Mac OS X; en-US; rv:1.8.1.16) Gecko/20080702 Firefox/2.0.0.16"
71.105.65.57 - - [08/Sep/2008:06:32:48 +0200] "GET /bmpp/Bilder2/fsstreiffcc_31.png HTTP/1.1" 200 586 "http://www.various-euro.com/bmpp/euro_pal_1.html" "Mozilla/5.0 (Macintosh; U; Intel Mac OS X; en-US; rv:1.8.1.16) Gecko/20080702 Firefox/2.0.0.16"
71.105.65.57 - - [08/Sep/2008:06:32:48 +0200] "GET /bmpp/Bilder2/fsstreiffcc_32.png HTTP/1.1" 200 605 "http://www.various-euro.com/bmpp/euro_pal_1.html" "Mozilla/5.0 (Macintosh; U; Intel Mac OS X; en-US; rv:1.8.1.16) Gecko/20080702 Firefox/2.0.0.16"
71.105.65.57 - - [08/Sep/2008:06:32:48 +0200] "GET /bmpp/Bilder2/fsstreiffcc_33.png HTTP/1.1" 200 404 "http://www.various-euro.com/bmpp/euro_pal_1.html" "Mozilla/5.0 (Macintosh; U; Intel Mac OS X; en-US; rv:1.8.1.16) Gecko/20080702 Firefox/2.0.0.16"
71.105.65.57 - - [08/Sep/2008:06:32:48 +0200] "GET /bmpp/Bilder2/fsstreiffcc_34.png HTTP/1.1" 200 279 "http://www.various-euro.com/bmpp/euro_pal_1.html" "Mozilla/5.0 (Macintosh; U; Intel Mac OS X; en-US; rv:1.8.1.16) Gecko/20080702 Firefox/2.0.0.16"
71.105.65.57 - - [08/Sep/2008:06:32:49 +0200] "GET /bmpp/Bilder2/fsstreiffcc_35.png HTTP/1.1" 200 492 "http://www.various-euro.com/bmpp/euro_pal_1.html" "Mozilla/5.0 (Macintosh; U; Intel Mac OS X; en-US; rv:1.8.1.16) Gecko/20080702 Firefox/2.0.0.16"
71.105.65.57 - - [08/Sep/2008:06:32:49 +0200] "GET /bmpp/Bilder2/fsstreiffcc_36.png HTTP/1.1" 200 458 "http://www.various-euro.com/bmpp/euro_pal_1.html" "Mozilla/5.0 (Macintosh; U; Intel Mac OS X; en-US; rv:1.8.1.16) Gecko/20080702 Firefox/2.0.0.16"
71.105.65.57 - - [08/Sep/2008:06:32:50 +0200] "GET /bmpp/Bilder2/fsstreiffcc_37.png HTTP/1.1" 200 400 "http://www.various-euro.com/bmpp/euro_pal_1.html" "Mozilla/5.0 (Macintosh; U; Intel Mac OS X; en-US; rv:1.8.1.16) Gecko/20080702 Firefox/2.0.0.16"
71.105.65.57 - - [08/Sep/2008:06:32:50 +0200] "GET /bmpp/Bilder2/fsstreiffcc_38.png HTTP/1.1" 200 252 "http://www.various-euro.com/bmpp/euro_pal_1.html" "Mozilla/5.0 (Macintosh; U; Intel Mac OS X; en-US; rv:1.8.1.16) Gecko/20080702 Firefox/2.0.0.16"
71.105.65.57 - - [08/Sep/2008:06:32:51 +0200] "GET /bmpp/Bilder2/fsstreiffcc_39.png HTTP/1.1" 200 399 "http://www.various-euro.com/bmpp/euro_pal_1.html" "Mozilla/5.0 (Macintosh; U; Intel Mac OS X; en-US; rv:1.8.1.16) Gecko/20080702 Firefox/2.0.0.16"
71.105.65.57 - - [08/Sep/2008:06:32:51 +0200] "GET /bmpp/Bilder2/fsstreiffcc_40.png HTTP/1.1" 200 354 "http://www.various-euro.com/bmpp/euro_pal_1.html" "Mozilla/5.0 (Macintosh; U; Intel Mac OS X; en-US; rv:1.8.1.16) Gecko/20080702 Firefox/2.0.0.16"
71.105.65.57 - - [08/Sep/2008:06:32:51 +0200] "GET /bmpp/Bilder2/fsstreiffcc_41.png HTTP/1.1" 200 378 "http://www.various-euro.com/bmpp/euro_pal_1.html" "Mozilla/5.0 (Macintosh; U; Intel Mac OS X; en-US; rv:1.8.1.16) Gecko/20080702 Firefox/2.0.0.16"
71.105.65.57 - - [08/Sep/2008:06:32:51 +0200] "GET /bmpp/Bilder2/fsstreiffcc_42.png HTTP/1.1" 200 339 "http://www.various-euro.com/bmpp/euro_pal_1.html" "Mozilla/5.0 (Macintosh; U; Intel Mac OS X; en-US; rv:1.8.1.16) Gecko/20080702 Firefox/2.0.0.16"
71.105.65.57 - - [08/Sep/2008:06:32:52 +0200] "GET /bmpp/Bilder2/fsstreiffcc_43.png HTTP/1.1" 200 295 "http://www.various-euro.com/bmpp/euro_pal_1.html" "Mozilla/5.0 (Macintosh; U; Intel Mac OS X; en-US; rv:1.8.1.16) Gecko/20080702 Firefox/2.0.0.16"
71.105.65.57 - - [08/Sep/2008:06:32:52 +0200] "GET /bmpp/Bilder2/fsstreiffcc_44.png HTTP/1.1" 200 249 "http://www.various-euro.com/bmpp/euro_pal_1.html" "Mozilla/5.0 (Macintosh; U; Intel Mac OS X; en-US; rv:1.8.1.16) Gecko/20080702 Firefox/2.0.0.16"
71.105.65.57 - - [08/Sep/2008:06:32:53 +0200] "GET /bmpp/Bilder2/fsstreiffcc_45.png HTTP/1.1" 200 285 "http://www.various-euro.com/bmpp/euro_pal_1.html" "Mozilla/5.0 (Macintosh; U; Intel Mac OS X; en-US; rv:1.8.1.16) Gecko/20080702 Firefox/2.0.0.16"
71.105.65.57 - - [08/Sep/2008:06:32:53 +0200] "GET /bmpp/Bilder2/fsstreiffcc_46.png HTTP/1.1" 200 230 "http://www.various-euro.com/bmpp/euro_pal_1.html" "Mozilla/5.0 (Macintosh; U; Intel Mac OS X; en-US; rv:1.8.1.16) Gecko/20080702 Firefox/2.0.0.16"
71.105.65.57 - - [08/Sep/2008:06:32:54 +0200] "GET /framez-pal1.html HTTP/1.1" 200 4326 "http://www.various-euro.com/bmpp/euro_pal_1.html" "Mozilla/5.0 (Macintosh; U; Intel Mac OS X; en-US; rv:1.8.1.16) Gecko/20080702 Firefox/2.0.0.16"
71.105.65.57 - - [08/Sep/2008:06:32:56 +0200] "GET /ve-icon-2.ico HTTP/1.1" 200 2238 "-" "Mozilla/5.0 (Macintosh; U; Intel Mac OS X; en-US; rv:1.8.1.16) Gecko/20080702 Firefox/2.0.0.16"
71.105.65.57 - - [08/Sep/2008:06:32:56 +0200] "GET /frame-menu.html HTTP/1.1" 200 10536 "http://www.various-euro.com/framez-pal1.html" "Mozilla/5.0 (Macintosh; U; Intel Mac OS X; en-US; rv:1.8.1.16) Gecko/20080702 Firefox/2.0.0.16"
71.105.65.57 - - [08/Sep/2008:06:32:58 +0200] "GET /frame-unten.html HTTP/1.1" 200 5308 "http://www.various-euro.com/framez-pal1.html" "Mozilla/5.0 (Macintosh; U; Intel Mac OS X; en-US; rv:1.8.1.16) Gecko/20080702 Firefox/2.0.0.16"
71.105.65.57 - - [08/Sep/2008:06:32:57 +0200] "GET /bmpp/euro_pal_1.html HTTP/1.1" 200 18252 "http://www.various-euro.com/framez-pal1.html" "Mozilla/5.0 (Macintosh; U; Intel Mac OS X; en-US; rv:1.8.1.16) Gecko/20080702 Firefox/2.0.0.16"
71.105.65.57 - - [08/Sep/2008:06:32:59 +0200] "GET /style/various-euro.css HTTP/1.1" 200 3437 "http://www.various-euro.com/frame-menu.html" "Mozilla/5.0 (Macintosh; U; Intel Mac OS X; en-US; rv:1.8.1.16) Gecko/20080702 Firefox/2.0.0.16"
71.105.65.57 - - [08/Sep/2008:06:32:59 +0200] "GET /bannerz/ve.jpg HTTP/1.1" 200 36912 "http://www.various-euro.com/frame-unten.html" "Mozilla/5.0 (Macintosh; U; Intel Mac OS X; en-US; rv:1.8.1.16) Gecko/20080702 Firefox/2.0.0.16"
71.105.65.57 - - [08/Sep/2008:06:33:00 +0200] "GET /bannerz/various-euro-girl.jpg HTTP/1.1" 200 91514 "http://www.various-euro.com/frame-unten.html" "Mozilla/5.0 (Macintosh; U; Intel Mac OS X; en-US; rv:1.8.1.16) Gecko/20080702 Firefox/2.0.0.16"
71.105.65.57 - - [08/Sep/2008:06:33:16 +0200] "GET /frame-inhalt.html HTTP/1.1" 200 5418 "http://www.various-euro.com/frame-menu.html" "Mozilla/5.0 (Macintosh; U; Intel Mac OS X; en-US; rv:1.8.1.16) Gecko/20080702 Firefox/2.0.0.16"
71.105.65.57 - - [08/Sep/2008:06:33:18 +0200] "GET /bannerz/neon_click_3.gif HTTP/1.1" 200 240 "http://www.various-euro.com/frame-inhalt.html" "Mozilla/5.0 (Macintosh; U; Intel Mac OS X; en-US; rv:1.8.1.16) Gecko/20080702 Firefox/2.0.0.16"
71.105.65.57 - - [08/Sep/2008:06:33:18 +0200] "GET /bannerz/goolag_468.jpg HTTP/1.1" 200 28285 "http://www.various-euro.com/frame-inhalt.html" "Mozilla/5.0 (Macintosh; U; Intel Mac OS X; en-US; rv:1.8.1.16) Gecko/20080702 Firefox/2.0.0.16"
71.105.65.57 - - [08/Sep/2008:06:33:19 +0200] "GET /eurosign3.gif HTTP/1.1" 200 7879 "http://www.various-euro.com/frame-inhalt.html" "Mozilla/5.0 (Macintosh; U; Intel Mac OS X; en-US; rv:1.8.1.16) Gecko/20080702 Firefox/2.0.0.16"
71.105.65.57 - - [08/Sep/2008:06:33:19 +0200] "GET /bannerz/neon_click_1.gif HTTP/1.1" 200 890 "http://www.various-euro.com/frame-inhalt.html" "Mozilla/5.0 (Macintosh; U; Intel Mac OS X; en-US; rv:1.8.1.16) Gecko/20080702 Firefox/2.0.0.16"
71.105.65.57 - - [08/Sep/2008:06:33:20 +0200] "GET /bannerz/google/Logo_40blk.gif HTTP/1.1" 200 2308 "http://www.various-euro.com/frame-inhalt.html" "Mozilla/5.0 (Macintosh; U; Intel Mac OS X; en-US; rv:1.8.1.16) Gecko/20080702 Firefox/2.0.0.16"
71.105.65.57 - - [08/Sep/2008:06:33:20 +0200] "GET /bannerz/wet.gif HTTP/1.1" 200 18561 "http://www.various-euro.com/frame-inhalt.html" "Mozilla/5.0 (Macintosh; U; Intel Mac OS X; en-US; rv:1.8.1.16) Gecko/20080702 Firefox/2.0.0.16"
71.105.65.57 - - [08/Sep/2008:06:33:21 +0200] "GET /bannerz/neon_click_2.gif HTTP/1.1" 200 387 "http://www.various-euro.com/frame-inhalt.html" "Mozilla/5.0 (Macintosh; U; Intel Mac OS X; en-US; rv:1.8.1.16) Gecko/20080702 Firefox/2.0.0.16"
71.105.65.57 - - [08/Sep/2008:06:33:22 +0200] "GET /bannerz/douwil.gif HTTP/1.1" 200 528 "http://www.various-euro.com/frame-inhalt.html" "Mozilla/5.0 (Macintosh; U; Intel Mac OS X; en-US; rv:1.8.1.16) Gecko/20080702 Firefox/2.0.0.16"
71.105.65.57 - - [08/Sep/2008:06:33:22 +0200] "GET /bannerz/anti_black_small.gif HTTP/1.1" 200 1009 "http://www.various-euro.com/frame-inhalt.html" "Mozilla/5.0 (Macintosh; U; Intel Mac OS X; en-US; rv:1.8.1.16) Gecko/20080702 Firefox/2.0.0.16"
71.105.65.57 - - [08/Sep/2008:06:33:22 +0200] "GET /bannerz/copyleft_black_small.gif HTTP/1.1" 200 1231 "http://www.various-euro.com/frame-inhalt.html" "Mozilla/5.0 (Macintosh; U; Intel Mac OS X; en-US; rv:1.8.1.16) Gecko/20080702 Firefox/2.0.0.16"
81.52.143.16 - - [08/Sep/2008:06:52:09 +0200] "GET http://www.various-euro.com:80/robots.txt HTTP/1.1" 200 64 "-" "Mozilla/5.0 (Windows; U; Windows NT 5.1; fr; rv:1.8.1) VoilaBot BETA 1.2 (support.voilabot@orange-ftgroup.com)"
81.52.143.16 - - [08/Sep/2008:06:52:29 +0200] "GET /neon/girlz2.html HTTP/1.1" 200 2937 "-" "Mozilla/5.0 (Windows; U; Windows NT 5.1; fr; rv:1.8.1) VoilaBot BETA 1.2 (support.voilabot@orange-ftgroup.com)"
65.55.211.170 - - [08/Sep/2008:07:24:30 +0200] "GET /robots.txt HTTP/1.1" 200 64 "-" "msnbot/1.1 (+http://search.msn.com/msnbot.htm)"
65.55.211.170 - - [08/Sep/2008:07:24:31 +0200] "GET /world.html HTTP/1.1" 200 16295 "-" "msnbot/1.1 (+http://search.msn.com/msnbot.htm)"
119.63.193.43 - - [08/Sep/2008:08:09:15 +0200] "GET / HTTP/1.1" 200 7869 "-" "Baiduspider+(+http://help.baidu.jp/system/05.html)"
65.55.211.165 - - [08/Sep/2008:08:39:11 +0200] "GET /robots.txt HTTP/1.1" 200 64 "-" "msnbot/1.1 (+http://search.msn.com/msnbot.htm)"
65.55.211.165 - - [08/Sep/2008:08:39:11 +0200] "GET /zampa-lovers/index.html HTTP/1.1" 200 37790 "-" "msnbot/1.1 (+http://search.msn.com/msnbot.htm)"
38.100.41.105 - - [08/Sep/2008:08:50:03 +0200] "GET /framez-restate.html HTTP/1.1" 200 4328 "http://www.google.com/custom?cof=GALT%3A336600%3BVLC%3A000066%3BAH%3Acenter%3BBGC%3AFFFFFF%3BLH%3A81%3BLC%3A000066%3BGFNT%3A336600%3BL%3Ahttp%3A%2F%2Fcyveillance.allthesites.com%2Fimages%2Fats_logo.gif%3BALC%3A000066%3BLW%3A361%3BT%3A000066%3BGIMP%3A336600%3BAWFID%3A248cacfbbe0ae58f%3B&q=%22state%20farm%22%20yahoo%20%22previous%20message%22&num=100&hl=en&start=0&filter=0" "Mozilla/4.0 (compatible; MSIE 5.5; Windows NT 5.0)"
74.6.22.174 - - [08/Sep/2008:09:50:08 +0200] "GET /bmpp/18_x.html HTTP/1.0" 200 1100 "-" "Mozilla/5.0 (compatible; Yahoo! Slurp; http://help.yahoo.com/help/us/ysearch/slurp)"
65.55.217.69 - - [08/Sep/2008:09:55:50 +0200] "GET /robots.txt HTTP/1.1" 200 64 "-" "msnbot-media/1.1 (+http://search.msn.com/msnbot.htm)"
65.55.217.69 - - [08/Sep/2008:09:55:50 +0200] "GET /framez.html HTTP/1.1" 200 3959 "-" "msnbot-media/1.1 (+http://search.msn.com/msnbot.htm)"
65.55.217.69 - - [08/Sep/2008:09:57:06 +0200] "GET /robots.txt HTTP/1.1" 200 64 "-" "msnbot/1.0 (+http://search.msn.com/msnbot.htm)"
65.55.217.69 - - [08/Sep/2008:09:57:06 +0200] "GET /frame-menu.html HTTP/1.1" 200 10536 "-" "msnbot/1.0 (+http://search.msn.com/msnbot.htm)"
65.55.217.69 - - [08/Sep/2008:09:57:06 +0200] "GET /frame-inhalt.html HTTP/1.1" 200 5418 "-" "msnbot/1.0 (+http://search.msn.com/msnbot.htm)"
65.55.217.69 - - [08/Sep/2008:09:57:07 +0200] "GET /frame-unten.html HTTP/1.1" 200 5308 "-" "msnbot/1.0 (+http://search.msn.com/msnbot.htm)"
65.55.217.59 - - [08/Sep/2008:10:08:49 +0200] "GET /robots.txt HTTP/1.1" 200 64 "-" "msnbot-media/1.1 (+http://search.msn.com/msnbot.htm)"
65.55.217.59 - - [08/Sep/2008:10:08:49 +0200] "GET /bannerz/wet.gif HTTP/1.1" 200 18561 "-" "msnbot-media/1.1 (+http://search.msn.com/msnbot.htm)"
208.223.208.181 - - [08/Sep/2008:10:17:36 +0200] "GET / HTTP/1.0" 200 7869 "-" "Mozilla/4.0 (compatible; MSIE 6.0; Windows NT 5.0)"
65.55.211.172 - - [08/Sep/2008:10:18:19 +0200] "GET /robots.txt HTTP/1.1" 200 64 "-" "msnbot/1.1 (+http://search.msn.com/msnbot.htm)"
65.55.211.172 - - [08/Sep/2008:10:18:20 +0200] "GET /3dsf3/sendi/catastrophe.html HTTP/1.1" 200 1322 "-" "msnbot/1.1 (+http://search.msn.com/msnbot.htm)"
65.55.217.64 - - [08/Sep/2008:10:31:35 +0200] "GET /robots.txt HTTP/1.1" 200 64 "-" "msnbot-media/1.1 (+http://search.msn.com/msnbot.htm)"
65.55.217.64 - - [08/Sep/2008:10:31:35 +0200] "GET /bannerz/ve.jpg HTTP/1.1" 200 36912 "-" "msnbot-media/1.1 (+http://search.msn.com/msnbot.htm)"
193.252.149.15 - - [08/Sep/2008:10:36:25 +0200] "GET /bmpp/euro_pal_111.html HTTP/1.1" 200 2129 "-" "Mozilla/5.0 (Windows; U; Windows NT 5.1; fr; rv:1.8.1) VoilaBot BETA 1.2 (support.voilabot@orange-ftgroup.com)"
65.55.217.60 - - [08/Sep/2008:10:37:10 +0200] "GET /robots.txt HTTP/1.1" 200 64 "-" "msnbot-media/1.1 (+http://search.msn.com/msnbot.htm)"
65.55.217.60 - - [08/Sep/2008:10:37:10 +0200] "GET /bannerz/douwil.gif HTTP/1.1" 200 528 "-" "msnbot-media/1.1 (+http://search.msn.com/msnbot.htm)"
65.55.217.54 - - [08/Sep/2008:10:37:55 +0200] "GET /robots.txt HTTP/1.1" 200 64 "-" "msnbot-media/1.1 (+http://search.msn.com/msnbot.htm)"
65.55.217.54 - - [08/Sep/2008:10:37:55 +0200] "GET /bannerz/copyleft_black_small.gif HTTP/1.1" 200 1231 "-" "msnbot-media/1.1 (+http://search.msn.com/msnbot.htm)"
65.55.211.164 - - [08/Sep/2008:10:46:32 +0200] "GET /robots.txt HTTP/1.1" 200 64 "-" "msnbot/1.1 (+http://search.msn.com/msnbot.htm)"
65.55.211.164 - - [08/Sep/2008:10:46:32 +0200] "GET /DgH/rampe/index.html HTTP/1.1" 200 2056 "-" "msnbot/1.1 (+http://search.msn.com/msnbot.htm)"
65.55.217.58 - - [08/Sep/2008:10:47:48 +0200] "GET /robots.txt HTTP/1.1" 200 64 "-" "msnbot-media/1.1 (+http://search.msn.com/msnbot.htm)"
65.55.217.58 - - [08/Sep/2008:10:47:49 +0200] "GET /bannerz/goolag_468.jpg HTTP/1.1" 200 28285 "-" "msnbot-media/1.1 (+http://search.msn.com/msnbot.htm)"
85.235.220.166 - - [08/Sep/2008:10:52:43 +0200] "GET / HTTP/1.0" 200 7869 "http://angelinajoliefan.ru" "Opera/8.00 (Windows NT 5.1; U; en)"
65.55.217.62 - - [08/Sep/2008:10:53:54 +0200] "GET /robots.txt HTTP/1.1" 200 64 "-" "msnbot-media/1.1 (+http://search.msn.com/msnbot.htm)"
65.55.217.62 - - [08/Sep/2008:10:53:54 +0200] "GET /bannerz/google/Logo_40blk.gif HTTP/1.1" 200 2308 "-" "msnbot-media/1.1 (+http://search.msn.com/msnbot.htm)"
65.55.217.55 - - [08/Sep/2008:11:00:50 +0200] "GET /robots.txt HTTP/1.1" 200 64 "-" "msnbot-media/1.1 (+http://search.msn.com/msnbot.htm)"
65.55.217.55 - - [08/Sep/2008:11:00:50 +0200] "GET /bannerz/anti_black_small.gif HTTP/1.1" 200 1009 "-" "msnbot-media/1.1 (+http://search.msn.com/msnbot.htm)"
193.252.149.15 - - [08/Sep/2008:11:46:36 +0200] "GET /neon/euro.html HTTP/1.1" 200 2212 "-" "Mozilla/5.0 (Windows; U; Windows NT 5.1; fr; rv:1.8.1) VoilaBot BETA 1.2 (support.voilabot@orange-ftgroup.com)"
66.249.65.2 - - [08/Sep/2008:12:05:18 +0200] "GET /logs/usage_200809.html HTTP/1.1" 404 2748 "-" "Mozilla/5.0 (compatible; Googlebot/2.1; +http://www.google.com/bot.html)"
38.108.180.10 - - [08/Sep/2008:12:12:46 +0200] "GET /robots.txt HTTP/1.1" 200 64 "-" "Mozilla/5.0 (compatible; ScoutJet; +http://www.scoutjet.com/)"
38.108.180.10 - - [08/Sep/2008:12:13:03 +0200] "GET /schubb/schubb-4.html HTTP/1.1" 200 17746 "-" "Mozilla/5.0 (compatible; ScoutJet; +http://www.scoutjet.com/)"
81.52.143.15 - - [08/Sep/2008:12:23:50 +0200] "GET /neon/warning2.html HTTP/1.1" 200 997 "-" "Mozilla/5.0 (Windows; U; Windows NT 5.1; fr; rv:1.8.1) VoilaBot BETA 1.2 (support.voilabot@orange-ftgroup.com)"
65.55.211.174 - - [08/Sep/2008:13:33:48 +0200] "GET /3dsf3/sendi/connection.html HTTP/1.1" 200 1336 "-" "msnbot/1.1 (+http://search.msn.com/msnbot.htm)"
82.242.147.164 - - [08/Sep/2008:13:48:46 +0200] "GET /robots.txt HTTP/1.1" 200 64 "-" "Mozilla/4.0 (compatible; MSIE 6.0; Windows NT 5.1; SV1; .NET CLR 1.1.4322; MSIECrawler)"
76.166.105.209 - - [08/Sep/2008:13:58:55 +0200] "GET http://various-euro.com/cgi-bin/dirpass.cgi?|echo;ls$IFS-al;exit| HTTP/1.0" 404 2748 "http://various-euro.com/cgi-bin/dirpass.cgi?|echo;ls$IFS-al;exit|" "Mozilla/4.0 (compatible; MSIE 6.0; Windows NT 5.1)"
76.166.105.209 - - [08/Sep/2008:13:58:55 +0200] "GET http://various-euro.com/cgi/dirpass.cgi?|echo;ls$IFS-al;exit| HTTP/1.0" 404 2748 "http://various-euro.com/cgi/dirpass.cgi?|echo;ls$IFS-al;exit|" "Mozilla/4.0 (compatible; MSIE 6.0; Windows NT 5.1)"
76.166.105.209 - - [08/Sep/2008:13:58:55 +0200] "GET http://various-euro.com/cgibin/dirpass.cgi?|echo;ls$IFS-al;exit| HTTP/1.0" 404 2748 "http://various-euro.com/cgibin/dirpass.cgi?|echo;ls$IFS-al;exit|" "Mozilla/4.0 (compatible; MSIE 6.0; Windows NT 5.1)"
66.249.65.2 - - [08/Sep/2008:14:48:49 +0200] "GET /robots.txt HTTP/1.1" 302 363 "-" "Mozilla/5.0 (compatible; Googlebot/2.1; +http://www.google.com/bot.html)"
66.249.65.2 - - [08/Sep/2008:14:48:50 +0200] "GET /zampa/robots.txt HTTP/1.1" 404 2748 "-" "Mozilla/5.0 (compatible; Googlebot/2.1; +http://www.google.com/bot.html)"
66.249.65.2 - - [08/Sep/2008:14:48:50 +0200] "GET /%3E%5D HTTP/1.1" 302 359 "-" "Mozilla/5.0 (compatible; Googlebot/2.1; +http://www.google.com/bot.html)"
66.249.65.2 - - [08/Sep/2008:14:48:50 +0200] "GET /%3E HTTP/1.1" 302 356 "-" "Mozilla/5.0 (compatible; Googlebot/2.1; +http://www.google.com/bot.html)"
66.249.65.2 - - [08/Sep/2008:14:48:50 +0200] "GET /robots.txt HTTP/1.1" 200 64 "-" "Mozilla/5.0 (compatible; Googlebot/2.1; +http://www.google.com/bot.html)"
66.249.65.2 - - [08/Sep/2008:14:48:51 +0200] "GET /zampa/%3E%5D HTTP/1.1" 404 2748 "-" "Mozilla/5.0 (compatible; Googlebot/2.1; +http://www.google.com/bot.html)"
66.249.65.2 - - [08/Sep/2008:14:48:51 +0200] "GET /zampa/%3E HTTP/1.1" 404 2748 "-" "Mozilla/5.0 (compatible; Googlebot/2.1; +http://www.google.com/bot.html)"
77.91.224.4 - - [08/Sep/2008:14:57:37 +0200] "GET /robots.txt HTTP/1.1" 200 64 "-" "WebAlta Crawler/2.0 (http://www.webalta.net/ru/about_webmaster.html) (Windows; U; Windows NT 5.1; ru-RU)"
208.66.193.164 - - [08/Sep/2008:14:57:37 +0200] "GET / HTTP/1.1" 200 7869 "-" "WebAlta Crawler/2.0 (http://www.webalta.net/ru/about_webmaster.html) (Windows; U; Windows NT 5.1; ru-RU)"
220.181.61.232 - - [08/Sep/2008:15:24:09 +0200] "GET /robots.txt HTTP/1.1" 302 363 "-" "-"
220.181.61.232 - - [08/Sep/2008:15:26:52 +0200] "GET / HTTP/1.1" 302 353 "-" "Sogou web spider/4.0(+http://www.sogou.com/docs/help/webmasters.htm#07)"
220.181.61.232 - - [08/Sep/2008:15:27:02 +0200] "GET /robots.txt HTTP/1.1" 304 - "-" "-"
220.181.61.232 - - [08/Sep/2008:15:30:37 +0200] "GET /zampa/ HTTP/1.1" 200 7153 "-" "Sogou web spider/4.0(+http://www.sogou.com/docs/help/webmasters.htm#07)"
65.55.212.217 - - [08/Sep/2008:15:34:25 +0200] "GET /robots.txt HTTP/1.0" 200 64 "-" "msnbot-media/1.0 (+http://search.msn.com/msnbot.htm)"
65.55.212.217 - - [08/Sep/2008:15:34:25 +0200] "GET /bmpp/18start.html HTTP/1.0" 200 320 "-" "msnbot-media/1.0 (+http://search.msn.com/msnbot.htm)"
65.55.212.217 - - [08/Sep/2008:15:41:47 +0200] "GET /neon/warning.html HTTP/1.0" 200 5134 "-" "msnbot-media/1.0 (+http://search.msn.com/msnbot.htm)"
65.55.211.165 - - [08/Sep/2008:15:45:12 +0200] "GET /DgH/bull/index.html HTTP/1.1" 200 1915 "-" "msnbot/1.1 (+http://search.msn.com/msnbot.htm)"
68.142.212.213 - - [08/Sep/2008:15:48:54 +0200] "GET /robots.txt HTTP/1.0" 200 64 "-" "Mozilla/5.0 (Yahoo-MMCrawler/4.0; mailto:vertical-crawl-support@yahoo-inc.com)"
68.142.212.213 - - [08/Sep/2008:15:48:55 +0200] "GET /bannerz/army_graphics_package/dragunov-n.gif HTTP/1.0" 200 5431 "-" "Mozilla/5.0 (Yahoo-MMCrawler/4.0; mailto:vertical-crawl-support@yahoo-inc.com)"
65.55.212.217 - - [08/Sep/2008:15:51:57 +0200] "GET /schubb/schubb-4.html HTTP/1.0" 200 17746 "-" "msnbot-media/1.0 (+http://search.msn.com/msnbot.htm)"
193.164.8.62 - - [08/Sep/2008:16:03:23 +0200] "GET /robots.txt HTTP/1.0" 200 64 "-" "Netluchs/Nutch-1.0-dev ( ; http://www.netluchs.de/; _do_not_spam_me___humans_please_use_info_at_netluchs.de_without_the_dash)"
193.164.8.62 - - [08/Sep/2008:16:03:23 +0200] "GET / HTTP/1.0" 200 7869 "-" "Netluchs/Nutch-1.0-dev ( ; http://www.netluchs.de/; _do_not_spam_me___humans_please_use_info_at_netluchs.de_without_the_dash)"
68.142.212.213 - - [08/Sep/2008:16:11:05 +0200] "GET /robots.txt HTTP/1.0" 200 64 "-" "Mozilla/5.0 (Yahoo-MMCrawler/4.0; mailto:vertical-crawl-support@yahoo-inc.com)"
68.142.212.213 - - [08/Sep/2008:16:11:05 +0200] "GET /bannerz/army_graphics_package/dragunov-n.gif HTTP/1.0" 200 5431 "-" "Mozilla/5.0 (Yahoo-MMCrawler/4.0; mailto:vertical-crawl-support@yahoo-inc.com)"
65.55.212.217 - - [08/Sep/2008:16:13:24 +0200] "GET /robots.txt HTTP/1.0" 200 64 "-" "msnbot-media/1.0 (+http://search.msn.com/msnbot.htm)"
65.55.212.217 - - [08/Sep/2008:16:13:24 +0200] "GET /neon/annniiii.html HTTP/1.0" 200 686 "-" "msnbot-media/1.0 (+http://search.msn.com/msnbot.htm)"
74.6.22.174 - - [08/Sep/2008:16:27:36 +0200] "GET /robots.txt HTTP/1.0" 200 64 "-" "Mozilla/5.0 (compatible; Yahoo! Slurp; http://help.yahoo.com/help/us/ysearch/slurp)"
74.6.22.174 - - [08/Sep/2008:16:27:36 +0200] "GET /schubb/schubb-3.html HTTP/1.0" 200 17546 "-" "Mozilla/5.0 (compatible; Yahoo! Slurp; http://help.yahoo.com/help/us/ysearch/slurp)"
65.55.212.217 - - [08/Sep/2008:16:48:17 +0200] "GET /framez-zampa-lovers.html HTTP/1.0" 200 4322 "-" "msnbot-media/1.0 (+http://search.msn.com/msnbot.htm)"
65.55.211.164 - - [08/Sep/2008:18:03:48 +0200] "GET /triple-double-u/ HTTP/1.1" 403 1223 "-" "msnbot/1.1 (+http://search.msn.com/msnbot.htm)"
74.6.22.174 - - [08/Sep/2008:18:14:07 +0200] "GET /robots.txt HTTP/1.0" 200 64 "-" "Mozilla/5.0 (compatible; Yahoo! Slurp; http://help.yahoo.com/help/us/ysearch/slurp)"
65.55.212.217 - - [08/Sep/2008:18:19:16 +0200] "GET /bmpp/18.html HTTP/1.0" 200 4467 "-" "msnbot-media/1.0 (+http://search.msn.com/msnbot.htm)"
65.55.212.217 - - [08/Sep/2008:18:25:31 +0200] "GET /neon/pamtv.gif HTTP/1.0" 200 9732 "-" "msnbot-media/1.0 (+http://search.msn.com/msnbot.htm)"
75.149.250.97 - - [08/Sep/2008:18:28:24 +0200] "GET /robots.txt HTTP/1.0" 200 64 "-" "Isidorus/2.0 (Isidorus; http://www.isidorus.com; crawler@isidorus.com)"
75.149.250.97 - - [08/Sep/2008:18:28:24 +0200] "GET / HTTP/1.0" 200 7869 "-" "Isidorus/2.0 (Isidorus; http://www.isidorus.com; crawler@isidorus.com)"
65.55.211.163 - - [08/Sep/2008:18:32:48 +0200] "GET /robots.txt HTTP/1.1" 200 64 "-" "msnbot/1.1 (+http://search.msn.com/msnbot.htm)"
65.55.211.163 - - [08/Sep/2008:18:32:49 +0200] "GET /logs/ HTTP/1.1" 200 10079 "-" "msnbot/1.1 (+http://search.msn.com/msnbot.htm)"
65.55.212.217 - - [08/Sep/2008:18:39:39 +0200] "GET /neon/warning2.html HTTP/1.0" 200 997 "-" "msnbot-media/1.0 (+http://search.msn.com/msnbot.htm)"
65.55.212.217 - - [08/Sep/2008:18:43:13 +0200] "GET /framez-e-count.html HTTP/1.0" 200 4321 "-" "msnbot-media/1.0 (+http://search.msn.com/msnbot.htm)"
65.55.212.217 - - [08/Sep/2008:18:43:14 +0200] "GET /neon/click.html HTTP/1.0" 200 521 "-" "msnbot-media/1.0 (+http://search.msn.com/msnbot.htm)"
65.55.212.217 - - [08/Sep/2008:18:49:29 +0200] "GET /bmpp/18asi_2.html HTTP/1.0" 200 8674 "-" "msnbot-media/1.0 (+http://search.msn.com/msnbot.htm)"
65.55.212.217 - - [08/Sep/2008:18:50:54 +0200] "GET /neon/euro.html HTTP/1.0" 200 2212 "-" "msnbot-media/1.0 (+http://search.msn.com/msnbot.htm)"
65.55.212.217 - - [08/Sep/2008:18:51:09 +0200] "GET /bmpp/18oo.png HTTP/1.0" 200 3188 "-" "msnbot-media/1.0 (+http://search.msn.com/msnbot.htm)"
65.55.212.217 - - [08/Sep/2008:18:51:10 +0200] "GET /schubb/schubb-5.html HTTP/1.0" 200 72944 "-" "msnbot-media/1.0 (+http://search.msn.com/msnbot.htm)"
65.55.212.217 - - [08/Sep/2008:18:51:36 +0200] "GET /bannerz/hand-of-doom.jpg HTTP/1.0" 200 10971 "-" "msnbot-media/1.0 (+http://search.msn.com/msnbot.htm)"
65.55.212.217 - - [08/Sep/2008:18:53:31 +0200] "GET /bannerz/exit.gif HTTP/1.0" 200 2988 "-" "msnbot-media/1.0 (+http://search.msn.com/msnbot.htm)"
65.55.212.217 - - [08/Sep/2008:19:00:59 +0200] "GET /framez-schubb4.html HTTP/1.0" 200 4318 "-" "msnbot-media/1.0 (+http://search.msn.com/msnbot.htm)"
65.55.212.217 - - [08/Sep/2008:19:00:59 +0200] "GET /bmpp/18_x.html HTTP/1.0" 200 1100 "-" "msnbot-media/1.0 (+http://search.msn.com/msnbot.htm)"
65.55.212.217 - - [08/Sep/2008:19:01:00 +0200] "GET /e-counter.html HTTP/1.0" 200 4047 "-" "msnbot-media/1.0 (+http://search.msn.com/msnbot.htm)"
65.55.212.217 - - [08/Sep/2008:19:06:30 +0200] "GET /neon/channel.html HTTP/1.0" 200 1942 "-" "msnbot-media/1.0 (+http://search.msn.com/msnbot.htm)"
65.55.212.217 - - [08/Sep/2008:19:15:58 +0200] "GET /bmpp/18.html HTTP/1.0" 200 4467 "-" "msnbot-media/1.0 (+http://search.msn.com/msnbot.htm)"
65.55.212.217 - - [08/Sep/2008:19:18:34 +0200] "GET /neon/large.html HTTP/1.0" 200 1547 "-" "msnbot-media/1.0 (+http://search.msn.com/msnbot.htm)"
65.55.212.217 - - [08/Sep/2008:19:30:41 +0200] "GET /neon/europa.html HTTP/1.0" 200 389 "-" "msnbot-media/1.0 (+http://search.msn.com/msnbot.htm)"
65.55.211.165 - - [08/Sep/2008:19:38:32 +0200] "GET /robots.txt HTTP/1.1" 200 64 "-" "msnbot/1.1 (+http://search.msn.com/msnbot.htm)"
65.55.211.165 - - [08/Sep/2008:19:38:33 +0200] "GET /neon/biggtani.html HTTP/1.1" 200 1698 "-" "msnbot/1.1 (+http://search.msn.com/msnbot.htm)"
74.6.22.174 - - [08/Sep/2008:19:51:41 +0200] "GET /f-actions.html HTTP/1.0" 200 10429 "-" "Mozilla/5.0 (compatible; Yahoo! Slurp; http://help.yahoo.com/help/us/ysearch/slurp)"
217.146.246.8 - - [08/Sep/2008:19:58:04 +0200] "GET /restate_copy.html HTTP/1.0" 200 97631 "http://fgdds.domaingler.com" "Opera/9.01 (Windows NT 5.1; U; en)"
65.55.212.217 - - [08/Sep/2008:20:02:03 +0200] "GET /zampa/wonderland/index.html HTTP/1.0" 200 2084 "-" "msnbot-media/1.0 (+http://search.msn.com/msnbot.htm)"
65.55.109.118 - - [08/Sep/2008:20:18:06 +0200] "GET /f-web.html HTTP/1.0" 200 13605 "http://search.live.com/results.aspx?q=various" "Mozilla/4.0 (compatible; MSIE 6.0; Windows NT 5.2; SV1; .NET CLR 1.1.4322)"
65.55.109.118 - - [08/Sep/2008:20:18:07 +0200] "GET /framez-web.html HTTP/1.0" 200 4322 "-" "Mozilla/4.0 (compatible; MSIE 6.0; Windows NT 5.2; SV1; .NET CLR 1.1.4322)"
65.55.109.118 - - [08/Sep/2008:20:18:08 +0200] "GET /frame-menu.html HTTP/1.0" 200 10536 "http://www.various-euro.com/framez-web.html" "Mozilla/4.0 (compatible; MSIE 6.0; Windows NT 5.2; SV1; .NET CLR 1.1.4322)"
65.55.109.118 - - [08/Sep/2008:20:18:08 +0200] "GET /frame-unten.html HTTP/1.0" 200 5308 "http://www.various-euro.com/framez-web.html" "Mozilla/4.0 (compatible; MSIE 6.0; Windows NT 5.2; SV1; .NET CLR 1.1.4322)"
65.55.109.118 - - [08/Sep/2008:20:18:08 +0200] "GET /f-web.html HTTP/1.0" 200 13605 "http://www.various-euro.com/framez-web.html" "Mozilla/4.0 (compatible; MSIE 6.0; Windows NT 5.2; SV1; .NET CLR 1.1.4322)"
65.55.109.118 - - [08/Sep/2008:20:18:08 +0200] "GET /style/various-euro.css HTTP/1.0" 200 3437 "http://www.various-euro.com/frame-menu.html" "Mozilla/4.0 (compatible; MSIE 6.0; Windows NT 5.2; SV1; .NET CLR 1.1.4322)"
65.55.211.169 - - [08/Sep/2008:20:59:40 +0200] "GET /search.html HTTP/1.1" 200 1440 "-" "msnbot/1.1 (+http://search.msn.com/msnbot.htm)"
65.55.212.217 - - [08/Sep/2008:21:21:56 +0200] "GET /vgirls/penilefitnessrec.jpg HTTP/1.0" 200 4077 "-" "msnbot-media/1.0 (+http://search.msn.com/msnbot.htm)"
65.55.212.217 - - [08/Sep/2008:21:24:19 +0200] "GET /frame-menu.html HTTP/1.0" 200 10536 "-" "msnbot-media/1.0 (+http://search.msn.com/msnbot.htm)"
65.55.212.217 - - [08/Sep/2008:21:24:37 +0200] "GET /vgirls/inches2.gif HTTP/1.0" 200 16085 "-" "msnbot-media/1.0 (+http://search.msn.com/msnbot.htm)"
65.55.212.217 - - [08/Sep/2008:21:24:41 +0200] "GET /neon/clicktoenter.gif HTTP/1.0" 200 16302 "-" "msnbot-media/1.0 (+http://search.msn.com/msnbot.htm)"
65.55.212.217 - - [08/Sep/2008:21:24:43 +0200] "GET /vgirls/hyg1.gif HTTP/1.0" 200 29672 "-" "msnbot-media/1.0 (+http://search.msn.com/msnbot.htm)"
65.55.212.217 - - [08/Sep/2008:21:28:57 +0200] "GET /neon/EURO23c.gif HTTP/1.0" 200 41248 "-" "msnbot-media/1.0 (+http://search.msn.com/msnbot.htm)"
65.55.212.217 - - [08/Sep/2008:21:34:38 +0200] "GET /bannerz/moneys.gif HTTP/1.0" 200 13192 "-" "msnbot-media/1.0 (+http://search.msn.com/msnbot.htm)"
75.149.250.97 - - [08/Sep/2008:21:47:48 +0200] "GET /framez-rez.html HTTP/1.0" 200 4323 "-" "Isidorus/2.0 (Isidorus; http://www.isidorus.com; crawler@isidorus.com)"
65.55.212.217 - - [08/Sep/2008:21:53:01 +0200] "GET /zampa/wonderland/TWonder.gif HTTP/1.0" 200 76757 "-" "msnbot-media/1.0 (+http://search.msn.com/msnbot.htm)"
202.247.120.22 - - [08/Sep/2008:21:56:31 +0200] "GET /restate_copy.html HTTP/1.0" 200 97631 "-" "Wget/1.10.2"
68.142.212.213 - - [08/Sep/2008:21:56:45 +0200] "GET /robots.txt HTTP/1.0" 200 64 "-" "Mozilla/5.0 (Yahoo-MMCrawler/4.0; mailto:vertical-crawl-support@yahoo-inc.com)"
68.142.212.213 - - [08/Sep/2008:21:56:45 +0200] "GET /logs/daily_usage_200712.png HTTP/1.0" 200 3304 "-" "Mozilla/5.0 (Yahoo-MMCrawler/4.0; mailto:vertical-crawl-support@yahoo-inc.com)"
193.164.8.62 - - [08/Sep/2008:21:59:41 +0200] "GET /robots.txt HTTP/1.0" 200 64 "-" "Netluchs/Nutch-1.0-dev ( ; http://www.netluchs.de/; _do_not_spam_me___humans_please_use_info_at_netluchs.de_without_the_dash)"
193.164.8.62 - - [08/Sep/2008:21:59:41 +0200] "GET /framez.html HTTP/1.0" 200 3959 "-" "Netluchs/Nutch-1.0-dev ( ; http://www.netluchs.de/; _do_not_spam_me___humans_please_use_info_at_netluchs.de_without_the_dash)"
65.55.211.168 - - [08/Sep/2008:22:25:15 +0200] "GET /robots.txt HTTP/1.1" 200 64 "-" "msnbot/1.1 (+http://search.msn.com/msnbot.htm)"
65.55.211.168 - - [08/Sep/2008:22:25:15 +0200] "GET /neon/warning2.html HTTP/1.1" 200 997 "-" "msnbot/1.1 (+http://search.msn.com/msnbot.htm)"
66.249.65.2 - - [08/Sep/2008:22:29:58 +0200] "GET /zampa/montenegro/TESLAW.html HTTP/1.1" 200 861 "-" "Mozilla/5.0 (compatible; Googlebot/2.1; +http://www.google.com/bot.html)"
74.6.22.174 - - [08/Sep/2008:23:00:55 +0200] "GET /restate_copy.html HTTP/1.0" 200 97631 "-" "Mozilla/5.0 (compatible; Yahoo! Slurp; http://help.yahoo.com/help/us/ysearch/slurp)"
74.6.22.174 - - [08/Sep/2008:23:08:09 +0200] "GET /zampa-lovers/ HTTP/1.0" 200 37790 "-" "Mozilla/5.0 (compatible; Yahoo! Slurp; http://help.yahoo.com/help/us/ysearch/slurp)"
212.200.56.13 - - [08/Sep/2008:23:12:15 +0200] "GET / HTTP/1.1" 302 353 "http://www.koracnikola.blogspot.com/" "Mozilla/4.0 (compatible; MSIE 7.0; Windows NT 5.1)"
212.200.56.13 - - [08/Sep/2008:23:12:15 +0200] "GET /zampa/ HTTP/1.1" 200 7153 "http://www.koracnikola.blogspot.com/" "Mozilla/4.0 (compatible; MSIE 7.0; Windows NT 5.1)"
212.200.56.13 - - [08/Sep/2008:23:12:15 +0200] "GET /zampa/slike/zampa.gif HTTP/1.1" 200 5310 "http://www.various-euro.com/zampa/" "Mozilla/4.0 (compatible; MSIE 7.0; Windows NT 5.1)"
212.200.56.13 - - [08/Sep/2008:23:12:16 +0200] "GET /zampa/slike/inthearse.gif HTTP/1.1" 200 4077 "http://www.various-euro.com/zampa/" "Mozilla/4.0 (compatible; MSIE 7.0; Windows NT 5.1)"
212.200.56.13 - - [08/Sep/2008:23:12:16 +0200] "GET /zampa/slike/udupetu.gif HTTP/1.1" 200 4138 "http://www.various-euro.com/zampa/" "Mozilla/4.0 (compatible; MSIE 7.0; Windows NT 5.1)"
212.200.56.13 - - [08/Sep/2008:23:12:16 +0200] "GET /favicon.ico HTTP/1.1" 404 2748 "-" "Mozilla/4.0 (compatible; MSIE 7.0; Windows NT 5.1)"
212.200.56.13 - - [08/Sep/2008:23:12:32 +0200] "GET /zampa/slike/S1TITEL.GIF HTTP/1.1" 200 15244 "http://www.various-euro.com/zampa/" "Mozilla/4.0 (compatible; MSIE 7.0; Windows NT 5.1)"
212.200.56.13 - - [08/Sep/2008:23:12:56 +0200] "GET /zampa/slike/S2COPY.GIF HTTP/1.1" 200 12771 "http://www.various-euro.com/zampa/" "Mozilla/4.0 (compatible; MSIE 7.0; Windows NT 5.1)"
212.200.56.13 - - [08/Sep/2008:23:13:18 +0200] "GET /zampa/slike/S3VAMPIR.GIF HTTP/1.1" 200 55504 "http://www.various-euro.com/zampa/" "Mozilla/4.0 (compatible; MSIE 7.0; Windows NT 5.1)"
212.200.56.13 - - [08/Sep/2008:23:13:32 +0200] "GET /zampa/slike/S4IRWIN.GIF HTTP/1.1" 200 54718 "http://www.various-euro.com/zampa/" "Mozilla/4.0 (compatible; MSIE 7.0; Windows NT 5.1)"
212.200.56.13 - - [08/Sep/2008:23:14:47 +0200] "GET /zampa/slike/S3VAMPIR.GIF HTTP/1.1" 304 - "http://www.various-euro.com/zampa/" "Mozilla/4.0 (compatible; MSIE 7.0; Windows NT 5.1)"
212.200.56.13 - - [08/Sep/2008:23:16:16 +0200] "GET /zampa/slike/S5UROSTO.GIF HTTP/1.1" 200 45220 "http://www.various-euro.com/zampa/" "Mozilla/4.0 (compatible; MSIE 7.0; Windows NT 5.1)"
74.6.22.174 - - [08/Sep/2008:23:16:31 +0200] "GET /your_tour.html HTTP/1.0" 200 29760 "-" "Mozilla/5.0 (compatible; Yahoo! Slurp; http://help.yahoo.com/help/us/ysearch/slurp)"
212.200.56.13 - - [08/Sep/2008:23:17:08 +0200] "GET /zampa/slike/S6BIENNI.GIF HTTP/1.1" 200 35877 "http://www.various-euro.com/zampa/" "Mozilla/4.0 (compatible; MSIE 7.0; Windows NT 5.1)"
212.200.56.13 - - [08/Sep/2008:23:17:46 +0200] "GET /zampa/slike/S7MEDIAA.GIF HTTP/1.1" 200 45793 "http://www.various-euro.com/zampa/" "Mozilla/4.0 (compatible; MSIE 7.0; Windows NT 5.1)"
212.200.56.13 - - [08/Sep/2008:23:18:46 +0200] "GET /zampa/slike/S8CURATO.GIF HTTP/1.1" 200 16968 "http://www.various-euro.com/zampa/" "Mozilla/4.0 (compatible; MSIE 7.0; Windows NT 5.1)"
212.200.56.13 - - [08/Sep/2008:23:19:01 +0200] "GET /zampa/slike/S1TITEL.GIF HTTP/1.1" 304 - "http://www.various-euro.com/zampa/" "Mozilla/4.0 (compatible; MSIE 7.0; Windows NT 5.1)"
74.6.22.174 - - [08/Sep/2008:23:23:49 +0200] "GET /robots.txt HTTP/1.0" 200 64 "-" "Mozilla/5.0 (compatible; Yahoo! Slurp; http://help.yahoo.com/help/us/ysearch/slurp)"
74.6.22.174 - - [08/Sep/2008:23:23:49 +0200] "GET /f-net.html HTTP/1.0" 200 9913 "-" "Mozilla/5.0 (compatible; Yahoo! Slurp; http://help.yahoo.com/help/us/ysearch/slurp)"
212.200.56.13 - - [08/Sep/2008:23:32:49 +0200] "GET / HTTP/1.1" 302 353 "http://www.koracnikola.blogspot.com/" "Mozilla/4.0 (compatible; MSIE 7.0; Windows NT 5.1)"
212.200.56.13 - - [08/Sep/2008:23:32:50 +0200] "GET /zampa/ HTTP/1.1" 200 7153 "http://www.koracnikola.blogspot.com/" "Mozilla/4.0 (compatible; MSIE 7.0; Windows NT 5.1)"
212.200.56.13 - - [08/Sep/2008:23:32:50 +0200] "GET /zampa/slike/zampa.gif HTTP/1.1" 304 - "http://www.various-euro.com/zampa/" "Mozilla/4.0 (compatible; MSIE 7.0; Windows NT 5.1)"
212.200.56.13 - - [08/Sep/2008:23:32:50 +0200] "GET /zampa/slike/udupetu.gif HTTP/1.1" 304 - "http://www.various-euro.com/zampa/" "Mozilla/4.0 (compatible; MSIE 7.0; Windows NT 5.1)"
212.200.56.13 - - [08/Sep/2008:23:32:50 +0200] "GET /zampa/slike/inthearse.gif HTTP/1.1" 304 - "http://www.various-euro.com/zampa/" "Mozilla/4.0 (compatible; MSIE 7.0; Windows NT 5.1)"
212.200.56.13 - - [08/Sep/2008:23:32:54 +0200] "GET /zampa/slike/S1TITEL.GIF HTTP/1.1" 304 - "http://www.various-euro.com/zampa/" "Mozilla/4.0 (compatible; MSIE 7.0; Windows NT 5.1)"
212.200.56.13 - - [08/Sep/2008:23:34:43 +0200] "GET /zampa/slike/S2COPY.GIF HTTP/1.1" 304 - "http://www.various-euro.com/zampa/" "Mozilla/4.0 (compatible; MSIE 7.0; Windows NT 5.1)"
212.200.56.13 - - [08/Sep/2008:23:35:13 +0200] "GET /zampa/slike/S2COPY.GIF HTTP/1.1" 304 - "http://www.various-euro.com/zampa/" "Mozilla/4.0 (compatible; MSIE 7.0; Windows NT 5.1)"
212.200.56.13 - - [08/Sep/2008:23:35:31 +0200] "GET /zampa/wonderland/index.html HTTP/1.1" 200 2084 "http://www.various-euro.com/zampa/" "Mozilla/4.0 (compatible; MSIE 7.0; Windows NT 5.1)"
212.200.56.13 - - [08/Sep/2008:23:35:31 +0200] "GET /zampa/wonderland/TWonder.gif HTTP/1.1" 200 76757 "http://www.various-euro.com/zampa/wonderland/index.html" "Mozilla/4.0 (compatible; MSIE 7.0; Windows NT 5.1)"
75.101.194.238 - - [08/Sep/2008:23:37:05 +0200] "GET / HTTP/1.0" 200 7869 "-" "Mozilla/4.0 (compatible; MSIE 7.0; Windows NT 5.1)"
212.200.56.13 - - [08/Sep/2008:23:37:38 +0200] "GET /zampa/montenegro/index.html HTTP/1.1" 200 2651 "http://www.various-euro.com/zampa/" "Mozilla/4.0 (compatible; MSIE 7.0; Windows NT 5.1)"
212.200.56.13 - - [08/Sep/2008:23:37:38 +0200] "GET /zampa/montenegro/slike/plakat.jpg HTTP/1.1" 200 47879 "http://www.various-euro.com/zampa/montenegro/index.html" "Mozilla/4.0 (compatible; MSIE 7.0; Windows NT 5.1)"
212.200.56.13 - - [08/Sep/2008:23:38:28 +0200] "GET /zampa/montenegro/contributions.html HTTP/1.1" 200 18843 "http://www.various-euro.com/zampa/montenegro/index.html" "Mozilla/4.0 (compatible; MSIE 7.0; Windows NT 5.1)"
212.200.56.13 - - [08/Sep/2008:23:38:36 +0200] "GET /zampa/montenegro/contributions.html HTTP/1.1" 200 18843 "http://www.various-euro.com/zampa/montenegro/index.html" "Mozilla/4.0 (compatible; MSIE 7.0; Windows NT 5.1)"
212.200.56.13 - - [08/Sep/2008:23:38:58 +0200] "GET /zampa/montenegro/dajpare.html HTTP/1.1" 200 2503 "http://www.various-euro.com/zampa/montenegro/index.html" "Mozilla/4.0 (compatible; MSIE 7.0; Windows NT 5.1)"
212.200.56.13 - - [08/Sep/2008:23:38:59 +0200] "GET /zampa/montenegro/slike/BATAW.jpg HTTP/1.1" 200 2631 "http://www.various-euro.com/zampa/montenegro/dajpare.html" "Mozilla/4.0 (compatible; MSIE 7.0; Windows NT 5.1)"
212.200.56.13 - - [08/Sep/2008:23:38:59 +0200] "GET /zampa/montenegro/slike/TESLAW.jpg HTTP/1.1" 200 3770 "http://www.various-euro.com/zampa/montenegro/dajpare.html" "Mozilla/4.0 (compatible; MSIE 7.0; Windows NT 5.1)"
212.200.56.13 - - [08/Sep/2008:23:38:59 +0200] "GET /zampa/montenegro/slike/ZMAJW.jpg HTTP/1.1" 200 4555 "http://www.various-euro.com/zampa/montenegro/dajpare.html" "Mozilla/4.0 (compatible; MSIE 7.0; Windows NT 5.1)"
212.200.56.13 - - [08/Sep/2008:23:38:59 +0200] "GET /zampa/montenegro/slike/SEKAW.jpg HTTP/1.1" 200 2786 "http://www.various-euro.com/zampa/montenegro/dajpare.html" "Mozilla/4.0 (compatible; MSIE 7.0; Windows NT 5.1)"
212.200.56.13 - - [08/Sep/2008:23:38:59 +0200] "GET /zampa/montenegro/slike/MILOW.jpg HTTP/1.1" 200 3823 "http://www.various-euro.com/zampa/montenegro/dajpare.html" "Mozilla/4.0 (compatible; MSIE 7.0; Windows NT 5.1)"
212.200.56.13 - - [08/Sep/2008:23:39:51 +0200] "GET /zampa/lybia/index.html HTTP/1.1" 200 3036 "http://www.various-euro.com/zampa/" "Mozilla/4.0 (compatible; MSIE 7.0; Windows NT 5.1)"
212.200.56.13 - - [08/Sep/2008:23:39:51 +0200] "GET /zampa/lybia/slike/tele.jpg HTTP/1.1" 200 28022 "http://www.various-euro.com/zampa/lybia/index.html" "Mozilla/4.0 (compatible; MSIE 7.0; Windows NT 5.1)"
212.200.56.13 - - [08/Sep/2008:23:41:35 +0200] "GET /zampa/montenegro/dajpare.html HTTP/1.1" 200 2503 "http://www.various-euro.com/zampa/" "Mozilla/4.0 (compatible; MSIE 7.0; Windows NT 5.1)"
212.200.56.13 - - [08/Sep/2008:23:41:35 +0200] "GET /zampa/montenegro/slike/SEKAW.jpg HTTP/1.1" 304 - "http://www.various-euro.com/zampa/montenegro/dajpare.html" "Mozilla/4.0 (compatible; MSIE 7.0; Windows NT 5.1)"
212.200.56.13 - - [08/Sep/2008:23:41:35 +0200] "GET /zampa/montenegro/slike/BATAW.jpg HTTP/1.1" 304 - "http://www.various-euro.com/zampa/montenegro/dajpare.html" "Mozilla/4.0 (compatible; MSIE 7.0; Windows NT 5.1)"
212.200.56.13 - - [08/Sep/2008:23:41:35 +0200] "GET /zampa/montenegro/slike/TESLAW.jpg HTTP/1.1" 304 - "http://www.various-euro.com/zampa/montenegro/dajpare.html" "Mozilla/4.0 (compatible; MSIE 7.0; Windows NT 5.1)"
212.200.56.13 - - [08/Sep/2008:23:41:35 +0200] "GET /zampa/montenegro/slike/ZMAJW.jpg HTTP/1.1" 304 - "http://www.various-euro.com/zampa/montenegro/dajpare.html" "Mozilla/4.0 (compatible; MSIE 7.0; Windows NT 5.1)"
212.200.56.13 - - [08/Sep/2008:23:41:35 +0200] "GET /zampa/montenegro/slike/MILOW.jpg HTTP/1.1" 304 - "http://www.various-euro.com/zampa/montenegro/dajpare.html" "Mozilla/4.0 (compatible; MSIE 7.0; Windows NT 5.1)"
212.200.56.13 - - [08/Sep/2008:23:41:45 +0200] "GET /zampa/slike/S8CURATO.GIF HTTP/1.1" 304 - "http://www.various-euro.com/zampa/" "Mozilla/4.0 (compatible; MSIE 7.0; Windows NT 5.1)"
74.6.22.174 - - [08/Sep/2008:23:57:35 +0200] "GET /framez-rez.html HTTP/1.0" 200 4323 "-" "Mozilla/5.0 (compatible; Yahoo! Slurp; http://help.yahoo.com/help/us/ysearch/slurp)"
74.6.22.174 - - [08/Sep/2008:23:57:36 +0200] "GET /frame-menu.html HTTP/1.0" 200 10536 "-" "Mozilla/5.0 (compatible; Yahoo! Slurp; http://help.yahoo.com/help/us/ysearch/slurp)"
74.6.22.174 - - [08/Sep/2008:23:57:36 +0200] "GET /f-rez.html HTTP/1.0" 200 9765 "-" "Mozilla/5.0 (compatible; Yahoo! Slurp; http://help.yahoo.com/help/us/ysearch/slurp)"
74.6.22.174 - - [08/Sep/2008:23:57:37 +0200] "GET /frame-unten.html HTTP/1.0" 200 5308 "-" "Mozilla/5.0 (compatible; Yahoo! Slurp; http://help.yahoo.com/help/us/ysearch/slurp)"
65.55.211.162 - - [09/Sep/2008:01:04:15 +0200] "GET /robots.txt HTTP/1.1" 200 64 "-" "msnbot/1.1 (+http://search.msn.com/msnbot.htm)"
65.55.211.162 - - [09/Sep/2008:01:04:15 +0200] "GET /bmpp/18.html HTTP/1.1" 200 4467 "-" "msnbot/1.1 (+http://search.msn.com/msnbot.htm)"
65.55.212.217 - - [09/Sep/2008:01:09:51 +0200] "GET /robots.txt HTTP/1.0" 200 64 "-" "msnbot-media/1.0 (+http://search.msn.com/msnbot.htm)"
65.55.212.217 - - [09/Sep/2008:01:09:52 +0200] "GET /f-other.html HTTP/1.0" 200 33189 "-" "msnbot-media/1.0 (+http://search.msn.com/msnbot.htm)"
65.55.212.217 - - [09/Sep/2008:01:11:38 +0200] "GET /f-euro.html HTTP/1.0" 200 12203 "-" "msnbot-media/1.0 (+http://search.msn.com/msnbot.htm)"
65.55.211.163 - - [09/Sep/2008:01:35:11 +0200] "GET /robots.txt HTTP/1.1" 200 64 "-" "msnbot/1.1 (+http://search.msn.com/msnbot.htm)"
65.55.211.163 - - [09/Sep/2008:01:35:12 +0200] "GET /logs/usage_200709.html HTTP/1.1" 200 110974 "-" "msnbot/1.1 (+http://search.msn.com/msnbot.htm)"
74.6.22.174 - - [09/Sep/2008:01:54:02 +0200] "GET /zampa-lovers/ZAMPAMAS.MPG HTTP/1.0" 200 520196 "-" "Mozilla/5.0 (compatible; Yahoo! Slurp; http://help.yahoo.com/help/us/ysearch/slurp)"
68.142.212.213 - - [09/Sep/2008:02:15:29 +0200] "GET /robots.txt HTTP/1.0" 200 64 "-" "Mozilla/5.0 (Yahoo-MMCrawler/4.0; mailto:vertical-crawl-support@yahoo-inc.com)"
68.142.212.213 - - [09/Sep/2008:02:15:30 +0200] "GET /logs/daily_usage_200710.png HTTP/1.0" 200 4176 "-" "Mozilla/5.0 (Yahoo-MMCrawler/4.0; mailto:vertical-crawl-support@yahoo-inc.com)"
64.246.165.50 - - [09/Sep/2008:02:38:07 +0200] "GET /robots.txt HTTP/1.0" 200 64 "http://www.whois.sc/" "SurveyBot/2.3 (Whois Source)"
64.246.165.50 - - [09/Sep/2008:02:38:07 +0200] "GET / HTTP/1.1" 206 7869 "http://www.whois.sc/various-euro.com" "SurveyBot/2.3 (Whois Source)"
68.142.212.213 - - [09/Sep/2008:02:41:28 +0200] "GET /robots.txt HTTP/1.0" 200 64 "-" "Mozilla/5.0 (Yahoo-MMCrawler/4.0; mailto:vertical-crawl-support@yahoo-inc.com)"
68.142.212.213 - - [09/Sep/2008:02:41:28 +0200] "GET /logs/daily_usage_200710.png HTTP/1.0" 200 4176 "-" "Mozilla/5.0 (Yahoo-MMCrawler/4.0; mailto:vertical-crawl-support@yahoo-inc.com)"
66.249.65.2 - - [09/Sep/2008:02:52:32 +0200] "GET /schubb/schubb-4.html HTTP/1.1" 200 17746 "-" "Mozilla/5.0 (compatible; Googlebot/2.1; +http://www.google.com/bot.html)"
66.249.65.2 - - [09/Sep/2008:02:52:33 +0200] "GET /schubb/schubb-2.html HTTP/1.1" 200 16660 "-" "Mozilla/5.0 (compatible; Googlebot/2.1; +http://www.google.com/bot.html)"
66.249.65.2 - - [09/Sep/2008:03:33:30 +0200] "GET /schubb/schubb-4.html HTTP/1.1" 200 17746 "-" "Mozilla/5.0 (compatible; Googlebot/2.1; +http://www.google.com/bot.html)"
66.249.65.2 - - [09/Sep/2008:03:33:31 +0200] "GET /schubb/schubb-2.html HTTP/1.1" 200 16660 "-" "Mozilla/5.0 (compatible; Googlebot/2.1; +http://www.google.com/bot.html)"
74.6.17.176 - - [09/Sep/2008:04:10:32 +0200] "GET /robots.txt HTTP/1.0" 302 363 "-" "Mozilla/5.0 (compatible; Yahoo! Slurp; http://help.yahoo.com/help/us/ysearch/slurp)"
