64.1.215.165 - - [29/Sep/2008:22:40:49 +0200] "GET /robots.txt HTTP/1.0" 200 64 "-" "Mozilla/5.0 (Twiceler-0.9 http://www.cuil.com/twiceler/robot.html)"
208.36.144.10 - - [29/Sep/2008:22:41:15 +0200] "GET /bmpp/Bilder2/fsstreiffcc_29.png HTTP/1.0" 200 448 "-" "Mozilla/5.0 (Twiceler-0.9 http://www.cuil.com/twiceler/robot.html)"
193.252.149.16 - - [29/Sep/2008:22:43:05 +0200] "GET / HTTP/1.1" 200 7869 "-" "Mozilla/5.0 (Windows; U; Windows NT 5.1; fr; rv:1.8.1) VoilaBot BETA 1.2 (support.voilabot@orange-ftgroup.com)"
65.55.25.145 - - [29/Sep/2008:22:43:31 +0200] "GET /f-channel1.html HTTP/1.1" 200 5713 "-" "msnbot/1.1 (+http://search.msn.com/msnbot.htm)"
65.55.25.145 - - [29/Sep/2008:22:43:31 +0200] "GET /logs/ HTTP/1.1" 200 10079 "-" "msnbot/1.1 (+http://search.msn.com/msnbot.htm)"
65.55.25.145 - - [29/Sep/2008:22:43:32 +0200] "GET /sendi_agent.html HTTP/1.1" 200 6213 "-" "msnbot/1.1 (+http://search.msn.com/msnbot.htm)"
65.55.211.172 - - [29/Sep/2008:23:01:28 +0200] "GET /neon/click.html HTTP/1.1" 200 521 "-" "msnbot/1.1 (+http://search.msn.com/msnbot.htm)"
67.195.37.107 - - [29/Sep/2008:23:50:35 +0200] "GET /robots.txt HTTP/1.0" 200 64 "-" "Mozilla/5.0 (compatible; Yahoo! Slurp; http://help.yahoo.com/help/us/ysearch/slurp)"
67.195.37.107 - - [29/Sep/2008:23:50:35 +0200] "GET / HTTP/1.0" 200 7869 "-" "Mozilla/5.0 (compatible; Yahoo! Slurp/3.0; http://help.yahoo.com/help/us/ysearch/slurp)"
67.195.37.107 - - [29/Sep/2008:23:50:36 +0200] "GET /style/various-euro.css HTTP/1.0" 200 3437 "http://www.various-euro.com/" "Mozilla/5.0 (compatible; Yahoo! Slurp/3.0; http://help.yahoo.com/help/us/ysearch/slurp)"
67.195.37.107 - - [29/Sep/2008:23:57:15 +0200] "GET /framez.html HTTP/1.0" 200 3959 "-" "Mozilla/5.0 (compatible; Yahoo! Slurp; http://help.yahoo.com/help/us/ysearch/slurp)"
67.195.37.107 - - [29/Sep/2008:23:57:34 +0200] "GET /frame-menu.html HTTP/1.0" 200 10536 "-" "Mozilla/5.0 (compatible; Yahoo! Slurp; http://help.yahoo.com/help/us/ysearch/slurp)"
67.195.37.107 - - [29/Sep/2008:23:57:57 +0200] "GET /frame-inhalt.html HTTP/1.0" 200 5418 "-" "Mozilla/5.0 (compatible; Yahoo! Slurp; http://help.yahoo.com/help/us/ysearch/slurp)"
67.195.37.107 - - [29/Sep/2008:23:58:15 +0200] "GET /frame-unten.html HTTP/1.0" 200 5308 "-" "Mozilla/5.0 (compatible; Yahoo! Slurp; http://help.yahoo.com/help/us/ysearch/slurp)"
74.6.18.220 - - [30/Sep/2008:00:11:41 +0200] "GET /games/virtualcop/virtualcop.html HTTP/1.0" 200 4487 "-" "Mozilla/5.0 (compatible; Yahoo! Slurp; http://help.yahoo.com/help/us/ysearch/slurp)"
74.6.18.220 - - [30/Sep/2008:00:19:18 +0200] "GET /DgH/bull/ HTTP/1.0" 200 1915 "-" "Mozilla/5.0 (compatible; Yahoo! Slurp; http://help.yahoo.com/help/us/ysearch/slurp)"
208.36.144.10 - - [30/Sep/2008:00:29:29 +0200] "GET /bmpp/Bilder/18_42.png HTTP/1.0" 200 286 "-" "Mozilla/5.0 (Twiceler-0.9 http://www.cuil.com/twiceler/robot.html)"
208.36.144.10 - - [30/Sep/2008:00:34:41 +0200] "GET /schubb/schubb-2.gif HTTP/1.0" 200 6460 "-" "Mozilla/5.0 (Twiceler-0.9 http://www.cuil.com/twiceler/robot.html)"
208.36.144.10 - - [30/Sep/2008:00:37:02 +0200] "GET /bannerz/AgainstTCPA-Log01Banner.gif HTTP/1.0" 200 6186 "-" "Mozilla/5.0 (Twiceler-0.9 http://www.cuil.com/twiceler/robot.html)"
208.36.144.10 - - [30/Sep/2008:00:43:51 +0200] "GET /bmpp/Bilder/18_23.png HTTP/1.0" 200 454 "-" "Mozilla/5.0 (Twiceler-0.9 http://www.cuil.com/twiceler/robot.html)"
65.55.25.145 - - [30/Sep/2008:00:47:46 +0200] "GET /framez.html HTTP/1.1" 200 3959 "-" "msnbot/1.1 (+http://search.msn.com/msnbot.htm)"
66.249.65.169 - - [30/Sep/2008:01:03:32 +0200] "GET /framez-world.html HTTP/1.1" 200 4325 "-" "Mozilla/5.0 (compatible; Googlebot/2.1; +http://www.google.com/bot.html)"
202.179.180.45 - - [30/Sep/2008:01:50:18 +0200] "GET /robots.txt HTTP/1.1" 200 64 "-" "Mozilla/4.0 (compatible; NaverBot/1.0; http://help.naver.com/delete_main.asp)"
202.179.180.45 - - [30/Sep/2008:01:50:24 +0200] "GET / HTTP/1.1" 200 7869 "-" "Mozilla/4.0 (compatible; NaverBot/1.0; http://help.naver.com/delete_main.asp)"
208.36.144.10 - - [30/Sep/2008:01:50:53 +0200] "GET /bannerz/sf-banner-2.gif HTTP/1.0" 200 1836 "-" "Mozilla/5.0 (Twiceler-0.9 http://www.cuil.com/twiceler/robot.html)"
65.55.211.175 - - [30/Sep/2008:02:14:47 +0200] "GET /robots.txt HTTP/1.1" 200 64 "-" "msnbot/1.1 (+http://search.msn.com/msnbot.htm)"
65.55.211.175 - - [30/Sep/2008:02:14:47 +0200] "GET /3dsf3/sendi/sendisendi.html HTTP/1.1" 200 5118 "-" "msnbot/1.1 (+http://search.msn.com/msnbot.htm)"
64.246.165.180 - - [30/Sep/2008:02:24:26 +0200] "GET /robots.txt HTTP/1.0" 200 64 "http://www.whois.sc/" "SurveyBot/2.3 (Whois Source)"
64.246.165.180 - - [30/Sep/2008:02:24:27 +0200] "GET / HTTP/1.1" 206 7869 "http://www.whois.sc/various-euro.com" "SurveyBot/2.3 (Whois Source)"
65.55.211.173 - - [30/Sep/2008:02:54:02 +0200] "GET /robots.txt HTTP/1.1" 200 64 "-" "msnbot/1.1 (+http://search.msn.com/msnbot.htm)"
65.55.211.173 - - [30/Sep/2008:02:54:02 +0200] "GET /f-rez.html HTTP/1.1" 200 9765 "-" "msnbot/1.1 (+http://search.msn.com/msnbot.htm)"
65.55.211.170 - - [30/Sep/2008:03:05:32 +0200] "GET /robots.txt HTTP/1.1" 304 - "-" "msnbot/1.1 (+http://search.msn.com/msnbot.htm)"
208.36.144.10 - - [30/Sep/2008:03:11:30 +0200] "GET /bmpp/Bilder/18_31.png HTTP/1.0" 200 402 "-" "Mozilla/5.0 (Twiceler-0.9 http://www.cuil.com/twiceler/robot.html)"
68.142.212.211 - - [30/Sep/2008:03:17:40 +0200] "GET /robots.txt HTTP/1.0" 200 64 "-" "Mozilla/5.0 (Yahoo-MMCrawler/4.0; mailto:vertical-crawl-support@yahoo-inc.com)"
68.142.212.211 - - [30/Sep/2008:03:17:41 +0200] "GET /logs/hourly_usage_200705.png HTTP/1.0" 200 2181 "-" "Mozilla/5.0 (Yahoo-MMCrawler/4.0; mailto:vertical-crawl-support@yahoo-inc.com)"
208.36.144.10 - - [30/Sep/2008:03:19:50 +0200] "GET /bmpp/Bilder2/fsstreiffcc_35.png HTTP/1.0" 200 492 "-" "Mozilla/5.0 (Twiceler-0.9 http://www.cuil.com/twiceler/robot.html)"
74.6.18.220 - - [30/Sep/2008:03:32:34 +0200] "GET /robots.txt HTTP/1.0" 200 64 "-" "Mozilla/5.0 (compatible; Yahoo! Slurp; http://help.yahoo.com/help/us/ysearch/slurp)"
74.6.18.220 - - [30/Sep/2008:03:32:35 +0200] "GET /tour1_new.html HTTP/1.0" 404 2748 "-" "Mozilla/5.0 (compatible; Yahoo! Slurp; http://help.yahoo.com/help/us/ysearch/slurp)"
68.142.212.211 - - [30/Sep/2008:03:33:56 +0200] "GET /robots.txt HTTP/1.0" 200 64 "-" "Mozilla/5.0 (Yahoo-MMCrawler/4.0; mailto:vertical-crawl-support@yahoo-inc.com)"
68.142.212.211 - - [30/Sep/2008:03:33:57 +0200] "GET /logs/hourly_usage_200705.png HTTP/1.0" 200 2181 "-" "Mozilla/5.0 (Yahoo-MMCrawler/4.0; mailto:vertical-crawl-support@yahoo-inc.com)"
65.55.211.186 - - [30/Sep/2008:04:04:43 +0200] "GET /robots.txt HTTP/1.1" 200 64 "-" "msnbot/1.1 (+http://search.msn.com/msnbot.htm)"
65.55.211.186 - - [30/Sep/2008:04:04:46 +0200] "GET /3dsf3/sendi/index.html HTTP/1.1" 200 1837 "-" "msnbot/1.1 (+http://search.msn.com/msnbot.htm)"
91.205.124.4 - - [30/Sep/2008:04:08:50 +0200] "GET /robots.txt HTTP/1.1" 200 64 "-" "Yanga WorldSearch Bot v1.1/beta (http://www.yanga.co.uk/)"
208.66.193.164 - - [30/Sep/2008:04:08:50 +0200] "GET / HTTP/1.1" 200 7869 "-" "Yanga WorldSearch Bot v1.1/beta (http://www.yanga.co.uk/)"
193.252.149.16 - - [30/Sep/2008:04:26:47 +0200] "GET /frame-inhalt.html HTTP/1.1" 200 5418 "-" "Mozilla/5.0 (Windows; U; Windows NT 5.1; fr; rv:1.8.1) VoilaBot BETA 1.2 (support.voilabot@orange-ftgroup.com)"
119.63.193.43 - - [30/Sep/2008:04:29:15 +0200] "GET /frame-unten.html HTTP/1.1" 200 5308 "-" "Baiduspider+(+http://help.baidu.jp/system/05.html)"
81.52.143.15 - - [30/Sep/2008:04:36:03 +0200] "GET /warez.html HTTP/1.1" 200 9754 "-" "Mozilla/5.0 (Windows; U; Windows NT 5.1; fr; rv:1.8.1) VoilaBot BETA 1.2 (support.voilabot@orange-ftgroup.com)"
81.52.143.15 - - [30/Sep/2008:04:44:49 +0200] "GET http://www.various-euro.com:80/robots.txt HTTP/1.1" 200 64 "-" "Mozilla/5.0 (Windows; U; Windows NT 5.1; fr; rv:1.8.1) VoilaBot BETA 1.2 (support.voilabot@orange-ftgroup.com)"
81.52.143.15 - - [30/Sep/2008:04:44:51 +0200] "GET /f-maintitle.html HTTP/1.1" 200 5030 "-" "Mozilla/5.0 (Windows; U; Windows NT 5.1; fr; rv:1.8.1) VoilaBot BETA 1.2 (support.voilabot@orange-ftgroup.com)"
65.55.211.175 - - [30/Sep/2008:04:57:20 +0200] "GET /f-bannnerz.html HTTP/1.1" 200 12651 "-" "msnbot/1.1 (+http://search.msn.com/msnbot.htm)"
67.195.37.107 - - [30/Sep/2008:05:09:09 +0200] "GET /framez-rez.html HTTP/1.0" 200 4323 "-" "Mozilla/5.0 (compatible; Yahoo! Slurp/3.0; http://help.yahoo.com/help/us/ysearch/slurp)"
67.195.37.107 - - [30/Sep/2008:05:09:10 +0200] "GET /frame-unten.html HTTP/1.0" 200 5308 "http://www.various-euro.com/framez-rez.html" "Mozilla/5.0 (compatible; Yahoo! Slurp/3.0; http://help.yahoo.com/help/us/ysearch/slurp)"
67.195.37.107 - - [30/Sep/2008:05:09:10 +0200] "GET /f-rez.html HTTP/1.0" 200 9765 "http://www.various-euro.com/framez-rez.html" "Mozilla/5.0 (compatible; Yahoo! Slurp/3.0; http://help.yahoo.com/help/us/ysearch/slurp)"
67.195.37.107 - - [30/Sep/2008:05:09:12 +0200] "GET /frame-menu.html HTTP/1.0" 200 10536 "http://www.various-euro.com/framez-rez.html" "Mozilla/5.0 (compatible; Yahoo! Slurp/3.0; http://help.yahoo.com/help/us/ysearch/slurp)"
67.195.37.107 - - [30/Sep/2008:05:09:15 +0200] "GET /style/various-euro.css HTTP/1.0" 304 - "http://www.various-euro.com/frame-menu.html" "Mozilla/5.0 (compatible; Yahoo! Slurp/3.0; http://help.yahoo.com/help/us/ysearch/slurp)"
206.206.38.137 - - [30/Sep/2008:06:22:57 +0200] "GET / HTTP/1.1" 200 7869 "-" "Mozilla/4.0 (compatible; MSIE 6.0; Windows 98; DigExt)"
65.55.211.171 - - [30/Sep/2008:06:26:21 +0200] "GET /sendi_agent.html HTTP/1.1" 200 6213 "-" "msnbot/1.1 (+http://search.msn.com/msnbot.htm)"
149.20.54.199 - - [30/Sep/2008:06:37:54 +0200] "GET /robots.txt HTTP/1.0" 200 64 "-" "Grub/2.0 (Grub.org crawler; http://www.grub.org/; bot@grub.org)"
149.20.54.199 - - [30/Sep/2008:06:37:55 +0200] "GET / HTTP/1.0" 200 7869 "-" "Grub/2.0 (Grub.org crawler; http://www.grub.org/; bot@grub.org)"
67.202.54.191 - - [30/Sep/2008:06:38:27 +0200] "GET /robots.txt HTTP/1.0" 200 64 "-" "ia_archiver (+http://www.alexa.com/site/help/webmasters; crawler@alexa.com)"
74.6.18.220 - - [30/Sep/2008:06:50:19 +0200] "GET /bmpp/euro_pal_1.html HTTP/1.0" 200 18252 "-" "Mozilla/5.0 (compatible; Yahoo! Slurp; http://help.yahoo.com/help/us/ysearch/slurp)"
74.6.18.220 - - [30/Sep/2008:07:11:01 +0200] "GET /restate_copy.html HTTP/1.0" 200 97631 "-" "Mozilla/5.0 (compatible; Yahoo! Slurp; http://help.yahoo.com/help/us/ysearch/slurp)"
81.52.143.15 - - [30/Sep/2008:07:17:31 +0200] "GET /f-warez.html HTTP/1.1" 200 10953 "-" "Mozilla/5.0 (Windows; U; Windows NT 5.1; fr; rv:1.8.1) VoilaBot BETA 1.2 (support.voilabot@orange-ftgroup.com)"
193.252.149.15 - - [30/Sep/2008:07:43:56 +0200] "GET /warez.html HTTP/1.1" 200 9754 "-" "Mozilla/5.0 (Windows; U; Windows NT 5.1; fr; rv:1.8.1) VoilaBot BETA 1.2 (support.voilabot@orange-ftgroup.com)"
67.195.37.107 - - [30/Sep/2008:07:51:22 +0200] "GET /framez.html HTTP/1.0" 200 3959 "-" "Mozilla/5.0 (compatible; Yahoo! Slurp/3.0; http://help.yahoo.com/help/us/ysearch/slurp)"
67.195.37.107 - - [30/Sep/2008:07:51:27 +0200] "GET /style/various-euro.css HTTP/1.0" 304 - "http://www.various-euro.com/framez.html" "Mozilla/5.0 (compatible; Yahoo! Slurp/3.0; http://help.yahoo.com/help/us/ysearch/slurp)"
67.195.37.107 - - [30/Sep/2008:07:51:27 +0200] "GET /frame-inhalt.html HTTP/1.0" 200 5418 "http://www.various-euro.com/framez.html" "Mozilla/5.0 (compatible; Yahoo! Slurp/3.0; http://help.yahoo.com/help/us/ysearch/slurp)"
67.195.37.107 - - [30/Sep/2008:07:51:31 +0200] "GET /frame-unten.html HTTP/1.0" 200 5308 "http://www.various-euro.com/framez.html" "Mozilla/5.0 (compatible; Yahoo! Slurp/3.0; http://help.yahoo.com/help/us/ysearch/slurp)"
67.195.37.107 - - [30/Sep/2008:07:51:31 +0200] "GET /frame-menu.html HTTP/1.0" 200 10536 "http://www.various-euro.com/framez.html" "Mozilla/5.0 (compatible; Yahoo! Slurp/3.0; http://help.yahoo.com/help/us/ysearch/slurp)"
65.55.211.172 - - [30/Sep/2008:08:52:25 +0200] "GET /triple-double-u/ HTTP/1.1" 403 1223 "-" "msnbot/1.1 (+http://search.msn.com/msnbot.htm)"
65.55.211.185 - - [30/Sep/2008:09:07:19 +0200] "GET /robots.txt HTTP/1.1" 200 64 "-" "msnbot/1.1 (+http://search.msn.com/msnbot.htm)"
65.55.211.185 - - [30/Sep/2008:09:07:20 +0200] "GET /3dsf3/sendi/animals.html HTTP/1.1" 200 1422 "-" "msnbot/1.1 (+http://search.msn.com/msnbot.htm)"
190.176.157.235 - - [30/Sep/2008:09:34:35 +0200] "GET /admin/file_manager.php HTTP/1.1" 404 2748 "http://various-euro.com/admin/file_manager.php" "Mozilla/4.0 (compatible; MSIE 6.0; Windows NT 5.1)"
74.6.18.220 - - [30/Sep/2008:09:37:43 +0200] "GET /rez/555.mp3 HTTP/1.0" 200 6017674 "-" "Mozilla/5.0 (compatible; Yahoo! Slurp; http://help.yahoo.com/help/us/ysearch/slurp)"
193.252.149.16 - - [30/Sep/2008:10:22:37 +0200] "GET /world.html HTTP/1.1" 200 16295 "-" "Mozilla/5.0 (Windows; U; Windows NT 5.1; fr; rv:1.8.1) VoilaBot BETA 1.2 (support.voilabot@orange-ftgroup.com)"
65.55.211.175 - - [30/Sep/2008:10:23:29 +0200] "GET /framez-rez.html HTTP/1.1" 200 4323 "-" "msnbot/1.1 (+http://search.msn.com/msnbot.htm)"
65.55.211.175 - - [30/Sep/2008:10:26:21 +0200] "GET /robots.txt HTTP/1.1" 200 64 "-" "msnbot/1.0 (+http://search.msn.com/msnbot.htm)"
65.55.211.175 - - [30/Sep/2008:10:26:21 +0200] "GET /frame-menu.html HTTP/1.1" 200 10536 "-" "msnbot/1.0 (+http://search.msn.com/msnbot.htm)"
65.55.211.175 - - [30/Sep/2008:10:26:21 +0200] "GET /f-rez.html HTTP/1.1" 200 9765 "-" "msnbot/1.0 (+http://search.msn.com/msnbot.htm)"
65.55.211.175 - - [30/Sep/2008:10:26:23 +0200] "GET /frame-unten.html HTTP/1.1" 200 5308 "-" "msnbot/1.0 (+http://search.msn.com/msnbot.htm)"
74.6.18.220 - - [30/Sep/2008:10:29:00 +0200] "GET /DgH/watch/ HTTP/1.0" 200 2028 "-" "Mozilla/5.0 (compatible; Yahoo! Slurp; http://help.yahoo.com/help/us/ysearch/slurp)"
193.246.0.106 - - [30/Sep/2008:11:16:51 +0200] "GET / HTTP/1.1" 302 353 "http://www.google.ch/search?hl=it&q=zampa+di+leone&btnG=Cerca&meta=" "Mozilla/5.0 (Windows; U; Windows NT 5.1; it; rv:1.8.1.17) Gecko/20080829 Firefox/2.0.0.17"
193.246.0.106 - - [30/Sep/2008:11:16:51 +0200] "GET /zampa/ HTTP/1.1" 200 7153 "http://www.google.ch/search?hl=it&q=zampa+di+leone&btnG=Cerca&meta=" "Mozilla/5.0 (Windows; U; Windows NT 5.1; it; rv:1.8.1.17) Gecko/20080829 Firefox/2.0.0.17"
193.246.0.106 - - [30/Sep/2008:11:16:51 +0200] "GET /zampa/slike/udupetu.gif HTTP/1.1" 200 4138 "http://www.various-euro.com/zampa/" "Mozilla/5.0 (Windows; U; Windows NT 5.1; it; rv:1.8.1.17) Gecko/20080829 Firefox/2.0.0.17"
193.246.0.106 - - [30/Sep/2008:11:16:51 +0200] "GET /zampa/slike/zampa.gif HTTP/1.1" 200 5310 "http://www.various-euro.com/zampa/" "Mozilla/5.0 (Windows; U; Windows NT 5.1; it; rv:1.8.1.17) Gecko/20080829 Firefox/2.0.0.17"
193.246.0.106 - - [30/Sep/2008:11:16:51 +0200] "GET /zampa/slike/inthearse.gif HTTP/1.1" 200 4077 "http://www.various-euro.com/zampa/" "Mozilla/5.0 (Windows; U; Windows NT 5.1; it; rv:1.8.1.17) Gecko/20080829 Firefox/2.0.0.17"
193.246.0.106 - - [30/Sep/2008:11:16:52 +0200] "GET /favicon.ico HTTP/1.1" 404 2748 "-" "Mozilla/5.0 (Windows; U; Windows NT 5.1; it; rv:1.8.1.17) Gecko/20080829 Firefox/2.0.0.17"
65.55.211.183 - - [30/Sep/2008:11:27:55 +0200] "GET /bmpp/euro_pal_1.html HTTP/1.1" 200 18252 "-" "msnbot/1.1 (+http://search.msn.com/msnbot.htm)"
217.128.214.20 - - [30/Sep/2008:11:34:02 +0200] "GET /favicon.ico HTTP/1.1" 404 2748 "http://search.ke.voila.fr/S/voila?profil=voila&bhv=web_fr&rdata=SCHUBB" "Mozilla/4.0 (compatible; MSIE 6.0; Windows NT 5.0; .NET CLR 1.1.4322; .NET CLR 2.0.50727)"
66.249.65.169 - - [30/Sep/2008:12:06:54 +0200] "GET /logs/usage_200809.html HTTP/1.1" 404 2748 "-" "Mozilla/5.0 (compatible; Googlebot/2.1; +http://www.google.com/bot.html)"
66.249.65.169 - - [30/Sep/2008:13:07:31 +0200] "GET /neon/code.html HTTP/1.1" 200 1109 "-" "Mozilla/5.0 (compatible; Googlebot/2.1; +http://www.google.com/bot.html)"
65.55.211.170 - - [30/Sep/2008:13:16:52 +0200] "GET /robots.txt HTTP/1.1" 200 64 "-" "msnbot/1.1 (+http://search.msn.com/msnbot.htm)"
65.55.211.170 - - [30/Sep/2008:13:16:53 +0200] "GET /zampa/montenegro/MILOW.html HTTP/1.1" 200 860 "-" "msnbot/1.1 (+http://search.msn.com/msnbot.htm)"
209.133.64.213 - - [30/Sep/2008:13:35:54 +0200] "GET /robots.txt HTTP/1.0" 200 64 "-" "MSRBOT (http://research.microsoft.com/research/sv/msrbot/)"
65.55.211.181 - - [30/Sep/2008:14:03:13 +0200] "GET /robots.txt HTTP/1.1" 200 64 "-" "msnbot/1.1 (+http://search.msn.com/msnbot.htm)"
65.55.211.181 - - [30/Sep/2008:14:03:13 +0200] "GET /zampa/montenegro/SEKAW.html HTTP/1.1" 200 860 "-" "msnbot/1.1 (+http://search.msn.com/msnbot.htm)"
91.205.124.4 - - [30/Sep/2008:14:09:01 +0200] "GET /robots.txt HTTP/1.1" 200 64 "-" "Yanga WorldSearch Bot v1.1/beta (http://www.yanga.co.uk/)"
208.66.193.164 - - [30/Sep/2008:14:09:01 +0200] "GET / HTTP/1.1" 200 7869 "-" "Yanga WorldSearch Bot v1.1/beta (http://www.yanga.co.uk/)"
66.249.65.169 - - [30/Sep/2008:14:18:10 +0200] "GET / HTTP/1.1" 200 7869 "-" "Mozilla/5.0 (compatible; Googlebot/2.1; +http://www.google.com/bot.html)"
67.195.37.163 - - [30/Sep/2008:14:52:32 +0200] "GET /robots.txt HTTP/1.0" 200 64 "-" "Mozilla/5.0 (compatible; Yahoo! Slurp; http://help.yahoo.com/help/us/ysearch/slurp)"
67.195.37.163 - - [30/Sep/2008:14:52:32 +0200] "GET / HTTP/1.0" 200 7869 "-" "Mozilla/5.0 (compatible; Yahoo! Slurp; http://help.yahoo.com/help/us/ysearch/slurp)"
66.249.65.169 - - [30/Sep/2008:14:53:00 +0200] "GET /f-rez.html HTTP/1.1" 200 9765 "-" "Mozilla/5.0 (compatible; Googlebot/2.1; +http://www.google.com/bot.html)"
74.6.18.245 - - [30/Sep/2008:15:14:46 +0200] "GET /robots.txt HTTP/1.0" 302 363 "-" "Mozilla/5.0 (compatible; Yahoo! Slurp; http://help.yahoo.com/help/us/ysearch/slurp)"
74.6.18.245 - - [30/Sep/2008:15:14:47 +0200] "GET /zampa/robots.txt HTTP/1.0" 404 2748 "-" "Mozilla/5.0 (compatible; Yahoo! Slurp; http://help.yahoo.com/help/us/ysearch/slurp)"
74.6.18.245 - - [30/Sep/2008:15:14:47 +0200] "GET / HTTP/1.0" 302 353 "-" "Mozilla/5.0 (compatible; Yahoo! Slurp; http://help.yahoo.com/help/us/ysearch/slurp)"
74.6.18.220 - - [30/Sep/2008:15:14:49 +0200] "GET /zampa/ HTTP/1.0" 200 7153 "-" "Mozilla/5.0 (compatible; Yahoo! Slurp; http://help.yahoo.com/help/us/ysearch/slurp)"
74.6.18.220 - - [30/Sep/2008:15:23:40 +0200] "GET /logz.html HTTP/1.0" 404 2748 "-" "Mozilla/5.0 (compatible; Yahoo! Slurp; http://help.yahoo.com/help/us/ysearch/slurp)"
77.88.23.91 - - [30/Sep/2008:15:51:58 +0200] "GET / HTTP/1.1" 200 7869 "-" "Yandex/1.01.001 (compatible; Win16; H)"
77.88.23.91 - - [30/Sep/2008:15:51:59 +0200] "GET /robots.txt HTTP/1.1" 200 64 "-" "Yandex/1.01.001 (compatible; Win16; H)"
77.88.23.91 - - [30/Sep/2008:15:51:59 +0200] "GET / HTTP/1.1" 200 7869 "-" "Yandex/1.01.001 (compatible; Win16; H)"
77.88.23.91 - - [30/Sep/2008:15:52:00 +0200] "GET / HTTP/1.1" 200 7869 "-" "Yandex/1.01.001 (compatible; Win16; H)"
77.88.23.91 - - [30/Sep/2008:15:52:01 +0200] "GET /robots.txt HTTP/1.1" 200 64 "-" "Yandex/1.01.001 (compatible; Win16; H)"
77.88.23.91 - - [30/Sep/2008:15:52:02 +0200] "GET / HTTP/1.1" 200 7869 "-" "Yandex/1.01.001 (compatible; Win16; H)"
77.88.23.91 - - [30/Sep/2008:15:52:02 +0200] "GET /framez.html HTTP/1.1" 200 3959 "-" "Yandex/1.01.001 (compatible; Win16; H)"
77.88.23.91 - - [30/Sep/2008:15:52:03 +0200] "GET /framez.html HTTP/1.1" 200 3959 "-" "Yandex/1.01.001 (compatible; Win16; H)"
77.88.23.91 - - [30/Sep/2008:15:52:03 +0200] "GET /framez.html HTTP/1.1" 200 3959 "-" "Yandex/1.01.001 (compatible; Win16; H)"
77.88.23.91 - - [30/Sep/2008:15:52:04 +0200] "GET /framez.html HTTP/1.1" 200 3959 "-" "Yandex/1.01.001 (compatible; Win16; H)"
74.6.18.220 - - [30/Sep/2008:15:52:10 +0200] "GET /frame-inhalt.html HTTP/1.0" 200 5418 "-" "Mozilla/5.0 (compatible; Yahoo! Slurp; http://help.yahoo.com/help/us/ysearch/slurp)"
74.6.18.220 - - [30/Sep/2008:16:02:20 +0200] "GET /menue.html HTTP/1.0" 404 2748 "-" "Mozilla/5.0 (compatible; Yahoo! Slurp; http://help.yahoo.com/help/us/ysearch/slurp)"
65.55.211.180 - - [30/Sep/2008:16:15:45 +0200] "GET /robots.txt HTTP/1.1" 200 64 "-" "msnbot/1.1 (+http://search.msn.com/msnbot.htm)"
65.55.211.180 - - [30/Sep/2008:16:15:45 +0200] "GET /neon/slow-walk.html HTTP/1.1" 200 1640 "-" "msnbot/1.1 (+http://search.msn.com/msnbot.htm)"
208.80.194.31 - - [30/Sep/2008:16:22:42 +0200] "GET / HTTP/1.0" 200 7869 "-" "Mozilla/4.0 (compatible; MSIE 6.0; Windows NT 5.1; SV1; Windows-Media-Player/10.00.00.3990; ZangoToolbar 4.8.3)"
208.80.194.31 - - [30/Sep/2008:16:22:42 +0200] "GET / HTTP/1.0" 200 7869 "-" "Mozilla/4.0 (compatible; MSIE 6.0; Windows NT 5.1; SV1; FunWebProducts; Zango 10.0.275.0)"
74.6.18.220 - - [30/Sep/2008:16:30:25 +0200] "GET /robots.txt HTTP/1.0" 200 64 "-" "Mozilla/5.0 (compatible; Yahoo! Slurp; http://help.yahoo.com/help/us/ysearch/slurp)"
74.6.18.220 - - [30/Sep/2008:16:30:26 +0200] "GET /logs/usage_200602.html HTTP/1.0" 200 107723 "-" "Mozilla/5.0 (compatible; Yahoo! Slurp; http://help.yahoo.com/help/us/ysearch/slurp)"
65.55.211.171 - - [30/Sep/2008:16:31:36 +0200] "GET /robots.txt HTTP/1.1" 200 64 "-" "msnbot/1.1 (+http://search.msn.com/msnbot.htm)"
65.55.211.171 - - [30/Sep/2008:16:31:36 +0200] "GET /zampa-lovers/ HTTP/1.1" 200 37790 "-" "msnbot/1.1 (+http://search.msn.com/msnbot.htm)"
65.55.211.171 - - [30/Sep/2008:16:41:18 +0200] "GET /DgH/orginal/index.html HTTP/1.1" 200 1727 "-" "msnbot/1.1 (+http://search.msn.com/msnbot.htm)"
65.55.211.180 - - [30/Sep/2008:16:51:21 +0200] "GET /ve-icon-2.ico HTTP/1.1" 200 2238 "-" "msnbot/1.1 (+http://search.msn.com/msnbot.htm)"
84.190.37.8 - - [30/Sep/2008:17:12:19 +0200] "GET / HTTP/1.1" 200 7869 "-" "Mozilla/5.0 (X11; U; Linux i686; de; rv:1.9.0.3) Gecko/2008092510 Ubuntu/8.04 (hardy) Firefox/3.0.3"
84.190.37.8 - - [30/Sep/2008:17:12:19 +0200] "GET /style/various-euro.css HTTP/1.1" 200 3437 "http://various-euro.com/" "Mozilla/5.0 (X11; U; Linux i686; de; rv:1.9.0.3) Gecko/2008092510 Ubuntu/8.04 (hardy) Firefox/3.0.3"
84.190.37.8 - - [30/Sep/2008:17:12:19 +0200] "GET /ve-icon-2.ico HTTP/1.1" 200 2238 "-" "Mozilla/5.0 (X11; U; Linux i686; de; rv:1.9.0.3) Gecko/2008092510 Ubuntu/8.04 (hardy) Firefox/3.0.3"
84.190.37.8 - - [30/Sep/2008:17:12:20 +0200] "GET /framez_0.html HTTP/1.1" 200 12444 "http://various-euro.com/" "Mozilla/5.0 (X11; U; Linux i686; de; rv:1.9.0.3) Gecko/2008092510 Ubuntu/8.04 (hardy) Firefox/3.0.3"
84.190.37.8 - - [30/Sep/2008:17:12:21 +0200] "GET /framez.html HTTP/1.1" 200 3959 "http://various-euro.com/framez_0.html" "Mozilla/5.0 (X11; U; Linux i686; de; rv:1.9.0.3) Gecko/2008092510 Ubuntu/8.04 (hardy) Firefox/3.0.3"
84.190.37.8 - - [30/Sep/2008:17:12:21 +0200] "GET /frame-menu.html HTTP/1.1" 200 10536 "http://various-euro.com/framez.html" "Mozilla/5.0 (X11; U; Linux i686; de; rv:1.9.0.3) Gecko/2008092510 Ubuntu/8.04 (hardy) Firefox/3.0.3"
84.190.37.8 - - [30/Sep/2008:17:12:21 +0200] "GET /frame-inhalt.html HTTP/1.1" 200 5418 "http://various-euro.com/framez.html" "Mozilla/5.0 (X11; U; Linux i686; de; rv:1.9.0.3) Gecko/2008092510 Ubuntu/8.04 (hardy) Firefox/3.0.3"
84.190.37.8 - - [30/Sep/2008:17:12:21 +0200] "GET /frame-unten.html HTTP/1.1" 200 5308 "http://various-euro.com/framez.html" "Mozilla/5.0 (X11; U; Linux i686; de; rv:1.9.0.3) Gecko/2008092510 Ubuntu/8.04 (hardy) Firefox/3.0.3"
84.190.37.8 - - [30/Sep/2008:17:12:21 +0200] "GET /bannerz/neon_click_3.gif HTTP/1.1" 200 240 "http://various-euro.com/frame-inhalt.html" "Mozilla/5.0 (X11; U; Linux i686; de; rv:1.9.0.3) Gecko/2008092510 Ubuntu/8.04 (hardy) Firefox/3.0.3"
84.190.37.8 - - [30/Sep/2008:17:12:22 +0200] "GET /eurosign3.gif HTTP/1.1" 200 7879 "http://various-euro.com/frame-inhalt.html" "Mozilla/5.0 (X11; U; Linux i686; de; rv:1.9.0.3) Gecko/2008092510 Ubuntu/8.04 (hardy) Firefox/3.0.3"
84.190.37.8 - - [30/Sep/2008:17:12:22 +0200] "GET /bannerz/neon_click_1.gif HTTP/1.1" 200 890 "http://various-euro.com/frame-inhalt.html" "Mozilla/5.0 (X11; U; Linux i686; de; rv:1.9.0.3) Gecko/2008092510 Ubuntu/8.04 (hardy) Firefox/3.0.3"
84.190.37.8 - - [30/Sep/2008:17:12:22 +0200] "GET /bannerz/neon_click_2.gif HTTP/1.1" 200 387 "http://various-euro.com/frame-inhalt.html" "Mozilla/5.0 (X11; U; Linux i686; de; rv:1.9.0.3) Gecko/2008092510 Ubuntu/8.04 (hardy) Firefox/3.0.3"
84.190.37.8 - - [30/Sep/2008:17:12:22 +0200] "GET /bannerz/wet.gif HTTP/1.1" 200 18561 "http://various-euro.com/frame-inhalt.html" "Mozilla/5.0 (X11; U; Linux i686; de; rv:1.9.0.3) Gecko/2008092510 Ubuntu/8.04 (hardy) Firefox/3.0.3"
84.190.37.8 - - [30/Sep/2008:17:12:22 +0200] "GET /bannerz/douwil.gif HTTP/1.1" 200 528 "http://various-euro.com/frame-inhalt.html" "Mozilla/5.0 (X11; U; Linux i686; de; rv:1.9.0.3) Gecko/2008092510 Ubuntu/8.04 (hardy) Firefox/3.0.3"
84.190.37.8 - - [30/Sep/2008:17:12:22 +0200] "GET /bannerz/anti_black_small.gif HTTP/1.1" 200 1009 "http://various-euro.com/frame-inhalt.html" "Mozilla/5.0 (X11; U; Linux i686; de; rv:1.9.0.3) Gecko/2008092510 Ubuntu/8.04 (hardy) Firefox/3.0.3"
84.190.37.8 - - [30/Sep/2008:17:12:22 +0200] "GET /bannerz/copyleft_black_small.gif HTTP/1.1" 200 1231 "http://various-euro.com/frame-inhalt.html" "Mozilla/5.0 (X11; U; Linux i686; de; rv:1.9.0.3) Gecko/2008092510 Ubuntu/8.04 (hardy) Firefox/3.0.3"
84.190.37.8 - - [30/Sep/2008:17:12:22 +0200] "GET /bannerz/google/Logo_40blk.gif HTTP/1.1" 200 2308 "http://various-euro.com/frame-inhalt.html" "Mozilla/5.0 (X11; U; Linux i686; de; rv:1.9.0.3) Gecko/2008092510 Ubuntu/8.04 (hardy) Firefox/3.0.3"
84.190.37.8 - - [30/Sep/2008:17:12:22 +0200] "GET /bannerz/goolag_468.jpg HTTP/1.1" 200 28285 "http://various-euro.com/frame-inhalt.html" "Mozilla/5.0 (X11; U; Linux i686; de; rv:1.9.0.3) Gecko/2008092510 Ubuntu/8.04 (hardy) Firefox/3.0.3"
84.190.37.8 - - [30/Sep/2008:17:12:22 +0200] "GET /bannerz/ve.jpg HTTP/1.1" 200 36912 "http://various-euro.com/frame-unten.html" "Mozilla/5.0 (X11; U; Linux i686; de; rv:1.9.0.3) Gecko/2008092510 Ubuntu/8.04 (hardy) Firefox/3.0.3"
84.190.37.8 - - [30/Sep/2008:17:12:22 +0200] "GET /bannerz/various-euro-girl.jpg HTTP/1.1" 200 91514 "http://various-euro.com/frame-unten.html" "Mozilla/5.0 (X11; U; Linux i686; de; rv:1.9.0.3) Gecko/2008092510 Ubuntu/8.04 (hardy) Firefox/3.0.3"
84.190.37.8 - - [30/Sep/2008:17:12:51 +0200] "GET /f-warez.html HTTP/1.1" 200 10953 "http://various-euro.com/frame-menu.html" "Mozilla/5.0 (X11; U; Linux i686; de; rv:1.9.0.3) Gecko/2008092510 Ubuntu/8.04 (hardy) Firefox/3.0.3"
84.190.37.8 - - [30/Sep/2008:17:12:52 +0200] "GET /bannerz/kmfms-banner.gif HTTP/1.1" 200 8484 "http://various-euro.com/f-warez.html" "Mozilla/5.0 (X11; U; Linux i686; de; rv:1.9.0.3) Gecko/2008092510 Ubuntu/8.04 (hardy) Firefox/3.0.3"
84.190.37.8 - - [30/Sep/2008:17:12:52 +0200] "GET /shoppingcart.gif HTTP/1.1" 200 1386 "http://various-euro.com/f-warez.html" "Mozilla/5.0 (X11; U; Linux i686; de; rv:1.9.0.3) Gecko/2008092510 Ubuntu/8.04 (hardy) Firefox/3.0.3"
84.190.37.8 - - [30/Sep/2008:17:12:52 +0200] "GET /bannerz/AgainstTCPA-Log01Banner.gif HTTP/1.1" 200 6186 "http://various-euro.com/f-warez.html" "Mozilla/5.0 (X11; U; Linux i686; de; rv:1.9.0.3) Gecko/2008092510 Ubuntu/8.04 (hardy) Firefox/3.0.3"
84.190.37.8 - - [30/Sep/2008:17:12:52 +0200] "GET /textz.gif HTTP/1.1" 200 871 "http://various-euro.com/f-warez.html" "Mozilla/5.0 (X11; U; Linux i686; de; rv:1.9.0.3) Gecko/2008092510 Ubuntu/8.04 (hardy) Firefox/3.0.3"
84.190.37.8 - - [30/Sep/2008:17:12:52 +0200] "GET /bannerz/quisse.gif HTTP/1.1" 200 2846 "http://various-euro.com/f-warez.html" "Mozilla/5.0 (X11; U; Linux i686; de; rv:1.9.0.3) Gecko/2008092510 Ubuntu/8.04 (hardy) Firefox/3.0.3"
84.190.37.8 - - [30/Sep/2008:17:12:52 +0200] "GET /warezcrawler.jpg HTTP/1.1" 200 15588 "http://various-euro.com/f-warez.html" "Mozilla/5.0 (X11; U; Linux i686; de; rv:1.9.0.3) Gecko/2008092510 Ubuntu/8.04 (hardy) Firefox/3.0.3"
84.190.37.8 - - [30/Sep/2008:17:12:52 +0200] "GET /hsp.gif HTTP/1.1" 200 42603 "http://various-euro.com/f-warez.html" "Mozilla/5.0 (X11; U; Linux i686; de; rv:1.9.0.3) Gecko/2008092510 Ubuntu/8.04 (hardy) Firefox/3.0.3"
84.190.37.8 - - [30/Sep/2008:17:12:56 +0200] "GET /f-web.html HTTP/1.1" 200 13605 "http://various-euro.com/frame-menu.html" "Mozilla/5.0 (X11; U; Linux i686; de; rv:1.9.0.3) Gecko/2008092510 Ubuntu/8.04 (hardy) Firefox/3.0.3"
84.190.37.8 - - [30/Sep/2008:17:12:56 +0200] "GET /bannerz/implorer.gif HTTP/1.1" 200 2711 "http://various-euro.com/f-web.html" "Mozilla/5.0 (X11; U; Linux i686; de; rv:1.9.0.3) Gecko/2008092510 Ubuntu/8.04 (hardy) Firefox/3.0.3"
84.190.37.8 - - [30/Sep/2008:17:12:56 +0200] "GET /bannerz/MatrixGamesSpwaw468x60.gif HTTP/1.1" 200 17743 "http://various-euro.com/f-web.html" "Mozilla/5.0 (X11; U; Linux i686; de; rv:1.9.0.3) Gecko/2008092510 Ubuntu/8.04 (hardy) Firefox/3.0.3"
84.190.37.8 - - [30/Sep/2008:17:12:56 +0200] "GET /bannerz/webmasters_click_here.gif HTTP/1.1" 200 1207 "http://various-euro.com/f-web.html" "Mozilla/5.0 (X11; U; Linux i686; de; rv:1.9.0.3) Gecko/2008092510 Ubuntu/8.04 (hardy) Firefox/3.0.3"
84.190.37.8 - - [30/Sep/2008:17:12:56 +0200] "GET /bannerz/camu3.jpg HTTP/1.1" 200 2318 "http://various-euro.com/f-web.html" "Mozilla/5.0 (X11; U; Linux i686; de; rv:1.9.0.3) Gecko/2008092510 Ubuntu/8.04 (hardy) Firefox/3.0.3"
84.190.37.8 - - [30/Sep/2008:17:12:56 +0200] "GET /bannerz/nmap_bnr_matrix_iain.gif HTTP/1.1" 200 9785 "http://various-euro.com/f-web.html" "Mozilla/5.0 (X11; U; Linux i686; de; rv:1.9.0.3) Gecko/2008092510 Ubuntu/8.04 (hardy) Firefox/3.0.3"
84.190.37.8 - - [30/Sep/2008:17:12:56 +0200] "GET /bannerz/csw13.gif HTTP/1.1" 200 12290 "http://various-euro.com/f-web.html" "Mozilla/5.0 (X11; U; Linux i686; de; rv:1.9.0.3) Gecko/2008092510 Ubuntu/8.04 (hardy) Firefox/3.0.3"
84.190.37.8 - - [30/Sep/2008:17:13:18 +0200] "GET / HTTP/1.1" 200 7869 "http://www.kickme.to/ve" "Mozilla/5.0 (X11; U; Linux i686; de; rv:1.9.0.3) Gecko/2008092510 Ubuntu/8.04 (hardy) Firefox/3.0.3"
84.190.37.8 - - [30/Sep/2008:17:13:18 +0200] "GET /style/various-euro.css HTTP/1.1" 200 3437 "http://www.various-euro.com/" "Mozilla/5.0 (X11; U; Linux i686; de; rv:1.9.0.3) Gecko/2008092510 Ubuntu/8.04 (hardy) Firefox/3.0.3"
84.190.37.8 - - [30/Sep/2008:17:13:18 +0200] "GET / HTTP/1.1" 200 7869 "http://www.various-euro.com/" "Mozilla/5.0 (X11; U; Linux i686; de; rv:1.9.0.3) Gecko/2008092510 Ubuntu/8.04 (hardy) Firefox/3.0.3"
84.190.37.8 - - [30/Sep/2008:17:13:18 +0200] "GET /framez_0.html HTTP/1.1" 200 12444 "http://www.various-euro.com/" "Mozilla/5.0 (X11; U; Linux i686; de; rv:1.9.0.3) Gecko/2008092510 Ubuntu/8.04 (hardy) Firefox/3.0.3"
84.190.37.8 - - [30/Sep/2008:17:13:20 +0200] "GET /framez.html HTTP/1.1" 200 3959 "http://www.various-euro.com/framez_0.html" "Mozilla/5.0 (X11; U; Linux i686; de; rv:1.9.0.3) Gecko/2008092510 Ubuntu/8.04 (hardy) Firefox/3.0.3"
84.190.37.8 - - [30/Sep/2008:17:13:20 +0200] "GET /frame-menu.html HTTP/1.1" 200 10536 "http://www.various-euro.com/framez.html" "Mozilla/5.0 (X11; U; Linux i686; de; rv:1.9.0.3) Gecko/2008092510 Ubuntu/8.04 (hardy) Firefox/3.0.3"
84.190.37.8 - - [30/Sep/2008:17:13:20 +0200] "GET /frame-inhalt.html HTTP/1.1" 200 5418 "http://www.various-euro.com/framez.html" "Mozilla/5.0 (X11; U; Linux i686; de; rv:1.9.0.3) Gecko/2008092510 Ubuntu/8.04 (hardy) Firefox/3.0.3"
84.190.37.8 - - [30/Sep/2008:17:13:20 +0200] "GET /frame-unten.html HTTP/1.1" 200 5308 "http://www.various-euro.com/framez.html" "Mozilla/5.0 (X11; U; Linux i686; de; rv:1.9.0.3) Gecko/2008092510 Ubuntu/8.04 (hardy) Firefox/3.0.3"
84.190.37.8 - - [30/Sep/2008:17:13:20 +0200] "GET /bannerz/neon_click_3.gif HTTP/1.1" 200 240 "http://www.various-euro.com/frame-inhalt.html" "Mozilla/5.0 (X11; U; Linux i686; de; rv:1.9.0.3) Gecko/2008092510 Ubuntu/8.04 (hardy) Firefox/3.0.3"
84.190.37.8 - - [30/Sep/2008:17:13:20 +0200] "GET /bannerz/neon_click_2.gif HTTP/1.1" 200 387 "http://www.various-euro.com/frame-inhalt.html" "Mozilla/5.0 (X11; U; Linux i686; de; rv:1.9.0.3) Gecko/2008092510 Ubuntu/8.04 (hardy) Firefox/3.0.3"
84.190.37.8 - - [30/Sep/2008:17:13:20 +0200] "GET /bannerz/douwil.gif HTTP/1.1" 200 528 "http://www.various-euro.com/frame-inhalt.html" "Mozilla/5.0 (X11; U; Linux i686; de; rv:1.9.0.3) Gecko/2008092510 Ubuntu/8.04 (hardy) Firefox/3.0.3"
84.190.37.8 - - [30/Sep/2008:17:13:20 +0200] "GET /eurosign3.gif HTTP/1.1" 200 7879 "http://www.various-euro.com/frame-inhalt.html" "Mozilla/5.0 (X11; U; Linux i686; de; rv:1.9.0.3) Gecko/2008092510 Ubuntu/8.04 (hardy) Firefox/3.0.3"
84.190.37.8 - - [30/Sep/2008:17:13:20 +0200] "GET /bannerz/neon_click_1.gif HTTP/1.1" 200 890 "http://www.various-euro.com/frame-inhalt.html" "Mozilla/5.0 (X11; U; Linux i686; de; rv:1.9.0.3) Gecko/2008092510 Ubuntu/8.04 (hardy) Firefox/3.0.3"
84.190.37.8 - - [30/Sep/2008:17:13:20 +0200] "GET /bannerz/wet.gif HTTP/1.1" 200 18561 "http://www.various-euro.com/frame-inhalt.html" "Mozilla/5.0 (X11; U; Linux i686; de; rv:1.9.0.3) Gecko/2008092510 Ubuntu/8.04 (hardy) Firefox/3.0.3"
84.190.37.8 - - [30/Sep/2008:17:13:20 +0200] "GET /bannerz/anti_black_small.gif HTTP/1.1" 200 1009 "http://www.various-euro.com/frame-inhalt.html" "Mozilla/5.0 (X11; U; Linux i686; de; rv:1.9.0.3) Gecko/2008092510 Ubuntu/8.04 (hardy) Firefox/3.0.3"
84.190.37.8 - - [30/Sep/2008:17:13:20 +0200] "GET /bannerz/copyleft_black_small.gif HTTP/1.1" 200 1231 "http://www.various-euro.com/frame-inhalt.html" "Mozilla/5.0 (X11; U; Linux i686; de; rv:1.9.0.3) Gecko/2008092510 Ubuntu/8.04 (hardy) Firefox/3.0.3"
84.190.37.8 - - [30/Sep/2008:17:13:20 +0200] "GET /bannerz/google/Logo_40blk.gif HTTP/1.1" 200 2308 "http://www.various-euro.com/frame-inhalt.html" "Mozilla/5.0 (X11; U; Linux i686; de; rv:1.9.0.3) Gecko/2008092510 Ubuntu/8.04 (hardy) Firefox/3.0.3"
84.190.37.8 - - [30/Sep/2008:17:13:20 +0200] "GET /bannerz/goolag_468.jpg HTTP/1.1" 200 28285 "http://www.various-euro.com/frame-inhalt.html" "Mozilla/5.0 (X11; U; Linux i686; de; rv:1.9.0.3) Gecko/2008092510 Ubuntu/8.04 (hardy) Firefox/3.0.3"
84.190.37.8 - - [30/Sep/2008:17:13:20 +0200] "GET /bannerz/ve.jpg HTTP/1.1" 200 36912 "http://www.various-euro.com/frame-unten.html" "Mozilla/5.0 (X11; U; Linux i686; de; rv:1.9.0.3) Gecko/2008092510 Ubuntu/8.04 (hardy) Firefox/3.0.3"
84.190.37.8 - - [30/Sep/2008:17:13:20 +0200] "GET /bannerz/various-euro-girl.jpg HTTP/1.1" 200 91514 "http://www.various-euro.com/frame-unten.html" "Mozilla/5.0 (X11; U; Linux i686; de; rv:1.9.0.3) Gecko/2008092510 Ubuntu/8.04 (hardy) Firefox/3.0.3"
84.190.37.8 - - [30/Sep/2008:17:13:30 +0200] "GET /stats HTTP/1.1" 401 1227 "-" "Mozilla/5.0 (X11; U; Linux i686; de; rv:1.9.0.3) Gecko/2008092510 Ubuntu/8.04 (hardy) Firefox/3.0.3"
84.190.37.8 - various-euro [30/Sep/2008:17:14:08 +0200] "GET /stats HTTP/1.1" 301 367 "-" "Mozilla/5.0 (X11; U; Linux i686; de; rv:1.9.0.3) Gecko/2008092510 Ubuntu/8.04 (hardy) Firefox/3.0.3"
84.190.37.8 - various-euro [30/Sep/2008:17:14:08 +0200] "GET /stats/ HTTP/1.1" 200 9507 "-" "Mozilla/5.0 (X11; U; Linux i686; de; rv:1.9.0.3) Gecko/2008092510 Ubuntu/8.04 (hardy) Firefox/3.0.3"
84.190.37.8 - various-euro [30/Sep/2008:17:14:08 +0200] "GET /stats/usage.png HTTP/1.1" 200 2949 "http://various-euro.com/stats/" "Mozilla/5.0 (X11; U; Linux i686; de; rv:1.9.0.3) Gecko/2008092510 Ubuntu/8.04 (hardy) Firefox/3.0.3"
84.190.37.8 - various-euro [30/Sep/2008:17:14:08 +0200] "GET /favicon.ico HTTP/1.1" 404 2748 "-" "Mozilla/5.0 (X11; U; Linux i686; de; rv:1.9.0.3) Gecko/2008092510 Ubuntu/8.04 (hardy) Firefox/3.0.3"
84.190.37.8 - various-euro [30/Sep/2008:17:14:11 +0200] "GET /favicon.ico HTTP/1.1" 404 2748 "-" "Mozilla/5.0 (X11; U; Linux i686; de; rv:1.9.0.3) Gecko/2008092510 Ubuntu/8.04 (hardy) Firefox/3.0.3"
84.190.37.8 - various-euro [30/Sep/2008:17:14:23 +0200] "GET /stats/daily_usage_200809.png HTTP/1.1" 200 4214 "http://various-euro.com/stats/usage_200809.html" "Mozilla/5.0 (X11; U; Linux i686; de; rv:1.9.0.3) Gecko/2008092510 Ubuntu/8.04 (hardy) Firefox/3.0.3"
84.190.37.8 - various-euro [30/Sep/2008:17:14:22 +0200] "GET /stats/usage_200809.html HTTP/1.1" 200 165263 "http://various-euro.com/stats/" "Mozilla/5.0 (X11; U; Linux i686; de; rv:1.9.0.3) Gecko/2008092510 Ubuntu/8.04 (hardy) Firefox/3.0.3"
84.190.37.8 - various-euro [30/Sep/2008:17:14:23 +0200] "GET /stats/hourly_usage_200809.png HTTP/1.1" 200 2246 "http://various-euro.com/stats/usage_200809.html" "Mozilla/5.0 (X11; U; Linux i686; de; rv:1.9.0.3) Gecko/2008092510 Ubuntu/8.04 (hardy) Firefox/3.0.3"
84.190.37.8 - various-euro [30/Sep/2008:17:14:23 +0200] "GET /stats/ctry_usage_200809.png HTTP/1.1" 200 5566 "http://various-euro.com/stats/usage_200809.html" "Mozilla/5.0 (X11; U; Linux i686; de; rv:1.9.0.3) Gecko/2008092510 Ubuntu/8.04 (hardy) Firefox/3.0.3"
82.99.30.13 - - [30/Sep/2008:17:18:23 +0200] "GET /logs/daily_usage_200703.png HTTP/1.0" 200 4092 "http://www.munax.com/referer.htm" "Mozilla/4.0 (compatible; MSIE 6.0; Windows NT 5.1)"
82.99.30.13 - - [30/Sep/2008:17:18:23 +0200] "GET /logs/ctry_usage_200703.png HTTP/1.0" 200 5502 "http://www.munax.com/referer.htm" "Mozilla/4.0 (compatible; MSIE 6.0; Windows NT 5.1)"
82.99.30.13 - - [30/Sep/2008:17:18:23 +0200] "GET /logs/hourly_usage_200703.png HTTP/1.0" 200 2149 "http://www.munax.com/referer.htm" "Mozilla/4.0 (compatible; MSIE 6.0; Windows NT 5.1)"
84.190.37.8 - - [30/Sep/2008:17:53:14 +0200] "GET /f-channel1.html HTTP/1.1" 200 5713 "http://www.various-euro.com/frame-menu.html" "Mozilla/5.0 (X11; U; Linux i686; de; rv:1.9.0.3) Gecko/2008092510 Ubuntu/8.04 (hardy) Firefox/3.0.3"
84.190.37.8 - - [30/Sep/2008:17:55:53 +0200] "GET /framez.html HTTP/1.1" 200 3959 "http://www.various-euro.com/framez_0.html" "Mozilla/5.0 (X11; U; Linux i686; de; rv:1.9.0.3) Gecko/2008092510 Ubuntu/8.04 (hardy) Firefox/3.0.3"
84.190.37.8 - - [30/Sep/2008:17:55:54 +0200] "GET /frame-menu.html HTTP/1.1" 200 10536 "http://www.various-euro.com/framez.html" "Mozilla/5.0 (X11; U; Linux i686; de; rv:1.9.0.3) Gecko/2008092510 Ubuntu/8.04 (hardy) Firefox/3.0.3"
84.190.37.8 - - [30/Sep/2008:17:55:54 +0200] "GET /style/various-euro.css HTTP/1.1" 304 - "http://www.various-euro.com/framez.html" "Mozilla/5.0 (X11; U; Linux i686; de; rv:1.9.0.3) Gecko/2008092510 Ubuntu/8.04 (hardy) Firefox/3.0.3"
84.190.37.8 - - [30/Sep/2008:17:55:54 +0200] "GET /frame-inhalt.html HTTP/1.1" 200 5418 "http://www.various-euro.com/framez.html" "Mozilla/5.0 (X11; U; Linux i686; de; rv:1.9.0.3) Gecko/2008092510 Ubuntu/8.04 (hardy) Firefox/3.0.3"
84.190.37.8 - - [30/Sep/2008:17:55:54 +0200] "GET /frame-unten.html HTTP/1.1" 200 5308 "http://www.various-euro.com/framez.html" "Mozilla/5.0 (X11; U; Linux i686; de; rv:1.9.0.3) Gecko/2008092510 Ubuntu/8.04 (hardy) Firefox/3.0.3"
84.190.37.8 - - [30/Sep/2008:17:55:56 +0200] "GET /f-channel1.html HTTP/1.1" 200 5925 "http://www.various-euro.com/frame-menu.html" "Mozilla/5.0 (X11; U; Linux i686; de; rv:1.9.0.3) Gecko/2008092510 Ubuntu/8.04 (hardy) Firefox/3.0.3"
84.190.37.8 - - [30/Sep/2008:17:56:06 +0200] "GET /frame-menu.html HTTP/1.1" 200 10536 "http://www.various-euro.com/framez.html" "Mozilla/5.0 (X11; U; Linux i686; de; rv:1.9.0.3) Gecko/2008092510 Ubuntu/8.04 (hardy) Firefox/3.0.3"
84.190.37.8 - - [30/Sep/2008:17:56:06 +0200] "GET /f-channel1.html HTTP/1.1" 200 5925 "http://www.various-euro.com/frame-menu.html" "Mozilla/5.0 (X11; U; Linux i686; de; rv:1.9.0.3) Gecko/2008092510 Ubuntu/8.04 (hardy) Firefox/3.0.3"
84.190.37.8 - - [30/Sep/2008:17:56:06 +0200] "GET /frame-unten.html HTTP/1.1" 200 5308 "http://www.various-euro.com/framez.html" "Mozilla/5.0 (X11; U; Linux i686; de; rv:1.9.0.3) Gecko/2008092510 Ubuntu/8.04 (hardy) Firefox/3.0.3"
84.190.37.8 - - [30/Sep/2008:17:56:06 +0200] "GET /style/various-euro.css HTTP/1.1" 304 - "http://www.various-euro.com/frame-menu.html" "Mozilla/5.0 (X11; U; Linux i686; de; rv:1.9.0.3) Gecko/2008092510 Ubuntu/8.04 (hardy) Firefox/3.0.3"
84.190.37.8 - - [30/Sep/2008:17:56:06 +0200] "GET /bannerz/ve.jpg HTTP/1.1" 304 - "http://www.various-euro.com/frame-unten.html" "Mozilla/5.0 (X11; U; Linux i686; de; rv:1.9.0.3) Gecko/2008092510 Ubuntu/8.04 (hardy) Firefox/3.0.3"
84.190.37.8 - - [30/Sep/2008:17:56:06 +0200] "GET /bannerz/various-euro-girl.jpg HTTP/1.1" 304 - "http://www.various-euro.com/frame-unten.html" "Mozilla/5.0 (X11; U; Linux i686; de; rv:1.9.0.3) Gecko/2008092510 Ubuntu/8.04 (hardy) Firefox/3.0.3"
84.190.37.8 - - [30/Sep/2008:18:00:02 +0200] "GET / HTTP/1.1" 200 7869 "-" "Mozilla/5.0 (X11; U; Linux i686; de; rv:1.9.0.3) Gecko/2008092510 Ubuntu/8.04 (hardy) Firefox/3.0.3"
84.190.37.8 - - [30/Sep/2008:18:00:02 +0200] "GET /ve-icon-2.ico HTTP/1.1" 200 2238 "-" "Mozilla/5.0 (X11; U; Linux i686; de; rv:1.9.0.3) Gecko/2008092510 Ubuntu/8.04 (hardy) Firefox/3.0.3"
84.190.37.8 - - [30/Sep/2008:18:00:02 +0200] "GET /style/various-euro.css HTTP/1.1" 200 3437 "http://various-euro.com/" "Mozilla/5.0 (X11; U; Linux i686; de; rv:1.9.0.3) Gecko/2008092510 Ubuntu/8.04 (hardy) Firefox/3.0.3"
84.190.37.8 - - [30/Sep/2008:18:00:02 +0200] "GET /framez_0.html HTTP/1.1" 200 12444 "http://various-euro.com/" "Mozilla/5.0 (X11; U; Linux i686; de; rv:1.9.0.3) Gecko/2008092510 Ubuntu/8.04 (hardy) Firefox/3.0.3"
84.190.37.8 - - [30/Sep/2008:18:00:04 +0200] "GET /framez.html HTTP/1.1" 200 3959 "http://various-euro.com/framez_0.html" "Mozilla/5.0 (X11; U; Linux i686; de; rv:1.9.0.3) Gecko/2008092510 Ubuntu/8.04 (hardy) Firefox/3.0.3"
84.190.37.8 - - [30/Sep/2008:18:00:04 +0200] "GET /frame-menu.html HTTP/1.1" 200 10536 "http://various-euro.com/framez.html" "Mozilla/5.0 (X11; U; Linux i686; de; rv:1.9.0.3) Gecko/2008092510 Ubuntu/8.04 (hardy) Firefox/3.0.3"
84.190.37.8 - - [30/Sep/2008:18:00:04 +0200] "GET /frame-inhalt.html HTTP/1.1" 200 5418 "http://various-euro.com/framez.html" "Mozilla/5.0 (X11; U; Linux i686; de; rv:1.9.0.3) Gecko/2008092510 Ubuntu/8.04 (hardy) Firefox/3.0.3"
84.190.37.8 - - [30/Sep/2008:18:00:04 +0200] "GET /frame-unten.html HTTP/1.1" 200 5308 "http://various-euro.com/framez.html" "Mozilla/5.0 (X11; U; Linux i686; de; rv:1.9.0.3) Gecko/2008092510 Ubuntu/8.04 (hardy) Firefox/3.0.3"
84.190.37.8 - - [30/Sep/2008:18:00:04 +0200] "GET /bannerz/neon_click_3.gif HTTP/1.1" 200 240 "http://various-euro.com/frame-inhalt.html" "Mozilla/5.0 (X11; U; Linux i686; de; rv:1.9.0.3) Gecko/2008092510 Ubuntu/8.04 (hardy) Firefox/3.0.3"
84.190.37.8 - - [30/Sep/2008:18:00:04 +0200] "GET /bannerz/neon_click_2.gif HTTP/1.1" 200 387 "http://various-euro.com/frame-inhalt.html" "Mozilla/5.0 (X11; U; Linux i686; de; rv:1.9.0.3) Gecko/2008092510 Ubuntu/8.04 (hardy) Firefox/3.0.3"
84.190.37.8 - - [30/Sep/2008:18:00:04 +0200] "GET /eurosign3.gif HTTP/1.1" 200 7879 "http://various-euro.com/frame-inhalt.html" "Mozilla/5.0 (X11; U; Linux i686; de; rv:1.9.0.3) Gecko/2008092510 Ubuntu/8.04 (hardy) Firefox/3.0.3"
84.190.37.8 - - [30/Sep/2008:18:00:04 +0200] "GET /bannerz/neon_click_1.gif HTTP/1.1" 200 890 "http://various-euro.com/frame-inhalt.html" "Mozilla/5.0 (X11; U; Linux i686; de; rv:1.9.0.3) Gecko/2008092510 Ubuntu/8.04 (hardy) Firefox/3.0.3"
84.190.37.8 - - [30/Sep/2008:18:00:04 +0200] "GET /bannerz/wet.gif HTTP/1.1" 200 18561 "http://various-euro.com/frame-inhalt.html" "Mozilla/5.0 (X11; U; Linux i686; de; rv:1.9.0.3) Gecko/2008092510 Ubuntu/8.04 (hardy) Firefox/3.0.3"
84.190.37.8 - - [30/Sep/2008:18:00:04 +0200] "GET /bannerz/douwil.gif HTTP/1.1" 200 528 "http://various-euro.com/frame-inhalt.html" "Mozilla/5.0 (X11; U; Linux i686; de; rv:1.9.0.3) Gecko/2008092510 Ubuntu/8.04 (hardy) Firefox/3.0.3"
84.190.37.8 - - [30/Sep/2008:18:00:04 +0200] "GET /bannerz/anti_black_small.gif HTTP/1.1" 200 1009 "http://various-euro.com/frame-inhalt.html" "Mozilla/5.0 (X11; U; Linux i686; de; rv:1.9.0.3) Gecko/2008092510 Ubuntu/8.04 (hardy) Firefox/3.0.3"
84.190.37.8 - - [30/Sep/2008:18:00:04 +0200] "GET /bannerz/copyleft_black_small.gif HTTP/1.1" 200 1231 "http://various-euro.com/frame-inhalt.html" "Mozilla/5.0 (X11; U; Linux i686; de; rv:1.9.0.3) Gecko/2008092510 Ubuntu/8.04 (hardy) Firefox/3.0.3"
84.190.37.8 - - [30/Sep/2008:18:00:04 +0200] "GET /bannerz/google/Logo_40blk.gif HTTP/1.1" 200 2308 "http://various-euro.com/frame-inhalt.html" "Mozilla/5.0 (X11; U; Linux i686; de; rv:1.9.0.3) Gecko/2008092510 Ubuntu/8.04 (hardy) Firefox/3.0.3"
84.190.37.8 - - [30/Sep/2008:18:00:04 +0200] "GET /bannerz/ve.jpg HTTP/1.1" 200 36912 "http://various-euro.com/frame-unten.html" "Mozilla/5.0 (X11; U; Linux i686; de; rv:1.9.0.3) Gecko/2008092510 Ubuntu/8.04 (hardy) Firefox/3.0.3"
84.190.37.8 - - [30/Sep/2008:18:00:04 +0200] "GET /bannerz/goolag_468.jpg HTTP/1.1" 200 28285 "http://various-euro.com/frame-inhalt.html" "Mozilla/5.0 (X11; U; Linux i686; de; rv:1.9.0.3) Gecko/2008092510 Ubuntu/8.04 (hardy) Firefox/3.0.3"
84.190.37.8 - - [30/Sep/2008:18:00:04 +0200] "GET /bannerz/various-euro-girl.jpg HTTP/1.1" 200 91514 "http://various-euro.com/frame-unten.html" "Mozilla/5.0 (X11; U; Linux i686; de; rv:1.9.0.3) Gecko/2008092510 Ubuntu/8.04 (hardy) Firefox/3.0.3"
84.190.37.8 - - [30/Sep/2008:18:00:07 +0200] "GET /f-channel1.html HTTP/1.1" 200 5937 "http://various-euro.com/frame-menu.html" "Mozilla/5.0 (X11; U; Linux i686; de; rv:1.9.0.3) Gecko/2008092510 Ubuntu/8.04 (hardy) Firefox/3.0.3"
84.190.37.8 - - [30/Sep/2008:18:00:53 +0200] "GET /framez.html HTTP/1.1" 200 3959 "http://various-euro.com/framez_0.html" "Mozilla/5.0 (X11; U; Linux i686; de; rv:1.9.0.3) Gecko/2008092510 Ubuntu/8.04 (hardy) Firefox/3.0.3"
84.190.37.8 - - [30/Sep/2008:18:00:53 +0200] "GET /frame-menu.html HTTP/1.1" 200 10536 "http://various-euro.com/framez.html" "Mozilla/5.0 (X11; U; Linux i686; de; rv:1.9.0.3) Gecko/2008092510 Ubuntu/8.04 (hardy) Firefox/3.0.3"
84.190.37.8 - - [30/Sep/2008:18:00:53 +0200] "GET /style/various-euro.css HTTP/1.1" 200 3437 "http://various-euro.com/framez.html" "Mozilla/5.0 (X11; U; Linux i686; de; rv:1.9.0.3) Gecko/2008092510 Ubuntu/8.04 (hardy) Firefox/3.0.3"
84.190.37.8 - - [30/Sep/2008:18:00:53 +0200] "GET /frame-inhalt.html HTTP/1.1" 200 5418 "http://various-euro.com/framez.html" "Mozilla/5.0 (X11; U; Linux i686; de; rv:1.9.0.3) Gecko/2008092510 Ubuntu/8.04 (hardy) Firefox/3.0.3"
84.190.37.8 - - [30/Sep/2008:18:00:53 +0200] "GET /frame-unten.html HTTP/1.1" 200 5308 "http://various-euro.com/framez.html" "Mozilla/5.0 (X11; U; Linux i686; de; rv:1.9.0.3) Gecko/2008092510 Ubuntu/8.04 (hardy) Firefox/3.0.3"
84.190.37.8 - - [30/Sep/2008:18:00:56 +0200] "GET /f-channel1.html HTTP/1.1" 200 5932 "http://various-euro.com/frame-menu.html" "Mozilla/5.0 (X11; U; Linux i686; de; rv:1.9.0.3) Gecko/2008092510 Ubuntu/8.04 (hardy) Firefox/3.0.3"
84.190.37.8 - - [30/Sep/2008:18:01:41 +0200] "GET /framez.html HTTP/1.1" 200 3959 "http://various-euro.com/framez_0.html" "Mozilla/5.0 (X11; U; Linux i686; de; rv:1.9.0.3) Gecko/2008092510 Ubuntu/8.04 (hardy) Firefox/3.0.3"
84.190.37.8 - - [30/Sep/2008:18:01:41 +0200] "GET /frame-menu.html HTTP/1.1" 200 10536 "http://various-euro.com/framez.html" "Mozilla/5.0 (X11; U; Linux i686; de; rv:1.9.0.3) Gecko/2008092510 Ubuntu/8.04 (hardy) Firefox/3.0.3"
84.190.37.8 - - [30/Sep/2008:18:01:41 +0200] "GET /style/various-euro.css HTTP/1.1" 200 3437 "http://various-euro.com/framez.html" "Mozilla/5.0 (X11; U; Linux i686; de; rv:1.9.0.3) Gecko/2008092510 Ubuntu/8.04 (hardy) Firefox/3.0.3"
84.190.37.8 - - [30/Sep/2008:18:01:41 +0200] "GET /frame-inhalt.html HTTP/1.1" 200 5418 "http://various-euro.com/framez.html" "Mozilla/5.0 (X11; U; Linux i686; de; rv:1.9.0.3) Gecko/2008092510 Ubuntu/8.04 (hardy) Firefox/3.0.3"
84.190.37.8 - - [30/Sep/2008:18:01:41 +0200] "GET /frame-unten.html HTTP/1.1" 200 5308 "http://various-euro.com/framez.html" "Mozilla/5.0 (X11; U; Linux i686; de; rv:1.9.0.3) Gecko/2008092510 Ubuntu/8.04 (hardy) Firefox/3.0.3"
84.190.37.8 - - [30/Sep/2008:18:01:45 +0200] "GET /f-channel1.html HTTP/1.1" 200 5932 "http://various-euro.com/frame-menu.html" "Mozilla/5.0 (X11; U; Linux i686; de; rv:1.9.0.3) Gecko/2008092510 Ubuntu/8.04 (hardy) Firefox/3.0.3"
67.195.37.107 - - [30/Sep/2008:18:04:35 +0200] "GET /robots.txt HTTP/1.0" 200 64 "-" "Mozilla/5.0 (compatible; Yahoo! Slurp; http://help.yahoo.com/help/us/ysearch/slurp)"
67.195.37.107 - - [30/Sep/2008:18:04:40 +0200] "GET / HTTP/1.0" 200 7869 "-" "Mozilla/5.0 (compatible; Yahoo! Slurp; http://help.yahoo.com/help/us/ysearch/slurp)"
84.190.37.8 - - [30/Sep/2008:18:06:34 +0200] "GET /framez.html HTTP/1.1" 200 3959 "http://various-euro.com/framez_0.html" "Mozilla/5.0 (X11; U; Linux i686; de; rv:1.9.0.3) Gecko/2008092510 Ubuntu/8.04 (hardy) Firefox/3.0.3"
84.190.37.8 - - [30/Sep/2008:18:06:34 +0200] "GET /frame-menu.html HTTP/1.1" 200 10536 "http://various-euro.com/framez.html" "Mozilla/5.0 (X11; U; Linux i686; de; rv:1.9.0.3) Gecko/2008092510 Ubuntu/8.04 (hardy) Firefox/3.0.3"
84.190.37.8 - - [30/Sep/2008:18:06:34 +0200] "GET /style/various-euro.css HTTP/1.1" 200 3437 "http://various-euro.com/framez.html" "Mozilla/5.0 (X11; U; Linux i686; de; rv:1.9.0.3) Gecko/2008092510 Ubuntu/8.04 (hardy) Firefox/3.0.3"
84.190.37.8 - - [30/Sep/2008:18:06:35 +0200] "GET /frame-inhalt.html HTTP/1.1" 200 5418 "http://various-euro.com/framez.html" "Mozilla/5.0 (X11; U; Linux i686; de; rv:1.9.0.3) Gecko/2008092510 Ubuntu/8.04 (hardy) Firefox/3.0.3"
84.190.37.8 - - [30/Sep/2008:18:06:35 +0200] "GET /frame-unten.html HTTP/1.1" 200 5308 "http://various-euro.com/framez.html" "Mozilla/5.0 (X11; U; Linux i686; de; rv:1.9.0.3) Gecko/2008092510 Ubuntu/8.04 (hardy) Firefox/3.0.3"
84.190.37.8 - - [30/Sep/2008:18:06:42 +0200] "GET /f-channel1.html HTTP/1.1" 200 5932 "http://various-euro.com/frame-menu.html" "Mozilla/5.0 (X11; U; Linux i686; de; rv:1.9.0.3) Gecko/2008092510 Ubuntu/8.04 (hardy) Firefox/3.0.3"
84.190.37.8 - - [30/Sep/2008:18:06:50 +0200] "GET /ve-icon-2.ico HTTP/1.1" 200 2238 "-" "Mozilla/5.0 (X11; U; Linux i686; de; rv:1.9.0.3) Gecko/2008092510 Ubuntu/8.04 (hardy) Firefox/3.0.3"
84.190.37.8 - - [30/Sep/2008:18:06:52 +0200] "GET /framez.html HTTP/1.1" 200 3959 "http://various-euro.com/framez_0.html" "Mozilla/5.0 (X11; U; Linux i686; de; rv:1.9.0.3) Gecko/2008092510 Ubuntu/8.04 (hardy) Firefox/3.0.3"
84.190.37.8 - - [30/Sep/2008:18:06:53 +0200] "GET /frame-menu.html HTTP/1.1" 200 10536 "http://various-euro.com/framez.html" "Mozilla/5.0 (X11; U; Linux i686; de; rv:1.9.0.3) Gecko/2008092510 Ubuntu/8.04 (hardy) Firefox/3.0.3"
