74.6.17.176 - - [09/Sep/2008:04:10:32 +0200] "GET /zampa/robots.txt HTTP/1.0" 404 2748 "-" "Mozilla/5.0 (compatible; Yahoo! Slurp; http://help.yahoo.com/help/us/ysearch/slurp)"
74.6.17.176 - - [09/Sep/2008:04:10:33 +0200] "GET / HTTP/1.0" 302 353 "-" "Mozilla/5.0 (compatible; Yahoo! Slurp; http://help.yahoo.com/help/us/ysearch/slurp)"
74.6.22.174 - - [09/Sep/2008:04:10:34 +0200] "GET /zampa/ HTTP/1.0" 200 7153 "-" "Mozilla/5.0 (compatible; Yahoo! Slurp; http://help.yahoo.com/help/us/ysearch/slurp)"
77.91.224.4 - - [09/Sep/2008:04:14:26 +0200] "GET /robots.txt HTTP/1.1" 200 64 "-" "WebAlta Crawler/2.0 (http://www.webalta.net/ru/about_webmaster.html) (Windows; U; Windows NT 5.1; ru-RU)"
77.91.224.4 - - [09/Sep/2008:04:14:26 +0200] "GET /framez-rez.html HTTP/1.1" 200 4323 "-" "WebAlta Crawler/2.0 (http://www.webalta.net/ru/about_webmaster.html) (Windows; U; Windows NT 5.1; ru-RU)"
65.55.211.167 - - [09/Sep/2008:04:43:32 +0200] "GET /robots.txt HTTP/1.1" 200 64 "-" "msnbot/1.1 (+http://search.msn.com/msnbot.htm)"
65.55.211.167 - - [09/Sep/2008:04:43:32 +0200] "GET /f-bannnerz.html HTTP/1.1" 200 12651 "-" "msnbot/1.1 (+http://search.msn.com/msnbot.htm)"
208.66.193.164 - - [09/Sep/2008:05:08:12 +0200] "GET / HTTP/1.1" 200 7869 "-" "WebAlta Crawler/2.0 (http://www.webalta.net/ru/about_webmaster.html) (Windows; U; Windows NT 5.1; ru-RU)"
65.55.109.178 - - [09/Sep/2008:05:20:28 +0200] "GET /framez-rez.html HTTP/1.0" 200 4323 "http://search.live.com/results.aspx?q=various" "Mozilla/4.0 (compatible; MSIE 6.0; Windows NT 5.2; SV1; .NET CLR 1.1.4322)"
65.55.109.178 - - [09/Sep/2008:05:20:29 +0200] "GET /f-rez.html HTTP/1.0" 200 9765 "http://www.various-euro.com/framez-rez.html" "Mozilla/4.0 (compatible; MSIE 6.0; Windows NT 5.2; SV1; .NET CLR 1.1.4322)"
65.55.109.178 - - [09/Sep/2008:05:20:29 +0200] "GET /frame-menu.html HTTP/1.0" 200 10536 "http://www.various-euro.com/framez-rez.html" "Mozilla/4.0 (compatible; MSIE 6.0; Windows NT 5.2; SV1; .NET CLR 1.1.4322)"
65.55.109.178 - - [09/Sep/2008:05:20:29 +0200] "GET /frame-unten.html HTTP/1.0" 200 5308 "http://www.various-euro.com/framez-rez.html" "Mozilla/4.0 (compatible; MSIE 6.0; Windows NT 5.2; SV1; .NET CLR 1.1.4322)"
65.55.109.178 - - [09/Sep/2008:05:20:29 +0200] "GET /style/various-euro.css HTTP/1.0" 200 3437 "http://www.various-euro.com/frame-menu.html" "Mozilla/4.0 (compatible; MSIE 6.0; Windows NT 5.2; SV1; .NET CLR 1.1.4322)"
65.55.211.175 - - [09/Sep/2008:05:28:33 +0200] "GET /robots.txt HTTP/1.1" 200 64 "-" "msnbot/1.1 (+http://search.msn.com/msnbot.htm)"
65.55.211.175 - - [09/Sep/2008:05:28:33 +0200] "GET /3dsf3/sendi/sacrifice.html HTTP/1.1" 200 1309 "-" "msnbot/1.1 (+http://search.msn.com/msnbot.htm)"
65.55.211.171 - - [09/Sep/2008:05:35:22 +0200] "GET /robots.txt HTTP/1.1" 200 64 "-" "msnbot/1.1 (+http://search.msn.com/msnbot.htm)"
65.55.211.171 - - [09/Sep/2008:05:35:22 +0200] "GET /zampa/montenegro/BATAW.html HTTP/1.1" 200 860 "-" "msnbot/1.1 (+http://search.msn.com/msnbot.htm)"
65.55.211.164 - - [09/Sep/2008:05:43:02 +0200] "GET /robots.txt HTTP/1.1" 200 64 "-" "msnbot/1.1 (+http://search.msn.com/msnbot.htm)"
65.55.211.164 - - [09/Sep/2008:05:43:02 +0200] "GET /zampa/montenegro/contributions.html HTTP/1.1" 200 18843 "-" "msnbot/1.1 (+http://search.msn.com/msnbot.htm)"
69.59.28.197 - - [09/Sep/2008:06:14:44 +0200] "GET / HTTP/1.0" 302 353 "http://www.sitedossier.com/site/zampa.various-euro.com" "-"
74.6.22.174 - - [09/Sep/2008:06:37:24 +0200] "GET /sendi-agent/interfiction-sendi.mpg HTTP/1.0" 404 2748 "-" "Mozilla/5.0 (compatible; Yahoo! Slurp; http://help.yahoo.com/help/us/ysearch/slurp)"
65.55.211.165 - - [09/Sep/2008:07:01:19 +0200] "GET /f-rez.html HTTP/1.1" 200 9765 "-" "msnbot/1.1 (+http://search.msn.com/msnbot.htm)"
65.55.211.168 - - [09/Sep/2008:07:05:43 +0200] "GET /3dsf3/sendi/sendisendi.html HTTP/1.1" 200 5118 "-" "msnbot/1.1 (+http://search.msn.com/msnbot.htm)"
65.55.211.171 - - [09/Sep/2008:08:27:15 +0200] "GET /schubb/schubb-3.html HTTP/1.1" 200 17546 "-" "msnbot/1.1 (+http://search.msn.com/msnbot.htm)"
64.9.238.246 - - [09/Sep/2008:08:29:06 +0200] "GET /framez-zampa-lovers.html HTTP/1.1" 200 4322 "http://www.google.com/search?q=%22o+jagodama+i+krvi%22&ie=utf-8&oe=utf-8&rls=org.mozilla:en-US:official&client=firefox-a" "Mozilla/5.0 (X11; U; FreeBSD i386; en-US; rv:1.8.1) Gecko/20061027 Firefox/2.0"
64.9.238.246 - - [09/Sep/2008:08:29:06 +0200] "GET /frame-menu.html HTTP/1.1" 200 10536 "http://www.various-euro.com/framez-zampa-lovers.html" "Mozilla/5.0 (X11; U; FreeBSD i386; en-US; rv:1.8.1) Gecko/20061027 Firefox/2.0"
64.9.238.246 - - [09/Sep/2008:08:29:07 +0200] "GET /zampa-lovers/index.html HTTP/1.1" 200 37790 "http://www.various-euro.com/framez-zampa-lovers.html" "Mozilla/5.0 (X11; U; FreeBSD i386; en-US; rv:1.8.1) Gecko/20061027 Firefox/2.0"
64.9.238.246 - - [09/Sep/2008:08:29:08 +0200] "GET /frame-unten.html HTTP/1.1" 200 5308 "http://www.various-euro.com/framez-zampa-lovers.html" "Mozilla/5.0 (X11; U; FreeBSD i386; en-US; rv:1.8.1) Gecko/20061027 Firefox/2.0"
64.9.238.246 - - [09/Sep/2008:08:29:08 +0200] "GET /style/various-euro.css HTTP/1.1" 200 3437 "http://www.various-euro.com/frame-menu.html" "Mozilla/5.0 (X11; U; FreeBSD i386; en-US; rv:1.8.1) Gecko/20061027 Firefox/2.0"
64.9.238.246 - - [09/Sep/2008:08:29:08 +0200] "GET /zampa-lovers/DRAGAN_Z.JPG HTTP/1.1" 200 6850 "http://www.various-euro.com/zampa-lovers/index.html" "Mozilla/5.0 (X11; U; FreeBSD i386; en-US; rv:1.8.1) Gecko/20061027 Firefox/2.0"
64.9.238.246 - - [09/Sep/2008:08:29:08 +0200] "GET /zampa-lovers/MILIZA_2.JPG HTTP/1.1" 200 22172 "http://www.various-euro.com/zampa-lovers/index.html" "Mozilla/5.0 (X11; U; FreeBSD i386; en-US; rv:1.8.1) Gecko/20061027 Firefox/2.0"
64.9.238.246 - - [09/Sep/2008:08:29:08 +0200] "GET /zampa-lovers/MILIZA_B.JPG HTTP/1.1" 200 10947 "http://www.various-euro.com/zampa-lovers/index.html" "Mozilla/5.0 (X11; U; FreeBSD i386; en-US; rv:1.8.1) Gecko/20061027 Firefox/2.0"
64.9.238.246 - - [09/Sep/2008:08:29:09 +0200] "GET /zampa-lovers/MILIZA_4.JPG HTTP/1.1" 200 9946 "http://www.various-euro.com/zampa-lovers/index.html" "Mozilla/5.0 (X11; U; FreeBSD i386; en-US; rv:1.8.1) Gecko/20061027 Firefox/2.0"
64.9.238.246 - - [09/Sep/2008:08:29:08 +0200] "GET /zampa-lovers/MILIZA_3.JPG HTTP/1.1" 200 26924 "http://www.various-euro.com/zampa-lovers/index.html" "Mozilla/5.0 (X11; U; FreeBSD i386; en-US; rv:1.8.1) Gecko/20061027 Firefox/2.0"
64.9.238.246 - - [09/Sep/2008:08:29:09 +0200] "GET /zampa-lovers/DRAGANZA.JPG HTTP/1.1" 200 18560 "http://www.various-euro.com/zampa-lovers/index.html" "Mozilla/5.0 (X11; U; FreeBSD i386; en-US; rv:1.8.1) Gecko/20061027 Firefox/2.0"
64.9.238.246 - - [09/Sep/2008:08:29:09 +0200] "GET /zampa-lovers/1SEITEVE.GIF HTTP/1.1" 200 78726 "http://www.various-euro.com/zampa-lovers/index.html" "Mozilla/5.0 (X11; U; FreeBSD i386; en-US; rv:1.8.1) Gecko/20061027 Firefox/2.0"
64.9.238.246 - - [09/Sep/2008:08:29:10 +0200] "GET /zampa-lovers/Kralle.gif HTTP/1.1" 200 260 "http://www.various-euro.com/zampa-lovers/index.html" "Mozilla/5.0 (X11; U; FreeBSD i386; en-US; rv:1.8.1) Gecko/20061027 Firefox/2.0"
64.9.238.246 - - [09/Sep/2008:08:29:10 +0200] "GET /zampa-lovers/zampa-2X2.gif HTTP/1.1" 200 6948 "http://www.various-euro.com/zampa-lovers/index.html" "Mozilla/5.0 (X11; U; FreeBSD i386; en-US; rv:1.8.1) Gecko/20061027 Firefox/2.0"
64.9.238.246 - - [09/Sep/2008:08:29:11 +0200] "GET /zampa-lovers/zampamali.gif HTTP/1.1" 200 2617 "http://www.various-euro.com/zampa-lovers/index.html" "Mozilla/5.0 (X11; U; FreeBSD i386; en-US; rv:1.8.1) Gecko/20061027 Firefox/2.0"
64.9.238.246 - - [09/Sep/2008:08:29:10 +0200] "GET /zampa-lovers/2SEITEVE.GIF HTTP/1.1" 200 83466 "http://www.various-euro.com/zampa-lovers/index.html" "Mozilla/5.0 (X11; U; FreeBSD i386; en-US; rv:1.8.1) Gecko/20061027 Firefox/2.0"
64.9.238.246 - - [09/Sep/2008:08:29:11 +0200] "GET /bannerz/ve.jpg HTTP/1.1" 200 36912 "http://www.various-euro.com/frame-unten.html" "Mozilla/5.0 (X11; U; FreeBSD i386; en-US; rv:1.8.1) Gecko/20061027 Firefox/2.0"
64.9.238.246 - - [09/Sep/2008:08:29:12 +0200] "GET /zampa-lovers/kralle.gif HTTP/1.1" 404 2748 "http://www.various-euro.com/zampa-lovers/index.html" "Mozilla/5.0 (X11; U; FreeBSD i386; en-US; rv:1.8.1) Gecko/20061027 Firefox/2.0"
64.9.238.246 - - [09/Sep/2008:08:29:11 +0200] "GET /bannerz/various-euro-girl.jpg HTTP/1.1" 200 91514 "http://www.various-euro.com/frame-unten.html" "Mozilla/5.0 (X11; U; FreeBSD i386; en-US; rv:1.8.1) Gecko/20061027 Firefox/2.0"
64.9.238.246 - - [09/Sep/2008:08:29:14 +0200] "GET /ve-icon-2.ico HTTP/1.1" 200 2238 "-" "Mozilla/5.0 (X11; U; FreeBSD i386; en-US; rv:1.8.1) Gecko/20061027 Firefox/2.0"
64.9.238.246 - - [09/Sep/2008:08:29:14 +0200] "GET /ve-icon-2.ico HTTP/1.1" 200 2238 "-" "Mozilla/5.0 (X11; U; FreeBSD i386; en-US; rv:1.8.1) Gecko/20061027 Firefox/2.0"
64.9.238.246 - - [09/Sep/2008:08:29:12 +0200] "GET /zampa-lovers/zampa.gif HTTP/1.1" 200 460627 "http://www.various-euro.com/zampa-lovers/index.html" "Mozilla/5.0 (X11; U; FreeBSD i386; en-US; rv:1.8.1) Gecko/20061027 Firefox/2.0"
208.80.194.35 - - [09/Sep/2008:08:34:38 +0200] "GET / HTTP/1.0" 200 7869 "-" "Mozilla/4.0 (compatible; MSIE 7.0; Windows NT 5.1; FunWebProducts; .NET CLR 1.1.4322; MSN 6.1; MSNbMSFT; MSNmen-us; MSNc21; v5m)"
208.80.194.35 - - [09/Sep/2008:08:34:38 +0200] "GET / HTTP/1.0" 200 7869 "-" "Mozilla/4.0 (compatible; MSIE 7.0; Windows NT 5.1; Comcast Install 1.0; FunWebProducts; .NET CLR 1.1.4322)"
200.63.42.113 - - [09/Sep/2008:08:38:09 +0200] "GET / HTTP/1.1" 200 7869 "-" "Mozilla/4.0 (compatible; MSIE 6.0; Windows NT 5.1; SV1)"
200.63.42.113 - - [09/Sep/2008:08:38:12 +0200] "GET /framez.html HTTP/1.1" 200 3959 "-" "Mozilla/4.0 (compatible; MSIE 6.0; Windows NT 5.1; SV1)"
193.252.149.16 - - [09/Sep/2008:08:46:55 +0200] "GET /world.html HTTP/1.1" 200 16295 "-" "Mozilla/5.0 (Windows; U; Windows NT 5.1; fr; rv:1.8.1) VoilaBot BETA 1.2 (support.voilabot@orange-ftgroup.com)"
74.6.22.174 - - [09/Sep/2008:08:58:14 +0200] "GET /f-bannnerz.html HTTP/1.0" 200 12651 "-" "Mozilla/5.0 (compatible; Yahoo! Slurp; http://help.yahoo.com/help/us/ysearch/slurp)"
89.216.141.9 - - [09/Sep/2008:09:03:17 +0200] "GET /framez-zampa-lovers.html HTTP/1.1" 200 4322 "http://www.google.com/search?hl=en&q=sta+je+kritika&aq=f&oq=" "Mozilla/4.0 (compatible; MSIE 7.0; Windows NT 5.1; .NET CLR 1.1.4322; .NET CLR 2.0.50727; WinuE En; WinuE En)"
89.216.141.9 - - [09/Sep/2008:09:03:18 +0200] "GET /frame-menu.html HTTP/1.1" 200 10536 "http://www.various-euro.com/framez-zampa-lovers.html" "Mozilla/4.0 (compatible; MSIE 7.0; Windows NT 5.1; .NET CLR 1.1.4322; .NET CLR 2.0.50727; WinuE En; WinuE En)"
89.216.141.9 - - [09/Sep/2008:09:03:18 +0200] "GET /frame-unten.html HTTP/1.1" 200 5308 "http://www.various-euro.com/framez-zampa-lovers.html" "Mozilla/4.0 (compatible; MSIE 7.0; Windows NT 5.1; .NET CLR 1.1.4322; .NET CLR 2.0.50727; WinuE En; WinuE En)"
89.216.141.9 - - [09/Sep/2008:09:03:18 +0200] "GET /style/various-euro.css HTTP/1.1" 200 3437 "http://www.various-euro.com/frame-menu.html" "Mozilla/4.0 (compatible; MSIE 7.0; Windows NT 5.1; .NET CLR 1.1.4322; .NET CLR 2.0.50727; WinuE En; WinuE En)"
89.216.141.9 - - [09/Sep/2008:09:03:18 +0200] "GET /zampa-lovers/MILIZA_4.JPG HTTP/1.1" 200 9946 "http://www.various-euro.com/zampa-lovers/index.html" "Mozilla/4.0 (compatible; MSIE 7.0; Windows NT 5.1; .NET CLR 1.1.4322; .NET CLR 2.0.50727; WinuE En; WinuE En)"
89.216.141.9 - - [09/Sep/2008:09:03:18 +0200] "GET /zampa-lovers/DRAGAN_Z.JPG HTTP/1.1" 200 6850 "http://www.various-euro.com/zampa-lovers/index.html" "Mozilla/4.0 (compatible; MSIE 7.0; Windows NT 5.1; .NET CLR 1.1.4322; .NET CLR 2.0.50727; WinuE En; WinuE En)"
89.216.141.9 - - [09/Sep/2008:09:03:18 +0200] "GET /zampa-lovers/MILIZA_B.JPG HTTP/1.1" 200 10947 "http://www.various-euro.com/zampa-lovers/index.html" "Mozilla/4.0 (compatible; MSIE 7.0; Windows NT 5.1; .NET CLR 1.1.4322; .NET CLR 2.0.50727; WinuE En; WinuE En)"
89.216.141.9 - - [09/Sep/2008:09:03:18 +0200] "GET /zampa-lovers/kralle.gif HTTP/1.1" 404 2748 "http://www.various-euro.com/zampa-lovers/index.html" "Mozilla/4.0 (compatible; MSIE 7.0; Windows NT 5.1; .NET CLR 1.1.4322; .NET CLR 2.0.50727; WinuE En; WinuE En)"
89.216.141.9 - - [09/Sep/2008:09:03:18 +0200] "GET /zampa-lovers/DRAGANZA.JPG HTTP/1.1" 200 18560 "http://www.various-euro.com/zampa-lovers/index.html" "Mozilla/4.0 (compatible; MSIE 7.0; Windows NT 5.1; .NET CLR 1.1.4322; .NET CLR 2.0.50727; WinuE En; WinuE En)"
89.216.141.9 - - [09/Sep/2008:09:03:18 +0200] "GET /zampa-lovers/index.html HTTP/1.1" 200 37790 "http://www.various-euro.com/framez-zampa-lovers.html" "Mozilla/4.0 (compatible; MSIE 7.0; Windows NT 5.1; .NET CLR 1.1.4322; .NET CLR 2.0.50727; WinuE En; WinuE En)"
89.216.141.9 - - [09/Sep/2008:09:03:18 +0200] "GET /zampa-lovers/Kralle.gif HTTP/1.1" 200 260 "http://www.various-euro.com/zampa-lovers/index.html" "Mozilla/4.0 (compatible; MSIE 7.0; Windows NT 5.1; .NET CLR 1.1.4322; .NET CLR 2.0.50727; WinuE En; WinuE En)"
89.216.141.9 - - [09/Sep/2008:09:03:18 +0200] "GET /bannerz/ve.jpg HTTP/1.1" 200 36912 "http://www.various-euro.com/frame-unten.html" "Mozilla/4.0 (compatible; MSIE 7.0; Windows NT 5.1; .NET CLR 1.1.4322; .NET CLR 2.0.50727; WinuE En; WinuE En)"
89.216.141.9 - - [09/Sep/2008:09:03:18 +0200] "GET /zampa-lovers/MILIZA_2.JPG HTTP/1.1" 200 22172 "http://www.various-euro.com/zampa-lovers/index.html" "Mozilla/4.0 (compatible; MSIE 7.0; Windows NT 5.1; .NET CLR 1.1.4322; .NET CLR 2.0.50727; WinuE En; WinuE En)"
89.216.141.9 - - [09/Sep/2008:09:03:18 +0200] "GET /zampa-lovers/zampa-2X2.gif HTTP/1.1" 200 6948 "http://www.various-euro.com/zampa-lovers/index.html" "Mozilla/4.0 (compatible; MSIE 7.0; Windows NT 5.1; .NET CLR 1.1.4322; .NET CLR 2.0.50727; WinuE En; WinuE En)"
89.216.141.9 - - [09/Sep/2008:09:03:18 +0200] "GET /zampa-lovers/zampamali.gif HTTP/1.1" 200 2617 "http://www.various-euro.com/zampa-lovers/index.html" "Mozilla/4.0 (compatible; MSIE 7.0; Windows NT 5.1; .NET CLR 1.1.4322; .NET CLR 2.0.50727; WinuE En; WinuE En)"
89.216.141.9 - - [09/Sep/2008:09:03:18 +0200] "GET /zampa-lovers/MILIZA_3.JPG HTTP/1.1" 200 26924 "http://www.various-euro.com/zampa-lovers/index.html" "Mozilla/4.0 (compatible; MSIE 7.0; Windows NT 5.1; .NET CLR 1.1.4322; .NET CLR 2.0.50727; WinuE En; WinuE En)"
89.216.141.9 - - [09/Sep/2008:09:03:18 +0200] "GET /bannerz/various-euro-girl.jpg HTTP/1.1" 200 91514 "http://www.various-euro.com/frame-unten.html" "Mozilla/4.0 (compatible; MSIE 7.0; Windows NT 5.1; .NET CLR 1.1.4322; .NET CLR 2.0.50727; WinuE En; WinuE En)"
89.216.141.9 - - [09/Sep/2008:09:03:18 +0200] "GET /zampa-lovers/2SEITEVE.GIF HTTP/1.1" 200 83466 "http://www.various-euro.com/zampa-lovers/index.html" "Mozilla/4.0 (compatible; MSIE 7.0; Windows NT 5.1; .NET CLR 1.1.4322; .NET CLR 2.0.50727; WinuE En; WinuE En)"
89.216.141.9 - - [09/Sep/2008:09:03:18 +0200] "GET /zampa-lovers/1SEITEVE.GIF HTTP/1.1" 200 78726 "http://www.various-euro.com/zampa-lovers/index.html" "Mozilla/4.0 (compatible; MSIE 7.0; Windows NT 5.1; .NET CLR 1.1.4322; .NET CLR 2.0.50727; WinuE En; WinuE En)"
89.216.141.9 - - [09/Sep/2008:09:03:18 +0200] "GET /zampa-lovers/zampa.gif HTTP/1.1" 200 460627 "http://www.various-euro.com/zampa-lovers/index.html" "Mozilla/4.0 (compatible; MSIE 7.0; Windows NT 5.1; .NET CLR 1.1.4322; .NET CLR 2.0.50727; WinuE En; WinuE En)"
89.216.141.9 - - [09/Sep/2008:09:03:21 +0200] "GET /ve-icon-2.ico HTTP/1.1" 200 2238 "-" "Mozilla/4.0 (compatible; MSIE 7.0; Windows NT 5.1; .NET CLR 1.1.4322; .NET CLR 2.0.50727; WinuE En; WinuE En)"
81.52.143.15 - - [09/Sep/2008:10:02:54 +0200] "GET http://www.various-euro.com:80/robots.txt HTTP/1.1" 200 64 "-" "Mozilla/5.0 (Windows; U; Windows NT 5.1; fr; rv:1.8.1) VoilaBot BETA 1.2 (support.voilabot@orange-ftgroup.com)"
81.52.143.15 - - [09/Sep/2008:10:03:02 +0200] "GET /warez.html HTTP/1.1" 200 9754 "-" "Mozilla/5.0 (Windows; U; Windows NT 5.1; fr; rv:1.8.1) VoilaBot BETA 1.2 (support.voilabot@orange-ftgroup.com)"
65.214.45.224 - - [09/Sep/2008:10:18:54 +0200] "GET /robots.txt HTTP/1.0" 200 64 "-" "Mozilla/5.0 (compatible; Ask Jeeves/Teoma; +http://about.ask.com/en/docs/about/webmasters.shtml)"
65.214.45.224 - - [09/Sep/2008:10:18:54 +0200] "GET / HTTP/1.0" 200 7869 "-" "Mozilla/5.0 (compatible; Ask Jeeves/Teoma; +http://about.ask.com/en/docs/about/webmasters.shtml)"
65.55.211.174 - - [09/Sep/2008:11:15:59 +0200] "GET /robots.txt HTTP/1.1" 200 64 "-" "msnbot/1.1 (+http://search.msn.com/msnbot.htm)"
65.55.211.174 - - [09/Sep/2008:11:15:59 +0200] "GET /3dsf3/sendi/index.html HTTP/1.1" 200 1837 "-" "msnbot/1.1 (+http://search.msn.com/msnbot.htm)"
74.6.22.174 - - [09/Sep/2008:11:45:50 +0200] "GET /f-sponsor.html HTTP/1.0" 200 8578 "-" "Mozilla/5.0 (compatible; Yahoo! Slurp; http://help.yahoo.com/help/us/ysearch/slurp)"
65.55.211.167 - - [09/Sep/2008:12:03:39 +0200] "GET /zampa/montenegro/dajpare.html HTTP/1.1" 200 2503 "-" "msnbot/1.1 (+http://search.msn.com/msnbot.htm)"
66.249.65.2 - - [09/Sep/2008:12:05:40 +0200] "GET /logs/usage_200809.html HTTP/1.1" 404 2748 "-" "Mozilla/5.0 (compatible; Googlebot/2.1; +http://www.google.com/bot.html)"
78.3.217.212 - - [09/Sep/2008:12:24:11 +0200] "GET / HTTP/1.1" 302 353 "http://zeitgenoessischekunstserbien.blogspot.com/" "Mozilla/4.0 (compatible; MSIE 7.0; Windows NT 5.1; .NET CLR 1.1.4322)"
78.3.217.212 - - [09/Sep/2008:12:24:11 +0200] "GET /zampa/ HTTP/1.1" 200 7153 "http://zeitgenoessischekunstserbien.blogspot.com/" "Mozilla/4.0 (compatible; MSIE 7.0; Windows NT 5.1; .NET CLR 1.1.4322)"
78.3.217.212 - - [09/Sep/2008:12:24:11 +0200] "GET /zampa/slike/zampa.gif HTTP/1.1" 200 5310 "http://www.various-euro.com/zampa/" "Mozilla/4.0 (compatible; MSIE 7.0; Windows NT 5.1; .NET CLR 1.1.4322)"
78.3.217.212 - - [09/Sep/2008:12:24:11 +0200] "GET /zampa/slike/udupetu.gif HTTP/1.1" 200 4138 "http://www.various-euro.com/zampa/" "Mozilla/4.0 (compatible; MSIE 7.0; Windows NT 5.1; .NET CLR 1.1.4322)"
78.3.217.212 - - [09/Sep/2008:12:24:11 +0200] "GET /zampa/slike/inthearse.gif HTTP/1.1" 200 4077 "http://www.various-euro.com/zampa/" "Mozilla/4.0 (compatible; MSIE 7.0; Windows NT 5.1; .NET CLR 1.1.4322)"
78.3.217.212 - - [09/Sep/2008:12:24:12 +0200] "GET /favicon.ico HTTP/1.1" 404 2748 "-" "Mozilla/4.0 (compatible; MSIE 7.0; Windows NT 5.1; .NET CLR 1.1.4322)"
78.3.217.212 - - [09/Sep/2008:12:34:48 +0200] "GET /zampa/slike/S1TITEL.GIF HTTP/1.1" 200 15244 "http://www.various-euro.com/zampa/" "Mozilla/4.0 (compatible; MSIE 7.0; Windows NT 5.1; .NET CLR 1.1.4322)"
78.3.217.212 - - [09/Sep/2008:12:35:31 +0200] "GET /zampa/slike/S2COPY.GIF HTTP/1.1" 200 12771 "http://www.various-euro.com/zampa/" "Mozilla/4.0 (compatible; MSIE 7.0; Windows NT 5.1; .NET CLR 1.1.4322)"
74.6.22.174 - - [09/Sep/2008:12:36:00 +0200] "GET /logs/usage_200602.html HTTP/1.0" 200 107723 "-" "Mozilla/5.0 (compatible; Yahoo! Slurp; http://help.yahoo.com/help/us/ysearch/slurp)"
78.3.217.212 - - [09/Sep/2008:12:36:29 +0200] "GET /zampa/slike/S3VAMPIR.GIF HTTP/1.1" 200 55504 "http://www.various-euro.com/zampa/" "Mozilla/4.0 (compatible; MSIE 7.0; Windows NT 5.1; .NET CLR 1.1.4322)"
78.3.217.212 - - [09/Sep/2008:12:39:03 +0200] "GET /zampa/slike/S4IRWIN.GIF HTTP/1.1" 200 54718 "http://www.various-euro.com/zampa/" "Mozilla/4.0 (compatible; MSIE 7.0; Windows NT 5.1; .NET CLR 1.1.4322)"
78.3.217.212 - - [09/Sep/2008:12:40:32 +0200] "GET /zampa/slike/S5UROSTO.GIF HTTP/1.1" 200 45220 "http://www.various-euro.com/zampa/" "Mozilla/4.0 (compatible; MSIE 7.0; Windows NT 5.1; .NET CLR 1.1.4322)"
78.3.217.212 - - [09/Sep/2008:12:41:52 +0200] "GET /zampa/slike/S6BIENNI.GIF HTTP/1.1" 200 35877 "http://www.various-euro.com/zampa/" "Mozilla/4.0 (compatible; MSIE 7.0; Windows NT 5.1; .NET CLR 1.1.4322)"
78.3.217.212 - - [09/Sep/2008:12:42:40 +0200] "GET /zampa/slike/S7MEDIAA.GIF HTTP/1.1" 200 45793 "http://www.various-euro.com/zampa/" "Mozilla/4.0 (compatible; MSIE 7.0; Windows NT 5.1; .NET CLR 1.1.4322)"
78.3.217.212 - - [09/Sep/2008:12:44:53 +0200] "GET /zampa/slike/S8CURATO.GIF HTTP/1.1" 200 16968 "http://www.various-euro.com/zampa/" "Mozilla/4.0 (compatible; MSIE 7.0; Windows NT 5.1; .NET CLR 1.1.4322)"
78.3.217.212 - - [09/Sep/2008:12:45:03 +0200] "GET /zampa/slike/E1TITEL.GIF HTTP/1.1" 200 16284 "http://www.various-euro.com/zampa/" "Mozilla/4.0 (compatible; MSIE 7.0; Windows NT 5.1; .NET CLR 1.1.4322)"
65.55.211.162 - - [09/Sep/2008:12:45:03 +0200] "GET /f-channel1.html HTTP/1.1" 200 5713 "-" "msnbot/1.1 (+http://search.msn.com/msnbot.htm)"
78.3.217.212 - - [09/Sep/2008:12:45:07 +0200] "GET /zampa/slike/E2COPY.GIF HTTP/1.1" 200 10416 "http://www.various-euro.com/zampa/" "Mozilla/4.0 (compatible; MSIE 7.0; Windows NT 5.1; .NET CLR 1.1.4322)"
78.3.217.212 - - [09/Sep/2008:12:45:21 +0200] "GET /zampa/slike/E3VAMPIR.GIF HTTP/1.1" 200 52553 "http://www.various-euro.com/zampa/" "Mozilla/4.0 (compatible; MSIE 7.0; Windows NT 5.1; .NET CLR 1.1.4322)"
65.55.211.164 - - [09/Sep/2008:13:26:07 +0200] "GET /neon/click.html HTTP/1.1" 200 521 "-" "msnbot/1.1 (+http://search.msn.com/msnbot.htm)"
190.176.173.130 - - [09/Sep/2008:13:42:51 +0200] "GET /ccbill/ccbill.php HTTP/1.1" 404 2748 "http://various-euro.com/ccbill/ccbill.php" "Mozilla/4.0 (compatible; MSIE 6.0; Windows NT 5.1)"
65.55.211.165 - - [09/Sep/2008:14:23:34 +0200] "GET /f-logz_old.html HTTP/1.1" 200 43773 "-" "msnbot/1.1 (+http://search.msn.com/msnbot.htm)"
85.20.184.116 - - [09/Sep/2008:14:43:56 +0200] "GET / HTTP/1.1" 302 353 "http://www.google.it/search?hl=it&q=zampa+di+leone&meta=" "Mozilla/4.0 (compatible; MSIE 6.0; Windows NT 5.1; SV1)"
85.20.184.116 - - [09/Sep/2008:14:43:56 +0200] "GET /zampa/ HTTP/1.1" 200 7153 "http://www.google.it/search?hl=it&q=zampa+di+leone&meta=" "Mozilla/4.0 (compatible; MSIE 6.0; Windows NT 5.1; SV1)"
85.20.184.116 - - [09/Sep/2008:14:43:56 +0200] "GET /zampa/slike/zampa.gif HTTP/1.1" 200 5310 "http://www.various-euro.com/zampa/" "Mozilla/4.0 (compatible; MSIE 6.0; Windows NT 5.1; SV1)"
85.20.184.116 - - [09/Sep/2008:14:43:57 +0200] "GET /zampa/slike/udupetu.gif HTTP/1.1" 200 4138 "http://www.various-euro.com/zampa/" "Mozilla/4.0 (compatible; MSIE 6.0; Windows NT 5.1; SV1)"
85.20.184.116 - - [09/Sep/2008:14:43:57 +0200] "GET /zampa/slike/inthearse.gif HTTP/1.1" 200 4077 "http://www.various-euro.com/zampa/" "Mozilla/4.0 (compatible; MSIE 6.0; Windows NT 5.1; SV1)"
85.20.184.116 - - [09/Sep/2008:14:43:57 +0200] "GET /favicon.ico HTTP/1.1" 404 2748 "-" "Mozilla/4.0 (compatible; MSIE 6.0; Windows NT 5.1; SV1)"
85.20.184.116 - - [09/Sep/2008:14:43:57 +0200] "GET /favicon.ico HTTP/1.1" 404 2748 "-" "Mozilla/4.0 (compatible; MSIE 6.0; Windows NT 5.1; SV1)"
77.46.220.150 - - [09/Sep/2008:15:11:53 +0200] "GET / HTTP/1.1" 302 353 "http://koracnikola.blogspot.com/search/label/Sveska" "Opera/9.51 (Windows NT 5.1; U; en)"
77.46.220.150 - - [09/Sep/2008:15:11:53 +0200] "GET /zampa/ HTTP/1.1" 200 7153 "http://koracnikola.blogspot.com/search/label/Sveska" "Opera/9.51 (Windows NT 5.1; U; en)"
77.46.220.150 - - [09/Sep/2008:15:11:53 +0200] "GET /zampa/slike/zampa.gif HTTP/1.1" 200 5310 "http://www.various-euro.com/zampa/" "Opera/9.51 (Windows NT 5.1; U; en)"
77.46.220.150 - - [09/Sep/2008:15:11:54 +0200] "GET /zampa/slike/udupetu.gif HTTP/1.1" 200 4138 "http://www.various-euro.com/zampa/" "Opera/9.51 (Windows NT 5.1; U; en)"
77.46.220.150 - - [09/Sep/2008:15:11:54 +0200] "GET /zampa/slike/inthearse.gif HTTP/1.1" 200 4077 "http://www.various-euro.com/zampa/" "Opera/9.51 (Windows NT 5.1; U; en)"
77.46.220.150 - - [09/Sep/2008:15:11:54 +0200] "GET /favicon.ico HTTP/1.1" 404 2748 "http://www.various-euro.com/zampa/" "Opera/9.51 (Windows NT 5.1; U; en)"
77.46.220.150 - - [09/Sep/2008:15:12:07 +0200] "GET /zampa/slike/S1TITEL.GIF HTTP/1.1" 200 15244 "http://www.various-euro.com/zampa/" "Opera/9.51 (Windows NT 5.1; U; en)"
77.46.220.150 - - [09/Sep/2008:15:12:17 +0200] "GET /zampa/slike/S2COPY.GIF HTTP/1.1" 200 12771 "http://www.various-euro.com/zampa/" "Opera/9.51 (Windows NT 5.1; U; en)"
79.125.161.128 - - [09/Sep/2008:15:30:32 +0200] "GET /zampa-lovers/index.html HTTP/1.1" 200 37790 "http://search.bearshare.com/intl/webResults.html?q=socijalni%20rad%20i%20socijalne%20politike&hl=en&o=10596&page=1&lr=1&src=hmp_intl" "Mozilla/4.0 (compatible; MSIE 7.0; Windows NT 5.1; SIMBAR={B482032C-7D15-11DD-AB96-00016CB0ECC2}; .NET CLR 2.0.50727; InfoPath.2)"
79.125.161.128 - - [09/Sep/2008:15:30:32 +0200] "GET /zampa-lovers/kralle.gif HTTP/1.1" 404 2748 "http://various-euro.com/zampa-lovers/index.html" "Mozilla/4.0 (compatible; MSIE 7.0; Windows NT 5.1; SIMBAR={B482032C-7D15-11DD-AB96-00016CB0ECC2}; .NET CLR 2.0.50727; InfoPath.2)"
79.125.161.128 - - [09/Sep/2008:15:30:33 +0200] "GET /zampa-lovers/DRAGAN_Z.JPG HTTP/1.1" 200 6850 "http://various-euro.com/zampa-lovers/index.html" "Mozilla/4.0 (compatible; MSIE 7.0; Windows NT 5.1; SIMBAR={B482032C-7D15-11DD-AB96-00016CB0ECC2}; .NET CLR 2.0.50727; InfoPath.2)"
79.125.161.128 - - [09/Sep/2008:15:30:34 +0200] "GET /zampa-lovers/MILIZA_2.JPG HTTP/1.1" 200 22172 "http://various-euro.com/zampa-lovers/index.html" "Mozilla/4.0 (compatible; MSIE 7.0; Windows NT 5.1; SIMBAR={B482032C-7D15-11DD-AB96-00016CB0ECC2}; .NET CLR 2.0.50727; InfoPath.2)"
79.125.161.128 - - [09/Sep/2008:15:30:32 +0200] "GET /zampa-lovers/zampa.gif HTTP/1.1" 200 460627 "http://various-euro.com/zampa-lovers/index.html" "Mozilla/4.0 (compatible; MSIE 7.0; Windows NT 5.1; SIMBAR={B482032C-7D15-11DD-AB96-00016CB0ECC2}; .NET CLR 2.0.50727; InfoPath.2)"
79.125.161.128 - - [09/Sep/2008:15:30:36 +0200] "GET /zampa-lovers/MILIZA_3.JPG HTTP/1.1" 200 26924 "http://various-euro.com/zampa-lovers/index.html" "Mozilla/4.0 (compatible; MSIE 7.0; Windows NT 5.1; SIMBAR={B482032C-7D15-11DD-AB96-00016CB0ECC2}; .NET CLR 2.0.50727; InfoPath.2)"
79.125.161.128 - - [09/Sep/2008:15:30:36 +0200] "GET /zampa-lovers/MILIZA_B.JPG HTTP/1.1" 200 10947 "http://various-euro.com/zampa-lovers/index.html" "Mozilla/4.0 (compatible; MSIE 7.0; Windows NT 5.1; SIMBAR={B482032C-7D15-11DD-AB96-00016CB0ECC2}; .NET CLR 2.0.50727; InfoPath.2)"
79.125.161.128 - - [09/Sep/2008:15:30:36 +0200] "GET /zampa-lovers/MILIZA_4.JPG HTTP/1.1" 200 9946 "http://various-euro.com/zampa-lovers/index.html" "Mozilla/4.0 (compatible; MSIE 7.0; Windows NT 5.1; SIMBAR={B482032C-7D15-11DD-AB96-00016CB0ECC2}; .NET CLR 2.0.50727; InfoPath.2)"
79.125.161.128 - - [09/Sep/2008:15:30:36 +0200] "GET /zampa-lovers/DRAGANZA.JPG HTTP/1.1" 200 18560 "http://various-euro.com/zampa-lovers/index.html" "Mozilla/4.0 (compatible; MSIE 7.0; Windows NT 5.1; SIMBAR={B482032C-7D15-11DD-AB96-00016CB0ECC2}; .NET CLR 2.0.50727; InfoPath.2)"
79.125.161.128 - - [09/Sep/2008:15:30:36 +0200] "GET /zampa-lovers/1SEITEVE.GIF HTTP/1.1" 200 78726 "http://various-euro.com/zampa-lovers/index.html" "Mozilla/4.0 (compatible; MSIE 7.0; Windows NT 5.1; SIMBAR={B482032C-7D15-11DD-AB96-00016CB0ECC2}; .NET CLR 2.0.50727; InfoPath.2)"
79.125.161.128 - - [09/Sep/2008:15:30:37 +0200] "GET /zampa-lovers/Kralle.gif HTTP/1.1" 200 260 "http://various-euro.com/zampa-lovers/index.html" "Mozilla/4.0 (compatible; MSIE 7.0; Windows NT 5.1; SIMBAR={B482032C-7D15-11DD-AB96-00016CB0ECC2}; .NET CLR 2.0.50727; InfoPath.2)"
79.125.161.128 - - [09/Sep/2008:15:30:37 +0200] "GET /zampa-lovers/zampa-2X2.gif HTTP/1.1" 200 6948 "http://various-euro.com/zampa-lovers/index.html" "Mozilla/4.0 (compatible; MSIE 7.0; Windows NT 5.1; SIMBAR={B482032C-7D15-11DD-AB96-00016CB0ECC2}; .NET CLR 2.0.50727; InfoPath.2)"
79.125.161.128 - - [09/Sep/2008:15:30:37 +0200] "GET /zampa-lovers/zampamali.gif HTTP/1.1" 200 2617 "http://various-euro.com/zampa-lovers/index.html" "Mozilla/4.0 (compatible; MSIE 7.0; Windows NT 5.1; SIMBAR={B482032C-7D15-11DD-AB96-00016CB0ECC2}; .NET CLR 2.0.50727; InfoPath.2)"
79.125.161.128 - - [09/Sep/2008:15:30:36 +0200] "GET /zampa-lovers/2SEITEVE.GIF HTTP/1.1" 200 83466 "http://various-euro.com/zampa-lovers/index.html" "Mozilla/4.0 (compatible; MSIE 7.0; Windows NT 5.1; SIMBAR={B482032C-7D15-11DD-AB96-00016CB0ECC2}; .NET CLR 2.0.50727; InfoPath.2)"
79.125.161.128 - - [09/Sep/2008:15:30:38 +0200] "GET /zampa-lovers/ZAMPAMA2.MPG HTTP/1.1" 200 63492 "-" "Mozilla/4.0 (compatible; MSIE 7.0; Windows NT 5.1; SIMBAR={B482032C-7D15-11DD-AB96-00016CB0ECC2}; .NET CLR 2.0.50727; InfoPath.2)"
79.125.161.128 - - [09/Sep/2008:15:30:38 +0200] "GET /zampa-lovers/WASISTMI1.MPG HTTP/1.1" 200 271221 "-" "Mozilla/4.0 (compatible; MSIE 7.0; Windows NT 5.1; SIMBAR={B482032C-7D15-11DD-AB96-00016CB0ECC2}; .NET CLR 2.0.50727; InfoPath.2)"
79.125.161.128 - - [09/Sep/2008:15:30:39 +0200] "GET /zampa-lovers/ZAMPAMAS.MPG HTTP/1.1" 200 520196 "-" "Mozilla/4.0 (compatible; MSIE 7.0; Windows NT 5.1; SIMBAR={B482032C-7D15-11DD-AB96-00016CB0ECC2}; .NET CLR 2.0.50727; InfoPath.2)"
79.125.161.128 - - [09/Sep/2008:15:30:44 +0200] "GET /framez-zampa-lovers.html HTTP/1.1" 200 4322 "-" "Mozilla/4.0 (compatible; MSIE 7.0; Windows NT 5.1; SIMBAR={B482032C-7D15-11DD-AB96-00016CB0ECC2}; .NET CLR 2.0.50727; InfoPath.2)"
79.125.161.128 - - [09/Sep/2008:15:30:44 +0200] "GET /zampa-lovers/zampa.ICO HTTP/1.1" 200 7134 "-" "Mozilla/4.0 (compatible; MSIE 7.0; Windows NT 5.1; SIMBAR={B482032C-7D15-11DD-AB96-00016CB0ECC2}; .NET CLR 2.0.50727; InfoPath.2)"
79.125.161.128 - - [09/Sep/2008:15:30:47 +0200] "GET /frame-menu.html HTTP/1.1" 200 10536 "http://various-euro.com/framez-zampa-lovers.html" "Mozilla/4.0 (compatible; MSIE 7.0; Windows NT 5.1; SIMBAR={B482032C-7D15-11DD-AB96-00016CB0ECC2}; .NET CLR 2.0.50727; InfoPath.2)"
79.125.161.128 - - [09/Sep/2008:15:30:47 +0200] "GET /zampa-lovers/index.html HTTP/1.1" 200 37790 "http://various-euro.com/framez-zampa-lovers.html" "Mozilla/4.0 (compatible; MSIE 7.0; Windows NT 5.1; SIMBAR={B482032C-7D15-11DD-AB96-00016CB0ECC2}; .NET CLR 2.0.50727; InfoPath.2)"
79.125.161.128 - - [09/Sep/2008:15:30:47 +0200] "GET /frame-unten.html HTTP/1.1" 200 5308 "http://various-euro.com/framez-zampa-lovers.html" "Mozilla/4.0 (compatible; MSIE 7.0; Windows NT 5.1; SIMBAR={B482032C-7D15-11DD-AB96-00016CB0ECC2}; .NET CLR 2.0.50727; InfoPath.2)"
79.125.161.128 - - [09/Sep/2008:15:30:50 +0200] "GET /style/various-euro.css HTTP/1.1" 200 3437 "http://various-euro.com/frame-menu.html" "Mozilla/4.0 (compatible; MSIE 7.0; Windows NT 5.1; SIMBAR={B482032C-7D15-11DD-AB96-00016CB0ECC2}; .NET CLR 2.0.50727; InfoPath.2)"
79.125.161.128 - - [09/Sep/2008:15:30:50 +0200] "GET /zampa-lovers/kralle.gif HTTP/1.1" 404 2748 "http://various-euro.com/zampa-lovers/index.html" "Mozilla/4.0 (compatible; MSIE 7.0; Windows NT 5.1; SIMBAR={B482032C-7D15-11DD-AB96-00016CB0ECC2}; .NET CLR 2.0.50727; InfoPath.2)"
79.125.161.128 - - [09/Sep/2008:15:30:50 +0200] "GET /bannerz/ve.jpg HTTP/1.1" 200 36912 "http://various-euro.com/frame-unten.html" "Mozilla/4.0 (compatible; MSIE 7.0; Windows NT 5.1; SIMBAR={B482032C-7D15-11DD-AB96-00016CB0ECC2}; .NET CLR 2.0.50727; InfoPath.2)"
79.125.161.128 - - [09/Sep/2008:15:30:50 +0200] "GET /bannerz/various-euro-girl.jpg HTTP/1.1" 200 91514 "http://various-euro.com/frame-unten.html" "Mozilla/4.0 (compatible; MSIE 7.0; Windows NT 5.1; SIMBAR={B482032C-7D15-11DD-AB96-00016CB0ECC2}; .NET CLR 2.0.50727; InfoPath.2)"
79.125.161.128 - - [09/Sep/2008:15:30:51 +0200] "GET /ve-icon-2.ico HTTP/1.1" 200 2238 "-" "Mozilla/4.0 (compatible; MSIE 7.0; Windows NT 5.1; SIMBAR={B482032C-7D15-11DD-AB96-00016CB0ECC2}; .NET CLR 2.0.50727; InfoPath.2)"
77.46.220.150 - - [09/Sep/2008:15:34:08 +0200] "GET /zampa/slike/S7MEDIAA.GIF HTTP/1.1" 200 45793 "http://www.various-euro.com/zampa/" "Opera/9.51 (Windows NT 5.1; U; en)"
74.6.22.174 - - [09/Sep/2008:15:44:40 +0200] "GET /robots.txt HTTP/1.0" 200 64 "-" "Mozilla/5.0 (compatible; Yahoo! Slurp; http://help.yahoo.com/help/us/ysearch/slurp)"
74.6.22.174 - - [09/Sep/2008:15:44:40 +0200] "GET /logs/usage_200702.html HTTP/1.0" 200 107861 "-" "Mozilla/5.0 (compatible; Yahoo! Slurp; http://help.yahoo.com/help/us/ysearch/slurp)"
65.214.45.216 - - [09/Sep/2008:15:52:24 +0200] "GET /robots.txt HTTP/1.0" 200 64 "-" "Mozilla/5.0 (compatible; Ask Jeeves/Teoma; +http://about.ask.com/en/docs/about/webmasters.shtml)"
65.214.45.216 - - [09/Sep/2008:15:52:24 +0200] "GET /framez-zampa-lovers.html HTTP/1.0" 200 4322 "-" "Mozilla/5.0 (compatible; Ask Jeeves/Teoma; +http://about.ask.com/en/docs/about/webmasters.shtml)"
65.214.45.216 - - [09/Sep/2008:15:52:25 +0200] "GET /frame-menu.html HTTP/1.0" 200 10536 "-" "Mozilla/5.0 (compatible; Ask Jeeves/Teoma; +http://about.ask.com/en/docs/about/webmasters.shtml)"
65.214.45.216 - - [09/Sep/2008:15:52:25 +0200] "GET /zampa-lovers/index.html HTTP/1.0" 200 37790 "-" "Mozilla/5.0 (compatible; Ask Jeeves/Teoma; +http://about.ask.com/en/docs/about/webmasters.shtml)"
65.214.45.216 - - [09/Sep/2008:15:52:26 +0200] "GET /frame-unten.html HTTP/1.0" 200 5308 "-" "Mozilla/5.0 (compatible; Ask Jeeves/Teoma; +http://about.ask.com/en/docs/about/webmasters.shtml)"
66.249.65.2 - - [09/Sep/2008:16:41:46 +0200] "GET /robots.txt HTTP/1.1" 200 64 "-" "Mozilla/5.0 (compatible; Googlebot/2.1; +http://www.google.com/bot.html)"
65.55.211.167 - - [09/Sep/2008:16:48:58 +0200] "GET /zampa/montenegro/ZMAJW.html HTTP/1.1" 200 860 "-" "msnbot/1.1 (+http://search.msn.com/msnbot.htm)"
206.80.114.179 - - [09/Sep/2008:16:50:16 +0200] "GET / HTTP/1.1" 200 7869 "-" "Mozilla/5.0 (compatible; Konqueror/3.1; Linux; en)"
74.6.22.174 - - [09/Sep/2008:16:52:23 +0200] "GET / HTTP/1.0" 200 7869 "-" "Mozilla/5.0 (compatible; Yahoo! Slurp; http://help.yahoo.com/help/us/ysearch/slurp)"
74.6.22.174 - - [09/Sep/2008:16:53:25 +0200] "GET /zampa/montenegro/BATAW.html HTTP/1.0" 200 860 "-" "Mozilla/5.0 (compatible; Yahoo! Slurp; http://help.yahoo.com/help/us/ysearch/slurp)"
74.6.22.174 - - [09/Sep/2008:16:57:30 +0200] "GET /zampa-lovers/WASISTMI1.MPG HTTP/1.0" 200 271221 "-" "Mozilla/5.0 (compatible; Yahoo! Slurp; http://help.yahoo.com/help/us/ysearch/slurp)"
65.55.211.173 - - [09/Sep/2008:18:59:55 +0200] "GET /robots.txt HTTP/1.1" 200 64 "-" "msnbot/1.1 (+http://search.msn.com/msnbot.htm)"
65.55.211.173 - - [09/Sep/2008:18:59:55 +0200] "GET /zampa/wonderland/index.html HTTP/1.1" 200 2084 "-" "msnbot/1.1 (+http://search.msn.com/msnbot.htm)"
65.214.45.224 - - [09/Sep/2008:19:01:59 +0200] "GET /restate_copy.html HTTP/1.0" 200 97631 "-" "Mozilla/5.0 (compatible; Ask Jeeves/Teoma; +http://about.ask.com/en/docs/about/webmasters.shtml)"
65.214.45.224 - - [09/Sep/2008:19:02:00 +0200] "GET /menueleiste.js HTTP/1.0" 404 2748 "-" "Mozilla/5.0 (compatible; Ask Jeeves/Teoma; +http://about.ask.com/en/docs/about/webmasters.shtml)"
65.55.211.170 - - [09/Sep/2008:19:14:24 +0200] "GET /robots.txt HTTP/1.1" 200 64 "-" "msnbot/1.1 (+http://search.msn.com/msnbot.htm)"
65.55.211.170 - - [09/Sep/2008:19:14:25 +0200] "GET /zampa/montenegro/SEKAW.html HTTP/1.1" 200 860 "-" "msnbot/1.1 (+http://search.msn.com/msnbot.htm)"
65.55.211.162 - - [09/Sep/2008:19:49:44 +0200] "GET /robots.txt HTTP/1.1" 200 64 "-" "msnbot/1.1 (+http://search.msn.com/msnbot.htm)"
74.6.22.174 - - [09/Sep/2008:20:08:31 +0200] "GET /f-warez.html HTTP/1.0" 200 10953 "-" "Mozilla/5.0 (compatible; Yahoo! Slurp; http://help.yahoo.com/help/us/ysearch/slurp)"
74.6.22.174 - - [09/Sep/2008:20:19:46 +0200] "GET /neon/code.html HTTP/1.0" 200 1109 "-" "Mozilla/5.0 (compatible; Yahoo! Slurp; http://help.yahoo.com/help/us/ysearch/slurp)"
66.249.65.2 - - [09/Sep/2008:20:37:46 +0200] "GET /f-rez.html HTTP/1.1" 200 9765 "-" "Mozilla/5.0 (compatible; Googlebot/2.1; +http://www.google.com/bot.html)"
83.233.169.97 - - [09/Sep/2008:21:01:19 +0200] "GET / HTTP/1.1" 200 7869 "-" "Mozilla/5.0 (Windows; U; Windows NT 5.1; en; rv:1.8.1.8) Gecko/20071008 Firefox/2.0.0.8"
77.91.224.4 - - [09/Sep/2008:21:10:24 +0200] "GET /robots.txt HTTP/1.1" 200 64 "-" "WebAlta Crawler/2.0 (http://www.webalta.net/ru/about_webmaster.html) (Windows; U; Windows NT 5.1; ru-RU)"
77.91.224.4 - - [09/Sep/2008:21:10:25 +0200] "GET /framez-rez.html HTTP/1.1" 200 4323 "-" "WebAlta Crawler/2.0 (http://www.webalta.net/ru/about_webmaster.html) (Windows; U; Windows NT 5.1; ru-RU)"
83.233.182.214 - - [09/Sep/2008:22:08:48 +0200] "GET / HTTP/1.1" 200 7869 "-" "Mozilla/5.0 (Windows; U; Windows NT 5.1; en; rv:1.8.1.8) Gecko/20071008 Firefox/2.0.0.8"
65.55.211.164 - - [09/Sep/2008:22:39:35 +0200] "GET /robots.txt HTTP/1.1" 200 64 "-" "msnbot/1.1 (+http://search.msn.com/msnbot.htm)"
65.55.211.164 - - [09/Sep/2008:22:39:35 +0200] "GET /sendi_agent.html HTTP/1.1" 200 6213 "-" "msnbot/1.1 (+http://search.msn.com/msnbot.htm)"
74.6.22.174 - - [09/Sep/2008:22:50:55 +0200] "GET /logs/usage_200711.html HTTP/1.0" 200 109628 "-" "Mozilla/5.0 (compatible; Yahoo! Slurp; http://help.yahoo.com/help/us/ysearch/slurp)"
74.6.22.174 - - [09/Sep/2008:23:44:19 +0200] "GET /partnergegenberlin.html HTTP/1.0" 200 5022 "-" "Mozilla/5.0 (compatible; Yahoo! Slurp; http://help.yahoo.com/help/us/ysearch/slurp)"
208.66.193.164 - - [09/Sep/2008:23:47:21 +0200] "GET / HTTP/1.1" 200 7869 "-" "WebAlta Crawler/2.0 (http://www.webalta.net/ru/about_webmaster.html) (Windows; U; Windows NT 5.1; ru-RU)"
68.142.212.213 - - [09/Sep/2008:23:53:39 +0200] "GET /robots.txt HTTP/1.0" 200 64 "-" "Mozilla/5.0 (Yahoo-MMCrawler/4.0; mailto:vertical-crawl-support@yahoo-inc.com)"
68.142.212.213 - - [09/Sep/2008:23:53:39 +0200] "GET /logs/ctry_usage_200706.png HTTP/1.0" 200 4798 "-" "Mozilla/5.0 (Yahoo-MMCrawler/4.0; mailto:vertical-crawl-support@yahoo-inc.com)"
68.142.212.213 - - [10/Sep/2008:00:15:04 +0200] "GET /robots.txt HTTP/1.0" 200 64 "-" "Mozilla/5.0 (Yahoo-MMCrawler/4.0; mailto:vertical-crawl-support@yahoo-inc.com)"
68.142.212.213 - - [10/Sep/2008:00:15:04 +0200] "GET /logs/ctry_usage_200706.png HTTP/1.0" 200 4798 "-" "Mozilla/5.0 (Yahoo-MMCrawler/4.0; mailto:vertical-crawl-support@yahoo-inc.com)"
65.214.45.100 - - [10/Sep/2008:01:07:36 +0200] "GET /robots.txt HTTP/1.0" 200 64 "-" "Mozilla/5.0 (compatible; Ask Jeeves/Teoma; +http://about.ask.com/en/docs/about/webmasters.shtml)"
65.214.45.100 - - [10/Sep/2008:01:07:36 +0200] "GET /framez_0.html HTTP/1.0" 200 12444 "-" "Mozilla/5.0 (compatible; Ask Jeeves/Teoma; +http://about.ask.com/en/docs/about/webmasters.shtml)"
74.6.17.172 - - [10/Sep/2008:01:33:43 +0200] "GET /robots.txt HTTP/1.0" 200 64 "-" "Mozilla/5.0 (compatible; Yahoo! Slurp; http://help.yahoo.com/help/us/ysearch/slurp)"
74.6.17.172 - - [10/Sep/2008:01:33:44 +0200] "GET /restate_copy.html HTTP/1.0" 200 97631 "-" "Mozilla/5.0 (compatible; Yahoo! Slurp; http://help.yahoo.com/help/us/ysearch/slurp)"
65.55.211.163 - - [10/Sep/2008:01:34:03 +0200] "GET /robots.txt HTTP/1.1" 200 64 "-" "msnbot/1.1 (+http://search.msn.com/msnbot.htm)"
65.55.211.163 - - [10/Sep/2008:01:34:03 +0200] "GET /bmpp/18start.html HTTP/1.1" 200 320 "-" "msnbot/1.1 (+http://search.msn.com/msnbot.htm)"
65.55.211.171 - - [10/Sep/2008:01:50:53 +0200] "GET /robots.txt HTTP/1.1" 200 64 "-" "msnbot/1.1 (+http://search.msn.com/msnbot.htm)"
65.55.211.171 - - [10/Sep/2008:01:50:53 +0200] "GET /neon/large.html HTTP/1.1" 200 1547 "-" "msnbot/1.1 (+http://search.msn.com/msnbot.htm)"
65.55.211.168 - - [10/Sep/2008:02:36:14 +0200] "GET /robots.txt HTTP/1.1" 200 64 "-" "msnbot/1.1 (+http://search.msn.com/msnbot.htm)"
65.55.211.168 - - [10/Sep/2008:02:36:14 +0200] "GET /ve-icon-2.ico HTTP/1.1" 200 2238 "-" "msnbot/1.1 (+http://search.msn.com/msnbot.htm)"
74.6.22.174 - - [10/Sep/2008:03:02:08 +0200] "GET /robots.txt HTTP/1.0" 200 64 "-" "Mozilla/5.0 (compatible; Yahoo! Slurp; http://help.yahoo.com/help/us/ysearch/slurp)"
74.6.22.174 - - [10/Sep/2008:03:02:08 +0200] "GET /f-other.html HTTP/1.0" 200 33189 "-" "Mozilla/5.0 (compatible; Yahoo! Slurp; http://help.yahoo.com/help/us/ysearch/slurp)"
74.6.22.174 - - [10/Sep/2008:03:20:20 +0200] "GET /f-contact.html HTTP/1.0" 200 6804 "-" "Mozilla/5.0 (compatible; Yahoo! Slurp; http://help.yahoo.com/help/us/ysearch/slurp)"
65.55.211.168 - - [10/Sep/2008:03:42:53 +0200] "GET /neon/slow-walk.html HTTP/1.1" 200 1640 "-" "msnbot/1.1 (+http://search.msn.com/msnbot.htm)"
65.55.211.171 - - [10/Sep/2008:04:00:12 +0200] "GET /bmpp/euro_pal_1.html HTTP/1.1" 200 18252 "-" "msnbot/1.1 (+http://search.msn.com/msnbot.htm)"
65.55.211.170 - - [10/Sep/2008:04:00:55 +0200] "GET /robots.txt HTTP/1.1" 200 64 "-" "msnbot/1.1 (+http://search.msn.com/msnbot.htm)"
65.55.211.170 - - [10/Sep/2008:04:00:55 +0200] "GET /f-sponsor.html HTTP/1.1" 200 8578 "-" "msnbot/1.1 (+http://search.msn.com/msnbot.htm)"
90.228.241.118 - - [10/Sep/2008:04:58:55 +0200] "GET / HTTP/1.1" 200 7869 "-" "Mozilla/5.0 (Windows; U; Windows NT 5.1; en-US; rv:1.8.1.16) Gecko/20080702 Firefox/2.0.0.16"
90.228.241.118 - - [10/Sep/2008:04:58:56 +0200] "GET /style/various-euro.css HTTP/1.1" 200 3437 "http://www.various-euro.com/" "Mozilla/5.0 (Windows; U; Windows NT 5.1; en-US; rv:1.8.1.16) Gecko/20080702 Firefox/2.0.0.16"
65.55.110.34 - - [10/Sep/2008:05:12:34 +0200] "GET /f-search.html HTTP/1.0" 200 11800 "http://search.live.com/results.aspx?q=search" "Mozilla/4.0 (compatible; MSIE 6.0; Windows NT 5.2; SV1; .NET CLR 1.1.4322)"
65.55.110.34 - - [10/Sep/2008:05:12:36 +0200] "GET /framez-search.html HTTP/1.0" 200 4326 "-" "Mozilla/4.0 (compatible; MSIE 6.0; Windows NT 5.2; SV1; .NET CLR 1.1.4322)"
65.55.110.34 - - [10/Sep/2008:05:12:36 +0200] "GET /frame-unten.html HTTP/1.0" 200 5308 "http://www.various-euro.com/framez-search.html" "Mozilla/4.0 (compatible; MSIE 6.0; Windows NT 5.2; SV1; .NET CLR 1.1.4322)"
65.55.110.34 - - [10/Sep/2008:05:12:36 +0200] "GET /frame-menu.html HTTP/1.0" 200 10536 "http://www.various-euro.com/framez-search.html" "Mozilla/4.0 (compatible; MSIE 6.0; Windows NT 5.2; SV1; .NET CLR 1.1.4322)"
65.55.110.34 - - [10/Sep/2008:05:12:36 +0200] "GET /f-search.html HTTP/1.0" 200 11800 "http://www.various-euro.com/framez-search.html" "Mozilla/4.0 (compatible; MSIE 6.0; Windows NT 5.2; SV1; .NET CLR 1.1.4322)"
65.55.110.34 - - [10/Sep/2008:05:12:36 +0200] "GET /style/various-euro.css HTTP/1.0" 200 3437 "http://www.various-euro.com/frame-menu.html" "Mozilla/4.0 (compatible; MSIE 6.0; Windows NT 5.2; SV1; .NET CLR 1.1.4322)"
65.55.211.162 - - [10/Sep/2008:06:01:18 +0200] "GET /robots.txt HTTP/1.1" 200 64 "-" "msnbot/1.1 (+http://search.msn.com/msnbot.htm)"
65.55.211.162 - - [10/Sep/2008:06:01:18 +0200] "GET /zampa/montenegro/MILOW.html HTTP/1.1" 200 860 "-" "msnbot/1.1 (+http://search.msn.com/msnbot.htm)"
74.6.22.174 - - [10/Sep/2008:06:28:17 +0200] "GET /games/wargames/wargames.swf HTTP/1.0" 200 657822 "-" "Mozilla/5.0 (compatible; Yahoo! Slurp; http://help.yahoo.com/help/us/ysearch/slurp)"
68.142.212.213 - - [10/Sep/2008:06:31:49 +0200] "GET /robots.txt HTTP/1.0" 200 64 "-" "Mozilla/5.0 (Yahoo-MMCrawler/4.0; mailto:vertical-crawl-support@yahoo-inc.com)"
68.142.212.213 - - [10/Sep/2008:06:31:50 +0200] "GET /bannerz/army_graphics_package/ak47su-n.gif HTTP/1.0" 200 9823 "-" "Mozilla/5.0 (Yahoo-MMCrawler/4.0; mailto:vertical-crawl-support@yahoo-inc.com)"
65.55.211.164 - - [10/Sep/2008:06:47:22 +0200] "GET /zampa-lovers/ HTTP/1.1" 200 37790 "-" "msnbot/1.1 (+http://search.msn.com/msnbot.htm)"
65.55.211.164 - - [10/Sep/2008:06:49:30 +0200] "GET /DgH/orginal/index.html HTTP/1.1" 200 1727 "-" "msnbot/1.1 (+http://search.msn.com/msnbot.htm)"
65.55.110.29 - - [10/Sep/2008:06:51:22 +0200] "GET /zampa-lovers/ HTTP/1.0" 200 37790 "http://search.live.com/results.aspx?q=zampa" "Mozilla/4.0 (compatible; MSIE 6.0; Windows NT 5.2; SV1; .NET CLR 1.1.4322)"
65.55.110.29 - - [10/Sep/2008:06:51:24 +0200] "GET /framez-zampa-lovers.html HTTP/1.0" 200 4322 "-" "Mozilla/4.0 (compatible; MSIE 6.0; Windows NT 5.2; SV1; .NET CLR 1.1.4322)"
65.55.110.29 - - [10/Sep/2008:06:51:24 +0200] "GET /zampa-lovers/ZAMPAMA2.MPG HTTP/1.0" 200 63492 "-" "Windows-Media-Player/10.00.00.3700"
65.55.110.29 - - [10/Sep/2008:06:51:24 +0200] "GET /frame-menu.html HTTP/1.0" 200 10536 "http://www.various-euro.com/framez-zampa-lovers.html" "Mozilla/4.0 (compatible; MSIE 6.0; Windows NT 5.2; SV1; .NET CLR 1.1.4322)"
65.55.110.29 - - [10/Sep/2008:06:51:25 +0200] "GET /frame-unten.html HTTP/1.0" 200 5308 "http://www.various-euro.com/framez-zampa-lovers.html" "Mozilla/4.0 (compatible; MSIE 6.0; Windows NT 5.2; SV1; .NET CLR 1.1.4322)"
65.55.110.29 - - [10/Sep/2008:06:51:25 +0200] "GET /zampa-lovers/index.html HTTP/1.0" 200 37790 "http://www.various-euro.com/framez-zampa-lovers.html" "Mozilla/4.0 (compatible; MSIE 6.0; Windows NT 5.2; SV1; .NET CLR 1.1.4322)"
65.55.110.29 - - [10/Sep/2008:06:51:26 +0200] "GET /style/various-euro.css HTTP/1.0" 200 3437 "http://www.various-euro.com/frame-menu.html" "Mozilla/4.0 (compatible; MSIE 6.0; Windows NT 5.2; SV1; .NET CLR 1.1.4322)"
65.55.110.29 - - [10/Sep/2008:06:51:26 +0200] "GET /zampa-lovers/ZAMPAMA2.MPG HTTP/1.0" 200 63492 "-" "Windows-Media-Player/10.00.00.3700"
65.55.110.29 - - [10/Sep/2008:06:51:26 +0200] "GET /zampa-lovers/WASISTMI1.MPG HTTP/1.0" 200 271221 "-" "Windows-Media-Player/10.00.00.3700"
65.55.110.29 - - [10/Sep/2008:06:51:26 +0200] "GET /zampa-lovers/ZAMPAMAS.MPG HTTP/1.0" 200 520196 "-" "Windows-Media-Player/10.00.00.3700"
74.6.22.174 - - [10/Sep/2008:07:04:18 +0200] "GET /logs/usage_200710.html HTTP/1.0" 200 110952 "-" "Mozilla/5.0 (compatible; Yahoo! Slurp; http://help.yahoo.com/help/us/ysearch/slurp)"
119.63.193.43 - - [10/Sep/2008:07:10:11 +0200] "GET / HTTP/1.1" 200 7869 "-" "Baiduspider+(+http://help.baidu.jp/system/05.html)"
203.73.176.37 - - [10/Sep/2008:07:39:12 +0200] "GET /robots.txt HTTP/1.0" 200 64 "-" "Gaisbot/3.0+(robot06@gais.cs.ccu.edu.tw;+http://gais.cs.ccu.edu.tw/robot.php)"
77.46.166.179 - - [10/Sep/2008:08:14:10 +0200] "GET /zampa-lovers/index.html HTTP/1.1" 200 37790 "http://search1.magentic.com/?q=esej+o+prirodi&lang=english" "Mozilla/4.0 (compatible; MSIE 7.0; Windows NT 5.1; FunWebProducts; .NET CLR 1.0.3705)"
77.46.166.179 - - [10/Sep/2008:08:14:13 +0200] "GET /zampa-lovers/kralle.gif HTTP/1.1" 404 2748 "http://various-euro.com/zampa-lovers/index.html" "Mozilla/4.0 (compatible; MSIE 7.0; Windows NT 5.1; FunWebProducts; .NET CLR 1.0.3705)"
77.46.166.179 - - [10/Sep/2008:08:14:14 +0200] "GET /zampa-lovers/zampa.gif HTTP/1.1" 200 460627 "http://various-euro.com/zampa-lovers/index.html" "Mozilla/4.0 (compatible; MSIE 7.0; Windows NT 5.1; FunWebProducts; .NET CLR 1.0.3705)"
77.46.166.179 - - [10/Sep/2008:08:14:18 +0200] "GET /zampa-lovers/DRAGAN_Z.JPG HTTP/1.1" 200 6850 "http://various-euro.com/zampa-lovers/index.html" "Mozilla/4.0 (compatible; MSIE 7.0; Windows NT 5.1; FunWebProducts; .NET CLR 1.0.3705)"
77.46.166.179 - - [10/Sep/2008:08:14:18 +0200] "GET /zampa-lovers/MILIZA_2.JPG HTTP/1.1" 200 22172 "http://various-euro.com/zampa-lovers/index.html" "Mozilla/4.0 (compatible; MSIE 7.0; Windows NT 5.1; FunWebProducts; .NET CLR 1.0.3705)"
77.46.166.179 - - [10/Sep/2008:08:14:18 +0200] "GET /zampa-lovers/MILIZA_3.JPG HTTP/1.1" 200 26924 "http://various-euro.com/zampa-lovers/index.html" "Mozilla/4.0 (compatible; MSIE 7.0; Windows NT 5.1; FunWebProducts; .NET CLR 1.0.3705)"
77.46.166.179 - - [10/Sep/2008:08:14:19 +0200] "GET /zampa-lovers/MILIZA_B.JPG HTTP/1.1" 200 10947 "http://various-euro.com/zampa-lovers/index.html" "Mozilla/4.0 (compatible; MSIE 7.0; Windows NT 5.1; FunWebProducts; .NET CLR 1.0.3705)"
77.46.166.179 - - [10/Sep/2008:08:14:19 +0200] "GET /zampa-lovers/MILIZA_4.JPG HTTP/1.1" 200 9946 "http://various-euro.com/zampa-lovers/index.html" "Mozilla/4.0 (compatible; MSIE 7.0; Windows NT 5.1; FunWebProducts; .NET CLR 1.0.3705)"
77.46.166.179 - - [10/Sep/2008:08:14:20 +0200] "GET /zampa-lovers/DRAGANZA.JPG HTTP/1.1" 200 18560 "http://various-euro.com/zampa-lovers/index.html" "Mozilla/4.0 (compatible; MSIE 7.0; Windows NT 5.1; FunWebProducts; .NET CLR 1.0.3705)"
77.46.166.179 - - [10/Sep/2008:08:14:20 +0200] "GET /zampa-lovers/1SEITEVE.GIF HTTP/1.1" 200 78726 "http://various-euro.com/zampa-lovers/index.html" "Mozilla/4.0 (compatible; MSIE 7.0; Windows NT 5.1; FunWebProducts; .NET CLR 1.0.3705)"
77.46.166.179 - - [10/Sep/2008:08:14:21 +0200] "GET /zampa-lovers/2SEITEVE.GIF HTTP/1.1" 200 83466 "http://various-euro.com/zampa-lovers/index.html" "Mozilla/4.0 (compatible; MSIE 7.0; Windows NT 5.1; FunWebProducts; .NET CLR 1.0.3705)"
77.46.166.179 - - [10/Sep/2008:08:14:21 +0200] "GET /zampa-lovers/Kralle.gif HTTP/1.1" 200 260 "http://various-euro.com/zampa-lovers/index.html" "Mozilla/4.0 (compatible; MSIE 7.0; Windows NT 5.1; FunWebProducts; .NET CLR 1.0.3705)"
77.46.166.179 - - [10/Sep/2008:08:14:21 +0200] "GET /zampa-lovers/zampa-2X2.gif HTTP/1.1" 200 6948 "http://various-euro.com/zampa-lovers/index.html" "Mozilla/4.0 (compatible; MSIE 7.0; Windows NT 5.1; FunWebProducts; .NET CLR 1.0.3705)"
77.46.166.179 - - [10/Sep/2008:08:14:22 +0200] "GET /zampa-lovers/zampamali.gif HTTP/1.1" 200 2617 "http://various-euro.com/zampa-lovers/index.html" "Mozilla/4.0 (compatible; MSIE 7.0; Windows NT 5.1; FunWebProducts; .NET CLR 1.0.3705)"
77.46.166.179 - - [10/Sep/2008:08:14:26 +0200] "GET /zampa-lovers/zampama2.mpg HTTP/1.1" 404 2748 "http://various-euro.com/zampa-lovers/index.html" "Windows-Media-Player/11.0.5721.5230"
77.46.166.179 - - [10/Sep/2008:08:14:27 +0200] "GET /zampa-lovers/zampa.ICO HTTP/1.1" 200 7134 "-" "Mozilla/4.0 (compatible; MSIE 7.0; Windows NT 5.1; FunWebProducts; .NET CLR 1.0.3705)"
77.46.166.179 - - [10/Sep/2008:08:14:26 +0200] "GET /zampa-lovers/WASISTMI1.MPG HTTP/1.1" 200 271221 "http://various-euro.com/zampa-lovers/index.html" "Windows-Media-Player/11.0.5721.5230"
77.46.166.179 - - [10/Sep/2008:08:14:29 +0200] "GET /framez-zampa-lovers.html HTTP/1.1" 200 4322 "-" "Mozilla/4.0 (compatible; MSIE 7.0; Windows NT 5.1; FunWebProducts; .NET CLR 1.0.3705)"
77.46.166.179 - - [10/Sep/2008:08:14:27 +0200] "GET /zampa-lovers/ZAMPAMAS.MPG HTTP/1.1" 200 520196 "http://various-euro.com/zampa-lovers/index.html" "Windows-Media-Player/11.0.5721.5230"
77.46.166.179 - - [10/Sep/2008:08:14:30 +0200] "GET /zampa-lovers/ZAMPAMAS.MPG HTTP/1.1" 206 327206 "-" "Mozilla/4.0 (compatible; MSIE 7.0; Windows NT 5.1; FunWebProducts; .NET CLR 1.0.3705)"
77.46.166.179 - - [10/Sep/2008:08:14:30 +0200] "GET /zampa-lovers/WASISTMI1.MPG HTTP/1.1" 206 109327 "-" "Mozilla/4.0 (compatible; MSIE 7.0; Windows NT 5.1; FunWebProducts; .NET CLR 1.0.3705)"
