193.252.149.16 - - [04/Sep/2008:02:26:00 +0200] "GET /f-net.html HTTP/1.1" 200 9913 "-" "Mozilla/5.0 (Windows; U; Windows NT 5.1; fr; rv:1.8.1) VoilaBot BETA 1.2 (support.voilabot@orange-ftgroup.com)"
24.11.3.51 - - [04/Sep/2008:02:42:58 +0200] "GET / HTTP/1.1" 200 7869 "-" "Mozilla/5.0 (Macintosh; U; Intel Mac OS X 10.5; en-US; rv:1.9.0.1) Gecko/2008070206 Firefox/3.0.1"
24.11.3.51 - - [04/Sep/2008:02:42:58 +0200] "GET /ve-icon-2.ico HTTP/1.1" 200 2238 "-" "Mozilla/5.0 (Macintosh; U; Intel Mac OS X 10.5; en-US; rv:1.9.0.1) Gecko/2008070206 Firefox/3.0.1"
24.11.3.51 - - [04/Sep/2008:02:42:58 +0200] "GET /style/various-euro.css HTTP/1.1" 200 3437 "http://www.various-euro.com/" "Mozilla/5.0 (Macintosh; U; Intel Mac OS X 10.5; en-US; rv:1.9.0.1) Gecko/2008070206 Firefox/3.0.1"
24.11.3.51 - - [04/Sep/2008:02:42:59 +0200] "GET /framez_0.html HTTP/1.1" 200 12444 "http://www.various-euro.com/" "Mozilla/5.0 (Macintosh; U; Intel Mac OS X 10.5; en-US; rv:1.9.0.1) Gecko/2008070206 Firefox/3.0.1"
137.99.117.73 - - [04/Sep/2008:02:52:39 +0200] "GET /favicon.ico HTTP/1.1" 404 2748 "http://www.google.com/search?hl=en&client=firefox-a&rls=org.mozilla%3Aen-US%3Aofficial&hs=uE3&q=govori+srpski+da+te+bog+razume&btnG=Search" "Mozilla/5.0 (Windows; U; Windows NT 6.0; en-US; rv:1.9.0.1) Gecko/2008070208 Firefox/3.0.1"
193.252.149.15 - - [04/Sep/2008:03:27:09 +0200] "GET /f-bannnerz.html HTTP/1.1" 200 12651 "-" "Mozilla/5.0 (Windows; U; Windows NT 5.1; fr; rv:1.8.1) VoilaBot BETA 1.2 (support.voilabot@orange-ftgroup.com)"
75.33.233.36 - - [04/Sep/2008:03:44:03 +0200] "GET / HTTP/1.1" 302 353 "http://www.google.com/search?q=zampa+di+leone&ie=utf-8&oe=utf-8&aq=t&rls=org.mozilla:en-US:official&client=firefox-a" "Mozilla/5.0 (Macintosh; U; Intel Mac OS X 10.4; en-US; rv:1.9.0.1) Gecko/2008070206 Firefox/3.0.1"
75.33.233.36 - - [04/Sep/2008:03:44:04 +0200] "GET /zampa/ HTTP/1.1" 200 7153 "http://www.google.com/search?q=zampa+di+leone&ie=utf-8&oe=utf-8&aq=t&rls=org.mozilla:en-US:official&client=firefox-a" "Mozilla/5.0 (Macintosh; U; Intel Mac OS X 10.4; en-US; rv:1.9.0.1) Gecko/2008070206 Firefox/3.0.1"
75.33.233.36 - - [04/Sep/2008:03:44:04 +0200] "GET /zampa/slike/zampa.gif HTTP/1.1" 200 5310 "http://www.various-euro.com/zampa/" "Mozilla/5.0 (Macintosh; U; Intel Mac OS X 10.4; en-US; rv:1.9.0.1) Gecko/2008070206 Firefox/3.0.1"
75.33.233.36 - - [04/Sep/2008:03:44:04 +0200] "GET /zampa/slike/udupetu.gif HTTP/1.1" 200 4138 "http://www.various-euro.com/zampa/" "Mozilla/5.0 (Macintosh; U; Intel Mac OS X 10.4; en-US; rv:1.9.0.1) Gecko/2008070206 Firefox/3.0.1"
75.33.233.36 - - [04/Sep/2008:03:44:04 +0200] "GET /zampa/slike/inthearse.gif HTTP/1.1" 200 4077 "http://www.various-euro.com/zampa/" "Mozilla/5.0 (Macintosh; U; Intel Mac OS X 10.4; en-US; rv:1.9.0.1) Gecko/2008070206 Firefox/3.0.1"
75.33.233.36 - - [04/Sep/2008:03:44:05 +0200] "GET /favicon.ico HTTP/1.1" 404 2748 "-" "Mozilla/5.0 (Macintosh; U; Intel Mac OS X 10.4; en-US; rv:1.9.0.1) Gecko/2008070206 Firefox/3.0.1"
75.33.233.36 - - [04/Sep/2008:03:44:08 +0200] "GET /favicon.ico HTTP/1.1" 404 2748 "-" "Mozilla/5.0 (Macintosh; U; Intel Mac OS X 10.4; en-US; rv:1.9.0.1) Gecko/2008070206 Firefox/3.0.1"
75.33.233.36 - - [04/Sep/2008:03:44:32 +0200] "GET /zampa/montenegro/dajpare.html HTTP/1.1" 200 2503 "http://www.various-euro.com/zampa/" "Mozilla/5.0 (Macintosh; U; Intel Mac OS X 10.4; en-US; rv:1.9.0.1) Gecko/2008070206 Firefox/3.0.1"
75.33.233.36 - - [04/Sep/2008:03:44:33 +0200] "GET /zampa/montenegro/slike/BATAW.jpg HTTP/1.1" 200 2631 "http://www.various-euro.com/zampa/montenegro/dajpare.html" "Mozilla/5.0 (Macintosh; U; Intel Mac OS X 10.4; en-US; rv:1.9.0.1) Gecko/2008070206 Firefox/3.0.1"
75.33.233.36 - - [04/Sep/2008:03:44:33 +0200] "GET /zampa/montenegro/slike/SEKAW.jpg HTTP/1.1" 200 2786 "http://www.various-euro.com/zampa/montenegro/dajpare.html" "Mozilla/5.0 (Macintosh; U; Intel Mac OS X 10.4; en-US; rv:1.9.0.1) Gecko/2008070206 Firefox/3.0.1"
75.33.233.36 - - [04/Sep/2008:03:44:33 +0200] "GET /zampa/montenegro/slike/TESLAW.jpg HTTP/1.1" 200 3770 "http://www.various-euro.com/zampa/montenegro/dajpare.html" "Mozilla/5.0 (Macintosh; U; Intel Mac OS X 10.4; en-US; rv:1.9.0.1) Gecko/2008070206 Firefox/3.0.1"
75.33.233.36 - - [04/Sep/2008:03:44:33 +0200] "GET /zampa/montenegro/slike/ZMAJW.jpg HTTP/1.1" 200 4555 "http://www.various-euro.com/zampa/montenegro/dajpare.html" "Mozilla/5.0 (Macintosh; U; Intel Mac OS X 10.4; en-US; rv:1.9.0.1) Gecko/2008070206 Firefox/3.0.1"
75.33.233.36 - - [04/Sep/2008:03:44:33 +0200] "GET /zampa/montenegro/slike/MILOW.jpg HTTP/1.1" 200 3823 "http://www.various-euro.com/zampa/montenegro/dajpare.html" "Mozilla/5.0 (Macintosh; U; Intel Mac OS X 10.4; en-US; rv:1.9.0.1) Gecko/2008070206 Firefox/3.0.1"
75.33.233.36 - - [04/Sep/2008:03:44:43 +0200] "GET /zampa/montenegro/index.html HTTP/1.1" 200 2651 "http://www.various-euro.com/zampa/montenegro/dajpare.html" "Mozilla/5.0 (Macintosh; U; Intel Mac OS X 10.4; en-US; rv:1.9.0.1) Gecko/2008070206 Firefox/3.0.1"
75.33.233.36 - - [04/Sep/2008:03:44:43 +0200] "GET /zampa/montenegro/slike/plakat.jpg HTTP/1.1" 200 47879 "http://www.various-euro.com/zampa/montenegro/index.html" "Mozilla/5.0 (Macintosh; U; Intel Mac OS X 10.4; en-US; rv:1.9.0.1) Gecko/2008070206 Firefox/3.0.1"
75.33.233.36 - - [04/Sep/2008:03:44:59 +0200] "GET /zampa/slike/E2COPY.GIF HTTP/1.1" 200 10416 "http://www.various-euro.com/zampa/" "Mozilla/5.0 (Macintosh; U; Intel Mac OS X 10.4; en-US; rv:1.9.0.1) Gecko/2008070206 Firefox/3.0.1"
75.33.233.36 - - [04/Sep/2008:03:45:07 +0200] "GET /zampa/slike/E3VAMPIR.GIF HTTP/1.1" 200 52553 "http://www.various-euro.com/zampa/" "Mozilla/5.0 (Macintosh; U; Intel Mac OS X 10.4; en-US; rv:1.9.0.1) Gecko/2008070206 Firefox/3.0.1"
75.33.233.36 - - [04/Sep/2008:03:46:05 +0200] "GET /zampa/slike/E5UROSTO.GIF HTTP/1.1" 200 42690 "http://www.various-euro.com/zampa/" "Mozilla/5.0 (Macintosh; U; Intel Mac OS X 10.4; en-US; rv:1.9.0.1) Gecko/2008070206 Firefox/3.0.1"
75.33.233.36 - - [04/Sep/2008:03:46:40 +0200] "GET /zampa/slike/E6BIENNI.GIF HTTP/1.1" 200 33736 "http://www.various-euro.com/zampa/" "Mozilla/5.0 (Macintosh; U; Intel Mac OS X 10.4; en-US; rv:1.9.0.1) Gecko/2008070206 Firefox/3.0.1"
75.33.233.36 - - [04/Sep/2008:03:47:02 +0200] "GET /zampa/slike/E7MEDIAA.GIF HTTP/1.1" 200 44716 "http://www.various-euro.com/zampa/" "Mozilla/5.0 (Macintosh; U; Intel Mac OS X 10.4; en-US; rv:1.9.0.1) Gecko/2008070206 Firefox/3.0.1"
75.33.233.36 - - [04/Sep/2008:03:47:36 +0200] "GET /zampa/slike/E8CURATO.GIF HTTP/1.1" 200 15386 "http://www.various-euro.com/zampa/" "Mozilla/5.0 (Macintosh; U; Intel Mac OS X 10.4; en-US; rv:1.9.0.1) Gecko/2008070206 Firefox/3.0.1"
81.52.143.15 - - [04/Sep/2008:04:20:25 +0200] "GET /f-warez.html HTTP/1.1" 200 10953 "-" "Mozilla/5.0 (Windows; U; Windows NT 5.1; fr; rv:1.8.1) VoilaBot BETA 1.2 (support.voilabot@orange-ftgroup.com)"
74.249.35.32 - - [04/Sep/2008:06:26:47 +0200] "GET /bmpp/18.html HTTP/1.1" 200 4467 "http://www.google.com/search?q=things+you+must+be+18+yrs+or+older+for&ie=utf-8&oe=utf-8&aq=t&rls=org.mozilla:en-US:official&client=firefox-a" "Mozilla/5.0 (Windows; U; Windows NT 5.1; en-US; rv:1.8.1.16) Gecko/20080702 Firefox/2.0.0.16"
74.249.35.32 - - [04/Sep/2008:06:26:48 +0200] "GET /bmpp/Bilder/18_02.png HTTP/1.1" 200 289 "http://www.various-euro.com/bmpp/18.html" "Mozilla/5.0 (Windows; U; Windows NT 5.1; en-US; rv:1.8.1.16) Gecko/20080702 Firefox/2.0.0.16"
74.249.35.32 - - [04/Sep/2008:06:26:48 +0200] "GET /bmpp/Bilder/18_01.png HTTP/1.1" 200 1118 "http://www.various-euro.com/bmpp/18.html" "Mozilla/5.0 (Windows; U; Windows NT 5.1; en-US; rv:1.8.1.16) Gecko/20080702 Firefox/2.0.0.16"
74.249.35.32 - - [04/Sep/2008:06:26:48 +0200] "GET /bmpp/Bilder/18_03.png HTTP/1.1" 200 574 "http://www.various-euro.com/bmpp/18.html" "Mozilla/5.0 (Windows; U; Windows NT 5.1; en-US; rv:1.8.1.16) Gecko/20080702 Firefox/2.0.0.16"
74.249.35.32 - - [04/Sep/2008:06:26:48 +0200] "GET /bmpp/Bilder/18_04.png HTTP/1.1" 200 289 "http://www.various-euro.com/bmpp/18.html" "Mozilla/5.0 (Windows; U; Windows NT 5.1; en-US; rv:1.8.1.16) Gecko/20080702 Firefox/2.0.0.16"
74.249.35.32 - - [04/Sep/2008:06:26:48 +0200] "GET /bmpp/Bilder/18_05.png HTTP/1.1" 200 407 "http://www.various-euro.com/bmpp/18.html" "Mozilla/5.0 (Windows; U; Windows NT 5.1; en-US; rv:1.8.1.16) Gecko/20080702 Firefox/2.0.0.16"
74.249.35.32 - - [04/Sep/2008:06:26:49 +0200] "GET /bmpp/Bilder/18_06.png HTTP/1.1" 200 289 "http://www.various-euro.com/bmpp/18.html" "Mozilla/5.0 (Windows; U; Windows NT 5.1; en-US; rv:1.8.1.16) Gecko/20080702 Firefox/2.0.0.16"
74.249.35.32 - - [04/Sep/2008:06:26:49 +0200] "GET /bmpp/Bilder/18_07.png HTTP/1.1" 200 417 "http://www.various-euro.com/bmpp/18.html" "Mozilla/5.0 (Windows; U; Windows NT 5.1; en-US; rv:1.8.1.16) Gecko/20080702 Firefox/2.0.0.16"
74.249.35.32 - - [04/Sep/2008:06:26:49 +0200] "GET /bmpp/Bilder/18_09.png HTTP/1.1" 200 417 "http://www.various-euro.com/bmpp/18.html" "Mozilla/5.0 (Windows; U; Windows NT 5.1; en-US; rv:1.8.1.16) Gecko/20080702 Firefox/2.0.0.16"
74.249.35.32 - - [04/Sep/2008:06:26:49 +0200] "GET /bmpp/Bilder/18_08.png HTTP/1.1" 200 289 "http://www.various-euro.com/bmpp/18.html" "Mozilla/5.0 (Windows; U; Windows NT 5.1; en-US; rv:1.8.1.16) Gecko/20080702 Firefox/2.0.0.16"
74.249.35.32 - - [04/Sep/2008:06:26:50 +0200] "GET /bmpp/Bilder/18_11.png HTTP/1.1" 200 233 "http://www.various-euro.com/bmpp/18.html" "Mozilla/5.0 (Windows; U; Windows NT 5.1; en-US; rv:1.8.1.16) Gecko/20080702 Firefox/2.0.0.16"
74.249.35.32 - - [04/Sep/2008:06:26:50 +0200] "GET /bmpp/Bilder/18_10.png HTTP/1.1" 200 270 "http://www.various-euro.com/bmpp/18.html" "Mozilla/5.0 (Windows; U; Windows NT 5.1; en-US; rv:1.8.1.16) Gecko/20080702 Firefox/2.0.0.16"
74.249.35.32 - - [04/Sep/2008:06:26:50 +0200] "GET /bmpp/Bilder/18_12.png HTTP/1.1" 200 595 "http://www.various-euro.com/bmpp/18.html" "Mozilla/5.0 (Windows; U; Windows NT 5.1; en-US; rv:1.8.1.16) Gecko/20080702 Firefox/2.0.0.16"
74.249.35.32 - - [04/Sep/2008:06:26:51 +0200] "GET /bmpp/Bilder/18_13.png HTTP/1.1" 200 282 "http://www.various-euro.com/bmpp/18.html" "Mozilla/5.0 (Windows; U; Windows NT 5.1; en-US; rv:1.8.1.16) Gecko/20080702 Firefox/2.0.0.16"
74.249.35.32 - - [04/Sep/2008:06:26:51 +0200] "GET /bmpp/Bilder/18_14.png HTTP/1.1" 200 609 "http://www.various-euro.com/bmpp/18.html" "Mozilla/5.0 (Windows; U; Windows NT 5.1; en-US; rv:1.8.1.16) Gecko/20080702 Firefox/2.0.0.16"
74.249.35.32 - - [04/Sep/2008:06:26:51 +0200] "GET /bmpp/Bilder/18_15.png HTTP/1.1" 200 524 "http://www.various-euro.com/bmpp/18.html" "Mozilla/5.0 (Windows; U; Windows NT 5.1; en-US; rv:1.8.1.16) Gecko/20080702 Firefox/2.0.0.16"
74.249.35.32 - - [04/Sep/2008:06:26:51 +0200] "GET /bmpp/Bilder/18_17.png HTTP/1.1" 200 958 "http://www.various-euro.com/bmpp/18.html" "Mozilla/5.0 (Windows; U; Windows NT 5.1; en-US; rv:1.8.1.16) Gecko/20080702 Firefox/2.0.0.16"
74.249.35.32 - - [04/Sep/2008:06:26:51 +0200] "GET /bmpp/Bilder/18_16.png HTTP/1.1" 200 499 "http://www.various-euro.com/bmpp/18.html" "Mozilla/5.0 (Windows; U; Windows NT 5.1; en-US; rv:1.8.1.16) Gecko/20080702 Firefox/2.0.0.16"
74.249.35.32 - - [04/Sep/2008:06:26:51 +0200] "GET /bmpp/Bilder/18_18.png HTTP/1.1" 200 453 "http://www.various-euro.com/bmpp/18.html" "Mozilla/5.0 (Windows; U; Windows NT 5.1; en-US; rv:1.8.1.16) Gecko/20080702 Firefox/2.0.0.16"
74.249.35.32 - - [04/Sep/2008:06:26:51 +0200] "GET /bmpp/Bilder/18_19.png HTTP/1.1" 200 277 "http://www.various-euro.com/bmpp/18.html" "Mozilla/5.0 (Windows; U; Windows NT 5.1; en-US; rv:1.8.1.16) Gecko/20080702 Firefox/2.0.0.16"
74.249.35.32 - - [04/Sep/2008:06:26:51 +0200] "GET /bmpp/Bilder/18_20.png HTTP/1.1" 200 252 "http://www.various-euro.com/bmpp/18.html" "Mozilla/5.0 (Windows; U; Windows NT 5.1; en-US; rv:1.8.1.16) Gecko/20080702 Firefox/2.0.0.16"
74.249.35.32 - - [04/Sep/2008:06:26:51 +0200] "GET /bmpp/Bilder/18_21.png HTTP/1.1" 200 253 "http://www.various-euro.com/bmpp/18.html" "Mozilla/5.0 (Windows; U; Windows NT 5.1; en-US; rv:1.8.1.16) Gecko/20080702 Firefox/2.0.0.16"
74.249.35.32 - - [04/Sep/2008:06:26:51 +0200] "GET /bmpp/Bilder/18_22.png HTTP/1.1" 200 430 "http://www.various-euro.com/bmpp/18.html" "Mozilla/5.0 (Windows; U; Windows NT 5.1; en-US; rv:1.8.1.16) Gecko/20080702 Firefox/2.0.0.16"
74.249.35.32 - - [04/Sep/2008:06:26:51 +0200] "GET /bmpp/Bilder/18_23.png HTTP/1.1" 200 454 "http://www.various-euro.com/bmpp/18.html" "Mozilla/5.0 (Windows; U; Windows NT 5.1; en-US; rv:1.8.1.16) Gecko/20080702 Firefox/2.0.0.16"
74.249.35.32 - - [04/Sep/2008:06:26:52 +0200] "GET /bmpp/Bilder/18_25.png HTTP/1.1" 200 827 "http://www.various-euro.com/bmpp/18.html" "Mozilla/5.0 (Windows; U; Windows NT 5.1; en-US; rv:1.8.1.16) Gecko/20080702 Firefox/2.0.0.16"
74.249.35.32 - - [04/Sep/2008:06:26:52 +0200] "GET /bmpp/Bilder/18_24.png HTTP/1.1" 200 353 "http://www.various-euro.com/bmpp/18.html" "Mozilla/5.0 (Windows; U; Windows NT 5.1; en-US; rv:1.8.1.16) Gecko/20080702 Firefox/2.0.0.16"
74.249.35.32 - - [04/Sep/2008:06:26:52 +0200] "GET /bmpp/Bilder/18_26.png HTTP/1.1" 200 880 "http://www.various-euro.com/bmpp/18.html" "Mozilla/5.0 (Windows; U; Windows NT 5.1; en-US; rv:1.8.1.16) Gecko/20080702 Firefox/2.0.0.16"
74.249.35.32 - - [04/Sep/2008:06:26:52 +0200] "GET /bmpp/Bilder/18_27.png HTTP/1.1" 200 854 "http://www.various-euro.com/bmpp/18.html" "Mozilla/5.0 (Windows; U; Windows NT 5.1; en-US; rv:1.8.1.16) Gecko/20080702 Firefox/2.0.0.16"
74.249.35.32 - - [04/Sep/2008:06:26:52 +0200] "GET /bmpp/Bilder/18_28.png HTTP/1.1" 200 721 "http://www.various-euro.com/bmpp/18.html" "Mozilla/5.0 (Windows; U; Windows NT 5.1; en-US; rv:1.8.1.16) Gecko/20080702 Firefox/2.0.0.16"
74.249.35.32 - - [04/Sep/2008:06:26:52 +0200] "GET /bmpp/Bilder/18_29.png HTTP/1.1" 200 564 "http://www.various-euro.com/bmpp/18.html" "Mozilla/5.0 (Windows; U; Windows NT 5.1; en-US; rv:1.8.1.16) Gecko/20080702 Firefox/2.0.0.16"
74.249.35.32 - - [04/Sep/2008:06:26:52 +0200] "GET /bmpp/Bilder/18_30.png HTTP/1.1" 200 233 "http://www.various-euro.com/bmpp/18.html" "Mozilla/5.0 (Windows; U; Windows NT 5.1; en-US; rv:1.8.1.16) Gecko/20080702 Firefox/2.0.0.16"
74.249.35.32 - - [04/Sep/2008:06:26:52 +0200] "GET /bmpp/Bilder/18_31.png HTTP/1.1" 200 402 "http://www.various-euro.com/bmpp/18.html" "Mozilla/5.0 (Windows; U; Windows NT 5.1; en-US; rv:1.8.1.16) Gecko/20080702 Firefox/2.0.0.16"
74.249.35.32 - - [04/Sep/2008:06:26:53 +0200] "GET /bmpp/Bilder/18_32.png HTTP/1.1" 200 374 "http://www.various-euro.com/bmpp/18.html" "Mozilla/5.0 (Windows; U; Windows NT 5.1; en-US; rv:1.8.1.16) Gecko/20080702 Firefox/2.0.0.16"
74.249.35.32 - - [04/Sep/2008:06:26:53 +0200] "GET /bmpp/Bilder/18_33.png HTTP/1.1" 200 398 "http://www.various-euro.com/bmpp/18.html" "Mozilla/5.0 (Windows; U; Windows NT 5.1; en-US; rv:1.8.1.16) Gecko/20080702 Firefox/2.0.0.16"
74.249.35.32 - - [04/Sep/2008:06:26:53 +0200] "GET /bmpp/Bilder/18_35.png HTTP/1.1" 200 691 "http://www.various-euro.com/bmpp/18.html" "Mozilla/5.0 (Windows; U; Windows NT 5.1; en-US; rv:1.8.1.16) Gecko/20080702 Firefox/2.0.0.16"
74.249.35.32 - - [04/Sep/2008:06:26:53 +0200] "GET /bmpp/Bilder/18_34.png HTTP/1.1" 200 573 "http://www.various-euro.com/bmpp/18.html" "Mozilla/5.0 (Windows; U; Windows NT 5.1; en-US; rv:1.8.1.16) Gecko/20080702 Firefox/2.0.0.16"
74.249.35.32 - - [04/Sep/2008:06:26:53 +0200] "GET /bmpp/Bilder/18_36.png HTTP/1.1" 200 557 "http://www.various-euro.com/bmpp/18.html" "Mozilla/5.0 (Windows; U; Windows NT 5.1; en-US; rv:1.8.1.16) Gecko/20080702 Firefox/2.0.0.16"
74.249.35.32 - - [04/Sep/2008:06:26:53 +0200] "GET /bmpp/Bilder/18_37.png HTTP/1.1" 200 239 "http://www.various-euro.com/bmpp/18.html" "Mozilla/5.0 (Windows; U; Windows NT 5.1; en-US; rv:1.8.1.16) Gecko/20080702 Firefox/2.0.0.16"
74.249.35.32 - - [04/Sep/2008:06:26:53 +0200] "GET /bmpp/Bilder/18_38.png HTTP/1.1" 200 509 "http://www.various-euro.com/bmpp/18.html" "Mozilla/5.0 (Windows; U; Windows NT 5.1; en-US; rv:1.8.1.16) Gecko/20080702 Firefox/2.0.0.16"
74.249.35.32 - - [04/Sep/2008:06:26:53 +0200] "GET /bmpp/Bilder/18_39.png HTTP/1.1" 200 733 "http://www.various-euro.com/bmpp/18.html" "Mozilla/5.0 (Windows; U; Windows NT 5.1; en-US; rv:1.8.1.16) Gecko/20080702 Firefox/2.0.0.16"
74.249.35.32 - - [04/Sep/2008:06:26:53 +0200] "GET /bmpp/Bilder/18_40.png HTTP/1.1" 200 506 "http://www.various-euro.com/bmpp/18.html" "Mozilla/5.0 (Windows; U; Windows NT 5.1; en-US; rv:1.8.1.16) Gecko/20080702 Firefox/2.0.0.16"
74.249.35.32 - - [04/Sep/2008:06:26:53 +0200] "GET /bmpp/Bilder/18_41.png HTTP/1.1" 200 334 "http://www.various-euro.com/bmpp/18.html" "Mozilla/5.0 (Windows; U; Windows NT 5.1; en-US; rv:1.8.1.16) Gecko/20080702 Firefox/2.0.0.16"
74.249.35.32 - - [04/Sep/2008:06:26:54 +0200] "GET /bmpp/Bilder/18_42.png HTTP/1.1" 200 286 "http://www.various-euro.com/bmpp/18.html" "Mozilla/5.0 (Windows; U; Windows NT 5.1; en-US; rv:1.8.1.16) Gecko/20080702 Firefox/2.0.0.16"
74.249.35.32 - - [04/Sep/2008:06:26:54 +0200] "GET /bmpp/Bilder/18_43.png HTTP/1.1" 200 280 "http://www.various-euro.com/bmpp/18.html" "Mozilla/5.0 (Windows; U; Windows NT 5.1; en-US; rv:1.8.1.16) Gecko/20080702 Firefox/2.0.0.16"
74.249.35.32 - - [04/Sep/2008:06:26:54 +0200] "GET /favicon.ico HTTP/1.1" 404 2748 "-" "Mozilla/5.0 (Windows; U; Windows NT 5.1; en-US; rv:1.8.1.16) Gecko/20080702 Firefox/2.0.0.16"
81.169.185.32 - - [04/Sep/2008:06:27:39 +0200] "GET / HTTP/1.1" 302 353 "-" "Mozilla/4.0 (compatible; MSIE 7.0; Windows NT 5.2; .NET CLR 1.1.4322; .NET CLR 2.0.50727; .NET CLR 3.0.04506.30; .NET CLR 3.0.04506.648)"
81.169.185.32 - - [04/Sep/2008:06:27:39 +0200] "GET /zampa/ HTTP/1.1" 200 7153 "-" "Mozilla/4.0 (compatible; MSIE 7.0; Windows NT 5.2; .NET CLR 1.1.4322; .NET CLR 2.0.50727; .NET CLR 3.0.04506.30; .NET CLR 3.0.04506.648)"
81.169.185.32 - - [04/Sep/2008:06:27:40 +0200] "GET /zampa/slike/zampa.gif HTTP/1.1" 200 5310 "http://www.various-euro.com/zampa/" "Mozilla/4.0 (compatible; MSIE 7.0; Windows NT 5.2; .NET CLR 1.1.4322; .NET CLR 2.0.50727; .NET CLR 3.0.04506.30; .NET CLR 3.0.04506.648)"
81.169.185.32 - - [04/Sep/2008:06:27:41 +0200] "GET /zampa/slike/udupetu.gif HTTP/1.1" 200 4138 "http://www.various-euro.com/zampa/" "Mozilla/4.0 (compatible; MSIE 7.0; Windows NT 5.2; .NET CLR 1.1.4322; .NET CLR 2.0.50727; .NET CLR 3.0.04506.30; .NET CLR 3.0.04506.648)"
81.169.185.32 - - [04/Sep/2008:06:27:41 +0200] "GET /zampa/slike/inthearse.gif HTTP/1.1" 200 4077 "http://www.various-euro.com/zampa/" "Mozilla/4.0 (compatible; MSIE 7.0; Windows NT 5.2; .NET CLR 1.1.4322; .NET CLR 2.0.50727; .NET CLR 3.0.04506.30; .NET CLR 3.0.04506.648)"
202.179.180.53 - - [04/Sep/2008:06:48:58 +0200] "GET /robots.txt HTTP/1.1" 302 363 "-" "Mozilla/4.0 (compatible; NaverBot/1.0; http://help.naver.com/delete_main.asp)"
202.179.180.53 - - [04/Sep/2008:06:48:59 +0200] "GET /searchart.html HTTP/1.1" 302 367 "-" "Mozilla/4.0 (compatible; NaverBot/1.0; http://help.naver.com/delete_main.asp)"
119.63.193.43 - - [04/Sep/2008:07:53:31 +0200] "GET / HTTP/1.1" 200 7869 "-" "Baiduspider+(+http://help.baidu.jp/system/05.html)"
74.6.17.166 - - [04/Sep/2008:08:05:41 +0200] "GET /framez-rez.html HTTP/1.0" 200 4323 "-" "Mozilla/5.0 (compatible; Yahoo! Slurp; http://help.yahoo.com/help/us/ysearch/slurp)"
74.6.17.166 - - [04/Sep/2008:08:05:42 +0200] "GET /frame-menu.html HTTP/1.0" 200 10536 "-" "Mozilla/5.0 (compatible; Yahoo! Slurp; http://help.yahoo.com/help/us/ysearch/slurp)"
74.6.17.166 - - [04/Sep/2008:08:05:44 +0200] "GET /f-rez.html HTTP/1.0" 200 9765 "-" "Mozilla/5.0 (compatible; Yahoo! Slurp; http://help.yahoo.com/help/us/ysearch/slurp)"
74.6.17.166 - - [04/Sep/2008:08:05:45 +0200] "GET /frame-unten.html HTTP/1.0" 200 5308 "-" "Mozilla/5.0 (compatible; Yahoo! Slurp; http://help.yahoo.com/help/us/ysearch/slurp)"
74.6.17.166 - - [04/Sep/2008:09:02:57 +0200] "GET /framez-zampa-lovers.html HTTP/1.0" 200 4322 "-" "Mozilla/5.0 (compatible; Yahoo! Slurp; http://help.yahoo.com/help/us/ysearch/slurp)"
74.6.17.166 - - [04/Sep/2008:09:02:59 +0200] "GET /zampa-lovers/index.html HTTP/1.0" 200 37790 "-" "Mozilla/5.0 (compatible; Yahoo! Slurp; http://help.yahoo.com/help/us/ysearch/slurp)"
81.52.143.16 - - [04/Sep/2008:09:09:00 +0200] "GET /neon/girlz2.html HTTP/1.1" 200 2937 "-" "Mozilla/5.0 (Windows; U; Windows NT 5.1; fr; rv:1.8.1) VoilaBot BETA 1.2 (support.voilabot@orange-ftgroup.com)"
65.98.224.2 - - [04/Sep/2008:09:30:42 +0200] "GET /robots.txt HTTP/1.0" 200 64 "-" "TurnitinBot/2.1 (http://www.turnitin.com/robot/crawlerinfo.html)"
74.6.17.166 - - [04/Sep/2008:09:33:14 +0200] "GET /zampa/ HTTP/1.0" 200 7153 "-" "Mozilla/5.0 (compatible; Yahoo! Slurp; http://help.yahoo.com/help/us/ysearch/slurp)"
65.98.224.2 - - [04/Sep/2008:09:36:34 +0200] "GET /schubb/schubb-2.html HTTP/1.0" 200 16660 "-" "TurnitinBot/2.1 (http://www.turnitin.com/robot/crawlerinfo.html)"
65.98.224.2 - - [04/Sep/2008:09:37:45 +0200] "GET /frame-menu.html HTTP/1.0" 200 10536 "-" "TurnitinBot/2.1 (http://www.turnitin.com/robot/crawlerinfo.html)"
65.98.224.2 - - [04/Sep/2008:09:38:45 +0200] "GET /f-world.html HTTP/1.0" 200 35590 "-" "TurnitinBot/2.1 (http://www.turnitin.com/robot/crawlerinfo.html)"
65.214.45.224 - - [04/Sep/2008:09:39:49 +0200] "GET /robots.txt HTTP/1.0" 200 64 "-" "Mozilla/5.0 (compatible; Ask Jeeves/Teoma; +http://about.ask.com/en/docs/about/webmasters.shtml)"
65.214.45.224 - - [04/Sep/2008:09:39:49 +0200] "GET /restate_copy.html HTTP/1.0" 200 97631 "-" "Mozilla/5.0 (compatible; Ask Jeeves/Teoma; +http://about.ask.com/en/docs/about/webmasters.shtml)"
65.214.45.224 - - [04/Sep/2008:09:39:50 +0200] "GET /menueleiste.js HTTP/1.0" 404 2748 "-" "Mozilla/5.0 (compatible; Ask Jeeves/Teoma; +http://about.ask.com/en/docs/about/webmasters.shtml)"
65.98.224.2 - - [04/Sep/2008:09:39:54 +0200] "GET /f-contact.html HTTP/1.0" 200 6804 "-" "TurnitinBot/2.1 (http://www.turnitin.com/robot/crawlerinfo.html)"
65.98.224.2 - - [04/Sep/2008:09:40:47 +0200] "GET / HTTP/1.0" 200 7869 "-" "TurnitinBot/2.1 (http://www.turnitin.com/robot/crawlerinfo.html)"
65.98.224.2 - - [04/Sep/2008:09:41:46 +0200] "GET /zampa-lovers/index.html HTTP/1.0" 200 37790 "-" "TurnitinBot/2.1 (http://www.turnitin.com/robot/crawlerinfo.html)"
65.214.45.100 - - [04/Sep/2008:09:46:29 +0200] "GET /framez-restate.html HTTP/1.0" 200 4328 "-" "Mozilla/5.0 (compatible; Ask Jeeves/Teoma; +http://about.ask.com/en/docs/about/webmasters.shtml)"
65.214.45.100 - - [04/Sep/2008:09:46:30 +0200] "GET /frame-menu.html HTTP/1.0" 200 10536 "-" "Mozilla/5.0 (compatible; Ask Jeeves/Teoma; +http://about.ask.com/en/docs/about/webmasters.shtml)"
65.214.45.100 - - [04/Sep/2008:09:46:30 +0200] "GET /restate_copy.html HTTP/1.0" 200 97631 "-" "Mozilla/5.0 (compatible; Ask Jeeves/Teoma; +http://about.ask.com/en/docs/about/webmasters.shtml)"
65.214.45.100 - - [04/Sep/2008:09:46:31 +0200] "GET /frame-unten.html HTTP/1.0" 200 5308 "-" "Mozilla/5.0 (compatible; Ask Jeeves/Teoma; +http://about.ask.com/en/docs/about/webmasters.shtml)"
66.249.65.2 - - [04/Sep/2008:09:47:06 +0200] "GET /robots.txt HTTP/1.1" 200 64 "-" "Mozilla/5.0 (compatible; Googlebot/2.1; +http://www.google.com/bot.html)"
66.249.65.2 - - [04/Sep/2008:09:47:06 +0200] "GET /style/various-euro.css HTTP/1.1" 200 3437 "-" "Mozilla/5.0 (compatible; Googlebot/2.1; +http://www.google.com/bot.html)"
65.214.45.100 - - [04/Sep/2008:09:51:07 +0200] "GET /framez.html HTTP/1.0" 200 3959 "-" "Mozilla/5.0 (compatible; Ask Jeeves/Teoma; +http://about.ask.com/en/docs/about/webmasters.shtml)"
65.214.45.100 - - [04/Sep/2008:09:51:07 +0200] "GET /framez.html HTTP/1.0" 200 3959 "-" "Mozilla/5.0 (compatible; Ask Jeeves/Teoma; +http://about.ask.com/en/docs/about/webmasters.shtml)"
65.214.45.100 - - [04/Sep/2008:09:51:08 +0200] "GET /frame-inhalt.html HTTP/1.0" 200 5418 "-" "Mozilla/5.0 (compatible; Ask Jeeves/Teoma; +http://about.ask.com/en/docs/about/webmasters.shtml)"
220.181.61.232 - - [04/Sep/2008:11:03:24 +0200] "GET /robots.txt HTTP/1.1" 302 363 "-" "-"
220.181.61.232 - - [04/Sep/2008:11:03:36 +0200] "GET / HTTP/1.1" 302 353 "-" "Sogou web spider/4.0(+http://www.sogou.com/docs/help/webmasters.htm#07)"
220.181.61.232 - - [04/Sep/2008:11:03:49 +0200] "GET /robots.txt HTTP/1.1" 304 - "-" "-"
220.181.61.232 - - [04/Sep/2008:11:08:32 +0200] "GET /zampa/ HTTP/1.1" 200 7153 "-" "Sogou web spider/4.0(+http://www.sogou.com/docs/help/webmasters.htm#07)"
66.249.65.2 - - [04/Sep/2008:12:05:41 +0200] "GET /logs/usage_200809.html HTTP/1.1" 404 2748 "-" "Mozilla/5.0 (compatible; Googlebot/2.1; +http://www.google.com/bot.html)"
122.168.50.58 - - [04/Sep/2008:12:49:24 +0200] "GET /zampa/lybia/index.html HTTP/1.1" 200 3036 "http://www.google.co.in/search?hl=en&q=what+is+teleport+technic&meta=" "Mozilla/4.0 (compatible; MSIE 6.0; Windows NT 5.1; SV1; InfoPath.2; .NET CLR 2.0.50727)"
122.168.50.58 - - [04/Sep/2008:12:49:25 +0200] "GET /zampa/lybia/slike/tele.jpg HTTP/1.1" 200 28022 "http://www.various-euro.com/zampa/lybia/index.html" "Mozilla/4.0 (compatible; MSIE 6.0; Windows NT 5.1; SV1; InfoPath.2; .NET CLR 2.0.50727)"
193.252.149.15 - - [04/Sep/2008:14:11:06 +0200] "GET /neon/slow-walk2.html HTTP/1.1" 200 1777 "-" "Mozilla/5.0 (Windows; U; Windows NT 5.1; fr; rv:1.8.1) VoilaBot BETA 1.2 (support.voilabot@orange-ftgroup.com)"
66.249.65.2 - - [04/Sep/2008:14:24:23 +0200] "GET /zampa-lovers/ HTTP/1.1" 200 37790 "-" "Mozilla/5.0 (compatible; Googlebot/2.1; +http://www.google.com/bot.html)"
193.252.149.15 - - [04/Sep/2008:14:44:31 +0200] "GET http://www.various-euro.com:80/robots.txt HTTP/1.1" 200 64 "-" "Mozilla/5.0 (Windows; U; Windows NT 5.1; fr; rv:1.8.1) VoilaBot BETA 1.2 (support.voilabot@orange-ftgroup.com)"
193.252.149.15 - - [04/Sep/2008:14:44:37 +0200] "GET /neon/code.html HTTP/1.1" 200 1109 "-" "Mozilla/5.0 (Windows; U; Windows NT 5.1; fr; rv:1.8.1) VoilaBot BETA 1.2 (support.voilabot@orange-ftgroup.com)"
201.137.121.212 - - [04/Sep/2008:15:02:57 +0200] "GET /cgi-bin/cgi_helper.pl HTTP/1.1" 404 2748 "http://various-euro.com/cgi-bin/cgi_helper.pl" "Mozilla/4.0 (compatible; MSIE 6.0; Windows NT 5.1)"
81.52.143.16 - - [04/Sep/2008:15:50:58 +0200] "GET http://www.various-euro.com:80/robots.txt HTTP/1.1" 200 64 "-" "Mozilla/5.0 (Windows; U; Windows NT 5.1; fr; rv:1.8.1) VoilaBot BETA 1.2 (support.voilabot@orange-ftgroup.com)"
81.52.143.16 - - [04/Sep/2008:15:51:06 +0200] "GET /schubb/schubb-1.html HTTP/1.1" 200 9070 "-" "Mozilla/5.0 (Windows; U; Windows NT 5.1; fr; rv:1.8.1) VoilaBot BETA 1.2 (support.voilabot@orange-ftgroup.com)"
193.253.46.17 - - [04/Sep/2008:16:11:02 +0200] "GET /restate_copy.html HTTP/1.1" 200 65291 "-" "Mozilla/4.0 (compatible; MSIE 6.0; Windows NT 5.1;1813)"
193.253.46.17 - - [04/Sep/2008:16:11:08 +0200] "GET /menueleiste.js HTTP/1.1" 404 2748 "-" "Mozilla/4.0 (compatible; MSIE 6.0; Windows NT 5.1;1813)"
74.6.17.166 - - [04/Sep/2008:16:23:48 +0200] "GET /robots.txt HTTP/1.0" 200 64 "-" "Mozilla/5.0 (compatible; Yahoo! Slurp; http://help.yahoo.com/help/us/ysearch/slurp)"
74.6.17.166 - - [04/Sep/2008:16:23:49 +0200] "GET /robots.txt HTTP/1.0" 200 64 "-" "Mozilla/5.0 (compatible; Yahoo! Slurp; http://help.yahoo.com/help/us/ysearch/slurp)"
74.6.17.166 - - [04/Sep/2008:16:24:15 +0200] "GET /schubb/schubb-1.html HTTP/1.0" 200 9070 "-" "Mozilla/5.0 (compatible; Yahoo! Slurp; http://help.yahoo.com/help/us/ysearch/slurp)"
193.253.46.17 - - [04/Sep/2008:16:25:28 +0200] "GET /restate_copy.html HTTP/1.1" 200 97631 "-" "Mozilla/4.0 (compatible; MSIE 6.0; Windows NT 5.1;1813)"
193.253.46.17 - - [04/Sep/2008:16:25:29 +0200] "GET /menueleiste.js HTTP/1.1" 404 2748 "-" "Mozilla/4.0 (compatible; MSIE 6.0; Windows NT 5.1;1813)"
193.252.149.15 - - [04/Sep/2008:17:05:48 +0200] "GET http://www.various-euro.com:80/robots.txt HTTP/1.1" 200 64 "-" "Mozilla/5.0 (Windows; U; Windows NT 5.1; fr; rv:1.8.1) VoilaBot BETA 1.2 (support.voilabot@orange-ftgroup.com)"
193.252.149.15 - - [04/Sep/2008:17:05:54 +0200] "GET /neon/euro.html HTTP/1.1" 200 2212 "-" "Mozilla/5.0 (Windows; U; Windows NT 5.1; fr; rv:1.8.1) VoilaBot BETA 1.2 (support.voilabot@orange-ftgroup.com)"
209.59.219.157 - - [04/Sep/2008:17:13:41 +0200] "GET / HTTP/1.1" 200 7869 "-" "Mozilla/4.0 (compatible; MSIE 6.0; Windows NT 5.0; DigExt)"
209.59.219.58 - - [04/Sep/2008:17:14:01 +0200] "GET / HTTP/1.1" 200 7869 "-" "Mozilla/4.7 [en] (Win95; U)"
65.55.211.162 - - [04/Sep/2008:17:35:45 +0200] "GET /robots.txt HTTP/1.1" 200 64 "-" "msnbot/1.1 (+http://search.msn.com/msnbot.htm)"
65.55.211.162 - - [04/Sep/2008:17:35:49 +0200] "GET /framez.html HTTP/1.1" 200 3959 "-" "msnbot/1.1 (+http://search.msn.com/msnbot.htm)"
65.55.211.162 - - [04/Sep/2008:17:39:29 +0200] "GET /robots.txt HTTP/1.1" 200 64 "-" "msnbot/1.0 (+http://search.msn.com/msnbot.htm)"
65.55.211.162 - - [04/Sep/2008:17:39:29 +0200] "GET /frame-menu.html HTTP/1.1" 200 10536 "-" "msnbot/1.0 (+http://search.msn.com/msnbot.htm)"
65.55.211.162 - - [04/Sep/2008:17:39:29 +0200] "GET /frame-inhalt.html HTTP/1.1" 200 5418 "-" "msnbot/1.0 (+http://search.msn.com/msnbot.htm)"
65.55.211.162 - - [04/Sep/2008:17:39:30 +0200] "GET /frame-unten.html HTTP/1.1" 200 5308 "-" "msnbot/1.0 (+http://search.msn.com/msnbot.htm)"
65.55.212.217 - - [04/Sep/2008:17:53:08 +0200] "GET /robots.txt HTTP/1.0" 200 64 "-" "msnbot-media/1.0 (+http://search.msn.com/msnbot.htm)"
65.55.212.217 - - [04/Sep/2008:17:53:08 +0200] "GET /neon/girlz2.html HTTP/1.0" 200 2937 "-" "msnbot-media/1.0 (+http://search.msn.com/msnbot.htm)"
65.55.212.217 - - [04/Sep/2008:17:53:08 +0200] "GET /framez.html HTTP/1.0" 200 3959 "-" "msnbot-media/1.0 (+http://search.msn.com/msnbot.htm)"
65.55.212.217 - - [04/Sep/2008:17:53:23 +0200] "GET /neon/slow-walk2.html HTTP/1.0" 200 1777 "-" "msnbot-media/1.0 (+http://search.msn.com/msnbot.htm)"
65.55.212.217 - - [04/Sep/2008:17:53:25 +0200] "GET /games/virtualcop/virtualcop.html HTTP/1.0" 200 4487 "-" "msnbot-media/1.0 (+http://search.msn.com/msnbot.htm)"
165.160.2.20 - - [04/Sep/2008:17:55:13 +0200] "GET /bmpp/18.html HTTP/1.1" 200 4467 "-" "Mozilla/5.0 (Windows; U; Windows NT 5.1; en-US; rv:1.8.1.6) Gecko/20070725 Firefox/2.0.0.6"
65.55.212.217 - - [04/Sep/2008:18:07:06 +0200] "GET /neon/biggtani.html HTTP/1.0" 200 1698 "-" "msnbot-media/1.0 (+http://search.msn.com/msnbot.htm)"
65.55.212.217 - - [04/Sep/2008:18:16:05 +0200] "GET /neon/slow-walk.html HTTP/1.0" 200 1640 "-" "msnbot-media/1.0 (+http://search.msn.com/msnbot.htm)"
85.255.146.66 - - [04/Sep/2008:18:18:29 +0200] "GET http://various-euro.com/cgi-bin/awstats.pl HTTP/1.0" 404 2748 "http://various-euro.com/cgi-bin/awstats.pl" "Mozilla/4.0 (compatible; MSIE 6.0; Windows NT 5.1)"
65.55.212.217 - - [04/Sep/2008:18:20:16 +0200] "GET /neon/sushi.html HTTP/1.0" 200 687 "-" "msnbot-media/1.0 (+http://search.msn.com/msnbot.htm)"
65.55.212.217 - - [04/Sep/2008:18:32:01 +0200] "GET /frame-unten.html HTTP/1.0" 200 5308 "-" "msnbot-media/1.0 (+http://search.msn.com/msnbot.htm)"
65.55.212.217 - - [04/Sep/2008:18:32:22 +0200] "GET /neon/girl-tv.html HTTP/1.0" 200 1717 "-" "msnbot-media/1.0 (+http://search.msn.com/msnbot.htm)"
65.55.212.217 - - [04/Sep/2008:18:39:06 +0200] "GET /DgH/rampe/index.html HTTP/1.0" 200 2056 "-" "msnbot-media/1.0 (+http://search.msn.com/msnbot.htm)"
65.55.212.217 - - [04/Sep/2008:18:39:07 +0200] "GET /DgH/orginal/index.html HTTP/1.0" 200 1727 "-" "msnbot-media/1.0 (+http://search.msn.com/msnbot.htm)"
208.80.194.32 - - [04/Sep/2008:18:51:07 +0200] "GET / HTTP/1.0" 200 7869 "-" "Mozilla/4.0 (compatible; MSIE 6.0; Windows NT 5.1; SV1; UMLib User; .NET CLR 1.1.4322; InfoPath.1; .NET CLR 2.0.50727)"
208.80.194.32 - - [04/Sep/2008:18:51:07 +0200] "GET / HTTP/1.0" 200 7869 "-" "Mozilla/4.0 (compatible; MSIE 6.0; Windows NT 5.1; SV1; SIMBAR={9CB4D236-3851-42b7-AD00-32033D88C878}; .NET CLR 1.0.3705; .NET CLR 1.1.4322; Media Center PC 4.0)"
202.179.180.45 - - [04/Sep/2008:19:57:44 +0200] "GET /robots.txt HTTP/1.1" 200 64 "-" "Mozilla/4.0 (compatible; NaverBot/1.0; http://help.naver.com/delete_main.asp)"
202.179.180.45 - - [04/Sep/2008:19:57:45 +0200] "GET / HTTP/1.1" 200 7869 "-" "Mozilla/4.0 (compatible; NaverBot/1.0; http://help.naver.com/delete_main.asp)"
91.115.16.99 - - [04/Sep/2008:20:08:21 +0200] "GET / HTTP/1.1" 302 353 "http://by123w.bay123.mail.live.com/mail/InboxLight.aspx?FolderID=00000000-0000-0000-0000-000000000001&InboxSortAscending=False&InboxSortBy=Date&n=566228260" "Mozilla/4.0 (compatible; MSIE 6.0; Windows 98; Win 9x 4.90; Highway 194 Internet Vertriebs GmbH; Q312461)"
91.115.16.99 - - [04/Sep/2008:20:08:21 +0200] "GET /zampa/ HTTP/1.1" 200 7153 "http://by123w.bay123.mail.live.com/mail/InboxLight.aspx?FolderID=00000000-0000-0000-0000-000000000001&InboxSortAscending=False&InboxSortBy=Date&n=566228260" "Mozilla/4.0 (compatible; MSIE 6.0; Windows 98; Win 9x 4.90; Highway 194 Internet Vertriebs GmbH; Q312461)"
91.115.16.99 - - [04/Sep/2008:20:08:21 +0200] "GET /zampa/slike/zampa.gif HTTP/1.1" 200 5310 "http://www.various-euro.com/zampa/" "Mozilla/4.0 (compatible; MSIE 6.0; Windows 98; Win 9x 4.90; Highway 194 Internet Vertriebs GmbH; Q312461)"
91.115.16.99 - - [04/Sep/2008:20:08:21 +0200] "GET /zampa/slike/udupetu.gif HTTP/1.1" 200 4138 "http://www.various-euro.com/zampa/" "Mozilla/4.0 (compatible; MSIE 6.0; Windows 98; Win 9x 4.90; Highway 194 Internet Vertriebs GmbH; Q312461)"
91.115.16.99 - - [04/Sep/2008:20:08:21 +0200] "GET /zampa/slike/inthearse.gif HTTP/1.1" 200 4077 "http://www.various-euro.com/zampa/" "Mozilla/4.0 (compatible; MSIE 6.0; Windows 98; Win 9x 4.90; Highway 194 Internet Vertriebs GmbH; Q312461)"
65.55.212.217 - - [04/Sep/2008:20:36:19 +0200] "GET /vgirls/virtua4.gif HTTP/1.0" 200 12643 "-" "msnbot-media/1.0 (+http://search.msn.com/msnbot.htm)"
65.55.212.217 - - [04/Sep/2008:20:36:41 +0200] "GET /bannerz/various-euro-girl.jpg HTTP/1.0" 200 91514 "-" "msnbot-media/1.0 (+http://search.msn.com/msnbot.htm)"
76.27.48.202 - - [04/Sep/2008:20:38:34 +0200] "GET /schubb/schubb-5.html HTTP/1.1" 200 72944 "-" "-"
76.27.48.202 - - [04/Sep/2008:20:38:35 +0200] "GET /schubb/schubb-5.html HTTP/1.1" 200 72944 "-" "-"
65.55.212.217 - - [04/Sep/2008:20:39:11 +0200] "GET /neon/left-one-new.html HTTP/1.0" 200 1483 "-" "msnbot-media/1.0 (+http://search.msn.com/msnbot.htm)"
65.55.212.217 - - [04/Sep/2008:20:43:55 +0200] "GET /neon/sw-girl.gif HTTP/1.0" 200 86668 "-" "msnbot-media/1.0 (+http://search.msn.com/msnbot.htm)"
65.55.212.217 - - [04/Sep/2008:20:44:37 +0200] "GET /vgirls/button3.gif HTTP/1.0" 200 9634 "-" "msnbot-media/1.0 (+http://search.msn.com/msnbot.htm)"
65.55.212.217 - - [04/Sep/2008:20:51:47 +0200] "GET /neon/girl-blond.gif HTTP/1.0" 200 16360 "-" "msnbot-media/1.0 (+http://search.msn.com/msnbot.htm)"
65.55.212.217 - - [04/Sep/2008:20:52:47 +0200] "GET /DgH/orginal/pict/GNFL.jpg HTTP/1.0" 200 17744 "-" "msnbot-media/1.0 (+http://search.msn.com/msnbot.htm)"
65.55.212.217 - - [04/Sep/2008:20:52:48 +0200] "GET /DgH/rampe/pict/Rampe-DgH06.jpg HTTP/1.0" 200 12044 "-" "msnbot-media/1.0 (+http://search.msn.com/msnbot.htm)"
65.55.212.217 - - [04/Sep/2008:20:52:50 +0200] "GET /DgH/rampe/pict/GNouFL-IS.jpg HTTP/1.0" 200 23320 "-" "msnbot-media/1.0 (+http://search.msn.com/msnbot.htm)"
193.252.149.15 - - [04/Sep/2008:20:59:53 +0200] "GET http://www.various-euro.com:80/robots.txt HTTP/1.1" 200 64 "-" "Mozilla/5.0 (Windows; U; Windows NT 5.1; fr; rv:1.8.1) VoilaBot BETA 1.2 (support.voilabot@orange-ftgroup.com)"
193.252.149.15 - - [04/Sep/2008:21:00:03 +0200] "GET /bmpp/euro_pal_111.html HTTP/1.1" 200 2129 "-" "Mozilla/5.0 (Windows; U; Windows NT 5.1; fr; rv:1.8.1) VoilaBot BETA 1.2 (support.voilabot@orange-ftgroup.com)"
65.55.212.217 - - [04/Sep/2008:21:04:21 +0200] "GET /vgirls/shaina_big.gif HTTP/1.0" 200 16169 "-" "msnbot-media/1.0 (+http://search.msn.com/msnbot.htm)"
65.55.212.217 - - [04/Sep/2008:21:08:41 +0200] "GET /robots.txt HTTP/1.0" 200 64 "-" "msnbot-media/1.0 (+http://search.msn.com/msnbot.htm)"
65.55.212.217 - - [04/Sep/2008:21:08:41 +0200] "GET /vgirls/button1.gif HTTP/1.0" 200 9099 "-" "msnbot-media/1.0 (+http://search.msn.com/msnbot.htm)"
65.55.212.217 - - [04/Sep/2008:21:11:22 +0200] "GET /neon/123button-neo5a.gif HTTP/1.0" 200 9625 "-" "msnbot-media/1.0 (+http://search.msn.com/msnbot.htm)"
65.55.212.217 - - [04/Sep/2008:21:14:52 +0200] "GET /neon/girl-tv.gif HTTP/1.0" 200 15982 "-" "msnbot-media/1.0 (+http://search.msn.com/msnbot.htm)"
65.55.212.217 - - [04/Sep/2008:21:15:06 +0200] "GET /vgirls/dora_01.gif HTTP/1.0" 200 15465 "-" "msnbot-media/1.0 (+http://search.msn.com/msnbot.htm)"
65.55.212.217 - - [04/Sep/2008:21:15:34 +0200] "GET /neon/wp3button.gif HTTP/1.0" 200 7799 "-" "msnbot-media/1.0 (+http://search.msn.com/msnbot.htm)"
65.55.212.217 - - [04/Sep/2008:21:15:59 +0200] "GET /neon/wpbutton.gif HTTP/1.0" 200 4738 "-" "msnbot-media/1.0 (+http://search.msn.com/msnbot.htm)"
66.249.65.2 - - [04/Sep/2008:21:19:31 +0200] "GET / HTTP/1.1" 200 7869 "-" "Mozilla/5.0 (compatible; Googlebot/2.1; +http://www.google.com/bot.html)"
66.249.65.2 - - [04/Sep/2008:21:21:19 +0200] "GET /framez-rez.html HTTP/1.1" 200 4323 "-" "Mozilla/5.0 (compatible; Googlebot/2.1; +http://www.google.com/bot.html)"
65.55.212.217 - - [04/Sep/2008:21:23:05 +0200] "GET /bannerz/ve.jpg HTTP/1.0" 200 36912 "-" "msnbot-media/1.0 (+http://search.msn.com/msnbot.htm)"
65.55.212.217 - - [04/Sep/2008:21:23:07 +0200] "GET /framez-girlz-neon.html HTTP/1.0" 200 4388 "-" "msnbot-media/1.0 (+http://search.msn.com/msnbot.htm)"
65.55.212.217 - - [04/Sep/2008:21:23:38 +0200] "GET /vgirls/button10.gif HTTP/1.0" 200 15687 "-" "msnbot-media/1.0 (+http://search.msn.com/msnbot.htm)"
65.55.212.217 - - [04/Sep/2008:21:35:13 +0200] "GET /framez-girlz.html HTTP/1.0" 200 4271 "-" "msnbot-media/1.0 (+http://search.msn.com/msnbot.htm)"
65.55.212.217 - - [04/Sep/2008:21:36:43 +0200] "GET /DgH/rampe/pict/Rampe-DgH08.jpg HTTP/1.0" 200 12044 "-" "msnbot-media/1.0 (+http://search.msn.com/msnbot.htm)"
65.55.212.217 - - [04/Sep/2008:21:36:44 +0200] "GET /DgH/rampe/pict/Rampe-DgH05.jpg HTTP/1.0" 200 12044 "-" "msnbot-media/1.0 (+http://search.msn.com/msnbot.htm)"
65.55.212.217 - - [04/Sep/2008:21:38:11 +0200] "GET /DgH/bull/index.html HTTP/1.0" 200 1915 "-" "msnbot-media/1.0 (+http://search.msn.com/msnbot.htm)"
65.55.212.217 - - [04/Sep/2008:21:40:00 +0200] "GET /3dsf3/sendi/sendisendi.html HTTP/1.0" 200 5118 "-" "msnbot-media/1.0 (+http://search.msn.com/msnbot.htm)"
65.55.212.217 - - [04/Sep/2008:21:40:01 +0200] "GET /DgH/rampe/pict/Rampe-DgH03.jpg HTTP/1.0" 200 12044 "-" "msnbot-media/1.0 (+http://search.msn.com/msnbot.htm)"
65.55.212.217 - - [04/Sep/2008:21:52:29 +0200] "GET /DgH/rampe/pict/Rampe-DgH10.jpg HTTP/1.0" 200 12044 "-" "msnbot-media/1.0 (+http://search.msn.com/msnbot.htm)"
65.55.212.217 - - [04/Sep/2008:21:59:40 +0200] "GET /DgH/rampe/pict/Rampe-DgH07.jpg HTTP/1.0" 200 12044 "-" "msnbot-media/1.0 (+http://search.msn.com/msnbot.htm)"
74.6.17.166 - - [04/Sep/2008:22:04:41 +0200] "GET /rez/fisztfull.qtl HTTP/1.0" 200 166 "-" "Mozilla/5.0 (compatible; Yahoo! Slurp; http://help.yahoo.com/help/us/ysearch/slurp)"
65.55.212.182 - - [04/Sep/2008:22:10:41 +0200] "GET /robots.txt HTTP/1.0" 200 64 "-" "msnbot-media/1.0 (+http://search.msn.com/msnbot.htm)"
65.55.212.182 - - [04/Sep/2008:22:10:41 +0200] "GET /3dsf3/sendi/seks_sendi.mpg HTTP/1.0" 404 2748 "-" "msnbot-media/1.0 (+http://search.msn.com/msnbot.htm)"
65.55.212.217 - - [04/Sep/2008:22:11:01 +0200] "GET /DgH/rampe/pict/Rampe-DgH04.jpg HTTP/1.0" 200 12044 "-" "msnbot-media/1.0 (+http://search.msn.com/msnbot.htm)"
65.55.212.217 - - [04/Sep/2008:22:11:02 +0200] "GET /DgH/rampe/pict/Rampe-DgH09.jpg HTTP/1.0" 200 12044 "-" "msnbot-media/1.0 (+http://search.msn.com/msnbot.htm)"
65.55.212.217 - - [04/Sep/2008:22:32:53 +0200] "GET /DgH/rampe/pict/Rampe-DgH02.jpg HTTP/1.0" 200 12044 "-" "msnbot-media/1.0 (+http://search.msn.com/msnbot.htm)"
66.249.65.2 - - [04/Sep/2008:22:36:00 +0200] "GET /framez.html HTTP/1.1" 200 3959 "-" "Mozilla/5.0 (compatible; Googlebot/2.1; +http://www.google.com/bot.html)"
209.59.218.90 - - [04/Sep/2008:22:36:30 +0200] "GET / HTTP/1.0" 200 7869 "-" "Mozilla/5.0 (X11; U; Linux i686; en-US; rv:1.84b4) Gecko/20050908 Firefox/1.4"
66.249.65.2 - - [04/Sep/2008:22:46:37 +0200] "GET /f-rez.html HTTP/1.1" 200 9765 "-" "Mozilla/5.0 (compatible; Googlebot/2.1; +http://www.google.com/bot.html)"
66.249.65.2 - - [04/Sep/2008:22:47:19 +0200] "GET /frame-unten.html HTTP/1.1" 200 5308 "-" "Mozilla/5.0 (compatible; Googlebot/2.1; +http://www.google.com/bot.html)"
66.249.65.2 - - [04/Sep/2008:22:57:12 +0200] "GET /frame-menu.html HTTP/1.1" 200 10536 "-" "Mozilla/5.0 (compatible; Googlebot/2.1; +http://www.google.com/bot.html)"
74.6.17.166 - - [04/Sep/2008:23:05:03 +0200] "GET /neon/behindd.html HTTP/1.0" 200 476 "-" "Mozilla/5.0 (compatible; Yahoo! Slurp; http://help.yahoo.com/help/us/ysearch/slurp)"
65.55.212.217 - - [04/Sep/2008:23:29:16 +0200] "GET /3dsf3/sendi/slike/ddplugin-table2.jpg HTTP/1.0" 200 10055 "-" "msnbot-media/1.0 (+http://search.msn.com/msnbot.htm)"
65.214.45.224 - - [04/Sep/2008:23:30:55 +0200] "GET /robots.txt HTTP/1.0" 200 64 "-" "Mozilla/5.0 (compatible; Ask Jeeves/Teoma; +http://about.ask.com/en/docs/about/webmasters.shtml)"
65.214.45.224 - - [04/Sep/2008:23:30:55 +0200] "GET /zampa-lovers/index.html HTTP/1.0" 200 37790 "-" "Mozilla/5.0 (compatible; Ask Jeeves/Teoma; +http://about.ask.com/en/docs/about/webmasters.shtml)"
202.179.180.45 - - [04/Sep/2008:23:33:21 +0200] "GET /robots.txt HTTP/1.1" 302 363 "-" "Mozilla/4.0 (compatible; NaverBot/1.0; http://help.naver.com/delete_main.asp)"
202.179.180.45 - - [04/Sep/2008:23:33:23 +0200] "GET / HTTP/1.1" 302 353 "-" "Mozilla/4.0 (compatible; NaverBot/1.0; http://help.naver.com/delete_main.asp)"
77.91.224.4 - - [04/Sep/2008:23:34:17 +0200] "GET /robots.txt HTTP/1.1" 200 64 "-" "WebAlta Crawler/2.0 (http://www.webalta.net/ru/about_webmaster.html) (Windows; U; Windows NT 5.1; ru-RU)"
208.66.193.164 - - [04/Sep/2008:23:34:17 +0200] "GET / HTTP/1.1" 200 7869 "-" "WebAlta Crawler/2.0 (http://www.webalta.net/ru/about_webmaster.html) (Windows; U; Windows NT 5.1; ru-RU)"
65.214.45.100 - - [04/Sep/2008:23:37:34 +0200] "GET /framez-zampa-lovers.html HTTP/1.0" 200 4322 "-" "Mozilla/5.0 (compatible; Ask Jeeves/Teoma; +http://about.ask.com/en/docs/about/webmasters.shtml)"
65.214.45.100 - - [04/Sep/2008:23:37:35 +0200] "GET /frame-menu.html HTTP/1.0" 200 10536 "-" "Mozilla/5.0 (compatible; Ask Jeeves/Teoma; +http://about.ask.com/en/docs/about/webmasters.shtml)"
65.214.45.100 - - [04/Sep/2008:23:37:36 +0200] "GET /zampa-lovers/index.html HTTP/1.0" 200 37790 "-" "Mozilla/5.0 (compatible; Ask Jeeves/Teoma; +http://about.ask.com/en/docs/about/webmasters.shtml)"
65.214.45.100 - - [04/Sep/2008:23:37:36 +0200] "GET /frame-unten.html HTTP/1.0" 200 5308 "-" "Mozilla/5.0 (compatible; Ask Jeeves/Teoma; +http://about.ask.com/en/docs/about/webmasters.shtml)"
65.55.212.217 - - [04/Sep/2008:23:41:38 +0200] "GET /3dsf3/sendi/slike/SHEMA.JPG HTTP/1.0" 200 24378 "-" "msnbot-media/1.0 (+http://search.msn.com/msnbot.htm)"
65.214.45.100 - - [04/Sep/2008:23:42:14 +0200] "GET /framez.html HTTP/1.0" 200 3959 "-" "Mozilla/5.0 (compatible; Ask Jeeves/Teoma; +http://about.ask.com/en/docs/about/webmasters.shtml)"
65.214.45.100 - - [04/Sep/2008:23:42:14 +0200] "GET /framez.html HTTP/1.0" 200 3959 "-" "Mozilla/5.0 (compatible; Ask Jeeves/Teoma; +http://about.ask.com/en/docs/about/webmasters.shtml)"
65.214.45.100 - - [04/Sep/2008:23:42:15 +0200] "GET /frame-inhalt.html HTTP/1.0" 200 5418 "-" "Mozilla/5.0 (compatible; Ask Jeeves/Teoma; +http://about.ask.com/en/docs/about/webmasters.shtml)"
65.55.212.217 - - [04/Sep/2008:23:42:51 +0200] "GET /3dsf3/sendi/slike/sendichannel3.jpg HTTP/1.0" 200 10395 "-" "msnbot-media/1.0 (+http://search.msn.com/msnbot.htm)"
65.55.212.217 - - [04/Sep/2008:23:50:09 +0200] "GET /3dsf3/sendi/slike/ddplugin-table.jpg HTTP/1.0" 200 10146 "-" "msnbot-media/1.0 (+http://search.msn.com/msnbot.htm)"
65.55.212.217 - - [04/Sep/2008:23:52:34 +0200] "GET /bannerz/behindd.gif HTTP/1.0" 200 7760 "-" "msnbot-media/1.0 (+http://search.msn.com/msnbot.htm)"
65.55.212.217 - - [05/Sep/2008:00:02:45 +0200] "GET /3dsf3/sendi/slike/sendichannel2.jpg HTTP/1.0" 200 9728 "-" "msnbot-media/1.0 (+http://search.msn.com/msnbot.htm)"
200.116.19.174 - - [05/Sep/2008:00:05:03 +0200] "GET / HTTP/1.0" 302 353 "http://www.google.com.co/search?hl=es&lr=&q=Zampa&start=10&sa=N" "Mozilla/4.0 (compatible; MSIE 6.0; Windows NT 5.1; SV1; .NET CLR 2.0.50727; InfoPath.1)"
200.116.19.174 - - [05/Sep/2008:00:05:05 +0200] "GET /zampa/ HTTP/1.0" 200 7153 "http://www.google.com.co/search?hl=es&lr=&q=Zampa&start=10&sa=N" "Mozilla/4.0 (compatible; MSIE 6.0; Windows NT 5.1; SV1; .NET CLR 2.0.50727; InfoPath.1)"
200.116.19.174 - - [05/Sep/2008:00:05:06 +0200] "GET /zampa/slike/udupetu.gif HTTP/1.0" 200 4138 "http://www.various-euro.com/zampa/" "Mozilla/4.0 (compatible; MSIE 6.0; Windows NT 5.1; SV1; .NET CLR 2.0.50727; InfoPath.1)"
200.116.19.174 - - [05/Sep/2008:00:05:06 +0200] "GET /zampa/slike/zampa.gif HTTP/1.0" 200 5310 "http://www.various-euro.com/zampa/" "Mozilla/4.0 (compatible; MSIE 6.0; Windows NT 5.1; SV1; .NET CLR 2.0.50727; InfoPath.1)"
200.116.19.174 - - [05/Sep/2008:00:05:06 +0200] "GET /zampa/slike/inthearse.gif HTTP/1.0" 200 4077 "http://www.various-euro.com/zampa/" "Mozilla/4.0 (compatible; MSIE 6.0; Windows NT 5.1; SV1; .NET CLR 2.0.50727; InfoPath.1)"
200.116.19.174 - - [05/Sep/2008:00:05:06 +0200] "GET /favicon.ico HTTP/1.0" 404 2748 "-" "Mozilla/4.0 (compatible; MSIE 6.0; Windows NT 5.1; SV1; .NET CLR 2.0.50727; InfoPath.1)"
200.116.19.174 - - [05/Sep/2008:00:05:07 +0200] "GET /favicon.ico HTTP/1.0" 404 2748 "-" "Mozilla/4.0 (compatible; MSIE 6.0; Windows NT 5.1; SV1; .NET CLR 2.0.50727; InfoPath.1)"
65.55.212.217 - - [05/Sep/2008:00:07:01 +0200] "GET /3dsf3/sendi/slike/xSENDI_BA.jpg HTTP/1.0" 200 4876 "-" "msnbot-media/1.0 (+http://search.msn.com/msnbot.htm)"
65.55.212.217 - - [05/Sep/2008:00:07:17 +0200] "GET /3dsf3/sendi/slike/sendichannel1.jpg HTTP/1.0" 200 10755 "-" "msnbot-media/1.0 (+http://search.msn.com/msnbot.htm)"
74.6.18.232 - - [05/Sep/2008:00:41:47 +0200] "GET /robots.txt HTTP/1.0" 302 363 "-" "Mozilla/5.0 (compatible; Yahoo! Slurp; http://help.yahoo.com/help/us/ysearch/slurp)"
74.6.18.232 - - [05/Sep/2008:00:41:48 +0200] "GET /zampa/robots.txt HTTP/1.0" 404 2748 "-" "Mozilla/5.0 (compatible; Yahoo! Slurp; http://help.yahoo.com/help/us/ysearch/slurp)"
65.55.212.217 - - [05/Sep/2008:00:43:33 +0200] "GET /DgH/bull/pict/BullGNFL.jpg HTTP/1.0" 200 20466 "-" "msnbot-media/1.0 (+http://search.msn.com/msnbot.htm)"
193.252.149.16 - - [05/Sep/2008:01:37:51 +0200] "GET /frame-inhalt.html HTTP/1.1" 200 5418 "-" "Mozilla/5.0 (Windows; U; Windows NT 5.1; fr; rv:1.8.1) VoilaBot BETA 1.2 (support.voilabot@orange-ftgroup.com)"
87.123.127.57 - - [05/Sep/2008:01:42:14 +0200] "POST /links.php HTTP/1.1" 404 2748 "http://various-euro.com/links.php" "Mozilla/4.0 (compatible; MSIE 6.0; Windows NT 5.1)"
77.91.224.4 - - [05/Sep/2008:02:13:52 +0200] "GET /robots.txt HTTP/1.1" 200 64 "-" "WebAlta Crawler/2.0 (http://www.webalta.net/ru/about_webmaster.html) (Windows; U; Windows NT 5.1; ru-RU)"
77.91.224.4 - - [05/Sep/2008:02:13:52 +0200] "GET /framez-rez.html HTTP/1.1" 200 4323 "-" "WebAlta Crawler/2.0 (http://www.webalta.net/ru/about_webmaster.html) (Windows; U; Windows NT 5.1; ru-RU)"
74.6.17.166 - - [05/Sep/2008:02:32:25 +0200] "GET /robots.txt HTTP/1.0" 200 64 "-" "Mozilla/5.0 (compatible; Yahoo! Slurp; http://help.yahoo.com/help/us/ysearch/slurp)"
74.6.17.166 - - [05/Sep/2008:02:32:26 +0200] "GET /f-actions.html HTTP/1.0" 200 10429 "-" "Mozilla/5.0 (compatible; Yahoo! Slurp; http://help.yahoo.com/help/us/ysearch/slurp)"
193.252.149.16 - - [05/Sep/2008:03:20:11 +0200] "GET http://www.various-euro.com:80/robots.txt HTTP/1.1" 200 64 "-" "Mozilla/5.0 (Windows; U; Windows NT 5.1; fr; rv:1.8.1) VoilaBot BETA 1.2 (support.voilabot@orange-ftgroup.com)"
193.252.149.16 - - [05/Sep/2008:03:20:21 +0200] "GET /framez.html HTTP/1.1" 200 3959 "-" "Mozilla/5.0 (Windows; U; Windows NT 5.1; fr; rv:1.8.1) VoilaBot BETA 1.2 (support.voilabot@orange-ftgroup.com)"
193.252.149.16 - - [05/Sep/2008:03:20:43 +0200] "GET /frame-inhalt.html HTTP/1.1" 200 5418 "-" "Mozilla/5.0 (Windows; U; Windows NT 5.1; fr; rv:1.8.1) VoilaBot BETA 1.2 (support.voilabot@orange-ftgroup.com)"
193.252.149.16 - - [05/Sep/2008:03:20:43 +0200] "GET /frame-menu.html HTTP/1.1" 200 10536 "-" "Mozilla/5.0 (Windows; U; Windows NT 5.1; fr; rv:1.8.1) VoilaBot BETA 1.2 (support.voilabot@orange-ftgroup.com)"
193.252.149.16 - - [05/Sep/2008:03:20:43 +0200] "GET /frame-unten.html HTTP/1.1" 200 5308 "-" "Mozilla/5.0 (Windows; U; Windows NT 5.1; fr; rv:1.8.1) VoilaBot BETA 1.2 (support.voilabot@orange-ftgroup.com)"
65.55.212.217 - - [05/Sep/2008:03:48:47 +0200] "GET /robots.txt HTTP/1.0" 200 64 "-" "msnbot-media/1.0 (+http://search.msn.com/msnbot.htm)"
65.55.212.217 - - [05/Sep/2008:03:48:48 +0200] "GET /DgH/watch/index.html HTTP/1.0" 200 2028 "-" "msnbot-media/1.0 (+http://search.msn.com/msnbot.htm)"
74.6.17.166 - - [05/Sep/2008:04:01:39 +0200] "GET /restate_copy.html HTTP/1.0" 200 97631 "-" "Mozilla/5.0 (compatible; Yahoo! Slurp; http://help.yahoo.com/help/us/ysearch/slurp)"
66.249.65.2 - - [05/Sep/2008:04:50:16 +0200] "GET /framez-web.html HTTP/1.1" 200 4322 "-" "Mozilla/5.0 (compatible; Googlebot/2.1; +http://www.google.com/bot.html)"
220.181.32.77 - - [05/Sep/2008:05:03:44 +0200] "GET /robots.txt HTTP/1.1" 200 64 "-" "Baiduspider+(+http://www.baidu.com/search/spider.htm)"
74.6.17.166 - - [05/Sep/2008:06:02:21 +0200] "GET /f-channel1.html HTTP/1.0" 200 5713 "-" "Mozilla/5.0 (compatible; Yahoo! Slurp; http://help.yahoo.com/help/us/ysearch/slurp)"
86.6.77.51 - - [05/Sep/2008:06:06:05 +0200] "GET / HTTP/1.1" 200 7869 "-" "Mozilla/5.0 (Windows; U; Windows NT 5.1; en-GB; rv:1.9) Gecko/2008052906 Firefox/3.0"
86.6.77.51 - - [05/Sep/2008:06:06:05 +0200] "GET /style/various-euro.css HTTP/1.1" 200 3437 "http://www.various-euro.com/" "Mozilla/5.0 (Windows; U; Windows NT 5.1; en-GB; rv:1.9) Gecko/2008052906 Firefox/3.0"
86.6.77.51 - - [05/Sep/2008:06:06:05 +0200] "GET /ve-icon-2.ico HTTP/1.1" 200 2238 "-" "Mozilla/5.0 (Windows; U; Windows NT 5.1; en-GB; rv:1.9) Gecko/2008052906 Firefox/3.0"
