77.29.226.14 - - [19/Sep/2008:22:50:39 +0200] "GET /zampa-lovers/1SEITEVE.GIF HTTP/1.1" 200 78726 "http://various-euro.com/zampa-lovers/index.html" "Mozilla/5.0 (Windows; U; Windows NT 5.1; mk; rv:1.9.0.1) Gecko/2008070208 Firefox/3.0.1"
77.29.226.14 - - [19/Sep/2008:22:50:40 +0200] "GET /zampa-lovers/zampamali.gif HTTP/1.1" 200 2617 "http://various-euro.com/zampa-lovers/index.html" "Mozilla/5.0 (Windows; U; Windows NT 5.1; mk; rv:1.9.0.1) Gecko/2008070208 Firefox/3.0.1"
77.29.226.14 - - [19/Sep/2008:22:50:38 +0200] "GET /zampa-lovers/WASISTMI1.MPG HTTP/1.1" 200 271221 "http://various-euro.com/zampa-lovers/index.html" "Mozilla/5.0 (Windows; U; Windows NT 5.1; mk; rv:1.9.0.1) Gecko/2008070208 Firefox/3.0.1"
77.29.226.14 - - [19/Sep/2008:22:50:39 +0200] "GET /zampa-lovers/ZAMPAMAS.MPG HTTP/1.1" 200 520196 "http://various-euro.com/zampa-lovers/index.html" "Mozilla/5.0 (Windows; U; Windows NT 5.1; mk; rv:1.9.0.1) Gecko/2008070208 Firefox/3.0.1"
77.29.226.14 - - [19/Sep/2008:22:50:40 +0200] "GET /zampa-lovers/zampa.gif HTTP/1.1" 200 460627 "http://various-euro.com/zampa-lovers/index.html" "Mozilla/5.0 (Windows; U; Windows NT 5.1; mk; rv:1.9.0.1) Gecko/2008070208 Firefox/3.0.1"
77.29.226.14 - - [19/Sep/2008:22:50:44 +0200] "GET /framez-zampa-lovers.html HTTP/1.1" 200 4322 "http://various-euro.com/zampa-lovers/index.html" "Mozilla/5.0 (Windows; U; Windows NT 5.1; mk; rv:1.9.0.1) Gecko/2008070208 Firefox/3.0.1"
77.29.226.14 - - [19/Sep/2008:22:50:45 +0200] "GET /ve-icon-2.ico HTTP/1.1" 200 2238 "-" "Mozilla/5.0 (Windows; U; Windows NT 5.1; mk; rv:1.9.0.1) Gecko/2008070208 Firefox/3.0.1"
77.29.226.14 - - [19/Sep/2008:22:50:45 +0200] "GET /frame-menu.html HTTP/1.1" 200 10536 "http://various-euro.com/framez-zampa-lovers.html" "Mozilla/5.0 (Windows; U; Windows NT 5.1; mk; rv:1.9.0.1) Gecko/2008070208 Firefox/3.0.1"
77.29.226.14 - - [19/Sep/2008:22:50:45 +0200] "GET /frame-unten.html HTTP/1.1" 200 5308 "http://various-euro.com/framez-zampa-lovers.html" "Mozilla/5.0 (Windows; U; Windows NT 5.1; mk; rv:1.9.0.1) Gecko/2008070208 Firefox/3.0.1"
77.29.226.14 - - [19/Sep/2008:22:50:45 +0200] "GET /zampa-lovers/index.html HTTP/1.1" 200 37790 "http://various-euro.com/framez-zampa-lovers.html" "Mozilla/5.0 (Windows; U; Windows NT 5.1; mk; rv:1.9.0.1) Gecko/2008070208 Firefox/3.0.1"
77.29.226.14 - - [19/Sep/2008:22:50:45 +0200] "GET /style/various-euro.css HTTP/1.1" 200 3437 "http://various-euro.com/frame-menu.html" "Mozilla/5.0 (Windows; U; Windows NT 5.1; mk; rv:1.9.0.1) Gecko/2008070208 Firefox/3.0.1"
77.29.226.14 - - [19/Sep/2008:22:50:45 +0200] "GET /zampa-lovers/kralle.gif HTTP/1.1" 404 2748 "http://various-euro.com/zampa-lovers/index.html" "Mozilla/5.0 (Windows; U; Windows NT 5.1; mk; rv:1.9.0.1) Gecko/2008070208 Firefox/3.0.1"
77.29.226.14 - - [19/Sep/2008:22:50:45 +0200] "GET /bannerz/ve.jpg HTTP/1.1" 200 36912 "http://various-euro.com/frame-unten.html" "Mozilla/5.0 (Windows; U; Windows NT 5.1; mk; rv:1.9.0.1) Gecko/2008070208 Firefox/3.0.1"
77.29.226.14 - - [19/Sep/2008:22:50:45 +0200] "GET /zampa-lovers/ZAMPAMA2.MPG HTTP/1.1" 206 63492 "http://various-euro.com/zampa-lovers/index.html" "Mozilla/5.0 (Windows; U; Windows NT 5.1; mk; rv:1.9.0.1) Gecko/2008070208 Firefox/3.0.1"
77.29.226.14 - - [19/Sep/2008:22:50:45 +0200] "GET /bannerz/various-euro-girl.jpg HTTP/1.1" 200 91514 "http://various-euro.com/frame-unten.html" "Mozilla/5.0 (Windows; U; Windows NT 5.1; mk; rv:1.9.0.1) Gecko/2008070208 Firefox/3.0.1"
77.29.226.14 - - [19/Sep/2008:22:50:45 +0200] "GET /zampa-lovers/WASISTMI1.MPG HTTP/1.1" 206 271221 "http://various-euro.com/zampa-lovers/index.html" "Mozilla/5.0 (Windows; U; Windows NT 5.1; mk; rv:1.9.0.1) Gecko/2008070208 Firefox/3.0.1"
77.29.226.14 - - [19/Sep/2008:22:50:46 +0200] "GET /zampa-lovers/ZAMPAMAS.MPG HTTP/1.1" 206 520196 "http://various-euro.com/zampa-lovers/index.html" "Mozilla/5.0 (Windows; U; Windows NT 5.1; mk; rv:1.9.0.1) Gecko/2008070208 Firefox/3.0.1"
77.29.226.14 - - [19/Sep/2008:22:54:55 +0200] "GET /zampa-lovers/index.html HTTP/1.1" 200 37790 "http://search.bearshare.com/intl/webResults.html?q=praistorija&hl=en&o=10596&page=1&lr=1&src=hmp_intl" "Mozilla/5.0 (Windows; U; Windows NT 5.1; mk; rv:1.9.0.1) Gecko/2008070208 Firefox/3.0.1"
77.29.226.14 - - [19/Sep/2008:22:54:55 +0200] "GET /zampa-lovers/kralle.gif HTTP/1.1" 404 2748 "http://various-euro.com/zampa-lovers/index.html" "Mozilla/5.0 (Windows; U; Windows NT 5.1; mk; rv:1.9.0.1) Gecko/2008070208 Firefox/3.0.1"
77.29.226.14 - - [19/Sep/2008:22:54:56 +0200] "GET /zampa-lovers/ZAMPAMA2.MPG HTTP/1.1" 206 63492 "http://various-euro.com/zampa-lovers/index.html" "Mozilla/5.0 (Windows; U; Windows NT 5.1; mk; rv:1.9.0.1) Gecko/2008070208 Firefox/3.0.1"
77.29.226.14 - - [19/Sep/2008:22:54:57 +0200] "GET /framez-zampa-lovers.html HTTP/1.1" 200 4322 "http://various-euro.com/zampa-lovers/index.html" "Mozilla/5.0 (Windows; U; Windows NT 5.1; mk; rv:1.9.0.1) Gecko/2008070208 Firefox/3.0.1"
77.29.226.14 - - [19/Sep/2008:22:54:58 +0200] "GET /frame-menu.html HTTP/1.1" 200 10536 "http://various-euro.com/framez-zampa-lovers.html" "Mozilla/5.0 (Windows; U; Windows NT 5.1; mk; rv:1.9.0.1) Gecko/2008070208 Firefox/3.0.1"
77.29.226.14 - - [19/Sep/2008:22:54:58 +0200] "GET /frame-unten.html HTTP/1.1" 200 5308 "http://various-euro.com/framez-zampa-lovers.html" "Mozilla/5.0 (Windows; U; Windows NT 5.1; mk; rv:1.9.0.1) Gecko/2008070208 Firefox/3.0.1"
77.29.226.14 - - [19/Sep/2008:22:54:58 +0200] "GET /zampa-lovers/index.html HTTP/1.1" 200 37790 "http://various-euro.com/framez-zampa-lovers.html" "Mozilla/5.0 (Windows; U; Windows NT 5.1; mk; rv:1.9.0.1) Gecko/2008070208 Firefox/3.0.1"
77.29.226.14 - - [19/Sep/2008:22:54:59 +0200] "GET /zampa-lovers/kralle.gif HTTP/1.1" 404 2748 "http://various-euro.com/zampa-lovers/index.html" "Mozilla/5.0 (Windows; U; Windows NT 5.1; mk; rv:1.9.0.1) Gecko/2008070208 Firefox/3.0.1"
77.29.226.14 - - [19/Sep/2008:22:54:59 +0200] "GET /zampa-lovers/ZAMPAMA2.MPG HTTP/1.1" 206 63492 "http://various-euro.com/zampa-lovers/index.html" "Mozilla/5.0 (Windows; U; Windows NT 5.1; mk; rv:1.9.0.1) Gecko/2008070208 Firefox/3.0.1"
77.29.226.14 - - [19/Sep/2008:22:54:56 +0200] "GET /zampa-lovers/WASISTMI1.MPG HTTP/1.1" 206 271221 "http://various-euro.com/zampa-lovers/index.html" "Mozilla/5.0 (Windows; U; Windows NT 5.1; mk; rv:1.9.0.1) Gecko/2008070208 Firefox/3.0.1"
77.29.226.14 - - [19/Sep/2008:22:54:56 +0200] "GET /zampa-lovers/ZAMPAMAS.MPG HTTP/1.1" 206 520196 "http://various-euro.com/zampa-lovers/index.html" "Mozilla/5.0 (Windows; U; Windows NT 5.1; mk; rv:1.9.0.1) Gecko/2008070208 Firefox/3.0.1"
77.29.226.14 - - [19/Sep/2008:22:54:59 +0200] "GET /zampa-lovers/WASISTMI1.MPG HTTP/1.1" 206 271221 "http://various-euro.com/zampa-lovers/index.html" "Mozilla/5.0 (Windows; U; Windows NT 5.1; mk; rv:1.9.0.1) Gecko/2008070208 Firefox/3.0.1"
209.19.152.66 - - [19/Sep/2008:23:17:04 +0200] "GET / HTTP/1.1" 200 7869 "-" "Mozilla/4.0 (compatible; MSIE 6.0; Windows 98; DigExt)"
64.1.215.165 - - [19/Sep/2008:23:58:00 +0200] "GET /neon/girlz3.html HTTP/1.0" 200 2479 "-" "Mozilla/5.0 (Twiceler-0.9 http://www.cuil.com/twiceler/robot.html)"
65.11.242.6 - - [20/Sep/2008:00:00:09 +0200] "GET /bmpp/18.html HTTP/1.1" 200 4467 "http://www.google.com/search?hl=en&q=you+must+be+18+or+older+to+..." "Mozilla/4.0 (compatible; MSIE 6.0; Windows NT 5.1; SV1; .NET CLR 1.1.4322; .NET CLR 2.0.50727)"
65.11.242.6 - - [20/Sep/2008:00:00:10 +0200] "GET /bmpp/Bilder/18_02.png HTTP/1.1" 200 289 "http://www.various-euro.com/bmpp/18.html" "Mozilla/4.0 (compatible; MSIE 6.0; Windows NT 5.1; SV1; .NET CLR 1.1.4322; .NET CLR 2.0.50727)"
65.11.242.6 - - [20/Sep/2008:00:00:10 +0200] "GET /bmpp/Bilder/18_01.png HTTP/1.1" 200 1118 "http://www.various-euro.com/bmpp/18.html" "Mozilla/4.0 (compatible; MSIE 6.0; Windows NT 5.1; SV1; .NET CLR 1.1.4322; .NET CLR 2.0.50727)"
65.11.242.6 - - [20/Sep/2008:00:00:10 +0200] "GET /bmpp/Bilder/18_03.png HTTP/1.1" 200 574 "http://www.various-euro.com/bmpp/18.html" "Mozilla/4.0 (compatible; MSIE 6.0; Windows NT 5.1; SV1; .NET CLR 1.1.4322; .NET CLR 2.0.50727)"
65.11.242.6 - - [20/Sep/2008:00:00:10 +0200] "GET /bmpp/Bilder/18_04.png HTTP/1.1" 200 289 "http://www.various-euro.com/bmpp/18.html" "Mozilla/4.0 (compatible; MSIE 6.0; Windows NT 5.1; SV1; .NET CLR 1.1.4322; .NET CLR 2.0.50727)"
65.11.242.6 - - [20/Sep/2008:00:00:10 +0200] "GET /bmpp/Bilder/18_05.png HTTP/1.1" 200 407 "http://www.various-euro.com/bmpp/18.html" "Mozilla/4.0 (compatible; MSIE 6.0; Windows NT 5.1; SV1; .NET CLR 1.1.4322; .NET CLR 2.0.50727)"
65.11.242.6 - - [20/Sep/2008:00:00:10 +0200] "GET /bmpp/Bilder/18_06.png HTTP/1.1" 200 289 "http://www.various-euro.com/bmpp/18.html" "Mozilla/4.0 (compatible; MSIE 6.0; Windows NT 5.1; SV1; .NET CLR 1.1.4322; .NET CLR 2.0.50727)"
65.11.242.6 - - [20/Sep/2008:00:00:10 +0200] "GET /bmpp/Bilder/18_07.png HTTP/1.1" 200 417 "http://www.various-euro.com/bmpp/18.html" "Mozilla/4.0 (compatible; MSIE 6.0; Windows NT 5.1; SV1; .NET CLR 1.1.4322; .NET CLR 2.0.50727)"
65.11.242.6 - - [20/Sep/2008:00:00:10 +0200] "GET /bmpp/Bilder/18_08.png HTTP/1.1" 200 289 "http://www.various-euro.com/bmpp/18.html" "Mozilla/4.0 (compatible; MSIE 6.0; Windows NT 5.1; SV1; .NET CLR 1.1.4322; .NET CLR 2.0.50727)"
65.11.242.6 - - [20/Sep/2008:00:00:10 +0200] "GET /bmpp/Bilder/18_10.png HTTP/1.1" 200 270 "http://www.various-euro.com/bmpp/18.html" "Mozilla/4.0 (compatible; MSIE 6.0; Windows NT 5.1; SV1; .NET CLR 1.1.4322; .NET CLR 2.0.50727)"
65.11.242.6 - - [20/Sep/2008:00:00:10 +0200] "GET /bmpp/Bilder/18_09.png HTTP/1.1" 200 417 "http://www.various-euro.com/bmpp/18.html" "Mozilla/4.0 (compatible; MSIE 6.0; Windows NT 5.1; SV1; .NET CLR 1.1.4322; .NET CLR 2.0.50727)"
65.11.242.6 - - [20/Sep/2008:00:00:10 +0200] "GET /bmpp/Bilder/18_11.png HTTP/1.1" 200 233 "http://www.various-euro.com/bmpp/18.html" "Mozilla/4.0 (compatible; MSIE 6.0; Windows NT 5.1; SV1; .NET CLR 1.1.4322; .NET CLR 2.0.50727)"
65.11.242.6 - - [20/Sep/2008:00:00:10 +0200] "GET /bmpp/Bilder/18_12.png HTTP/1.1" 200 595 "http://www.various-euro.com/bmpp/18.html" "Mozilla/4.0 (compatible; MSIE 6.0; Windows NT 5.1; SV1; .NET CLR 1.1.4322; .NET CLR 2.0.50727)"
65.11.242.6 - - [20/Sep/2008:00:00:11 +0200] "GET /bmpp/Bilder/18_13.png HTTP/1.1" 200 282 "http://www.various-euro.com/bmpp/18.html" "Mozilla/4.0 (compatible; MSIE 6.0; Windows NT 5.1; SV1; .NET CLR 1.1.4322; .NET CLR 2.0.50727)"
65.11.242.6 - - [20/Sep/2008:00:00:11 +0200] "GET /bmpp/Bilder/18_14.png HTTP/1.1" 200 609 "http://www.various-euro.com/bmpp/18.html" "Mozilla/4.0 (compatible; MSIE 6.0; Windows NT 5.1; SV1; .NET CLR 1.1.4322; .NET CLR 2.0.50727)"
65.11.242.6 - - [20/Sep/2008:00:00:11 +0200] "GET /bmpp/Bilder/18_15.png HTTP/1.1" 200 524 "http://www.various-euro.com/bmpp/18.html" "Mozilla/4.0 (compatible; MSIE 6.0; Windows NT 5.1; SV1; .NET CLR 1.1.4322; .NET CLR 2.0.50727)"
65.11.242.6 - - [20/Sep/2008:00:00:11 +0200] "GET /bmpp/Bilder/18_16.png HTTP/1.1" 200 499 "http://www.various-euro.com/bmpp/18.html" "Mozilla/4.0 (compatible; MSIE 6.0; Windows NT 5.1; SV1; .NET CLR 1.1.4322; .NET CLR 2.0.50727)"
65.11.242.6 - - [20/Sep/2008:00:00:11 +0200] "GET /bmpp/Bilder/18_17.png HTTP/1.1" 200 958 "http://www.various-euro.com/bmpp/18.html" "Mozilla/4.0 (compatible; MSIE 6.0; Windows NT 5.1; SV1; .NET CLR 1.1.4322; .NET CLR 2.0.50727)"
65.11.242.6 - - [20/Sep/2008:00:00:11 +0200] "GET /bmpp/Bilder/18_18.png HTTP/1.1" 200 453 "http://www.various-euro.com/bmpp/18.html" "Mozilla/4.0 (compatible; MSIE 6.0; Windows NT 5.1; SV1; .NET CLR 1.1.4322; .NET CLR 2.0.50727)"
65.11.242.6 - - [20/Sep/2008:00:00:11 +0200] "GET /bmpp/Bilder/18_19.png HTTP/1.1" 200 277 "http://www.various-euro.com/bmpp/18.html" "Mozilla/4.0 (compatible; MSIE 6.0; Windows NT 5.1; SV1; .NET CLR 1.1.4322; .NET CLR 2.0.50727)"
65.11.242.6 - - [20/Sep/2008:00:00:11 +0200] "GET /bmpp/Bilder/18_20.png HTTP/1.1" 200 252 "http://www.various-euro.com/bmpp/18.html" "Mozilla/4.0 (compatible; MSIE 6.0; Windows NT 5.1; SV1; .NET CLR 1.1.4322; .NET CLR 2.0.50727)"
65.11.242.6 - - [20/Sep/2008:00:00:11 +0200] "GET /bmpp/Bilder/18_21.png HTTP/1.1" 200 253 "http://www.various-euro.com/bmpp/18.html" "Mozilla/4.0 (compatible; MSIE 6.0; Windows NT 5.1; SV1; .NET CLR 1.1.4322; .NET CLR 2.0.50727)"
65.11.242.6 - - [20/Sep/2008:00:00:11 +0200] "GET /bmpp/Bilder/18_22.png HTTP/1.1" 200 430 "http://www.various-euro.com/bmpp/18.html" "Mozilla/4.0 (compatible; MSIE 6.0; Windows NT 5.1; SV1; .NET CLR 1.1.4322; .NET CLR 2.0.50727)"
65.11.242.6 - - [20/Sep/2008:00:00:11 +0200] "GET /bmpp/Bilder/18_23.png HTTP/1.1" 200 454 "http://www.various-euro.com/bmpp/18.html" "Mozilla/4.0 (compatible; MSIE 6.0; Windows NT 5.1; SV1; .NET CLR 1.1.4322; .NET CLR 2.0.50727)"
65.11.242.6 - - [20/Sep/2008:00:00:11 +0200] "GET /bmpp/Bilder/18_24.png HTTP/1.1" 200 353 "http://www.various-euro.com/bmpp/18.html" "Mozilla/4.0 (compatible; MSIE 6.0; Windows NT 5.1; SV1; .NET CLR 1.1.4322; .NET CLR 2.0.50727)"
65.11.242.6 - - [20/Sep/2008:00:00:11 +0200] "GET /bmpp/Bilder/18_25.png HTTP/1.1" 200 827 "http://www.various-euro.com/bmpp/18.html" "Mozilla/4.0 (compatible; MSIE 6.0; Windows NT 5.1; SV1; .NET CLR 1.1.4322; .NET CLR 2.0.50727)"
65.11.242.6 - - [20/Sep/2008:00:00:12 +0200] "GET /bmpp/Bilder/18_26.png HTTP/1.1" 200 880 "http://www.various-euro.com/bmpp/18.html" "Mozilla/4.0 (compatible; MSIE 6.0; Windows NT 5.1; SV1; .NET CLR 1.1.4322; .NET CLR 2.0.50727)"
65.11.242.6 - - [20/Sep/2008:00:00:12 +0200] "GET /bmpp/Bilder/18_27.png HTTP/1.1" 200 854 "http://www.various-euro.com/bmpp/18.html" "Mozilla/4.0 (compatible; MSIE 6.0; Windows NT 5.1; SV1; .NET CLR 1.1.4322; .NET CLR 2.0.50727)"
65.11.242.6 - - [20/Sep/2008:00:00:12 +0200] "GET /bmpp/Bilder/18_30.png HTTP/1.1" 200 233 "http://www.various-euro.com/bmpp/18.html" "Mozilla/4.0 (compatible; MSIE 6.0; Windows NT 5.1; SV1; .NET CLR 1.1.4322; .NET CLR 2.0.50727)"
65.11.242.6 - - [20/Sep/2008:00:00:12 +0200] "GET /bmpp/Bilder/18_29.png HTTP/1.1" 200 564 "http://www.various-euro.com/bmpp/18.html" "Mozilla/4.0 (compatible; MSIE 6.0; Windows NT 5.1; SV1; .NET CLR 1.1.4322; .NET CLR 2.0.50727)"
65.11.242.6 - - [20/Sep/2008:00:00:12 +0200] "GET /bmpp/Bilder/18_28.png HTTP/1.1" 200 721 "http://www.various-euro.com/bmpp/18.html" "Mozilla/4.0 (compatible; MSIE 6.0; Windows NT 5.1; SV1; .NET CLR 1.1.4322; .NET CLR 2.0.50727)"
65.11.242.6 - - [20/Sep/2008:00:00:12 +0200] "GET /bmpp/Bilder/18_35.png HTTP/1.1" 200 691 "http://www.various-euro.com/bmpp/18.html" "Mozilla/4.0 (compatible; MSIE 6.0; Windows NT 5.1; SV1; .NET CLR 1.1.4322; .NET CLR 2.0.50727)"
65.11.242.6 - - [20/Sep/2008:00:00:12 +0200] "GET /bmpp/Bilder/18_34.png HTTP/1.1" 200 573 "http://www.various-euro.com/bmpp/18.html" "Mozilla/4.0 (compatible; MSIE 6.0; Windows NT 5.1; SV1; .NET CLR 1.1.4322; .NET CLR 2.0.50727)"
65.11.242.6 - - [20/Sep/2008:00:00:12 +0200] "GET /bmpp/Bilder/18_32.png HTTP/1.1" 200 374 "http://www.various-euro.com/bmpp/18.html" "Mozilla/4.0 (compatible; MSIE 6.0; Windows NT 5.1; SV1; .NET CLR 1.1.4322; .NET CLR 2.0.50727)"
65.11.242.6 - - [20/Sep/2008:00:00:12 +0200] "GET /bmpp/Bilder/18_31.png HTTP/1.1" 200 402 "http://www.various-euro.com/bmpp/18.html" "Mozilla/4.0 (compatible; MSIE 6.0; Windows NT 5.1; SV1; .NET CLR 1.1.4322; .NET CLR 2.0.50727)"
65.11.242.6 - - [20/Sep/2008:00:00:12 +0200] "GET /bmpp/Bilder/18_33.png HTTP/1.1" 200 398 "http://www.various-euro.com/bmpp/18.html" "Mozilla/4.0 (compatible; MSIE 6.0; Windows NT 5.1; SV1; .NET CLR 1.1.4322; .NET CLR 2.0.50727)"
65.11.242.6 - - [20/Sep/2008:00:00:12 +0200] "GET /bmpp/Bilder/18_36.png HTTP/1.1" 200 557 "http://www.various-euro.com/bmpp/18.html" "Mozilla/4.0 (compatible; MSIE 6.0; Windows NT 5.1; SV1; .NET CLR 1.1.4322; .NET CLR 2.0.50727)"
65.11.242.6 - - [20/Sep/2008:00:00:12 +0200] "GET /bmpp/Bilder/18_37.png HTTP/1.1" 200 239 "http://www.various-euro.com/bmpp/18.html" "Mozilla/4.0 (compatible; MSIE 6.0; Windows NT 5.1; SV1; .NET CLR 1.1.4322; .NET CLR 2.0.50727)"
65.11.242.6 - - [20/Sep/2008:00:00:13 +0200] "GET /bmpp/Bilder/18_38.png HTTP/1.1" 200 509 "http://www.various-euro.com/bmpp/18.html" "Mozilla/4.0 (compatible; MSIE 6.0; Windows NT 5.1; SV1; .NET CLR 1.1.4322; .NET CLR 2.0.50727)"
65.11.242.6 - - [20/Sep/2008:00:00:13 +0200] "GET /bmpp/Bilder/18_39.png HTTP/1.1" 200 733 "http://www.various-euro.com/bmpp/18.html" "Mozilla/4.0 (compatible; MSIE 6.0; Windows NT 5.1; SV1; .NET CLR 1.1.4322; .NET CLR 2.0.50727)"
65.11.242.6 - - [20/Sep/2008:00:00:13 +0200] "GET /bmpp/Bilder/18_40.png HTTP/1.1" 200 506 "http://www.various-euro.com/bmpp/18.html" "Mozilla/4.0 (compatible; MSIE 6.0; Windows NT 5.1; SV1; .NET CLR 1.1.4322; .NET CLR 2.0.50727)"
65.11.242.6 - - [20/Sep/2008:00:00:13 +0200] "GET /bmpp/Bilder/18_42.png HTTP/1.1" 200 286 "http://www.various-euro.com/bmpp/18.html" "Mozilla/4.0 (compatible; MSIE 6.0; Windows NT 5.1; SV1; .NET CLR 1.1.4322; .NET CLR 2.0.50727)"
65.11.242.6 - - [20/Sep/2008:00:00:13 +0200] "GET /bmpp/Bilder/18_41.png HTTP/1.1" 200 334 "http://www.various-euro.com/bmpp/18.html" "Mozilla/4.0 (compatible; MSIE 6.0; Windows NT 5.1; SV1; .NET CLR 1.1.4322; .NET CLR 2.0.50727)"
65.11.242.6 - - [20/Sep/2008:00:00:13 +0200] "GET /bmpp/Bilder/18_43.png HTTP/1.1" 200 280 "http://www.various-euro.com/bmpp/18.html" "Mozilla/4.0 (compatible; MSIE 6.0; Windows NT 5.1; SV1; .NET CLR 1.1.4322; .NET CLR 2.0.50727)"
65.11.242.6 - - [20/Sep/2008:00:00:14 +0200] "GET /favicon.ico HTTP/1.1" 404 2748 "-" "Mozilla/5.0 (compatible; Google Desktop)"
65.55.211.162 - - [20/Sep/2008:00:13:47 +0200] "GET /robots.txt HTTP/1.1" 304 - "-" "msnbot/1.1 (+http://search.msn.com/msnbot.htm)"
91.205.124.4 - - [20/Sep/2008:00:17:22 +0200] "GET /robots.txt HTTP/1.1" 200 64 "-" "Yanga WorldSearch Bot v1.1/beta (http://www.yanga.co.uk/)"
91.205.124.4 - - [20/Sep/2008:00:17:22 +0200] "GET /framez-rez.html HTTP/1.1" 200 4323 "-" "Yanga WorldSearch Bot v1.1/beta (http://www.yanga.co.uk/)"
65.55.211.167 - - [20/Sep/2008:00:26:34 +0200] "GET /robots.txt HTTP/1.1" 200 64 "-" "msnbot/1.1 (+http://search.msn.com/msnbot.htm)"
65.55.211.167 - - [20/Sep/2008:00:26:34 +0200] "GET /f-bannnerz.html HTTP/1.1" 200 12651 "-" "msnbot/1.1 (+http://search.msn.com/msnbot.htm)"
193.252.149.15 - - [20/Sep/2008:02:21:52 +0200] "GET /neon/code.html HTTP/1.1" 200 1109 "-" "Mozilla/5.0 (Windows; U; Windows NT 5.1; fr; rv:1.8.1) VoilaBot BETA 1.2 (support.voilabot@orange-ftgroup.com)"
64.1.215.165 - - [20/Sep/2008:02:24:00 +0200] "GET /bmpp/18_x.html HTTP/1.0" 200 1100 "-" "Mozilla/5.0 (Twiceler-0.9 http://www.cuil.com/twiceler/robot.html)"
66.249.65.169 - - [20/Sep/2008:02:26:31 +0200] "GET /frame-menu.html HTTP/1.1" 200 10536 "-" "Mozilla/5.0 (compatible; Googlebot/2.1; +http://www.google.com/bot.html)"
66.249.65.169 - - [20/Sep/2008:02:31:02 +0200] "GET /framez-e-count.html HTTP/1.1" 200 4321 "-" "Mozilla/5.0 (compatible; Googlebot/2.1; +http://www.google.com/bot.html)"
65.55.211.165 - - [20/Sep/2008:03:28:26 +0200] "GET /f-logz_old.html HTTP/1.1" 200 43773 "-" "msnbot/1.1 (+http://search.msn.com/msnbot.htm)"
66.249.65.169 - - [20/Sep/2008:03:39:59 +0200] "GET /robots.txt HTTP/1.1" 302 363 "-" "Mozilla/5.0 (compatible; Googlebot/2.1; +http://www.google.com/bot.html)"
66.249.65.169 - - [20/Sep/2008:03:39:59 +0200] "GET /zampa/robots.txt HTTP/1.1" 404 2748 "-" "Mozilla/5.0 (compatible; Googlebot/2.1; +http://www.google.com/bot.html)"
66.249.65.169 - - [20/Sep/2008:03:39:59 +0200] "GET /%3E) HTTP/1.1" 302 357 "-" "Mozilla/5.0 (compatible; Googlebot/2.1; +http://www.google.com/bot.html)"
66.249.65.169 - - [20/Sep/2008:03:40:00 +0200] "GET /zampa/%3E) HTTP/1.1" 404 2748 "-" "Mozilla/5.0 (compatible; Googlebot/2.1; +http://www.google.com/bot.html)"
206.51.230.26 - - [20/Sep/2008:04:05:34 +0200] "GET /logs/ HTTP/1.1" 200 10079 "-" "Mozilla/4.0 (compatible; MSIE 7.0; Windows NT 5.1; MRA 4.6 (build 01425); InfoPath.1)"
81.52.143.16 - - [20/Sep/2008:04:05:58 +0200] "GET /schubb/schubb-2.html HTTP/1.1" 200 16660 "-" "Mozilla/5.0 (Windows; U; Windows NT 5.1; fr; rv:1.8.1) VoilaBot BETA 1.2 (support.voilabot@orange-ftgroup.com)"
193.252.149.16 - - [20/Sep/2008:04:16:37 +0200] "GET http://www.various-euro.com:80/robots.txt HTTP/1.1" 200 64 "-" "Mozilla/5.0 (Windows; U; Windows NT 5.1; fr; rv:1.8.1) VoilaBot BETA 1.2 (support.voilabot@orange-ftgroup.com)"
193.252.149.16 - - [20/Sep/2008:04:16:41 +0200] "GET /neon/sushi.html HTTP/1.1" 200 687 "-" "Mozilla/5.0 (Windows; U; Windows NT 5.1; fr; rv:1.8.1) VoilaBot BETA 1.2 (support.voilabot@orange-ftgroup.com)"
66.249.65.169 - - [20/Sep/2008:04:17:36 +0200] "GET /robots.txt HTTP/1.1" 200 64 "-" "Mozilla/5.0 (compatible; Googlebot/2.1; +http://www.google.com/bot.html)"
220.181.61.232 - - [20/Sep/2008:04:24:48 +0200] "GET /robots.txt HTTP/1.1" 302 363 "-" "-"
66.249.65.169 - - [20/Sep/2008:04:30:09 +0200] "GET /ve-icon-2.ico HTTP/1.1" 200 2238 "-" "Mozilla/5.0 (compatible; Googlebot/2.1; +http://www.google.com/bot.html)"
201.253.241.72 - - [20/Sep/2008:04:41:36 +0200] "POST /cgi-bin/pennyw.cgi HTTP/1.1" 404 2748 "http://various-euro.com/cgi-bin/pennyw.cgi" "Mozilla/4.0 (compatible; MSIE 6.0; Windows NT 5.1)"
65.55.211.164 - - [20/Sep/2008:04:54:37 +0200] "GET /sendi_agent.html HTTP/1.1" 200 6213 "-" "msnbot/1.1 (+http://search.msn.com/msnbot.htm)"
208.36.144.10 - - [20/Sep/2008:05:18:13 +0200] "GET /DgH/bull/index.html HTTP/1.0" 200 1915 "-" "Mozilla/5.0 (Twiceler-0.9 http://www.cuil.com/twiceler/robot.html)"
74.6.18.221 - - [20/Sep/2008:05:33:29 +0200] "GET /robots.txt HTTP/1.0" 200 64 "-" "Mozilla/5.0 (compatible; Yahoo! Slurp; http://help.yahoo.com/help/us/ysearch/slurp)"
74.6.18.221 - - [20/Sep/2008:05:33:29 +0200] "GET /restate_copy.html HTTP/1.0" 200 97631 "-" "Mozilla/5.0 (compatible; Yahoo! Slurp; http://help.yahoo.com/help/us/ysearch/slurp)"
81.52.143.16 - - [20/Sep/2008:05:36:33 +0200] "GET /neon/warning.html HTTP/1.1" 200 5134 "-" "Mozilla/5.0 (Windows; U; Windows NT 5.1; fr; rv:1.8.1) VoilaBot BETA 1.2 (support.voilabot@orange-ftgroup.com)"
81.52.143.16 - - [20/Sep/2008:06:01:27 +0200] "GET /bmpp/18_x.html HTTP/1.1" 200 1100 "-" "Mozilla/5.0 (Windows; U; Windows NT 5.1; fr; rv:1.8.1) VoilaBot BETA 1.2 (support.voilabot@orange-ftgroup.com)"
208.36.144.10 - - [20/Sep/2008:06:16:04 +0200] "GET /DgH/watch/index.html HTTP/1.0" 200 2028 "-" "Mozilla/5.0 (Twiceler-0.9 http://www.cuil.com/twiceler/robot.html)"
208.36.144.10 - - [20/Sep/2008:06:46:44 +0200] "GET /bmpp/18start.html HTTP/1.0" 200 320 "-" "Mozilla/5.0 (Twiceler-0.9 http://www.cuil.com/twiceler/robot.html)"
82.99.30.40 - - [20/Sep/2008:07:01:49 +0200] "GET /bannerz/various-euro-girl.jpg HTTP/1.0" 200 91514 "http://www.munax.com/referer.htm" "Mozilla/4.0 (compatible; MSIE 6.0; Windows NT 5.1)"
208.36.144.10 - - [20/Sep/2008:07:12:05 +0200] "GET /DgH/rampe/index.html HTTP/1.0" 200 2056 "-" "Mozilla/5.0 (Twiceler-0.9 http://www.cuil.com/twiceler/robot.html)"
65.55.211.167 - - [20/Sep/2008:07:39:07 +0200] "GET /framez-rez.html HTTP/1.1" 200 4323 "-" "msnbot/1.1 (+http://search.msn.com/msnbot.htm)"
65.55.211.167 - - [20/Sep/2008:07:44:58 +0200] "GET /robots.txt HTTP/1.1" 200 64 "-" "msnbot/1.0 (+http://search.msn.com/msnbot.htm)"
65.55.211.167 - - [20/Sep/2008:07:44:59 +0200] "GET /frame-menu.html HTTP/1.1" 200 10536 "-" "msnbot/1.0 (+http://search.msn.com/msnbot.htm)"
65.55.211.167 - - [20/Sep/2008:07:45:00 +0200] "GET /f-rez.html HTTP/1.1" 200 9765 "-" "msnbot/1.0 (+http://search.msn.com/msnbot.htm)"
65.55.211.167 - - [20/Sep/2008:07:45:01 +0200] "GET /frame-unten.html HTTP/1.1" 200 5308 "-" "msnbot/1.0 (+http://search.msn.com/msnbot.htm)"
81.52.143.15 - - [20/Sep/2008:08:14:18 +0200] "GET /DgH/orginal/index.html HTTP/1.1" 200 1727 "-" "Mozilla/5.0 (Windows; U; Windows NT 5.1; fr; rv:1.8.1) VoilaBot BETA 1.2 (support.voilabot@orange-ftgroup.com)"
65.55.211.171 - - [20/Sep/2008:08:16:20 +0200] "GET /robots.txt HTTP/1.1" 200 64 "-" "msnbot/1.1 (+http://search.msn.com/msnbot.htm)"
65.55.211.171 - - [20/Sep/2008:08:16:20 +0200] "GET /bmpp/euro_pal_1.html HTTP/1.1" 200 18252 "-" "msnbot/1.1 (+http://search.msn.com/msnbot.htm)"
220.181.61.232 - - [20/Sep/2008:08:17:39 +0200] "GET / HTTP/1.1" 302 353 "-" "Sogou web spider/4.0(+http://www.sogou.com/docs/help/webmasters.htm#07)"
220.181.61.232 - - [20/Sep/2008:08:17:49 +0200] "GET /robots.txt HTTP/1.1" 200 64 "-" "-"
91.205.124.4 - - [20/Sep/2008:08:19:43 +0200] "GET /robots.txt HTTP/1.1" 200 64 "-" "Yanga WorldSearch Bot v1.1/beta (http://www.yanga.co.uk/)"
208.66.193.164 - - [20/Sep/2008:08:19:44 +0200] "GET / HTTP/1.1" 200 7869 "-" "Yanga WorldSearch Bot v1.1/beta (http://www.yanga.co.uk/)"
193.252.149.16 - - [20/Sep/2008:08:26:34 +0200] "GET /DgH/watch/index.html HTTP/1.1" 200 2028 "-" "Mozilla/5.0 (Windows; U; Windows NT 5.1; fr; rv:1.8.1) VoilaBot BETA 1.2 (support.voilabot@orange-ftgroup.com)"
82.99.30.71 - - [20/Sep/2008:08:30:22 +0200] "GET /rez/ma.jpg HTTP/1.0" 200 12893 "http://www.munax.com/referer.htm" "Mozilla/4.0 (compatible; MSIE 6.0; Windows NT 5.1)"
82.99.30.71 - - [20/Sep/2008:08:30:23 +0200] "GET /rez/mb.jpg HTTP/1.0" 200 12467 "http://www.munax.com/referer.htm" "Mozilla/4.0 (compatible; MSIE 6.0; Windows NT 5.1)"
82.99.30.71 - - [20/Sep/2008:08:30:22 +0200] "GET /rez/557.mp3 HTTP/1.0" 200 9164800 "http://www.various-euro.com/f-rez.html" "Mozilla/4.0 (compatible; MSIE 6.0; Windows NT 5.1)"
82.99.30.71 - - [20/Sep/2008:08:30:23 +0200] "GET /rez/607.mp3 HTTP/1.0" 200 4964417 "http://www.various-euro.com/f-rez.html" "Mozilla/4.0 (compatible; MSIE 6.0; Windows NT 5.1)"
82.99.30.71 - - [20/Sep/2008:08:30:23 +0200] "GET /rez/326.mp3 HTTP/1.0" 200 7672484 "http://www.various-euro.com/f-rez.html" "Mozilla/4.0 (compatible; MSIE 6.0; Windows NT 5.1)"
82.99.30.71 - - [20/Sep/2008:08:30:23 +0200] "GET /rez/327.mp3 HTTP/1.0" 200 2771948 "http://www.various-euro.com/f-rez.html" "Mozilla/4.0 (compatible; MSIE 6.0; Windows NT 5.1)"
82.99.30.71 - - [20/Sep/2008:08:30:23 +0200] "GET /rez/556.mp3 HTTP/1.0" 200 2674419 "http://www.various-euro.com/f-rez.html" "Mozilla/4.0 (compatible; MSIE 6.0; Windows NT 5.1)"
82.99.30.71 - - [20/Sep/2008:08:30:23 +0200] "GET /rez/611.mp3 HTTP/1.0" 200 6782540 "http://www.various-euro.com/f-rez.html" "Mozilla/4.0 (compatible; MSIE 6.0; Windows NT 5.1)"
82.99.30.71 - - [20/Sep/2008:08:30:23 +0200] "GET /rez/108.mp3 HTTP/1.0" 200 2086040 "http://www.various-euro.com/f-rez.html" "Mozilla/4.0 (compatible; MSIE 6.0; Windows NT 5.1)"
82.99.30.71 - - [20/Sep/2008:08:30:23 +0200] "GET /rez/555.mp3 HTTP/1.0" 200 6017674 "http://www.various-euro.com/f-rez.html" "Mozilla/4.0 (compatible; MSIE 6.0; Windows NT 5.1)"
82.99.30.71 - - [20/Sep/2008:08:30:23 +0200] "GET /rez/554.mp3 HTTP/1.0" 200 13335140 "http://www.various-euro.com/f-rez.html" "Mozilla/4.0 (compatible; MSIE 6.0; Windows NT 5.1)"
82.99.30.71 - - [20/Sep/2008:08:30:23 +0200] "GET /rez/601.mp3 HTTP/1.0" 200 5052711 "http://www.various-euro.com/f-rez.html" "Mozilla/4.0 (compatible; MSIE 6.0; Windows NT 5.1)"
193.252.149.16 - - [20/Sep/2008:09:02:44 +0200] "GET /neon/biggtani.html HTTP/1.1" 200 1698 "-" "Mozilla/5.0 (Windows; U; Windows NT 5.1; fr; rv:1.8.1) VoilaBot BETA 1.2 (support.voilabot@orange-ftgroup.com)"
67.215.234.250 - - [20/Sep/2008:09:15:21 +0200] "HEAD / HTTP/1.1" 200 - "-" "swish-e http://swish-e.org/"
67.215.234.250 - - [20/Sep/2008:09:15:21 +0200] "GET / HTTP/1.1" 200 7869 "-" "swish-e http://swish-e.org/"
67.215.234.250 - - [20/Sep/2008:09:15:22 +0200] "HEAD /framez.html HTTP/1.1" 200 - "http://www.various-euro.com" "swish-e http://swish-e.org/"
67.215.234.250 - - [20/Sep/2008:09:15:22 +0200] "GET /framez.html HTTP/1.1" 200 3959 "http://www.various-euro.com" "swish-e http://swish-e.org/"
67.215.234.250 - - [20/Sep/2008:09:15:22 +0200] "HEAD /frame-menu.html HTTP/1.1" 200 - "http://www.various-euro.com/framez.html" "swish-e http://swish-e.org/"
67.215.234.250 - - [20/Sep/2008:09:15:23 +0200] "GET /frame-menu.html HTTP/1.1" 200 10536 "http://www.various-euro.com/framez.html" "swish-e http://swish-e.org/"
67.215.234.250 - - [20/Sep/2008:09:15:23 +0200] "HEAD /frame-inhalt.html HTTP/1.1" 200 - "http://www.various-euro.com/framez.html" "swish-e http://swish-e.org/"
67.215.234.250 - - [20/Sep/2008:09:15:23 +0200] "GET /frame-inhalt.html HTTP/1.1" 200 5418 "http://www.various-euro.com/framez.html" "swish-e http://swish-e.org/"
67.215.234.250 - - [20/Sep/2008:09:15:24 +0200] "HEAD /frame-unten.html HTTP/1.1" 200 - "http://www.various-euro.com/framez.html" "swish-e http://swish-e.org/"
67.215.234.250 - - [20/Sep/2008:09:15:24 +0200] "GET /frame-unten.html HTTP/1.1" 200 5308 "http://www.various-euro.com/framez.html" "swish-e http://swish-e.org/"
67.215.234.250 - - [20/Sep/2008:09:15:24 +0200] "HEAD /f-search.html HTTP/1.1" 200 - "http://www.various-euro.com/frame-menu.html" "swish-e http://swish-e.org/"
67.215.234.250 - - [20/Sep/2008:09:15:24 +0200] "GET /f-search.html HTTP/1.1" 200 11800 "http://www.various-euro.com/frame-menu.html" "swish-e http://swish-e.org/"
67.215.234.250 - - [20/Sep/2008:09:15:25 +0200] "HEAD /f-contact.html HTTP/1.1" 200 - "http://www.various-euro.com/frame-menu.html" "swish-e http://swish-e.org/"
67.215.234.250 - - [20/Sep/2008:09:15:25 +0200] "GET /f-contact.html HTTP/1.1" 200 6804 "http://www.various-euro.com/frame-menu.html" "swish-e http://swish-e.org/"
67.215.234.250 - - [20/Sep/2008:09:15:25 +0200] "HEAD /f-sponsor.html HTTP/1.1" 200 - "http://www.various-euro.com/frame-menu.html" "swish-e http://swish-e.org/"
67.215.234.250 - - [20/Sep/2008:09:15:25 +0200] "GET /f-sponsor.html HTTP/1.1" 200 8578 "http://www.various-euro.com/frame-menu.html" "swish-e http://swish-e.org/"
67.215.234.250 - - [20/Sep/2008:09:15:25 +0200] "HEAD /f-warez.html HTTP/1.1" 200 - "http://www.various-euro.com/frame-menu.html" "swish-e http://swish-e.org/"
67.215.234.250 - - [20/Sep/2008:09:15:26 +0200] "GET /f-warez.html HTTP/1.1" 200 10953 "http://www.various-euro.com/frame-menu.html" "swish-e http://swish-e.org/"
67.215.234.250 - - [20/Sep/2008:09:15:26 +0200] "HEAD /f-web.html HTTP/1.1" 200 - "http://www.various-euro.com/frame-menu.html" "swish-e http://swish-e.org/"
67.215.234.250 - - [20/Sep/2008:09:15:26 +0200] "GET /f-web.html HTTP/1.1" 200 13605 "http://www.various-euro.com/frame-menu.html" "swish-e http://swish-e.org/"
67.215.234.250 - - [20/Sep/2008:09:15:26 +0200] "HEAD /f-net.html HTTP/1.1" 200 - "http://www.various-euro.com/frame-menu.html" "swish-e http://swish-e.org/"
67.215.234.250 - - [20/Sep/2008:09:15:27 +0200] "GET /f-net.html HTTP/1.1" 200 9913 "http://www.various-euro.com/frame-menu.html" "swish-e http://swish-e.org/"
67.215.234.250 - - [20/Sep/2008:09:15:27 +0200] "HEAD /f-euro.html HTTP/1.1" 200 - "http://www.various-euro.com/frame-menu.html" "swish-e http://swish-e.org/"
67.215.234.250 - - [20/Sep/2008:09:15:27 +0200] "GET /f-euro.html HTTP/1.1" 200 12203 "http://www.various-euro.com/frame-menu.html" "swish-e http://swish-e.org/"
67.215.234.250 - - [20/Sep/2008:09:15:27 +0200] "HEAD /f-zeug.html HTTP/1.1" 200 - "http://www.various-euro.com/frame-menu.html" "swish-e http://swish-e.org/"
67.215.234.250 - - [20/Sep/2008:09:15:28 +0200] "GET /f-zeug.html HTTP/1.1" 200 45338 "http://www.various-euro.com/frame-menu.html" "swish-e http://swish-e.org/"
67.215.234.250 - - [20/Sep/2008:09:15:28 +0200] "HEAD /f-other.html HTTP/1.1" 200 - "http://www.various-euro.com/frame-menu.html" "swish-e http://swish-e.org/"
67.215.234.250 - - [20/Sep/2008:09:15:28 +0200] "GET /f-other.html HTTP/1.1" 200 33189 "http://www.various-euro.com/frame-menu.html" "swish-e http://swish-e.org/"
67.215.234.250 - - [20/Sep/2008:09:15:29 +0200] "HEAD /f-world.html HTTP/1.1" 200 - "http://www.various-euro.com/frame-menu.html" "swish-e http://swish-e.org/"
67.215.234.250 - - [20/Sep/2008:09:15:29 +0200] "GET /f-world.html HTTP/1.1" 200 35590 "http://www.various-euro.com/frame-menu.html" "swish-e http://swish-e.org/"
67.215.234.250 - - [20/Sep/2008:09:15:29 +0200] "HEAD /f-channel1.html HTTP/1.1" 200 - "http://www.various-euro.com/frame-menu.html" "swish-e http://swish-e.org/"
67.215.234.250 - - [20/Sep/2008:09:15:30 +0200] "GET /f-channel1.html HTTP/1.1" 200 5713 "http://www.various-euro.com/frame-menu.html" "swish-e http://swish-e.org/"
67.215.234.250 - - [20/Sep/2008:09:15:30 +0200] "HEAD /your_tour.html HTTP/1.1" 200 - "http://www.various-euro.com/frame-menu.html" "swish-e http://swish-e.org/"
67.215.234.250 - - [20/Sep/2008:09:15:30 +0200] "GET /your_tour.html HTTP/1.1" 200 31731 "http://www.various-euro.com/frame-menu.html" "swish-e http://swish-e.org/"
67.215.234.250 - - [20/Sep/2008:09:15:31 +0200] "HEAD /logs/ HTTP/1.1" 200 - "http://www.various-euro.com/frame-menu.html" "swish-e http://swish-e.org/"
67.215.234.250 - - [20/Sep/2008:09:15:31 +0200] "GET /logs/ HTTP/1.1" 200 10079 "http://www.various-euro.com/frame-menu.html" "swish-e http://swish-e.org/"
67.215.234.250 - - [20/Sep/2008:09:15:31 +0200] "HEAD /f-bannnerz.html HTTP/1.1" 200 - "http://www.various-euro.com/frame-menu.html" "swish-e http://swish-e.org/"
67.215.234.250 - - [20/Sep/2008:09:15:31 +0200] "GET /f-bannnerz.html HTTP/1.1" 200 12651 "http://www.various-euro.com/frame-menu.html" "swish-e http://swish-e.org/"
67.215.234.250 - - [20/Sep/2008:09:15:32 +0200] "HEAD /f-doku-brau.html HTTP/1.1" 200 - "http://www.various-euro.com/frame-menu.html" "swish-e http://swish-e.org/"
67.215.234.250 - - [20/Sep/2008:09:15:32 +0200] "GET /f-doku-brau.html HTTP/1.1" 200 7152 "http://www.various-euro.com/frame-menu.html" "swish-e http://swish-e.org/"
67.215.234.250 - - [20/Sep/2008:09:15:32 +0200] "HEAD /restate_copy.html HTTP/1.1" 200 - "http://www.various-euro.com/frame-menu.html" "swish-e http://swish-e.org/"
67.215.234.250 - - [20/Sep/2008:09:15:33 +0200] "GET /restate_copy.html HTTP/1.1" 200 97631 "http://www.various-euro.com/frame-menu.html" "swish-e http://swish-e.org/"
67.215.234.250 - - [20/Sep/2008:09:15:33 +0200] "HEAD /f-rez.html HTTP/1.1" 200 - "http://www.various-euro.com/frame-menu.html" "swish-e http://swish-e.org/"
67.215.234.250 - - [20/Sep/2008:09:15:34 +0200] "GET /f-rez.html HTTP/1.1" 200 9765 "http://www.various-euro.com/frame-menu.html" "swish-e http://swish-e.org/"
67.215.234.250 - - [20/Sep/2008:09:15:34 +0200] "HEAD /f-horrorkatze.html HTTP/1.1" 200 - "http://www.various-euro.com/frame-menu.html" "swish-e http://swish-e.org/"
67.215.234.250 - - [20/Sep/2008:09:15:34 +0200] "GET /f-horrorkatze.html HTTP/1.1" 200 7865 "http://www.various-euro.com/frame-menu.html" "swish-e http://swish-e.org/"
67.215.234.250 - - [20/Sep/2008:09:15:34 +0200] "HEAD /sendi_agent.html HTTP/1.1" 200 - "http://www.various-euro.com/frame-menu.html" "swish-e http://swish-e.org/"
67.215.234.250 - - [20/Sep/2008:09:15:34 +0200] "GET /sendi_agent.html HTTP/1.1" 200 6213 "http://www.various-euro.com/frame-menu.html" "swish-e http://swish-e.org/"
67.215.234.250 - - [20/Sep/2008:09:15:35 +0200] "HEAD /zampa-lovers/index.html HTTP/1.1" 200 - "http://www.various-euro.com/frame-menu.html" "swish-e http://swish-e.org/"
67.215.234.250 - - [20/Sep/2008:09:15:35 +0200] "GET /zampa-lovers/index.html HTTP/1.1" 200 37790 "http://www.various-euro.com/frame-menu.html" "swish-e http://swish-e.org/"
67.215.234.250 - - [20/Sep/2008:09:15:35 +0200] "HEAD /f-actions.html HTTP/1.1" 200 - "http://www.various-euro.com/frame-menu.html" "swish-e http://swish-e.org/"
67.215.234.250 - - [20/Sep/2008:09:15:35 +0200] "GET /f-actions.html HTTP/1.1" 200 10429 "http://www.various-euro.com/frame-menu.html" "swish-e http://swish-e.org/"
67.215.234.250 - - [20/Sep/2008:09:15:35 +0200] "HEAD /bmpp/euro_pal_1.html HTTP/1.1" 200 - "http://www.various-euro.com/frame-inhalt.html" "swish-e http://swish-e.org/"
67.215.234.250 - - [20/Sep/2008:09:15:36 +0200] "GET /bmpp/euro_pal_1.html HTTP/1.1" 200 18252 "http://www.various-euro.com/frame-inhalt.html" "swish-e http://swish-e.org/"
67.215.234.250 - - [20/Sep/2008:09:15:36 +0200] "HEAD /neon/euro.html HTTP/1.1" 200 - "http://www.various-euro.com/frame-inhalt.html" "swish-e http://swish-e.org/"
67.215.234.250 - - [20/Sep/2008:09:15:36 +0200] "GET /neon/euro.html HTTP/1.1" 200 2212 "http://www.various-euro.com/frame-inhalt.html" "swish-e http://swish-e.org/"
67.215.234.250 - - [20/Sep/2008:09:15:36 +0200] "HEAD /schubb/schubb-1.html HTTP/1.1" 200 - "http://www.various-euro.com/frame-inhalt.html" "swish-e http://swish-e.org/"
67.215.234.250 - - [20/Sep/2008:09:15:36 +0200] "GET /schubb/schubb-1.html HTTP/1.1" 200 9070 "http://www.various-euro.com/frame-inhalt.html" "swish-e http://swish-e.org/"
67.215.234.250 - - [20/Sep/2008:09:15:37 +0200] "HEAD /f-maintitle.html HTTP/1.1" 200 - "http://www.various-euro.com/frame-inhalt.html" "swish-e http://swish-e.org/"
67.215.234.250 - - [20/Sep/2008:09:15:37 +0200] "GET /f-maintitle.html HTTP/1.1" 200 5030 "http://www.various-euro.com/frame-inhalt.html" "swish-e http://swish-e.org/"
67.215.234.250 - - [20/Sep/2008:09:15:37 +0200] "HEAD /bmpp/euro_pal_111.html HTTP/1.1" 200 - "http://www.various-euro.com/frame-inhalt.html" "swish-e http://swish-e.org/"
67.215.234.250 - - [20/Sep/2008:09:15:37 +0200] "GET /bmpp/euro_pal_111.html HTTP/1.1" 200 2129 "http://www.various-euro.com/frame-inhalt.html" "swish-e http://swish-e.org/"
67.215.234.250 - - [20/Sep/2008:09:15:37 +0200] "HEAD /partnergegenberlin.html HTTP/1.1" 200 - "http://www.various-euro.com/frame-inhalt.html" "swish-e http://swish-e.org/"
67.215.234.250 - - [20/Sep/2008:09:15:38 +0200] "GET /partnergegenberlin.html HTTP/1.1" 200 5022 "http://www.various-euro.com/frame-inhalt.html" "swish-e http://swish-e.org/"
66.249.65.169 - - [20/Sep/2008:09:45:16 +0200] "GET /zampa/montenegro/TESLAW.html HTTP/1.1" 200 861 "-" "Mozilla/5.0 (compatible; Googlebot/2.1; +http://www.google.com/bot.html)"
217.20.112.119 - - [20/Sep/2008:10:07:27 +0200] "GET /games/virtualcop/virtualcop.html HTTP/1.1" 200 4487 "-" "Mozilla/4.0 (compatible; MSIE 6.0; Windows NT 5.1; SV1; .NET CLR 1.1.4222)"
65.55.211.175 - - [20/Sep/2008:10:12:06 +0200] "GET /robots.txt HTTP/1.1" 200 64 "-" "msnbot/1.1 (+http://search.msn.com/msnbot.htm)"
65.55.211.175 - - [20/Sep/2008:10:12:06 +0200] "GET /bmpp/18_x.html HTTP/1.1" 200 1100 "-" "msnbot/1.1 (+http://search.msn.com/msnbot.htm)"
64.1.215.165 - - [20/Sep/2008:10:20:28 +0200] "GET /f-warez.html HTTP/1.0" 200 10953 "-" "Mozilla/5.0 (Twiceler-0.9 http://www.cuil.com/twiceler/robot.html)"
65.55.211.170 - - [20/Sep/2008:10:21:42 +0200] "GET /robots.txt HTTP/1.1" 200 64 "-" "msnbot/1.1 (+http://search.msn.com/msnbot.htm)"
65.55.211.170 - - [20/Sep/2008:10:21:49 +0200] "GET /zampa/montenegro/SEKAW.html HTTP/1.1" 200 860 "-" "msnbot/1.1 (+http://search.msn.com/msnbot.htm)"
65.55.211.162 - - [20/Sep/2008:10:36:18 +0200] "GET /robots.txt HTTP/1.1" 200 64 "-" "msnbot/1.1 (+http://search.msn.com/msnbot.htm)"
65.55.211.162 - - [20/Sep/2008:10:36:19 +0200] "GET /zampa/montenegro/MILOW.html HTTP/1.1" 200 860 "-" "msnbot/1.1 (+http://search.msn.com/msnbot.htm)"
208.36.144.10 - - [20/Sep/2008:10:45:38 +0200] "GET /neon/click.html HTTP/1.0" 200 521 "-" "Mozilla/5.0 (Twiceler-0.9 http://www.cuil.com/twiceler/robot.html)"
81.52.143.16 - - [20/Sep/2008:10:51:34 +0200] "GET /schubb/schubb-1.html HTTP/1.1" 200 9070 "-" "Mozilla/5.0 (Windows; U; Windows NT 5.1; fr; rv:1.8.1) VoilaBot BETA 1.2 (support.voilabot@orange-ftgroup.com)"
64.17.2.164 - - [20/Sep/2008:11:08:07 +0200] "GET /robots.txt HTTP/1.1" 200 64 "-" "MLBot (www.metadatalabs.com/mlbot)"
64.17.2.164 - - [20/Sep/2008:11:08:07 +0200] "GET /f-rez.html HTTP/1.1" 200 9765 "-" "MLBot (www.metadatalabs.com/mlbot)"
74.6.18.222 - - [20/Sep/2008:11:08:57 +0200] "GET /robots.txt HTTP/1.0" 200 64 "-" "Mozilla/5.0 (compatible; Yahoo! Slurp; http://help.yahoo.com/help/us/ysearch/slurp)"
74.6.18.222 - - [20/Sep/2008:11:08:58 +0200] "GET /f-web.html HTTP/1.0" 200 13605 "-" "Mozilla/5.0 (compatible; Yahoo! Slurp; http://help.yahoo.com/help/us/ysearch/slurp)"
65.55.211.164 - - [20/Sep/2008:11:18:34 +0200] "GET /zampa-lovers/ HTTP/1.1" 200 37790 "-" "msnbot/1.1 (+http://search.msn.com/msnbot.htm)"
193.252.149.15 - - [20/Sep/2008:11:44:07 +0200] "GET /neon/europa.html HTTP/1.1" 200 389 "-" "Mozilla/5.0 (Windows; U; Windows NT 5.1; fr; rv:1.8.1) VoilaBot BETA 1.2 (support.voilabot@orange-ftgroup.com)"
212.34.175.72 - - [20/Sep/2008:11:56:13 +0200] "GET /robots.txt HTTP/1.1" 200 64 "-" "gonzo1[P] +http://www.suchen.de/faq.html"
212.34.175.72 - - [20/Sep/2008:11:56:20 +0200] "GET /neon/code.html HTTP/1.1" 200 1109 "-" "gonzo1[P] +http://www.suchen.de/faq.html"
65.55.211.164 - - [20/Sep/2008:12:04:56 +0200] "GET /DgH/orginal/index.html HTTP/1.1" 200 1727 "-" "msnbot/1.1 (+http://search.msn.com/msnbot.htm)"
66.249.65.169 - - [20/Sep/2008:12:05:27 +0200] "GET /logs/usage_200809.html HTTP/1.1" 404 2748 "-" "Mozilla/5.0 (compatible; Googlebot/2.1; +http://www.google.com/bot.html)"
220.181.61.232 - - [20/Sep/2008:12:15:27 +0200] "GET /zampa/ HTTP/1.1" 200 7153 "-" "Sogou web spider/4.0(+http://www.sogou.com/docs/help/webmasters.htm#07)"
193.252.149.16 - - [20/Sep/2008:12:16:32 +0200] "GET /neon/channel.html HTTP/1.1" 200 1942 "-" "Mozilla/5.0 (Windows; U; Windows NT 5.1; fr; rv:1.8.1) VoilaBot BETA 1.2 (support.voilabot@orange-ftgroup.com)"
64.1.215.165 - - [20/Sep/2008:12:25:04 +0200] "GET /f-logz_old.html HTTP/1.0" 200 43773 "-" "Mozilla/5.0 (Twiceler-0.9 http://www.cuil.com/twiceler/robot.html)"
74.6.18.222 - - [20/Sep/2008:12:36:19 +0200] "GET /f-actions.html HTTP/1.0" 200 10429 "-" "Mozilla/5.0 (compatible; Yahoo! Slurp; http://help.yahoo.com/help/us/ysearch/slurp)"
201.253.241.72 - - [20/Sep/2008:12:45:42 +0200] "POST /cgi-bin/pennywize.cgi HTTP/1.1" 404 2748 "http://various-euro.com/cgi-bin/pennywize.cgi" "Mozilla/4.0 (compatible; MSIE 6.0; Windows NT 5.1)"
208.36.144.6 - - [20/Sep/2008:12:56:53 +0200] "GET /robots.txt HTTP/1.0" 302 363 "-" "Mozilla/5.0 (Twiceler-0.9 http://www.cuil.com/twiceler/robot.html)"
65.55.211.168 - - [20/Sep/2008:12:59:01 +0200] "GET /neon/slow-walk.html HTTP/1.1" 200 1640 "-" "msnbot/1.1 (+http://search.msn.com/msnbot.htm)"
74.6.18.222 - - [20/Sep/2008:13:08:59 +0200] "GET /f-horrorkatze.html HTTP/1.0" 200 7865 "-" "Mozilla/5.0 (compatible; Yahoo! Slurp; http://help.yahoo.com/help/us/ysearch/slurp)"
69.63.176.233 - - [20/Sep/2008:13:10:54 +0200] "GET /zampa/slike/zampa.gif HTTP/1.1" 200 5310 "-" "facebookexternalhit/1.0 (+http://www.facebook.com/externalhit_uatext.php)"
208.36.144.10 - - [20/Sep/2008:13:29:43 +0200] "GET /robots.txt HTTP/1.0" 200 64 "-" "Mozilla/5.0 (Twiceler-0.9 http://www.cuil.com/twiceler/robot.html)"
208.36.144.10 - - [20/Sep/2008:14:01:56 +0200] "GET /neon/girlz3.html HTTP/1.0" 200 2479 "-" "Mozilla/5.0 (Twiceler-0.9 http://www.cuil.com/twiceler/robot.html)"
65.55.211.168 - - [20/Sep/2008:14:21:55 +0200] "GET /ve-icon-2.ico HTTP/1.1" 200 2238 "-" "msnbot/1.1 (+http://search.msn.com/msnbot.htm)"
74.6.18.222 - - [20/Sep/2008:14:48:38 +0200] "GET /f-contact.html HTTP/1.0" 200 6804 "-" "Mozilla/5.0 (compatible; Yahoo! Slurp; http://help.yahoo.com/help/us/ysearch/slurp)"
64.1.215.165 - - [20/Sep/2008:14:52:11 +0200] "GET /robots.txt HTTP/1.0" 200 64 "-" "Mozilla/5.0 (Twiceler-0.9 http://www.cuil.com/twiceler/robot.html)"
74.6.18.222 - - [20/Sep/2008:15:01:52 +0200] "GET /neon/europa.html HTTP/1.0" 200 389 "-" "Mozilla/5.0 (compatible; Yahoo! Slurp; http://help.yahoo.com/help/us/ysearch/slurp)"
193.252.149.16 - - [20/Sep/2008:15:02:42 +0200] "GET /neon/girl-tv.html HTTP/1.1" 200 1717 "-" "Mozilla/5.0 (Windows; U; Windows NT 5.1; fr; rv:1.8.1) VoilaBot BETA 1.2 (support.voilabot@orange-ftgroup.com)"
193.252.149.15 - - [20/Sep/2008:15:12:43 +0200] "GET /neon/click.html HTTP/1.1" 200 521 "-" "Mozilla/5.0 (Windows; U; Windows NT 5.1; fr; rv:1.8.1) VoilaBot BETA 1.2 (support.voilabot@orange-ftgroup.com)"
65.55.211.173 - - [20/Sep/2008:15:13:08 +0200] "GET /robots.txt HTTP/1.1" 200 64 "-" "msnbot/1.1 (+http://search.msn.com/msnbot.htm)"
65.55.211.173 - - [20/Sep/2008:15:13:09 +0200] "GET /zampa/wonderland/index.html HTTP/1.1" 200 2084 "-" "msnbot/1.1 (+http://search.msn.com/msnbot.htm)"
65.55.211.168 - - [20/Sep/2008:15:15:26 +0200] "GET /schubb/schubb-2.html HTTP/1.1" 200 16660 "-" "msnbot/1.1 (+http://search.msn.com/msnbot.htm)"
74.6.18.222 - - [20/Sep/2008:15:28:30 +0200] "GET /frame-inhalt.html HTTP/1.0" 200 5418 "-" "Mozilla/5.0 (compatible; Yahoo! Slurp; http://help.yahoo.com/help/us/ysearch/slurp)"
66.249.65.169 - - [20/Sep/2008:16:19:18 +0200] "GET /zampa-lovers/ HTTP/1.1" 200 37790 "-" "Mozilla/5.0 (compatible; Googlebot/2.1; +http://www.google.com/bot.html)"
65.55.211.163 - - [20/Sep/2008:16:34:01 +0200] "GET /robots.txt HTTP/1.1" 200 64 "-" "msnbot/1.1 (+http://search.msn.com/msnbot.htm)"
65.55.211.163 - - [20/Sep/2008:16:34:01 +0200] "GET /bmpp/18start.html HTTP/1.1" 200 320 "-" "msnbot/1.1 (+http://search.msn.com/msnbot.htm)"
65.55.211.167 - - [20/Sep/2008:16:37:15 +0200] "GET /zampa/montenegro/ZMAJW.html HTTP/1.1" 200 860 "-" "msnbot/1.1 (+http://search.msn.com/msnbot.htm)"
193.252.149.15 - - [20/Sep/2008:17:29:18 +0200] "GET /DgH/bull/index.html HTTP/1.1" 200 1915 "-" "Mozilla/5.0 (Windows; U; Windows NT 5.1; fr; rv:1.8.1) VoilaBot BETA 1.2 (support.voilabot@orange-ftgroup.com)"
193.252.149.15 - - [20/Sep/2008:17:35:56 +0200] "GET /neon/slow-walk2.html HTTP/1.1" 200 1777 "-" "Mozilla/5.0 (Windows; U; Windows NT 5.1; fr; rv:1.8.1) VoilaBot BETA 1.2 (support.voilabot@orange-ftgroup.com)"
92.55.67.37 - - [20/Sep/2008:18:02:14 +0200] "GET /zampa-lovers/index.html HTTP/1.1" 200 37790 "http://search.bearshare.com/webResults.html?hl=en&o=10595&q=IGRI%20BEZ%20GRANICI&page=12" "Mozilla/5.0 (Windows; U; Windows NT 5.1; en-US; rv:1.9.0.1) Gecko/2008070208 Firefox/3.0.1"
92.55.67.37 - - [20/Sep/2008:18:02:15 +0200] "GET /zampa-lovers/MILIZA_B.JPG HTTP/1.1" 200 10947 "http://various-euro.com/zampa-lovers/index.html" "Mozilla/5.0 (Windows; U; Windows NT 5.1; en-US; rv:1.9.0.1) Gecko/2008070208 Firefox/3.0.1"
92.55.67.37 - - [20/Sep/2008:18:02:15 +0200] "GET /zampa-lovers/DRAGAN_Z.JPG HTTP/1.1" 200 6850 "http://various-euro.com/zampa-lovers/index.html" "Mozilla/5.0 (Windows; U; Windows NT 5.1; en-US; rv:1.9.0.1) Gecko/2008070208 Firefox/3.0.1"
92.55.67.37 - - [20/Sep/2008:18:02:15 +0200] "GET /zampa-lovers/kralle.gif HTTP/1.1" 404 2748 "http://various-euro.com/zampa-lovers/index.html" "Mozilla/5.0 (Windows; U; Windows NT 5.1; en-US; rv:1.9.0.1) Gecko/2008070208 Firefox/3.0.1"
92.55.67.37 - - [20/Sep/2008:18:02:15 +0200] "GET /zampa-lovers/zampa.ICO HTTP/1.1" 200 7134 "-" "Mozilla/5.0 (Windows; U; Windows NT 5.1; en-US; rv:1.9.0.1) Gecko/2008070208 Firefox/3.0.1"
92.55.67.37 - - [20/Sep/2008:18:02:16 +0200] "GET /zampa-lovers/MILIZA_4.JPG HTTP/1.1" 200 9946 "http://various-euro.com/zampa-lovers/index.html" "Mozilla/5.0 (Windows; U; Windows NT 5.1; en-US; rv:1.9.0.1) Gecko/2008070208 Firefox/3.0.1"
92.55.67.37 - - [20/Sep/2008:18:02:16 +0200] "GET /zampa-lovers/WASISTMI1.MPG HTTP/1.1" 200 271221 "http://various-euro.com/zampa-lovers/index.html" "Mozilla/5.0 (Windows; U; Windows NT 5.1; en-US; rv:1.9.0.1) Gecko/2008070208 Firefox/3.0.1"
92.55.67.37 - - [20/Sep/2008:18:02:15 +0200] "GET /zampa-lovers/MILIZA_2.JPG HTTP/1.1" 200 22172 "http://various-euro.com/zampa-lovers/index.html" "Mozilla/5.0 (Windows; U; Windows NT 5.1; en-US; rv:1.9.0.1) Gecko/2008070208 Firefox/3.0.1"
92.55.67.37 - - [20/Sep/2008:18:02:16 +0200] "GET /zampa-lovers/DRAGANZA.JPG HTTP/1.1" 200 18560 "http://various-euro.com/zampa-lovers/index.html" "Mozilla/5.0 (Windows; U; Windows NT 5.1; en-US; rv:1.9.0.1) Gecko/2008070208 Firefox/3.0.1"
92.55.67.37 - - [20/Sep/2008:18:02:15 +0200] "GET /zampa-lovers/ZAMPAMA2.MPG HTTP/1.1" 200 63492 "http://various-euro.com/zampa-lovers/index.html" "Mozilla/5.0 (Windows; U; Windows NT 5.1; en-US; rv:1.9.0.1) Gecko/2008070208 Firefox/3.0.1"
92.55.67.37 - - [20/Sep/2008:18:02:18 +0200] "GET /zampa-lovers/Kralle.gif HTTP/1.1" 200 260 "http://various-euro.com/zampa-lovers/index.html" "Mozilla/5.0 (Windows; U; Windows NT 5.1; en-US; rv:1.9.0.1) Gecko/2008070208 Firefox/3.0.1"
92.55.67.37 - - [20/Sep/2008:18:02:18 +0200] "GET /zampa-lovers/zampa-2X2.gif HTTP/1.1" 200 6948 "http://various-euro.com/zampa-lovers/index.html" "Mozilla/5.0 (Windows; U; Windows NT 5.1; en-US; rv:1.9.0.1) Gecko/2008070208 Firefox/3.0.1"
92.55.67.37 - - [20/Sep/2008:18:02:18 +0200] "GET /zampa-lovers/zampamali.gif HTTP/1.1" 200 2617 "http://various-euro.com/zampa-lovers/index.html" "Mozilla/5.0 (Windows; U; Windows NT 5.1; en-US; rv:1.9.0.1) Gecko/2008070208 Firefox/3.0.1"
92.55.67.37 - - [20/Sep/2008:18:02:15 +0200] "GET /zampa-lovers/MILIZA_3.JPG HTTP/1.1" 200 26924 "http://various-euro.com/zampa-lovers/index.html" "Mozilla/5.0 (Windows; U; Windows NT 5.1; en-US; rv:1.9.0.1) Gecko/2008070208 Firefox/3.0.1"
92.55.67.37 - - [20/Sep/2008:18:02:17 +0200] "GET /zampa-lovers/2SEITEVE.GIF HTTP/1.1" 200 83466 "http://various-euro.com/zampa-lovers/index.html" "Mozilla/5.0 (Windows; U; Windows NT 5.1; en-US; rv:1.9.0.1) Gecko/2008070208 Firefox/3.0.1"
92.55.67.37 - - [20/Sep/2008:18:02:18 +0200] "GET /zampa-lovers/ZAMPAMAS.MPG HTTP/1.1" 200 520196 "http://various-euro.com/zampa-lovers/index.html" "Mozilla/5.0 (Windows; U; Windows NT 5.1; en-US; rv:1.9.0.1) Gecko/2008070208 Firefox/3.0.1"
92.55.67.37 - - [20/Sep/2008:18:02:17 +0200] "GET /zampa-lovers/1SEITEVE.GIF HTTP/1.1" 200 78726 "http://various-euro.com/zampa-lovers/index.html" "Mozilla/5.0 (Windows; U; Windows NT 5.1; en-US; rv:1.9.0.1) Gecko/2008070208 Firefox/3.0.1"
92.55.67.37 - - [20/Sep/2008:18:02:18 +0200] "GET /zampa-lovers/zampa.gif HTTP/1.1" 200 460627 "http://various-euro.com/zampa-lovers/index.html" "Mozilla/5.0 (Windows; U; Windows NT 5.1; en-US; rv:1.9.0.1) Gecko/2008070208 Firefox/3.0.1"
92.55.67.37 - - [20/Sep/2008:18:02:29 +0200] "GET /framez-zampa-lovers.html HTTP/1.1" 200 4322 "http://various-euro.com/zampa-lovers/index.html" "Mozilla/5.0 (Windows; U; Windows NT 5.1; en-US; rv:1.9.0.1) Gecko/2008070208 Firefox/3.0.1"
92.55.67.37 - - [20/Sep/2008:18:02:30 +0200] "GET /ve-icon-2.ico HTTP/1.1" 200 2238 "-" "Mozilla/5.0 (Windows; U; Windows NT 5.1; en-US; rv:1.9.0.1) Gecko/2008070208 Firefox/3.0.1"
