65.55.211.164 - - [26/Sep/2008:01:41:21 +0200] "GET /triple-double-u/ HTTP/1.1" 403 1223 "-" "msnbot/1.1 (+http://search.msn.com/msnbot.htm)"
208.36.144.10 - - [26/Sep/2008:01:41:45 +0200] "GET /bmpp/Bilder2/fsstreiffcc_21.png HTTP/1.0" 200 214 "-" "Mozilla/5.0 (Twiceler-0.9 http://www.cuil.com/twiceler/robot.html)"
208.36.144.10 - - [26/Sep/2008:01:42:53 +0200] "GET /eurosign3.gif HTTP/1.0" 200 7879 "-" "Mozilla/5.0 (Twiceler-0.9 http://www.cuil.com/twiceler/robot.html)"
82.99.30.28 - - [26/Sep/2008:01:46:49 +0200] "GET /neon/clicktoenter.gif HTTP/1.0" 200 16302 "http://www.munax.com/referer.htm" "Mozilla/4.0 (compatible; MSIE 6.0; Windows NT 5.1)"
64.1.215.165 - - [26/Sep/2008:01:48:45 +0200] "GET /bannerz/main-1.gif HTTP/1.0" 200 5550 "-" "Mozilla/5.0 (Twiceler-0.9 http://www.cuil.com/twiceler/robot.html)"
208.36.144.10 - - [26/Sep/2008:01:49:11 +0200] "GET /bannerz/galerie-erika.gif HTTP/1.0" 200 35898 "-" "Mozilla/5.0 (Twiceler-0.9 http://www.cuil.com/twiceler/robot.html)"
64.1.215.165 - - [26/Sep/2008:01:52:15 +0200] "GET /bmpp/Bilder/18_27.png HTTP/1.0" 200 854 "-" "Mozilla/5.0 (Twiceler-0.9 http://www.cuil.com/twiceler/robot.html)"
208.36.144.10 - - [26/Sep/2008:01:55:45 +0200] "GET /bannerz/pseudo.gif HTTP/1.0" 200 202305 "-" "Mozilla/5.0 (Twiceler-0.9 http://www.cuil.com/twiceler/robot.html)"
208.36.144.10 - - [26/Sep/2008:01:58:36 +0200] "GET /bmpp/Bilder2/fsstreiffcc_45.png HTTP/1.0" 200 285 "-" "Mozilla/5.0 (Twiceler-0.9 http://www.cuil.com/twiceler/robot.html)"
64.1.215.165 - - [26/Sep/2008:01:59:52 +0200] "GET /DgH/watch/pict/Watch-DgH10.jpg HTTP/1.0" 200 12152 "-" "Mozilla/5.0 (Twiceler-0.9 http://www.cuil.com/twiceler/robot.html)"
208.36.144.10 - - [26/Sep/2008:02:00:35 +0200] "GET /zampa-lovers/zampamali.gif HTTP/1.0" 200 2617 "-" "Mozilla/5.0 (Twiceler-0.9 http://www.cuil.com/twiceler/robot.html)"
64.1.215.165 - - [26/Sep/2008:02:06:10 +0200] "GET /bmpp/Bilder/18_17.png HTTP/1.0" 200 958 "-" "Mozilla/5.0 (Twiceler-0.9 http://www.cuil.com/twiceler/robot.html)"
208.36.144.10 - - [26/Sep/2008:02:07:29 +0200] "GET /bannerz/iflogo-black-inv.gif HTTP/1.0" 200 661 "-" "Mozilla/5.0 (Twiceler-0.9 http://www.cuil.com/twiceler/robot.html)"
64.1.215.165 - - [26/Sep/2008:02:13:28 +0200] "GET /zampa/slike/udupetu.gif HTTP/1.0" 200 4138 "-" "Mozilla/5.0 (Twiceler-0.9 http://www.cuil.com/twiceler/robot.html)"
208.36.144.10 - - [26/Sep/2008:02:13:35 +0200] "GET /bannerz/bitnee.jpg HTTP/1.0" 200 10152 "-" "Mozilla/5.0 (Twiceler-0.9 http://www.cuil.com/twiceler/robot.html)"
208.36.144.10 - - [26/Sep/2008:02:15:04 +0200] "GET /detonators.gif HTTP/1.0" 200 14892 "-" "Mozilla/5.0 (Twiceler-0.9 http://www.cuil.com/twiceler/robot.html)"
64.1.215.165 - - [26/Sep/2008:02:21:26 +0200] "GET /bmpp/Bilder2/fsstreiffcc_44.png HTTP/1.0" 200 249 "-" "Mozilla/5.0 (Twiceler-0.9 http://www.cuil.com/twiceler/robot.html)"
208.36.144.10 - - [26/Sep/2008:02:22:48 +0200] "GET /bmpp/Bilder2/fsstreiffcc_10.png HTTP/1.0" 200 2645 "-" "Mozilla/5.0 (Twiceler-0.9 http://www.cuil.com/twiceler/robot.html)"
82.99.30.57 - - [26/Sep/2008:02:26:22 +0200] "GET /neon/imeurope.GIF HTTP/1.0" 200 9365 "http://www.munax.com/referer.htm" "Mozilla/4.0 (compatible; MSIE 6.0; Windows NT 5.1)"
64.1.215.165 - - [26/Sep/2008:02:26:33 +0200] "GET /bmpp/Bilder2/fsstreiffcc_35.png HTTP/1.0" 200 492 "-" "Mozilla/5.0 (Twiceler-0.9 http://www.cuil.com/twiceler/robot.html)"
64.1.215.165 - - [26/Sep/2008:02:28:24 +0200] "GET /bmpp/Bilder2/fsstreiffcc_27.png HTTP/1.0" 200 615 "-" "Mozilla/5.0 (Twiceler-0.9 http://www.cuil.com/twiceler/robot.html)"
208.36.144.10 - - [26/Sep/2008:02:28:39 +0200] "GET /bmpp/Bilder/18_26.png HTTP/1.0" 200 880 "-" "Mozilla/5.0 (Twiceler-0.9 http://www.cuil.com/twiceler/robot.html)"
64.1.215.165 - - [26/Sep/2008:02:33:07 +0200] "GET /logs/hourly_usage_200709.png HTTP/1.0" 200 2259 "-" "Mozilla/5.0 (Twiceler-0.9 http://www.cuil.com/twiceler/robot.html)"
208.36.144.10 - - [26/Sep/2008:02:34:41 +0200] "GET /bmpp/Bilder2/fsstreiffcc_15.png HTTP/1.0" 200 2614 "-" "Mozilla/5.0 (Twiceler-0.9 http://www.cuil.com/twiceler/robot.html)"
64.1.215.165 - - [26/Sep/2008:02:36:31 +0200] "GET /vgirls/penilesecrets2.gif HTTP/1.0" 200 9531 "-" "Mozilla/5.0 (Twiceler-0.9 http://www.cuil.com/twiceler/robot.html)"
208.36.144.10 - - [26/Sep/2008:02:38:27 +0200] "GET /bannerz/MatrixGamesSpwaw468x60.gif HTTP/1.0" 200 17743 "-" "Mozilla/5.0 (Twiceler-0.9 http://www.cuil.com/twiceler/robot.html)"
208.36.144.10 - - [26/Sep/2008:02:39:38 +0200] "GET /bannerz/invite.gif HTTP/1.0" 200 23929 "-" "Mozilla/5.0 (Twiceler-0.9 http://www.cuil.com/twiceler/robot.html)"
64.1.215.165 - - [26/Sep/2008:02:42:24 +0200] "GET /DgH/rampe/pict/Rampe-DgH08.jpg HTTP/1.0" 200 12044 "-" "Mozilla/5.0 (Twiceler-0.9 http://www.cuil.com/twiceler/robot.html)"
64.1.215.165 - - [26/Sep/2008:02:51:16 +0200] "GET /bmpp/Bilder2/fsstreiffcc_38.png HTTP/1.0" 200 252 "-" "Mozilla/5.0 (Twiceler-0.9 http://www.cuil.com/twiceler/robot.html)"
208.36.144.10 - - [26/Sep/2008:02:53:52 +0200] "GET /bmpp/Bilder2/Abstandhalter.gif HTTP/1.0" 200 67 "-" "Mozilla/5.0 (Twiceler-0.9 http://www.cuil.com/twiceler/robot.html)"
64.1.215.165 - - [26/Sep/2008:02:54:15 +0200] "GET /bmpp/Bilder2/fsstreiffcc_12.png HTTP/1.0" 200 1783 "-" "Mozilla/5.0 (Twiceler-0.9 http://www.cuil.com/twiceler/robot.html)"
208.36.144.10 - - [26/Sep/2008:02:54:56 +0200] "GET /bmpp/Bilder2/fsstreiffcc_36.png HTTP/1.0" 200 458 "-" "Mozilla/5.0 (Twiceler-0.9 http://www.cuil.com/twiceler/robot.html)"
208.66.193.164 - - [26/Sep/2008:02:56:25 +0200] "GET / HTTP/1.1" 200 7869 "-" "Yanga WorldSearch Bot v1.1/beta (http://www.yanga.co.uk/)"
64.1.215.165 - - [26/Sep/2008:02:57:56 +0200] "GET /bmpp/Bilder/18_36.png HTTP/1.0" 200 557 "-" "Mozilla/5.0 (Twiceler-0.9 http://www.cuil.com/twiceler/robot.html)"
208.36.144.10 - - [26/Sep/2008:03:00:49 +0200] "GET /bmpp/Bilder/18_41.png HTTP/1.0" 200 334 "-" "Mozilla/5.0 (Twiceler-0.9 http://www.cuil.com/twiceler/robot.html)"
208.36.144.10 - - [26/Sep/2008:03:02:48 +0200] "GET /bmpp/Bilder2/fsstreiffcc_46.png HTTP/1.0" 200 230 "-" "Mozilla/5.0 (Twiceler-0.9 http://www.cuil.com/twiceler/robot.html)"
208.36.144.10 - - [26/Sep/2008:03:05:02 +0200] "GET /bannerz/ugs-b.gif HTTP/1.0" 200 3128 "-" "Mozilla/5.0 (Twiceler-0.9 http://www.cuil.com/twiceler/robot.html)"
64.1.215.165 - - [26/Sep/2008:03:06:00 +0200] "GET /vgirls/button3.gif HTTP/1.0" 200 9634 "-" "Mozilla/5.0 (Twiceler-0.9 http://www.cuil.com/twiceler/robot.html)"
208.36.144.10 - - [26/Sep/2008:03:06:37 +0200] "GET /zampa-lovers/2SEITEVE.GIF HTTP/1.0" 200 83466 "-" "Mozilla/5.0 (Twiceler-0.9 http://www.cuil.com/twiceler/robot.html)"
64.1.215.165 - - [26/Sep/2008:03:13:30 +0200] "GET /neon/wp3button.gif HTTP/1.0" 200 7799 "-" "Mozilla/5.0 (Twiceler-0.9 http://www.cuil.com/twiceler/robot.html)"
208.36.144.10 - - [26/Sep/2008:03:18:56 +0200] "GET /zampa-lovers/1SEITEVE.GIF HTTP/1.0" 200 78726 "-" "Mozilla/5.0 (Twiceler-0.9 http://www.cuil.com/twiceler/robot.html)"
64.1.215.165 - - [26/Sep/2008:03:18:58 +0200] "GET /logs/hourly_usage_200705.png HTTP/1.0" 200 2181 "-" "Mozilla/5.0 (Twiceler-0.9 http://www.cuil.com/twiceler/robot.html)"
74.6.18.222 - - [26/Sep/2008:03:21:19 +0200] "GET /robots.txt HTTP/1.0" 200 64 "-" "Mozilla/5.0 (compatible; Yahoo! Slurp; http://help.yahoo.com/help/us/ysearch/slurp)"
74.6.18.222 - - [26/Sep/2008:03:21:20 +0200] "GET /bmpp/euro_pal_111.html HTTP/1.0" 200 2129 "-" "Mozilla/5.0 (compatible; Yahoo! Slurp; http://help.yahoo.com/help/us/ysearch/slurp)"
208.36.144.10 - - [26/Sep/2008:03:36:00 +0200] "GET /img.web.de/v/channelv2/specials/adresse.gif HTTP/1.0" 404 2748 "-" "Mozilla/5.0 (Twiceler-0.9 http://www.cuil.com/twiceler/robot.html)"
64.1.215.165 - - [26/Sep/2008:03:37:07 +0200] "GET /vgirls/penilefitnessrec.jpg HTTP/1.0" 200 4077 "-" "Mozilla/5.0 (Twiceler-0.9 http://www.cuil.com/twiceler/robot.html)"
64.1.215.165 - - [26/Sep/2008:03:39:43 +0200] "GET /bmpp/Bilder2/fsstreiffcc_02.png HTTP/1.0" 200 2509 "-" "Mozilla/5.0 (Twiceler-0.9 http://www.cuil.com/twiceler/robot.html)"
208.36.144.10 - - [26/Sep/2008:03:41:33 +0200] "GET /bannerz/bonus.gif HTTP/1.0" 200 2403 "-" "Mozilla/5.0 (Twiceler-0.9 http://www.cuil.com/twiceler/robot.html)"
64.1.215.165 - - [26/Sep/2008:03:48:20 +0200] "GET /bmpp/Bilder2/fsstreiffcc_06.png HTTP/1.0" 200 2060 "-" "Mozilla/5.0 (Twiceler-0.9 http://www.cuil.com/twiceler/robot.html)"
208.36.144.10 - - [26/Sep/2008:03:50:51 +0200] "GET /bannerz/fbwn-banner.gif HTTP/1.0" 200 5121 "-" "Mozilla/5.0 (Twiceler-0.9 http://www.cuil.com/twiceler/robot.html)"
208.36.144.10 - - [26/Sep/2008:03:52:02 +0200] "GET /bmpp/Bilder2/fsstreiffcc_27.png HTTP/1.0" 200 615 "-" "Mozilla/5.0 (Twiceler-0.9 http://www.cuil.com/twiceler/robot.html)"
64.1.215.165 - - [26/Sep/2008:03:53:48 +0200] "GET /bmpp/Bilder2/fsstreiffcc_25.png HTTP/1.0" 200 478 "-" "Mozilla/5.0 (Twiceler-0.9 http://www.cuil.com/twiceler/robot.html)"
64.1.215.165 - - [26/Sep/2008:04:03:18 +0200] "GET /DgH/orginal/pict/DgH009.jpg HTTP/1.0" 200 6960 "-" "Mozilla/5.0 (Twiceler-0.9 http://www.cuil.com/twiceler/robot.html)"
64.1.215.165 - - [26/Sep/2008:04:08:09 +0200] "GET /bmpp/Bilder2/fsstreiffcc_26.png HTTP/1.0" 200 336 "-" "Mozilla/5.0 (Twiceler-0.9 http://www.cuil.com/twiceler/robot.html)"
208.36.144.10 - - [26/Sep/2008:04:08:46 +0200] "GET /bannerz/csw13.gif HTTP/1.0" 200 12290 "-" "Mozilla/5.0 (Twiceler-0.9 http://www.cuil.com/twiceler/robot.html)"
208.36.144.10 - - [26/Sep/2008:04:16:58 +0200] "GET /bannerz/joerggruneberg_VARIOUS-EURO.gif HTTP/1.0" 200 231267 "-" "Mozilla/5.0 (Twiceler-0.9 http://www.cuil.com/twiceler/robot.html)"
208.36.144.10 - - [26/Sep/2008:04:22:54 +0200] "GET /bannerz/logo-partnergegenberlin.png HTTP/1.0" 200 6341 "-" "Mozilla/5.0 (Twiceler-0.9 http://www.cuil.com/twiceler/robot.html)"
64.1.215.165 - - [26/Sep/2008:04:26:06 +0200] "GET /bannerz/main-3.gif HTTP/1.0" 200 12767 "-" "Mozilla/5.0 (Twiceler-0.9 http://www.cuil.com/twiceler/robot.html)"
208.36.144.10 - - [26/Sep/2008:04:32:35 +0200] "GET /bannerz/neon_click_2.gif HTTP/1.0" 200 387 "-" "Mozilla/5.0 (Twiceler-0.9 http://www.cuil.com/twiceler/robot.html)"
64.1.215.165 - - [26/Sep/2008:04:32:55 +0200] "GET /bmpp/Bilder/18_19.png HTTP/1.0" 200 277 "-" "Mozilla/5.0 (Twiceler-0.9 http://www.cuil.com/twiceler/robot.html)"
64.1.215.165 - - [26/Sep/2008:04:38:15 +0200] "GET /bmpp/Bilder/18_03.png HTTP/1.0" 200 574 "-" "Mozilla/5.0 (Twiceler-0.9 http://www.cuil.com/twiceler/robot.html)"
208.36.144.10 - - [26/Sep/2008:04:40:42 +0200] "GET /bannerz/GNouban.gif HTTP/1.0" 200 37201 "-" "Mozilla/5.0 (Twiceler-0.9 http://www.cuil.com/twiceler/robot.html)"
208.36.144.10 - - [26/Sep/2008:04:43:00 +0200] "GET /bmpp/Bilder/18_22.png HTTP/1.0" 200 430 "-" "Mozilla/5.0 (Twiceler-0.9 http://www.cuil.com/twiceler/robot.html)"
208.36.144.10 - - [26/Sep/2008:04:45:09 +0200] "GET /bmpp/Bilder2/fsstreiffcc_24.png HTTP/1.0" 200 737 "-" "Mozilla/5.0 (Twiceler-0.9 http://www.cuil.com/twiceler/robot.html)"
64.1.215.165 - - [26/Sep/2008:04:50:07 +0200] "GET /DgH/watch/pict/Watch-DgH02.jpg HTTP/1.0" 200 12152 "-" "Mozilla/5.0 (Twiceler-0.9 http://www.cuil.com/twiceler/robot.html)"
65.55.211.171 - - [26/Sep/2008:04:52:46 +0200] "GET /robots.txt HTTP/1.1" 200 64 "-" "msnbot/1.1 (+http://search.msn.com/msnbot.htm)"
65.55.211.171 - - [26/Sep/2008:04:52:50 +0200] "GET /neon/large.html HTTP/1.1" 200 1547 "-" "msnbot/1.1 (+http://search.msn.com/msnbot.htm)"
208.36.144.10 - - [26/Sep/2008:04:53:51 +0200] "GET /bmpp/Bilder2/fsstreiffcc_33.png HTTP/1.0" 200 404 "-" "Mozilla/5.0 (Twiceler-0.9 http://www.cuil.com/twiceler/robot.html)"
208.36.144.10 - - [26/Sep/2008:04:55:45 +0200] "GET /bmpp/Bilder/18_07.png HTTP/1.0" 200 417 "-" "Mozilla/5.0 (Twiceler-0.9 http://www.cuil.com/twiceler/robot.html)"
208.36.144.10 - - [26/Sep/2008:04:57:54 +0200] "GET /bannerz/vszenarien1.gif HTTP/1.0" 200 8659 "-" "Mozilla/5.0 (Twiceler-0.9 http://www.cuil.com/twiceler/robot.html)"
208.36.144.10 - - [26/Sep/2008:05:02:23 +0200] "GET /bmpp/Bilder/18_15.png HTTP/1.0" 200 524 "-" "Mozilla/5.0 (Twiceler-0.9 http://www.cuil.com/twiceler/robot.html)"
208.36.144.10 - - [26/Sep/2008:05:04:06 +0200] "GET /neon/imeurope.GIF HTTP/1.0" 200 9365 "-" "Mozilla/5.0 (Twiceler-0.9 http://www.cuil.com/twiceler/robot.html)"
206.51.230.26 - - [26/Sep/2008:05:08:04 +0200] "GET /logs/ HTTP/1.1" 200 10079 "http://drugstore-inc.com/" "Mozilla/4.0 (compatible; MSIE 7.0; Windows NT 5.1; Avant Browser; Avant Browser; .NET CLR 1.1.4322)"
206.51.230.26 - - [26/Sep/2008:05:08:07 +0200] "GET /logs/usage_200712.html HTTP/1.1" 200 92577 "http://drugstore-inc.com/" "Mozilla/5.0 (X11; U; Linux i686; en-US; rv:1.8.0.1) Gecko/20060313 Fedora/1.5.0.1-9 Firefox/1.5.0.1 pango-text"
68.142.212.211 - - [26/Sep/2008:05:09:55 +0200] "GET /robots.txt HTTP/1.0" 200 64 "-" "Mozilla/5.0 (Yahoo-MMCrawler/4.0; mailto:vertical-crawl-support@yahoo-inc.com)"
68.142.212.211 - - [26/Sep/2008:05:09:56 +0200] "GET /vgirls/hyg1.gif HTTP/1.0" 200 29672 "-" "Mozilla/5.0 (Yahoo-MMCrawler/4.0; mailto:vertical-crawl-support@yahoo-inc.com)"
208.36.144.10 - - [26/Sep/2008:05:10:17 +0200] "GET /bmpp/Bilder/18_16.png HTTP/1.0" 200 499 "-" "Mozilla/5.0 (Twiceler-0.9 http://www.cuil.com/twiceler/robot.html)"
64.1.215.165 - - [26/Sep/2008:05:12:48 +0200] "GET /bmpp/Bilder/18_22.png HTTP/1.0" 200 430 "-" "Mozilla/5.0 (Twiceler-0.9 http://www.cuil.com/twiceler/robot.html)"
208.36.144.10 - - [26/Sep/2008:05:13:39 +0200] "GET /DgH/orginal/pict/DgH002.jpg HTTP/1.0" 200 6960 "-" "Mozilla/5.0 (Twiceler-0.9 http://www.cuil.com/twiceler/robot.html)"
208.36.144.10 - - [26/Sep/2008:05:17:39 +0200] "GET /bannerz/douwil.gif HTTP/1.0" 200 528 "-" "Mozilla/5.0 (Twiceler-0.9 http://www.cuil.com/twiceler/robot.html)"
208.36.144.10 - - [26/Sep/2008:05:20:24 +0200] "GET /shoppingcart.gif HTTP/1.0" 200 1386 "-" "Mozilla/5.0 (Twiceler-0.9 http://www.cuil.com/twiceler/robot.html)"
82.99.30.24 - - [26/Sep/2008:05:21:09 +0200] "GET /zampa/montenegro/slike/grosse/BATAg.jpg HTTP/1.0" 200 13940 "http://www.munax.com/referer.htm" "Mozilla/4.0 (compatible; MSIE 6.0; Windows NT 5.1)"
208.36.144.10 - - [26/Sep/2008:05:24:33 +0200] "GET /bmpp/Bilder2/fsstreiffcc_19.png HTTP/1.0" 200 714 "-" "Mozilla/5.0 (Twiceler-0.9 http://www.cuil.com/twiceler/robot.html)"
208.36.144.10 - - [26/Sep/2008:05:30:26 +0200] "GET /bmpp/Bilder/18_43.png HTTP/1.0" 200 280 "-" "Mozilla/5.0 (Twiceler-0.9 http://www.cuil.com/twiceler/robot.html)"
82.99.30.24 - - [26/Sep/2008:05:32:45 +0200] "GET /zampa/montenegro/slike/grosse/MILOg.jpg HTTP/1.0" 200 16761 "http://www.munax.com/referer.htm" "Mozilla/4.0 (compatible; MSIE 6.0; Windows NT 5.1)"
64.1.215.165 - - [26/Sep/2008:05:36:31 +0200] "GET /DgH/rampe/pict/Rampe-DgH01.jpg HTTP/1.0" 200 12044 "-" "Mozilla/5.0 (Twiceler-0.9 http://www.cuil.com/twiceler/robot.html)"
64.1.215.165 - - [26/Sep/2008:05:37:17 +0200] "GET /bannerz/army_graphics_package/m24-n.gif HTTP/1.0" 200 5038 "-" "Mozilla/5.0 (Twiceler-0.9 http://www.cuil.com/twiceler/robot.html)"
208.36.144.10 - - [26/Sep/2008:05:43:35 +0200] "GET /webby.gif HTTP/1.0" 200 12512 "-" "Mozilla/5.0 (Twiceler-0.9 http://www.cuil.com/twiceler/robot.html)"
64.1.215.165 - - [26/Sep/2008:05:44:46 +0200] "GET /DgH/rampe/pict/Rampe-DgH06.jpg HTTP/1.0" 200 12044 "-" "Mozilla/5.0 (Twiceler-0.9 http://www.cuil.com/twiceler/robot.html)"
82.99.30.15 - - [26/Sep/2008:05:46:33 +0200] "GET /zampa/montenegro/slike/grosse/SEKAg.jpg HTTP/1.0" 200 12031 "http://www.munax.com/referer.htm" "Mozilla/4.0 (compatible; MSIE 6.0; Windows NT 5.1)"
208.36.144.10 - - [26/Sep/2008:05:53:13 +0200] "GET /DgH/orginal/pict/DgH005.jpg HTTP/1.0" 200 6960 "-" "Mozilla/5.0 (Twiceler-0.9 http://www.cuil.com/twiceler/robot.html)"
208.36.144.10 - - [26/Sep/2008:05:55:47 +0200] "GET /bannerz/iflogow.gif HTTP/1.0" 200 1295 "-" "Mozilla/5.0 (Twiceler-0.9 http://www.cuil.com/twiceler/robot.html)"
208.36.144.10 - - [26/Sep/2008:05:58:20 +0200] "GET /bmpp/Bilder2/fsstreiffcc_02.png HTTP/1.0" 200 2509 "-" "Mozilla/5.0 (Twiceler-0.9 http://www.cuil.com/twiceler/robot.html)"
64.1.215.165 - - [26/Sep/2008:06:00:09 +0200] "GET /vgirls/huge.gif HTTP/1.0" 200 6046 "-" "Mozilla/5.0 (Twiceler-0.9 http://www.cuil.com/twiceler/robot.html)"
208.36.144.10 - - [26/Sep/2008:06:00:20 +0200] "GET /bannerz/horrorkatze/teGIFT.JPG HTTP/1.0" 200 4873 "-" "Mozilla/5.0 (Twiceler-0.9 http://www.cuil.com/twiceler/robot.html)"
64.1.215.165 - - [26/Sep/2008:06:03:26 +0200] "GET /DgH/bull/pict/Bull-DgH03.jpg HTTP/1.0" 200 9010 "-" "Mozilla/5.0 (Twiceler-0.9 http://www.cuil.com/twiceler/robot.html)"
208.36.144.10 - - [26/Sep/2008:06:10:28 +0200] "GET /bmpp/Bilder2/fsstreiffcc_20.png HTTP/1.0" 200 357 "-" "Mozilla/5.0 (Twiceler-0.9 http://www.cuil.com/twiceler/robot.html)"
208.36.144.10 - - [26/Sep/2008:06:15:02 +0200] "GET /zampa-lovers/MILIZA_B.JPG HTTP/1.0" 200 10947 "-" "Mozilla/5.0 (Twiceler-0.9 http://www.cuil.com/twiceler/robot.html)"
64.1.215.165 - - [26/Sep/2008:06:19:19 +0200] "GET /bmpp/Bilder/18_30.png HTTP/1.0" 200 233 "-" "Mozilla/5.0 (Twiceler-0.9 http://www.cuil.com/twiceler/robot.html)"
208.36.144.10 - - [26/Sep/2008:06:25:18 +0200] "GET /bmpp/Bilder/18_01.png HTTP/1.0" 200 1118 "-" "Mozilla/5.0 (Twiceler-0.9 http://www.cuil.com/twiceler/robot.html)"
64.1.215.165 - - [26/Sep/2008:06:27:25 +0200] "GET /DgH/bull/pict/Bull-DgH05.jpg HTTP/1.0" 200 9010 "-" "Mozilla/5.0 (Twiceler-0.9 http://www.cuil.com/twiceler/robot.html)"
64.1.215.165 - - [26/Sep/2008:06:32:02 +0200] "GET /bmpp/Bilder2/fsstreiffcc_43.png HTTP/1.0" 200 295 "-" "Mozilla/5.0 (Twiceler-0.9 http://www.cuil.com/twiceler/robot.html)"
82.99.30.10 - - [26/Sep/2008:06:32:53 +0200] "GET /zampa/montenegro/slike/grosse/ZMAJg.jpg HTTP/1.0" 200 25668 "http://www.munax.com/referer.htm" "Mozilla/4.0 (compatible; MSIE 6.0; Windows NT 5.1)"
208.36.144.10 - - [26/Sep/2008:06:34:53 +0200] "GET /bannerz/aani_2.gif HTTP/1.0" 200 49981 "-" "Mozilla/5.0 (Twiceler-0.9 http://www.cuil.com/twiceler/robot.html)"
64.1.215.165 - - [26/Sep/2008:06:35:42 +0200] "GET /logs/hourly_usage_200710.png HTTP/1.0" 200 2249 "-" "Mozilla/5.0 (Twiceler-0.9 http://www.cuil.com/twiceler/robot.html)"
64.1.215.165 - - [26/Sep/2008:06:37:55 +0200] "GET /bmpp/Bilder/18_25.png HTTP/1.0" 200 827 "-" "Mozilla/5.0 (Twiceler-0.9 http://www.cuil.com/twiceler/robot.html)"
74.6.18.222 - - [26/Sep/2008:06:43:54 +0200] "GET /robots.txt HTTP/1.0" 200 64 "-" "Mozilla/5.0 (compatible; Yahoo! Slurp; http://help.yahoo.com/help/us/ysearch/slurp)"
64.1.215.165 - - [26/Sep/2008:06:45:14 +0200] "GET /DgH/rampe/pict/Rampe-DgH03.jpg HTTP/1.0" 200 12044 "-" "Mozilla/5.0 (Twiceler-0.9 http://www.cuil.com/twiceler/robot.html)"
208.36.144.10 - - [26/Sep/2008:06:48:29 +0200] "GET /bannerz/displaced-dilemma.jpg HTTP/1.0" 200 10530 "-" "Mozilla/5.0 (Twiceler-0.9 http://www.cuil.com/twiceler/robot.html)"
208.36.144.10 - - [26/Sep/2008:06:52:35 +0200] "GET /bmpp/Bilder/18_30.png HTTP/1.0" 200 233 "-" "Mozilla/5.0 (Twiceler-0.9 http://www.cuil.com/twiceler/robot.html)"
64.1.215.165 - - [26/Sep/2008:06:58:45 +0200] "GET /bmpp/Bilder/18_21.png HTTP/1.0" 200 253 "-" "Mozilla/5.0 (Twiceler-0.9 http://www.cuil.com/twiceler/robot.html)"
82.99.30.31 - - [26/Sep/2008:07:00:00 +0200] "GET /zampa/montenegro/slike/grosse/TESLAg.jpg HTTP/1.0" 200 18780 "http://www.munax.com/referer.htm" "Mozilla/4.0 (compatible; MSIE 6.0; Windows NT 5.1)"
208.36.144.10 - - [26/Sep/2008:07:00:53 +0200] "GET /zampa-lovers/Kralle.gif HTTP/1.0" 200 260 "-" "Mozilla/5.0 (Twiceler-0.9 http://www.cuil.com/twiceler/robot.html)"
119.63.193.43 - - [26/Sep/2008:07:02:56 +0200] "GET / HTTP/1.1" 200 7869 "-" "Baiduspider+(+http://help.baidu.jp/system/05.html)"
64.1.215.165 - - [26/Sep/2008:07:06:40 +0200] "GET /bmpp/Bilder/18_13.png HTTP/1.0" 200 282 "-" "Mozilla/5.0 (Twiceler-0.9 http://www.cuil.com/twiceler/robot.html)"
64.1.215.165 - - [26/Sep/2008:07:15:27 +0200] "GET /vgirls/virtua4.gif HTTP/1.0" 200 12643 "-" "Mozilla/5.0 (Twiceler-0.9 http://www.cuil.com/twiceler/robot.html)"
64.1.215.165 - - [26/Sep/2008:07:22:01 +0200] "GET /bmpp/Bilder2/fsstreiffcc_39.png HTTP/1.0" 200 399 "-" "Mozilla/5.0 (Twiceler-0.9 http://www.cuil.com/twiceler/robot.html)"
64.1.215.165 - - [26/Sep/2008:07:22:05 +0200] "GET /bannerz/army_graphics_package/m4a1-n.gif HTTP/1.0" 200 9356 "-" "Mozilla/5.0 (Twiceler-0.9 http://www.cuil.com/twiceler/robot.html)"
208.36.144.10 - - [26/Sep/2008:07:28:14 +0200] "GET /bannerz/ve-campaign-strip-1.jpg HTTP/1.0" 200 61295 "-" "Mozilla/5.0 (Twiceler-0.9 http://www.cuil.com/twiceler/robot.html)"
208.36.144.10 - - [26/Sep/2008:07:33:01 +0200] "GET /bmpp/Bilder/18_05.png HTTP/1.0" 200 407 "-" "Mozilla/5.0 (Twiceler-0.9 http://www.cuil.com/twiceler/robot.html)"
64.1.215.165 - - [26/Sep/2008:07:37:31 +0200] "GET /bmpp/Bilder2/fsstreiffcc_09.png HTTP/1.0" 200 1796 "-" "Mozilla/5.0 (Twiceler-0.9 http://www.cuil.com/twiceler/robot.html)"
208.36.144.10 - - [26/Sep/2008:07:38:13 +0200] "GET /bannerz/blogwar.gif HTTP/1.0" 200 5839 "-" "Mozilla/5.0 (Twiceler-0.9 http://www.cuil.com/twiceler/robot.html)"
208.36.144.10 - - [26/Sep/2008:07:44:10 +0200] "GET /bmpp/Bilder2/fsstreiffcc_11.png HTTP/1.0" 200 2558 "-" "Mozilla/5.0 (Twiceler-0.9 http://www.cuil.com/twiceler/robot.html)"
208.36.144.10 - - [26/Sep/2008:07:46:28 +0200] "GET /bmpp/Bilder2/fsstreiffcc_03.png HTTP/1.0" 200 2391 "-" "Mozilla/5.0 (Twiceler-0.9 http://www.cuil.com/twiceler/robot.html)"
64.1.215.165 - - [26/Sep/2008:07:46:30 +0200] "GET /textz.gif HTTP/1.0" 200 871 "-" "Mozilla/5.0 (Twiceler-0.9 http://www.cuil.com/twiceler/robot.html)"
208.36.144.10 - - [26/Sep/2008:07:48:25 +0200] "GET /bmpp/Bilder2/fsstreiffcc_25.png HTTP/1.0" 200 478 "-" "Mozilla/5.0 (Twiceler-0.9 http://www.cuil.com/twiceler/robot.html)"
208.36.144.10 - - [26/Sep/2008:07:51:40 +0200] "GET /DgH/orginal/pict/DgH009.jpg HTTP/1.0" 200 6960 "-" "Mozilla/5.0 (Twiceler-0.9 http://www.cuil.com/twiceler/robot.html)"
208.36.144.10 - - [26/Sep/2008:07:52:33 +0200] "GET /bmpp/Bilder2/fsstreiffcc_17.png HTTP/1.0" 200 1288 "-" "Mozilla/5.0 (Twiceler-0.9 http://www.cuil.com/twiceler/robot.html)"
64.1.215.165 - - [26/Sep/2008:08:01:12 +0200] "GET /logs/daily_usage_200711.png HTTP/1.0" 200 3758 "-" "Mozilla/5.0 (Twiceler-0.9 http://www.cuil.com/twiceler/robot.html)"
64.1.215.165 - - [26/Sep/2008:08:04:31 +0200] "GET /DgH/orginal/pict/DgH002.jpg HTTP/1.0" 200 6960 "-" "Mozilla/5.0 (Twiceler-0.9 http://www.cuil.com/twiceler/robot.html)"
208.36.144.10 - - [26/Sep/2008:08:06:15 +0200] "GET /bannerz/textzcom-diskz-black-on.gif HTTP/1.0" 200 522 "-" "Mozilla/5.0 (Twiceler-0.9 http://www.cuil.com/twiceler/robot.html)"
64.1.215.165 - - [26/Sep/2008:08:08:51 +0200] "GET /DgH/rampe/pict/Rampe-DgH07.jpg HTTP/1.0" 200 12044 "-" "Mozilla/5.0 (Twiceler-0.9 http://www.cuil.com/twiceler/robot.html)"
208.36.144.10 - - [26/Sep/2008:08:15:37 +0200] "GET /bmpp/Bilder/18_37.png HTTP/1.0" 200 239 "-" "Mozilla/5.0 (Twiceler-0.9 http://www.cuil.com/twiceler/robot.html)"
64.1.215.165 - - [26/Sep/2008:08:16:57 +0200] "GET /bmpp/Bilder/18_20.png HTTP/1.0" 200 252 "-" "Mozilla/5.0 (Twiceler-0.9 http://www.cuil.com/twiceler/robot.html)"
208.36.144.10 - - [26/Sep/2008:08:20:59 +0200] "GET /bmpp/Bilder/18_06.png HTTP/1.0" 200 289 "-" "Mozilla/5.0 (Twiceler-0.9 http://www.cuil.com/twiceler/robot.html)"
208.36.144.10 - - [26/Sep/2008:08:22:51 +0200] "GET /bannerz/etikett.jpg HTTP/1.0" 200 12367 "-" "Mozilla/5.0 (Twiceler-0.9 http://www.cuil.com/twiceler/robot.html)"
64.1.215.165 - - [26/Sep/2008:08:23:55 +0200] "GET /bannerz/ah_0023_rotate_double.gif HTTP/1.0" 200 12054 "-" "Mozilla/5.0 (Twiceler-0.9 http://www.cuil.com/twiceler/robot.html)"
64.1.215.165 - - [26/Sep/2008:08:30:23 +0200] "GET /shoppingcart.gif HTTP/1.0" 200 1386 "-" "Mozilla/5.0 (Twiceler-0.9 http://www.cuil.com/twiceler/robot.html)"
68.142.212.211 - - [26/Sep/2008:08:31:03 +0200] "GET /robots.txt HTTP/1.0" 200 64 "-" "Mozilla/5.0 (Yahoo-MMCrawler/4.0; mailto:vertical-crawl-support@yahoo-inc.com)"
68.142.212.211 - - [26/Sep/2008:08:31:04 +0200] "GET /logs/daily_usage_200707.png HTTP/1.0" 200 4109 "-" "Mozilla/5.0 (Yahoo-MMCrawler/4.0; mailto:vertical-crawl-support@yahoo-inc.com)"
64.1.215.165 - - [26/Sep/2008:08:34:46 +0200] "GET /bannerz/army_graphics_package/m249-n.gif HTTP/1.0" 200 7658 "-" "Mozilla/5.0 (Twiceler-0.9 http://www.cuil.com/twiceler/robot.html)"
64.1.215.165 - - [26/Sep/2008:08:38:36 +0200] "GET /bmpp/Bilder2/fsstreiffcc_41.png HTTP/1.0" 200 378 "-" "Mozilla/5.0 (Twiceler-0.9 http://www.cuil.com/twiceler/robot.html)"
208.36.144.10 - - [26/Sep/2008:08:39:22 +0200] "GET /bannerz/olmar.jpg HTTP/1.0" 200 10973 "-" "Mozilla/5.0 (Twiceler-0.9 http://www.cuil.com/twiceler/robot.html)"
208.36.144.10 - - [26/Sep/2008:08:42:59 +0200] "GET /DgH001.jpg HTTP/1.0" 200 6960 "-" "Mozilla/5.0 (Twiceler-0.9 http://www.cuil.com/twiceler/robot.html)"
64.1.215.165 - - [26/Sep/2008:08:51:20 +0200] "GET /zampa/slike/zampa.gif HTTP/1.0" 200 5310 "-" "Mozilla/5.0 (Twiceler-0.9 http://www.cuil.com/twiceler/robot.html)"
64.1.215.165 - - [26/Sep/2008:08:54:21 +0200] "GET /bmpp/Bilder/18_39.png HTTP/1.0" 200 733 "-" "Mozilla/5.0 (Twiceler-0.9 http://www.cuil.com/twiceler/robot.html)"
64.1.215.165 - - [26/Sep/2008:08:56:43 +0200] "GET /bannerz/neon_click_1.gif HTTP/1.0" 200 890 "-" "Mozilla/5.0 (Twiceler-0.9 http://www.cuil.com/twiceler/robot.html)"
64.1.215.165 - - [26/Sep/2008:09:01:29 +0200] "GET /zampa/slike/inthearse.gif HTTP/1.0" 200 4077 "-" "Mozilla/5.0 (Twiceler-0.9 http://www.cuil.com/twiceler/robot.html)"
64.1.215.165 - - [26/Sep/2008:09:01:56 +0200] "GET /zampa/montenegro/slike/SEKAW.jpg HTTP/1.0" 200 2786 "-" "Mozilla/5.0 (Twiceler-0.9 http://www.cuil.com/twiceler/robot.html)"
64.1.215.165 - - [26/Sep/2008:09:04:43 +0200] "GET /vgirls/inches2.gif HTTP/1.0" 200 16085 "-" "Mozilla/5.0 (Twiceler-0.9 http://www.cuil.com/twiceler/robot.html)"
64.1.215.165 - - [26/Sep/2008:09:07:28 +0200] "GET /bmpp/Bilder/18_34.png HTTP/1.0" 200 573 "-" "Mozilla/5.0 (Twiceler-0.9 http://www.cuil.com/twiceler/robot.html)"
208.36.144.10 - - [26/Sep/2008:09:08:55 +0200] "GET /Rampe-DgH.jpg HTTP/1.0" 200 12044 "-" "Mozilla/5.0 (Twiceler-0.9 http://www.cuil.com/twiceler/robot.html)"
64.1.215.165 - - [26/Sep/2008:09:16:29 +0200] "GET /bannerz/main-2.gif HTTP/1.0" 200 13802 "-" "Mozilla/5.0 (Twiceler-0.9 http://www.cuil.com/twiceler/robot.html)"
208.36.144.10 - - [26/Sep/2008:09:19:27 +0200] "GET /bannerz/main-4.gif HTTP/1.0" 200 10995 "-" "Mozilla/5.0 (Twiceler-0.9 http://www.cuil.com/twiceler/robot.html)"
64.1.215.165 - - [26/Sep/2008:09:23:17 +0200] "GET /DgH/orginal/pict/DgH008.jpg HTTP/1.0" 200 6960 "-" "Mozilla/5.0 (Twiceler-0.9 http://www.cuil.com/twiceler/robot.html)"
208.36.144.10 - - [26/Sep/2008:09:23:50 +0200] "GET /bmpp/Bilder/18_02.png HTTP/1.0" 200 289 "-" "Mozilla/5.0 (Twiceler-0.9 http://www.cuil.com/twiceler/robot.html)"
64.1.215.165 - - [26/Sep/2008:09:24:30 +0200] "GET /DgH/orginal/pict/DgH006.jpg HTTP/1.0" 200 6960 "-" "Mozilla/5.0 (Twiceler-0.9 http://www.cuil.com/twiceler/robot.html)"
208.36.144.10 - - [26/Sep/2008:09:26:47 +0200] "GET /bannerz/radiostream-ani.gif HTTP/1.0" 200 4257 "-" "Mozilla/5.0 (Twiceler-0.9 http://www.cuil.com/twiceler/robot.html)"
64.1.215.165 - - [26/Sep/2008:09:27:09 +0200] "GET /bmpp/Bilder2/fsstreiffcc_07.png HTTP/1.0" 200 287 "-" "Mozilla/5.0 (Twiceler-0.9 http://www.cuil.com/twiceler/robot.html)"
64.1.215.165 - - [26/Sep/2008:09:35:34 +0200] "GET /logs/daily_usage_200712.png HTTP/1.0" 200 3304 "-" "Mozilla/5.0 (Twiceler-0.9 http://www.cuil.com/twiceler/robot.html)"
208.36.144.10 - - [26/Sep/2008:09:37:58 +0200] "GET /bmpp/Bilder/18_24.png HTTP/1.0" 200 353 "-" "Mozilla/5.0 (Twiceler-0.9 http://www.cuil.com/twiceler/robot.html)"
64.1.215.165 - - [26/Sep/2008:09:40:40 +0200] "GET /DgH/rampe/pict/Rampe-DgH02.jpg HTTP/1.0" 200 12044 "-" "Mozilla/5.0 (Twiceler-0.9 http://www.cuil.com/twiceler/robot.html)"
64.1.215.165 - - [26/Sep/2008:09:44:59 +0200] "GET /bmpp/Bilder2/fsstreiffcc_37.png HTTP/1.0" 200 400 "-" "Mozilla/5.0 (Twiceler-0.9 http://www.cuil.com/twiceler/robot.html)"
64.1.215.165 - - [26/Sep/2008:09:49:21 +0200] "GET /logs/daily_usage_200710.png HTTP/1.0" 200 4176 "-" "Mozilla/5.0 (Twiceler-0.9 http://www.cuil.com/twiceler/robot.html)"
66.231.189.112 - - [26/Sep/2008:09:51:54 +0200] "GET /robots.txt HTTP/1.0" 200 64 "-" "Gigabot/3.0 (http://www.gigablast.com/spider.html)"
66.231.189.124 - - [26/Sep/2008:09:51:56 +0200] "GET / HTTP/1.0" 200 7869 "-" "Gigabot/3.0 (http://www.gigablast.com/spider.html)"
64.1.215.165 - - [26/Sep/2008:09:52:57 +0200] "GET /logs/hourly_usage_200704.png HTTP/1.0" 200 2204 "-" "Mozilla/5.0 (Twiceler-0.9 http://www.cuil.com/twiceler/robot.html)"
208.36.144.10 - - [26/Sep/2008:09:52:57 +0200] "GET /bannerz/various-euro-girl.jpg HTTP/1.0" 200 91514 "-" "Mozilla/5.0 (Twiceler-0.9 http://www.cuil.com/twiceler/robot.html)"
208.36.144.10 - - [26/Sep/2008:09:54:59 +0200] "GET /bmpp/Bilder2/fsstreiffcc_07.png HTTP/1.0" 200 287 "-" "Mozilla/5.0 (Twiceler-0.9 http://www.cuil.com/twiceler/robot.html)"
64.1.215.165 - - [26/Sep/2008:09:59:05 +0200] "GET /bannerz/army_graphics_package/dragunov-n.gif HTTP/1.0" 200 5431 "-" "Mozilla/5.0 (Twiceler-0.9 http://www.cuil.com/twiceler/robot.html)"
208.36.144.10 - - [26/Sep/2008:09:59:23 +0200] "GET /bmpp/Bilder2/fsstreiffcc_38.png HTTP/1.0" 200 252 "-" "Mozilla/5.0 (Twiceler-0.9 http://www.cuil.com/twiceler/robot.html)"
65.55.211.165 - - [26/Sep/2008:10:00:47 +0200] "GET /robots.txt HTTP/1.1" 302 363 "-" "msnbot/1.1 (+http://search.msn.com/msnbot.htm)"
65.55.211.165 - - [26/Sep/2008:10:00:47 +0200] "GET /zampa/robots.txt HTTP/1.1" 404 2748 "-" "msnbot/1.1 (+http://search.msn.com/msnbot.htm)"
65.55.211.165 - - [26/Sep/2008:10:00:47 +0200] "GET / HTTP/1.1" 302 353 "-" "msnbot/1.1 (+http://search.msn.com/msnbot.htm)"
64.1.215.165 - - [26/Sep/2008:10:04:16 +0200] "GET /bmpp/Bilder/18_08.png HTTP/1.0" 200 289 "-" "Mozilla/5.0 (Twiceler-0.9 http://www.cuil.com/twiceler/robot.html)"
208.36.144.10 - - [26/Sep/2008:10:05:54 +0200] "GET /bmpp/Bilder2/fsstreiffcc_32.png HTTP/1.0" 200 605 "-" "Mozilla/5.0 (Twiceler-0.9 http://www.cuil.com/twiceler/robot.html)"
208.36.144.10 - - [26/Sep/2008:10:09:43 +0200] "GET /WLlabel.gif HTTP/1.0" 200 1834 "-" "Mozilla/5.0 (Twiceler-0.9 http://www.cuil.com/twiceler/robot.html)"
64.1.215.165 - - [26/Sep/2008:10:10:54 +0200] "GET /bmpp/Bilder2/fsstreiffcc_22.png HTTP/1.0" 200 691 "-" "Mozilla/5.0 (Twiceler-0.9 http://www.cuil.com/twiceler/robot.html)"
65.55.211.165 - - [26/Sep/2008:10:12:48 +0200] "GET /robots.txt HTTP/1.1" 200 64 "-" "msnbot/1.1 (+http://search.msn.com/msnbot.htm)"
65.55.211.165 - - [26/Sep/2008:10:12:48 +0200] "GET /zampa/ HTTP/1.1" 200 7153 "-" "msnbot/1.1 (+http://search.msn.com/msnbot.htm)"
208.36.144.10 - - [26/Sep/2008:10:13:59 +0200] "GET /DgH/orginal/pict/DgH010.jpg HTTP/1.0" 200 6960 "-" "Mozilla/5.0 (Twiceler-0.9 http://www.cuil.com/twiceler/robot.html)"
208.36.144.10 - - [26/Sep/2008:10:19:27 +0200] "GET /bannerz/asco-o.gif HTTP/1.0" 200 19735 "-" "Mozilla/5.0 (Twiceler-0.9 http://www.cuil.com/twiceler/robot.html)"
64.1.215.165 - - [26/Sep/2008:10:19:31 +0200] "GET /bmpp/Bilder/18_38.png HTTP/1.0" 200 509 "-" "Mozilla/5.0 (Twiceler-0.9 http://www.cuil.com/twiceler/robot.html)"
74.6.18.222 - - [26/Sep/2008:10:27:22 +0200] "GET /zampa/montenegro/BATAW.html HTTP/1.0" 200 860 "-" "Mozilla/5.0 (compatible; Yahoo! Slurp; http://help.yahoo.com/help/us/ysearch/slurp)"
208.36.144.10 - - [26/Sep/2008:10:34:34 +0200] "GET /bannerz/MODUKITASCII468x60.jpg HTTP/1.0" 200 4792 "-" "Mozilla/5.0 (Twiceler-0.9 http://www.cuil.com/twiceler/robot.html)"
208.36.144.10 - - [26/Sep/2008:10:38:23 +0200] "GET /bmpp/Bilder/18_29.png HTTP/1.0" 200 564 "-" "Mozilla/5.0 (Twiceler-0.9 http://www.cuil.com/twiceler/robot.html)"
82.99.30.67 - - [26/Sep/2008:10:39:56 +0200] "GET /bannerz/bonus.gif HTTP/1.0" 200 2403 "http://www.munax.com/referer.htm" "Mozilla/4.0 (compatible; MSIE 6.0; Windows NT 5.1)"
82.99.30.67 - - [26/Sep/2008:10:39:56 +0200] "GET /bannerz/etikett.jpg HTTP/1.0" 200 12367 "http://www.munax.com/referer.htm" "Mozilla/4.0 (compatible; MSIE 6.0; Windows NT 5.1)"
208.36.144.10 - - [26/Sep/2008:10:40:21 +0200] "GET /neon/EURO23.gif HTTP/1.0" 200 28963 "-" "Mozilla/5.0 (Twiceler-0.9 http://www.cuil.com/twiceler/robot.html)"
64.1.215.165 - - [26/Sep/2008:10:48:23 +0200] "GET /bmpp/Bilder/18_11.png HTTP/1.0" 200 233 "-" "Mozilla/5.0 (Twiceler-0.9 http://www.cuil.com/twiceler/robot.html)"
64.1.215.165 - - [26/Sep/2008:10:51:56 +0200] "GET /bmpp/Bilder/18_15.png HTTP/1.0" 200 524 "-" "Mozilla/5.0 (Twiceler-0.9 http://www.cuil.com/twiceler/robot.html)"
208.36.144.10 - - [26/Sep/2008:10:55:44 +0200] "GET /bannerz/ve-campaign-strip-2.jpg HTTP/1.0" 200 54302 "-" "Mozilla/5.0 (Twiceler-0.9 http://www.cuil.com/twiceler/robot.html)"
64.1.215.165 - - [26/Sep/2008:10:57:48 +0200] "GET /rez/mb.jpg HTTP/1.0" 200 12467 "-" "Mozilla/5.0 (Twiceler-0.9 http://www.cuil.com/twiceler/robot.html)"
208.36.144.10 - - [26/Sep/2008:11:01:28 +0200] "GET /bmpp/Bilder2/fsstreiffcc_42.png HTTP/1.0" 200 339 "-" "Mozilla/5.0 (Twiceler-0.9 http://www.cuil.com/twiceler/robot.html)"
64.1.215.165 - - [26/Sep/2008:11:07:24 +0200] "GET /rez/tec.gif HTTP/1.0" 200 732 "-" "Mozilla/5.0 (Twiceler-0.9 http://www.cuil.com/twiceler/robot.html)"
208.36.144.10 - - [26/Sep/2008:11:07:31 +0200] "GET /bannerz/d2b_on_o_o.gif HTTP/1.0" 200 6772 "-" "Mozilla/5.0 (Twiceler-0.9 http://www.cuil.com/twiceler/robot.html)"
208.36.144.10 - - [26/Sep/2008:11:13:05 +0200] "GET /bannerz/flyer-front.jpg HTTP/1.0" 200 49246 "-" "Mozilla/5.0 (Twiceler-0.9 http://www.cuil.com/twiceler/robot.html)"
208.36.144.10 - - [26/Sep/2008:11:21:46 +0200] "GET /DgH/orginal/pict/DgH008.jpg HTTP/1.0" 200 6960 "-" "Mozilla/5.0 (Twiceler-0.9 http://www.cuil.com/twiceler/robot.html)"
208.36.144.10 - - [26/Sep/2008:11:40:15 +0200] "GET /bannerz/main-1.gif HTTP/1.0" 200 5550 "-" "Mozilla/5.0 (Twiceler-0.9 http://www.cuil.com/twiceler/robot.html)"
208.36.144.10 - - [26/Sep/2008:11:42:51 +0200] "GET /bmpp/Bilder/18_08.png HTTP/1.0" 200 289 "-" "Mozilla/5.0 (Twiceler-0.9 http://www.cuil.com/twiceler/robot.html)"
64.1.215.165 - - [26/Sep/2008:11:43:41 +0200] "GET /bmpp/Bilder/18_07.png HTTP/1.0" 200 417 "-" "Mozilla/5.0 (Twiceler-0.9 http://www.cuil.com/twiceler/robot.html)"
64.1.215.165 - - [26/Sep/2008:11:46:39 +0200] "GET /bmpp/Bilder/18_06.png HTTP/1.0" 200 289 "-" "Mozilla/5.0 (Twiceler-0.9 http://www.cuil.com/twiceler/robot.html)"
64.1.215.165 - - [26/Sep/2008:11:58:24 +0200] "GET /bmpp/Bilder/18_41.png HTTP/1.0" 200 334 "-" "Mozilla/5.0 (Twiceler-0.9 http://www.cuil.com/twiceler/robot.html)"
66.249.65.169 - - [26/Sep/2008:12:06:22 +0200] "GET /logs/usage_200809.html HTTP/1.1" 404 2748 "-" "Mozilla/5.0 (compatible; Googlebot/2.1; +http://www.google.com/bot.html)"
208.36.144.10 - - [26/Sep/2008:12:07:56 +0200] "GET /zampa-lovers/MILIZA_2.JPG HTTP/1.0" 200 22172 "-" "Mozilla/5.0 (Twiceler-0.9 http://www.cuil.com/twiceler/robot.html)"
208.36.144.10 - - [26/Sep/2008:12:16:28 +0200] "GET /bmpp/Bilder2/fsstreiffcc_12.png HTTP/1.0" 200 1783 "-" "Mozilla/5.0 (Twiceler-0.9 http://www.cuil.com/twiceler/robot.html)"
208.36.144.10 - - [26/Sep/2008:12:18:09 +0200] "GET /bmpp/Bilder/18_09.png HTTP/1.0" 200 417 "-" "Mozilla/5.0 (Twiceler-0.9 http://www.cuil.com/twiceler/robot.html)"
64.1.215.165 - - [26/Sep/2008:12:19:37 +0200] "GET /DgH/bull/pict/Bull-DgH06.jpg HTTP/1.0" 200 9010 "-" "Mozilla/5.0 (Twiceler-0.9 http://www.cuil.com/twiceler/robot.html)"
64.1.215.165 - - [26/Sep/2008:12:20:45 +0200] "GET /bmpp/Bilder/18_43.png HTTP/1.0" 200 280 "-" "Mozilla/5.0 (Twiceler-0.9 http://www.cuil.com/twiceler/robot.html)"
64.1.215.165 - - [26/Sep/2008:12:25:54 +0200] "GET /logs/hourly_usage_200703.png HTTP/1.0" 200 2149 "-" "Mozilla/5.0 (Twiceler-0.9 http://www.cuil.com/twiceler/robot.html)"
74.6.18.222 - - [26/Sep/2008:12:26:06 +0200] "GET /zampa-lovers/index.html HTTP/1.0" 200 37790 "-" "Mozilla/5.0 (compatible; Yahoo! Slurp; http://help.yahoo.com/help/us/ysearch/slurp)"
208.36.144.10 - - [26/Sep/2008:12:27:23 +0200] "GET /bmpp/Bilder/18_36.png HTTP/1.0" 200 557 "-" "Mozilla/5.0 (Twiceler-0.9 http://www.cuil.com/twiceler/robot.html)"
64.1.215.165 - - [26/Sep/2008:12:36:31 +0200] "GET /bannerz/army_graphics_package/ak47su-n.gif HTTP/1.0" 200 9823 "-" "Mozilla/5.0 (Twiceler-0.9 http://www.cuil.com/twiceler/robot.html)"
64.1.215.165 - - [26/Sep/2008:12:40:06 +0200] "GET /bmpp/Bilder/18_16.png HTTP/1.0" 200 499 "-" "Mozilla/5.0 (Twiceler-0.9 http://www.cuil.com/twiceler/robot.html)"
64.1.215.165 - - [26/Sep/2008:12:41:41 +0200] "GET /bmpp/Bilder2/fsstreiffcc_36.png HTTP/1.0" 200 458 "-" "Mozilla/5.0 (Twiceler-0.9 http://www.cuil.com/twiceler/robot.html)"
64.1.215.165 - - [26/Sep/2008:12:50:59 +0200] "GET /logs/hourly_usage_200701.png HTTP/1.0" 200 2242 "-" "Mozilla/5.0 (Twiceler-0.9 http://www.cuil.com/twiceler/robot.html)"
91.205.124.4 - - [26/Sep/2008:12:56:36 +0200] "GET /robots.txt HTTP/1.1" 200 64 "-" "Yanga WorldSearch Bot v1.1/beta (http://www.yanga.co.uk/)"
208.66.193.164 - - [26/Sep/2008:12:56:37 +0200] "GET / HTTP/1.1" 200 7869 "-" "Yanga WorldSearch Bot v1.1/beta (http://www.yanga.co.uk/)"
64.1.215.165 - - [26/Sep/2008:13:06:26 +0200] "GET /DgH/watch/pict/Watch-DgH06.jpg HTTP/1.0" 200 12152 "-" "Mozilla/5.0 (Twiceler-0.9 http://www.cuil.com/twiceler/robot.html)"
208.36.144.10 - - [26/Sep/2008:13:08:20 +0200] "GET /zampa-lovers/MILIZA_4.JPG HTTP/1.0" 200 9946 "-" "Mozilla/5.0 (Twiceler-0.9 http://www.cuil.com/twiceler/robot.html)"
64.1.215.165 - - [26/Sep/2008:13:11:01 +0200] "GET /bmpp/Bilder/18_40.png HTTP/1.0" 200 506 "-" "Mozilla/5.0 (Twiceler-0.9 http://www.cuil.com/twiceler/robot.html)"
208.36.144.10 - - [26/Sep/2008:13:28:02 +0200] "GET /bannerz/doom-ph.jpg HTTP/1.0" 200 69650 "-" "Mozilla/5.0 (Twiceler-0.9 http://www.cuil.com/twiceler/robot.html)"
66.249.65.169 - - [26/Sep/2008:13:33:08 +0200] "GET /framez.html HTTP/1.1" 200 3959 "-" "Mozilla/5.0 (compatible; Googlebot/2.1; +http://www.google.com/bot.html)"
64.1.215.165 - - [26/Sep/2008:13:33:38 +0200] "GET /bmpp/Bilder/18_42.png HTTP/1.0" 200 286 "-" "Mozilla/5.0 (Twiceler-0.9 http://www.cuil.com/twiceler/robot.html)"
208.36.144.10 - - [26/Sep/2008:13:35:23 +0200] "GET /bmpp/Bilder/18_18.png HTTP/1.0" 200 453 "-" "Mozilla/5.0 (Twiceler-0.9 http://www.cuil.com/twiceler/robot.html)"
64.1.215.165 - - [26/Sep/2008:13:37:05 +0200] "GET /bmpp/Bilder2/fsstreiffcc_05.png HTTP/1.0" 200 2452 "-" "Mozilla/5.0 (Twiceler-0.9 http://www.cuil.com/twiceler/robot.html)"
64.1.215.165 - - [26/Sep/2008:13:39:08 +0200] "GET /bannerz/douwil.gif HTTP/1.0" 200 528 "-" "Mozilla/5.0 (Twiceler-0.9 http://www.cuil.com/twiceler/robot.html)"
208.36.144.10 - - [26/Sep/2008:13:40:04 +0200] "GET /bannerz/kmfms-banner.gif HTTP/1.0" 200 8484 "-" "Mozilla/5.0 (Twiceler-0.9 http://www.cuil.com/twiceler/robot.html)"
65.55.211.163 - - [26/Sep/2008:13:45:05 +0200] "GET /DgH/watch/ HTTP/1.1" 200 2028 "-" "msnbot/1.1 (+http://search.msn.com/msnbot.htm)"
208.36.144.10 - - [26/Sep/2008:13:52:48 +0200] "GET /bmpp/Bilder2/fsstreiffcc_06.png HTTP/1.0" 200 2060 "-" "Mozilla/5.0 (Twiceler-0.9 http://www.cuil.com/twiceler/robot.html)"
64.1.215.165 - - [26/Sep/2008:13:55:56 +0200] "GET /vgirls/button1.gif HTTP/1.0" 200 9099 "-" "Mozilla/5.0 (Twiceler-0.9 http://www.cuil.com/twiceler/robot.html)"
208.36.144.10 - - [26/Sep/2008:14:01:39 +0200] "GET /bannerz/dose.gif HTTP/1.0" 200 1868 "-" "Mozilla/5.0 (Twiceler-0.9 http://www.cuil.com/twiceler/robot.html)"
208.36.144.10 - - [26/Sep/2008:14:02:51 +0200] "GET /' HTTP/1.0" 404 2748 "-" "Mozilla/5.0 (Twiceler-0.9 http://www.cuil.com/twiceler/robot.html)"
66.249.65.169 - - [26/Sep/2008:14:08:33 +0200] "GET /games/virtualcop/virtualcop.html HTTP/1.1" 200 4487 "-" "Mozilla/5.0 (compatible; Googlebot/2.1; +http://www.google.com/bot.html)"
208.36.144.10 - - [26/Sep/2008:14:13:23 +0200] "GET /bmpp/Bilder/18_27.png HTTP/1.0" 200 854 "-" "Mozilla/5.0 (Twiceler-0.9 http://www.cuil.com/twiceler/robot.html)"
64.1.215.165 - - [26/Sep/2008:14:16:41 +0200] "GET /DgH/orginal/pict/DgH004.jpg HTTP/1.0" 200 6960 "-" "Mozilla/5.0 (Twiceler-0.9 http://www.cuil.com/twiceler/robot.html)"
208.36.144.10 - - [26/Sep/2008:14:20:56 +0200] "GET /zampa-lovers/MILIZA_3.JPG HTTP/1.0" 200 26924 "-" "Mozilla/5.0 (Twiceler-0.9 http://www.cuil.com/twiceler/robot.html)"
64.1.215.165 - - [26/Sep/2008:14:21:02 +0200] "GET /astalavista.gif HTTP/1.0" 200 3887 "-" "Mozilla/5.0 (Twiceler-0.9 http://www.cuil.com/twiceler/robot.html)"
64.1.215.165 - - [26/Sep/2008:14:25:41 +0200] "GET /bmpp/Bilder2/fsstreiffcc_03.png HTTP/1.0" 200 2391 "-" "Mozilla/5.0 (Twiceler-0.9 http://www.cuil.com/twiceler/robot.html)"
208.36.144.10 - - [26/Sep/2008:14:27:23 +0200] "GET /bannerz/main-3.gif HTTP/1.0" 200 12767 "-" "Mozilla/5.0 (Twiceler-0.9 http://www.cuil.com/twiceler/robot.html)"
64.1.215.165 - - [26/Sep/2008:14:28:22 +0200] "GET /bmpp/Bilder2/fsstreiffcc_45.png HTTP/1.0" 200 285 "-" "Mozilla/5.0 (Twiceler-0.9 http://www.cuil.com/twiceler/robot.html)"
208.36.144.10 - - [26/Sep/2008:14:37:12 +0200] "GET /bannerz/docubanner2.gif HTTP/1.0" 200 14804 "-" "Mozilla/5.0 (Twiceler-0.9 http://www.cuil.com/twiceler/robot.html)"
66.249.65.169 - - [26/Sep/2008:14:37:20 +0200] "GET /partnergegenberlin.html HTTP/1.1" 200 5022 "-" "Mozilla/5.0 (compatible; Googlebot/2.1; +http://www.google.com/bot.html)"
96.228.131.177 - - [26/Sep/2008:14:41:01 +0200] "GET / HTTP/1.1" 200 7869 "-" "Mozilla/5.0 (Windows; U; Windows NT 5.1; en-US; rv:1.9.0.2) Gecko/2008091620 Firefox/3.0.2"
96.228.131.177 - - [26/Sep/2008:14:41:01 +0200] "GET /style/various-euro.css HTTP/1.1" 200 3437 "http://www.various-euro.com/" "Mozilla/5.0 (Windows; U; Windows NT 5.1; en-US; rv:1.9.0.2) Gecko/2008091620 Firefox/3.0.2"
96.228.131.177 - - [26/Sep/2008:14:41:02 +0200] "GET /favicon.ico HTTP/1.1" 404 2748 "-" "Mozilla/5.0 (Windows; U; Windows NT 5.1; en-US; rv:1.9.0.2) Gecko/2008091620 Firefox/3.0.2"
208.36.144.10 - - [26/Sep/2008:14:43:41 +0200] "GET /bannerz/web-tv-w.gif HTTP/1.0" 200 715 "-" "Mozilla/5.0 (Twiceler-0.9 http://www.cuil.com/twiceler/robot.html)"
64.1.215.165 - - [26/Sep/2008:14:45:12 +0200] "GET /bmpp/Bilder2/Abstandhalter.gif HTTP/1.0" 200 67 "-" "Mozilla/5.0 (Twiceler-0.9 http://www.cuil.com/twiceler/robot.html)"
208.36.144.10 - - [26/Sep/2008:14:46:43 +0200] "GET /robots.txt HTTP/1.0" 200 64 "-" "Mozilla/5.0 (Twiceler-0.9 http://www.cuil.com/twiceler/robot.html)"
64.1.215.165 - - [26/Sep/2008:14:49:45 +0200] "GET /bmpp/Bilder/18_26.png HTTP/1.0" 200 880 "-" "Mozilla/5.0 (Twiceler-0.9 http://www.cuil.com/twiceler/robot.html)"
208.36.144.10 - - [26/Sep/2008:14:49:55 +0200] "GET /bannerz/neon_click_1.gif HTTP/1.0" 200 890 "-" "Mozilla/5.0 (Twiceler-0.9 http://www.cuil.com/twiceler/robot.html)"
193.252.149.16 - - [26/Sep/2008:14:53:33 +0200] "GET http://www.various-euro.com:80/robots.txt HTTP/1.1" 200 64 "-" "Mozilla/5.0 (Windows; U; Windows NT 5.1; fr; rv:1.8.1) VoilaBot BETA 1.2 (support.voilabot@orange-ftgroup.com)"
193.252.149.16 - - [26/Sep/2008:14:53:47 +0200] "GET /framez.html HTTP/1.1" 200 3959 "-" "Mozilla/5.0 (Windows; U; Windows NT 5.1; fr; rv:1.8.1) VoilaBot BETA 1.2 (support.voilabot@orange-ftgroup.com)"
193.252.149.16 - - [26/Sep/2008:14:54:31 +0200] "GET /frame-unten.html HTTP/1.1" 200 5308 "-" "Mozilla/5.0 (Windows; U; Windows NT 5.1; fr; rv:1.8.1) VoilaBot BETA 1.2 (support.voilabot@orange-ftgroup.com)"
193.252.149.16 - - [26/Sep/2008:14:54:31 +0200] "GET /frame-menu.html HTTP/1.1" 200 10536 "-" "Mozilla/5.0 (Windows; U; Windows NT 5.1; fr; rv:1.8.1) VoilaBot BETA 1.2 (support.voilabot@orange-ftgroup.com)"
193.252.149.16 - - [26/Sep/2008:14:54:31 +0200] "GET /frame-inhalt.html HTTP/1.1" 200 5418 "-" "Mozilla/5.0 (Windows; U; Windows NT 5.1; fr; rv:1.8.1) VoilaBot BETA 1.2 (support.voilabot@orange-ftgroup.com)"
64.1.215.165 - - [26/Sep/2008:14:57:50 +0200] "GET /DgH/orginal/pict/DgH007.jpg HTTP/1.0" 200 6960 "-" "Mozilla/5.0 (Twiceler-0.9 http://www.cuil.com/twiceler/robot.html)"
64.1.215.165 - - [26/Sep/2008:15:00:22 +0200] "GET /bmpp/Bilder/18_23.png HTTP/1.0" 200 454 "-" "Mozilla/5.0 (Twiceler-0.9 http://www.cuil.com/twiceler/robot.html)"
208.36.144.10 - - [26/Sep/2008:15:05:15 +0200] "GET /webby2.gif HTTP/1.0" 200 11191 "-" "Mozilla/5.0 (Twiceler-0.9 http://www.cuil.com/twiceler/robot.html)"
208.36.144.10 - - [26/Sep/2008:15:09:18 +0200] "GET /bmpp/Bilder2/fsstreiffcc_43.png HTTP/1.0" 200 295 "-" "Mozilla/5.0 (Twiceler-0.9 http://www.cuil.com/twiceler/robot.html)"
64.1.215.165 - - [26/Sep/2008:15:14:30 +0200] "GET /bmpp/Bilder2/fsstreiffcc_17.png HTTP/1.0" 200 1288 "-" "Mozilla/5.0 (Twiceler-0.9 http://www.cuil.com/twiceler/robot.html)"
64.1.215.165 - - [26/Sep/2008:15:20:32 +0200] "GET /bannerz/main-4.gif HTTP/1.0" 200 10995 "-" "Mozilla/5.0 (Twiceler-0.9 http://www.cuil.com/twiceler/robot.html)"
66.249.65.169 - - [26/Sep/2008:15:21:37 +0200] "GET /framez-schubb.html HTTP/1.1" 200 4324 "-" "Mozilla/5.0 (compatible; Googlebot/2.1; +http://www.google.com/bot.html)"
208.36.144.10 - - [26/Sep/2008:15:29:52 +0200] "GET /bannerz/3dsf3banner.gif HTTP/1.0" 200 15347 "-" "Mozilla/5.0 (Twiceler-0.9 http://www.cuil.com/twiceler/robot.html)"
64.1.215.165 - - [26/Sep/2008:15:33:40 +0200] "GET /DgH/bull/pict/Bull-DgH09.jpg HTTP/1.0" 200 9010 "-" "Mozilla/5.0 (Twiceler-0.9 http://www.cuil.com/twiceler/robot.html)"
208.36.144.10 - - [26/Sep/2008:15:37:06 +0200] "GET /bmpp/Bilder2/fsstreiffcc_40.png HTTP/1.0" 200 354 "-" "Mozilla/5.0 (Twiceler-0.9 http://www.cuil.com/twiceler/robot.html)"
64.1.215.165 - - [26/Sep/2008:15:37:37 +0200] "GET /neon/123button-neo5a.gif HTTP/1.0" 200 9625 "-" "Mozilla/5.0 (Twiceler-0.9 http://www.cuil.com/twiceler/robot.html)"
208.36.144.10 - - [26/Sep/2008:15:42:08 +0200] "GET /img.web.de/v/channelv2/specials/header2.gif HTTP/1.0" 404 2748 "-" "Mozilla/5.0 (Twiceler-0.9 http://www.cuil.com/twiceler/robot.html)"
64.1.215.165 - - [26/Sep/2008:15:43:44 +0200] "GET /DgH/rampe/pict/Rampe-DgH09.jpg HTTP/1.0" 200 12044 "-" "Mozilla/5.0 (Twiceler-0.9 http://www.cuil.com/twiceler/robot.html)"
66.249.65.169 - - [26/Sep/2008:15:45:58 +0200] "GET /f-channel1.html HTTP/1.1" 200 5713 "-" "Mozilla/5.0 (compatible; Googlebot/2.1; +http://www.google.com/bot.html)"
208.36.144.10 - - [26/Sep/2008:15:48:25 +0200] "GET /bannerz/horrorkatze/various-sendi.jpg HTTP/1.0" 200 6368 "-" "Mozilla/5.0 (Twiceler-0.9 http://www.cuil.com/twiceler/robot.html)"
208.36.144.10 - - [26/Sep/2008:15:50:41 +0200] "GET /bannerz/webmasters_click_here.gif HTTP/1.0" 200 1207 "-" "Mozilla/5.0 (Twiceler-0.9 http://www.cuil.com/twiceler/robot.html)"
193.252.149.16 - - [26/Sep/2008:15:52:41 +0200] "GET / HTTP/1.1" 200 7869 "-" "Mozilla/5.0 (Windows; U; Windows NT 5.1; fr; rv:1.8.1) VoilaBot BETA 1.2 (support.voilabot@orange-ftgroup.com)"
74.6.18.222 - - [26/Sep/2008:15:53:01 +0200] "GET /robots.txt HTTP/1.0" 200 64 "-" "Mozilla/5.0 (compatible; Yahoo! Slurp; http://help.yahoo.com/help/us/ysearch/slurp)"
74.6.18.222 - - [26/Sep/2008:15:53:01 +0200] "GET /f-channel1.html HTTP/1.0" 200 5713 "-" "Mozilla/5.0 (compatible; Yahoo! Slurp; http://help.yahoo.com/help/us/ysearch/slurp)"
208.36.144.10 - - [26/Sep/2008:15:54:46 +0200] "GET /bannerz/lastone.jpg HTTP/1.0" 200 20195 "-" "Mozilla/5.0 (Twiceler-0.9 http://www.cuil.com/twiceler/robot.html)"
64.1.215.165 - - [26/Sep/2008:16:01:40 +0200] "GET /bmpp/Bilder/18_09.png HTTP/1.0" 200 417 "-" "Mozilla/5.0 (Twiceler-0.9 http://www.cuil.com/twiceler/robot.html)"
64.1.215.165 - - [26/Sep/2008:16:05:29 +0200] "GET /DgH/rampe/pict/GNouFL-IS.jpg HTTP/1.0" 200 23320 "-" "Mozilla/5.0 (Twiceler-0.9 http://www.cuil.com/twiceler/robot.html)"
208.36.144.10 - - [26/Sep/2008:16:05:37 +0200] "GET /bannerz/sf-banner.gif HTTP/1.0" 200 1835 "-" "Mozilla/5.0 (Twiceler-0.9 http://www.cuil.com/twiceler/robot.html)"
65.98.224.5 - - [26/Sep/2008:16:06:47 +0200] "GET /robots.txt HTTP/1.0" 200 64 "-" "TurnitinBot/2.1 (http://www.turnitin.com/robot/crawlerinfo.html)"
65.98.224.5 - - [26/Sep/2008:16:07:36 +0200] "GET /f-logz_old.html HTTP/1.0" 200 43773 "-" "TurnitinBot/2.1 (http://www.turnitin.com/robot/crawlerinfo.html)"
65.98.224.5 - - [26/Sep/2008:16:08:12 +0200] "GET /f-logz.html HTTP/1.0" 200 191844 "-" "TurnitinBot/2.1 (http://www.turnitin.com/robot/crawlerinfo.html)"
65.98.224.5 - - [26/Sep/2008:16:08:49 +0200] "GET /f-doku-brau.html HTTP/1.0" 200 7152 "-" "TurnitinBot/2.1 (http://www.turnitin.com/robot/crawlerinfo.html)"
65.98.224.5 - - [26/Sep/2008:16:09:25 +0200] "GET /DgH/ HTTP/1.0" 200 5024 "-" "TurnitinBot/2.1 (http://www.turnitin.com/robot/crawlerinfo.html)"
65.98.224.5 - - [26/Sep/2008:16:09:59 +0200] "GET /zampa-lovers/index.html HTTP/1.0" 200 37790 "-" "TurnitinBot/2.1 (http://www.turnitin.com/robot/crawlerinfo.html)"
65.98.224.5 - - [26/Sep/2008:16:10:29 +0200] "GET /schubb/schubb-5.html HTTP/1.0" 200 72944 "-" "TurnitinBot/2.1 (http://www.turnitin.com/robot/crawlerinfo.html)"
208.36.144.10 - - [26/Sep/2008:16:12:44 +0200] "GET /bmpp/Bilder2/fsstreiffcc_13.png HTTP/1.0" 200 2817 "-" "Mozilla/5.0 (Twiceler-0.9 http://www.cuil.com/twiceler/robot.html)"
64.1.215.165 - - [26/Sep/2008:16:13:48 +0200] "GET /warezcrawler.jpg HTTP/1.0" 200 15588 "-" "Mozilla/5.0 (Twiceler-0.9 http://www.cuil.com/twiceler/robot.html)"
208.36.144.10 - - [26/Sep/2008:16:23:37 +0200] "GET /bmpp/Bilder2/fsstreiffcc_37.png HTTP/1.0" 200 400 "-" "Mozilla/5.0 (Twiceler-0.9 http://www.cuil.com/twiceler/robot.html)"
64.1.215.165 - - [26/Sep/2008:16:24:19 +0200] "GET /bannerz/wet.gif HTTP/1.0" 200 18561 "-" "Mozilla/5.0 (Twiceler-0.9 http://www.cuil.com/twiceler/robot.html)"
208.36.144.10 - - [26/Sep/2008:16:33:10 +0200] "GET /bmpp/Bilder2/fsstreiffcc_16.png HTTP/1.0" 200 1536 "-" "Mozilla/5.0 (Twiceler-0.9 http://www.cuil.com/twiceler/robot.html)"
64.1.215.165 - - [26/Sep/2008:16:36:44 +0200] "GET /bmpp/Bilder2/fsstreiffcc_28.png HTTP/1.0" 200 595 "-" "Mozilla/5.0 (Twiceler-0.9 http://www.cuil.com/twiceler/robot.html)"
208.36.144.10 - - [26/Sep/2008:16:40:05 +0200] "GET /bmpp/Bilder/18_39.png HTTP/1.0" 200 733 "-" "Mozilla/5.0 (Twiceler-0.9 http://www.cuil.com/twiceler/robot.html)"
