120.28.211.138 - - [06/Sep/2008:16:47:07 +0200] "GET /bannerz/rebelle.gif HTTP/1.1" 200 6986 "http://www.various-euro.com/restate_copy.html" "Mozilla/5.0 (Windows; U; Windows NT 5.1; en-US; rv:1.8.1.16) Gecko/20080702 Firefox/2.0.0.16"
120.28.211.138 - - [06/Sep/2008:16:47:04 +0200] "GET /restate_copy.html HTTP/1.1" 200 97631 "http://www.ask.com/web?q=sendafriend+subject&qsrc=167&o=0&l=dir&qid=870714524682EF8373103834CFB83006&page=3&jss=1" "Mozilla/5.0 (Windows; U; Windows NT 5.1; en-US; rv:1.8.1.16) Gecko/20080702 Firefox/2.0.0.16"
120.28.211.138 - - [06/Sep/2008:16:47:07 +0200] "GET /detonators.gif HTTP/1.1" 200 14892 "http://www.various-euro.com/restate_copy.html" "Mozilla/5.0 (Windows; U; Windows NT 5.1; en-US; rv:1.8.1.16) Gecko/20080702 Firefox/2.0.0.16"
120.28.211.138 - - [06/Sep/2008:16:47:09 +0200] "GET /favicon.ico HTTP/1.1" 404 2748 "-" "Mozilla/5.0 (Windows; U; Windows NT 5.1; en-US; rv:1.8.1.16) Gecko/20080702 Firefox/2.0.0.16"
120.28.211.138 - - [06/Sep/2008:16:47:09 +0200] "GET /framez-restate.html HTTP/1.1" 200 4328 "http://www.various-euro.com/restate_copy.html" "Mozilla/5.0 (Windows; U; Windows NT 5.1; en-US; rv:1.8.1.16) Gecko/20080702 Firefox/2.0.0.16"
120.28.211.138 - - [06/Sep/2008:16:47:09 +0200] "GET /favicon.ico HTTP/1.1" 404 2748 "-" "Mozilla/5.0 (Windows; U; Windows NT 5.1; en-US; rv:1.8.1.16) Gecko/20080702 Firefox/2.0.0.16"
120.28.211.138 - - [06/Sep/2008:16:47:09 +0200] "GET /ve-icon-2.ico HTTP/1.1" 200 2238 "-" "Mozilla/5.0 (Windows; U; Windows NT 5.1; en-US; rv:1.8.1.16) Gecko/20080702 Firefox/2.0.0.16"
120.28.211.138 - - [06/Sep/2008:16:47:10 +0200] "GET /frame-menu.html HTTP/1.1" 200 10536 "http://www.various-euro.com/framez-restate.html" "Mozilla/5.0 (Windows; U; Windows NT 5.1; en-US; rv:1.8.1.16) Gecko/20080702 Firefox/2.0.0.16"
120.28.211.138 - - [06/Sep/2008:16:47:11 +0200] "GET /frame-unten.html HTTP/1.1" 200 5308 "http://www.various-euro.com/framez-restate.html" "Mozilla/5.0 (Windows; U; Windows NT 5.1; en-US; rv:1.8.1.16) Gecko/20080702 Firefox/2.0.0.16"
120.28.211.138 - - [06/Sep/2008:16:47:12 +0200] "GET /menueleiste.js HTTP/1.1" 404 2748 "http://www.various-euro.com/restate_copy.html" "Mozilla/5.0 (Windows; U; Windows NT 5.1; en-US; rv:1.8.1.16) Gecko/20080702 Firefox/2.0.0.16"
120.28.211.138 - - [06/Sep/2008:16:47:10 +0200] "GET /restate_copy.html HTTP/1.1" 200 97631 "http://www.various-euro.com/framez-restate.html" "Mozilla/5.0 (Windows; U; Windows NT 5.1; en-US; rv:1.8.1.16) Gecko/20080702 Firefox/2.0.0.16"
120.28.211.138 - - [06/Sep/2008:16:47:12 +0200] "GET /style/various-euro.css HTTP/1.1" 200 3437 "http://www.various-euro.com/frame-menu.html" "Mozilla/5.0 (Windows; U; Windows NT 5.1; en-US; rv:1.8.1.16) Gecko/20080702 Firefox/2.0.0.16"
120.28.211.138 - - [06/Sep/2008:16:47:12 +0200] "GET /bannerz/ve.jpg HTTP/1.1" 200 36912 "http://www.various-euro.com/frame-unten.html" "Mozilla/5.0 (Windows; U; Windows NT 5.1; en-US; rv:1.8.1.16) Gecko/20080702 Firefox/2.0.0.16"
120.28.211.138 - - [06/Sep/2008:16:47:13 +0200] "GET /bannerz/various-euro-girl.jpg HTTP/1.1" 200 91514 "http://www.various-euro.com/frame-unten.html" "Mozilla/5.0 (Windows; U; Windows NT 5.1; en-US; rv:1.8.1.16) Gecko/20080702 Firefox/2.0.0.16"
81.52.143.16 - - [06/Sep/2008:17:23:35 +0200] "GET /bmpp/18asi_2.html HTTP/1.1" 200 8674 "-" "Mozilla/5.0 (Windows; U; Windows NT 5.1; fr; rv:1.8.1) VoilaBot BETA 1.2 (support.voilabot@orange-ftgroup.com)"
193.252.149.16 - - [06/Sep/2008:17:25:44 +0200] "GET /neon/large.html HTTP/1.1" 200 1547 "-" "Mozilla/5.0 (Windows; U; Windows NT 5.1; fr; rv:1.8.1) VoilaBot BETA 1.2 (support.voilabot@orange-ftgroup.com)"
66.249.65.2 - - [06/Sep/2008:17:51:00 +0200] "GET /zampa-lovers/ HTTP/1.1" 200 37790 "-" "Mozilla/5.0 (compatible; Googlebot/2.1; +http://www.google.com/bot.html)"
66.147.238.20 - - [06/Sep/2008:18:10:44 +0200] "GET / HTTP/1.1" 302 353 "-" "Mp3Bot/0.1 (http://mp3realm.org/mp3bot/)"
66.147.238.20 - - [06/Sep/2008:18:10:46 +0200] "GET /zampa/ HTTP/1.1" 200 7153 "-" "Mp3Bot/0.1 (http://mp3realm.org/mp3bot/)"
74.6.17.166 - - [06/Sep/2008:18:20:48 +0200] "GET /f-world.html HTTP/1.0" 200 35590 "-" "Mozilla/5.0 (compatible; Yahoo! Slurp; http://help.yahoo.com/help/us/ysearch/slurp)"
74.6.17.166 - - [06/Sep/2008:19:33:01 +0200] "GET /DgH/bull/ HTTP/1.0" 200 1915 "-" "Mozilla/5.0 (compatible; Yahoo! Slurp; http://help.yahoo.com/help/us/ysearch/slurp)"
74.6.17.166 - - [06/Sep/2008:20:05:00 +0200] "GET /f-zeug.html HTTP/1.0" 200 45338 "-" "Mozilla/5.0 (compatible; Yahoo! Slurp; http://help.yahoo.com/help/us/ysearch/slurp)"
89.216.227.6 - - [06/Sep/2008:20:26:28 +0200] "GET /zampa-lovers/index.html HTTP/1.1" 200 37790 "http://search.bearshare.com/intl/webResults.html?q=popularne%20pesme&hl=en&o=10596&page=1&lr=1&src=hmp_intl" "Mozilla/5.0 (Windows; U; Windows NT 5.1; en-US; rv:1.9.0.1) Gecko/2008070208 Firefox/3.0.1"
89.216.227.6 - - [06/Sep/2008:20:26:30 +0200] "GET /zampa-lovers/MILIZA_4.JPG HTTP/1.1" 200 9946 "http://various-euro.com/zampa-lovers/index.html" "Mozilla/5.0 (Windows; U; Windows NT 5.1; en-US; rv:1.9.0.1) Gecko/2008070208 Firefox/3.0.1"
89.216.227.6 - - [06/Sep/2008:20:26:30 +0200] "GET /zampa-lovers/DRAGAN_Z.JPG HTTP/1.1" 200 6850 "http://various-euro.com/zampa-lovers/index.html" "Mozilla/5.0 (Windows; U; Windows NT 5.1; en-US; rv:1.9.0.1) Gecko/2008070208 Firefox/3.0.1"
89.216.227.6 - - [06/Sep/2008:20:26:30 +0200] "GET /zampa-lovers/MILIZA_B.JPG HTTP/1.1" 200 10947 "http://various-euro.com/zampa-lovers/index.html" "Mozilla/5.0 (Windows; U; Windows NT 5.1; en-US; rv:1.9.0.1) Gecko/2008070208 Firefox/3.0.1"
89.216.227.6 - - [06/Sep/2008:20:26:30 +0200] "GET /zampa-lovers/DRAGANZA.JPG HTTP/1.1" 200 18560 "http://various-euro.com/zampa-lovers/index.html" "Mozilla/5.0 (Windows; U; Windows NT 5.1; en-US; rv:1.9.0.1) Gecko/2008070208 Firefox/3.0.1"
89.216.227.6 - - [06/Sep/2008:20:26:30 +0200] "GET /zampa-lovers/kralle.gif HTTP/1.1" 404 2748 "http://various-euro.com/zampa-lovers/index.html" "Mozilla/5.0 (Windows; U; Windows NT 5.1; en-US; rv:1.9.0.1) Gecko/2008070208 Firefox/3.0.1"
89.216.227.6 - - [06/Sep/2008:20:26:31 +0200] "GET /zampa-lovers/zampa.ICO HTTP/1.1" 200 7134 "-" "Mozilla/5.0 (Windows; U; Windows NT 5.1; en-US; rv:1.9.0.1) Gecko/2008070208 Firefox/3.0.1"
89.216.227.6 - - [06/Sep/2008:20:26:31 +0200] "GET /zampa-lovers/Kralle.gif HTTP/1.1" 200 260 "http://various-euro.com/zampa-lovers/index.html" "Mozilla/5.0 (Windows; U; Windows NT 5.1; en-US; rv:1.9.0.1) Gecko/2008070208 Firefox/3.0.1"
89.216.227.6 - - [06/Sep/2008:20:26:31 +0200] "GET /zampa-lovers/zampa-2X2.gif HTTP/1.1" 200 6948 "http://various-euro.com/zampa-lovers/index.html" "Mozilla/5.0 (Windows; U; Windows NT 5.1; en-US; rv:1.9.0.1) Gecko/2008070208 Firefox/3.0.1"
89.216.227.6 - - [06/Sep/2008:20:26:30 +0200] "GET /zampa-lovers/MILIZA_3.JPG HTTP/1.1" 200 26924 "http://various-euro.com/zampa-lovers/index.html" "Mozilla/5.0 (Windows; U; Windows NT 5.1; en-US; rv:1.9.0.1) Gecko/2008070208 Firefox/3.0.1"
89.216.227.6 - - [06/Sep/2008:20:26:31 +0200] "GET /zampa-lovers/MILIZA_2.JPG HTTP/1.1" 200 22172 "http://various-euro.com/zampa-lovers/index.html" "Mozilla/5.0 (Windows; U; Windows NT 5.1; en-US; rv:1.9.0.1) Gecko/2008070208 Firefox/3.0.1"
89.216.227.6 - - [06/Sep/2008:20:26:32 +0200] "GET /zampa-lovers/zampamali.gif HTTP/1.1" 200 2617 "http://various-euro.com/zampa-lovers/index.html" "Mozilla/5.0 (Windows; U; Windows NT 5.1; en-US; rv:1.9.0.1) Gecko/2008070208 Firefox/3.0.1"
89.216.227.6 - - [06/Sep/2008:20:26:31 +0200] "GET /zampa-lovers/2SEITEVE.GIF HTTP/1.1" 200 83466 "http://various-euro.com/zampa-lovers/index.html" "Mozilla/5.0 (Windows; U; Windows NT 5.1; en-US; rv:1.9.0.1) Gecko/2008070208 Firefox/3.0.1"
89.216.227.6 - - [06/Sep/2008:20:26:31 +0200] "GET /zampa-lovers/1SEITEVE.GIF HTTP/1.1" 200 78726 "http://various-euro.com/zampa-lovers/index.html" "Mozilla/5.0 (Windows; U; Windows NT 5.1; en-US; rv:1.9.0.1) Gecko/2008070208 Firefox/3.0.1"
89.216.227.6 - - [06/Sep/2008:20:27:01 +0200] "GET /zampa-lovers/ZAMPAMA2.MPG HTTP/1.1" 200 63492 "http://various-euro.com/zampa-lovers/index.html" "Mozilla/5.0 (Windows; U; Windows NT 5.1; en-US; rv:1.9.0.1) Gecko/2008070208 Firefox/3.0.1"
89.216.227.6 - - [06/Sep/2008:20:27:02 +0200] "GET /zampa-lovers/WASISTMI1.MPG HTTP/1.1" 200 271221 "http://various-euro.com/zampa-lovers/index.html" "Mozilla/5.0 (Windows; U; Windows NT 5.1; en-US; rv:1.9.0.1) Gecko/2008070208 Firefox/3.0.1"
89.216.227.6 - - [06/Sep/2008:20:26:33 +0200] "GET /zampa-lovers/zampa.gif HTTP/1.1" 200 460627 "http://various-euro.com/zampa-lovers/index.html" "Mozilla/5.0 (Windows; U; Windows NT 5.1; en-US; rv:1.9.0.1) Gecko/2008070208 Firefox/3.0.1"
89.216.227.6 - - [06/Sep/2008:20:27:03 +0200] "GET /zampa-lovers/ZAMPAMAS.MPG HTTP/1.1" 200 520196 "http://various-euro.com/zampa-lovers/index.html" "Mozilla/5.0 (Windows; U; Windows NT 5.1; en-US; rv:1.9.0.1) Gecko/2008070208 Firefox/3.0.1"
77.91.224.4 - - [06/Sep/2008:20:28:19 +0200] "GET /robots.txt HTTP/1.1" 200 64 "-" "WebAlta Crawler/2.0 (http://www.webalta.net/ru/about_webmaster.html) (Windows; U; Windows NT 5.1; ru-RU)"
208.66.193.164 - - [06/Sep/2008:20:28:19 +0200] "GET / HTTP/1.1" 200 7869 "-" "WebAlta Crawler/2.0 (http://www.webalta.net/ru/about_webmaster.html) (Windows; U; Windows NT 5.1; ru-RU)"
68.142.212.213 - - [06/Sep/2008:21:28:21 +0200] "GET /robots.txt HTTP/1.0" 200 64 "-" "Mozilla/5.0 (Yahoo-MMCrawler/4.0; mailto:vertical-crawl-support@yahoo-inc.com)"
68.142.212.213 - - [06/Sep/2008:21:28:22 +0200] "GET /bannerz/army_graphics_package/m24-n.gif HTTP/1.0" 200 5038 "-" "Mozilla/5.0 (Yahoo-MMCrawler/4.0; mailto:vertical-crawl-support@yahoo-inc.com)"
68.142.212.213 - - [06/Sep/2008:21:53:52 +0200] "GET /robots.txt HTTP/1.0" 200 64 "-" "Mozilla/5.0 (Yahoo-MMCrawler/4.0; mailto:vertical-crawl-support@yahoo-inc.com)"
68.142.212.213 - - [06/Sep/2008:21:53:52 +0200] "GET /bannerz/army_graphics_package/m24-n.gif HTTP/1.0" 200 5038 "-" "Mozilla/5.0 (Yahoo-MMCrawler/4.0; mailto:vertical-crawl-support@yahoo-inc.com)"
69.58.178.30 - - [06/Sep/2008:22:18:57 +0200] "GET /robots.txt HTTP/1.1" 200 64 "-" "Mozilla/5.0 (X11; U; Linux i686; en-US; rv:1.7.12; ips-agent) Gecko/20050922 Fedora/1.0.7-1.1.fc4 Firefox/1.0.7"
69.58.178.30 - - [06/Sep/2008:22:18:58 +0200] "GET / HTTP/1.1" 200 7869 "-" "Mozilla/5.0 (X11; U; Linux i686; en-US; rv:1.7.12; ips-agent) Gecko/20050922 Fedora/1.0.7-1.1.fc4 Firefox/1.0.7"
69.58.178.30 - - [06/Sep/2008:22:19:00 +0200] "GET /framez.html HTTP/1.1" 200 3959 "-" "Mozilla/5.0 (X11; U; Linux i686; en-US; rv:1.7.12; ips-agent) Gecko/20050922 Fedora/1.0.7-1.1.fc4 Firefox/1.0.7"
69.58.178.30 - - [06/Sep/2008:22:19:01 +0200] "GET /frame-menu.html HTTP/1.1" 200 10536 "-" "Mozilla/5.0 (X11; U; Linux i686; en-US; rv:1.7.12; ips-agent) Gecko/20050922 Fedora/1.0.7-1.1.fc4 Firefox/1.0.7"
69.58.178.30 - - [06/Sep/2008:22:19:02 +0200] "GET /frame-inhalt.html HTTP/1.1" 200 5418 "-" "Mozilla/5.0 (X11; U; Linux i686; en-US; rv:1.7.12; ips-agent) Gecko/20050922 Fedora/1.0.7-1.1.fc4 Firefox/1.0.7"
69.58.178.30 - - [06/Sep/2008:22:19:03 +0200] "GET /frame-unten.html HTTP/1.1" 200 5308 "-" "Mozilla/5.0 (X11; U; Linux i686; en-US; rv:1.7.12; ips-agent) Gecko/20050922 Fedora/1.0.7-1.1.fc4 Firefox/1.0.7"
69.58.178.30 - - [06/Sep/2008:22:19:04 +0200] "GET /f-search.html HTTP/1.1" 200 11800 "-" "Mozilla/5.0 (X11; U; Linux i686; en-US; rv:1.7.12; ips-agent) Gecko/20050922 Fedora/1.0.7-1.1.fc4 Firefox/1.0.7"
69.58.178.30 - - [06/Sep/2008:22:19:06 +0200] "GET /f-contact.html HTTP/1.1" 200 6804 "-" "Mozilla/5.0 (X11; U; Linux i686; en-US; rv:1.7.12; ips-agent) Gecko/20050922 Fedora/1.0.7-1.1.fc4 Firefox/1.0.7"
69.58.178.30 - - [06/Sep/2008:22:19:07 +0200] "GET /f-sponsor.html HTTP/1.1" 200 8578 "-" "Mozilla/5.0 (X11; U; Linux i686; en-US; rv:1.7.12; ips-agent) Gecko/20050922 Fedora/1.0.7-1.1.fc4 Firefox/1.0.7"
69.58.178.30 - - [06/Sep/2008:22:19:08 +0200] "GET /f-warez.html HTTP/1.1" 200 10953 "-" "Mozilla/5.0 (X11; U; Linux i686; en-US; rv:1.7.12; ips-agent) Gecko/20050922 Fedora/1.0.7-1.1.fc4 Firefox/1.0.7"
69.58.178.30 - - [06/Sep/2008:22:19:10 +0200] "GET /f-web.html HTTP/1.1" 200 13605 "-" "Mozilla/5.0 (X11; U; Linux i686; en-US; rv:1.7.12; ips-agent) Gecko/20050922 Fedora/1.0.7-1.1.fc4 Firefox/1.0.7"
68.142.212.213 - - [06/Sep/2008:22:51:15 +0200] "GET /robots.txt HTTP/1.0" 200 64 "-" "Mozilla/5.0 (Yahoo-MMCrawler/4.0; mailto:vertical-crawl-support@yahoo-inc.com)"
68.142.212.213 - - [06/Sep/2008:22:51:16 +0200] "GET /logs/hourly_usage_200711.png HTTP/1.0" 200 2010 "-" "Mozilla/5.0 (Yahoo-MMCrawler/4.0; mailto:vertical-crawl-support@yahoo-inc.com)"
213.240.6.202 - - [06/Sep/2008:22:56:34 +0200] "GET /framez-zampa-lovers.html HTTP/1.1" 200 4322 "http://www.google.com/search?client=firefox-a&rls=org.mozilla%3Aen-GB%3Aofficial&channel=s&hl=en&q=belocrkvanski+masoni&btnG=Google+Search" "Mozilla/5.0 (Windows; U; Windows NT 5.1; en-GB; rv:1.9.0.1) Gecko/2008070208 Firefox/3.0.1"
213.240.6.202 - - [06/Sep/2008:22:56:34 +0200] "GET /ve-icon-2.ico HTTP/1.1" 200 2238 "-" "Mozilla/5.0 (Windows; U; Windows NT 5.1; en-GB; rv:1.9.0.1) Gecko/2008070208 Firefox/3.0.1"
213.240.6.202 - - [06/Sep/2008:22:56:34 +0200] "GET /frame-menu.html HTTP/1.1" 200 10536 "http://www.various-euro.com/framez-zampa-lovers.html" "Mozilla/5.0 (Windows; U; Windows NT 5.1; en-GB; rv:1.9.0.1) Gecko/2008070208 Firefox/3.0.1"
213.240.6.202 - - [06/Sep/2008:22:56:34 +0200] "GET /frame-unten.html HTTP/1.1" 200 5308 "http://www.various-euro.com/framez-zampa-lovers.html" "Mozilla/5.0 (Windows; U; Windows NT 5.1; en-GB; rv:1.9.0.1) Gecko/2008070208 Firefox/3.0.1"
213.240.6.202 - - [06/Sep/2008:22:56:36 +0200] "GET /zampa-lovers/kralle.gif HTTP/1.1" 404 2748 "http://www.various-euro.com/zampa-lovers/index.html" "Mozilla/5.0 (Windows; U; Windows NT 5.1; en-GB; rv:1.9.0.1) Gecko/2008070208 Firefox/3.0.1"
213.240.6.202 - - [06/Sep/2008:22:56:36 +0200] "GET /zampa-lovers/DRAGAN_Z.JPG HTTP/1.1" 200 6850 "http://www.various-euro.com/zampa-lovers/index.html" "Mozilla/5.0 (Windows; U; Windows NT 5.1; en-GB; rv:1.9.0.1) Gecko/2008070208 Firefox/3.0.1"
213.240.6.202 - - [06/Sep/2008:22:56:36 +0200] "GET /style/various-euro.css HTTP/1.1" 200 3437 "http://www.various-euro.com/frame-menu.html" "Mozilla/5.0 (Windows; U; Windows NT 5.1; en-GB; rv:1.9.0.1) Gecko/2008070208 Firefox/3.0.1"
213.240.6.202 - - [06/Sep/2008:22:56:34 +0200] "GET /zampa-lovers/index.html HTTP/1.1" 200 37790 "http://www.various-euro.com/framez-zampa-lovers.html" "Mozilla/5.0 (Windows; U; Windows NT 5.1; en-GB; rv:1.9.0.1) Gecko/2008070208 Firefox/3.0.1"
213.240.6.202 - - [06/Sep/2008:22:56:35 +0200] "GET /zampa-lovers/MILIZA_2.JPG HTTP/1.1" 200 22172 "http://www.various-euro.com/zampa-lovers/index.html" "Mozilla/5.0 (Windows; U; Windows NT 5.1; en-GB; rv:1.9.0.1) Gecko/2008070208 Firefox/3.0.1"
213.240.6.202 - - [06/Sep/2008:22:56:40 +0200] "GET /zampa-lovers/MILIZA_B.JPG HTTP/1.1" 200 10947 "http://www.various-euro.com/zampa-lovers/index.html" "Mozilla/5.0 (Windows; U; Windows NT 5.1; en-GB; rv:1.9.0.1) Gecko/2008070208 Firefox/3.0.1"
213.240.6.202 - - [06/Sep/2008:22:56:38 +0200] "GET /zampa-lovers/WASISTMI1.MPG HTTP/1.1" 200 271221 "http://www.various-euro.com/zampa-lovers/index.html" "Mozilla/5.0 (Windows; U; Windows NT 5.1; en-GB; rv:1.9.0.1) Gecko/2008070208 Firefox/3.0.1"
213.240.6.202 - - [06/Sep/2008:22:56:41 +0200] "GET /zampa-lovers/DRAGANZA.JPG HTTP/1.1" 200 18560 "http://www.various-euro.com/zampa-lovers/index.html" "Mozilla/5.0 (Windows; U; Windows NT 5.1; en-GB; rv:1.9.0.1) Gecko/2008070208 Firefox/3.0.1"
213.240.6.202 - - [06/Sep/2008:22:56:38 +0200] "GET /zampa-lovers/ZAMPAMAS.MPG HTTP/1.1" 200 520196 "http://www.various-euro.com/zampa-lovers/index.html" "Mozilla/5.0 (Windows; U; Windows NT 5.1; en-GB; rv:1.9.0.1) Gecko/2008070208 Firefox/3.0.1"
213.240.6.202 - - [06/Sep/2008:22:56:39 +0200] "GET /zampa-lovers/ZAMPAMA2.MPG HTTP/1.1" 200 63492 "http://www.various-euro.com/zampa-lovers/index.html" "Mozilla/5.0 (Windows; U; Windows NT 5.1; en-GB; rv:1.9.0.1) Gecko/2008070208 Firefox/3.0.1"
213.240.6.202 - - [06/Sep/2008:22:56:43 +0200] "GET /zampa-lovers/Kralle.gif HTTP/1.1" 200 260 "http://www.various-euro.com/zampa-lovers/index.html" "Mozilla/5.0 (Windows; U; Windows NT 5.1; en-GB; rv:1.9.0.1) Gecko/2008070208 Firefox/3.0.1"
213.240.6.202 - - [06/Sep/2008:22:56:43 +0200] "GET /zampa-lovers/MILIZA_4.JPG HTTP/1.1" 200 9946 "http://www.various-euro.com/zampa-lovers/index.html" "Mozilla/5.0 (Windows; U; Windows NT 5.1; en-GB; rv:1.9.0.1) Gecko/2008070208 Firefox/3.0.1"
213.240.6.202 - - [06/Sep/2008:22:56:40 +0200] "GET /zampa-lovers/MILIZA_3.JPG HTTP/1.1" 200 26924 "http://www.various-euro.com/zampa-lovers/index.html" "Mozilla/5.0 (Windows; U; Windows NT 5.1; en-GB; rv:1.9.0.1) Gecko/2008070208 Firefox/3.0.1"
213.240.6.202 - - [06/Sep/2008:22:56:45 +0200] "GET /zampa-lovers/zampa-2X2.gif HTTP/1.1" 200 6948 "http://www.various-euro.com/zampa-lovers/index.html" "Mozilla/5.0 (Windows; U; Windows NT 5.1; en-GB; rv:1.9.0.1) Gecko/2008070208 Firefox/3.0.1"
213.240.6.202 - - [06/Sep/2008:22:56:46 +0200] "GET /zampa-lovers/zampamali.gif HTTP/1.1" 200 2617 "http://www.various-euro.com/zampa-lovers/index.html" "Mozilla/5.0 (Windows; U; Windows NT 5.1; en-GB; rv:1.9.0.1) Gecko/2008070208 Firefox/3.0.1"
213.240.6.202 - - [06/Sep/2008:22:56:47 +0200] "GET /bannerz/ve.jpg HTTP/1.1" 200 36912 "http://www.various-euro.com/frame-unten.html" "Mozilla/5.0 (Windows; U; Windows NT 5.1; en-GB; rv:1.9.0.1) Gecko/2008070208 Firefox/3.0.1"
213.240.6.202 - - [06/Sep/2008:22:56:47 +0200] "GET /bannerz/various-euro-girl.jpg HTTP/1.1" 200 91514 "http://www.various-euro.com/frame-unten.html" "Mozilla/5.0 (Windows; U; Windows NT 5.1; en-GB; rv:1.9.0.1) Gecko/2008070208 Firefox/3.0.1"
213.240.6.202 - - [06/Sep/2008:22:56:44 +0200] "GET /zampa-lovers/1SEITEVE.GIF HTTP/1.1" 200 78726 "http://www.various-euro.com/zampa-lovers/index.html" "Mozilla/5.0 (Windows; U; Windows NT 5.1; en-GB; rv:1.9.0.1) Gecko/2008070208 Firefox/3.0.1"
213.240.6.202 - - [06/Sep/2008:22:56:45 +0200] "GET /zampa-lovers/2SEITEVE.GIF HTTP/1.1" 200 83466 "http://www.various-euro.com/zampa-lovers/index.html" "Mozilla/5.0 (Windows; U; Windows NT 5.1; en-GB; rv:1.9.0.1) Gecko/2008070208 Firefox/3.0.1"
213.240.6.202 - - [06/Sep/2008:22:56:48 +0200] "GET /zampa-lovers/zampa.gif HTTP/1.1" 200 460627 "http://www.various-euro.com/zampa-lovers/index.html" "Mozilla/5.0 (Windows; U; Windows NT 5.1; en-GB; rv:1.9.0.1) Gecko/2008070208 Firefox/3.0.1"
68.142.212.213 - - [06/Sep/2008:23:07:55 +0200] "GET /robots.txt HTTP/1.0" 200 64 "-" "Mozilla/5.0 (Yahoo-MMCrawler/4.0; mailto:vertical-crawl-support@yahoo-inc.com)"
68.142.212.213 - - [06/Sep/2008:23:07:56 +0200] "GET /logs/hourly_usage_200711.png HTTP/1.0" 200 2010 "-" "Mozilla/5.0 (Yahoo-MMCrawler/4.0; mailto:vertical-crawl-support@yahoo-inc.com)"
193.252.149.15 - - [06/Sep/2008:23:18:42 +0200] "GET http://www.various-euro.com:80/robots.txt HTTP/1.1" 200 64 "-" "Mozilla/5.0 (Windows; U; Windows NT 5.1; fr; rv:1.8.1) VoilaBot BETA 1.2 (support.voilabot@orange-ftgroup.com)"
193.252.149.15 - - [06/Sep/2008:23:18:55 +0200] "GET /neon/girlz3.html HTTP/1.1" 200 2479 "-" "Mozilla/5.0 (Windows; U; Windows NT 5.1; fr; rv:1.8.1) VoilaBot BETA 1.2 (support.voilabot@orange-ftgroup.com)"
68.142.212.213 - - [06/Sep/2008:23:26:10 +0200] "GET /robots.txt HTTP/1.0" 200 64 "-" "Mozilla/5.0 (Yahoo-MMCrawler/4.0; mailto:vertical-crawl-support@yahoo-inc.com)"
68.142.212.213 - - [06/Sep/2008:23:26:10 +0200] "GET /logs/hourly_usage_200711.png HTTP/1.0" 200 2010 "-" "Mozilla/5.0 (Yahoo-MMCrawler/4.0; mailto:vertical-crawl-support@yahoo-inc.com)"
77.91.224.4 - - [06/Sep/2008:23:40:04 +0200] "GET /robots.txt HTTP/1.1" 200 64 "-" "WebAlta Crawler/2.0 (http://www.webalta.net/ru/about_webmaster.html) (Windows; U; Windows NT 5.1; ru-RU)"
77.91.224.4 - - [06/Sep/2008:23:40:04 +0200] "GET /framez-rez.html HTTP/1.1" 200 4323 "-" "WebAlta Crawler/2.0 (http://www.webalta.net/ru/about_webmaster.html) (Windows; U; Windows NT 5.1; ru-RU)"
74.6.17.166 - - [07/Sep/2008:00:28:36 +0200] "GET /zampa HTTP/1.0" 301 375 "-" "Mozilla/5.0 (compatible; Yahoo! Slurp; http://help.yahoo.com/help/us/ysearch/slurp)"
74.6.17.166 - - [07/Sep/2008:00:28:36 +0200] "GET /zampa/ HTTP/1.0" 200 7153 "-" "Mozilla/5.0 (compatible; Yahoo! Slurp; http://help.yahoo.com/help/us/ysearch/slurp)"
81.52.143.15 - - [07/Sep/2008:00:33:23 +0200] "GET http://www.various-euro.com:80/robots.txt HTTP/1.1" 200 64 "-" "Mozilla/5.0 (Windows; U; Windows NT 5.1; fr; rv:1.8.1) VoilaBot BETA 1.2 (support.voilabot@orange-ftgroup.com)"
81.52.143.15 - - [07/Sep/2008:00:33:30 +0200] "GET /f-maintitle.html HTTP/1.1" 200 5030 "-" "Mozilla/5.0 (Windows; U; Windows NT 5.1; fr; rv:1.8.1) VoilaBot BETA 1.2 (support.voilabot@orange-ftgroup.com)"
78.94.109.197 - - [07/Sep/2008:00:33:54 +0200] "GET /framez-rez.html HTTP/1.1" 200 4323 "-" "Mozilla/5.0 (X11; U; Linux x86_64; de; rv:1.9.0.1) Gecko/2008072820 Firefox/3.0.1"
208.80.194.31 - - [07/Sep/2008:00:35:58 +0200] "GET / HTTP/1.0" 200 7869 "-" "Mozilla/4.0 (compatible; MSIE 6.0; Windows NT 5.1; {678FB63C-DED2-9413-29FC-9BEE4E3A9812}; (R1 1.5); .NET CLR 2.0.50727)"
208.80.194.31 - - [07/Sep/2008:00:35:58 +0200] "GET / HTTP/1.0" 200 7869 "-" "Mozilla/4.0 (compatible; MSIE 7.0; Windows NT 5.1; i-NavFourF; Orange 7.4 ; NaviWoo1.1; .NET CLR 1.1.4322)"
38.108.180.10 - - [07/Sep/2008:00:54:38 +0200] "GET /robots.txt HTTP/1.1" 200 64 "-" "Mozilla/5.0 (compatible; ScoutJet; +http://www.scoutjet.com/)"
38.108.180.10 - - [07/Sep/2008:00:54:54 +0200] "GET /menue.html HTTP/1.1" 404 2748 "-" "Mozilla/5.0 (compatible; ScoutJet; +http://www.scoutjet.com/)"
74.6.17.166 - - [07/Sep/2008:01:42:22 +0200] "GET /bmpp/euro_pal_1.html HTTP/1.0" 200 18252 "-" "Mozilla/5.0 (compatible; Yahoo! Slurp; http://help.yahoo.com/help/us/ysearch/slurp)"
74.6.17.166 - - [07/Sep/2008:01:51:04 +0200] "GET /framez-girlz.html HTTP/1.0" 200 4271 "-" "Mozilla/5.0 (compatible; Yahoo! Slurp; http://help.yahoo.com/help/us/ysearch/slurp)"
74.6.17.166 - - [07/Sep/2008:01:51:04 +0200] "GET /frame-menu.html HTTP/1.0" 200 10536 "-" "Mozilla/5.0 (compatible; Yahoo! Slurp; http://help.yahoo.com/help/us/ysearch/slurp)"
74.6.17.166 - - [07/Sep/2008:01:51:05 +0200] "GET /neon/girlz2.html HTTP/1.0" 200 2937 "-" "Mozilla/5.0 (compatible; Yahoo! Slurp; http://help.yahoo.com/help/us/ysearch/slurp)"
74.6.17.166 - - [07/Sep/2008:01:51:08 +0200] "GET /frame-unten.html HTTP/1.0" 200 5308 "-" "Mozilla/5.0 (compatible; Yahoo! Slurp; http://help.yahoo.com/help/us/ysearch/slurp)"
74.6.17.166 - - [07/Sep/2008:02:03:13 +0200] "GET /logz.html HTTP/1.0" 404 2748 "-" "Mozilla/5.0 (compatible; Yahoo! Slurp; http://help.yahoo.com/help/us/ysearch/slurp)"
216.66.107.138 - - [07/Sep/2008:02:26:28 +0200] "GET /bmpp/18.html HTTP/1.1" 200 4467 "http://www.google.com/search?hl=en&q=must+be+18+or+older&aq=1&oq=must+be+18" "Mozilla/5.0 (Windows; U; Windows NT 6.0; en-US; rv:1.8.1.16) Gecko/20080702 Firefox/2.0.0.16"
216.66.107.138 - - [07/Sep/2008:02:26:28 +0200] "GET /bmpp/Bilder/18_08.png HTTP/1.1" 200 289 "http://www.various-euro.com/bmpp/18.html" "Mozilla/5.0 (Windows; U; Windows NT 6.0; en-US; rv:1.8.1.16) Gecko/20080702 Firefox/2.0.0.16"
216.66.107.138 - - [07/Sep/2008:02:26:29 +0200] "GET /bmpp/Bilder/18_09.png HTTP/1.1" 200 417 "http://www.various-euro.com/bmpp/18.html" "Mozilla/5.0 (Windows; U; Windows NT 6.0; en-US; rv:1.8.1.16) Gecko/20080702 Firefox/2.0.0.16"
216.66.107.138 - - [07/Sep/2008:02:26:29 +0200] "GET /bmpp/Bilder/18_10.png HTTP/1.1" 200 270 "http://www.various-euro.com/bmpp/18.html" "Mozilla/5.0 (Windows; U; Windows NT 6.0; en-US; rv:1.8.1.16) Gecko/20080702 Firefox/2.0.0.16"
216.66.107.138 - - [07/Sep/2008:02:26:29 +0200] "GET /bmpp/Bilder/18_11.png HTTP/1.1" 200 233 "http://www.various-euro.com/bmpp/18.html" "Mozilla/5.0 (Windows; U; Windows NT 6.0; en-US; rv:1.8.1.16) Gecko/20080702 Firefox/2.0.0.16"
216.66.107.138 - - [07/Sep/2008:02:26:29 +0200] "GET /bmpp/Bilder/18_12.png HTTP/1.1" 200 595 "http://www.various-euro.com/bmpp/18.html" "Mozilla/5.0 (Windows; U; Windows NT 6.0; en-US; rv:1.8.1.16) Gecko/20080702 Firefox/2.0.0.16"
216.66.107.138 - - [07/Sep/2008:02:26:29 +0200] "GET /bmpp/Bilder/18_13.png HTTP/1.1" 200 282 "http://www.various-euro.com/bmpp/18.html" "Mozilla/5.0 (Windows; U; Windows NT 6.0; en-US; rv:1.8.1.16) Gecko/20080702 Firefox/2.0.0.16"
216.66.107.138 - - [07/Sep/2008:02:26:29 +0200] "GET /bmpp/Bilder/18_14.png HTTP/1.1" 200 609 "http://www.various-euro.com/bmpp/18.html" "Mozilla/5.0 (Windows; U; Windows NT 6.0; en-US; rv:1.8.1.16) Gecko/20080702 Firefox/2.0.0.16"
216.66.107.138 - - [07/Sep/2008:02:26:29 +0200] "GET /bmpp/Bilder/18_15.png HTTP/1.1" 200 524 "http://www.various-euro.com/bmpp/18.html" "Mozilla/5.0 (Windows; U; Windows NT 6.0; en-US; rv:1.8.1.16) Gecko/20080702 Firefox/2.0.0.16"
216.66.107.138 - - [07/Sep/2008:02:26:29 +0200] "GET /bmpp/Bilder/18_01.png HTTP/1.1" 200 1118 "http://www.various-euro.com/bmpp/18.html" "Mozilla/5.0 (Windows; U; Windows NT 6.0; en-US; rv:1.8.1.16) Gecko/20080702 Firefox/2.0.0.16"
216.66.107.138 - - [07/Sep/2008:02:26:29 +0200] "GET /bmpp/Bilder/18_02.png HTTP/1.1" 200 289 "http://www.various-euro.com/bmpp/18.html" "Mozilla/5.0 (Windows; U; Windows NT 6.0; en-US; rv:1.8.1.16) Gecko/20080702 Firefox/2.0.0.16"
216.66.107.138 - - [07/Sep/2008:02:26:29 +0200] "GET /bmpp/Bilder/18_03.png HTTP/1.1" 200 574 "http://www.various-euro.com/bmpp/18.html" "Mozilla/5.0 (Windows; U; Windows NT 6.0; en-US; rv:1.8.1.16) Gecko/20080702 Firefox/2.0.0.16"
216.66.107.138 - - [07/Sep/2008:02:26:29 +0200] "GET /bmpp/Bilder/18_04.png HTTP/1.1" 200 289 "http://www.various-euro.com/bmpp/18.html" "Mozilla/5.0 (Windows; U; Windows NT 6.0; en-US; rv:1.8.1.16) Gecko/20080702 Firefox/2.0.0.16"
216.66.107.138 - - [07/Sep/2008:02:26:29 +0200] "GET /bmpp/Bilder/18_05.png HTTP/1.1" 200 407 "http://www.various-euro.com/bmpp/18.html" "Mozilla/5.0 (Windows; U; Windows NT 6.0; en-US; rv:1.8.1.16) Gecko/20080702 Firefox/2.0.0.16"
216.66.107.138 - - [07/Sep/2008:02:26:29 +0200] "GET /bmpp/Bilder/18_06.png HTTP/1.1" 200 289 "http://www.various-euro.com/bmpp/18.html" "Mozilla/5.0 (Windows; U; Windows NT 6.0; en-US; rv:1.8.1.16) Gecko/20080702 Firefox/2.0.0.16"
216.66.107.138 - - [07/Sep/2008:02:26:29 +0200] "GET /bmpp/Bilder/18_07.png HTTP/1.1" 200 417 "http://www.various-euro.com/bmpp/18.html" "Mozilla/5.0 (Windows; U; Windows NT 6.0; en-US; rv:1.8.1.16) Gecko/20080702 Firefox/2.0.0.16"
216.66.107.138 - - [07/Sep/2008:02:26:29 +0200] "GET /bmpp/Bilder/18_16.png HTTP/1.1" 200 499 "http://www.various-euro.com/bmpp/18.html" "Mozilla/5.0 (Windows; U; Windows NT 6.0; en-US; rv:1.8.1.16) Gecko/20080702 Firefox/2.0.0.16"
216.66.107.138 - - [07/Sep/2008:02:26:29 +0200] "GET /bmpp/Bilder/18_17.png HTTP/1.1" 200 958 "http://www.various-euro.com/bmpp/18.html" "Mozilla/5.0 (Windows; U; Windows NT 6.0; en-US; rv:1.8.1.16) Gecko/20080702 Firefox/2.0.0.16"
216.66.107.138 - - [07/Sep/2008:02:26:29 +0200] "GET /bmpp/Bilder/18_18.png HTTP/1.1" 200 453 "http://www.various-euro.com/bmpp/18.html" "Mozilla/5.0 (Windows; U; Windows NT 6.0; en-US; rv:1.8.1.16) Gecko/20080702 Firefox/2.0.0.16"
216.66.107.138 - - [07/Sep/2008:02:26:29 +0200] "GET /bmpp/Bilder/18_19.png HTTP/1.1" 200 277 "http://www.various-euro.com/bmpp/18.html" "Mozilla/5.0 (Windows; U; Windows NT 6.0; en-US; rv:1.8.1.16) Gecko/20080702 Firefox/2.0.0.16"
216.66.107.138 - - [07/Sep/2008:02:26:29 +0200] "GET /bmpp/Bilder/18_20.png HTTP/1.1" 200 252 "http://www.various-euro.com/bmpp/18.html" "Mozilla/5.0 (Windows; U; Windows NT 6.0; en-US; rv:1.8.1.16) Gecko/20080702 Firefox/2.0.0.16"
216.66.107.138 - - [07/Sep/2008:02:26:29 +0200] "GET /bmpp/Bilder/18_21.png HTTP/1.1" 200 253 "http://www.various-euro.com/bmpp/18.html" "Mozilla/5.0 (Windows; U; Windows NT 6.0; en-US; rv:1.8.1.16) Gecko/20080702 Firefox/2.0.0.16"
216.66.107.138 - - [07/Sep/2008:02:26:29 +0200] "GET /bmpp/Bilder/18_27.png HTTP/1.1" 200 854 "http://www.various-euro.com/bmpp/18.html" "Mozilla/5.0 (Windows; U; Windows NT 6.0; en-US; rv:1.8.1.16) Gecko/20080702 Firefox/2.0.0.16"
216.66.107.138 - - [07/Sep/2008:02:26:29 +0200] "GET /bmpp/Bilder/18_28.png HTTP/1.1" 200 721 "http://www.various-euro.com/bmpp/18.html" "Mozilla/5.0 (Windows; U; Windows NT 6.0; en-US; rv:1.8.1.16) Gecko/20080702 Firefox/2.0.0.16"
216.66.107.138 - - [07/Sep/2008:02:26:29 +0200] "GET /bmpp/Bilder/18_29.png HTTP/1.1" 200 564 "http://www.various-euro.com/bmpp/18.html" "Mozilla/5.0 (Windows; U; Windows NT 6.0; en-US; rv:1.8.1.16) Gecko/20080702 Firefox/2.0.0.16"
216.66.107.138 - - [07/Sep/2008:02:26:29 +0200] "GET /bmpp/Bilder/18_35.png HTTP/1.1" 200 691 "http://www.various-euro.com/bmpp/18.html" "Mozilla/5.0 (Windows; U; Windows NT 6.0; en-US; rv:1.8.1.16) Gecko/20080702 Firefox/2.0.0.16"
216.66.107.138 - - [07/Sep/2008:02:26:29 +0200] "GET /bmpp/Bilder/18_36.png HTTP/1.1" 200 557 "http://www.various-euro.com/bmpp/18.html" "Mozilla/5.0 (Windows; U; Windows NT 6.0; en-US; rv:1.8.1.16) Gecko/20080702 Firefox/2.0.0.16"
216.66.107.138 - - [07/Sep/2008:02:26:29 +0200] "GET /bmpp/Bilder/18_43.png HTTP/1.1" 200 280 "http://www.various-euro.com/bmpp/18.html" "Mozilla/5.0 (Windows; U; Windows NT 6.0; en-US; rv:1.8.1.16) Gecko/20080702 Firefox/2.0.0.16"
216.66.107.138 - - [07/Sep/2008:02:26:29 +0200] "GET /bmpp/Bilder/18_22.png HTTP/1.1" 200 430 "http://www.various-euro.com/bmpp/18.html" "Mozilla/5.0 (Windows; U; Windows NT 6.0; en-US; rv:1.8.1.16) Gecko/20080702 Firefox/2.0.0.16"
216.66.107.138 - - [07/Sep/2008:02:26:30 +0200] "GET /bmpp/Bilder/18_37.png HTTP/1.1" 200 239 "http://www.various-euro.com/bmpp/18.html" "Mozilla/5.0 (Windows; U; Windows NT 6.0; en-US; rv:1.8.1.16) Gecko/20080702 Firefox/2.0.0.16"
216.66.107.138 - - [07/Sep/2008:02:26:29 +0200] "GET /bmpp/Bilder/18_30.png HTTP/1.1" 200 233 "http://www.various-euro.com/bmpp/18.html" "Mozilla/5.0 (Windows; U; Windows NT 6.0; en-US; rv:1.8.1.16) Gecko/20080702 Firefox/2.0.0.16"
216.66.107.138 - - [07/Sep/2008:02:26:30 +0200] "GET /bmpp/Bilder/18_31.png HTTP/1.1" 200 402 "http://www.various-euro.com/bmpp/18.html" "Mozilla/5.0 (Windows; U; Windows NT 6.0; en-US; rv:1.8.1.16) Gecko/20080702 Firefox/2.0.0.16"
216.66.107.138 - - [07/Sep/2008:02:26:30 +0200] "GET /bmpp/Bilder/18_32.png HTTP/1.1" 200 374 "http://www.various-euro.com/bmpp/18.html" "Mozilla/5.0 (Windows; U; Windows NT 6.0; en-US; rv:1.8.1.16) Gecko/20080702 Firefox/2.0.0.16"
216.66.107.138 - - [07/Sep/2008:02:26:30 +0200] "GET /bmpp/Bilder/18_33.png HTTP/1.1" 200 398 "http://www.various-euro.com/bmpp/18.html" "Mozilla/5.0 (Windows; U; Windows NT 6.0; en-US; rv:1.8.1.16) Gecko/20080702 Firefox/2.0.0.16"
216.66.107.138 - - [07/Sep/2008:02:26:30 +0200] "GET /bmpp/Bilder/18_23.png HTTP/1.1" 200 454 "http://www.various-euro.com/bmpp/18.html" "Mozilla/5.0 (Windows; U; Windows NT 6.0; en-US; rv:1.8.1.16) Gecko/20080702 Firefox/2.0.0.16"
216.66.107.138 - - [07/Sep/2008:02:26:30 +0200] "GET /bmpp/Bilder/18_24.png HTTP/1.1" 200 353 "http://www.various-euro.com/bmpp/18.html" "Mozilla/5.0 (Windows; U; Windows NT 6.0; en-US; rv:1.8.1.16) Gecko/20080702 Firefox/2.0.0.16"
216.66.107.138 - - [07/Sep/2008:02:26:30 +0200] "GET /bmpp/Bilder/18_34.png HTTP/1.1" 200 573 "http://www.various-euro.com/bmpp/18.html" "Mozilla/5.0 (Windows; U; Windows NT 6.0; en-US; rv:1.8.1.16) Gecko/20080702 Firefox/2.0.0.16"
216.66.107.138 - - [07/Sep/2008:02:26:30 +0200] "GET /bmpp/Bilder/18_25.png HTTP/1.1" 200 827 "http://www.various-euro.com/bmpp/18.html" "Mozilla/5.0 (Windows; U; Windows NT 6.0; en-US; rv:1.8.1.16) Gecko/20080702 Firefox/2.0.0.16"
216.66.107.138 - - [07/Sep/2008:02:26:30 +0200] "GET /bmpp/Bilder/18_26.png HTTP/1.1" 200 880 "http://www.various-euro.com/bmpp/18.html" "Mozilla/5.0 (Windows; U; Windows NT 6.0; en-US; rv:1.8.1.16) Gecko/20080702 Firefox/2.0.0.16"
216.66.107.138 - - [07/Sep/2008:02:26:30 +0200] "GET /bmpp/Bilder/18_38.png HTTP/1.1" 200 509 "http://www.various-euro.com/bmpp/18.html" "Mozilla/5.0 (Windows; U; Windows NT 6.0; en-US; rv:1.8.1.16) Gecko/20080702 Firefox/2.0.0.16"
216.66.107.138 - - [07/Sep/2008:02:26:30 +0200] "GET /bmpp/Bilder/18_39.png HTTP/1.1" 200 733 "http://www.various-euro.com/bmpp/18.html" "Mozilla/5.0 (Windows; U; Windows NT 6.0; en-US; rv:1.8.1.16) Gecko/20080702 Firefox/2.0.0.16"
216.66.107.138 - - [07/Sep/2008:02:26:30 +0200] "GET /bmpp/Bilder/18_40.png HTTP/1.1" 200 506 "http://www.various-euro.com/bmpp/18.html" "Mozilla/5.0 (Windows; U; Windows NT 6.0; en-US; rv:1.8.1.16) Gecko/20080702 Firefox/2.0.0.16"
216.66.107.138 - - [07/Sep/2008:02:26:30 +0200] "GET /bmpp/Bilder/18_41.png HTTP/1.1" 200 334 "http://www.various-euro.com/bmpp/18.html" "Mozilla/5.0 (Windows; U; Windows NT 6.0; en-US; rv:1.8.1.16) Gecko/20080702 Firefox/2.0.0.16"
216.66.107.138 - - [07/Sep/2008:02:26:30 +0200] "GET /bmpp/Bilder/18_42.png HTTP/1.1" 200 286 "http://www.various-euro.com/bmpp/18.html" "Mozilla/5.0 (Windows; U; Windows NT 6.0; en-US; rv:1.8.1.16) Gecko/20080702 Firefox/2.0.0.16"
216.66.107.138 - - [07/Sep/2008:02:26:31 +0200] "GET /favicon.ico HTTP/1.1" 404 2748 "-" "Mozilla/5.0 (Windows; U; Windows NT 6.0; en-US; rv:1.8.1.16) Gecko/20080702 Firefox/2.0.0.16"
77.91.224.4 - - [07/Sep/2008:02:48:17 +0200] "GET /frame-menu.html HTTP/1.1" 200 10536 "-" "WebAlta Crawler/2.0 (http://www.webalta.net/ru/about_webmaster.html) (Windows; U; Windows NT 5.1; ru-RU)"
77.91.224.4 - - [07/Sep/2008:02:49:07 +0200] "GET /f-rez.html HTTP/1.1" 200 9765 "-" "WebAlta Crawler/2.0 (http://www.webalta.net/ru/about_webmaster.html) (Windows; U; Windows NT 5.1; ru-RU)"
77.91.224.4 - - [07/Sep/2008:02:49:57 +0200] "GET /frame-unten.html HTTP/1.1" 200 5308 "-" "WebAlta Crawler/2.0 (http://www.webalta.net/ru/about_webmaster.html) (Windows; U; Windows NT 5.1; ru-RU)"
77.91.224.4 - - [07/Sep/2008:02:49:58 +0200] "GET /bannerz/ve.jpg HTTP/1.1" 200 36912 "-" "WebAlta Crawler/2.0 (http://www.webalta.net/ru/about_webmaster.html) (Windows; U; Windows NT 5.1; ru-RU)"
77.91.224.4 - - [07/Sep/2008:02:50:00 +0200] "GET /bannerz/various-euro-girl.jpg HTTP/1.1" 200 91514 "-" "WebAlta Crawler/2.0 (http://www.webalta.net/ru/about_webmaster.html) (Windows; U; Windows NT 5.1; ru-RU)"
66.34.204.26 - - [07/Sep/2008:03:00:44 +0200] "GET / HTTP/1.1" 302 353 "http://www.keywordspy.com/keyword-research/zampa.various-euro.com" "Mozilla/4.0 (compatible; MSIE 7.0; Windows NT 5.1; Alexa Toolbar)"
66.34.204.26 - - [07/Sep/2008:03:00:45 +0200] "GET /zampa/ HTTP/1.1" 200 7153 "http://www.keywordspy.com/keyword-research/zampa.various-euro.com" "Mozilla/4.0 (compatible; MSIE 7.0; Windows NT 5.1; Alexa Toolbar)"
66.34.204.26 - - [07/Sep/2008:03:00:46 +0200] "GET / HTTP/1.1" 302 353 "http://www.keywordspy.com/keyword-research/zampa.various-euro.com" "Mozilla/4.0 (compatible; MSIE 7.0; Windows NT 5.1; Alexa Toolbar)"
66.34.204.26 - - [07/Sep/2008:03:00:46 +0200] "GET /zampa/ HTTP/1.1" 200 7153 "http://www.keywordspy.com/keyword-research/zampa.various-euro.com" "Mozilla/4.0 (compatible; MSIE 7.0; Windows NT 5.1; Alexa Toolbar)"
66.34.204.26 - - [07/Sep/2008:03:00:47 +0200] "GET / HTTP/1.1" 302 353 "http://www.keywordspy.com/keyword-research/zampa.various-euro.com" "Mozilla/4.0 (compatible; MSIE 7.0; Windows NT 5.1; Alexa Toolbar)"
66.34.204.26 - - [07/Sep/2008:03:00:47 +0200] "GET /zampa/ HTTP/1.1" 200 7153 "http://www.keywordspy.com/keyword-research/zampa.various-euro.com" "Mozilla/4.0 (compatible; MSIE 7.0; Windows NT 5.1; Alexa Toolbar)"
71.175.183.244 - - [07/Sep/2008:03:12:08 +0200] "GET /bannerz/various-euro-girl.jpg HTTP/1.1" 200 91514 "-" "Mozilla/3.0 (compatible; Indy Library)"
38.108.180.10 - - [07/Sep/2008:03:19:33 +0200] "GET /f-bannnerz.html HTTP/1.1" 200 12651 "-" "Mozilla/5.0 (compatible; ScoutJet; +http://www.scoutjet.com/)"
38.108.180.10 - - [07/Sep/2008:03:22:24 +0200] "GET /f-rez.html HTTP/1.1" 200 9765 "-" "Mozilla/5.0 (compatible; ScoutJet; +http://www.scoutjet.com/)"
68.142.212.213 - - [07/Sep/2008:04:00:29 +0200] "GET /robots.txt HTTP/1.0" 200 64 "-" "Mozilla/5.0 (Yahoo-MMCrawler/4.0; mailto:vertical-crawl-support@yahoo-inc.com)"
68.142.212.213 - - [07/Sep/2008:04:00:29 +0200] "GET /bannerz/army_graphics_package/ak47su-n.gif HTTP/1.0" 200 9823 "-" "Mozilla/5.0 (Yahoo-MMCrawler/4.0; mailto:vertical-crawl-support@yahoo-inc.com)"
77.91.224.4 - - [07/Sep/2008:04:13:14 +0200] "GET /frame-inhalt.html HTTP/1.1" 200 5418 "-" "WebAlta Crawler/2.0 (http://www.webalta.net/ru/about_webmaster.html) (Windows; U; Windows NT 5.1; ru-RU)"
77.91.224.4 - - [07/Sep/2008:04:14:02 +0200] "GET /f-search.html HTTP/1.1" 200 11800 "-" "WebAlta Crawler/2.0 (http://www.webalta.net/ru/about_webmaster.html) (Windows; U; Windows NT 5.1; ru-RU)"
77.91.224.4 - - [07/Sep/2008:04:15:40 +0200] "GET /f-contact.html HTTP/1.1" 200 6804 "-" "WebAlta Crawler/2.0 (http://www.webalta.net/ru/about_webmaster.html) (Windows; U; Windows NT 5.1; ru-RU)"
77.91.224.4 - - [07/Sep/2008:04:16:31 +0200] "GET /f-sponsor.html HTTP/1.1" 200 8578 "-" "WebAlta Crawler/2.0 (http://www.webalta.net/ru/about_webmaster.html) (Windows; U; Windows NT 5.1; ru-RU)"
77.91.224.4 - - [07/Sep/2008:04:16:36 +0200] "GET /bannerz/pavuokwui.gif HTTP/1.1" 200 82088 "-" "WebAlta Crawler/2.0 (http://www.webalta.net/ru/about_webmaster.html) (Windows; U; Windows NT 5.1; ru-RU)"
77.91.224.4 - - [07/Sep/2008:04:16:36 +0200] "GET /bannerz/euross-big.gif HTTP/1.1" 200 19738 "-" "WebAlta Crawler/2.0 (http://www.webalta.net/ru/about_webmaster.html) (Windows; U; Windows NT 5.1; ru-RU)"
77.91.224.4 - - [07/Sep/2008:04:17:21 +0200] "GET /f-warez.html HTTP/1.1" 200 10953 "-" "WebAlta Crawler/2.0 (http://www.webalta.net/ru/about_webmaster.html) (Windows; U; Windows NT 5.1; ru-RU)"
77.91.224.4 - - [07/Sep/2008:04:17:34 +0200] "GET /shoppingcart.gif HTTP/1.1" 200 1386 "-" "WebAlta Crawler/2.0 (http://www.webalta.net/ru/about_webmaster.html) (Windows; U; Windows NT 5.1; ru-RU)"
68.142.212.213 - - [07/Sep/2008:04:31:11 +0200] "GET /robots.txt HTTP/1.0" 200 64 "-" "Mozilla/5.0 (Yahoo-MMCrawler/4.0; mailto:vertical-crawl-support@yahoo-inc.com)"
68.142.212.213 - - [07/Sep/2008:04:31:11 +0200] "GET /bannerz/army_graphics_package/ak47su-n.gif HTTP/1.0" 200 9823 "-" "Mozilla/5.0 (Yahoo-MMCrawler/4.0; mailto:vertical-crawl-support@yahoo-inc.com)"
193.252.149.16 - - [07/Sep/2008:04:37:40 +0200] "GET /f-net.html HTTP/1.1" 200 9913 "-" "Mozilla/5.0 (Windows; U; Windows NT 5.1; fr; rv:1.8.1) VoilaBot BETA 1.2 (support.voilabot@orange-ftgroup.com)"
193.252.149.15 - - [07/Sep/2008:04:49:10 +0200] "GET http://www.various-euro.com:80/robots.txt HTTP/1.1" 200 64 "-" "Mozilla/5.0 (Windows; U; Windows NT 5.1; fr; rv:1.8.1) VoilaBot BETA 1.2 (support.voilabot@orange-ftgroup.com)"
193.252.149.15 - - [07/Sep/2008:04:49:18 +0200] "GET /f-bannnerz.html HTTP/1.1" 200 12651 "-" "Mozilla/5.0 (Windows; U; Windows NT 5.1; fr; rv:1.8.1) VoilaBot BETA 1.2 (support.voilabot@orange-ftgroup.com)"
68.142.212.213 - - [07/Sep/2008:05:14:24 +0200] "GET /robots.txt HTTP/1.0" 200 64 "-" "Mozilla/5.0 (Yahoo-MMCrawler/4.0; mailto:vertical-crawl-support@yahoo-inc.com)"
68.142.212.213 - - [07/Sep/2008:05:14:24 +0200] "GET /bannerz/army_graphics_package/ak47su-n.gif HTTP/1.0" 200 9823 "-" "Mozilla/5.0 (Yahoo-MMCrawler/4.0; mailto:vertical-crawl-support@yahoo-inc.com)"
74.6.17.166 - - [07/Sep/2008:05:27:47 +0200] "GET /robots.txt HTTP/1.0" 200 64 "-" "Mozilla/5.0 (compatible; Yahoo! Slurp; http://help.yahoo.com/help/us/ysearch/slurp)"
74.6.17.166 - - [07/Sep/2008:05:27:47 +0200] "GET /f-doku-brau.html HTTP/1.0" 200 7152 "-" "Mozilla/5.0 (compatible; Yahoo! Slurp; http://help.yahoo.com/help/us/ysearch/slurp)"
38.108.180.10 - - [07/Sep/2008:05:47:46 +0200] "GET /framez.html HTTP/1.1" 200 3959 "-" "Mozilla/5.0 (compatible; ScoutJet; +http://www.scoutjet.com/)"
38.108.180.10 - - [07/Sep/2008:05:50:14 +0200] "GET /f-channel1.html HTTP/1.1" 200 5713 "-" "Mozilla/5.0 (compatible; ScoutJet; +http://www.scoutjet.com/)"
68.142.212.213 - - [07/Sep/2008:06:00:20 +0200] "GET /robots.txt HTTP/1.0" 200 64 "-" "Mozilla/5.0 (Yahoo-MMCrawler/4.0; mailto:vertical-crawl-support@yahoo-inc.com)"
68.142.212.213 - - [07/Sep/2008:06:00:21 +0200] "GET /bannerz/army_graphics_package/ak47su-n.gif HTTP/1.0" 200 9823 "-" "Mozilla/5.0 (Yahoo-MMCrawler/4.0; mailto:vertical-crawl-support@yahoo-inc.com)"
208.66.193.164 - - [07/Sep/2008:06:28:30 +0200] "GET / HTTP/1.1" 200 7869 "-" "WebAlta Crawler/2.0 (http://www.webalta.net/ru/about_webmaster.html) (Windows; U; Windows NT 5.1; ru-RU)"
81.52.143.16 - - [07/Sep/2008:06:57:58 +0200] "GET /f-web.html HTTP/1.1" 200 13605 "-" "Mozilla/5.0 (Windows; U; Windows NT 5.1; fr; rv:1.8.1) VoilaBot BETA 1.2 (support.voilabot@orange-ftgroup.com)"
81.52.143.15 - - [07/Sep/2008:07:52:25 +0200] "GET /f-warez.html HTTP/1.1" 200 10953 "-" "Mozilla/5.0 (Windows; U; Windows NT 5.1; fr; rv:1.8.1) VoilaBot BETA 1.2 (support.voilabot@orange-ftgroup.com)"
38.108.180.10 - - [07/Sep/2008:08:29:47 +0200] "GET /robots.txt HTTP/1.1" 200 64 "-" "Mozilla/5.0 (compatible; ScoutJet; +http://www.scoutjet.com/)"
38.108.180.10 - - [07/Sep/2008:08:30:04 +0200] "GET /frame-unten.html HTTP/1.1" 200 5308 "-" "Mozilla/5.0 (compatible; ScoutJet; +http://www.scoutjet.com/)"
38.108.180.10 - - [07/Sep/2008:08:30:43 +0200] "GET /sendi_agent.html HTTP/1.1" 200 6213 "-" "Mozilla/5.0 (compatible; ScoutJet; +http://www.scoutjet.com/)"
38.108.180.10 - - [07/Sep/2008:08:35:49 +0200] "GET /schubb/schubb-1.html HTTP/1.1" 200 9070 "-" "Mozilla/5.0 (compatible; ScoutJet; +http://www.scoutjet.com/)"
87.248.169.14 - - [07/Sep/2008:08:36:49 +0200] "GET /framez-schubb5.html HTTP/1.0" 200 4330 "http://www.various-euro.com/framez-schubb5.html" "Mozilla/5.0 (Windows; U; Windows NT 5.2; en-US; rv:1.7.12) Gecko/20050915 Firefox/1.0.7 (ax)"
87.248.169.14 - - [07/Sep/2008:08:36:49 +0200] "GET /frame-menu.html HTTP/1.0" 200 10536 "http://www.various-euro.com/frame-menu.html" "Mozilla/5.0 (Windows; U; Windows NT 5.2; en-US; rv:1.7.12) Gecko/20050915 Firefox/1.0.7 (ax)"
87.248.169.14 - - [07/Sep/2008:08:36:50 +0200] "GET /schubb/schubb-5.html HTTP/1.0" 200 72944 "http://www.various-euro.com/schubb/schubb-5.html" "Mozilla/5.0 (Windows; U; Windows NT 5.2; en-US; rv:1.7.12) Gecko/20050915 Firefox/1.0.7 (ax)"
87.248.169.14 - - [07/Sep/2008:08:36:50 +0200] "GET /frame-unten.html HTTP/1.0" 200 5308 "http://www.various-euro.com/frame-unten.html" "Mozilla/5.0 (Windows; U; Windows NT 5.2; en-US; rv:1.7.12) Gecko/20050915 Firefox/1.0.7 (ax)"
65.55.211.166 - - [07/Sep/2008:08:41:02 +0200] "GET /robots.txt HTTP/1.1" 200 64 "-" "msnbot/1.1 (+http://search.msn.com/msnbot.htm)"
65.55.211.166 - - [07/Sep/2008:08:41:02 +0200] "GET /f-other.html HTTP/1.1" 200 33189 "-" "msnbot/1.1 (+http://search.msn.com/msnbot.htm)"
193.252.149.16 - - [07/Sep/2008:09:05:37 +0200] "GET /bmpp/18start.html HTTP/1.1" 200 320 "-" "Mozilla/5.0 (Windows; U; Windows NT 5.1; fr; rv:1.8.1) VoilaBot BETA 1.2 (support.voilabot@orange-ftgroup.com)"
82.2.138.159 - - [07/Sep/2008:09:18:21 +0200] "GET /zampa/montenegro/contributions.html HTTP/1.1" 200 18843 "-" "Mozilla/5.0 (Windows; U; Windows NT 6.0; en-US; rv:1.8.1.11) Gecko/20071127 Firefox/2.0.0.11"
74.6.17.166 - - [07/Sep/2008:09:19:49 +0200] "GET /bmpp/eurolauf.html HTTP/1.0" 200 3078 "-" "Mozilla/5.0 (compatible; Yahoo! Slurp; http://help.yahoo.com/help/us/ysearch/slurp)"
74.6.22.88 - - [07/Sep/2008:09:39:00 +0200] "GET /robots.txt HTTP/1.0" 200 64 "-" "Mozilla/5.0 (compatible; Yahoo! Slurp; http://help.yahoo.com/help/us/ysearch/slurp)"
74.6.22.88 - - [07/Sep/2008:09:39:01 +0200] "GET /DgH/ HTTP/1.0" 200 5024 "-" "Mozilla/5.0 (compatible; Yahoo! Slurp; http://help.yahoo.com/help/us/ysearch/slurp)"
202.179.180.53 - - [07/Sep/2008:09:48:10 +0200] "GET /robots.txt HTTP/1.1" 200 64 "-" "Mozilla/4.0 (compatible; NaverBot/1.0; http://help.naver.com/delete_main.asp)"
202.179.180.53 - - [07/Sep/2008:09:48:10 +0200] "GET /f-rez.html HTTP/1.1" 200 9765 "-" "Mozilla/4.0 (compatible; NaverBot/1.0; http://help.naver.com/delete_main.asp)"
61.247.221.41 - - [07/Sep/2008:09:57:41 +0200] "GET /robots.txt HTTP/1.1" 200 64 "-" "Yeti/1.0 (NHN Corp.; http://help.naver.com/robots/)"
61.247.221.41 - - [07/Sep/2008:09:57:41 +0200] "GET /bannerz/various-euro-girl.jpg HTTP/1.1" 200 91514 "-" "Yeti/1.0 (NHN Corp.; http://help.naver.com/robots/)"
81.52.143.16 - - [07/Sep/2008:10:06:25 +0200] "GET http://www.various-euro.com:80/robots.txt HTTP/1.1" 200 64 "-" "Mozilla/5.0 (Windows; U; Windows NT 5.1; fr; rv:1.8.1) VoilaBot BETA 1.2 (support.voilabot@orange-ftgroup.com)"
81.52.143.16 - - [07/Sep/2008:10:06:27 +0200] "GET /neon/warning.html HTTP/1.1" 200 5134 "-" "Mozilla/5.0 (Windows; U; Windows NT 5.1; fr; rv:1.8.1) VoilaBot BETA 1.2 (support.voilabot@orange-ftgroup.com)"
93.174.93.220 - - [07/Sep/2008:10:57:45 +0200] "GET /f-restate_copy.html HTTP/1.1" 200 96087 "-" "Mozilla/5.0 (X11; U; Linux x86_64; en-US; rv:1.8.1.11) Gecko/20071127 Firefox/2.0.0.11"
38.108.180.10 - - [07/Sep/2008:11:27:46 +0200] "GET /schubb/schubb-2.html HTTP/1.1" 200 16660 "-" "Mozilla/5.0 (compatible; ScoutJet; +http://www.scoutjet.com/)"
38.108.180.10 - - [07/Sep/2008:11:29:36 +0200] "GET /f-search.html HTTP/1.1" 200 11800 "-" "Mozilla/5.0 (compatible; ScoutJet; +http://www.scoutjet.com/)"
193.252.149.16 - - [07/Sep/2008:11:49:14 +0200] "GET http://www.various-euro.com:80/robots.txt HTTP/1.1" 200 64 "-" "Mozilla/5.0 (Windows; U; Windows NT 5.1; fr; rv:1.8.1) VoilaBot BETA 1.2 (support.voilabot@orange-ftgroup.com)"
193.252.149.16 - - [07/Sep/2008:11:49:29 +0200] "GET /DgH/rampe/index.html HTTP/1.1" 200 2056 "-" "Mozilla/5.0 (Windows; U; Windows NT 5.1; fr; rv:1.8.1) VoilaBot BETA 1.2 (support.voilabot@orange-ftgroup.com)"
66.249.65.2 - - [07/Sep/2008:12:05:35 +0200] "GET /robots.txt HTTP/1.1" 200 64 "-" "Mozilla/5.0 (compatible; Googlebot/2.1; +http://www.google.com/bot.html)"
66.249.65.2 - - [07/Sep/2008:12:05:35 +0200] "GET /logs/usage_200809.html HTTP/1.1" 404 2748 "-" "Mozilla/5.0 (compatible; Googlebot/2.1; +http://www.google.com/bot.html)"
190.176.138.63 - - [07/Sep/2008:12:06:45 +0200] "GET /phpinfos.php HTTP/1.1" 404 2748 "http://various-euro.com/phpinfos.php" "Mozilla/4.0 (compatible; MSIE 6.0; Windows NT 5.1)"
213.198.236.234 - - [07/Sep/2008:12:33:37 +0200] "GET / HTTP/1.1" 302 353 "http://www.koracnikola.blogspot.com/" "Opera/9.27 (Windows NT 5.1; U; en)"
213.198.236.234 - - [07/Sep/2008:12:33:37 +0200] "GET /zampa/ HTTP/1.1" 200 7153 "http://www.koracnikola.blogspot.com/" "Opera/9.27 (Windows NT 5.1; U; en)"
213.198.236.234 - - [07/Sep/2008:12:33:46 +0200] "GET /zampa/slike/zampa.gif HTTP/1.1" 200 5310 "http://www.various-euro.com/zampa/" "Opera/9.27 (Windows NT 5.1; U; en)"
213.198.236.234 - - [07/Sep/2008:12:33:46 +0200] "GET /zampa/slike/udupetu.gif HTTP/1.1" 200 4138 "http://www.various-euro.com/zampa/" "Opera/9.27 (Windows NT 5.1; U; en)"
213.198.236.234 - - [07/Sep/2008:12:33:46 +0200] "GET /zampa/slike/inthearse.gif HTTP/1.1" 200 4077 "http://www.various-euro.com/zampa/" "Opera/9.27 (Windows NT 5.1; U; en)"
213.198.236.234 - - [07/Sep/2008:12:33:47 +0200] "GET /favicon.ico HTTP/1.1" 404 2748 "http://www.various-euro.com/zampa/" "Opera/9.27 (Windows NT 5.1; U; en)"
81.52.143.16 - - [07/Sep/2008:13:05:24 +0200] "GET /schubb/schubb-2.html HTTP/1.1" 200 16660 "-" "Mozilla/5.0 (Windows; U; Windows NT 5.1; fr; rv:1.8.1) VoilaBot BETA 1.2 (support.voilabot@orange-ftgroup.com)"
38.105.83.11 - - [07/Sep/2008:13:36:11 +0200] "GET / HTTP/1.1" 200 7869 "-" "Mozilla/4.0 (compatible; MSIE 7.0; Windows NT 5.2)"
38.105.83.11 - - [07/Sep/2008:13:36:57 +0200] "GET /framez.html HTTP/1.1" 200 3959 "http://www.various-euro.com/" "Mozilla/4.0 (compatible; MSIE 7.0; Windows NT 5.2)"
38.105.83.11 - - [07/Sep/2008:13:36:58 +0200] "GET /style/various-euro.css HTTP/1.1" 200 3437 "http://www.various-euro.com/" "Mozilla/4.0 (compatible; MSIE 7.0; Windows NT 5.2)"
38.105.83.11 - - [07/Sep/2008:13:38:02 +0200] "GET /frame-menu.html HTTP/1.1" 200 10536 "http://www.various-euro.com/framez.html" "Mozilla/4.0 (compatible; MSIE 7.0; Windows NT 5.2)"
38.105.83.11 - - [07/Sep/2008:13:38:03 +0200] "GET /frame-unten.html HTTP/1.1" 200 5308 "http://www.various-euro.com/framez.html" "Mozilla/4.0 (compatible; MSIE 7.0; Windows NT 5.2)"
38.105.83.11 - - [07/Sep/2008:13:38:03 +0200] "GET /frame-inhalt.html HTTP/1.1" 200 5418 "http://www.various-euro.com/framez.html" "Mozilla/4.0 (compatible; MSIE 7.0; Windows NT 5.2)"
38.105.83.11 - - [07/Sep/2008:13:39:04 +0200] "GET /bmpp/euro_pal_1.html HTTP/1.1" 200 18252 "http://www.various-euro.com/frame-inhalt.html" "Mozilla/4.0 (compatible; MSIE 7.0; Windows NT 5.2)"
38.105.83.11 - - [07/Sep/2008:13:39:05 +0200] "GET /f-maintitle.html HTTP/1.1" 200 5030 "http://www.various-euro.com/frame-inhalt.html" "Mozilla/4.0 (compatible; MSIE 7.0; Windows NT 5.2)"
38.105.83.11 - - [07/Sep/2008:13:39:05 +0200] "GET /schubb/schubb-1.html HTTP/1.1" 200 9070 "http://www.various-euro.com/frame-inhalt.html" "Mozilla/4.0 (compatible; MSIE 7.0; Windows NT 5.2)"
38.105.83.11 - - [07/Sep/2008:13:39:05 +0200] "GET /neon/euro.html HTTP/1.1" 200 2212 "http://www.various-euro.com/frame-inhalt.html" "Mozilla/4.0 (compatible; MSIE 7.0; Windows NT 5.2)"
38.105.83.11 - - [07/Sep/2008:13:39:06 +0200] "GET /partnergegenberlin.html HTTP/1.1" 200 5022 "http://www.various-euro.com/frame-inhalt.html" "Mozilla/4.0 (compatible; MSIE 7.0; Windows NT 5.2)"
38.105.83.11 - - [07/Sep/2008:13:39:06 +0200] "GET /f-world.html HTTP/1.1" 200 35590 "http://www.various-euro.com/frame-menu.html" "Mozilla/4.0 (compatible; MSIE 7.0; Windows NT 5.2)"
38.105.83.11 - - [07/Sep/2008:13:39:06 +0200] "GET /f-search.html HTTP/1.1" 200 11800 "http://www.various-euro.com/frame-menu.html" "Mozilla/4.0 (compatible; MSIE 7.0; Windows NT 5.2)"
38.105.83.11 - - [07/Sep/2008:13:39:07 +0200] "GET /bmpp/euro_pal_111.html HTTP/1.1" 200 2129 "http://www.various-euro.com/frame-inhalt.html" "Mozilla/4.0 (compatible; MSIE 7.0; Windows NT 5.2)"
38.105.83.11 - - [07/Sep/2008:13:39:07 +0200] "GET /f-zeug.html HTTP/1.1" 200 45338 "http://www.various-euro.com/frame-menu.html" "Mozilla/4.0 (compatible; MSIE 7.0; Windows NT 5.2)"
