64.1.215.165 - - [19/Sep/2008:03:09:17 +0200] "GET /framez-girlz.html HTTP/1.0" 200 4271 "-" "Mozilla/5.0 (Twiceler-0.9 http://www.cuil.com/twiceler/robot.html)"
119.63.193.56 - - [19/Sep/2008:03:12:25 +0200] "GET /robots.txt HTTP/1.1" 200 64 "-" "Baiduspider+(+http://www.baidu.com/search/spider_jp.html)"
65.55.211.163 - - [19/Sep/2008:03:14:50 +0200] "GET /robots.txt HTTP/1.1" 200 64 "-" "msnbot/1.1 (+http://search.msn.com/msnbot.htm)"
65.55.211.163 - - [19/Sep/2008:03:14:51 +0200] "GET /logs/ HTTP/1.1" 200 10079 "-" "msnbot/1.1 (+http://search.msn.com/msnbot.htm)"
65.55.211.165 - - [19/Sep/2008:03:59:29 +0200] "GET /robots.txt HTTP/1.1" 200 64 "-" "msnbot/1.1 (+http://search.msn.com/msnbot.htm)"
65.55.211.165 - - [19/Sep/2008:03:59:30 +0200] "GET /DgH/bull/index.html HTTP/1.1" 200 1915 "-" "msnbot/1.1 (+http://search.msn.com/msnbot.htm)"
202.179.180.45 - - [19/Sep/2008:04:21:52 +0200] "GET /robots.txt HTTP/1.1" 302 363 "-" "Mozilla/4.0 (compatible; NaverBot/1.0; http://help.naver.com/delete_main.asp)"
202.179.180.45 - - [19/Sep/2008:04:21:53 +0200] "GET / HTTP/1.1" 302 353 "-" "Mozilla/4.0 (compatible; NaverBot/1.0; http://help.naver.com/delete_main.asp)"
208.36.144.10 - - [19/Sep/2008:04:26:53 +0200] "GET /schubb/schubb-2.html HTTP/1.0" 200 16660 "-" "Mozilla/5.0 (Twiceler-0.9 http://www.cuil.com/twiceler/robot.html)"
65.55.211.165 - - [19/Sep/2008:04:54:54 +0200] "GET /neon/biggtani.html HTTP/1.1" 200 1698 "-" "msnbot/1.1 (+http://search.msn.com/msnbot.htm)"
208.96.54.71 - - [19/Sep/2008:05:25:32 +0200] "GET /robots.txt HTTP/1.1" 200 64 "-" "Mozilla/5.0 (compatible; discobot/1.0; +http://discoveryengine.com/discobot.html)"
74.6.18.222 - - [19/Sep/2008:05:43:39 +0200] "GET /robots.txt HTTP/1.0" 200 64 "-" "Mozilla/5.0 (compatible; Yahoo! Slurp; http://help.yahoo.com/help/us/ysearch/slurp)"
74.6.18.222 - - [19/Sep/2008:05:43:39 +0200] "GET /schubb/schubb-1.html HTTP/1.0" 200 9070 "-" "Mozilla/5.0 (compatible; Yahoo! Slurp; http://help.yahoo.com/help/us/ysearch/slurp)"
64.1.215.165 - - [19/Sep/2008:05:52:20 +0200] "GET /neon/large.html HTTP/1.0" 200 1547 "-" "Mozilla/5.0 (Twiceler-0.9 http://www.cuil.com/twiceler/robot.html)"
195.60.8.193 - - [19/Sep/2008:06:13:39 +0200] "GET /zampa/montenegro/contributions.html HTTP/1.1" 200 18843 "-" "fmpxwkgdhpRojercfdvulladh"
208.36.144.10 - - [19/Sep/2008:06:16:38 +0200] "GET /DgH/orginal/index.html HTTP/1.0" 200 1727 "-" "Mozilla/5.0 (Twiceler-0.9 http://www.cuil.com/twiceler/robot.html)"
64.1.215.165 - - [19/Sep/2008:06:48:21 +0200] "GET /triple-double-u/ HTTP/1.0" 403 1223 "-" "Mozilla/5.0 (Twiceler-0.9 http://www.cuil.com/twiceler/robot.html)"
65.55.211.162 - - [19/Sep/2008:06:50:21 +0200] "GET /robots.txt HTTP/1.1" 200 64 "-" "msnbot/1.1 (+http://search.msn.com/msnbot.htm)"
65.55.211.162 - - [19/Sep/2008:06:50:21 +0200] "GET /bmpp/18.html HTTP/1.1" 200 4467 "-" "msnbot/1.1 (+http://search.msn.com/msnbot.htm)"
83.233.182.119 - - [19/Sep/2008:07:11:32 +0200] "GET /cgi-bin/r_manage.cgi? HTTP/1.1" 404 2748 "-" "Mozilla/5.0 (Windows; U; Windows NT 5.1; en; rv:1.8.1.8) Gecko/20071008 Firefox/2.0.0.8"
64.1.215.165 - - [19/Sep/2008:07:13:20 +0200] "GET /logs/h HTTP/1.0" 404 2748 "-" "Mozilla/5.0 (Twiceler-0.9 http://www.cuil.com/twiceler/robot.html)"
74.6.18.222 - - [19/Sep/2008:07:19:42 +0200] "GET /neon/code.html HTTP/1.0" 200 1109 "-" "Mozilla/5.0 (compatible; Yahoo! Slurp; http://help.yahoo.com/help/us/ysearch/slurp)"
72.14.193.2 - - [19/Sep/2008:08:01:15 +0200] "GET / HTTP/1.1" 200 7869 "http://209.85.135.104/translate_c?hl=el&langpair=en%7Cel&u=http://www.republicart.net/disc/artsabotage/milevska01_en.htm&prev=/translate_s%3Fhl%3Del%26q%3Djacques%2Branciere%26tq%3Djacques%2Branciere%26sl%3Del%26tl%3Den%26start%3D420&usg=ALkJrhiPowx5VoQYzNOgQhNcT-JQ6vrjyg" "Mozilla/5.0 (Windows; U; Windows NT 5.1; sv-SE; rv:1.9.0.1) Gecko/2008070208 Firefox/3.0.1,gzip(gfe) (via translate.google.com)"
79.130.164.128 - - [19/Sep/2008:08:01:16 +0200] "GET /style/various-euro.css HTTP/1.1" 200 3437 "http://209.85.135.104/translate_c?hl=el&langpair=en%7Cel&u=http://www.various-euro.com/&prev=/translate_s%3Fhl%3Del%26q%3Djacques%2Branciere%26tq%3Djacques%2Branciere%26sl%3Del%26tl%3Den%26start%3D420&usg=ALkJrhhKSpNW7CS4YuKGcz6ZWLqCBostFg" "Mozilla/5.0 (Windows; U; Windows NT 5.1; sv-SE; rv:1.9.0.1) Gecko/2008070208 Firefox/3.0.1"
79.130.164.128 - - [19/Sep/2008:08:01:17 +0200] "GET /ve-icon-2.ico HTTP/1.1" 200 2238 "-" "Mozilla/5.0 (Windows; U; Windows NT 5.1; sv-SE; rv:1.9.0.1) Gecko/2008070208 Firefox/3.0.1"
79.130.164.128 - - [19/Sep/2008:08:01:17 +0200] "GET /framez_0.html HTTP/1.1" 200 12444 "http://209.85.135.104/translate_c?hl=el&langpair=en%7Cel&u=http://www.various-euro.com/&prev=/translate_s%3Fhl%3Del%26q%3Djacques%2Branciere%26tq%3Djacques%2Branciere%26sl%3Del%26tl%3Den%26start%3D420&usg=ALkJrhhKSpNW7CS4YuKGcz6ZWLqCBostFg" "Mozilla/5.0 (Windows; U; Windows NT 5.1; sv-SE; rv:1.9.0.1) Gecko/2008070208 Firefox/3.0.1"
79.130.164.128 - - [19/Sep/2008:08:01:20 +0200] "GET /framez.html HTTP/1.1" 200 3959 "http://www.various-euro.com/framez_0.html" "Mozilla/5.0 (Windows; U; Windows NT 5.1; sv-SE; rv:1.9.0.1) Gecko/2008070208 Firefox/3.0.1"
79.130.164.128 - - [19/Sep/2008:08:01:20 +0200] "GET /frame-menu.html HTTP/1.1" 200 10536 "http://www.various-euro.com/framez.html" "Mozilla/5.0 (Windows; U; Windows NT 5.1; sv-SE; rv:1.9.0.1) Gecko/2008070208 Firefox/3.0.1"
79.130.164.128 - - [19/Sep/2008:08:01:20 +0200] "GET /frame-inhalt.html HTTP/1.1" 200 5418 "http://www.various-euro.com/framez.html" "Mozilla/5.0 (Windows; U; Windows NT 5.1; sv-SE; rv:1.9.0.1) Gecko/2008070208 Firefox/3.0.1"
79.130.164.128 - - [19/Sep/2008:08:01:20 +0200] "GET /frame-unten.html HTTP/1.1" 200 5308 "http://www.various-euro.com/framez.html" "Mozilla/5.0 (Windows; U; Windows NT 5.1; sv-SE; rv:1.9.0.1) Gecko/2008070208 Firefox/3.0.1"
79.130.164.128 - - [19/Sep/2008:08:01:21 +0200] "GET /bannerz/neon_click_3.gif HTTP/1.1" 200 240 "http://www.various-euro.com/frame-inhalt.html" "Mozilla/5.0 (Windows; U; Windows NT 5.1; sv-SE; rv:1.9.0.1) Gecko/2008070208 Firefox/3.0.1"
79.130.164.128 - - [19/Sep/2008:08:01:21 +0200] "GET /bannerz/neon_click_1.gif HTTP/1.1" 200 890 "http://www.various-euro.com/frame-inhalt.html" "Mozilla/5.0 (Windows; U; Windows NT 5.1; sv-SE; rv:1.9.0.1) Gecko/2008070208 Firefox/3.0.1"
79.130.164.128 - - [19/Sep/2008:08:01:21 +0200] "GET /bannerz/neon_click_2.gif HTTP/1.1" 200 387 "http://www.various-euro.com/frame-inhalt.html" "Mozilla/5.0 (Windows; U; Windows NT 5.1; sv-SE; rv:1.9.0.1) Gecko/2008070208 Firefox/3.0.1"
79.130.164.128 - - [19/Sep/2008:08:01:21 +0200] "GET /bannerz/douwil.gif HTTP/1.1" 200 528 "http://www.various-euro.com/frame-inhalt.html" "Mozilla/5.0 (Windows; U; Windows NT 5.1; sv-SE; rv:1.9.0.1) Gecko/2008070208 Firefox/3.0.1"
79.130.164.128 - - [19/Sep/2008:08:01:21 +0200] "GET /bannerz/anti_black_small.gif HTTP/1.1" 200 1009 "http://www.various-euro.com/frame-inhalt.html" "Mozilla/5.0 (Windows; U; Windows NT 5.1; sv-SE; rv:1.9.0.1) Gecko/2008070208 Firefox/3.0.1"
79.130.164.128 - - [19/Sep/2008:08:01:21 +0200] "GET /bannerz/wet.gif HTTP/1.1" 200 18561 "http://www.various-euro.com/frame-inhalt.html" "Mozilla/5.0 (Windows; U; Windows NT 5.1; sv-SE; rv:1.9.0.1) Gecko/2008070208 Firefox/3.0.1"
79.130.164.128 - - [19/Sep/2008:08:01:21 +0200] "GET /eurosign3.gif HTTP/1.1" 200 7879 "http://www.various-euro.com/frame-inhalt.html" "Mozilla/5.0 (Windows; U; Windows NT 5.1; sv-SE; rv:1.9.0.1) Gecko/2008070208 Firefox/3.0.1"
79.130.164.128 - - [19/Sep/2008:08:01:21 +0200] "GET /bannerz/copyleft_black_small.gif HTTP/1.1" 200 1231 "http://www.various-euro.com/frame-inhalt.html" "Mozilla/5.0 (Windows; U; Windows NT 5.1; sv-SE; rv:1.9.0.1) Gecko/2008070208 Firefox/3.0.1"
79.130.164.128 - - [19/Sep/2008:08:01:21 +0200] "GET /bannerz/google/Logo_40blk.gif HTTP/1.1" 200 2308 "http://www.various-euro.com/frame-inhalt.html" "Mozilla/5.0 (Windows; U; Windows NT 5.1; sv-SE; rv:1.9.0.1) Gecko/2008070208 Firefox/3.0.1"
79.130.164.128 - - [19/Sep/2008:08:01:21 +0200] "GET /bannerz/goolag_468.jpg HTTP/1.1" 200 28285 "http://www.various-euro.com/frame-inhalt.html" "Mozilla/5.0 (Windows; U; Windows NT 5.1; sv-SE; rv:1.9.0.1) Gecko/2008070208 Firefox/3.0.1"
79.130.164.128 - - [19/Sep/2008:08:01:21 +0200] "GET /bannerz/ve.jpg HTTP/1.1" 200 36912 "http://www.various-euro.com/frame-unten.html" "Mozilla/5.0 (Windows; U; Windows NT 5.1; sv-SE; rv:1.9.0.1) Gecko/2008070208 Firefox/3.0.1"
79.130.164.128 - - [19/Sep/2008:08:01:21 +0200] "GET /bannerz/various-euro-girl.jpg HTTP/1.1" 200 91514 "http://www.various-euro.com/frame-unten.html" "Mozilla/5.0 (Windows; U; Windows NT 5.1; sv-SE; rv:1.9.0.1) Gecko/2008070208 Firefox/3.0.1"
79.130.164.128 - - [19/Sep/2008:08:01:29 +0200] "GET /framez_0.html HTTP/1.1" 200 12444 "http://209.85.135.104/translate_c?hl=el&langpair=en%7Cel&u=http://www.various-euro.com/&prev=/translate_s%3Fhl%3Del%26q%3Djacques%2Branciere%26tq%3Djacques%2Branciere%26sl%3Del%26tl%3Den%26start%3D420&usg=ALkJrhhKSpNW7CS4YuKGcz6ZWLqCBostFg" "Mozilla/5.0 (Windows; U; Windows NT 5.1; sv-SE; rv:1.9.0.1) Gecko/2008070208 Firefox/3.0.1"
79.130.164.128 - - [19/Sep/2008:08:01:30 +0200] "GET /framez_0.html HTTP/1.1" 200 12444 "http://209.85.135.104/translate_c?hl=el&langpair=en%7Cel&u=http://www.various-euro.com/&prev=/translate_s%3Fhl%3Del%26q%3Djacques%2Branciere%26tq%3Djacques%2Branciere%26sl%3Del%26tl%3Den%26start%3D420&usg=ALkJrhhKSpNW7CS4YuKGcz6ZWLqCBostFg" "Mozilla/5.0 (Windows; U; Windows NT 5.1; sv-SE; rv:1.9.0.1) Gecko/2008070208 Firefox/3.0.1"
79.130.164.128 - - [19/Sep/2008:08:01:32 +0200] "GET /framez_0.html HTTP/1.1" 200 12444 "http://209.85.135.104/translate_c?hl=el&langpair=en%7Cel&u=http://www.various-euro.com/&prev=/translate_s%3Fhl%3Del%26q%3Djacques%2Branciere%26tq%3Djacques%2Branciere%26sl%3Del%26tl%3Den%26start%3D420&usg=ALkJrhhKSpNW7CS4YuKGcz6ZWLqCBostFg" "Mozilla/5.0 (Windows; U; Windows NT 5.1; sv-SE; rv:1.9.0.1) Gecko/2008070208 Firefox/3.0.1"
79.130.164.128 - - [19/Sep/2008:08:01:34 +0200] "GET /framez_0.html HTTP/1.1" 200 12444 "http://209.85.135.104/translate_c?hl=el&langpair=en%7Cel&u=http://www.various-euro.com/&prev=/translate_s%3Fhl%3Del%26q%3Djacques%2Branciere%26tq%3Djacques%2Branciere%26sl%3Del%26tl%3Den%26start%3D420&usg=ALkJrhhKSpNW7CS4YuKGcz6ZWLqCBostFg" "Mozilla/5.0 (Windows; U; Windows NT 5.1; sv-SE; rv:1.9.0.1) Gecko/2008070208 Firefox/3.0.1"
79.130.164.128 - - [19/Sep/2008:08:01:35 +0200] "GET /framez_0.html HTTP/1.1" 200 12444 "http://209.85.135.104/translate_c?hl=el&langpair=en%7Cel&u=http://www.various-euro.com/&prev=/translate_s%3Fhl%3Del%26q%3Djacques%2Branciere%26tq%3Djacques%2Branciere%26sl%3Del%26tl%3Den%26start%3D420&usg=ALkJrhhKSpNW7CS4YuKGcz6ZWLqCBostFg" "Mozilla/5.0 (Windows; U; Windows NT 5.1; sv-SE; rv:1.9.0.1) Gecko/2008070208 Firefox/3.0.1"
79.130.164.128 - - [19/Sep/2008:08:01:38 +0200] "GET /framez.html HTTP/1.1" 200 3959 "http://www.various-euro.com/framez_0.html" "Mozilla/5.0 (Windows; U; Windows NT 5.1; sv-SE; rv:1.9.0.1) Gecko/2008070208 Firefox/3.0.1"
79.130.164.128 - - [19/Sep/2008:08:01:38 +0200] "GET /frame-menu.html HTTP/1.1" 200 10536 "http://www.various-euro.com/framez.html" "Mozilla/5.0 (Windows; U; Windows NT 5.1; sv-SE; rv:1.9.0.1) Gecko/2008070208 Firefox/3.0.1"
79.130.164.128 - - [19/Sep/2008:08:01:38 +0200] "GET /frame-inhalt.html HTTP/1.1" 200 5418 "http://www.various-euro.com/framez.html" "Mozilla/5.0 (Windows; U; Windows NT 5.1; sv-SE; rv:1.9.0.1) Gecko/2008070208 Firefox/3.0.1"
79.130.164.128 - - [19/Sep/2008:08:01:38 +0200] "GET /frame-unten.html HTTP/1.1" 200 5308 "http://www.various-euro.com/framez.html" "Mozilla/5.0 (Windows; U; Windows NT 5.1; sv-SE; rv:1.9.0.1) Gecko/2008070208 Firefox/3.0.1"
208.36.144.10 - - [19/Sep/2008:08:12:21 +0200] "GET /games/virtualcop/virtualcop.html HTTP/1.0" 200 4487 "-" "Mozilla/5.0 (Twiceler-0.9 http://www.cuil.com/twiceler/robot.html)"
74.6.18.222 - - [19/Sep/2008:08:19:04 +0200] "GET /zampa-lovers/ HTTP/1.0" 200 37790 "-" "Mozilla/5.0 (compatible; Yahoo! Slurp; http://help.yahoo.com/help/us/ysearch/slurp)"
65.55.211.164 - - [19/Sep/2008:08:31:29 +0200] "GET /robots.txt HTTP/1.1" 200 64 "-" "msnbot/1.1 (+http://search.msn.com/msnbot.htm)"
65.55.211.164 - - [19/Sep/2008:08:31:30 +0200] "GET /zampa/montenegro/contributions.html HTTP/1.1" 200 18843 "-" "msnbot/1.1 (+http://search.msn.com/msnbot.htm)"
64.1.215.165 - - [19/Sep/2008:08:36:12 +0200] "GET /DgH/bull/index.html HTTP/1.0" 200 1915 "-" "Mozilla/5.0 (Twiceler-0.9 http://www.cuil.com/twiceler/robot.html)"
82.99.30.40 - - [19/Sep/2008:08:56:56 +0200] "GET /bannerz/various-euro-girl.jpg HTTP/1.0" 200 91514 "http://www.munax.com/referer.htm" "Mozilla/4.0 (compatible; MSIE 6.0; Windows NT 5.1)"
208.36.144.10 - - [19/Sep/2008:09:04:55 +0200] "GET /bmpp/18.html HTTP/1.0" 200 4467 "-" "Mozilla/5.0 (Twiceler-0.9 http://www.cuil.com/twiceler/robot.html)"
190.31.137.226 - - [19/Sep/2008:09:06:53 +0200] "POST /ajax/get_update_by_letter.php?letter=../../../../../../../../etc/passwd%00 HTTP/1.1" 404 2748 "http://various-euro.com/ajax/get_update_by_letter.php?letter=../../../../../../../../etc/passwd%00" "Mozilla/4.0 (compatible; MSIE 6.0; Windows NT 5.1)"
88.70.165.228 - - [19/Sep/2008:09:12:58 +0200] "POST http://various-euro.com/cgi-bin/newsletter/mailmachine.cgi HTTP/1.0" 404 2748 "http://various-euro.com/cgi-bin/newsletter/mailmachine.cgi" "Mozilla/4.0 (compatible; MSIE 6.0; Windows NT 5.1)"
88.70.165.228 - - [19/Sep/2008:09:12:58 +0200] "POST http://various-euro.com/menu/psinclude.cgi HTTP/1.0" 404 2748 "http://various-euro.com/menu/psinclude.cgi" "Mozilla/4.0 (compatible; MSIE 6.0; Windows NT 5.1)"
88.70.165.228 - - [19/Sep/2008:09:12:58 +0200] "POST http://various-euro.com/cgi-bin/add-passwd2.cgi HTTP/1.0" 404 2748 "http://various-euro.com/cgi-bin/add-passwd2.cgi" "Mozilla/4.0 (compatible; MSIE 6.0; Windows NT 5.1)"
88.70.165.228 - - [19/Sep/2008:09:12:58 +0200] "POST http://various-euro.com/cgi-bin/s/s.pl HTTP/1.0" 404 2748 "http://various-euro.com/cgi-bin/s/s.pl" "Mozilla/4.0 (compatible; MSIE 6.0; Windows NT 5.1)"
64.1.215.165 - - [19/Sep/2008:09:30:24 +0200] "GET /DgH/watch/ HTTP/1.0" 200 2028 "-" "Mozilla/5.0 (Twiceler-0.9 http://www.cuil.com/twiceler/robot.html)"
65.55.211.171 - - [19/Sep/2008:09:47:03 +0200] "GET /robots.txt HTTP/1.1" 200 64 "-" "msnbot/1.1 (+http://search.msn.com/msnbot.htm)"
65.55.211.171 - - [19/Sep/2008:09:47:03 +0200] "GET /zampa/montenegro/BATAW.html HTTP/1.1" 200 860 "-" "msnbot/1.1 (+http://search.msn.com/msnbot.htm)"
119.63.193.43 - - [19/Sep/2008:09:52:56 +0200] "GET / HTTP/1.1" 200 7869 "-" "Baiduspider+(+http://help.baidu.jp/system/05.html)"
83.233.182.119 - - [19/Sep/2008:09:55:02 +0200] "GET /cgi-bin/adduser.cgi HTTP/1.1" 404 2748 "-" "Mozilla/5.0 (Windows; U; Windows NT 5.1; en; rv:1.8.1.8) Gecko/20071008 Firefox/2.0.0.8"
74.6.18.222 - - [19/Sep/2008:10:10:21 +0200] "GET /robots.txt HTTP/1.0" 200 64 "-" "Mozilla/5.0 (compatible; Yahoo! Slurp; http://help.yahoo.com/help/us/ysearch/slurp)"
74.6.18.222 - - [19/Sep/2008:10:10:22 +0200] "GET /rez/327.mp3 HTTP/1.0" 200 2771948 "-" "Mozilla/5.0 (compatible; Yahoo! Slurp; http://help.yahoo.com/help/us/ysearch/slurp)"
82.99.30.71 - - [19/Sep/2008:10:39:09 +0200] "GET /rez/ma.jpg HTTP/1.0" 200 12893 "http://www.munax.com/referer.htm" "Mozilla/4.0 (compatible; MSIE 6.0; Windows NT 5.1)"
82.99.30.71 - - [19/Sep/2008:10:39:09 +0200] "GET /rez/601.mp3 HTTP/1.0" 200 5052711 "http://www.various-euro.com/f-rez.html" "Mozilla/4.0 (compatible; MSIE 6.0; Windows NT 5.1)"
82.99.30.71 - - [19/Sep/2008:10:39:09 +0200] "GET /rez/327.mp3 HTTP/1.0" 200 2771948 "http://www.various-euro.com/f-rez.html" "Mozilla/4.0 (compatible; MSIE 6.0; Windows NT 5.1)"
82.99.30.71 - - [19/Sep/2008:10:39:09 +0200] "GET /rez/611.mp3 HTTP/1.0" 200 6782540 "http://www.various-euro.com/f-rez.html" "Mozilla/4.0 (compatible; MSIE 6.0; Windows NT 5.1)"
82.99.30.71 - - [19/Sep/2008:10:39:09 +0200] "GET /rez/607.mp3 HTTP/1.0" 200 4964417 "http://www.various-euro.com/f-rez.html" "Mozilla/4.0 (compatible; MSIE 6.0; Windows NT 5.1)"
82.99.30.71 - - [19/Sep/2008:10:39:09 +0200] "GET /rez/557.mp3 HTTP/1.0" 200 9164800 "http://www.various-euro.com/f-rez.html" "Mozilla/4.0 (compatible; MSIE 6.0; Windows NT 5.1)"
82.99.30.71 - - [19/Sep/2008:10:39:10 +0200] "GET /rez/108.mp3 HTTP/1.0" 200 2086040 "http://www.various-euro.com/f-rez.html" "Mozilla/4.0 (compatible; MSIE 6.0; Windows NT 5.1)"
82.99.30.71 - - [19/Sep/2008:10:39:10 +0200] "GET /rez/326.mp3 HTTP/1.0" 200 7672484 "http://www.various-euro.com/f-rez.html" "Mozilla/4.0 (compatible; MSIE 6.0; Windows NT 5.1)"
82.99.30.71 - - [19/Sep/2008:10:39:10 +0200] "GET /rez/554.mp3 HTTP/1.0" 200 13335140 "http://www.various-euro.com/f-rez.html" "Mozilla/4.0 (compatible; MSIE 6.0; Windows NT 5.1)"
82.99.30.71 - - [19/Sep/2008:10:39:09 +0200] "GET /rez/556.mp3 HTTP/1.0" 200 2674419 "http://www.various-euro.com/f-rez.html" "Mozilla/4.0 (compatible; MSIE 6.0; Windows NT 5.1)"
82.99.30.71 - - [19/Sep/2008:10:39:09 +0200] "GET /rez/555.mp3 HTTP/1.0" 200 6017674 "http://www.various-euro.com/f-rez.html" "Mozilla/4.0 (compatible; MSIE 6.0; Windows NT 5.1)"
82.99.30.71 - - [19/Sep/2008:10:39:10 +0200] "GET /rez/mb.jpg HTTP/1.0" 200 12467 "http://www.munax.com/referer.htm" "Mozilla/4.0 (compatible; MSIE 6.0; Windows NT 5.1)"
83.233.182.119 - - [19/Sep/2008:10:43:42 +0200] "GET /cgi-bin/add-passwd.cgi HTTP/1.1" 404 2748 "-" "Mozilla/5.0 (Windows; U; Windows NT 5.1; en; rv:1.8.1.8) Gecko/20071008 Firefox/2.0.0.8"
83.233.182.119 - - [19/Sep/2008:11:20:20 +0200] "GET /cgi-bin/nbmember.cgi HTTP/1.1" 404 2748 "-" "Mozilla/5.0 (Windows; U; Windows NT 5.1; en; rv:1.8.1.8) Gecko/20071008 Firefox/2.0.0.8"
190.176.134.70 - - [19/Sep/2008:11:23:04 +0200] "GET /index.php?template=../../../../../../../../../../../../../etc/passwd%00 HTTP/1.1" 404 2748 "http://various-euro.com/index.php?template=../../../../../../../../../../../../../etc/passwd%00" "Mozilla/4.0 (compatible; MSIE 6.0; Windows NT 5.1)"
64.1.215.165 - - [19/Sep/2008:11:38:30 +0200] "GET /neon/euro.html HTTP/1.0" 200 2212 "-" "Mozilla/5.0 (Twiceler-0.9 http://www.cuil.com/twiceler/robot.html)"
64.1.215.165 - - [19/Sep/2008:11:50:23 +0200] "GET /schubb/schubb-3.html HTTP/1.0" 200 17546 "-" "Mozilla/5.0 (Twiceler-0.9 http://www.cuil.com/twiceler/robot.html)"
89.253.132.105 - - [19/Sep/2008:11:57:45 +0200] "GET / HTTP/1.0" 200 7869 "http://www.various-euro.com/" "Mozilla/5.0 (Windows; U; WinNT4.0; en-CA; rv:0.9.4) Gecko/20011128 Netscape6/6.2.1"
66.249.65.169 - - [19/Sep/2008:11:58:25 +0200] "GET /frame-inhalt.html HTTP/1.1" 200 5418 "-" "Mozilla/5.0 (compatible; Googlebot/2.1; +http://www.google.com/bot.html)"
66.249.65.169 - - [19/Sep/2008:12:07:02 +0200] "GET /logs/usage_200809.html HTTP/1.1" 404 2748 "-" "Mozilla/5.0 (compatible; Googlebot/2.1; +http://www.google.com/bot.html)"
65.214.45.224 - - [19/Sep/2008:12:40:07 +0200] "GET /robots.txt HTTP/1.0" 200 64 "-" "Mozilla/5.0 (compatible; Ask Jeeves/Teoma; +http://about.ask.com/en/docs/about/webmasters.shtml)"
65.214.45.224 - - [19/Sep/2008:12:40:07 +0200] "GET /neon/girlz2.html HTTP/1.0" 200 2937 "-" "Mozilla/5.0 (compatible; Ask Jeeves/Teoma; +http://about.ask.com/en/docs/about/webmasters.shtml)"
74.6.18.222 - - [19/Sep/2008:12:59:02 +0200] "GET /zampa/lybia/index.html HTTP/1.0" 200 3036 "-" "Mozilla/5.0 (compatible; Yahoo! Slurp; http://help.yahoo.com/help/us/ysearch/slurp)"
65.55.211.167 - - [19/Sep/2008:13:13:43 +0200] "GET /robots.txt HTTP/1.1" 200 64 "-" "msnbot/1.1 (+http://search.msn.com/msnbot.htm)"
65.55.211.167 - - [19/Sep/2008:13:13:44 +0200] "GET /zampa/montenegro/dajpare.html HTTP/1.1" 200 2503 "-" "msnbot/1.1 (+http://search.msn.com/msnbot.htm)"
65.55.211.171 - - [19/Sep/2008:13:59:47 +0200] "GET /schubb/schubb-3.html HTTP/1.1" 200 17546 "-" "msnbot/1.1 (+http://search.msn.com/msnbot.htm)"
208.36.144.10 - - [19/Sep/2008:14:00:52 +0200] "GET /neon/code.html HTTP/1.0" 200 1109 "-" "Mozilla/5.0 (Twiceler-0.9 http://www.cuil.com/twiceler/robot.html)"
66.249.65.169 - - [19/Sep/2008:14:01:19 +0200] "GET / HTTP/1.1" 200 7869 "-" "Mozilla/5.0 (compatible; Googlebot/2.1; +http://www.google.com/bot.html)"
66.34.204.26 - - [19/Sep/2008:14:18:11 +0200] "GET / HTTP/1.1" 302 353 "http://www.keywordspy.com/keyword-research/zampa.various-euro.com" "Mozilla/4.0 (compatible; MSIE 7.0; Windows NT 5.1; Alexa Toolbar)"
66.34.204.26 - - [19/Sep/2008:14:18:12 +0200] "GET /zampa/ HTTP/1.1" 200 7153 "http://www.keywordspy.com/keyword-research/zampa.various-euro.com" "Mozilla/4.0 (compatible; MSIE 7.0; Windows NT 5.1; Alexa Toolbar)"
66.34.204.26 - - [19/Sep/2008:14:18:13 +0200] "GET / HTTP/1.1" 302 353 "http://www.keywordspy.com/keyword-research/zampa.various-euro.com" "Mozilla/4.0 (compatible; MSIE 7.0; Windows NT 5.1; Alexa Toolbar)"
66.34.204.26 - - [19/Sep/2008:14:18:13 +0200] "GET /zampa/ HTTP/1.1" 200 7153 "http://www.keywordspy.com/keyword-research/zampa.various-euro.com" "Mozilla/4.0 (compatible; MSIE 7.0; Windows NT 5.1; Alexa Toolbar)"
66.34.204.26 - - [19/Sep/2008:14:18:13 +0200] "GET / HTTP/1.1" 302 353 "http://www.keywordspy.com/keyword-research/zampa.various-euro.com" "Mozilla/4.0 (compatible; MSIE 7.0; Windows NT 5.1; Alexa Toolbar)"
66.34.204.26 - - [19/Sep/2008:14:18:13 +0200] "GET /zampa/ HTTP/1.1" 200 7153 "http://www.keywordspy.com/keyword-research/zampa.various-euro.com" "Mozilla/4.0 (compatible; MSIE 7.0; Windows NT 5.1; Alexa Toolbar)"
74.6.18.222 - - [19/Sep/2008:14:24:26 +0200] "GET /triple-double-u/ HTTP/1.0" 403 1223 "-" "Mozilla/5.0 (compatible; Yahoo! Slurp; http://help.yahoo.com/help/us/ysearch/slurp)"
74.6.18.222 - - [19/Sep/2008:15:33:09 +0200] "GET /logs/usage_200708.html HTTP/1.0" 200 111167 "-" "Mozilla/5.0 (compatible; Yahoo! Slurp; http://help.yahoo.com/help/us/ysearch/slurp)"
74.6.18.222 - - [19/Sep/2008:15:40:22 +0200] "GET /f-channel1.html HTTP/1.0" 200 5713 "-" "Mozilla/5.0 (compatible; Yahoo! Slurp; http://help.yahoo.com/help/us/ysearch/slurp)"
208.36.144.10 - - [19/Sep/2008:15:44:23 +0200] "GET /schubb/ HTTP/1.0" 403 1223 "-" "Mozilla/5.0 (Twiceler-0.9 http://www.cuil.com/twiceler/robot.html)"
217.109.12.105 - - [19/Sep/2008:16:13:54 +0200] "GET /schubb/schubb-1.html HTTP/1.1" 200 9070 "http://search.live.com/results.aspx?q=schubb&src=IE-SearchBox" "Mozilla/4.0 (compatible; MSIE 7.0; Windows NT 5.1; .NET CLR 2.0.50727; .NET CLR 3.0.04506.30)"
217.109.12.105 - - [19/Sep/2008:16:13:54 +0200] "GET /schubb/schubb-1.gif HTTP/1.1" 200 11222 "http://www.various-euro.com/schubb/schubb-1.html" "Mozilla/4.0 (compatible; MSIE 7.0; Windows NT 5.1; .NET CLR 2.0.50727; .NET CLR 3.0.04506.30)"
217.109.12.105 - - [19/Sep/2008:16:13:55 +0200] "GET /ve-icon-2.ico HTTP/1.1" 200 2238 "-" "Mozilla/4.0 (compatible; MSIE 7.0; Windows NT 5.1; .NET CLR 2.0.50727; .NET CLR 3.0.04506.30)"
217.109.12.105 - - [19/Sep/2008:16:13:55 +0200] "GET /framez-schubb.html HTTP/1.1" 200 4324 "-" "Mozilla/4.0 (compatible; MSIE 7.0; Windows NT 5.1; .NET CLR 2.0.50727; .NET CLR 3.0.04506.30)"
217.109.12.105 - - [19/Sep/2008:16:13:55 +0200] "GET /frame-menu.html HTTP/1.1" 200 10536 "http://www.various-euro.com/framez-schubb.html" "Mozilla/4.0 (compatible; MSIE 7.0; Windows NT 5.1; .NET CLR 2.0.50727; .NET CLR 3.0.04506.30)"
217.109.12.105 - - [19/Sep/2008:16:13:55 +0200] "GET /schubb/schubb-1.html HTTP/1.1" 200 9070 "http://www.various-euro.com/framez-schubb.html" "Mozilla/4.0 (compatible; MSIE 7.0; Windows NT 5.1; .NET CLR 2.0.50727; .NET CLR 3.0.04506.30)"
217.109.12.105 - - [19/Sep/2008:16:13:56 +0200] "GET /frame-unten.html HTTP/1.1" 200 5308 "http://www.various-euro.com/framez-schubb.html" "Mozilla/4.0 (compatible; MSIE 7.0; Windows NT 5.1; .NET CLR 2.0.50727; .NET CLR 3.0.04506.30)"
217.109.12.105 - - [19/Sep/2008:16:13:56 +0200] "GET /style/various-euro.css HTTP/1.1" 200 3437 "http://www.various-euro.com/frame-menu.html" "Mozilla/4.0 (compatible; MSIE 7.0; Windows NT 5.1; .NET CLR 2.0.50727; .NET CLR 3.0.04506.30)"
217.109.12.105 - - [19/Sep/2008:16:13:56 +0200] "GET /bannerz/ve.jpg HTTP/1.1" 200 36912 "http://www.various-euro.com/frame-unten.html" "Mozilla/4.0 (compatible; MSIE 7.0; Windows NT 5.1; .NET CLR 2.0.50727; .NET CLR 3.0.04506.30)"
217.109.12.105 - - [19/Sep/2008:16:13:56 +0200] "GET /bannerz/various-euro-girl.jpg HTTP/1.1" 200 91514 "http://www.various-euro.com/frame-unten.html" "Mozilla/4.0 (compatible; MSIE 7.0; Windows NT 5.1; .NET CLR 2.0.50727; .NET CLR 3.0.04506.30)"
217.109.12.105 - - [19/Sep/2008:16:14:08 +0200] "GET /framez-schubb.html HTTP/1.1" 200 4324 "-" "Mozilla/4.0 (compatible; MSIE 7.0; Windows NT 5.1; .NET CLR 2.0.50727; .NET CLR 3.0.04506.30)"
217.109.12.105 - - [19/Sep/2008:16:14:08 +0200] "GET /frame-menu.html HTTP/1.1" 200 10536 "http://www.various-euro.com/framez-schubb.html" "Mozilla/4.0 (compatible; MSIE 7.0; Windows NT 5.1; .NET CLR 2.0.50727; .NET CLR 3.0.04506.30)"
217.109.12.105 - - [19/Sep/2008:16:14:08 +0200] "GET /schubb/schubb-1.html HTTP/1.1" 200 9070 "http://www.various-euro.com/framez-schubb.html" "Mozilla/4.0 (compatible; MSIE 7.0; Windows NT 5.1; .NET CLR 2.0.50727; .NET CLR 3.0.04506.30)"
217.109.12.105 - - [19/Sep/2008:16:14:09 +0200] "GET /frame-unten.html HTTP/1.1" 200 5308 "http://www.various-euro.com/framez-schubb.html" "Mozilla/4.0 (compatible; MSIE 7.0; Windows NT 5.1; .NET CLR 2.0.50727; .NET CLR 3.0.04506.30)"
217.109.12.105 - - [19/Sep/2008:16:14:12 +0200] "GET /framez-schubb.html HTTP/1.1" 200 4324 "-" "Mozilla/4.0 (compatible; MSIE 7.0; Windows NT 5.1; .NET CLR 2.0.50727; .NET CLR 3.0.04506.30)"
217.109.12.105 - - [19/Sep/2008:16:14:12 +0200] "GET /frame-menu.html HTTP/1.1" 200 10536 "http://www.various-euro.com/framez-schubb.html" "Mozilla/4.0 (compatible; MSIE 7.0; Windows NT 5.1; .NET CLR 2.0.50727; .NET CLR 3.0.04506.30)"
217.109.12.105 - - [19/Sep/2008:16:14:12 +0200] "GET /schubb/schubb-1.html HTTP/1.1" 200 9070 "http://www.various-euro.com/framez-schubb.html" "Mozilla/4.0 (compatible; MSIE 7.0; Windows NT 5.1; .NET CLR 2.0.50727; .NET CLR 3.0.04506.30)"
217.109.12.105 - - [19/Sep/2008:16:14:12 +0200] "GET /frame-unten.html HTTP/1.1" 200 5308 "http://www.various-euro.com/framez-schubb.html" "Mozilla/4.0 (compatible; MSIE 7.0; Windows NT 5.1; .NET CLR 2.0.50727; .NET CLR 3.0.04506.30)"
217.109.12.105 - - [19/Sep/2008:16:14:15 +0200] "GET /framez-schubb.html HTTP/1.1" 200 4324 "-" "Mozilla/4.0 (compatible; MSIE 7.0; Windows NT 5.1; .NET CLR 2.0.50727; .NET CLR 3.0.04506.30)"
217.109.12.105 - - [19/Sep/2008:16:14:15 +0200] "GET /frame-menu.html HTTP/1.1" 200 10536 "http://www.various-euro.com/framez-schubb.html" "Mozilla/4.0 (compatible; MSIE 7.0; Windows NT 5.1; .NET CLR 2.0.50727; .NET CLR 3.0.04506.30)"
217.109.12.105 - - [19/Sep/2008:16:14:15 +0200] "GET /schubb/schubb-1.html HTTP/1.1" 200 9070 "http://www.various-euro.com/framez-schubb.html" "Mozilla/4.0 (compatible; MSIE 7.0; Windows NT 5.1; .NET CLR 2.0.50727; .NET CLR 3.0.04506.30)"
217.109.12.105 - - [19/Sep/2008:16:14:16 +0200] "GET /frame-unten.html HTTP/1.1" 200 5308 "http://www.various-euro.com/framez-schubb.html" "Mozilla/4.0 (compatible; MSIE 7.0; Windows NT 5.1; .NET CLR 2.0.50727; .NET CLR 3.0.04506.30)"
217.109.12.105 - - [19/Sep/2008:16:14:17 +0200] "GET /framez-schubb.html HTTP/1.1" 200 4324 "-" "Mozilla/4.0 (compatible; MSIE 7.0; Windows NT 5.1; .NET CLR 2.0.50727; .NET CLR 3.0.04506.30)"
217.109.12.105 - - [19/Sep/2008:16:14:17 +0200] "GET /frame-menu.html HTTP/1.1" 200 10536 "http://www.various-euro.com/framez-schubb.html" "Mozilla/4.0 (compatible; MSIE 7.0; Windows NT 5.1; .NET CLR 2.0.50727; .NET CLR 3.0.04506.30)"
217.109.12.105 - - [19/Sep/2008:16:14:17 +0200] "GET /schubb/schubb-1.html HTTP/1.1" 200 9070 "http://www.various-euro.com/framez-schubb.html" "Mozilla/4.0 (compatible; MSIE 7.0; Windows NT 5.1; .NET CLR 2.0.50727; .NET CLR 3.0.04506.30)"
217.109.12.105 - - [19/Sep/2008:16:14:17 +0200] "GET /frame-unten.html HTTP/1.1" 200 5308 "http://www.various-euro.com/framez-schubb.html" "Mozilla/4.0 (compatible; MSIE 7.0; Windows NT 5.1; .NET CLR 2.0.50727; .NET CLR 3.0.04506.30)"
217.109.12.105 - - [19/Sep/2008:16:14:19 +0200] "GET /framez-schubb.html HTTP/1.1" 200 4324 "-" "Mozilla/4.0 (compatible; MSIE 7.0; Windows NT 5.1; .NET CLR 2.0.50727; .NET CLR 3.0.04506.30)"
217.109.12.105 - - [19/Sep/2008:16:14:19 +0200] "GET /frame-menu.html HTTP/1.1" 200 10536 "http://www.various-euro.com/framez-schubb.html" "Mozilla/4.0 (compatible; MSIE 7.0; Windows NT 5.1; .NET CLR 2.0.50727; .NET CLR 3.0.04506.30)"
217.109.12.105 - - [19/Sep/2008:16:14:19 +0200] "GET /schubb/schubb-1.html HTTP/1.1" 200 9070 "http://www.various-euro.com/framez-schubb.html" "Mozilla/4.0 (compatible; MSIE 7.0; Windows NT 5.1; .NET CLR 2.0.50727; .NET CLR 3.0.04506.30)"
217.109.12.105 - - [19/Sep/2008:16:14:19 +0200] "GET /frame-unten.html HTTP/1.1" 200 5308 "http://www.various-euro.com/framez-schubb.html" "Mozilla/4.0 (compatible; MSIE 7.0; Windows NT 5.1; .NET CLR 2.0.50727; .NET CLR 3.0.04506.30)"
217.109.12.105 - - [19/Sep/2008:16:14:22 +0200] "GET /framez-schubb.html HTTP/1.1" 200 4324 "-" "Mozilla/4.0 (compatible; MSIE 7.0; Windows NT 5.1; .NET CLR 2.0.50727; .NET CLR 3.0.04506.30)"
217.109.12.105 - - [19/Sep/2008:16:14:22 +0200] "GET /frame-menu.html HTTP/1.1" 200 10536 "http://www.various-euro.com/framez-schubb.html" "Mozilla/4.0 (compatible; MSIE 7.0; Windows NT 5.1; .NET CLR 2.0.50727; .NET CLR 3.0.04506.30)"
217.109.12.105 - - [19/Sep/2008:16:14:22 +0200] "GET /schubb/schubb-1.html HTTP/1.1" 200 9070 "http://www.various-euro.com/framez-schubb.html" "Mozilla/4.0 (compatible; MSIE 7.0; Windows NT 5.1; .NET CLR 2.0.50727; .NET CLR 3.0.04506.30)"
217.109.12.105 - - [19/Sep/2008:16:14:23 +0200] "GET /frame-unten.html HTTP/1.1" 200 5308 "http://www.various-euro.com/framez-schubb.html" "Mozilla/4.0 (compatible; MSIE 7.0; Windows NT 5.1; .NET CLR 2.0.50727; .NET CLR 3.0.04506.30)"
217.109.12.105 - - [19/Sep/2008:16:14:25 +0200] "GET /framez-schubb.html HTTP/1.1" 200 4324 "-" "Mozilla/4.0 (compatible; MSIE 7.0; Windows NT 5.1; .NET CLR 2.0.50727; .NET CLR 3.0.04506.30)"
217.109.12.105 - - [19/Sep/2008:16:14:25 +0200] "GET /frame-menu.html HTTP/1.1" 200 10536 "http://www.various-euro.com/framez-schubb.html" "Mozilla/4.0 (compatible; MSIE 7.0; Windows NT 5.1; .NET CLR 2.0.50727; .NET CLR 3.0.04506.30)"
217.109.12.105 - - [19/Sep/2008:16:14:25 +0200] "GET /schubb/schubb-1.html HTTP/1.1" 200 9070 "http://www.various-euro.com/framez-schubb.html" "Mozilla/4.0 (compatible; MSIE 7.0; Windows NT 5.1; .NET CLR 2.0.50727; .NET CLR 3.0.04506.30)"
217.109.12.105 - - [19/Sep/2008:16:14:25 +0200] "GET /frame-unten.html HTTP/1.1" 200 5308 "http://www.various-euro.com/framez-schubb.html" "Mozilla/4.0 (compatible; MSIE 7.0; Windows NT 5.1; .NET CLR 2.0.50727; .NET CLR 3.0.04506.30)"
74.6.18.222 - - [19/Sep/2008:16:40:12 +0200] "GET /neon/slow-walk.html HTTP/1.0" 200 1640 "-" "Mozilla/5.0 (compatible; Yahoo! Slurp; http://help.yahoo.com/help/us/ysearch/slurp)"
64.1.215.165 - - [19/Sep/2008:16:43:19 +0200] "GET /web.html HTTP/1.0" 404 2748 "-" "Mozilla/5.0 (Twiceler-0.9 http://www.cuil.com/twiceler/robot.html)"
65.214.45.100 - - [19/Sep/2008:17:06:04 +0200] "GET /framez-girlz.html HTTP/1.0" 200 4271 "-" "Mozilla/5.0 (compatible; Ask Jeeves/Teoma; +http://about.ask.com/en/docs/about/webmasters.shtml)"
65.214.45.100 - - [19/Sep/2008:17:06:04 +0200] "GET /frame-menu.html HTTP/1.0" 200 10536 "-" "Mozilla/5.0 (compatible; Ask Jeeves/Teoma; +http://about.ask.com/en/docs/about/webmasters.shtml)"
65.214.45.100 - - [19/Sep/2008:17:06:04 +0200] "GET /neon/girlz2.html HTTP/1.0" 200 2937 "-" "Mozilla/5.0 (compatible; Ask Jeeves/Teoma; +http://about.ask.com/en/docs/about/webmasters.shtml)"
65.214.45.100 - - [19/Sep/2008:17:06:04 +0200] "GET /frame-unten.html HTTP/1.0" 200 5308 "-" "Mozilla/5.0 (compatible; Ask Jeeves/Teoma; +http://about.ask.com/en/docs/about/webmasters.shtml)"
65.214.45.100 - - [19/Sep/2008:17:10:54 +0200] "GET /framez.html HTTP/1.0" 200 3959 "-" "Mozilla/5.0 (compatible; Ask Jeeves/Teoma; +http://about.ask.com/en/docs/about/webmasters.shtml)"
65.214.45.100 - - [19/Sep/2008:17:10:54 +0200] "GET /framez.html HTTP/1.0" 200 3959 "-" "Mozilla/5.0 (compatible; Ask Jeeves/Teoma; +http://about.ask.com/en/docs/about/webmasters.shtml)"
65.214.45.100 - - [19/Sep/2008:17:10:54 +0200] "GET /frame-inhalt.html HTTP/1.0" 200 5418 "-" "Mozilla/5.0 (compatible; Ask Jeeves/Teoma; +http://about.ask.com/en/docs/about/webmasters.shtml)"
82.114.76.104 - - [19/Sep/2008:17:45:05 +0200] "GET /framez-zampa-lovers.html HTTP/1.0" 200 4322 "http://www.google.com/search?hl=sq&q=Najveci+Kurac+u+svetu&btnG=K%C3%ABrkim+n%C3%AB+Google" "Mozilla/4.0 (compatible; MSIE 6.0; Windows NT 5.1; SV1)"
82.114.76.104 - - [19/Sep/2008:17:45:05 +0200] "GET /frame-menu.html HTTP/1.0" 200 10536 "http://www.various-euro.com/framez-zampa-lovers.html" "Mozilla/4.0 (compatible; MSIE 6.0; Windows NT 5.1; SV1)"
82.114.76.104 - - [19/Sep/2008:17:45:05 +0200] "GET /frame-unten.html HTTP/1.0" 200 5308 "http://www.various-euro.com/framez-zampa-lovers.html" "Mozilla/4.0 (compatible; MSIE 6.0; Windows NT 5.1; SV1)"
82.114.76.104 - - [19/Sep/2008:17:45:05 +0200] "GET /zampa-lovers/index.html HTTP/1.0" 200 37790 "http://www.various-euro.com/framez-zampa-lovers.html" "Mozilla/4.0 (compatible; MSIE 6.0; Windows NT 5.1; SV1)"
82.114.76.104 - - [19/Sep/2008:17:45:06 +0200] "GET /style/various-euro.css HTTP/1.0" 200 3437 "http://www.various-euro.com/frame-menu.html" "Mozilla/4.0 (compatible; MSIE 6.0; Windows NT 5.1; SV1)"
82.114.76.104 - - [19/Sep/2008:17:45:06 +0200] "GET /zampa-lovers/ZAMPAMA2.MPG HTTP/1.0" 200 63492 "-" "Windows-Media-Player/9.00.00.3250"
82.114.76.104 - - [19/Sep/2008:17:45:06 +0200] "GET /zampa-lovers/WASISTMI1.MPG HTTP/1.0" 200 271221 "-" "Windows-Media-Player/9.00.00.3250"
82.114.76.104 - - [19/Sep/2008:17:45:06 +0200] "GET /zampa-lovers/zampa.gif HTTP/1.0" 200 460627 "http://www.various-euro.com/zampa-lovers/index.html" "Mozilla/4.0 (compatible; MSIE 6.0; Windows NT 5.1; SV1)"
82.114.76.104 - - [19/Sep/2008:17:45:06 +0200] "GET /zampa-lovers/ZAMPAMAS.MPG HTTP/1.0" 200 520196 "-" "Windows-Media-Player/9.00.00.3250"
82.114.76.104 - - [19/Sep/2008:17:45:07 +0200] "GET /zampa-lovers/WASISTMI1.MPG HTTP/1.0" 200 271221 "-" "Mozilla/4.0 (compatible; MSIE 6.0; Windows NT 5.1; SV1)"
82.114.76.104 - - [19/Sep/2008:17:45:07 +0200] "GET /zampa-lovers/ZAMPAMA2.MPG HTTP/1.0" 200 63492 "-" "Mozilla/4.0 (compatible; MSIE 6.0; Windows NT 5.1; SV1)"
82.114.76.104 - - [19/Sep/2008:17:45:07 +0200] "GET /zampa-lovers/kralle.gif HTTP/1.0" 404 2748 "http://www.various-euro.com/zampa-lovers/index.html" "Mozilla/4.0 (compatible; MSIE 6.0; Windows NT 5.1; SV1)"
82.114.76.104 - - [19/Sep/2008:17:45:07 +0200] "GET /zampa-lovers/ZAMPAMAS.MPG HTTP/1.0" 200 520196 "-" "Mozilla/4.0 (compatible; MSIE 6.0; Windows NT 5.1; SV1)"
82.114.76.104 - - [19/Sep/2008:17:45:07 +0200] "GET /zampa-lovers/DRAGAN_Z.JPG HTTP/1.0" 200 6850 "http://www.various-euro.com/zampa-lovers/index.html" "Mozilla/4.0 (compatible; MSIE 6.0; Windows NT 5.1; SV1)"
82.114.76.104 - - [19/Sep/2008:17:45:07 +0200] "GET /zampa-lovers/MILIZA_2.JPG HTTP/1.0" 200 22172 "http://www.various-euro.com/zampa-lovers/index.html" "Mozilla/4.0 (compatible; MSIE 6.0; Windows NT 5.1; SV1)"
82.114.76.104 - - [19/Sep/2008:17:45:07 +0200] "GET /zampa-lovers/MILIZA_3.JPG HTTP/1.0" 200 26924 "http://www.various-euro.com/zampa-lovers/index.html" "Mozilla/4.0 (compatible; MSIE 6.0; Windows NT 5.1; SV1)"
82.114.76.104 - - [19/Sep/2008:17:45:07 +0200] "GET /zampa-lovers/MILIZA_B.JPG HTTP/1.0" 200 10947 "http://www.various-euro.com/zampa-lovers/index.html" "Mozilla/4.0 (compatible; MSIE 6.0; Windows NT 5.1; SV1)"
82.114.76.104 - - [19/Sep/2008:17:45:07 +0200] "GET /zampa-lovers/MILIZA_4.JPG HTTP/1.0" 200 9946 "http://www.various-euro.com/zampa-lovers/index.html" "Mozilla/4.0 (compatible; MSIE 6.0; Windows NT 5.1; SV1)"
82.114.76.104 - - [19/Sep/2008:17:45:07 +0200] "GET /zampa-lovers/DRAGANZA.JPG HTTP/1.0" 200 18560 "http://www.various-euro.com/zampa-lovers/index.html" "Mozilla/4.0 (compatible; MSIE 6.0; Windows NT 5.1; SV1)"
82.114.76.104 - - [19/Sep/2008:17:45:07 +0200] "GET /zampa-lovers/2SEITEVE.GIF HTTP/1.0" 200 83466 "http://www.various-euro.com/zampa-lovers/index.html" "Mozilla/4.0 (compatible; MSIE 6.0; Windows NT 5.1; SV1)"
82.114.76.104 - - [19/Sep/2008:17:45:07 +0200] "GET /zampa-lovers/1SEITEVE.GIF HTTP/1.0" 200 78726 "http://www.various-euro.com/zampa-lovers/index.html" "Mozilla/4.0 (compatible; MSIE 6.0; Windows NT 5.1; SV1)"
82.114.76.104 - - [19/Sep/2008:17:45:07 +0200] "GET /zampa-lovers/Kralle.gif HTTP/1.0" 200 260 "http://www.various-euro.com/zampa-lovers/index.html" "Mozilla/4.0 (compatible; MSIE 6.0; Windows NT 5.1; SV1)"
82.114.76.104 - - [19/Sep/2008:17:45:08 +0200] "GET /zampa-lovers/zampa-2X2.gif HTTP/1.0" 200 6948 "http://www.various-euro.com/zampa-lovers/index.html" "Mozilla/4.0 (compatible; MSIE 6.0; Windows NT 5.1; SV1)"
82.114.76.104 - - [19/Sep/2008:17:45:08 +0200] "GET /zampa-lovers/zampamali.gif HTTP/1.0" 200 2617 "http://www.various-euro.com/zampa-lovers/index.html" "Mozilla/4.0 (compatible; MSIE 6.0; Windows NT 5.1; SV1)"
82.114.76.104 - - [19/Sep/2008:17:45:08 +0200] "GET /bannerz/ve.jpg HTTP/1.0" 200 36912 "http://www.various-euro.com/frame-unten.html" "Mozilla/4.0 (compatible; MSIE 6.0; Windows NT 5.1; SV1)"
82.114.76.104 - - [19/Sep/2008:17:45:08 +0200] "GET /bannerz/various-euro-girl.jpg HTTP/1.0" 200 91514 "http://www.various-euro.com/frame-unten.html" "Mozilla/4.0 (compatible; MSIE 6.0; Windows NT 5.1; SV1)"
64.1.215.165 - - [19/Sep/2008:18:29:20 +0200] "GET /tour1_new.html HTTP/1.0" 404 2748 "-" "Mozilla/5.0 (Twiceler-0.9 http://www.cuil.com/twiceler/robot.html)"
65.55.211.162 - - [19/Sep/2008:18:57:12 +0200] "GET /f-channel1.html HTTP/1.1" 200 5713 "-" "msnbot/1.1 (+http://search.msn.com/msnbot.htm)"
65.98.224.5 - - [19/Sep/2008:19:15:54 +0200] "GET /robots.txt HTTP/1.0" 200 64 "-" "TurnitinBot/2.1 (http://www.turnitin.com/robot/crawlerinfo.html)"
65.98.224.5 - - [19/Sep/2008:19:16:38 +0200] "GET /f-logz.html HTTP/1.0" 200 191844 "-" "TurnitinBot/2.1 (http://www.turnitin.com/robot/crawlerinfo.html)"
65.98.224.5 - - [19/Sep/2008:19:17:19 +0200] "GET /f-doku-brau.html HTTP/1.0" 200 7152 "-" "TurnitinBot/2.1 (http://www.turnitin.com/robot/crawlerinfo.html)"
65.98.224.5 - - [19/Sep/2008:19:18:01 +0200] "GET /DgH/ HTTP/1.0" 200 5024 "-" "TurnitinBot/2.1 (http://www.turnitin.com/robot/crawlerinfo.html)"
65.98.224.5 - - [19/Sep/2008:19:18:41 +0200] "GET /zampa-lovers/index.html HTTP/1.0" 200 37790 "-" "TurnitinBot/2.1 (http://www.turnitin.com/robot/crawlerinfo.html)"
65.98.224.5 - - [19/Sep/2008:19:19:20 +0200] "GET /schubb/schubb-5.html HTTP/1.0" 200 72944 "-" "TurnitinBot/2.1 (http://www.turnitin.com/robot/crawlerinfo.html)"
65.98.224.5 - - [19/Sep/2008:19:20:04 +0200] "GET /f-other.html HTTP/1.0" 200 33189 "-" "TurnitinBot/2.1 (http://www.turnitin.com/robot/crawlerinfo.html)"
65.55.211.164 - - [19/Sep/2008:19:24:04 +0200] "GET /robots.txt HTTP/1.1" 200 64 "-" "msnbot/1.1 (+http://search.msn.com/msnbot.htm)"
65.55.211.164 - - [19/Sep/2008:19:24:04 +0200] "GET /neon/click.html HTTP/1.1" 200 521 "-" "msnbot/1.1 (+http://search.msn.com/msnbot.htm)"
208.80.194.45 - - [19/Sep/2008:19:34:54 +0200] "GET / HTTP/1.0" 200 7869 "-" "Mozilla/4.0 (compatible; MSIE 7.0; Windows NT 5.1; .NET CLR 1.1.4322; .NET CLR 2.0.50727; WinuE v6; Alexa Toolbar; MEGAUPLOAD 1.0; WinuE v6)"
208.80.194.45 - - [19/Sep/2008:19:34:54 +0200] "GET / HTTP/1.0" 200 7869 "-" "Mozilla/4.0 (compatible; MSIE 7.0; Windows NT 6.0; Comcast Install 1.0; SLCC1; .NET CLR 2.0.50727; Media Center PC 5.0; .NET CLR 3.0.04506; InfoPath.2; .NET CLR 1.1.4322)"
65.55.211.165 - - [19/Sep/2008:19:39:19 +0200] "GET /robots.txt HTTP/1.1" 200 64 "-" "msnbot/1.1 (+http://search.msn.com/msnbot.htm)"
65.55.211.165 - - [19/Sep/2008:19:39:19 +0200] "GET /f-rez.html HTTP/1.1" 200 9765 "-" "msnbot/1.1 (+http://search.msn.com/msnbot.htm)"
66.249.65.169 - - [19/Sep/2008:19:50:07 +0200] "GET /robots.txt HTTP/1.1" 200 64 "-" "Mozilla/5.0 (compatible; Googlebot/2.1; +http://www.google.com/bot.html)"
66.249.65.169 - - [19/Sep/2008:19:50:08 +0200] "GET /framez_0.html HTTP/1.1" 200 12444 "-" "Mozilla/5.0 (compatible; Googlebot/2.1; +http://www.google.com/bot.html)"
74.6.18.222 - - [19/Sep/2008:19:53:29 +0200] "GET /framez-zampa-lovers.html HTTP/1.0" 200 4322 "-" "Mozilla/5.0 (compatible; Yahoo! Slurp; http://help.yahoo.com/help/us/ysearch/slurp)"
74.6.18.222 - - [19/Sep/2008:19:53:29 +0200] "GET /frame-menu.html HTTP/1.0" 200 10536 "-" "Mozilla/5.0 (compatible; Yahoo! Slurp; http://help.yahoo.com/help/us/ysearch/slurp)"
74.6.18.222 - - [19/Sep/2008:19:53:30 +0200] "GET /zampa-lovers/index.html HTTP/1.0" 200 37790 "-" "Mozilla/5.0 (compatible; Yahoo! Slurp; http://help.yahoo.com/help/us/ysearch/slurp)"
74.6.18.222 - - [19/Sep/2008:19:53:31 +0200] "GET /frame-unten.html HTTP/1.0" 200 5308 "-" "Mozilla/5.0 (compatible; Yahoo! Slurp; http://help.yahoo.com/help/us/ysearch/slurp)"
65.55.211.163 - - [19/Sep/2008:19:59:40 +0200] "GET /logs/usage_200709.html HTTP/1.1" 200 110974 "-" "msnbot/1.1 (+http://search.msn.com/msnbot.htm)"
78.92.83.209 - - [19/Sep/2008:20:30:44 +0200] "GET /zampa/ HTTP/1.1" 200 7153 "-" "Mozilla/5.0 (Macintosh; U; Intel Mac OS X; de; rv:1.8.0.12) Gecko/20070508 Firefox/1.5.0.12"
78.92.83.209 - - [19/Sep/2008:20:30:49 +0200] "GET /zampa/slike/S2COPY.GIF HTTP/1.1" 200 12771 "http://www.various-euro.com/zampa/" "Mozilla/5.0 (Macintosh; U; Intel Mac OS X; de; rv:1.8.0.12) Gecko/20070508 Firefox/1.5.0.12"
78.92.83.209 - - [19/Sep/2008:20:30:56 +0200] "GET /zampa/slike/S1TITEL.GIF HTTP/1.1" 200 15244 "http://www.various-euro.com/zampa/" "Mozilla/5.0 (Macintosh; U; Intel Mac OS X; de; rv:1.8.0.12) Gecko/20070508 Firefox/1.5.0.12"
78.92.83.209 - - [19/Sep/2008:20:31:01 +0200] "GET /zampa/slike/S3VAMPIR.GIF HTTP/1.1" 200 55504 "http://www.various-euro.com/zampa/" "Mozilla/5.0 (Macintosh; U; Intel Mac OS X; de; rv:1.8.0.12) Gecko/20070508 Firefox/1.5.0.12"
78.92.83.209 - - [19/Sep/2008:20:31:27 +0200] "GET /zampa/slike/S4IRWIN.GIF HTTP/1.1" 200 54718 "http://www.various-euro.com/zampa/" "Mozilla/5.0 (Macintosh; U; Intel Mac OS X; de; rv:1.8.0.12) Gecko/20070508 Firefox/1.5.0.12"
78.92.83.209 - - [19/Sep/2008:20:31:59 +0200] "GET /zampa/slike/S5UROSTO.GIF HTTP/1.1" 200 45220 "http://www.various-euro.com/zampa/" "Mozilla/5.0 (Macintosh; U; Intel Mac OS X; de; rv:1.8.0.12) Gecko/20070508 Firefox/1.5.0.12"
78.92.83.209 - - [19/Sep/2008:20:32:49 +0200] "GET /zampa/lybia/index.html HTTP/1.1" 200 3036 "http://www.various-euro.com/zampa/" "Mozilla/5.0 (Macintosh; U; Intel Mac OS X; de; rv:1.8.0.12) Gecko/20070508 Firefox/1.5.0.12"
78.92.83.209 - - [19/Sep/2008:20:32:57 +0200] "GET /zampa/slike/E4IRWIN.GIF HTTP/1.1" 200 53174 "http://www.various-euro.com/zampa/" "Mozilla/5.0 (Macintosh; U; Intel Mac OS X; de; rv:1.8.0.12) Gecko/20070508 Firefox/1.5.0.12"
78.92.83.209 - - [19/Sep/2008:20:33:12 +0200] "GET /zampa/slike/E8CURATO.GIF HTTP/1.1" 200 15386 "http://www.various-euro.com/zampa/" "Mozilla/5.0 (Macintosh; U; Intel Mac OS X; de; rv:1.8.0.12) Gecko/20070508 Firefox/1.5.0.12"
78.92.83.209 - - [19/Sep/2008:20:39:31 +0200] "GET /zampa/ HTTP/1.1" 200 7153 "-" "Mozilla/5.0 (Macintosh; U; Intel Mac OS X; de; rv:1.8.0.12) Gecko/20070508 Firefox/1.5.0.12"
78.92.83.209 - - [19/Sep/2008:20:40:07 +0200] "GET /zampa/slike/E1TITEL.GIF HTTP/1.1" 200 16284 "http://www.various-euro.com/zampa/" "Mozilla/5.0 (Macintosh; U; Intel Mac OS X; de; rv:1.8.0.12) Gecko/20070508 Firefox/1.5.0.12"
78.92.83.209 - - [19/Sep/2008:20:40:31 +0200] "GET /zampa/slike/E2COPY.GIF HTTP/1.1" 200 10416 "http://www.various-euro.com/zampa/" "Mozilla/5.0 (Macintosh; U; Intel Mac OS X; de; rv:1.8.0.12) Gecko/20070508 Firefox/1.5.0.12"
78.92.83.209 - - [19/Sep/2008:20:40:46 +0200] "GET /zampa/slike/E5UROSTO.GIF HTTP/1.1" 200 42690 "http://www.various-euro.com/zampa/" "Mozilla/5.0 (Macintosh; U; Intel Mac OS X; de; rv:1.8.0.12) Gecko/20070508 Firefox/1.5.0.12"
78.92.83.209 - - [19/Sep/2008:20:41:35 +0200] "GET /zampa/slike/E6BIENNI.GIF HTTP/1.1" 200 33736 "http://www.various-euro.com/zampa/" "Mozilla/5.0 (Macintosh; U; Intel Mac OS X; de; rv:1.8.0.12) Gecko/20070508 Firefox/1.5.0.12"
208.36.144.10 - - [19/Sep/2008:21:15:32 +0200] "GET /bmpp/18_x.html HTTP/1.0" 200 1100 "-" "Mozilla/5.0 (Twiceler-0.9 http://www.cuil.com/twiceler/robot.html)"
93.122.223.221 - - [19/Sep/2008:21:30:02 +0200] "GET /zampa-lovers/DRAGAN_Z.JPG HTTP/1.1" 200 6850 "http://various-euro.com/zampa-lovers/index.html" "Mozilla/4.0 (compatible; MSIE 6.0; Windows NT 5.1; SV1)"
93.122.223.221 - - [19/Sep/2008:21:30:05 +0200] "GET /zampa-lovers/ZAMPAMA2.MPG HTTP/1.1" 200 63492 "-" "Windows-Media-Player/9.00.00.3349"
93.122.223.221 - - [19/Sep/2008:21:30:00 +0200] "GET /zampa-lovers/index.html HTTP/1.1" 200 37790 "http://search.burn4freee-toolbar.com/search?p=Q&ts=v7&w=kupleraj" "Mozilla/4.0 (compatible; MSIE 6.0; Windows NT 5.1; SV1)"
93.122.223.221 - - [19/Sep/2008:21:30:07 +0200] "GET /zampa-lovers/WASISTMI1.MPG HTTP/1.1" 200 271221 "-" "Windows-Media-Player/9.00.00.3349"
93.122.223.221 - - [19/Sep/2008:21:30:09 +0200] "GET /zampa-lovers/ZAMPAMAS.MPG HTTP/1.1" 200 520196 "-" "Windows-Media-Player/9.00.00.3349"
93.122.223.221 - - [19/Sep/2008:21:30:09 +0200] "GET /zampa-lovers/ZAMPAMA2.MPG HTTP/1.1" 206 60915 "-" "Mozilla/4.0 (compatible; MSIE 6.0; Windows NT 5.1; SV1)"
93.122.223.221 - - [19/Sep/2008:21:30:12 +0200] "GET /zampa-lovers/WASISTMI1.MPG HTTP/1.1" 206 268647 "-" "Mozilla/4.0 (compatible; MSIE 6.0; Windows NT 5.1; SV1)"
93.122.223.221 - - [19/Sep/2008:21:30:16 +0200] "GET /zampa-lovers/ZAMPAMAS.MPG HTTP/1.1" 206 517622 "-" "Mozilla/4.0 (compatible; MSIE 6.0; Windows NT 5.1; SV1)"
65.55.211.174 - - [19/Sep/2008:21:34:37 +0200] "GET /robots.txt HTTP/1.1" 200 64 "-" "msnbot/1.1 (+http://search.msn.com/msnbot.htm)"
65.55.211.174 - - [19/Sep/2008:21:34:37 +0200] "GET /3dsf3/sendi/index.html HTTP/1.1" 200 1837 "-" "msnbot/1.1 (+http://search.msn.com/msnbot.htm)"
65.55.211.168 - - [19/Sep/2008:21:36:53 +0200] "GET /robots.txt HTTP/1.1" 200 64 "-" "msnbot/1.1 (+http://search.msn.com/msnbot.htm)"
65.55.211.168 - - [19/Sep/2008:21:36:53 +0200] "GET /3dsf3/sendi/sendisendi.html HTTP/1.1" 200 5118 "-" "msnbot/1.1 (+http://search.msn.com/msnbot.htm)"
66.249.65.169 - - [19/Sep/2008:21:51:36 +0200] "GET /framez-sponsor.html HTTP/1.1" 200 4325 "-" "Mozilla/5.0 (compatible; Googlebot/2.1; +http://www.google.com/bot.html)"
91.205.124.4 - - [19/Sep/2008:22:19:33 +0200] "GET /robots.txt HTTP/1.1" 200 64 "-" "Yanga WorldSearch Bot v1.1/beta (http://www.yanga.co.uk/)"
208.66.193.164 - - [19/Sep/2008:22:19:33 +0200] "GET / HTTP/1.1" 200 7869 "-" "Yanga WorldSearch Bot v1.1/beta (http://www.yanga.co.uk/)"
77.88.26.27 - - [19/Sep/2008:22:38:41 +0200] "GET /robots.txt HTTP/1.1" 200 64 "-" "Yandex/1.01.001 (compatible; Win16; I)"
77.88.26.27 - - [19/Sep/2008:22:38:41 +0200] "GET / HTTP/1.1" 200 7869 "-" "Yandex/1.01.001 (compatible; Win16; I)"
77.29.226.14 - - [19/Sep/2008:22:50:37 +0200] "GET /zampa-lovers/index.html HTTP/1.1" 200 37790 "http://search.bearshare.com/intl/webResults.html?q=praistorija&hl=en&o=10596&page=1&lr=1&src=hmp_intl" "Mozilla/5.0 (Windows; U; Windows NT 5.1; mk; rv:1.9.0.1) Gecko/2008070208 Firefox/3.0.1"
77.29.226.14 - - [19/Sep/2008:22:50:38 +0200] "GET /zampa-lovers/kralle.gif HTTP/1.1" 404 2748 "http://various-euro.com/zampa-lovers/index.html" "Mozilla/5.0 (Windows; U; Windows NT 5.1; mk; rv:1.9.0.1) Gecko/2008070208 Firefox/3.0.1"
77.29.226.14 - - [19/Sep/2008:22:50:38 +0200] "GET /zampa-lovers/DRAGAN_Z.JPG HTTP/1.1" 200 6850 "http://various-euro.com/zampa-lovers/index.html" "Mozilla/5.0 (Windows; U; Windows NT 5.1; mk; rv:1.9.0.1) Gecko/2008070208 Firefox/3.0.1"
77.29.226.14 - - [19/Sep/2008:22:50:38 +0200] "GET /zampa-lovers/MILIZA_B.JPG HTTP/1.1" 200 10947 "http://various-euro.com/zampa-lovers/index.html" "Mozilla/5.0 (Windows; U; Windows NT 5.1; mk; rv:1.9.0.1) Gecko/2008070208 Firefox/3.0.1"
77.29.226.14 - - [19/Sep/2008:22:50:38 +0200] "GET /zampa-lovers/MILIZA_4.JPG HTTP/1.1" 200 9946 "http://various-euro.com/zampa-lovers/index.html" "Mozilla/5.0 (Windows; U; Windows NT 5.1; mk; rv:1.9.0.1) Gecko/2008070208 Firefox/3.0.1"
77.29.226.14 - - [19/Sep/2008:22:50:38 +0200] "GET /zampa-lovers/ZAMPAMA2.MPG HTTP/1.1" 200 63492 "http://various-euro.com/zampa-lovers/index.html" "Mozilla/5.0 (Windows; U; Windows NT 5.1; mk; rv:1.9.0.1) Gecko/2008070208 Firefox/3.0.1"
77.29.226.14 - - [19/Sep/2008:22:50:38 +0200] "GET /zampa-lovers/zampa.ICO HTTP/1.1" 200 7134 "-" "Mozilla/5.0 (Windows; U; Windows NT 5.1; mk; rv:1.9.0.1) Gecko/2008070208 Firefox/3.0.1"
77.29.226.14 - - [19/Sep/2008:22:50:38 +0200] "GET /zampa-lovers/MILIZA_2.JPG HTTP/1.1" 200 22172 "http://various-euro.com/zampa-lovers/index.html" "Mozilla/5.0 (Windows; U; Windows NT 5.1; mk; rv:1.9.0.1) Gecko/2008070208 Firefox/3.0.1"
77.29.226.14 - - [19/Sep/2008:22:50:38 +0200] "GET /zampa-lovers/MILIZA_3.JPG HTTP/1.1" 200 26924 "http://various-euro.com/zampa-lovers/index.html" "Mozilla/5.0 (Windows; U; Windows NT 5.1; mk; rv:1.9.0.1) Gecko/2008070208 Firefox/3.0.1"
77.29.226.14 - - [19/Sep/2008:22:50:39 +0200] "GET /zampa-lovers/Kralle.gif HTTP/1.1" 200 260 "http://various-euro.com/zampa-lovers/index.html" "Mozilla/5.0 (Windows; U; Windows NT 5.1; mk; rv:1.9.0.1) Gecko/2008070208 Firefox/3.0.1"
77.29.226.14 - - [19/Sep/2008:22:50:39 +0200] "GET /zampa-lovers/DRAGANZA.JPG HTTP/1.1" 200 18560 "http://various-euro.com/zampa-lovers/index.html" "Mozilla/5.0 (Windows; U; Windows NT 5.1; mk; rv:1.9.0.1) Gecko/2008070208 Firefox/3.0.1"
77.29.226.14 - - [19/Sep/2008:22:50:40 +0200] "GET /zampa-lovers/zampa-2X2.gif HTTP/1.1" 200 6948 "http://various-euro.com/zampa-lovers/index.html" "Mozilla/5.0 (Windows; U; Windows NT 5.1; mk; rv:1.9.0.1) Gecko/2008070208 Firefox/3.0.1"
77.29.226.14 - - [19/Sep/2008:22:50:39 +0200] "GET /zampa-lovers/2SEITEVE.GIF HTTP/1.1" 200 83466 "http://various-euro.com/zampa-lovers/index.html" "Mozilla/5.0 (Windows; U; Windows NT 5.1; mk; rv:1.9.0.1) Gecko/2008070208 Firefox/3.0.1"
