67.202.46.67 - - [16/Sep/2008:00:34:35 +0200] "GET /framez-restate.html HTTP/1.1" 200 4328 "http://www.various-euro.com/restate_copy.html" "Mozilla/5.0 (X11; U; Linux i686; en-US; rv:1.9b4pre) Gecko/2008022910 Viewzi/0.1"
67.202.46.67 - - [16/Sep/2008:00:34:35 +0200] "GET /frame-menu.html HTTP/1.1" 200 10536 "http://www.various-euro.com/framez-restate.html" "Mozilla/5.0 (X11; U; Linux i686; en-US; rv:1.9b4pre) Gecko/2008022910 Viewzi/0.1"
67.202.46.67 - - [16/Sep/2008:00:34:35 +0200] "GET /frame-unten.html HTTP/1.1" 200 5308 "http://www.various-euro.com/framez-restate.html" "Mozilla/5.0 (X11; U; Linux i686; en-US; rv:1.9b4pre) Gecko/2008022910 Viewzi/0.1"
67.202.46.67 - - [16/Sep/2008:00:34:35 +0200] "GET /style/various-euro.css HTTP/1.1" 200 3437 "http://www.various-euro.com/frame-menu.html" "Mozilla/5.0 (X11; U; Linux i686; en-US; rv:1.9b4pre) Gecko/2008022910 Viewzi/0.1"
67.202.46.67 - - [16/Sep/2008:00:34:35 +0200] "GET /menueleiste.js HTTP/1.1" 404 2748 "http://www.various-euro.com/restate_copy.html" "Mozilla/5.0 (X11; U; Linux i686; en-US; rv:1.9b4pre) Gecko/2008022910 Viewzi/0.1"
67.202.46.67 - - [16/Sep/2008:00:34:35 +0200] "GET /restate_copy.html HTTP/1.1" 200 97631 "http://www.various-euro.com/framez-restate.html" "Mozilla/5.0 (X11; U; Linux i686; en-US; rv:1.9b4pre) Gecko/2008022910 Viewzi/0.1"
67.202.46.67 - - [16/Sep/2008:00:34:36 +0200] "GET /bannerz/ve.jpg HTTP/1.1" 200 36912 "http://www.various-euro.com/frame-unten.html" "Mozilla/5.0 (X11; U; Linux i686; en-US; rv:1.9b4pre) Gecko/2008022910 Viewzi/0.1"
67.202.46.67 - - [16/Sep/2008:00:34:36 +0200] "GET /bannerz/various-euro-girl.jpg HTTP/1.1" 200 91514 "http://www.various-euro.com/frame-unten.html" "Mozilla/5.0 (X11; U; Linux i686; en-US; rv:1.9b4pre) Gecko/2008022910 Viewzi/0.1"
75.101.198.40 - - [16/Sep/2008:00:34:38 +0200] "GET / HTTP/1.1" 200 7869 "-" "Mozilla/5.0 (X11; U; Linux i686; en-US; rv:1.9b4pre) Gecko/2008022910 Viewzi/0.1"
75.101.198.40 - - [16/Sep/2008:00:34:39 +0200] "GET /style/various-euro.css HTTP/1.1" 200 3437 "http://www.various-euro.com/" "Mozilla/5.0 (X11; U; Linux i686; en-US; rv:1.9b4pre) Gecko/2008022910 Viewzi/0.1"
75.101.198.40 - - [16/Sep/2008:00:34:39 +0200] "GET /framez_0.html HTTP/1.1" 200 12444 "http://www.various-euro.com/" "Mozilla/5.0 (X11; U; Linux i686; en-US; rv:1.9b4pre) Gecko/2008022910 Viewzi/0.1"
75.101.198.40 - - [16/Sep/2008:00:34:43 +0200] "GET /framez.html HTTP/1.1" 200 3959 "http://www.various-euro.com/framez_0.html" "Mozilla/5.0 (X11; U; Linux i686; en-US; rv:1.9b4pre) Gecko/2008022910 Viewzi/0.1"
75.101.198.40 - - [16/Sep/2008:00:34:44 +0200] "GET /frame-menu.html HTTP/1.1" 200 10536 "http://www.various-euro.com/framez.html" "Mozilla/5.0 (X11; U; Linux i686; en-US; rv:1.9b4pre) Gecko/2008022910 Viewzi/0.1"
75.101.198.40 - - [16/Sep/2008:00:34:44 +0200] "GET /frame-inhalt.html HTTP/1.1" 200 5418 "http://www.various-euro.com/framez.html" "Mozilla/5.0 (X11; U; Linux i686; en-US; rv:1.9b4pre) Gecko/2008022910 Viewzi/0.1"
75.101.198.40 - - [16/Sep/2008:00:34:44 +0200] "GET /frame-unten.html HTTP/1.1" 200 5308 "http://www.various-euro.com/framez.html" "Mozilla/5.0 (X11; U; Linux i686; en-US; rv:1.9b4pre) Gecko/2008022910 Viewzi/0.1"
75.101.198.40 - - [16/Sep/2008:00:34:44 +0200] "GET /bannerz/neon_click_3.gif HTTP/1.1" 200 240 "http://www.various-euro.com/frame-inhalt.html" "Mozilla/5.0 (X11; U; Linux i686; en-US; rv:1.9b4pre) Gecko/2008022910 Viewzi/0.1"
75.101.198.40 - - [16/Sep/2008:00:34:44 +0200] "GET /eurosign3.gif HTTP/1.1" 200 7879 "http://www.various-euro.com/frame-inhalt.html" "Mozilla/5.0 (X11; U; Linux i686; en-US; rv:1.9b4pre) Gecko/2008022910 Viewzi/0.1"
75.101.198.40 - - [16/Sep/2008:00:34:44 +0200] "GET /bannerz/goolag_468.jpg HTTP/1.1" 200 28285 "http://www.various-euro.com/frame-inhalt.html" "Mozilla/5.0 (X11; U; Linux i686; en-US; rv:1.9b4pre) Gecko/2008022910 Viewzi/0.1"
75.101.198.40 - - [16/Sep/2008:00:34:44 +0200] "GET /bannerz/neon_click_1.gif HTTP/1.1" 200 890 "http://www.various-euro.com/frame-inhalt.html" "Mozilla/5.0 (X11; U; Linux i686; en-US; rv:1.9b4pre) Gecko/2008022910 Viewzi/0.1"
66.249.65.2 - - [16/Sep/2008:00:36:15 +0200] "GET /robots.txt HTTP/1.1" 200 64 "-" "Mozilla/5.0 (compatible; Googlebot/2.1; +http://www.google.com/bot.html)"
66.249.65.2 - - [16/Sep/2008:00:36:15 +0200] "GET / HTTP/1.1" 200 7869 "-" "Mozilla/5.0 (compatible; Googlebot/2.1; +http://www.google.com/bot.html)"
65.98.224.2 - - [16/Sep/2008:00:50:47 +0200] "GET /robots.txt HTTP/1.0" 200 64 "-" "TurnitinBot/2.1 (http://www.turnitin.com/robot/crawlerinfo.html)"
65.98.224.2 - - [16/Sep/2008:00:51:38 +0200] "GET /DgH/ HTTP/1.0" 200 5024 "-" "TurnitinBot/2.1 (http://www.turnitin.com/robot/crawlerinfo.html)"
65.98.224.2 - - [16/Sep/2008:00:52:17 +0200] "GET /zampa-lovers/index.html HTTP/1.0" 200 37790 "-" "TurnitinBot/2.1 (http://www.turnitin.com/robot/crawlerinfo.html)"
65.98.224.2 - - [16/Sep/2008:00:53:01 +0200] "GET /schubb/schubb-5.html HTTP/1.0" 200 72944 "-" "TurnitinBot/2.1 (http://www.turnitin.com/robot/crawlerinfo.html)"
65.98.224.2 - - [16/Sep/2008:00:53:42 +0200] "GET /f-other.html HTTP/1.0" 200 33189 "-" "TurnitinBot/2.1 (http://www.turnitin.com/robot/crawlerinfo.html)"
65.98.224.2 - - [16/Sep/2008:00:54:23 +0200] "GET /schubb/schubb-2.html HTTP/1.0" 200 16660 "-" "TurnitinBot/2.1 (http://www.turnitin.com/robot/crawlerinfo.html)"
65.98.224.2 - - [16/Sep/2008:00:54:53 +0200] "GET /frame-menu.html HTTP/1.0" 200 10536 "-" "TurnitinBot/2.1 (http://www.turnitin.com/robot/crawlerinfo.html)"
74.6.17.186 - - [16/Sep/2008:01:22:42 +0200] "GET /neon/euro.html HTTP/1.0" 200 2212 "-" "Mozilla/5.0 (compatible; Yahoo! Slurp; http://help.yahoo.com/help/us/ysearch/slurp)"
78.137.24.35 - - [16/Sep/2008:01:29:44 +0200] "GET /framez-schubb5.html HTTP/1.0" 200 4330 "http://www.various-euro.com/framez-schubb5.html" "Mozilla/4.61 [en] (X11; U; ) - BrowseX (2.0.0 Windows)"
78.137.24.35 - - [16/Sep/2008:01:29:44 +0200] "GET /frame-menu.html HTTP/1.0" 200 10536 "http://www.various-euro.com/frame-menu.html" "Mozilla/4.61 [en] (X11; U; ) - BrowseX (2.0.0 Windows)"
78.137.24.35 - - [16/Sep/2008:01:29:47 +0200] "GET /schubb/schubb-5.html HTTP/1.0" 200 72944 "http://www.various-euro.com/schubb/schubb-5.html" "Mozilla/4.61 [en] (X11; U; ) - BrowseX (2.0.0 Windows)"
78.137.24.35 - - [16/Sep/2008:01:29:56 +0200] "GET /frame-unten.html HTTP/1.0" 200 5308 "http://www.various-euro.com/frame-unten.html" "Mozilla/4.61 [en] (X11; U; ) - BrowseX (2.0.0 Windows)"
66.249.65.2 - - [16/Sep/2008:01:36:10 +0200] "GET /framez.html HTTP/1.1" 200 3959 "-" "Mozilla/5.0 (compatible; Googlebot/2.1; +http://www.google.com/bot.html)"
66.249.65.2 - - [16/Sep/2008:01:41:46 +0200] "GET /framez-rez.html HTTP/1.1" 200 4323 "-" "Mozilla/5.0 (compatible; Googlebot/2.1; +http://www.google.com/bot.html)"
77.91.224.4 - - [16/Sep/2008:01:53:27 +0200] "GET /robots.txt HTTP/1.1" 200 64 "-" "Yanga WorldSearch Bot v1.1/beta (http://www.yanga.co.uk/)"
208.66.193.164 - - [16/Sep/2008:01:53:27 +0200] "GET / HTTP/1.1" 200 7869 "-" "Yanga WorldSearch Bot v1.1/beta (http://www.yanga.co.uk/)"
64.246.165.190 - - [16/Sep/2008:01:55:02 +0200] "GET /robots.txt HTTP/1.0" 200 64 "http://www.whois.sc/" "SurveyBot/2.3 (Whois Source)"
64.246.165.190 - - [16/Sep/2008:01:55:02 +0200] "GET / HTTP/1.1" 206 7869 "http://www.whois.sc/various-euro.com" "SurveyBot/2.3 (Whois Source)"
202.179.180.45 - - [16/Sep/2008:02:01:31 +0200] "GET /robots.txt HTTP/1.1" 200 64 "-" "Mozilla/4.0 (compatible; NaverBot/1.0; http://help.naver.com/delete_main.asp)"
202.179.180.45 - - [16/Sep/2008:02:01:37 +0200] "GET / HTTP/1.1" 200 7869 "-" "Mozilla/4.0 (compatible; NaverBot/1.0; http://help.naver.com/delete_main.asp)"
38.108.180.37 - - [16/Sep/2008:02:01:40 +0200] "GET /robots.txt HTTP/1.1" 200 64 "-" "Mozilla/5.0 (compatible; ScoutJet; +http://www.scoutjet.com/)"
38.108.180.37 - - [16/Sep/2008:02:01:56 +0200] "GET /f-other.html HTTP/1.1" 200 33189 "-" "Mozilla/5.0 (compatible; ScoutJet; +http://www.scoutjet.com/)"
38.108.180.37 - - [16/Sep/2008:02:04:49 +0200] "GET /f-sponsor.html HTTP/1.1" 200 8578 "-" "Mozilla/5.0 (compatible; ScoutJet; +http://www.scoutjet.com/)"
83.233.180.150 - - [16/Sep/2008:02:05:12 +0200] "GET / HTTP/1.1" 200 7869 "-" "Mozilla/5.0 (Windows; U; Windows NT 5.1; en; rv:1.8.1.8) Gecko/20071008 Firefox/2.0.0.8"
74.6.17.186 - - [16/Sep/2008:02:20:06 +0200] "GET /robots.txt HTTP/1.0" 200 64 "-" "Mozilla/5.0 (compatible; Yahoo! Slurp; http://help.yahoo.com/help/us/ysearch/slurp)"
74.6.17.186 - - [16/Sep/2008:02:20:07 +0200] "GET /DgH/watch/ HTTP/1.0" 200 2028 "-" "Mozilla/5.0 (compatible; Yahoo! Slurp; http://help.yahoo.com/help/us/ysearch/slurp)"
81.52.143.15 - - [16/Sep/2008:02:43:11 +0200] "GET http://www.various-euro.com:80/robots.txt HTTP/1.1" 200 64 "-" "Mozilla/5.0 (Windows; U; Windows NT 5.1; fr; rv:1.8.1) VoilaBot BETA 1.2 (support.voilabot@orange-ftgroup.com)"
81.52.143.15 - - [16/Sep/2008:02:43:20 +0200] "GET /warez.html HTTP/1.1" 200 9754 "-" "Mozilla/5.0 (Windows; U; Windows NT 5.1; fr; rv:1.8.1) VoilaBot BETA 1.2 (support.voilabot@orange-ftgroup.com)"
74.6.17.186 - - [16/Sep/2008:03:48:50 +0200] "GET /logs/usage_200512.html HTTP/1.0" 200 109566 "-" "Mozilla/5.0 (compatible; Yahoo! Slurp; http://help.yahoo.com/help/us/ysearch/slurp)"
74.6.17.186 - - [16/Sep/2008:05:01:23 +0200] "GET /framez-girlz.html HTTP/1.0" 200 4271 "-" "Mozilla/5.0 (compatible; Yahoo! Slurp; http://help.yahoo.com/help/us/ysearch/slurp)"
74.6.17.186 - - [16/Sep/2008:05:01:24 +0200] "GET /frame-menu.html HTTP/1.0" 200 10536 "-" "Mozilla/5.0 (compatible; Yahoo! Slurp; http://help.yahoo.com/help/us/ysearch/slurp)"
74.6.17.186 - - [16/Sep/2008:05:01:25 +0200] "GET /neon/girlz2.html HTTP/1.0" 200 2937 "-" "Mozilla/5.0 (compatible; Yahoo! Slurp; http://help.yahoo.com/help/us/ysearch/slurp)"
74.6.17.186 - - [16/Sep/2008:05:01:26 +0200] "GET /frame-unten.html HTTP/1.0" 200 5308 "-" "Mozilla/5.0 (compatible; Yahoo! Slurp; http://help.yahoo.com/help/us/ysearch/slurp)"
84.200.227.138 - - [16/Sep/2008:05:56:23 +0200] "GET / HTTP/1.1" 200 7869 "http://www.8bo.de" "8bo Crawler Bot"
83.233.180.150 - - [16/Sep/2008:06:15:59 +0200] "GET /join2.html?jpage=../../../../../../../../../../../etc/passwd HTTP/1.1" 404 2748 "-" "Mozilla/5.0 (Windows; U; Windows NT 5.1; en; rv:1.8.1.8) Gecko/20071008 Firefox/2.0.0.8"
81.52.143.16 - - [16/Sep/2008:06:17:12 +0200] "GET /frame-unten.html HTTP/1.1" 200 5308 "-" "Mozilla/5.0 (Windows; U; Windows NT 5.1; fr; rv:1.8.1) VoilaBot BETA 1.2 (support.voilabot@orange-ftgroup.com)"
83.233.180.150 - - [16/Sep/2008:06:23:52 +0200] "GET /cgi-bin/join.html?jpage=../../../../../../../../../../../etc/passwd HTTP/1.1" 404 2748 "-" "Mozilla/5.0 (Windows; U; Windows NT 5.1; en; rv:1.8.1.8) Gecko/20071008 Firefox/2.0.0.8"
193.252.149.15 - - [16/Sep/2008:06:39:22 +0200] "GET http://various-euro.com:80/robots.txt HTTP/1.1" 200 64 "-" "Mozilla/5.0 (Windows; U; Windows NT 5.1; fr; rv:1.8.1) VoilaBot BETA 1.2 (support.voilabot@orange-ftgroup.com)"
193.252.149.15 - - [16/Sep/2008:06:39:40 +0200] "GET /warez.html HTTP/1.1" 200 9754 "-" "Mozilla/5.0 (Windows; U; Windows NT 5.1; fr; rv:1.8.1) VoilaBot BETA 1.2 (support.voilabot@orange-ftgroup.com)"
83.233.180.150 - - [16/Sep/2008:07:07:19 +0200] "GET /join.html?jpage=../../../../../../../../../../../etc/passwd HTTP/1.1" 404 2748 "-" "Mozilla/5.0 (Windows; U; Windows NT 5.1; en; rv:1.8.1.8) Gecko/20071008 Firefox/2.0.0.8"
83.233.180.150 - - [16/Sep/2008:07:08:58 +0200] "GET /join.htm?jpage=../../../../../../../../../../../etc/passwd HTTP/1.1" 404 2748 "-" "Mozilla/5.0 (Windows; U; Windows NT 5.1; en; rv:1.8.1.8) Gecko/20071008 Firefox/2.0.0.8"
77.88.26.27 - - [16/Sep/2008:07:24:54 +0200] "GET /robots.txt HTTP/1.1" 200 64 "-" "Yandex/1.01.001 (compatible; Win16; I)"
77.88.26.27 - - [16/Sep/2008:07:24:54 +0200] "GET / HTTP/1.1" 200 7869 "-" "Yandex/1.01.001 (compatible; Win16; I)"
77.91.224.4 - - [16/Sep/2008:07:39:55 +0200] "GET /robots.txt HTTP/1.1" 200 64 "-" "Yanga WorldSearch Bot v1.1/beta (http://www.yanga.co.uk/)"
77.91.224.4 - - [16/Sep/2008:07:39:55 +0200] "GET /frame-menu.html HTTP/1.1" 200 10536 "-" "Yanga WorldSearch Bot v1.1/beta (http://www.yanga.co.uk/)"
83.233.180.150 - - [16/Sep/2008:07:40:01 +0200] "GET /cgi-bin/join.htm?jpage=../../../../../../../../../../../etc/passwd HTTP/1.1" 404 2748 "-" "Mozilla/5.0 (Windows; U; Windows NT 5.1; en; rv:1.8.1.8) Gecko/20071008 Firefox/2.0.0.8"
77.91.224.4 - - [16/Sep/2008:07:40:38 +0200] "GET /f-rez.html HTTP/1.1" 200 9765 "-" "Yanga WorldSearch Bot v1.1/beta (http://www.yanga.co.uk/)"
38.108.180.10 - - [16/Sep/2008:07:41:21 +0200] "GET /robots.txt HTTP/1.1" 200 64 "-" "Mozilla/5.0 (compatible; ScoutJet; +http://www.scoutjet.com/)"
77.91.224.4 - - [16/Sep/2008:07:41:37 +0200] "GET /frame-unten.html HTTP/1.1" 200 5308 "-" "Yanga WorldSearch Bot v1.1/beta (http://www.yanga.co.uk/)"
38.108.180.10 - - [16/Sep/2008:07:41:37 +0200] "GET /warez.html HTTP/1.1" 200 9754 "-" "Mozilla/5.0 (compatible; ScoutJet; +http://www.scoutjet.com/)"
77.91.224.4 - - [16/Sep/2008:07:41:37 +0200] "GET /bannerz/ve.jpg HTTP/1.1" 200 36912 "-" "Yanga WorldSearch Bot v1.1/beta (http://www.yanga.co.uk/)"
38.108.180.10 - - [16/Sep/2008:07:48:17 +0200] "GET /zampa/montenegro/index.html HTTP/1.1" 200 2651 "-" "Mozilla/5.0 (compatible; ScoutJet; +http://www.scoutjet.com/)"
38.108.180.10 - - [16/Sep/2008:07:50:29 +0200] "GET /neon/left-one-new.html HTTP/1.1" 200 1483 "-" "Mozilla/5.0 (compatible; ScoutJet; +http://www.scoutjet.com/)"
38.108.180.10 - - [16/Sep/2008:07:54:06 +0200] "GET /neon/click.html HTTP/1.1" 200 521 "-" "Mozilla/5.0 (compatible; ScoutJet; +http://www.scoutjet.com/)"
38.108.180.10 - - [16/Sep/2008:07:56:47 +0200] "GET /bmpp/18.html HTTP/1.1" 200 4467 "-" "Mozilla/5.0 (compatible; ScoutJet; +http://www.scoutjet.com/)"
38.108.180.10 - - [16/Sep/2008:07:57:20 +0200] "GET /neon/biggtani.html HTTP/1.1" 200 1698 "-" "Mozilla/5.0 (compatible; ScoutJet; +http://www.scoutjet.com/)"
38.108.180.10 - - [16/Sep/2008:07:59:02 +0200] "GET /DgH/ HTTP/1.1" 200 5024 "-" "Mozilla/5.0 (compatible; ScoutJet; +http://www.scoutjet.com/)"
38.108.180.10 - - [16/Sep/2008:08:02:21 +0200] "GET /zampa/lybia/index.html HTTP/1.1" 200 3036 "-" "Mozilla/5.0 (compatible; ScoutJet; +http://www.scoutjet.com/)"
83.233.180.150 - - [16/Sep/2008:08:02:44 +0200] "GET /join2.htm?jpage=../../../../../../../../../../../etc/passwd HTTP/1.1" 404 2748 "-" "Mozilla/5.0 (Windows; U; Windows NT 5.1; en; rv:1.8.1.8) Gecko/20071008 Firefox/2.0.0.8"
38.108.180.10 - - [16/Sep/2008:08:04:22 +0200] "GET /zampa/montenegro/dajpare.html HTTP/1.1" 200 2503 "-" "Mozilla/5.0 (compatible; ScoutJet; +http://www.scoutjet.com/)"
38.108.180.10 - - [16/Sep/2008:08:04:55 +0200] "GET /DgH/bull/ HTTP/1.1" 200 1915 "-" "Mozilla/5.0 (compatible; ScoutJet; +http://www.scoutjet.com/)"
74.6.17.186 - - [16/Sep/2008:08:52:23 +0200] "GET /zampa/montenegro/contributions.html HTTP/1.0" 200 18843 "-" "Mozilla/5.0 (compatible; Yahoo! Slurp; http://help.yahoo.com/help/us/ysearch/slurp)"
89.216.140.59 - - [16/Sep/2008:09:25:30 +0200] "GET /zampa-lovers/kralle.gif HTTP/1.1" 404 2748 "http://various-euro.com/zampa-lovers/index.html" "Mozilla/5.0 (Windows; U; Windows NT 5.1; en-US; rv:1.8.1.16) Gecko/20080702 Firefox/2.0.0.16"
89.216.140.59 - - [16/Sep/2008:09:25:30 +0200] "GET /zampa-lovers/zampa.ICO HTTP/1.1" 200 7134 "-" "Mozilla/5.0 (Windows; U; Windows NT 5.1; en-US; rv:1.8.1.16) Gecko/20080702 Firefox/2.0.0.16"
89.216.140.59 - - [16/Sep/2008:09:25:30 +0200] "GET /zampa-lovers/index.html HTTP/1.1" 200 37790 "http://uk.ask.com/web?q=vijagra&qsrc=999&o=10000457&l=dis&siteid=10000457&qid=8E000C311A6975D04A0A23A4729DF044&page=4&jss=1" "Mozilla/5.0 (Windows; U; Windows NT 5.1; en-US; rv:1.8.1.16) Gecko/20080702 Firefox/2.0.0.16"
89.216.140.59 - - [16/Sep/2008:09:25:30 +0200] "GET /zampa-lovers/DRAGAN_Z.JPG HTTP/1.1" 200 6850 "http://various-euro.com/zampa-lovers/index.html" "Mozilla/5.0 (Windows; U; Windows NT 5.1; en-US; rv:1.8.1.16) Gecko/20080702 Firefox/2.0.0.16"
89.216.140.59 - - [16/Sep/2008:09:25:31 +0200] "GET /zampa-lovers/MILIZA_2.JPG HTTP/1.1" 200 22172 "http://various-euro.com/zampa-lovers/index.html" "Mozilla/5.0 (Windows; U; Windows NT 5.1; en-US; rv:1.8.1.16) Gecko/20080702 Firefox/2.0.0.16"
89.216.140.59 - - [16/Sep/2008:09:25:31 +0200] "GET /zampa-lovers/MILIZA_B.JPG HTTP/1.1" 200 10947 "http://various-euro.com/zampa-lovers/index.html" "Mozilla/5.0 (Windows; U; Windows NT 5.1; en-US; rv:1.8.1.16) Gecko/20080702 Firefox/2.0.0.16"
89.216.140.59 - - [16/Sep/2008:09:25:31 +0200] "GET /zampa-lovers/MILIZA_3.JPG HTTP/1.1" 200 26924 "http://various-euro.com/zampa-lovers/index.html" "Mozilla/5.0 (Windows; U; Windows NT 5.1; en-US; rv:1.8.1.16) Gecko/20080702 Firefox/2.0.0.16"
89.216.140.59 - - [16/Sep/2008:09:25:31 +0200] "GET /zampa-lovers/MILIZA_4.JPG HTTP/1.1" 200 9946 "http://various-euro.com/zampa-lovers/index.html" "Mozilla/5.0 (Windows; U; Windows NT 5.1; en-US; rv:1.8.1.16) Gecko/20080702 Firefox/2.0.0.16"
89.216.140.59 - - [16/Sep/2008:09:25:31 +0200] "GET /zampa-lovers/DRAGANZA.JPG HTTP/1.1" 200 18560 "http://various-euro.com/zampa-lovers/index.html" "Mozilla/5.0 (Windows; U; Windows NT 5.1; en-US; rv:1.8.1.16) Gecko/20080702 Firefox/2.0.0.16"
89.216.140.59 - - [16/Sep/2008:09:25:31 +0200] "GET /zampa-lovers/1SEITEVE.GIF HTTP/1.1" 200 78726 "http://various-euro.com/zampa-lovers/index.html" "Mozilla/5.0 (Windows; U; Windows NT 5.1; en-US; rv:1.8.1.16) Gecko/20080702 Firefox/2.0.0.16"
89.216.140.59 - - [16/Sep/2008:09:25:32 +0200] "GET /zampa-lovers/2SEITEVE.GIF HTTP/1.1" 200 83466 "http://various-euro.com/zampa-lovers/index.html" "Mozilla/5.0 (Windows; U; Windows NT 5.1; en-US; rv:1.8.1.16) Gecko/20080702 Firefox/2.0.0.16"
89.216.140.59 - - [16/Sep/2008:09:25:33 +0200] "GET /zampa-lovers/ZAMPAMA2.MPG HTTP/1.1" 200 63492 "http://various-euro.com/zampa-lovers/index.html" "Mozilla/5.0 (Windows; U; Windows NT 5.1; en-US; rv:1.8.1.16) Gecko/20080702 Firefox/2.0.0.16"
89.216.140.59 - - [16/Sep/2008:09:25:33 +0200] "GET /zampa-lovers/WASISTMI1.MPG HTTP/1.1" 200 271221 "http://various-euro.com/zampa-lovers/index.html" "Mozilla/5.0 (Windows; U; Windows NT 5.1; en-US; rv:1.8.1.16) Gecko/20080702 Firefox/2.0.0.16"
89.216.140.59 - - [16/Sep/2008:09:25:36 +0200] "GET /zampa-lovers/Kralle.gif HTTP/1.1" 200 260 "http://various-euro.com/zampa-lovers/index.html" "Mozilla/5.0 (Windows; U; Windows NT 5.1; en-US; rv:1.8.1.16) Gecko/20080702 Firefox/2.0.0.16"
89.216.140.59 - - [16/Sep/2008:09:25:37 +0200] "GET /zampa-lovers/zampa-2X2.gif HTTP/1.1" 200 6948 "http://various-euro.com/zampa-lovers/index.html" "Mozilla/5.0 (Windows; U; Windows NT 5.1; en-US; rv:1.8.1.16) Gecko/20080702 Firefox/2.0.0.16"
89.216.140.59 - - [16/Sep/2008:09:25:38 +0200] "GET /zampa-lovers/zampamali.gif HTTP/1.1" 200 2617 "http://various-euro.com/zampa-lovers/index.html" "Mozilla/5.0 (Windows; U; Windows NT 5.1; en-US; rv:1.8.1.16) Gecko/20080702 Firefox/2.0.0.16"
89.216.140.59 - - [16/Sep/2008:09:25:36 +0200] "GET /zampa-lovers/ZAMPAMAS.MPG HTTP/1.1" 200 520196 "http://various-euro.com/zampa-lovers/index.html" "Mozilla/5.0 (Windows; U; Windows NT 5.1; en-US; rv:1.8.1.16) Gecko/20080702 Firefox/2.0.0.16"
89.216.140.59 - - [16/Sep/2008:09:25:41 +0200] "GET /framez-zampa-lovers.html HTTP/1.1" 200 4322 "http://various-euro.com/zampa-lovers/index.html" "Mozilla/5.0 (Windows; U; Windows NT 5.1; en-US; rv:1.8.1.16) Gecko/20080702 Firefox/2.0.0.16"
89.216.140.59 - - [16/Sep/2008:09:29:05 +0200] "GET /zampa-lovers/kralle.gif HTTP/1.1" 404 2748 "http://various-euro.com/zampa-lovers/index.html" "Mozilla/5.0 (Windows; U; Windows NT 5.1; en-US; rv:1.8.1.16) Gecko/20080702 Firefox/2.0.0.16"
89.216.140.59 - - [16/Sep/2008:09:29:05 +0200] "GET /zampa-lovers/index.html HTTP/1.1" 200 37790 "http://uk.ask.com/web?q=vijagra&qsrc=999&o=10000457&l=dis&siteid=10000457&qid=8E000C311A6975D04A0A23A4729DF044&page=4&jss=1" "Mozilla/5.0 (Windows; U; Windows NT 5.1; en-US; rv:1.8.1.16) Gecko/20080702 Firefox/2.0.0.16"
89.216.140.59 - - [16/Sep/2008:09:29:06 +0200] "GET /zampa-lovers/DRAGAN_Z.JPG HTTP/1.1" 200 6850 "http://various-euro.com/zampa-lovers/index.html" "Mozilla/5.0 (Windows; U; Windows NT 5.1; en-US; rv:1.8.1.16) Gecko/20080702 Firefox/2.0.0.16"
89.216.140.59 - - [16/Sep/2008:09:29:06 +0200] "GET /zampa-lovers/MILIZA_2.JPG HTTP/1.1" 200 22172 "http://various-euro.com/zampa-lovers/index.html" "Mozilla/5.0 (Windows; U; Windows NT 5.1; en-US; rv:1.8.1.16) Gecko/20080702 Firefox/2.0.0.16"
89.216.140.59 - - [16/Sep/2008:09:29:06 +0200] "GET /zampa-lovers/zampa.ICO HTTP/1.1" 200 7134 "-" "Mozilla/5.0 (Windows; U; Windows NT 5.1; en-US; rv:1.8.1.16) Gecko/20080702 Firefox/2.0.0.16"
89.216.140.59 - - [16/Sep/2008:09:29:06 +0200] "GET /zampa-lovers/MILIZA_B.JPG HTTP/1.1" 200 10947 "http://various-euro.com/zampa-lovers/index.html" "Mozilla/5.0 (Windows; U; Windows NT 5.1; en-US; rv:1.8.1.16) Gecko/20080702 Firefox/2.0.0.16"
89.216.140.59 - - [16/Sep/2008:09:29:06 +0200] "GET /zampa-lovers/MILIZA_4.JPG HTTP/1.1" 200 9946 "http://various-euro.com/zampa-lovers/index.html" "Mozilla/5.0 (Windows; U; Windows NT 5.1; en-US; rv:1.8.1.16) Gecko/20080702 Firefox/2.0.0.16"
89.216.140.59 - - [16/Sep/2008:09:29:06 +0200] "GET /zampa-lovers/MILIZA_3.JPG HTTP/1.1" 200 26924 "http://various-euro.com/zampa-lovers/index.html" "Mozilla/5.0 (Windows; U; Windows NT 5.1; en-US; rv:1.8.1.16) Gecko/20080702 Firefox/2.0.0.16"
89.216.140.59 - - [16/Sep/2008:09:29:06 +0200] "GET /zampa-lovers/DRAGANZA.JPG HTTP/1.1" 200 18560 "http://various-euro.com/zampa-lovers/index.html" "Mozilla/5.0 (Windows; U; Windows NT 5.1; en-US; rv:1.8.1.16) Gecko/20080702 Firefox/2.0.0.16"
89.216.140.59 - - [16/Sep/2008:09:29:07 +0200] "GET /zampa-lovers/2SEITEVE.GIF HTTP/1.1" 200 83466 "http://various-euro.com/zampa-lovers/index.html" "Mozilla/5.0 (Windows; U; Windows NT 5.1; en-US; rv:1.8.1.16) Gecko/20080702 Firefox/2.0.0.16"
89.216.140.59 - - [16/Sep/2008:09:29:06 +0200] "GET /zampa-lovers/1SEITEVE.GIF HTTP/1.1" 200 78726 "http://various-euro.com/zampa-lovers/index.html" "Mozilla/5.0 (Windows; U; Windows NT 5.1; en-US; rv:1.8.1.16) Gecko/20080702 Firefox/2.0.0.16"
89.216.140.59 - - [16/Sep/2008:09:29:08 +0200] "GET /zampa-lovers/ZAMPAMA2.MPG HTTP/1.1" 200 63492 "http://various-euro.com/zampa-lovers/index.html" "Mozilla/5.0 (Windows; U; Windows NT 5.1; en-US; rv:1.8.1.16) Gecko/20080702 Firefox/2.0.0.16"
89.216.140.59 - - [16/Sep/2008:09:29:08 +0200] "GET /zampa-lovers/WASISTMI1.MPG HTTP/1.1" 200 271221 "http://various-euro.com/zampa-lovers/index.html" "Mozilla/5.0 (Windows; U; Windows NT 5.1; en-US; rv:1.8.1.16) Gecko/20080702 Firefox/2.0.0.16"
89.216.140.59 - - [16/Sep/2008:09:29:14 +0200] "GET /zampa-lovers/Kralle.gif HTTP/1.1" 200 260 "http://various-euro.com/zampa-lovers/index.html" "Mozilla/5.0 (Windows; U; Windows NT 5.1; en-US; rv:1.8.1.16) Gecko/20080702 Firefox/2.0.0.16"
89.216.140.59 - - [16/Sep/2008:09:29:14 +0200] "GET /zampa-lovers/zampa-2X2.gif HTTP/1.1" 200 6948 "http://various-euro.com/zampa-lovers/index.html" "Mozilla/5.0 (Windows; U; Windows NT 5.1; en-US; rv:1.8.1.16) Gecko/20080702 Firefox/2.0.0.16"
89.216.140.59 - - [16/Sep/2008:09:29:14 +0200] "GET /zampa-lovers/zampamali.gif HTTP/1.1" 200 2617 "http://various-euro.com/zampa-lovers/index.html" "Mozilla/5.0 (Windows; U; Windows NT 5.1; en-US; rv:1.8.1.16) Gecko/20080702 Firefox/2.0.0.16"
89.216.140.59 - - [16/Sep/2008:09:29:09 +0200] "GET /zampa-lovers/ZAMPAMAS.MPG HTTP/1.1" 200 520196 "http://various-euro.com/zampa-lovers/index.html" "Mozilla/5.0 (Windows; U; Windows NT 5.1; en-US; rv:1.8.1.16) Gecko/20080702 Firefox/2.0.0.16"
89.216.140.59 - - [16/Sep/2008:09:29:16 +0200] "GET /framez-zampa-lovers.html HTTP/1.1" 200 4322 "http://various-euro.com/zampa-lovers/index.html" "Mozilla/5.0 (Windows; U; Windows NT 5.1; en-US; rv:1.8.1.16) Gecko/20080702 Firefox/2.0.0.16"
89.216.140.59 - - [16/Sep/2008:09:29:16 +0200] "GET /frame-menu.html HTTP/1.1" 200 10536 "http://various-euro.com/framez-zampa-lovers.html" "Mozilla/5.0 (Windows; U; Windows NT 5.1; en-US; rv:1.8.1.16) Gecko/20080702 Firefox/2.0.0.16"
89.216.140.59 - - [16/Sep/2008:09:29:16 +0200] "GET /ve-icon-2.ico HTTP/1.1" 200 2238 "-" "Mozilla/5.0 (Windows; U; Windows NT 5.1; en-US; rv:1.8.1.16) Gecko/20080702 Firefox/2.0.0.16"
89.216.140.59 - - [16/Sep/2008:09:29:15 +0200] "GET /zampa-lovers/zampa.gif HTTP/1.1" 200 460627 "http://various-euro.com/zampa-lovers/index.html" "Mozilla/5.0 (Windows; U; Windows NT 5.1; en-US; rv:1.8.1.16) Gecko/20080702 Firefox/2.0.0.16"
89.216.140.59 - - [16/Sep/2008:09:29:17 +0200] "GET /frame-unten.html HTTP/1.1" 200 5308 "http://various-euro.com/framez-zampa-lovers.html" "Mozilla/5.0 (Windows; U; Windows NT 5.1; en-US; rv:1.8.1.16) Gecko/20080702 Firefox/2.0.0.16"
89.216.140.59 - - [16/Sep/2008:09:29:17 +0200] "GET /style/various-euro.css HTTP/1.1" 200 3437 "http://various-euro.com/frame-menu.html" "Mozilla/5.0 (Windows; U; Windows NT 5.1; en-US; rv:1.8.1.16) Gecko/20080702 Firefox/2.0.0.16"
89.216.140.59 - - [16/Sep/2008:09:29:17 +0200] "GET /bannerz/ve.jpg HTTP/1.1" 200 36912 "http://various-euro.com/frame-unten.html" "Mozilla/5.0 (Windows; U; Windows NT 5.1; en-US; rv:1.8.1.16) Gecko/20080702 Firefox/2.0.0.16"
89.216.140.59 - - [16/Sep/2008:09:29:18 +0200] "GET /bannerz/various-euro-girl.jpg HTTP/1.1" 200 91514 "http://various-euro.com/frame-unten.html" "Mozilla/5.0 (Windows; U; Windows NT 5.1; en-US; rv:1.8.1.16) Gecko/20080702 Firefox/2.0.0.16"
89.216.140.59 - - [16/Sep/2008:09:29:17 +0200] "GET /zampa-lovers/index.html HTTP/1.1" 200 37790 "http://various-euro.com/framez-zampa-lovers.html" "Mozilla/5.0 (Windows; U; Windows NT 5.1; en-US; rv:1.8.1.16) Gecko/20080702 Firefox/2.0.0.16"
89.216.140.59 - - [16/Sep/2008:09:29:19 +0200] "GET /zampa-lovers/kralle.gif HTTP/1.1" 404 2748 "http://various-euro.com/zampa-lovers/index.html" "Mozilla/5.0 (Windows; U; Windows NT 5.1; en-US; rv:1.8.1.16) Gecko/20080702 Firefox/2.0.0.16"
89.216.140.59 - - [16/Sep/2008:09:29:19 +0200] "GET /zampa-lovers/zampa.gif HTTP/1.1" 206 301831 "http://various-euro.com/zampa-lovers/index.html" "Mozilla/5.0 (Windows; U; Windows NT 5.1; en-US; rv:1.8.1.16) Gecko/20080702 Firefox/2.0.0.16"
74.6.17.186 - - [16/Sep/2008:09:29:26 +0200] "GET /f-actions.html HTTP/1.0" 200 10429 "-" "Mozilla/5.0 (compatible; Yahoo! Slurp; http://help.yahoo.com/help/us/ysearch/slurp)"
89.216.140.59 - - [16/Sep/2008:09:25:38 +0200] "GET /zampa-lovers/zampa.gif HTTP/1.1" 200 460627 "http://various-euro.com/zampa-lovers/index.html" "Mozilla/5.0 (Windows; U; Windows NT 5.1; en-US; rv:1.8.1.16) Gecko/20080702 Firefox/2.0.0.16"
81.52.143.15 - - [16/Sep/2008:09:37:45 +0200] "GET /f-maintitle.html HTTP/1.1" 200 5030 "-" "Mozilla/5.0 (Windows; U; Windows NT 5.1; fr; rv:1.8.1) VoilaBot BETA 1.2 (support.voilabot@orange-ftgroup.com)"
38.108.180.37 - - [16/Sep/2008:10:23:18 +0200] "GET /robots.txt HTTP/1.1" 200 64 "-" "Mozilla/5.0 (compatible; ScoutJet; +http://www.scoutjet.com/)"
38.108.180.37 - - [16/Sep/2008:10:23:35 +0200] "GET /schubb/schubb-1.html HTTP/1.1" 200 9070 "-" "Mozilla/5.0 (compatible; ScoutJet; +http://www.scoutjet.com/)"
38.108.180.37 - - [16/Sep/2008:10:24:03 +0200] "GET /f-rez.html HTTP/1.1" 200 9765 "-" "Mozilla/5.0 (compatible; ScoutJet; +http://www.scoutjet.com/)"
65.214.45.224 - - [16/Sep/2008:10:46:36 +0200] "GET /robots.txt HTTP/1.0" 200 64 "-" "Mozilla/5.0 (compatible; Ask Jeeves/Teoma; +http://about.ask.com/en/docs/about/webmasters.shtml)"
65.214.45.224 - - [16/Sep/2008:10:46:36 +0200] "GET / HTTP/1.0" 200 7869 "-" "Mozilla/5.0 (compatible; Ask Jeeves/Teoma; +http://about.ask.com/en/docs/about/webmasters.shtml)"
193.48.175.109 - - [16/Sep/2008:11:10:51 +0200] "GET /bmpp/euro_pal_1.html HTTP/1.1" 200 18252 "http://search.live.com/results.aspx?q=europal.net&go=&form=QBRE" "Mozilla/4.0 (compatible; MSIE 7.0; Windows NT 5.1; .NET CLR 1.1.4322)"
193.48.175.109 - - [16/Sep/2008:11:10:55 +0200] "GET /bmpp/Bilder2/Abstandhalter.gif HTTP/1.1" 200 67 "http://www.various-euro.com/bmpp/euro_pal_1.html" "Mozilla/4.0 (compatible; MSIE 7.0; Windows NT 5.1; .NET CLR 1.1.4322)"
193.48.175.109 - - [16/Sep/2008:11:10:55 +0200] "GET /ascii/pfeile_1.gif HTTP/1.1" 200 4988 "http://www.various-euro.com/bmpp/euro_pal_1.html" "Mozilla/4.0 (compatible; MSIE 7.0; Windows NT 5.1; .NET CLR 1.1.4322)"
193.48.175.109 - - [16/Sep/2008:11:10:55 +0200] "GET /bmpp/Bilder2/fsstreiffcc_01.png HTTP/1.1" 200 2732 "http://www.various-euro.com/bmpp/euro_pal_1.html" "Mozilla/4.0 (compatible; MSIE 7.0; Windows NT 5.1; .NET CLR 1.1.4322)"
193.48.175.109 - - [16/Sep/2008:11:10:56 +0200] "GET /bmpp/Bilder2/fsstreiffcc_02.png HTTP/1.1" 200 2509 "http://www.various-euro.com/bmpp/euro_pal_1.html" "Mozilla/4.0 (compatible; MSIE 7.0; Windows NT 5.1; .NET CLR 1.1.4322)"
193.48.175.109 - - [16/Sep/2008:11:10:56 +0200] "GET /bmpp/Bilder2/fsstreiffcc_03.png HTTP/1.1" 200 2391 "http://www.various-euro.com/bmpp/euro_pal_1.html" "Mozilla/4.0 (compatible; MSIE 7.0; Windows NT 5.1; .NET CLR 1.1.4322)"
193.48.175.109 - - [16/Sep/2008:11:10:56 +0200] "GET /bmpp/Bilder2/fsstreiffcc_04.png HTTP/1.1" 200 2213 "http://www.various-euro.com/bmpp/euro_pal_1.html" "Mozilla/4.0 (compatible; MSIE 7.0; Windows NT 5.1; .NET CLR 1.1.4322)"
193.48.175.109 - - [16/Sep/2008:11:10:56 +0200] "GET /bmpp/Bilder2/fsstreiffcc_05.png HTTP/1.1" 200 2452 "http://www.various-euro.com/bmpp/euro_pal_1.html" "Mozilla/4.0 (compatible; MSIE 7.0; Windows NT 5.1; .NET CLR 1.1.4322)"
193.48.175.109 - - [16/Sep/2008:11:10:56 +0200] "GET /bmpp/Bilder2/fsstreiffcc_06.png HTTP/1.1" 200 2060 "http://www.various-euro.com/bmpp/euro_pal_1.html" "Mozilla/4.0 (compatible; MSIE 7.0; Windows NT 5.1; .NET CLR 1.1.4322)"
193.48.175.109 - - [16/Sep/2008:11:10:57 +0200] "GET /bmpp/Bilder2/fsstreiffcc_07.png HTTP/1.1" 200 287 "http://www.various-euro.com/bmpp/euro_pal_1.html" "Mozilla/4.0 (compatible; MSIE 7.0; Windows NT 5.1; .NET CLR 1.1.4322)"
193.48.175.109 - - [16/Sep/2008:11:10:57 +0200] "GET /bmpp/Bilder2/fsstreiffcc_08.png HTTP/1.1" 200 1740 "http://www.various-euro.com/bmpp/euro_pal_1.html" "Mozilla/4.0 (compatible; MSIE 7.0; Windows NT 5.1; .NET CLR 1.1.4322)"
193.48.175.109 - - [16/Sep/2008:11:10:58 +0200] "GET /bmpp/Bilder2/fsstreiffcc_09.png HTTP/1.1" 200 1796 "http://www.various-euro.com/bmpp/euro_pal_1.html" "Mozilla/4.0 (compatible; MSIE 7.0; Windows NT 5.1; .NET CLR 1.1.4322)"
193.48.175.109 - - [16/Sep/2008:11:10:58 +0200] "GET /bmpp/Bilder2/fsstreiffcc_10.png HTTP/1.1" 200 2645 "http://www.various-euro.com/bmpp/euro_pal_1.html" "Mozilla/4.0 (compatible; MSIE 7.0; Windows NT 5.1; .NET CLR 1.1.4322)"
193.48.175.109 - - [16/Sep/2008:11:10:58 +0200] "GET /bmpp/Bilder2/fsstreiffcc_11.png HTTP/1.1" 200 2558 "http://www.various-euro.com/bmpp/euro_pal_1.html" "Mozilla/4.0 (compatible; MSIE 7.0; Windows NT 5.1; .NET CLR 1.1.4322)"
193.48.175.109 - - [16/Sep/2008:11:10:58 +0200] "GET /bmpp/Bilder2/fsstreiffcc_12.png HTTP/1.1" 200 1783 "http://www.various-euro.com/bmpp/euro_pal_1.html" "Mozilla/4.0 (compatible; MSIE 7.0; Windows NT 5.1; .NET CLR 1.1.4322)"
193.48.175.109 - - [16/Sep/2008:11:10:58 +0200] "GET /bmpp/Bilder2/fsstreiffcc_13.png HTTP/1.1" 200 2817 "http://www.various-euro.com/bmpp/euro_pal_1.html" "Mozilla/4.0 (compatible; MSIE 7.0; Windows NT 5.1; .NET CLR 1.1.4322)"
193.48.175.109 - - [16/Sep/2008:11:10:59 +0200] "GET /bmpp/Bilder2/fsstreiffcc_14.png HTTP/1.1" 200 1792 "http://www.various-euro.com/bmpp/euro_pal_1.html" "Mozilla/4.0 (compatible; MSIE 7.0; Windows NT 5.1; .NET CLR 1.1.4322)"
193.48.175.109 - - [16/Sep/2008:11:10:59 +0200] "GET /bmpp/Bilder2/fsstreiffcc_15.png HTTP/1.1" 200 2614 "http://www.various-euro.com/bmpp/euro_pal_1.html" "Mozilla/4.0 (compatible; MSIE 7.0; Windows NT 5.1; .NET CLR 1.1.4322)"
193.48.175.109 - - [16/Sep/2008:11:10:59 +0200] "GET /bmpp/Bilder2/fsstreiffcc_16.png HTTP/1.1" 200 1536 "http://www.various-euro.com/bmpp/euro_pal_1.html" "Mozilla/4.0 (compatible; MSIE 7.0; Windows NT 5.1; .NET CLR 1.1.4322)"
193.48.175.109 - - [16/Sep/2008:11:10:59 +0200] "GET /bmpp/Bilder2/fsstreiffcc_17.png HTTP/1.1" 200 1288 "http://www.various-euro.com/bmpp/euro_pal_1.html" "Mozilla/4.0 (compatible; MSIE 7.0; Windows NT 5.1; .NET CLR 1.1.4322)"
193.48.175.109 - - [16/Sep/2008:11:10:59 +0200] "GET /bmpp/Bilder2/fsstreiffcc_18.png HTTP/1.1" 200 1094 "http://www.various-euro.com/bmpp/euro_pal_1.html" "Mozilla/4.0 (compatible; MSIE 7.0; Windows NT 5.1; .NET CLR 1.1.4322)"
193.48.175.109 - - [16/Sep/2008:11:10:59 +0200] "GET /bmpp/Bilder2/fsstreiffcc_19.png HTTP/1.1" 200 714 "http://www.various-euro.com/bmpp/euro_pal_1.html" "Mozilla/4.0 (compatible; MSIE 7.0; Windows NT 5.1; .NET CLR 1.1.4322)"
193.48.175.109 - - [16/Sep/2008:11:10:59 +0200] "GET /bmpp/Bilder2/fsstreiffcc_20.png HTTP/1.1" 200 357 "http://www.various-euro.com/bmpp/euro_pal_1.html" "Mozilla/4.0 (compatible; MSIE 7.0; Windows NT 5.1; .NET CLR 1.1.4322)"
193.48.175.109 - - [16/Sep/2008:11:11:00 +0200] "GET /bmpp/Bilder2/fsstreiffcc_21.png HTTP/1.1" 200 214 "http://www.various-euro.com/bmpp/euro_pal_1.html" "Mozilla/4.0 (compatible; MSIE 7.0; Windows NT 5.1; .NET CLR 1.1.4322)"
193.48.175.109 - - [16/Sep/2008:11:11:00 +0200] "GET /bmpp/Bilder2/fsstreiffcc_22.png HTTP/1.1" 200 691 "http://www.various-euro.com/bmpp/euro_pal_1.html" "Mozilla/4.0 (compatible; MSIE 7.0; Windows NT 5.1; .NET CLR 1.1.4322)"
193.48.175.109 - - [16/Sep/2008:11:11:00 +0200] "GET /bmpp/Bilder2/fsstreiffcc_23.png HTTP/1.1" 200 475 "http://www.various-euro.com/bmpp/euro_pal_1.html" "Mozilla/4.0 (compatible; MSIE 7.0; Windows NT 5.1; .NET CLR 1.1.4322)"
193.48.175.109 - - [16/Sep/2008:11:11:00 +0200] "GET /bmpp/Bilder2/fsstreiffcc_24.png HTTP/1.1" 200 737 "http://www.various-euro.com/bmpp/euro_pal_1.html" "Mozilla/4.0 (compatible; MSIE 7.0; Windows NT 5.1; .NET CLR 1.1.4322)"
193.48.175.109 - - [16/Sep/2008:11:11:00 +0200] "GET /bmpp/Bilder2/fsstreiffcc_25.png HTTP/1.1" 200 478 "http://www.various-euro.com/bmpp/euro_pal_1.html" "Mozilla/4.0 (compatible; MSIE 7.0; Windows NT 5.1; .NET CLR 1.1.4322)"
193.48.175.109 - - [16/Sep/2008:11:11:00 +0200] "GET /bmpp/Bilder2/fsstreiffcc_26.png HTTP/1.1" 200 336 "http://www.various-euro.com/bmpp/euro_pal_1.html" "Mozilla/4.0 (compatible; MSIE 7.0; Windows NT 5.1; .NET CLR 1.1.4322)"
193.48.175.109 - - [16/Sep/2008:11:11:00 +0200] "GET /bmpp/Bilder2/fsstreiffcc_27.png HTTP/1.1" 200 615 "http://www.various-euro.com/bmpp/euro_pal_1.html" "Mozilla/4.0 (compatible; MSIE 7.0; Windows NT 5.1; .NET CLR 1.1.4322)"
193.48.175.109 - - [16/Sep/2008:11:11:00 +0200] "GET /bmpp/Bilder2/fsstreiffcc_28.png HTTP/1.1" 200 595 "http://www.various-euro.com/bmpp/euro_pal_1.html" "Mozilla/4.0 (compatible; MSIE 7.0; Windows NT 5.1; .NET CLR 1.1.4322)"
193.48.175.109 - - [16/Sep/2008:11:11:00 +0200] "GET /bmpp/Bilder2/fsstreiffcc_29.png HTTP/1.1" 200 448 "http://www.various-euro.com/bmpp/euro_pal_1.html" "Mozilla/4.0 (compatible; MSIE 7.0; Windows NT 5.1; .NET CLR 1.1.4322)"
193.48.175.109 - - [16/Sep/2008:11:11:00 +0200] "GET /bmpp/Bilder2/fsstreiffcc_30.png HTTP/1.1" 200 583 "http://www.various-euro.com/bmpp/euro_pal_1.html" "Mozilla/4.0 (compatible; MSIE 7.0; Windows NT 5.1; .NET CLR 1.1.4322)"
193.48.175.109 - - [16/Sep/2008:11:11:00 +0200] "GET /bmpp/Bilder2/fsstreiffcc_31.png HTTP/1.1" 200 586 "http://www.various-euro.com/bmpp/euro_pal_1.html" "Mozilla/4.0 (compatible; MSIE 7.0; Windows NT 5.1; .NET CLR 1.1.4322)"
193.48.175.109 - - [16/Sep/2008:11:11:00 +0200] "GET /bmpp/Bilder2/fsstreiffcc_32.png HTTP/1.1" 200 605 "http://www.various-euro.com/bmpp/euro_pal_1.html" "Mozilla/4.0 (compatible; MSIE 7.0; Windows NT 5.1; .NET CLR 1.1.4322)"
193.48.175.109 - - [16/Sep/2008:11:11:00 +0200] "GET /bmpp/Bilder2/fsstreiffcc_33.png HTTP/1.1" 200 404 "http://www.various-euro.com/bmpp/euro_pal_1.html" "Mozilla/4.0 (compatible; MSIE 7.0; Windows NT 5.1; .NET CLR 1.1.4322)"
193.48.175.109 - - [16/Sep/2008:11:11:00 +0200] "GET /bmpp/Bilder2/fsstreiffcc_34.png HTTP/1.1" 200 279 "http://www.various-euro.com/bmpp/euro_pal_1.html" "Mozilla/4.0 (compatible; MSIE 7.0; Windows NT 5.1; .NET CLR 1.1.4322)"
193.48.175.109 - - [16/Sep/2008:11:11:00 +0200] "GET /bmpp/Bilder2/fsstreiffcc_35.png HTTP/1.1" 200 492 "http://www.various-euro.com/bmpp/euro_pal_1.html" "Mozilla/4.0 (compatible; MSIE 7.0; Windows NT 5.1; .NET CLR 1.1.4322)"
193.48.175.109 - - [16/Sep/2008:11:11:01 +0200] "GET /bmpp/Bilder2/fsstreiffcc_36.png HTTP/1.1" 200 458 "http://www.various-euro.com/bmpp/euro_pal_1.html" "Mozilla/4.0 (compatible; MSIE 7.0; Windows NT 5.1; .NET CLR 1.1.4322)"
193.48.175.109 - - [16/Sep/2008:11:11:01 +0200] "GET /bmpp/Bilder2/fsstreiffcc_37.png HTTP/1.1" 200 400 "http://www.various-euro.com/bmpp/euro_pal_1.html" "Mozilla/4.0 (compatible; MSIE 7.0; Windows NT 5.1; .NET CLR 1.1.4322)"
193.48.175.109 - - [16/Sep/2008:11:11:01 +0200] "GET /bmpp/Bilder2/fsstreiffcc_38.png HTTP/1.1" 200 252 "http://www.various-euro.com/bmpp/euro_pal_1.html" "Mozilla/4.0 (compatible; MSIE 7.0; Windows NT 5.1; .NET CLR 1.1.4322)"
193.48.175.109 - - [16/Sep/2008:11:11:01 +0200] "GET /bmpp/Bilder2/fsstreiffcc_39.png HTTP/1.1" 200 399 "http://www.various-euro.com/bmpp/euro_pal_1.html" "Mozilla/4.0 (compatible; MSIE 7.0; Windows NT 5.1; .NET CLR 1.1.4322)"
193.48.175.109 - - [16/Sep/2008:11:11:01 +0200] "GET /bmpp/Bilder2/fsstreiffcc_40.png HTTP/1.1" 200 354 "http://www.various-euro.com/bmpp/euro_pal_1.html" "Mozilla/4.0 (compatible; MSIE 7.0; Windows NT 5.1; .NET CLR 1.1.4322)"
193.48.175.109 - - [16/Sep/2008:11:11:01 +0200] "GET /bmpp/Bilder2/fsstreiffcc_41.png HTTP/1.1" 200 378 "http://www.various-euro.com/bmpp/euro_pal_1.html" "Mozilla/4.0 (compatible; MSIE 7.0; Windows NT 5.1; .NET CLR 1.1.4322)"
193.48.175.109 - - [16/Sep/2008:11:11:01 +0200] "GET /bmpp/Bilder2/fsstreiffcc_42.png HTTP/1.1" 200 339 "http://www.various-euro.com/bmpp/euro_pal_1.html" "Mozilla/4.0 (compatible; MSIE 7.0; Windows NT 5.1; .NET CLR 1.1.4322)"
193.48.175.109 - - [16/Sep/2008:11:11:01 +0200] "GET /bmpp/Bilder2/fsstreiffcc_43.png HTTP/1.1" 200 295 "http://www.various-euro.com/bmpp/euro_pal_1.html" "Mozilla/4.0 (compatible; MSIE 7.0; Windows NT 5.1; .NET CLR 1.1.4322)"
193.48.175.109 - - [16/Sep/2008:11:11:02 +0200] "GET /bmpp/Bilder2/fsstreiffcc_44.png HTTP/1.1" 200 249 "http://www.various-euro.com/bmpp/euro_pal_1.html" "Mozilla/4.0 (compatible; MSIE 7.0; Windows NT 5.1; .NET CLR 1.1.4322)"
193.48.175.109 - - [16/Sep/2008:11:11:02 +0200] "GET /bmpp/Bilder2/fsstreiffcc_45.png HTTP/1.1" 200 285 "http://www.various-euro.com/bmpp/euro_pal_1.html" "Mozilla/4.0 (compatible; MSIE 7.0; Windows NT 5.1; .NET CLR 1.1.4322)"
193.48.175.109 - - [16/Sep/2008:11:11:02 +0200] "GET /bmpp/Bilder2/fsstreiffcc_46.png HTTP/1.1" 200 230 "http://www.various-euro.com/bmpp/euro_pal_1.html" "Mozilla/4.0 (compatible; MSIE 7.0; Windows NT 5.1; .NET CLR 1.1.4322)"
193.48.175.109 - - [16/Sep/2008:11:11:03 +0200] "GET /favicon.ico HTTP/1.1" 404 2748 "-" "Mozilla/4.0 (compatible; MSIE 7.0; Windows NT 5.1; .NET CLR 1.1.4322)"
193.48.175.109 - - [16/Sep/2008:11:11:03 +0200] "GET /framez-pal1.html HTTP/1.1" 200 4326 "-" "Mozilla/4.0 (compatible; MSIE 7.0; Windows NT 5.1; .NET CLR 1.1.4322)"
193.48.175.109 - - [16/Sep/2008:11:11:03 +0200] "GET /frame-menu.html HTTP/1.1" 200 10536 "http://www.various-euro.com/framez-pal1.html" "Mozilla/4.0 (compatible; MSIE 7.0; Windows NT 5.1; .NET CLR 1.1.4322)"
193.48.175.109 - - [16/Sep/2008:11:11:03 +0200] "GET /bmpp/euro_pal_1.html HTTP/1.1" 200 18252 "http://www.various-euro.com/framez-pal1.html" "Mozilla/4.0 (compatible; MSIE 7.0; Windows NT 5.1; .NET CLR 1.1.4322)"
193.48.175.109 - - [16/Sep/2008:11:11:04 +0200] "GET /frame-unten.html HTTP/1.1" 200 5308 "http://www.various-euro.com/framez-pal1.html" "Mozilla/4.0 (compatible; MSIE 7.0; Windows NT 5.1; .NET CLR 1.1.4322)"
193.48.175.109 - - [16/Sep/2008:11:11:04 +0200] "GET /style/various-euro.css HTTP/1.1" 200 3437 "http://www.various-euro.com/frame-menu.html" "Mozilla/4.0 (compatible; MSIE 7.0; Windows NT 5.1; .NET CLR 1.1.4322)"
193.48.175.109 - - [16/Sep/2008:11:11:04 +0200] "GET /bannerz/ve.jpg HTTP/1.1" 200 36912 "http://www.various-euro.com/frame-unten.html" "Mozilla/4.0 (compatible; MSIE 7.0; Windows NT 5.1; .NET CLR 1.1.4322)"
193.48.175.109 - - [16/Sep/2008:11:11:06 +0200] "GET /bannerz/various-euro-girl.jpg HTTP/1.1" 200 91514 "http://www.various-euro.com/frame-unten.html" "Mozilla/4.0 (compatible; MSIE 7.0; Windows NT 5.1; .NET CLR 1.1.4322)"
193.48.175.109 - - [16/Sep/2008:11:11:12 +0200] "GET /ve-icon-2.ico HTTP/1.1" 200 2238 "-" "Mozilla/4.0 (compatible; MSIE 7.0; Windows NT 5.1; .NET CLR 1.1.4322)"
193.48.175.109 - - [16/Sep/2008:11:11:30 +0200] "GET /framez-pal1.html HTTP/1.1" 200 4326 "-" "Mozilla/4.0 (compatible; MSIE 7.0; Windows NT 5.1; .NET CLR 1.1.4322)"
193.48.175.109 - - [16/Sep/2008:11:11:30 +0200] "GET /frame-menu.html HTTP/1.1" 200 10536 "http://www.various-euro.com/framez-pal1.html" "Mozilla/4.0 (compatible; MSIE 7.0; Windows NT 5.1; .NET CLR 1.1.4322)"
193.48.175.109 - - [16/Sep/2008:11:11:30 +0200] "GET /bmpp/euro_pal_1.html HTTP/1.1" 200 18252 "http://www.various-euro.com/framez-pal1.html" "Mozilla/4.0 (compatible; MSIE 7.0; Windows NT 5.1; .NET CLR 1.1.4322)"
193.48.175.109 - - [16/Sep/2008:11:11:31 +0200] "GET /frame-unten.html HTTP/1.1" 200 5308 "http://www.various-euro.com/framez-pal1.html" "Mozilla/4.0 (compatible; MSIE 7.0; Windows NT 5.1; .NET CLR 1.1.4322)"
81.52.143.16 - - [16/Sep/2008:11:29:48 +0200] "GET /f-web.html HTTP/1.1" 200 13605 "-" "Mozilla/5.0 (Windows; U; Windows NT 5.1; fr; rv:1.8.1) VoilaBot BETA 1.2 (support.voilabot@orange-ftgroup.com)"
208.66.193.164 - - [16/Sep/2008:11:53:38 +0200] "GET / HTTP/1.1" 200 7869 "-" "Yanga WorldSearch Bot v1.1/beta (http://www.yanga.co.uk/)"
66.249.65.2 - - [16/Sep/2008:12:10:54 +0200] "GET /logs/usage_200809.html HTTP/1.1" 404 2748 "-" "Mozilla/5.0 (compatible; Googlebot/2.1; +http://www.google.com/bot.html)"
193.252.149.16 - - [16/Sep/2008:12:35:21 +0200] "GET /frame-inhalt.html HTTP/1.1" 200 5418 "-" "Mozilla/5.0 (Windows; U; Windows NT 5.1; fr; rv:1.8.1) VoilaBot BETA 1.2 (support.voilabot@orange-ftgroup.com)"
74.6.17.186 - - [16/Sep/2008:13:41:28 +0200] "GET /neon/girlz3.html HTTP/1.0" 200 2479 "-" "Mozilla/5.0 (compatible; Yahoo! Slurp; http://help.yahoo.com/help/us/ysearch/slurp)"
193.252.149.16 - - [16/Sep/2008:13:51:55 +0200] "GET /neon/left-one-new.html HTTP/1.1" 200 1483 "-" "Mozilla/5.0 (Windows; U; Windows NT 5.1; fr; rv:1.8.1) VoilaBot BETA 1.2 (support.voilabot@orange-ftgroup.com)"
74.6.17.186 - - [16/Sep/2008:14:08:46 +0200] "GET /robots.txt HTTP/1.0" 200 64 "-" "Mozilla/5.0 (compatible; Yahoo! Slurp; http://help.yahoo.com/help/us/ysearch/slurp)"
74.6.17.186 - - [16/Sep/2008:14:08:46 +0200] "GET /zampa-lovers/index.html HTTP/1.0" 200 37790 "-" "Mozilla/5.0 (compatible; Yahoo! Slurp; http://help.yahoo.com/help/us/ysearch/slurp)"
74.6.17.186 - - [16/Sep/2008:14:09:02 +0200] "GET /f-net.html HTTP/1.0" 200 9913 "-" "Mozilla/5.0 (compatible; Yahoo! Slurp; http://help.yahoo.com/help/us/ysearch/slurp)"
74.6.17.186 - - [16/Sep/2008:14:14:32 +0200] "GET /f-bannnerz.html HTTP/1.0" 200 12651 "-" "Mozilla/5.0 (compatible; Yahoo! Slurp; http://help.yahoo.com/help/us/ysearch/slurp)"
74.6.8.102 - - [16/Sep/2008:14:15:41 +0200] "GET /robots.txt HTTP/1.0" 302 363 "-" "Mozilla/5.0 (compatible; Yahoo! Slurp; http://help.yahoo.com/help/us/ysearch/slurp)"
74.6.8.102 - - [16/Sep/2008:14:15:42 +0200] "GET /zampa/robots.txt HTTP/1.0" 404 2748 "-" "Mozilla/5.0 (compatible; Yahoo! Slurp; http://help.yahoo.com/help/us/ysearch/slurp)"
74.6.8.102 - - [16/Sep/2008:14:15:42 +0200] "GET / HTTP/1.0" 302 353 "-" "Mozilla/5.0 (compatible; Yahoo! Slurp; http://help.yahoo.com/help/us/ysearch/slurp)"
74.6.17.186 - - [16/Sep/2008:14:15:43 +0200] "GET /zampa/ HTTP/1.0" 200 7153 "-" "Mozilla/5.0 (compatible; Yahoo! Slurp; http://help.yahoo.com/help/us/ysearch/slurp)"
74.6.17.186 - - [16/Sep/2008:14:20:26 +0200] "GET /logs/usage_200508.html HTTP/1.0" 200 109784 "-" "Mozilla/5.0 (compatible; Yahoo! Slurp; http://help.yahoo.com/help/us/ysearch/slurp)"
209.216.63.55 - - [16/Sep/2008:14:22:58 +0200] "GET / HTTP/1.1" 200 7869 "-" "Mozilla/5.0 (compatible; RSSMicro.com RSS/Atom Feed Robot)"
74.6.17.186 - - [16/Sep/2008:14:25:11 +0200] "GET / HTTP/1.0" 200 7869 "-" "Mozilla/5.0 (compatible; Yahoo! Slurp; http://help.yahoo.com/help/us/ysearch/slurp)"
74.6.17.186 - - [16/Sep/2008:14:51:51 +0200] "GET /f-sponsor.html HTTP/1.0" 200 8578 "-" "Mozilla/5.0 (compatible; Yahoo! Slurp; http://help.yahoo.com/help/us/ysearch/slurp)"
88.217.29.92 - - [16/Sep/2008:18:03:42 +0200] "GET /cgi-bin/join.html?jpage=/../../../../../../../../../../../etc/passwd HTTP/1.1" 404 2748 "http://various-euro.com/cgi-bin/join.html?jpage=/../../../../../../../../../../../etc/passwd" "Mozilla/4.0 (compatible; MSIE 6.0; Windows NT 5.1)"
88.217.29.92 - - [16/Sep/2008:18:03:42 +0200] "GET /join.html?jpage=/../../../../../../../../../../../etc/passwd HTTP/1.1" 404 2748 "http://various-euro.com/join.html?jpage=/../../../../../../../../../../../etc/passwd" "Mozilla/4.0 (compatible; MSIE 6.0; Windows NT 5.1)"
88.217.29.92 - - [16/Sep/2008:18:03:42 +0200] "GET /join2.html?jpage=/../../../../../../../../../../../etc/passwd HTTP/1.1" 404 2748 "http://various-euro.com/join2.html?jpage=/../../../../../../../../../../../etc/passwd" "Mozilla/4.0 (compatible; MSIE 6.0; Windows NT 5.1)"
88.217.29.92 - - [16/Sep/2008:18:03:43 +0200] "GET /cgi-bin/join.htm?jpage=/../../../../../../../../../../../etc/passwd HTTP/1.1" 404 2748 "http://various-euro.com/cgi-bin/join.htm?jpage=/../../../../../../../../../../../etc/passwd" "Mozilla/4.0 (compatible; MSIE 6.0; Windows NT 5.1)"
88.217.29.92 - - [16/Sep/2008:18:03:44 +0200] "GET /join.htm?jpage=/../../../../../../../../../../../etc/passwd HTTP/1.1" 404 2748 "http://various-euro.com/join.htm?jpage=/../../../../../../../../../../../etc/passwd" "Mozilla/4.0 (compatible; MSIE 6.0; Windows NT 5.1)"
88.217.29.92 - - [16/Sep/2008:18:03:44 +0200] "GET /join2.htm?jpage=/../../../../../../../../../../../etc/passwd HTTP/1.1" 404 2748 "http://various-euro.com/join2.htm?jpage=/../../../../../../../../../../../etc/passwd" "Mozilla/4.0 (compatible; MSIE 6.0; Windows NT 5.1)"
88.217.29.92 - - [16/Sep/2008:18:03:44 +0200] "GET /index.php?c=../../../../../../etc/passwd%00 HTTP/1.1" 404 2748 "http://various-euro.com/index.php?c=../../../../../../etc/passwd%00" "Mozilla/4.0 (compatible; MSIE 6.0; Windows NT 5.1)"
88.217.29.92 - - [16/Sep/2008:18:03:44 +0200] "GET /cgi-bin/index.php?c=../../../../../../etc/passwd%00 HTTP/1.1" 404 2748 "http://various-euro.com/cgi-bin/index.php?c=../../../../../../etc/passwd%00" "Mozilla/4.0 (compatible; MSIE 6.0; Windows NT 5.1)"
88.217.29.92 - - [16/Sep/2008:18:03:45 +0200] "GET /ccbill/index.php?c=../../../../../../etc/passwd%00 HTTP/1.1" 404 2748 "http://various-euro.com/ccbill/index.php?c=../../../../../../etc/passwd%00" "Mozilla/4.0 (compatible; MSIE 6.0; Windows NT 5.1)"
88.217.29.92 - - [16/Sep/2008:18:03:45 +0200] "GET /awstats/index.php?c=../../../../../../etc/passwd%00 HTTP/1.1" 404 2748 "http://various-euro.com/awstats/index.php?c=../../../../../../etc/passwd%00" "Mozilla/4.0 (compatible; MSIE 6.0; Windows NT 5.1)"
88.217.29.92 - - [16/Sep/2008:18:03:46 +0200] "GET /logs/index.php?c=../../../../../../etc/passwd%00 HTTP/1.1" 404 2748 "http://various-euro.com/logs/index.php?c=../../../../../../etc/passwd%00" "Mozilla/4.0 (compatible; MSIE 6.0; Windows NT 5.1)"
88.217.29.92 - - [16/Sep/2008:18:03:46 +0200] "GET /secure/index.php?c=../../../../../../etc/passwd%00 HTTP/1.1" 404 2748 "http://various-euro.com/secure/index.php?c=../../../../../../etc/passwd%00" "Mozilla/4.0 (compatible; MSIE 6.0; Windows NT 5.1)"
88.217.29.92 - - [16/Sep/2008:18:03:47 +0200] "GET /sd3/ShowImage.php?name=../../../../../../../../etc/passwd HTTP/1.1" 404 2748 "http://various-euro.com/sd3/ShowImage.php?name=../../../../../../../../etc/passwd" "Mozilla/4.0 (compatible; MSIE 6.0; Windows NT 5.1)"
88.217.29.92 - - [16/Sep/2008:18:03:47 +0200] "GET /sd4/ShowImage.php?name=../../../../../../../../etc/passwd HTTP/1.1" 404 2748 "http://various-euro.com/sd4/ShowImage.php?name=../../../../../../../../etc/passwd" "Mozilla/4.0 (compatible; MSIE 6.0; Windows NT 5.1)"
88.217.29.92 - - [16/Sep/2008:18:03:47 +0200] "GET /sitedepth/ShowImage.php?name=../../../../../../../../etc/passwd HTTP/1.1" 404 2748 "http://various-euro.com/sitedepth/ShowImage.php?name=../../../../../../../../etc/passwd" "Mozilla/4.0 (compatible; MSIE 6.0; Windows NT 5.1)"
38.108.180.10 - - [16/Sep/2008:18:05:20 +0200] "GET /robots.txt HTTP/1.1" 200 64 "-" "Mozilla/5.0 (compatible; ScoutJet; +http://www.scoutjet.com/)"
38.108.180.10 - - [16/Sep/2008:18:05:36 +0200] "GET /bmpp/18_x.html HTTP/1.1" 200 1100 "-" "Mozilla/5.0 (compatible; ScoutJet; +http://www.scoutjet.com/)"
38.108.180.10 - - [16/Sep/2008:18:07:32 +0200] "GET /zampa/montenegro/contributions.html HTTP/1.1" 200 18843 "-" "Mozilla/5.0 (compatible; ScoutJet; +http://www.scoutjet.com/)"
38.108.180.10 - - [16/Sep/2008:18:10:40 +0200] "GET /DgH/watch/ HTTP/1.1" 200 2028 "-" "Mozilla/5.0 (compatible; ScoutJet; +http://www.scoutjet.com/)"
80.179.37.167 - - [16/Sep/2008:18:12:47 +0200] "GET / HTTP/1.1" 200 7869 "http://kickme.to/ve" "Mozilla/4.0 (compatible; MSIE 7.0; Windows NT 5.1)"
80.179.37.167 - - [16/Sep/2008:18:12:48 +0200] "GET /style/various-euro.css HTTP/1.1" 200 3437 "http://www.various-euro.com/" "Mozilla/4.0 (compatible; MSIE 7.0; Windows NT 5.1)"
80.179.37.167 - - [16/Sep/2008:18:12:48 +0200] "GET / HTTP/1.1" 200 7869 "-" "Mozilla/4.0 (compatible; MSIE 7.0; Windows NT 5.1)"
80.179.37.167 - - [16/Sep/2008:18:12:49 +0200] "GET /style/various-euro.css HTTP/1.1" 304 - "http://www.various-euro.com/" "Mozilla/4.0 (compatible; MSIE 7.0; Windows NT 5.1)"
80.179.37.167 - - [16/Sep/2008:18:12:49 +0200] "GET /framez_0.html HTTP/1.1" 200 12444 "-" "Mozilla/4.0 (compatible; MSIE 7.0; Windows NT 5.1)"
80.179.37.167 - - [16/Sep/2008:18:12:51 +0200] "GET /ve-icon-2.ico HTTP/1.1" 200 2238 "-" "Mozilla/4.0 (compatible; MSIE 7.0; Windows NT 5.1)"
