92.55.67.37 - - [20/Sep/2008:18:02:30 +0200] "GET /frame-menu.html HTTP/1.1" 200 10536 "http://various-euro.com/framez-zampa-lovers.html" "Mozilla/5.0 (Windows; U; Windows NT 5.1; en-US; rv:1.9.0.1) Gecko/2008070208 Firefox/3.0.1"
92.55.67.37 - - [20/Sep/2008:18:02:30 +0200] "GET /frame-unten.html HTTP/1.1" 200 5308 "http://various-euro.com/framez-zampa-lovers.html" "Mozilla/5.0 (Windows; U; Windows NT 5.1; en-US; rv:1.9.0.1) Gecko/2008070208 Firefox/3.0.1"
92.55.67.37 - - [20/Sep/2008:18:02:30 +0200] "GET /style/various-euro.css HTTP/1.1" 200 3437 "http://various-euro.com/frame-menu.html" "Mozilla/5.0 (Windows; U; Windows NT 5.1; en-US; rv:1.9.0.1) Gecko/2008070208 Firefox/3.0.1"
92.55.67.37 - - [20/Sep/2008:18:02:30 +0200] "GET /bannerz/ve.jpg HTTP/1.1" 200 36912 "http://various-euro.com/frame-unten.html" "Mozilla/5.0 (Windows; U; Windows NT 5.1; en-US; rv:1.9.0.1) Gecko/2008070208 Firefox/3.0.1"
92.55.67.37 - - [20/Sep/2008:18:02:30 +0200] "GET /zampa-lovers/index.html HTTP/1.1" 200 37790 "http://various-euro.com/framez-zampa-lovers.html" "Mozilla/5.0 (Windows; U; Windows NT 5.1; en-US; rv:1.9.0.1) Gecko/2008070208 Firefox/3.0.1"
92.55.67.37 - - [20/Sep/2008:18:02:31 +0200] "GET /zampa-lovers/WASISTMI1.MPG HTTP/1.1" 206 271221 "http://various-euro.com/zampa-lovers/index.html" "Mozilla/5.0 (Windows; U; Windows NT 5.1; en-US; rv:1.9.0.1) Gecko/2008070208 Firefox/3.0.1"
92.55.67.37 - - [20/Sep/2008:18:02:30 +0200] "GET /bannerz/various-euro-girl.jpg HTTP/1.1" 200 91514 "http://various-euro.com/frame-unten.html" "Mozilla/5.0 (Windows; U; Windows NT 5.1; en-US; rv:1.9.0.1) Gecko/2008070208 Firefox/3.0.1"
92.55.67.37 - - [20/Sep/2008:18:02:31 +0200] "GET /zampa-lovers/ZAMPAMA2.MPG HTTP/1.1" 206 63492 "http://various-euro.com/zampa-lovers/index.html" "Mozilla/5.0 (Windows; U; Windows NT 5.1; en-US; rv:1.9.0.1) Gecko/2008070208 Firefox/3.0.1"
92.55.67.37 - - [20/Sep/2008:18:02:35 +0200] "GET /zampa-lovers/kralle.gif HTTP/1.1" 404 2748 "http://various-euro.com/zampa-lovers/index.html" "Mozilla/5.0 (Windows; U; Windows NT 5.1; en-US; rv:1.9.0.1) Gecko/2008070208 Firefox/3.0.1"
208.36.144.10 - - [20/Sep/2008:18:02:47 +0200] "GET /neon/channel.html HTTP/1.0" 200 1942 "-" "Mozilla/5.0 (Twiceler-0.9 http://www.cuil.com/twiceler/robot.html)"
65.55.211.164 - - [20/Sep/2008:18:03:10 +0200] "GET /robots.txt HTTP/1.1" 200 64 "-" "msnbot/1.1 (+http://search.msn.com/msnbot.htm)"
65.55.211.164 - - [20/Sep/2008:18:03:10 +0200] "GET /ie_menue.html HTTP/1.1" 404 2748 "-" "msnbot/1.1 (+http://search.msn.com/msnbot.htm)"
92.55.67.37 - - [20/Sep/2008:18:02:31 +0200] "GET /zampa-lovers/ZAMPAMAS.MPG HTTP/1.1" 206 520196 "http://various-euro.com/zampa-lovers/index.html" "Mozilla/5.0 (Windows; U; Windows NT 5.1; en-US; rv:1.9.0.1) Gecko/2008070208 Firefox/3.0.1"
91.205.124.4 - - [20/Sep/2008:18:19:55 +0200] "GET /robots.txt HTTP/1.1" 200 64 "-" "Yanga WorldSearch Bot v1.1/beta (http://www.yanga.co.uk/)"
208.66.193.164 - - [20/Sep/2008:18:19:55 +0200] "GET / HTTP/1.1" 200 7869 "-" "Yanga WorldSearch Bot v1.1/beta (http://www.yanga.co.uk/)"
193.252.149.16 - - [20/Sep/2008:18:30:11 +0200] "GET http://www.various-euro.com:80/robots.txt HTTP/1.1" 200 64 "-" "Mozilla/5.0 (Windows; U; Windows NT 5.1; fr; rv:1.8.1) VoilaBot BETA 1.2 (support.voilabot@orange-ftgroup.com)"
193.252.149.16 - - [20/Sep/2008:18:30:24 +0200] "GET /framez.html HTTP/1.1" 200 3959 "-" "Mozilla/5.0 (Windows; U; Windows NT 5.1; fr; rv:1.8.1) VoilaBot BETA 1.2 (support.voilabot@orange-ftgroup.com)"
193.252.149.16 - - [20/Sep/2008:18:30:56 +0200] "GET /frame-inhalt.html HTTP/1.1" 200 5418 "-" "Mozilla/5.0 (Windows; U; Windows NT 5.1; fr; rv:1.8.1) VoilaBot BETA 1.2 (support.voilabot@orange-ftgroup.com)"
193.252.149.16 - - [20/Sep/2008:18:30:56 +0200] "GET /frame-unten.html HTTP/1.1" 200 5308 "-" "Mozilla/5.0 (Windows; U; Windows NT 5.1; fr; rv:1.8.1) VoilaBot BETA 1.2 (support.voilabot@orange-ftgroup.com)"
193.252.149.16 - - [20/Sep/2008:18:30:56 +0200] "GET /frame-menu.html HTTP/1.1" 200 10536 "-" "Mozilla/5.0 (Windows; U; Windows NT 5.1; fr; rv:1.8.1) VoilaBot BETA 1.2 (support.voilabot@orange-ftgroup.com)"
74.6.18.222 - - [20/Sep/2008:19:25:54 +0200] "GET /rez/fiszr.htm HTTP/1.0" 200 1488 "-" "Mozilla/5.0 (compatible; Yahoo! Slurp; http://help.yahoo.com/help/us/ysearch/slurp)"
209.17.171.58 - - [20/Sep/2008:19:26:36 +0200] "GET / HTTP/1.1" 200 7869 "http://www.sendxsms.com/" "Mozilla/5.0 (X11; U; Linux i686; en-US) (+http://www.smsarea.net) Gecko/20070515 Firefox/2.0.0.5"
208.80.194.45 - - [20/Sep/2008:19:33:54 +0200] "GET / HTTP/1.0" 200 7869 "-" "Mozilla/4.0 (compatible; MSIE 6.0; Windows NT 5.1; SV1; 3B 3.3)"
208.80.194.45 - - [20/Sep/2008:19:33:54 +0200] "GET / HTTP/1.0" 200 7869 "-" "Mozilla/4.0 (compatible; MSIE 7.0; Windows NT 5.1; FunWebProducts; Seekmo 10.0.341.0)"
74.6.18.222 - - [20/Sep/2008:19:43:15 +0200] "GET /DgH/bull/index.html HTTP/1.0" 200 1915 "-" "Mozilla/5.0 (compatible; Yahoo! Slurp; http://help.yahoo.com/help/us/ysearch/slurp)"
77.28.37.176 - - [20/Sep/2008:20:14:21 +0200] "GET /framez-zampa-lovers.html HTTP/1.1" 200 4322 "http://www.google.com/search?hl=en&q=maski+igri&start=10&sa=N" "Mozilla/4.0 (compatible; MSIE 7.0; Windows NT 5.1; Mozilla/4.0 (compatible; MSIE 6.0; Windows NT 5.1; SV1) ; .NET CLR 2.0.50727; .NET CLR 1.1.4322; InfoPath.1)"
77.28.37.176 - - [20/Sep/2008:20:14:21 +0200] "GET /frame-menu.html HTTP/1.1" 200 10536 "http://www.various-euro.com/framez-zampa-lovers.html" "Mozilla/4.0 (compatible; MSIE 7.0; Windows NT 5.1; Mozilla/4.0 (compatible; MSIE 6.0; Windows NT 5.1; SV1) ; .NET CLR 2.0.50727; .NET CLR 1.1.4322; InfoPath.1)"
77.28.37.176 - - [20/Sep/2008:20:14:22 +0200] "GET /frame-unten.html HTTP/1.1" 200 5308 "http://www.various-euro.com/framez-zampa-lovers.html" "Mozilla/4.0 (compatible; MSIE 7.0; Windows NT 5.1; Mozilla/4.0 (compatible; MSIE 6.0; Windows NT 5.1; SV1) ; .NET CLR 2.0.50727; .NET CLR 1.1.4322; InfoPath.1)"
77.28.37.176 - - [20/Sep/2008:20:14:22 +0200] "GET /style/various-euro.css HTTP/1.1" 200 3437 "http://www.various-euro.com/frame-menu.html" "Mozilla/4.0 (compatible; MSIE 7.0; Windows NT 5.1; Mozilla/4.0 (compatible; MSIE 6.0; Windows NT 5.1; SV1) ; .NET CLR 2.0.50727; .NET CLR 1.1.4322; InfoPath.1)"
77.28.37.176 - - [20/Sep/2008:20:14:21 +0200] "GET /zampa-lovers/index.html HTTP/1.1" 200 37790 "http://www.various-euro.com/framez-zampa-lovers.html" "Mozilla/4.0 (compatible; MSIE 7.0; Windows NT 5.1; Mozilla/4.0 (compatible; MSIE 6.0; Windows NT 5.1; SV1) ; .NET CLR 2.0.50727; .NET CLR 1.1.4322; InfoPath.1)"
77.28.37.176 - - [20/Sep/2008:20:14:22 +0200] "GET /bannerz/ve.jpg HTTP/1.1" 200 36912 "http://www.various-euro.com/frame-unten.html" "Mozilla/4.0 (compatible; MSIE 7.0; Windows NT 5.1; Mozilla/4.0 (compatible; MSIE 6.0; Windows NT 5.1; SV1) ; .NET CLR 2.0.50727; .NET CLR 1.1.4322; InfoPath.1)"
77.28.37.176 - - [20/Sep/2008:20:14:22 +0200] "GET /zampa-lovers/kralle.gif HTTP/1.1" 404 2748 "http://www.various-euro.com/zampa-lovers/index.html" "Mozilla/4.0 (compatible; MSIE 7.0; Windows NT 5.1; Mozilla/4.0 (compatible; MSIE 6.0; Windows NT 5.1; SV1) ; .NET CLR 2.0.50727; .NET CLR 1.1.4322; InfoPath.1)"
77.28.37.176 - - [20/Sep/2008:20:14:23 +0200] "GET /zampa-lovers/DRAGAN_Z.JPG HTTP/1.1" 200 6850 "http://www.various-euro.com/zampa-lovers/index.html" "Mozilla/4.0 (compatible; MSIE 7.0; Windows NT 5.1; Mozilla/4.0 (compatible; MSIE 6.0; Windows NT 5.1; SV1) ; .NET CLR 2.0.50727; .NET CLR 1.1.4322; InfoPath.1)"
77.28.37.176 - - [20/Sep/2008:20:14:23 +0200] "GET /zampa-lovers/MILIZA_B.JPG HTTP/1.1" 200 10947 "http://www.various-euro.com/zampa-lovers/index.html" "Mozilla/4.0 (compatible; MSIE 7.0; Windows NT 5.1; Mozilla/4.0 (compatible; MSIE 6.0; Windows NT 5.1; SV1) ; .NET CLR 2.0.50727; .NET CLR 1.1.4322; InfoPath.1)"
77.28.37.176 - - [20/Sep/2008:20:14:23 +0200] "GET /zampa-lovers/MILIZA_4.JPG HTTP/1.1" 200 9946 "http://www.various-euro.com/zampa-lovers/index.html" "Mozilla/4.0 (compatible; MSIE 7.0; Windows NT 5.1; Mozilla/4.0 (compatible; MSIE 6.0; Windows NT 5.1; SV1) ; .NET CLR 2.0.50727; .NET CLR 1.1.4322; InfoPath.1)"
77.28.37.176 - - [20/Sep/2008:20:14:22 +0200] "GET /bannerz/various-euro-girl.jpg HTTP/1.1" 200 91514 "http://www.various-euro.com/frame-unten.html" "Mozilla/4.0 (compatible; MSIE 7.0; Windows NT 5.1; Mozilla/4.0 (compatible; MSIE 6.0; Windows NT 5.1; SV1) ; .NET CLR 2.0.50727; .NET CLR 1.1.4322; InfoPath.1)"
77.28.37.176 - - [20/Sep/2008:20:14:23 +0200] "GET /zampa-lovers/MILIZA_2.JPG HTTP/1.1" 200 22172 "http://www.various-euro.com/zampa-lovers/index.html" "Mozilla/4.0 (compatible; MSIE 7.0; Windows NT 5.1; Mozilla/4.0 (compatible; MSIE 6.0; Windows NT 5.1; SV1) ; .NET CLR 2.0.50727; .NET CLR 1.1.4322; InfoPath.1)"
77.28.37.176 - - [20/Sep/2008:20:14:24 +0200] "GET /zampa-lovers/Kralle.gif HTTP/1.1" 200 260 "http://www.various-euro.com/zampa-lovers/index.html" "Mozilla/4.0 (compatible; MSIE 7.0; Windows NT 5.1; Mozilla/4.0 (compatible; MSIE 6.0; Windows NT 5.1; SV1) ; .NET CLR 2.0.50727; .NET CLR 1.1.4322; InfoPath.1)"
77.28.37.176 - - [20/Sep/2008:20:14:24 +0200] "GET /zampa-lovers/zampa-2X2.gif HTTP/1.1" 200 6948 "http://www.various-euro.com/zampa-lovers/index.html" "Mozilla/4.0 (compatible; MSIE 7.0; Windows NT 5.1; Mozilla/4.0 (compatible; MSIE 6.0; Windows NT 5.1; SV1) ; .NET CLR 2.0.50727; .NET CLR 1.1.4322; InfoPath.1)"
77.28.37.176 - - [20/Sep/2008:20:14:24 +0200] "GET /zampa-lovers/zampamali.gif HTTP/1.1" 200 2617 "http://www.various-euro.com/zampa-lovers/index.html" "Mozilla/4.0 (compatible; MSIE 7.0; Windows NT 5.1; Mozilla/4.0 (compatible; MSIE 6.0; Windows NT 5.1; SV1) ; .NET CLR 2.0.50727; .NET CLR 1.1.4322; InfoPath.1)"
77.28.37.176 - - [20/Sep/2008:20:14:23 +0200] "GET /zampa-lovers/DRAGANZA.JPG HTTP/1.1" 200 18560 "http://www.various-euro.com/zampa-lovers/index.html" "Mozilla/4.0 (compatible; MSIE 7.0; Windows NT 5.1; Mozilla/4.0 (compatible; MSIE 6.0; Windows NT 5.1; SV1) ; .NET CLR 2.0.50727; .NET CLR 1.1.4322; InfoPath.1)"
77.28.37.176 - - [20/Sep/2008:20:14:23 +0200] "GET /zampa-lovers/1SEITEVE.GIF HTTP/1.1" 200 78726 "http://www.various-euro.com/zampa-lovers/index.html" "Mozilla/4.0 (compatible; MSIE 7.0; Windows NT 5.1; Mozilla/4.0 (compatible; MSIE 6.0; Windows NT 5.1; SV1) ; .NET CLR 2.0.50727; .NET CLR 1.1.4322; InfoPath.1)"
77.28.37.176 - - [20/Sep/2008:20:14:23 +0200] "GET /zampa-lovers/2SEITEVE.GIF HTTP/1.1" 200 83466 "http://www.various-euro.com/zampa-lovers/index.html" "Mozilla/4.0 (compatible; MSIE 7.0; Windows NT 5.1; Mozilla/4.0 (compatible; MSIE 6.0; Windows NT 5.1; SV1) ; .NET CLR 2.0.50727; .NET CLR 1.1.4322; InfoPath.1)"
77.28.37.176 - - [20/Sep/2008:20:14:23 +0200] "GET /zampa-lovers/MILIZA_3.JPG HTTP/1.1" 200 26924 "http://www.various-euro.com/zampa-lovers/index.html" "Mozilla/4.0 (compatible; MSIE 7.0; Windows NT 5.1; Mozilla/4.0 (compatible; MSIE 6.0; Windows NT 5.1; SV1) ; .NET CLR 2.0.50727; .NET CLR 1.1.4322; InfoPath.1)"
77.28.37.176 - - [20/Sep/2008:20:14:23 +0200] "GET /zampa-lovers/zampa.gif HTTP/1.1" 200 460627 "http://www.various-euro.com/zampa-lovers/index.html" "Mozilla/4.0 (compatible; MSIE 7.0; Windows NT 5.1; Mozilla/4.0 (compatible; MSIE 6.0; Windows NT 5.1; SV1) ; .NET CLR 2.0.50727; .NET CLR 1.1.4322; InfoPath.1)"
77.28.37.176 - - [20/Sep/2008:20:14:31 +0200] "GET /ve-icon-2.ico HTTP/1.1" 200 2238 "-" "Mozilla/4.0 (compatible; MSIE 7.0; Windows NT 5.1; Mozilla/4.0 (compatible; MSIE 6.0; Windows NT 5.1; SV1) ; .NET CLR 2.0.50727; .NET CLR 1.1.4322; InfoPath.1)"
193.252.149.15 - - [20/Sep/2008:20:58:38 +0200] "GET /neon/girlz3.html HTTP/1.1" 200 2479 "-" "Mozilla/5.0 (Windows; U; Windows NT 5.1; fr; rv:1.8.1) VoilaBot BETA 1.2 (support.voilabot@orange-ftgroup.com)"
65.55.211.163 - - [20/Sep/2008:21:24:45 +0200] "GET /games/virtualcop/virtualcop.html HTTP/1.1" 200 4487 "-" "msnbot/1.1 (+http://search.msn.com/msnbot.htm)"
208.36.144.10 - - [20/Sep/2008:21:29:34 +0200] "GET /bmpp/18asi_2.html HTTP/1.0" 200 8674 "-" "Mozilla/5.0 (Twiceler-0.9 http://www.cuil.com/twiceler/robot.html)"
64.1.215.165 - - [20/Sep/2008:21:46:00 +0200] "GET /schubb/schubb-4.html HTTP/1.0" 200 17746 "-" "Mozilla/5.0 (Twiceler-0.9 http://www.cuil.com/twiceler/robot.html)"
201.253.241.72 - - [20/Sep/2008:21:55:36 +0200] "GET /cgi-bin/formmail.php HTTP/1.1" 404 2748 "http://various-euro.com/cgi-bin/formmail.php" "Mozilla/4.0 (compatible; MSIE 6.0; Windows NT 5.1)"
193.252.149.15 - - [20/Sep/2008:22:19:27 +0200] "GET /f-bannnerz.html HTTP/1.1" 200 12651 "-" "Mozilla/5.0 (Windows; U; Windows NT 5.1; fr; rv:1.8.1) VoilaBot BETA 1.2 (support.voilabot@orange-ftgroup.com)"
72.25.19.61 - - [20/Sep/2008:22:31:33 +0200] "GET / HTTP/1.1" 200 7869 "http://kickme.to/ve" "Mozilla/5.0 (Windows; U; Windows NT 5.1; en-US; rv:1.8.1.16) Gecko/20080702 Firefox/2.0.0.16"
72.25.19.61 - - [20/Sep/2008:22:31:34 +0200] "GET /style/various-euro.css HTTP/1.1" 200 3437 "http://www.various-euro.com/" "Mozilla/5.0 (Windows; U; Windows NT 5.1; en-US; rv:1.8.1.16) Gecko/20080702 Firefox/2.0.0.16"
72.25.19.61 - - [20/Sep/2008:22:31:34 +0200] "GET / HTTP/1.1" 200 7869 "http://www.various-euro.com/" "Mozilla/5.0 (Windows; U; Windows NT 5.1; en-US; rv:1.8.1.16) Gecko/20080702 Firefox/2.0.0.16"
72.25.19.61 - - [20/Sep/2008:22:31:35 +0200] "GET /ve-icon-2.ico HTTP/1.1" 200 2238 "-" "Mozilla/5.0 (Windows; U; Windows NT 5.1; en-US; rv:1.8.1.16) Gecko/20080702 Firefox/2.0.0.16"
72.25.19.61 - - [20/Sep/2008:22:31:35 +0200] "GET /framez_0.html HTTP/1.1" 200 12444 "http://www.various-euro.com/" "Mozilla/5.0 (Windows; U; Windows NT 5.1; en-US; rv:1.8.1.16) Gecko/20080702 Firefox/2.0.0.16"
72.25.19.61 - - [20/Sep/2008:22:31:42 +0200] "GET /framez.html HTTP/1.1" 200 3959 "http://www.various-euro.com/framez_0.html" "Mozilla/5.0 (Windows; U; Windows NT 5.1; en-US; rv:1.8.1.16) Gecko/20080702 Firefox/2.0.0.16"
72.25.19.61 - - [20/Sep/2008:22:31:42 +0200] "GET /frame-menu.html HTTP/1.1" 200 10536 "http://www.various-euro.com/framez.html" "Mozilla/5.0 (Windows; U; Windows NT 5.1; en-US; rv:1.8.1.16) Gecko/20080702 Firefox/2.0.0.16"
72.25.19.61 - - [20/Sep/2008:22:31:42 +0200] "GET /frame-inhalt.html HTTP/1.1" 200 5418 "http://www.various-euro.com/framez.html" "Mozilla/5.0 (Windows; U; Windows NT 5.1; en-US; rv:1.8.1.16) Gecko/20080702 Firefox/2.0.0.16"
72.25.19.61 - - [20/Sep/2008:22:31:43 +0200] "GET /frame-unten.html HTTP/1.1" 200 5308 "http://www.various-euro.com/framez.html" "Mozilla/5.0 (Windows; U; Windows NT 5.1; en-US; rv:1.8.1.16) Gecko/20080702 Firefox/2.0.0.16"
72.25.19.61 - - [20/Sep/2008:22:31:43 +0200] "GET /bannerz/neon_click_3.gif HTTP/1.1" 200 240 "http://www.various-euro.com/frame-inhalt.html" "Mozilla/5.0 (Windows; U; Windows NT 5.1; en-US; rv:1.8.1.16) Gecko/20080702 Firefox/2.0.0.16"
72.25.19.61 - - [20/Sep/2008:22:31:43 +0200] "GET /eurosign3.gif HTTP/1.1" 200 7879 "http://www.various-euro.com/frame-inhalt.html" "Mozilla/5.0 (Windows; U; Windows NT 5.1; en-US; rv:1.8.1.16) Gecko/20080702 Firefox/2.0.0.16"
72.25.19.61 - - [20/Sep/2008:22:31:43 +0200] "GET /bannerz/goolag_468.jpg HTTP/1.1" 200 28285 "http://www.various-euro.com/frame-inhalt.html" "Mozilla/5.0 (Windows; U; Windows NT 5.1; en-US; rv:1.8.1.16) Gecko/20080702 Firefox/2.0.0.16"
72.25.19.61 - - [20/Sep/2008:22:31:44 +0200] "GET /bannerz/neon_click_1.gif HTTP/1.1" 200 890 "http://www.various-euro.com/frame-inhalt.html" "Mozilla/5.0 (Windows; U; Windows NT 5.1; en-US; rv:1.8.1.16) Gecko/20080702 Firefox/2.0.0.16"
72.25.19.61 - - [20/Sep/2008:22:31:44 +0200] "GET /bannerz/wet.gif HTTP/1.1" 200 18561 "http://www.various-euro.com/frame-inhalt.html" "Mozilla/5.0 (Windows; U; Windows NT 5.1; en-US; rv:1.8.1.16) Gecko/20080702 Firefox/2.0.0.16"
72.25.19.61 - - [20/Sep/2008:22:31:44 +0200] "GET /bannerz/google/Logo_40blk.gif HTTP/1.1" 200 2308 "http://www.various-euro.com/frame-inhalt.html" "Mozilla/5.0 (Windows; U; Windows NT 5.1; en-US; rv:1.8.1.16) Gecko/20080702 Firefox/2.0.0.16"
72.25.19.61 - - [20/Sep/2008:22:31:44 +0200] "GET /bannerz/douwil.gif HTTP/1.1" 200 528 "http://www.various-euro.com/frame-inhalt.html" "Mozilla/5.0 (Windows; U; Windows NT 5.1; en-US; rv:1.8.1.16) Gecko/20080702 Firefox/2.0.0.16"
72.25.19.61 - - [20/Sep/2008:22:31:44 +0200] "GET /bannerz/neon_click_2.gif HTTP/1.1" 200 387 "http://www.various-euro.com/frame-inhalt.html" "Mozilla/5.0 (Windows; U; Windows NT 5.1; en-US; rv:1.8.1.16) Gecko/20080702 Firefox/2.0.0.16"
72.25.19.61 - - [20/Sep/2008:22:31:44 +0200] "GET /bannerz/anti_black_small.gif HTTP/1.1" 200 1009 "http://www.various-euro.com/frame-inhalt.html" "Mozilla/5.0 (Windows; U; Windows NT 5.1; en-US; rv:1.8.1.16) Gecko/20080702 Firefox/2.0.0.16"
72.25.19.61 - - [20/Sep/2008:22:31:44 +0200] "GET /bannerz/copyleft_black_small.gif HTTP/1.1" 200 1231 "http://www.various-euro.com/frame-inhalt.html" "Mozilla/5.0 (Windows; U; Windows NT 5.1; en-US; rv:1.8.1.16) Gecko/20080702 Firefox/2.0.0.16"
72.25.19.61 - - [20/Sep/2008:22:31:45 +0200] "GET /bannerz/ve.jpg HTTP/1.1" 200 36912 "http://www.various-euro.com/frame-unten.html" "Mozilla/5.0 (Windows; U; Windows NT 5.1; en-US; rv:1.8.1.16) Gecko/20080702 Firefox/2.0.0.16"
72.25.19.61 - - [20/Sep/2008:22:31:45 +0200] "GET /bannerz/various-euro-girl.jpg HTTP/1.1" 200 91514 "http://www.various-euro.com/frame-unten.html" "Mozilla/5.0 (Windows; U; Windows NT 5.1; en-US; rv:1.8.1.16) Gecko/20080702 Firefox/2.0.0.16"
72.25.19.61 - - [20/Sep/2008:22:31:51 +0200] "GET /partnergegenberlin.html HTTP/1.1" 200 5022 "http://www.various-euro.com/frame-inhalt.html" "Mozilla/5.0 (Windows; U; Windows NT 5.1; en-US; rv:1.8.1.16) Gecko/20080702 Firefox/2.0.0.16"
72.25.19.61 - - [20/Sep/2008:22:31:52 +0200] "GET /bannerz/stasi-2-0.jpg HTTP/1.1" 200 42818 "http://www.various-euro.com/partnergegenberlin.html" "Mozilla/5.0 (Windows; U; Windows NT 5.1; en-US; rv:1.8.1.16) Gecko/20080702 Firefox/2.0.0.16"
72.25.19.61 - - [20/Sep/2008:22:31:52 +0200] "GET /bannerz/kapitalismusdebatte.jpg HTTP/1.1" 200 69093 "http://www.various-euro.com/partnergegenberlin.html" "Mozilla/5.0 (Windows; U; Windows NT 5.1; en-US; rv:1.8.1.16) Gecko/20080702 Firefox/2.0.0.16"
72.25.19.61 - - [20/Sep/2008:22:31:53 +0200] "GET /bannerz/logo-partnergegenberlin.png HTTP/1.1" 200 6341 "http://www.various-euro.com/partnergegenberlin.html" "Mozilla/5.0 (Windows; U; Windows NT 5.1; en-US; rv:1.8.1.16) Gecko/20080702 Firefox/2.0.0.16"
81.52.143.16 - - [20/Sep/2008:23:01:39 +0200] "GET /bmpp/18asi_2.html HTTP/1.1" 200 8674 "-" "Mozilla/5.0 (Windows; U; Windows NT 5.1; fr; rv:1.8.1) VoilaBot BETA 1.2 (support.voilabot@orange-ftgroup.com)"
193.252.149.15 - - [20/Sep/2008:23:14:02 +0200] "GET /f-channel1.html HTTP/1.1" 200 5713 "-" "Mozilla/5.0 (Windows; U; Windows NT 5.1; fr; rv:1.8.1) VoilaBot BETA 1.2 (support.voilabot@orange-ftgroup.com)"
65.55.211.170 - - [21/Sep/2008:00:09:08 +0200] "GET /robots.txt HTTP/1.1" 200 64 "-" "msnbot/1.1 (+http://search.msn.com/msnbot.htm)"
65.55.211.170 - - [21/Sep/2008:00:09:09 +0200] "GET /f-sponsor.html HTTP/1.1" 200 8578 "-" "msnbot/1.1 (+http://search.msn.com/msnbot.htm)"
74.6.18.222 - - [21/Sep/2008:00:11:46 +0200] "GET /f-world.html HTTP/1.0" 200 35590 "-" "Mozilla/5.0 (compatible; Yahoo! Slurp; http://help.yahoo.com/help/us/ysearch/slurp)"
193.252.149.15 - - [21/Sep/2008:00:59:34 +0200] "GET /neon/euro.html HTTP/1.1" 200 2212 "-" "Mozilla/5.0 (Windows; U; Windows NT 5.1; fr; rv:1.8.1) VoilaBot BETA 1.2 (support.voilabot@orange-ftgroup.com)"
81.52.143.15 - - [21/Sep/2008:01:32:53 +0200] "GET /f-warez.html HTTP/1.1" 200 10953 "-" "Mozilla/5.0 (Windows; U; Windows NT 5.1; fr; rv:1.8.1) VoilaBot BETA 1.2 (support.voilabot@orange-ftgroup.com)"
89.216.135.52 - - [21/Sep/2008:01:42:10 +0200] "GET /zampa-lovers/ HTTP/1.1" 200 37790 "-" "User-Agent: Mozilla/4.0 (compatible; MSIE 7.0; Windows NT 5.1)"
72.14.193.2 - - [21/Sep/2008:01:43:53 +0200] "GET /framez-schubb2.html HTTP/1.1" 200 4314 "-" "Mozilla/5.0 (X11; U; Linux i686; pl-PL; rv:1.8.1.8) Gecko/20071022 Ubuntu/7.10 (gutsy) Firefox/2.0.0.8,gzip(gfe) (via translate.google.com)"
72.14.193.2 - - [21/Sep/2008:01:43:53 +0200] "GET /frame-menu.html HTTP/1.1" 200 10536 "http://209.85.135.104/translate_c?hl=pl&sl=en&u=http://www.various-euro.com/framez-schubb2.html&prev=/search%3Fq%3Dnano%2Bassambler%26hl%3Dpl%26lr%3D%26sa%3DG&usg=ALkJrhiXqTNw-LJgNsTnCHI_czz5x8Puqw" "Mozilla/5.0 (X11; U; Linux i686; pl-PL; rv:1.8.1.8) Gecko/20071022 Ubuntu/7.10 (gutsy) Firefox/2.0.0.8,gzip(gfe) (via translate.google.com)"
72.14.193.2 - - [21/Sep/2008:01:43:54 +0200] "GET /schubb/schubb-2.html HTTP/1.1" 200 16660 "http://209.85.135.104/translate_c?hl=pl&sl=en&u=http://www.various-euro.com/framez-schubb2.html&prev=/search%3Fq%3Dnano%2Bassambler%26hl%3Dpl%26lr%3D%26sa%3DG&usg=ALkJrhiXqTNw-LJgNsTnCHI_czz5x8Puqw" "Mozilla/5.0 (X11; U; Linux i686; pl-PL; rv:1.8.1.8) Gecko/20071022 Ubuntu/7.10 (gutsy) Firefox/2.0.0.8,gzip(gfe) (via translate.google.com)"
72.14.193.2 - - [21/Sep/2008:01:43:54 +0200] "GET /frame-unten.html HTTP/1.1" 200 5308 "http://209.85.135.104/translate_c?hl=pl&sl=en&u=http://www.various-euro.com/framez-schubb2.html&prev=/search%3Fq%3Dnano%2Bassambler%26hl%3Dpl%26lr%3D%26sa%3DG&usg=ALkJrhiXqTNw-LJgNsTnCHI_czz5x8Puqw" "Mozilla/5.0 (X11; U; Linux i686; pl-PL; rv:1.8.1.8) Gecko/20071022 Ubuntu/7.10 (gutsy) Firefox/2.0.0.8,gzip(gfe) (via translate.google.com)"
89.79.170.209 - - [21/Sep/2008:01:43:54 +0200] "GET /style/various-euro.css HTTP/1.1" 200 3437 "http://209.85.135.104/translate_c?hl=pl&sl=en&u=http://www.various-euro.com/frame-menu.html&prev=/search%3Fq%3Dnano%2Bassambler%26hl%3Dpl%26lr%3D%26sa%3DG&usg=ALkJrhgD8BqPJuM3yOe4cqrVVsJaqHQQRw" "Mozilla/5.0 (X11; U; Linux i686; pl-PL; rv:1.8.1.8) Gecko/20071022 Ubuntu/7.10 (gutsy) Firefox/2.0.0.8"
89.79.170.209 - - [21/Sep/2008:01:43:54 +0200] "GET /schubb/schubb-2.gif HTTP/1.1" 200 6460 "http://209.85.135.104/translate_c?hl=pl&sl=en&u=http://www.various-euro.com/schubb/schubb-2.html&prev=/search%3Fq%3Dnano%2Bassambler%26hl%3Dpl%26lr%3D%26sa%3DG&usg=ALkJrhgwNuEFAJ5l6enOZORAv0L39z4Vcg" "Mozilla/5.0 (X11; U; Linux i686; pl-PL; rv:1.8.1.8) Gecko/20071022 Ubuntu/7.10 (gutsy) Firefox/2.0.0.8"
89.79.170.209 - - [21/Sep/2008:01:43:55 +0200] "GET /bannerz/ve.jpg HTTP/1.1" 200 36912 "http://209.85.135.104/translate_c?hl=pl&sl=en&u=http://www.various-euro.com/frame-unten.html&prev=/search%3Fq%3Dnano%2Bassambler%26hl%3Dpl%26lr%3D%26sa%3DG&usg=ALkJrhhMbJdHl13-OdMzDIy9W8pzyEd6QQ" "Mozilla/5.0 (X11; U; Linux i686; pl-PL; rv:1.8.1.8) Gecko/20071022 Ubuntu/7.10 (gutsy) Firefox/2.0.0.8"
89.79.170.209 - - [21/Sep/2008:01:43:55 +0200] "GET /bannerz/various-euro-girl.jpg HTTP/1.1" 200 91514 "http://209.85.135.104/translate_c?hl=pl&sl=en&u=http://www.various-euro.com/frame-unten.html&prev=/search%3Fq%3Dnano%2Bassambler%26hl%3Dpl%26lr%3D%26sa%3DG&usg=ALkJrhhMbJdHl13-OdMzDIy9W8pzyEd6QQ" "Mozilla/5.0 (X11; U; Linux i686; pl-PL; rv:1.8.1.8) Gecko/20071022 Ubuntu/7.10 (gutsy) Firefox/2.0.0.8"
64.1.215.165 - - [21/Sep/2008:02:05:34 +0200] "GET /neon/annniiii.html HTTP/1.0" 200 686 "-" "Mozilla/5.0 (Twiceler-0.9 http://www.cuil.com/twiceler/robot.html)"
81.52.143.16 - - [21/Sep/2008:03:38:38 +0200] "GET http://www.various-euro.com:80/robots.txt HTTP/1.1" 200 64 "-" "Mozilla/5.0 (Windows; U; Windows NT 5.1; fr; rv:1.8.1) VoilaBot BETA 1.2 (support.voilabot@orange-ftgroup.com)"
81.52.143.16 - - [21/Sep/2008:03:39:11 +0200] "GET /neon/girlz2.html HTTP/1.1" 200 2937 "-" "Mozilla/5.0 (Windows; U; Windows NT 5.1; fr; rv:1.8.1) VoilaBot BETA 1.2 (support.voilabot@orange-ftgroup.com)"
208.36.144.10 - - [21/Sep/2008:03:44:14 +0200] "GET /moz_menue.html HTTP/1.0" 404 2748 "-" "Mozilla/5.0 (Twiceler-0.9 http://www.cuil.com/twiceler/robot.html)"
72.9.99.34 - - [21/Sep/2008:04:17:16 +0200] "GET /restate_copy.html HTTP/1.0" 200 97631 "-" "Mozilla/4.0 (compatible; MSIE 6.0; Windows NT 5.1)"
91.205.124.4 - - [21/Sep/2008:04:20:05 +0200] "GET /robots.txt HTTP/1.1" 200 64 "-" "Yanga WorldSearch Bot v1.1/beta (http://www.yanga.co.uk/)"
208.66.193.164 - - [21/Sep/2008:04:20:05 +0200] "GET / HTTP/1.1" 200 7869 "-" "Yanga WorldSearch Bot v1.1/beta (http://www.yanga.co.uk/)"
66.249.65.169 - - [21/Sep/2008:04:29:22 +0200] "GET /robots.txt HTTP/1.1" 200 64 "-" "Googlebot-Image/1.0"
64.1.215.165 - - [21/Sep/2008:04:48:25 +0200] "GET /neon/warning2.html HTTP/1.0" 200 997 "-" "Mozilla/5.0 (Twiceler-0.9 http://www.cuil.com/twiceler/robot.html)"
66.249.65.169 - - [21/Sep/2008:06:32:11 +0200] "GET /f-rez.html HTTP/1.1" 200 9765 "-" "Mozilla/5.0 (compatible; Googlebot/2.1; +http://www.google.com/bot.html)"
208.36.144.10 - - [21/Sep/2008:06:36:57 +0200] "GET /neon/sushi.html HTTP/1.0" 200 687 "-" "Mozilla/5.0 (Twiceler-0.9 http://www.cuil.com/twiceler/robot.html)"
72.43.24.86 - - [21/Sep/2008:06:37:14 +0200] "GET / HTTP/1.1" 200 7869 "-" "Mozilla/5.0 (Windows; U; Windows NT 5.1; en-US; rv:1.8.1.16) Gecko/20080702 Firefox/2.0.0.16"
72.43.24.86 - - [21/Sep/2008:06:37:15 +0200] "GET /style/various-euro.css HTTP/1.1" 200 3437 "http://www.various-euro.com/" "Mozilla/5.0 (Windows; U; Windows NT 5.1; en-US; rv:1.8.1.16) Gecko/20080702 Firefox/2.0.0.16"
203.73.108.66 - - [21/Sep/2008:06:50:18 +0200] "GET /robots.txt HTTP/1.0" 200 64 "-" "Gaisbot/3.0+(robot06@gais.cs.ccu.edu.tw;+http://gais.cs.ccu.edu.tw/robot.php)"
64.1.215.165 - - [21/Sep/2008:07:09:13 +0200] "GET /news.html HTTP/1.0" 404 2748 "-" "Mozilla/5.0 (Twiceler-0.9 http://www.cuil.com/twiceler/robot.html)"
203.73.108.71 - - [21/Sep/2008:08:09:09 +0200] "GET / HTTP/1.0" 200 7869 "-" "Gaisbot/3.0+(robot06@gais.cs.ccu.edu.tw;+http://gais.cs.ccu.edu.tw/robot.php)"
193.252.149.15 - - [21/Sep/2008:08:16:25 +0200] "GET /bmpp/euro_pal_111.html HTTP/1.1" 200 2129 "-" "Mozilla/5.0 (Windows; U; Windows NT 5.1; fr; rv:1.8.1) VoilaBot BETA 1.2 (support.voilabot@orange-ftgroup.com)"
66.249.65.169 - - [21/Sep/2008:08:35:31 +0200] "GET /framez-pal1.html HTTP/1.1" 200 4326 "-" "Mozilla/5.0 (compatible; Googlebot/2.1; +http://www.google.com/bot.html)"
208.36.144.10 - - [21/Sep/2008:09:13:42 +0200] "GET /schubb/schubb-3.html HTTP/1.0" 200 17546 "-" "Mozilla/5.0 (Twiceler-0.9 http://www.cuil.com/twiceler/robot.html)"
91.205.124.4 - - [21/Sep/2008:09:43:53 +0200] "GET /robots.txt HTTP/1.1" 200 64 "-" "Yanga WorldSearch Bot v1.1/beta (http://www.yanga.co.uk/)"
91.205.124.4 - - [21/Sep/2008:09:43:53 +0200] "GET /frame-menu.html HTTP/1.1" 200 10536 "-" "Yanga WorldSearch Bot v1.1/beta (http://www.yanga.co.uk/)"
91.205.124.4 - - [21/Sep/2008:09:44:34 +0200] "GET /f-rez.html HTTP/1.1" 200 9765 "-" "Yanga WorldSearch Bot v1.1/beta (http://www.yanga.co.uk/)"
91.205.124.4 - - [21/Sep/2008:09:45:14 +0200] "GET /frame-unten.html HTTP/1.1" 200 5308 "-" "Yanga WorldSearch Bot v1.1/beta (http://www.yanga.co.uk/)"
91.205.124.4 - - [21/Sep/2008:09:45:15 +0200] "GET /bannerz/ve.jpg HTTP/1.1" 200 36912 "-" "Yanga WorldSearch Bot v1.1/beta (http://www.yanga.co.uk/)"
125.163.12.211 - - [21/Sep/2008:10:14:11 +0200] "GET /restate_copy.html HTTP/1.0" 200 16099 "-" "Mozilla/4.0 (compatible; MSIE 6.0; Windows NT 5.1;1813)"
66.249.65.169 - - [21/Sep/2008:10:19:57 +0200] "GET /framez-schubb3.html HTTP/1.1" 200 4317 "-" "Mozilla/5.0 (compatible; Googlebot/2.1; +http://www.google.com/bot.html)"
119.63.193.43 - - [21/Sep/2008:10:20:35 +0200] "GET / HTTP/1.1" 200 7869 "-" "Baiduspider+(+http://help.baidu.jp/system/05.html)"
82.99.30.40 - - [21/Sep/2008:11:37:35 +0200] "GET /bannerz/various-euro-girl.jpg HTTP/1.0" 200 91514 "http://www.munax.com/referer.htm" "Mozilla/4.0 (compatible; MSIE 6.0; Windows NT 5.1)"
74.6.18.222 - - [21/Sep/2008:11:43:03 +0200] "GET /robots.txt HTTP/1.0" 200 64 "-" "Mozilla/5.0 (compatible; Yahoo! Slurp; http://help.yahoo.com/help/us/ysearch/slurp)"
74.6.18.222 - - [21/Sep/2008:11:43:03 +0200] "GET /neon/euro.html HTTP/1.0" 200 2212 "-" "Mozilla/5.0 (compatible; Yahoo! Slurp; http://help.yahoo.com/help/us/ysearch/slurp)"
193.252.149.16 - - [21/Sep/2008:11:53:15 +0200] "GET /frame-inhalt.html HTTP/1.1" 200 5418 "-" "Mozilla/5.0 (Windows; U; Windows NT 5.1; fr; rv:1.8.1) VoilaBot BETA 1.2 (support.voilabot@orange-ftgroup.com)"
66.249.65.169 - - [21/Sep/2008:12:06:00 +0200] "GET /logs/usage_200809.html HTTP/1.1" 404 2748 "-" "Mozilla/5.0 (compatible; Googlebot/2.1; +http://www.google.com/bot.html)"
202.179.180.53 - - [21/Sep/2008:12:08:08 +0200] "GET /robots.txt HTTP/1.1" 200 64 "-" "Mozilla/4.0 (compatible; NaverBot/1.0; http://help.naver.com/delete_main.asp)"
202.179.180.53 - - [21/Sep/2008:12:08:09 +0200] "GET /restate_copy.html HTTP/1.1" 200 97631 "-" "Mozilla/4.0 (compatible; NaverBot/1.0; http://help.naver.com/delete_main.asp)"
216.145.8.151 - - [21/Sep/2008:12:35:09 +0200] "GET / HTTP/1.1" 200 7869 "-" "Mozilla/4.0 (compatible; MSIE 6.0; Windows NT 5.0; DigExt)"
193.252.149.16 - - [21/Sep/2008:13:02:19 +0200] "GET /f-net.html HTTP/1.1" 200 9913 "-" "Mozilla/5.0 (Windows; U; Windows NT 5.1; fr; rv:1.8.1) VoilaBot BETA 1.2 (support.voilabot@orange-ftgroup.com)"
208.36.144.6 - - [21/Sep/2008:13:17:56 +0200] "GET /robots.txt HTTP/1.0" 302 363 "-" "Mozilla/5.0 (Twiceler-0.9 http://www.cuil.com/twiceler/robot.html)"
82.99.30.71 - - [21/Sep/2008:13:29:33 +0200] "GET /rez/ma.jpg HTTP/1.0" 200 12893 "http://www.munax.com/referer.htm" "Mozilla/4.0 (compatible; MSIE 6.0; Windows NT 5.1)"
82.99.30.71 - - [21/Sep/2008:13:29:34 +0200] "GET /rez/mb.jpg HTTP/1.0" 200 12467 "http://www.munax.com/referer.htm" "Mozilla/4.0 (compatible; MSIE 6.0; Windows NT 5.1)"
82.99.30.71 - - [21/Sep/2008:13:29:33 +0200] "GET /rez/607.mp3 HTTP/1.0" 200 4964417 "http://www.various-euro.com/f-rez.html" "Mozilla/4.0 (compatible; MSIE 6.0; Windows NT 5.1)"
82.99.30.71 - - [21/Sep/2008:13:29:33 +0200] "GET /rez/557.mp3 HTTP/1.0" 200 9164800 "http://www.various-euro.com/f-rez.html" "Mozilla/4.0 (compatible; MSIE 6.0; Windows NT 5.1)"
82.99.30.71 - - [21/Sep/2008:13:29:33 +0200] "GET /rez/601.mp3 HTTP/1.0" 200 5052711 "http://www.various-euro.com/f-rez.html" "Mozilla/4.0 (compatible; MSIE 6.0; Windows NT 5.1)"
82.99.30.71 - - [21/Sep/2008:13:29:33 +0200] "GET /rez/611.mp3 HTTP/1.0" 200 6782540 "http://www.various-euro.com/f-rez.html" "Mozilla/4.0 (compatible; MSIE 6.0; Windows NT 5.1)"
82.99.30.71 - - [21/Sep/2008:13:29:33 +0200] "GET /rez/326.mp3 HTTP/1.0" 200 7672484 "http://www.various-euro.com/f-rez.html" "Mozilla/4.0 (compatible; MSIE 6.0; Windows NT 5.1)"
82.99.30.71 - - [21/Sep/2008:13:29:33 +0200] "GET /rez/555.mp3 HTTP/1.0" 200 6017674 "http://www.various-euro.com/f-rez.html" "Mozilla/4.0 (compatible; MSIE 6.0; Windows NT 5.1)"
82.99.30.71 - - [21/Sep/2008:13:29:33 +0200] "GET /rez/556.mp3 HTTP/1.0" 200 2674419 "http://www.various-euro.com/f-rez.html" "Mozilla/4.0 (compatible; MSIE 6.0; Windows NT 5.1)"
82.99.30.71 - - [21/Sep/2008:13:29:33 +0200] "GET /rez/108.mp3 HTTP/1.0" 200 2086040 "http://www.various-euro.com/f-rez.html" "Mozilla/4.0 (compatible; MSIE 6.0; Windows NT 5.1)"
82.99.30.71 - - [21/Sep/2008:13:29:33 +0200] "GET /rez/554.mp3 HTTP/1.0" 200 13335140 "http://www.various-euro.com/f-rez.html" "Mozilla/4.0 (compatible; MSIE 6.0; Windows NT 5.1)"
82.99.30.71 - - [21/Sep/2008:13:29:33 +0200] "GET /rez/327.mp3 HTTP/1.0" 200 2771948 "http://www.various-euro.com/f-rez.html" "Mozilla/4.0 (compatible; MSIE 6.0; Windows NT 5.1)"
61.247.221.45 - - [21/Sep/2008:13:42:00 +0200] "GET /robots.txt HTTP/1.1" 200 64 "-" "Yeti/1.0 (NHN Corp.; http://help.naver.com/robots/)"
61.247.221.45 - - [21/Sep/2008:13:42:01 +0200] "GET /bannerz/various-euro-girl.jpg HTTP/1.1" 200 91514 "-" "Yeti/1.0 (NHN Corp.; http://help.naver.com/robots/)"
64.1.215.165 - - [21/Sep/2008:13:44:50 +0200] "GET /neon/channel.html HTTP/1.0" 200 1942 "-" "Mozilla/5.0 (Twiceler-0.9 http://www.cuil.com/twiceler/robot.html)"
208.36.144.10 - - [21/Sep/2008:13:49:05 +0200] "GET /robots.txt HTTP/1.0" 200 64 "-" "Mozilla/5.0 (Twiceler-0.9 http://www.cuil.com/twiceler/robot.html)"
208.66.193.164 - - [21/Sep/2008:14:20:16 +0200] "GET / HTTP/1.1" 200 7869 "-" "Yanga WorldSearch Bot v1.1/beta (http://www.yanga.co.uk/)"
193.252.149.16 - - [21/Sep/2008:14:44:18 +0200] "GET /world.html HTTP/1.1" 200 16295 "-" "Mozilla/5.0 (Windows; U; Windows NT 5.1; fr; rv:1.8.1) VoilaBot BETA 1.2 (support.voilabot@orange-ftgroup.com)"
81.52.143.15 - - [21/Sep/2008:14:48:56 +0200] "GET /f-maintitle.html HTTP/1.1" 200 5030 "-" "Mozilla/5.0 (Windows; U; Windows NT 5.1; fr; rv:1.8.1) VoilaBot BETA 1.2 (support.voilabot@orange-ftgroup.com)"
64.1.215.165 - - [21/Sep/2008:14:49:46 +0200] "GET /neon/click.html HTTP/1.0" 200 521 "-" "Mozilla/5.0 (Twiceler-0.9 http://www.cuil.com/twiceler/robot.html)"
74.6.18.222 - - [21/Sep/2008:14:54:13 +0200] "GET /robots.txt HTTP/1.0" 200 64 "-" "Mozilla/5.0 (compatible; Yahoo! Slurp; http://help.yahoo.com/help/us/ysearch/slurp)"
74.6.18.222 - - [21/Sep/2008:14:54:13 +0200] "GET /DgH/ HTTP/1.0" 200 5024 "-" "Mozilla/5.0 (compatible; Yahoo! Slurp; http://help.yahoo.com/help/us/ysearch/slurp)"
64.1.215.165 - - [21/Sep/2008:14:56:13 +0200] "GET /robots.txt HTTP/1.0" 200 64 "-" "Mozilla/5.0 (Twiceler-0.9 http://www.cuil.com/twiceler/robot.html)"
208.80.194.34 - - [21/Sep/2008:14:58:42 +0200] "GET / HTTP/1.0" 200 7869 "-" "Mozilla/4.0 (compatible; MSIE 7.0; Windows NT 5.1; (R1 1.5); IEMB3; .NET CLR 1.1.4322; IEMB3)"
208.80.194.34 - - [21/Sep/2008:14:58:42 +0200] "GET / HTTP/1.0" 200 7869 "-" "Mozilla/4.0 (compatible; MSIE 6.0; America Online Browser 1.1; rev1.5; Windows NT 5.1; {B21C79F0-FBF0-D4AC-FB53-7FA828B3BEB9}; .NET CLR 1.1.4322; Creative ZENcast v1.01.06)"
64.1.215.165 - - [21/Sep/2008:15:23:11 +0200] "GET /bmpp/18asi_2.html HTTP/1.0" 200 8674 "-" "Mozilla/5.0 (Twiceler-0.9 http://www.cuil.com/twiceler/robot.html)"
64.1.215.165 - - [21/Sep/2008:15:25:22 +0200] "GET /prog.html HTTP/1.0" 404 2748 "-" "Mozilla/5.0 (Twiceler-0.9 http://www.cuil.com/twiceler/robot.html)"
72.14.220.136 - - [21/Sep/2008:15:50:03 +0200] "GET /zampa-lovers/ HTTP/1.0" 200 37790 "-" "Mozilla/4.0 (compatible; MSIE 6.0; Windows NT 5.0; Google Wireless Transcoder;)"
72.14.220.136 - - [21/Sep/2008:15:50:03 +0200] "GET /framez-zampa-lovers.html HTTP/1.0" 200 4322 "http://www.various-euro.com/zampa-lovers/" "Mozilla/4.0 (compatible; MSIE 6.0; Windows NT 5.0; Google Wireless Transcoder;)"
72.14.220.136 - - [21/Sep/2008:15:50:03 +0200] "GET /frame-unten.html HTTP/1.0" 200 5308 "http://www.various-euro.com/framez-zampa-lovers.html" "Mozilla/4.0 (compatible; MSIE 6.0; Windows NT 5.0; Google Wireless Transcoder;)"
72.14.220.136 - - [21/Sep/2008:15:50:03 +0200] "GET /zampa-lovers/index.html HTTP/1.0" 200 37790 "http://www.various-euro.com/framez-zampa-lovers.html" "Mozilla/4.0 (compatible; MSIE 6.0; Windows NT 5.0; Google Wireless Transcoder;)"
72.14.220.136 - - [21/Sep/2008:15:50:03 +0200] "GET /frame-menu.html HTTP/1.0" 200 10536 "http://www.various-euro.com/framez-zampa-lovers.html" "Mozilla/4.0 (compatible; MSIE 6.0; Windows NT 5.0; Google Wireless Transcoder;)"
72.14.220.136 - - [21/Sep/2008:15:50:03 +0200] "GET /framez.html HTTP/1.0" 200 3959 "http://www.various-euro.com/frame-menu.html" "Mozilla/4.0 (compatible; MSIE 6.0; Windows NT 5.0; Google Wireless Transcoder;)"
72.14.220.136 - - [21/Sep/2008:15:50:03 +0200] "GET /frame-inhalt.html HTTP/1.0" 200 5418 "http://www.various-euro.com/framez.html" "Mozilla/4.0 (compatible; MSIE 6.0; Windows NT 5.0; Google Wireless Transcoder;)"
72.14.193.2 - - [21/Sep/2008:15:50:03 +0200] "GET /bannerz/neon_click_2.gif HTTP/1.1" 200 387 "-" "Mozilla/4.0 (compatible; MSIE 6.0; Windows NT 5.0;Google Wireless Transcoder;)"
72.14.193.2 - - [21/Sep/2008:15:50:03 +0200] "GET /bannerz/douwil.gif HTTP/1.1" 200 528 "-" "Mozilla/4.0 (compatible; MSIE 6.0; Windows NT 5.0;Google Wireless Transcoder;)"
72.14.193.2 - - [21/Sep/2008:15:50:03 +0200] "GET /bannerz/neon_click_1.gif HTTP/1.1" 200 890 "-" "Mozilla/4.0 (compatible; MSIE 6.0; Windows NT 5.0;Google Wireless Transcoder;)"
72.14.193.2 - - [21/Sep/2008:15:50:03 +0200] "GET /zampa-lovers/MILIZA_2.JPG HTTP/1.1" 200 22172 "-" "Mozilla/4.0 (compatible; MSIE 6.0; Windows NT 5.0;Google Wireless Transcoder;)"
72.14.193.2 - - [21/Sep/2008:15:50:03 +0200] "GET /bannerz/wet.gif HTTP/1.1" 200 18561 "-" "Mozilla/4.0 (compatible; MSIE 6.0; Windows NT 5.0;Google Wireless Transcoder;)"
72.14.193.2 - - [21/Sep/2008:15:50:04 +0200] "GET /zampa-lovers/Kralle.gif HTTP/1.1" 200 260 "-" "Mozilla/4.0 (compatible; MSIE 6.0; Windows NT 5.0;Google Wireless Transcoder;)"
72.14.193.2 - - [21/Sep/2008:15:50:04 +0200] "GET /zampa-lovers/DRAGANZA.JPG HTTP/1.1" 200 18560 "-" "Mozilla/4.0 (compatible; MSIE 6.0; Windows NT 5.0;Google Wireless Transcoder;)"
72.14.193.2 - - [21/Sep/2008:15:50:04 +0200] "GET /zampa-lovers/zampa-2X2.gif HTTP/1.1" 200 6948 "-" "Mozilla/4.0 (compatible; MSIE 6.0; Windows NT 5.0;Google Wireless Transcoder;)"
81.52.143.15 - - [21/Sep/2008:16:02:05 +0200] "GET /neon/warning2.html HTTP/1.1" 200 997 "-" "Mozilla/5.0 (Windows; U; Windows NT 5.1; fr; rv:1.8.1) VoilaBot BETA 1.2 (support.voilabot@orange-ftgroup.com)"
193.252.149.16 - - [21/Sep/2008:17:11:12 +0200] "GET /bmpp/18start.html HTTP/1.1" 200 320 "-" "Mozilla/5.0 (Windows; U; Windows NT 5.1; fr; rv:1.8.1) VoilaBot BETA 1.2 (support.voilabot@orange-ftgroup.com)"
91.205.124.4 - - [21/Sep/2008:17:38:12 +0200] "GET /robots.txt HTTP/1.1" 200 64 "-" "Yanga WorldSearch Bot v1.1/beta (http://www.yanga.co.uk/)"
91.205.124.4 - - [21/Sep/2008:17:38:12 +0200] "GET /framez-zampa-lovers.html HTTP/1.1" 200 4322 "-" "Yanga WorldSearch Bot v1.1/beta (http://www.yanga.co.uk/)"
82.114.94.1 - - [21/Sep/2008:17:47:24 +0200] "GET / HTTP/1.1" 200 7869 "-" "Mozilla/5.0 (Macintosh; U; Intel Mac OS X 10.5; en-US; rv:1.9.0.1) Gecko/2008070206 Firefox/3.0.1"
82.114.94.1 - - [21/Sep/2008:17:47:24 +0200] "GET /style/various-euro.css HTTP/1.1" 200 3437 "http://www.various-euro.com/" "Mozilla/5.0 (Macintosh; U; Intel Mac OS X 10.5; en-US; rv:1.9.0.1) Gecko/2008070206 Firefox/3.0.1"
82.114.94.1 - - [21/Sep/2008:17:47:24 +0200] "GET /ve-icon-2.ico HTTP/1.1" 200 2238 "-" "Mozilla/5.0 (Macintosh; U; Intel Mac OS X 10.5; en-US; rv:1.9.0.1) Gecko/2008070206 Firefox/3.0.1"
82.114.94.1 - - [21/Sep/2008:17:47:25 +0200] "GET /framez_0.html HTTP/1.1" 200 12444 "http://www.various-euro.com/" "Mozilla/5.0 (Macintosh; U; Intel Mac OS X 10.5; en-US; rv:1.9.0.1) Gecko/2008070206 Firefox/3.0.1"
82.114.94.1 - - [21/Sep/2008:17:47:26 +0200] "GET /framez.html HTTP/1.1" 200 3959 "http://www.various-euro.com/framez_0.html" "Mozilla/5.0 (Macintosh; U; Intel Mac OS X 10.5; en-US; rv:1.9.0.1) Gecko/2008070206 Firefox/3.0.1"
82.114.94.1 - - [21/Sep/2008:17:47:26 +0200] "GET /frame-menu.html HTTP/1.1" 200 10536 "http://www.various-euro.com/framez.html" "Mozilla/5.0 (Macintosh; U; Intel Mac OS X 10.5; en-US; rv:1.9.0.1) Gecko/2008070206 Firefox/3.0.1"
82.114.94.1 - - [21/Sep/2008:17:47:26 +0200] "GET /frame-inhalt.html HTTP/1.1" 200 5418 "http://www.various-euro.com/framez.html" "Mozilla/5.0 (Macintosh; U; Intel Mac OS X 10.5; en-US; rv:1.9.0.1) Gecko/2008070206 Firefox/3.0.1"
82.114.94.1 - - [21/Sep/2008:17:47:26 +0200] "GET /frame-unten.html HTTP/1.1" 200 5308 "http://www.various-euro.com/framez.html" "Mozilla/5.0 (Macintosh; U; Intel Mac OS X 10.5; en-US; rv:1.9.0.1) Gecko/2008070206 Firefox/3.0.1"
82.114.94.1 - - [21/Sep/2008:17:47:26 +0200] "GET /bannerz/neon_click_1.gif HTTP/1.1" 200 890 "http://www.various-euro.com/frame-inhalt.html" "Mozilla/5.0 (Macintosh; U; Intel Mac OS X 10.5; en-US; rv:1.9.0.1) Gecko/2008070206 Firefox/3.0.1"
82.114.94.1 - - [21/Sep/2008:17:47:26 +0200] "GET /eurosign3.gif HTTP/1.1" 200 7879 "http://www.various-euro.com/frame-inhalt.html" "Mozilla/5.0 (Macintosh; U; Intel Mac OS X 10.5; en-US; rv:1.9.0.1) Gecko/2008070206 Firefox/3.0.1"
82.114.94.1 - - [21/Sep/2008:17:47:26 +0200] "GET /bannerz/neon_click_3.gif HTTP/1.1" 200 240 "http://www.various-euro.com/frame-inhalt.html" "Mozilla/5.0 (Macintosh; U; Intel Mac OS X 10.5; en-US; rv:1.9.0.1) Gecko/2008070206 Firefox/3.0.1"
82.114.94.1 - - [21/Sep/2008:17:47:27 +0200] "GET /bannerz/neon_click_2.gif HTTP/1.1" 200 387 "http://www.various-euro.com/frame-inhalt.html" "Mozilla/5.0 (Macintosh; U; Intel Mac OS X 10.5; en-US; rv:1.9.0.1) Gecko/2008070206 Firefox/3.0.1"
82.114.94.1 - - [21/Sep/2008:17:47:26 +0200] "GET /bannerz/wet.gif HTTP/1.1" 200 18561 "http://www.various-euro.com/frame-inhalt.html" "Mozilla/5.0 (Macintosh; U; Intel Mac OS X 10.5; en-US; rv:1.9.0.1) Gecko/2008070206 Firefox/3.0.1"
82.114.94.1 - - [21/Sep/2008:17:47:27 +0200] "GET /bannerz/douwil.gif HTTP/1.1" 200 528 "http://www.various-euro.com/frame-inhalt.html" "Mozilla/5.0 (Macintosh; U; Intel Mac OS X 10.5; en-US; rv:1.9.0.1) Gecko/2008070206 Firefox/3.0.1"
82.114.94.1 - - [21/Sep/2008:17:47:27 +0200] "GET /bannerz/ve.jpg HTTP/1.1" 200 36912 "http://www.various-euro.com/frame-unten.html" "Mozilla/5.0 (Macintosh; U; Intel Mac OS X 10.5; en-US; rv:1.9.0.1) Gecko/2008070206 Firefox/3.0.1"
82.114.94.1 - - [21/Sep/2008:17:47:27 +0200] "GET /bannerz/anti_black_small.gif HTTP/1.1" 200 1009 "http://www.various-euro.com/frame-inhalt.html" "Mozilla/5.0 (Macintosh; U; Intel Mac OS X 10.5; en-US; rv:1.9.0.1) Gecko/2008070206 Firefox/3.0.1"
82.114.94.1 - - [21/Sep/2008:17:47:26 +0200] "GET /bannerz/goolag_468.jpg HTTP/1.1" 200 28285 "http://www.various-euro.com/frame-inhalt.html" "Mozilla/5.0 (Macintosh; U; Intel Mac OS X 10.5; en-US; rv:1.9.0.1) Gecko/2008070206 Firefox/3.0.1"
82.114.94.1 - - [21/Sep/2008:17:47:27 +0200] "GET /bannerz/copyleft_black_small.gif HTTP/1.1" 200 1231 "http://www.various-euro.com/frame-inhalt.html" "Mozilla/5.0 (Macintosh; U; Intel Mac OS X 10.5; en-US; rv:1.9.0.1) Gecko/2008070206 Firefox/3.0.1"
82.114.94.1 - - [21/Sep/2008:17:47:27 +0200] "GET /bannerz/google/Logo_40blk.gif HTTP/1.1" 200 2308 "http://www.various-euro.com/frame-inhalt.html" "Mozilla/5.0 (Macintosh; U; Intel Mac OS X 10.5; en-US; rv:1.9.0.1) Gecko/2008070206 Firefox/3.0.1"
82.114.94.1 - - [21/Sep/2008:17:47:27 +0200] "GET /bannerz/various-euro-girl.jpg HTTP/1.1" 200 91514 "http://www.various-euro.com/frame-unten.html" "Mozilla/5.0 (Macintosh; U; Intel Mac OS X 10.5; en-US; rv:1.9.0.1) Gecko/2008070206 Firefox/3.0.1"
193.252.149.15 - - [21/Sep/2008:18:25:25 +0200] "GET http://various-euro.com:80/robots.txt HTTP/1.1" 200 64 "-" "Mozilla/5.0 (Windows; U; Windows NT 5.1; fr; rv:1.8.1) VoilaBot BETA 1.2 (support.voilabot@orange-ftgroup.com)"
193.252.149.15 - - [21/Sep/2008:18:25:33 +0200] "GET /warez.html HTTP/1.1" 200 9754 "-" "Mozilla/5.0 (Windows; U; Windows NT 5.1; fr; rv:1.8.1) VoilaBot BETA 1.2 (support.voilabot@orange-ftgroup.com)"
201.253.241.72 - - [21/Sep/2008:18:37:11 +0200] "GET /cgi-bin/dirpass.cgi?|echo;cat$IFS/etc/passwd;exit| HTTP/1.1" 404 2748 "http://various-euro.com/cgi-bin/dirpass.cgi?|echo;cat$IFS/etc/passwd;exit|" "Mozilla/4.0 (compatible; MSIE 6.0; Windows NT 5.1)"
208.36.144.10 - - [21/Sep/2008:18:52:17 +0200] "GET /news.html HTTP/1.0" 404 2748 "-" "Mozilla/5.0 (Twiceler-0.9 http://www.cuil.com/twiceler/robot.html)"
65.55.211.173 - - [21/Sep/2008:19:02:31 +0200] "GET /robots.txt HTTP/1.1" 200 64 "-" "msnbot/1.1 (+http://search.msn.com/msnbot.htm)"
65.55.211.173 - - [21/Sep/2008:19:02:32 +0200] "GET /DgH/watch/index.html HTTP/1.1" 200 2028 "-" "msnbot/1.1 (+http://search.msn.com/msnbot.htm)"
66.249.65.169 - - [21/Sep/2008:19:30:28 +0200] "GET /framez-actions.html HTTP/1.1" 200 4322 "-" "Mozilla/5.0 (compatible; Googlebot/2.1; +http://www.google.com/bot.html)"
81.52.143.15 - - [21/Sep/2008:19:39:38 +0200] "GET /warez.html HTTP/1.1" 200 9754 "-" "Mozilla/5.0 (Windows; U; Windows NT 5.1; fr; rv:1.8.1) VoilaBot BETA 1.2 (support.voilabot@orange-ftgroup.com)"
74.6.18.222 - - [21/Sep/2008:19:53:18 +0200] "GET /world.html HTTP/1.0" 200 16295 "-" "Mozilla/5.0 (compatible; Yahoo! Slurp; http://help.yahoo.com/help/us/ysearch/slurp)"
74.6.18.222 - - [21/Sep/2008:20:19:23 +0200] "GET /schubb/schubb-2.html HTTP/1.0" 200 16660 "-" "Mozilla/5.0 (compatible; Yahoo! Slurp; http://help.yahoo.com/help/us/ysearch/slurp)"
83.133.125.202 - - [21/Sep/2008:20:55:15 +0200] "GET / HTTP/1.0" 200 7869 "-" "-"
83.133.125.202 - - [21/Sep/2008:20:55:15 +0200] "GET / HTTP/1.0" 200 7869 "-" "-"
82.99.30.63 - - [21/Sep/2008:21:03:37 +0200] "GET /slike/zampa.gif HTTP/1.0" 302 368 "http://www.munax.com/referer.htm" "Mozilla/4.0 (compatible; MSIE 6.0; Windows NT 5.1)"
82.99.30.63 - - [21/Sep/2008:21:03:37 +0200] "GET /slike/udupetu.gif HTTP/1.0" 302 370 "http://www.munax.com/referer.htm" "Mozilla/4.0 (compatible; MSIE 6.0; Windows NT 5.1)"
82.99.30.63 - - [21/Sep/2008:21:03:37 +0200] "GET /slike/inthearse.gif HTTP/1.0" 302 372 "http://www.munax.com/referer.htm" "Mozilla/4.0 (compatible; MSIE 6.0; Windows NT 5.1)"
60.240.249.197 - - [21/Sep/2008:21:05:10 +0200] "GET /zampa/ HTTP/1.1" 200 7153 "-" "Mozilla/5.0 (X11; U; Linux i686; en-US; rv:1.8.1.4) Gecko/20070515 Firefox/2.0.0.4"
65.55.211.162 - - [21/Sep/2008:21:21:09 +0200] "GET /robots.txt HTTP/1.1" 200 64 "-" "msnbot/1.1 (+http://search.msn.com/msnbot.htm)"
65.55.211.162 - - [21/Sep/2008:21:21:09 +0200] "GET /euro.html HTTP/1.1" 404 2748 "-" "msnbot/1.1 (+http://search.msn.com/msnbot.htm)"
208.36.144.10 - - [21/Sep/2008:21:47:54 +0200] "GET /neon/girlz2.html HTTP/1.0" 200 2937 "-" "Mozilla/5.0 (Twiceler-0.9 http://www.cuil.com/twiceler/robot.html)"
74.6.18.222 - - [21/Sep/2008:22:06:35 +0200] "GET /f-zeug.html HTTP/1.0" 200 45338 "-" "Mozilla/5.0 (compatible; Yahoo! Slurp; http://help.yahoo.com/help/us/ysearch/slurp)"
64.1.215.165 - - [21/Sep/2008:22:07:07 +0200] "GET /neon/warning.html HTTP/1.0" 200 5134 "-" "Mozilla/5.0 (Twiceler-0.9 http://www.cuil.com/twiceler/robot.html)"
81.52.143.16 - - [21/Sep/2008:22:20:14 +0200] "GET /frame-unten.html HTTP/1.1" 200 5308 "-" "Mozilla/5.0 (Windows; U; Windows NT 5.1; fr; rv:1.8.1) VoilaBot BETA 1.2 (support.voilabot@orange-ftgroup.com)"
65.55.211.170 - - [21/Sep/2008:22:34:00 +0200] "GET /robots.txt HTTP/1.1" 200 64 "-" "msnbot/1.1 (+http://search.msn.com/msnbot.htm)"
65.55.211.170 - - [21/Sep/2008:22:34:00 +0200] "GET /zampa/lybia/index.html HTTP/1.1" 200 3036 "-" "msnbot/1.1 (+http://search.msn.com/msnbot.htm)"
74.6.18.222 - - [21/Sep/2008:23:00:32 +0200] "GET /f-search.html HTTP/1.0" 200 11800 "-" "Mozilla/5.0 (compatible; Yahoo! Slurp; http://help.yahoo.com/help/us/ysearch/slurp)"
74.6.18.222 - - [21/Sep/2008:23:07:24 +0200] "GET /DgH/rampe/index.html HTTP/1.0" 200 2056 "-" "Mozilla/5.0 (compatible; Yahoo! Slurp; http://help.yahoo.com/help/us/ysearch/slurp)"
119.63.193.201 - - [21/Sep/2008:23:22:03 +0200] "HEAD /bannerz/various-euro-girl.jpg HTTP/1.1" 200 - "-" "BaiduImagespider+(+http://help.baidu.jp/system/05.html)"
208.36.144.10 - - [22/Sep/2008:00:05:59 +0200] "GET /framez-girlz-neon.html HTTP/1.0" 200 4388 "-" "Mozilla/5.0 (Twiceler-0.9 http://www.cuil.com/twiceler/robot.html)"
208.66.193.164 - - [22/Sep/2008:00:20:27 +0200] "GET / HTTP/1.1" 200 7869 "-" "Yanga WorldSearch Bot v1.1/beta (http://www.yanga.co.uk/)"
74.6.18.222 - - [22/Sep/2008:00:25:06 +0200] "GET /robots.txt HTTP/1.0" 200 64 "-" "Mozilla/5.0 (compatible; Yahoo! Slurp; http://help.yahoo.com/help/us/ysearch/slurp)"
74.6.18.222 - - [22/Sep/2008:00:25:07 +0200] "GET /robots.txt HTTP/1.0" 200 64 "-" "Mozilla/5.0 (compatible; Yahoo! Slurp; http://help.yahoo.com/help/us/ysearch/slurp)"
65.55.212.217 - - [22/Sep/2008:00:31:13 +0200] "GET /robots.txt HTTP/1.0" 200 64 "-" "msnbot-media/1.0 (+http://search.msn.com/msnbot.htm)"
65.55.212.217 - - [22/Sep/2008:00:31:14 +0200] "GET /schubb/schubb-2.html HTTP/1.0" 200 16660 "-" "msnbot-media/1.0 (+http://search.msn.com/msnbot.htm)"
65.55.212.217 - - [22/Sep/2008:00:43:03 +0200] "GET / HTTP/1.0" 200 7869 "-" "msnbot-media/1.0 (+http://search.msn.com/msnbot.htm)"
81.52.143.16 - - [22/Sep/2008:01:28:48 +0200] "GET /f-web.html HTTP/1.1" 200 13605 "-" "Mozilla/5.0 (Windows; U; Windows NT 5.1; fr; rv:1.8.1) VoilaBot BETA 1.2 (support.voilabot@orange-ftgroup.com)"
64.1.215.165 - - [22/Sep/2008:01:43:24 +0200] "GET /zampa/montenegro/MILOW.html HTTP/1.0" 200 860 "-" "Mozilla/5.0 (Twiceler-0.9 http://www.cuil.com/twiceler/robot.html)"
65.55.211.163 - - [22/Sep/2008:02:07:43 +0200] "GET /robots.txt HTTP/1.1" 200 64 "-" "msnbot/1.1 (+http://search.msn.com/msnbot.htm)"
65.55.211.163 - - [22/Sep/2008:02:07:43 +0200] "GET /neon/slow-walk2.html HTTP/1.1" 200 1777 "-" "msnbot/1.1 (+http://search.msn.com/msnbot.htm)"
82.99.30.24 - - [22/Sep/2008:02:12:47 +0200] "GET /webby2.gif HTTP/1.0" 200 11191 "http://www.munax.com/referer.htm" "Mozilla/4.0 (compatible; MSIE 6.0; Windows NT 5.1)"
82.99.30.24 - - [22/Sep/2008:02:12:47 +0200] "GET /webby.gif HTTP/1.0" 200 12512 "http://www.munax.com/referer.htm" "Mozilla/4.0 (compatible; MSIE 6.0; Windows NT 5.1)"
82.99.30.24 - - [22/Sep/2008:02:12:47 +0200] "GET /bannerz/web-tv-w.gif HTTP/1.0" 200 715 "http://www.munax.com/referer.htm" "Mozilla/4.0 (compatible; MSIE 6.0; Windows NT 5.1)"
82.99.30.24 - - [22/Sep/2008:02:12:47 +0200] "GET /bannerz/game/game0.jpg HTTP/1.0" 200 16189 "http://www.munax.com/referer.htm" "Mozilla/4.0 (compatible; MSIE 6.0; Windows NT 5.1)"
78.137.20.115 - - [22/Sep/2008:02:25:11 +0200] "GET /framez-schubb5.html HTTP/1.0" 200 4330 "http://www.various-euro.com/framez-schubb5.html" "Mozilla/5.0 (Windows; U; Windows NT 5.1; en-US; rv:1.9a1) Gecko/20060612 Minefield/3.0a1"
78.137.20.115 - - [22/Sep/2008:02:25:12 +0200] "GET /frame-menu.html HTTP/1.0" 200 10536 "http://www.various-euro.com/frame-menu.html" "Mozilla/5.0 (Windows; U; Windows NT 5.1; en-US; rv:1.9a1) Gecko/20060612 Minefield/3.0a1"
78.137.20.115 - - [22/Sep/2008:02:25:12 +0200] "GET /schubb/schubb-5.html HTTP/1.0" 200 72944 "http://www.various-euro.com/schubb/schubb-5.html" "Mozilla/5.0 (Windows; U; Windows NT 5.1; en-US; rv:1.9a1) Gecko/20060612 Minefield/3.0a1"
78.137.20.115 - - [22/Sep/2008:02:25:20 +0200] "GET /frame-unten.html HTTP/1.0" 200 5308 "http://www.various-euro.com/frame-unten.html" "Mozilla/5.0 (Windows; U; Windows NT 5.1; en-US; rv:1.9a1) Gecko/20060612 Minefield/3.0a1"
82.99.30.10 - - [22/Sep/2008:02:52:06 +0200] "GET /bannerz/docubanner2.gif HTTP/1.0" 200 14804 "http://www.munax.com/referer.htm" "Mozilla/4.0 (compatible; MSIE 6.0; Windows NT 5.1)"
