206.51.230.26 - - [25/Sep/2008:05:05:22 +0200] "GET /logs/ HTTP/1.1" 200 10079 "http://drugstore-inc.com/" "Mozilla/4.0 (compatible; MSIE 6.0; Windows NT 5.1; Avant Browser; .NET CLR 2.0.50727)"
206.51.230.26 - - [25/Sep/2008:05:05:35 +0200] "GET /logs/usage_200712.html HTTP/1.1" 200 92577 "http://drugstore-inc.com/" "Mozilla/4.0 (compatible; MSIE 5.5; Windows NT 5.0)"
66.249.65.169 - - [25/Sep/2008:05:15:07 +0200] "GET /your_tour.html HTTP/1.1" 200 29760 "-" "Mozilla/5.0 (compatible; Googlebot/2.1; +http://www.google.com/bot.html)"
66.249.65.169 - - [25/Sep/2008:06:35:41 +0200] "GET /framez-pgb.html HTTP/1.1" 200 4336 "-" "Mozilla/5.0 (compatible; Googlebot/2.1; +http://www.google.com/bot.html)"
68.142.212.211 - - [25/Sep/2008:06:54:25 +0200] "GET /robots.txt HTTP/1.0" 200 64 "-" "Mozilla/5.0 (Yahoo-MMCrawler/4.0; mailto:vertical-crawl-support@yahoo-inc.com)"
68.142.212.211 - - [25/Sep/2008:06:54:25 +0200] "GET /logs/ctry_usage_200711.png HTTP/1.0" 200 4533 "-" "Mozilla/5.0 (Yahoo-MMCrawler/4.0; mailto:vertical-crawl-support@yahoo-inc.com)"
91.205.124.4 - - [25/Sep/2008:06:56:02 +0200] "GET /robots.txt HTTP/1.1" 200 64 "-" "Yanga WorldSearch Bot v1.1/beta (http://www.yanga.co.uk/)"
208.66.193.164 - - [25/Sep/2008:06:56:02 +0200] "GET / HTTP/1.1" 200 7869 "-" "Yanga WorldSearch Bot v1.1/beta (http://www.yanga.co.uk/)"
201.252.2.40 - - [25/Sep/2008:07:13:33 +0200] "POST /index.php?template=../../../../../../../../../../../etc/passwd%00 HTTP/1.1" 404 2748 "http://various-euro.com/index.php?template=../../../../../../../../../../../etc/passwd%00" "Mozilla/4.0 (compatible; MSIE 6.0; Windows NT 5.1)"
65.214.44.28 - - [25/Sep/2008:07:23:40 +0200] "GET /montenegro/slike/plakat.jpg HTTP/1.1" 302 380 "http://yast.vnatrc.net/YAST/fullscreen" "Mozilla/5.0 (X11; U; Linux i686; en-US; rv:1.9a1) Gecko/20070308 Minefield/3.0a1"
65.214.44.28 - - [25/Sep/2008:07:23:40 +0200] "GET /zampa/montenegro/slike/plakat.jpg HTTP/1.1" 200 47879 "http://yast.vnatrc.net/YAST/fullscreen" "Mozilla/5.0 (X11; U; Linux i686; en-US; rv:1.9a1) Gecko/20070308 Minefield/3.0a1"
74.6.18.222 - - [25/Sep/2008:08:26:58 +0200] "GET /f-other.html HTTP/1.0" 200 33189 "-" "Mozilla/5.0 (compatible; Yahoo! Slurp; http://help.yahoo.com/help/us/ysearch/slurp)"
82.99.30.13 - - [25/Sep/2008:08:46:12 +0200] "GET /zampa/lybia/slike/tele.jpg HTTP/1.0" 200 28022 "http://www.munax.com/referer.htm" "Mozilla/4.0 (compatible; MSIE 6.0; Windows NT 5.1)"
74.6.18.222 - - [25/Sep/2008:09:05:59 +0200] "GET /logs/usage_200511.html HTTP/1.0" 200 108728 "-" "Mozilla/5.0 (compatible; Yahoo! Slurp; http://help.yahoo.com/help/us/ysearch/slurp)"
65.214.45.224 - - [25/Sep/2008:09:08:17 +0200] "GET /robots.txt HTTP/1.0" 200 64 "-" "Mozilla/5.0 (compatible; Ask Jeeves/Teoma; +http://about.ask.com/en/docs/about/webmasters.shtml)"
65.214.45.224 - - [25/Sep/2008:09:08:17 +0200] "GET /neon/girlz2.html HTTP/1.0" 200 2937 "-" "Mozilla/5.0 (compatible; Ask Jeeves/Teoma; +http://about.ask.com/en/docs/about/webmasters.shtml)"
82.99.30.10 - - [25/Sep/2008:09:23:45 +0200] "GET /neon/EURO23.gif HTTP/1.0" 200 28963 "http://www.munax.com/referer.htm" "Mozilla/4.0 (compatible; MSIE 6.0; Windows NT 5.1)"
82.99.30.10 - - [25/Sep/2008:09:23:45 +0200] "GET /neon/EURO2gif.gif HTTP/1.0" 200 28944 "http://www.munax.com/referer.htm" "Mozilla/4.0 (compatible; MSIE 6.0; Windows NT 5.1)"
82.99.30.10 - - [25/Sep/2008:09:23:45 +0200] "GET /neon/EURO23a.gif HTTP/1.0" 200 33058 "http://www.munax.com/referer.htm" "Mozilla/4.0 (compatible; MSIE 6.0; Windows NT 5.1)"
82.99.30.10 - - [25/Sep/2008:09:23:45 +0200] "GET /neon/EURO23b.gif HTTP/1.0" 200 37153 "http://www.munax.com/referer.htm" "Mozilla/4.0 (compatible; MSIE 6.0; Windows NT 5.1)"
82.99.30.10 - - [25/Sep/2008:09:23:45 +0200] "GET /neon/EURO23c.gif HTTP/1.0" 200 41248 "http://www.munax.com/referer.htm" "Mozilla/4.0 (compatible; MSIE 6.0; Windows NT 5.1)"
82.99.30.38 - - [25/Sep/2008:10:45:18 +0200] "GET /zampa/montenegro/slike/plakat.jpg HTTP/1.0" 200 47879 "http://www.munax.com/referer.htm" "Mozilla/4.0 (compatible; MSIE 6.0; Windows NT 5.1)"
74.6.18.222 - - [25/Sep/2008:11:02:40 +0200] "GET /zampa-lovers/zampa.ICO HTTP/1.0" 200 7134 "-" "Mozilla/5.0 (compatible; Yahoo! Slurp; http://help.yahoo.com/help/us/ysearch/slurp)"
82.99.30.28 - - [25/Sep/2008:11:40:02 +0200] "GET /zampa/montenegro/slike/ZMAJW.jpg HTTP/1.0" 200 4555 "http://www.munax.com/referer.htm" "Mozilla/4.0 (compatible; MSIE 6.0; Windows NT 5.1)"
82.99.30.28 - - [25/Sep/2008:11:40:02 +0200] "GET /zampa/montenegro/slike/BATAW.jpg HTTP/1.0" 200 2631 "http://www.munax.com/referer.htm" "Mozilla/4.0 (compatible; MSIE 6.0; Windows NT 5.1)"
82.99.30.28 - - [25/Sep/2008:11:40:02 +0200] "GET /zampa/montenegro/slike/MILOW.jpg HTTP/1.0" 200 3823 "http://www.munax.com/referer.htm" "Mozilla/4.0 (compatible; MSIE 6.0; Windows NT 5.1)"
82.99.30.28 - - [25/Sep/2008:11:40:02 +0200] "GET /zampa/montenegro/slike/SEKAW.jpg HTTP/1.0" 200 2786 "http://www.munax.com/referer.htm" "Mozilla/4.0 (compatible; MSIE 6.0; Windows NT 5.1)"
82.99.30.28 - - [25/Sep/2008:11:40:02 +0200] "GET /zampa/montenegro/slike/TESLAW.jpg HTTP/1.0" 200 3770 "http://www.munax.com/referer.htm" "Mozilla/4.0 (compatible; MSIE 6.0; Windows NT 5.1)"
82.99.30.2 - - [25/Sep/2008:11:42:49 +0200] "GET /zampa/wonderland/TWonder.gif HTTP/1.0" 200 76757 "http://www.munax.com/referer.htm" "Mozilla/4.0 (compatible; MSIE 6.0; Windows NT 5.1)"
66.249.65.169 - - [25/Sep/2008:12:07:09 +0200] "GET /logs/usage_200809.html HTTP/1.1" 404 2748 "-" "Mozilla/5.0 (compatible; Googlebot/2.1; +http://www.google.com/bot.html)"
91.205.124.4 - - [25/Sep/2008:12:25:17 +0200] "GET /robots.txt HTTP/1.1" 200 64 "-" "Yanga WorldSearch Bot v1.1/beta (http://www.yanga.co.uk/)"
91.205.124.4 - - [25/Sep/2008:12:25:17 +0200] "GET /frame-menu.html HTTP/1.1" 200 10536 "-" "Yanga WorldSearch Bot v1.1/beta (http://www.yanga.co.uk/)"
91.205.124.4 - - [25/Sep/2008:12:26:09 +0200] "GET /f-rez.html HTTP/1.1" 200 9765 "-" "Yanga WorldSearch Bot v1.1/beta (http://www.yanga.co.uk/)"
91.205.124.4 - - [25/Sep/2008:12:26:48 +0200] "GET /frame-unten.html HTTP/1.1" 200 5308 "-" "Yanga WorldSearch Bot v1.1/beta (http://www.yanga.co.uk/)"
91.205.124.4 - - [25/Sep/2008:12:26:49 +0200] "GET /bannerz/ve.jpg HTTP/1.1" 200 36912 "-" "Yanga WorldSearch Bot v1.1/beta (http://www.yanga.co.uk/)"
208.36.144.10 - - [25/Sep/2008:12:42:38 +0200] "GET /robots.txt HTTP/1.0" 200 64 "-" "Mozilla/5.0 (Twiceler-0.9 http://www.cuil.com/twiceler/robot.html)"
74.6.18.222 - - [25/Sep/2008:13:39:19 +0200] "GET /robots.txt HTTP/1.0" 200 64 "-" "Mozilla/5.0 (compatible; Yahoo! Slurp; http://help.yahoo.com/help/us/ysearch/slurp)"
74.6.18.222 - - [25/Sep/2008:13:39:19 +0200] "GET /partnergegenberlin.html HTTP/1.0" 200 5022 "-" "Mozilla/5.0 (compatible; Yahoo! Slurp; http://help.yahoo.com/help/us/ysearch/slurp)"
201.252.2.40 - - [25/Sep/2008:13:45:23 +0200] "POST /cgi-bin/form/form.cgi HTTP/1.1" 404 2748 "http://various-euro.com/cgi-bin/form/form.cgi" "Mozilla/4.0 (compatible; MSIE 6.0; Windows NT 5.1)"
72.199.126.9 - - [25/Sep/2008:13:51:35 +0200] "HEAD /zampa-lovers/ HTTP/1.0" 200 - "http://www.seecult.org/portal/html/modules.php" "Jakarta Commons-HttpClient/2.0xxx"
72.199.126.9 - - [25/Sep/2008:13:51:35 +0200] "GET /zampa-lovers/ HTTP/1.0" 200 37790 "http://www.seecult.org/portal/html/modules.php" "Jakarta Commons-HttpClient/2.0xxx"
74.6.18.222 - - [25/Sep/2008:14:20:25 +0200] "GET /f-maintitle.html HTTP/1.0" 200 5030 "-" "Mozilla/5.0 (compatible; Yahoo! Slurp; http://help.yahoo.com/help/us/ysearch/slurp)"
209.17.171.58 - - [25/Sep/2008:14:21:32 +0200] "GET / HTTP/1.1" 200 7869 "http://www.smsarea.net/" "Mozilla/5.0 (X11; U; Linux i686; en-US) (+http://www.smsarea.net) Gecko/20070515 Firefox/2.0.0.5"
64.1.215.165 - - [25/Sep/2008:14:46:42 +0200] "GET /robots.txt HTTP/1.0" 200 64 "-" "Mozilla/5.0 (Twiceler-0.9 http://www.cuil.com/twiceler/robot.html)"
65.214.45.100 - - [25/Sep/2008:14:58:45 +0200] "GET /framez-girlz.html HTTP/1.0" 200 4271 "-" "Mozilla/5.0 (compatible; Ask Jeeves/Teoma; +http://about.ask.com/en/docs/about/webmasters.shtml)"
65.214.45.100 - - [25/Sep/2008:14:58:46 +0200] "GET /frame-menu.html HTTP/1.0" 200 10536 "-" "Mozilla/5.0 (compatible; Ask Jeeves/Teoma; +http://about.ask.com/en/docs/about/webmasters.shtml)"
65.214.45.100 - - [25/Sep/2008:14:58:46 +0200] "GET /neon/girlz2.html HTTP/1.0" 200 2937 "-" "Mozilla/5.0 (compatible; Ask Jeeves/Teoma; +http://about.ask.com/en/docs/about/webmasters.shtml)"
65.214.45.100 - - [25/Sep/2008:14:58:46 +0200] "GET /frame-unten.html HTTP/1.0" 200 5308 "-" "Mozilla/5.0 (compatible; Ask Jeeves/Teoma; +http://about.ask.com/en/docs/about/webmasters.shtml)"
65.214.45.100 - - [25/Sep/2008:15:04:12 +0200] "GET /framez.html HTTP/1.0" 200 3959 "-" "Mozilla/5.0 (compatible; Ask Jeeves/Teoma; +http://about.ask.com/en/docs/about/webmasters.shtml)"
65.214.45.100 - - [25/Sep/2008:15:04:13 +0200] "GET /framez.html HTTP/1.0" 200 3959 "-" "Mozilla/5.0 (compatible; Ask Jeeves/Teoma; +http://about.ask.com/en/docs/about/webmasters.shtml)"
65.214.45.100 - - [25/Sep/2008:15:04:13 +0200] "GET /frame-inhalt.html HTTP/1.0" 200 5418 "-" "Mozilla/5.0 (compatible; Ask Jeeves/Teoma; +http://about.ask.com/en/docs/about/webmasters.shtml)"
77.77.196.128 - - [25/Sep/2008:15:12:07 +0200] "GET /zampa-lovers/kralle.gif HTTP/1.1" 404 2748 "http://various-euro.com/zampa-lovers/index.html" "Mozilla/5.0 (Windows; U; Windows NT 5.1; en-US; rv:1.8.1.16) Gecko/20080702 Firefox/2.0.0.16"
77.77.196.128 - - [25/Sep/2008:15:12:07 +0200] "GET /zampa-lovers/zampa.ICO HTTP/1.1" 200 7134 "-" "Mozilla/5.0 (Windows; U; Windows NT 5.1; en-US; rv:1.8.1.16) Gecko/20080702 Firefox/2.0.0.16"
77.77.196.128 - - [25/Sep/2008:15:12:07 +0200] "GET /zampa-lovers/DRAGAN_Z.JPG HTTP/1.1" 200 6850 "http://various-euro.com/zampa-lovers/index.html" "Mozilla/5.0 (Windows; U; Windows NT 5.1; en-US; rv:1.8.1.16) Gecko/20080702 Firefox/2.0.0.16"
77.77.196.128 - - [25/Sep/2008:15:12:06 +0200] "GET /zampa-lovers/index.html HTTP/1.1" 200 37790 "http://search.bearshare.com/intl/webResults.html?q=indijanci&hl=en&o=10596&page=1&lr=1&src=hmp_intl" "Mozilla/5.0 (Windows; U; Windows NT 5.1; en-US; rv:1.8.1.16) Gecko/20080702 Firefox/2.0.0.16"
77.77.196.128 - - [25/Sep/2008:15:12:07 +0200] "GET /zampa-lovers/MILIZA_2.JPG HTTP/1.1" 200 22172 "http://various-euro.com/zampa-lovers/index.html" "Mozilla/5.0 (Windows; U; Windows NT 5.1; en-US; rv:1.8.1.16) Gecko/20080702 Firefox/2.0.0.16"
77.77.196.128 - - [25/Sep/2008:15:12:08 +0200] "GET /zampa-lovers/MILIZA_B.JPG HTTP/1.1" 200 10947 "http://various-euro.com/zampa-lovers/index.html" "Mozilla/5.0 (Windows; U; Windows NT 5.1; en-US; rv:1.8.1.16) Gecko/20080702 Firefox/2.0.0.16"
77.77.196.128 - - [25/Sep/2008:15:12:09 +0200] "GET /zampa-lovers/MILIZA_4.JPG HTTP/1.1" 200 9946 "http://various-euro.com/zampa-lovers/index.html" "Mozilla/5.0 (Windows; U; Windows NT 5.1; en-US; rv:1.8.1.16) Gecko/20080702 Firefox/2.0.0.16"
77.77.196.128 - - [25/Sep/2008:15:12:07 +0200] "GET /zampa-lovers/MILIZA_3.JPG HTTP/1.1" 200 26924 "http://various-euro.com/zampa-lovers/index.html" "Mozilla/5.0 (Windows; U; Windows NT 5.1; en-US; rv:1.8.1.16) Gecko/20080702 Firefox/2.0.0.16"
77.77.196.128 - - [25/Sep/2008:15:12:09 +0200] "GET /zampa-lovers/DRAGANZA.JPG HTTP/1.1" 200 18560 "http://various-euro.com/zampa-lovers/index.html" "Mozilla/5.0 (Windows; U; Windows NT 5.1; en-US; rv:1.8.1.16) Gecko/20080702 Firefox/2.0.0.16"
77.77.196.128 - - [25/Sep/2008:15:12:09 +0200] "GET /zampa-lovers/1SEITEVE.GIF HTTP/1.1" 200 78726 "http://various-euro.com/zampa-lovers/index.html" "Mozilla/5.0 (Windows; U; Windows NT 5.1; en-US; rv:1.8.1.16) Gecko/20080702 Firefox/2.0.0.16"
77.77.196.128 - - [25/Sep/2008:15:12:11 +0200] "GET /zampa-lovers/Kralle.gif HTTP/1.1" 200 260 "http://various-euro.com/zampa-lovers/index.html" "Mozilla/5.0 (Windows; U; Windows NT 5.1; en-US; rv:1.8.1.16) Gecko/20080702 Firefox/2.0.0.16"
77.77.196.128 - - [25/Sep/2008:15:12:11 +0200] "GET /zampa-lovers/zampa-2X2.gif HTTP/1.1" 200 6948 "http://various-euro.com/zampa-lovers/index.html" "Mozilla/5.0 (Windows; U; Windows NT 5.1; en-US; rv:1.8.1.16) Gecko/20080702 Firefox/2.0.0.16"
77.77.196.128 - - [25/Sep/2008:15:12:11 +0200] "GET /zampa-lovers/zampamali.gif HTTP/1.1" 200 2617 "http://various-euro.com/zampa-lovers/index.html" "Mozilla/5.0 (Windows; U; Windows NT 5.1; en-US; rv:1.8.1.16) Gecko/20080702 Firefox/2.0.0.16"
77.77.196.128 - - [25/Sep/2008:15:12:10 +0200] "GET /zampa-lovers/2SEITEVE.GIF HTTP/1.1" 200 83466 "http://various-euro.com/zampa-lovers/index.html" "Mozilla/5.0 (Windows; U; Windows NT 5.1; en-US; rv:1.8.1.16) Gecko/20080702 Firefox/2.0.0.16"
77.77.196.128 - - [25/Sep/2008:15:12:29 +0200] "GET /framez-zampa-lovers.html HTTP/1.1" 200 4322 "http://various-euro.com/zampa-lovers/index.html" "Mozilla/5.0 (Windows; U; Windows NT 5.1; en-US; rv:1.8.1.16) Gecko/20080702 Firefox/2.0.0.16"
77.77.196.128 - - [25/Sep/2008:15:12:29 +0200] "GET /frame-menu.html HTTP/1.1" 200 10536 "http://various-euro.com/framez-zampa-lovers.html" "Mozilla/5.0 (Windows; U; Windows NT 5.1; en-US; rv:1.8.1.16) Gecko/20080702 Firefox/2.0.0.16"
77.77.196.128 - - [25/Sep/2008:15:12:29 +0200] "GET /ve-icon-2.ico HTTP/1.1" 200 2238 "-" "Mozilla/5.0 (Windows; U; Windows NT 5.1; en-US; rv:1.8.1.16) Gecko/20080702 Firefox/2.0.0.16"
77.77.196.128 - - [25/Sep/2008:15:12:29 +0200] "GET /frame-unten.html HTTP/1.1" 200 5308 "http://various-euro.com/framez-zampa-lovers.html" "Mozilla/5.0 (Windows; U; Windows NT 5.1; en-US; rv:1.8.1.16) Gecko/20080702 Firefox/2.0.0.16"
77.77.196.128 - - [25/Sep/2008:15:12:29 +0200] "GET /zampa-lovers/index.html HTTP/1.1" 200 37790 "http://various-euro.com/framez-zampa-lovers.html" "Mozilla/5.0 (Windows; U; Windows NT 5.1; en-US; rv:1.8.1.16) Gecko/20080702 Firefox/2.0.0.16"
77.77.196.128 - - [25/Sep/2008:15:12:29 +0200] "GET /zampa-lovers/kralle.gif HTTP/1.1" 404 2748 "http://various-euro.com/zampa-lovers/index.html" "Mozilla/5.0 (Windows; U; Windows NT 5.1; en-US; rv:1.8.1.16) Gecko/20080702 Firefox/2.0.0.16"
77.77.196.128 - - [25/Sep/2008:15:12:29 +0200] "GET /style/various-euro.css HTTP/1.1" 200 3437 "http://various-euro.com/frame-menu.html" "Mozilla/5.0 (Windows; U; Windows NT 5.1; en-US; rv:1.8.1.16) Gecko/20080702 Firefox/2.0.0.16"
77.77.196.128 - - [25/Sep/2008:15:12:11 +0200] "GET /zampa-lovers/zampa.gif HTTP/1.1" 200 460627 "http://various-euro.com/zampa-lovers/index.html" "Mozilla/5.0 (Windows; U; Windows NT 5.1; en-US; rv:1.8.1.16) Gecko/20080702 Firefox/2.0.0.16"
77.77.196.128 - - [25/Sep/2008:15:12:29 +0200] "GET /bannerz/ve.jpg HTTP/1.1" 200 36912 "http://various-euro.com/frame-unten.html" "Mozilla/5.0 (Windows; U; Windows NT 5.1; en-US; rv:1.8.1.16) Gecko/20080702 Firefox/2.0.0.16"
77.77.196.128 - - [25/Sep/2008:15:12:30 +0200] "GET /bannerz/various-euro-girl.jpg HTTP/1.1" 200 91514 "http://various-euro.com/frame-unten.html" "Mozilla/5.0 (Windows; U; Windows NT 5.1; en-US; rv:1.8.1.16) Gecko/20080702 Firefox/2.0.0.16"
77.77.196.128 - - [25/Sep/2008:15:12:31 +0200] "GET /zampa-lovers/zampa.gif HTTP/1.1" 206 170431 "http://various-euro.com/zampa-lovers/index.html" "Mozilla/5.0 (Windows; U; Windows NT 5.1; en-US; rv:1.8.1.16) Gecko/20080702 Firefox/2.0.0.16"
78.98.131.245 - - [25/Sep/2008:15:16:21 +0200] "GET /framez-world.html HTTP/1.1" 200 4325 "http://www.google.sk/search?hl=sk&q=europortal&start=30&sa=N" "Mozilla/4.0 (compatible; MSIE 7.0; Windows NT 5.1; SIMBAR={0512CC76-0EF6-4ADE-838D-8DB39F3CF85B}; FunWebProducts)"
78.98.131.245 - - [25/Sep/2008:15:16:21 +0200] "GET /frame-menu.html HTTP/1.1" 200 10536 "http://www.various-euro.com/framez-world.html" "Mozilla/4.0 (compatible; MSIE 7.0; Windows NT 5.1; SIMBAR={0512CC76-0EF6-4ADE-838D-8DB39F3CF85B}; FunWebProducts)"
78.98.131.245 - - [25/Sep/2008:15:16:21 +0200] "GET /frame-unten.html HTTP/1.1" 200 5308 "http://www.various-euro.com/framez-world.html" "Mozilla/4.0 (compatible; MSIE 7.0; Windows NT 5.1; SIMBAR={0512CC76-0EF6-4ADE-838D-8DB39F3CF85B}; FunWebProducts)"
78.98.131.245 - - [25/Sep/2008:15:16:21 +0200] "GET /style/various-euro.css HTTP/1.1" 200 3437 "http://www.various-euro.com/frame-menu.html" "Mozilla/4.0 (compatible; MSIE 7.0; Windows NT 5.1; SIMBAR={0512CC76-0EF6-4ADE-838D-8DB39F3CF85B}; FunWebProducts)"
78.98.131.245 - - [25/Sep/2008:15:16:21 +0200] "GET /f-world.html HTTP/1.1" 200 35590 "http://www.various-euro.com/framez-world.html" "Mozilla/4.0 (compatible; MSIE 7.0; Windows NT 5.1; SIMBAR={0512CC76-0EF6-4ADE-838D-8DB39F3CF85B}; FunWebProducts)"
78.98.131.245 - - [25/Sep/2008:15:16:21 +0200] "GET /bannerz/ve.jpg HTTP/1.1" 200 36912 "http://www.various-euro.com/frame-unten.html" "Mozilla/4.0 (compatible; MSIE 7.0; Windows NT 5.1; SIMBAR={0512CC76-0EF6-4ADE-838D-8DB39F3CF85B}; FunWebProducts)"
78.98.131.245 - - [25/Sep/2008:15:16:21 +0200] "GET /bannerz/various-euro-girl.jpg HTTP/1.1" 200 91514 "http://www.various-euro.com/frame-unten.html" "Mozilla/4.0 (compatible; MSIE 7.0; Windows NT 5.1; SIMBAR={0512CC76-0EF6-4ADE-838D-8DB39F3CF85B}; FunWebProducts)"
78.98.131.245 - - [25/Sep/2008:15:16:29 +0200] "GET /ve-icon-2.ico HTTP/1.1" 200 2238 "-" "Mozilla/4.0 (compatible; MSIE 7.0; Windows NT 5.1; SIMBAR={0512CC76-0EF6-4ADE-838D-8DB39F3CF85B}; FunWebProducts)"
88.70.186.213 - - [25/Sep/2008:15:19:43 +0200] "POST http://various-euro.com/cgi-bin/newsletter/mailmachine.cgi HTTP/1.0" 404 2748 "http://various-euro.com/cgi-bin/newsletter/mailmachine.cgi" "Mozilla/4.0 (compatible; MSIE 6.0; Windows NT 5.1)"
88.70.186.213 - - [25/Sep/2008:15:19:43 +0200] "POST http://various-euro.com/mail/mailmachine.cgi HTTP/1.0" 404 2748 "http://various-euro.com/mail/mailmachine.cgi" "Mozilla/4.0 (compatible; MSIE 6.0; Windows NT 5.1)"
82.99.30.17 - - [25/Sep/2008:15:38:11 +0200] "GET /Rampe-DgH.jpg HTTP/1.0" 200 12044 "http://www.munax.com/referer.htm" "Mozilla/4.0 (compatible; MSIE 6.0; Windows NT 5.1)"
82.99.30.17 - - [25/Sep/2008:15:38:11 +0200] "GET /Watch-DgH.jpg HTTP/1.0" 200 12152 "http://www.munax.com/referer.htm" "Mozilla/4.0 (compatible; MSIE 6.0; Windows NT 5.1)"
82.99.30.17 - - [25/Sep/2008:15:38:11 +0200] "GET /bannerz/raf-logo02_tn.gif HTTP/1.0" 200 11804 "http://www.munax.com/referer.htm" "Mozilla/4.0 (compatible; MSIE 6.0; Windows NT 5.1)"
208.36.144.10 - - [25/Sep/2008:16:10:22 +0200] "GET /neon/large.html HTTP/1.0" 200 1547 "-" "Mozilla/5.0 (Twiceler-0.9 http://www.cuil.com/twiceler/robot.html)"
208.80.194.36 - - [25/Sep/2008:16:19:40 +0200] "GET / HTTP/1.0" 200 7869 "-" "Mozilla/4.0 (compatible; MSIE 7.0; Windows NT 5.1; 811TBSTE(0); FunWebProducts; .NET CLR 1.1.4322)"
208.80.194.36 - - [25/Sep/2008:16:19:40 +0200] "GET / HTTP/1.0" 200 7869 "-" "Mozilla/4.0 (compatible; MSIE 6.0; Windows NT 5.1; SV1; Mailinfo [968765]; Avant Browser; .NET CLR 1.0.3705; .NET CLR 1.1.4322; Media Center PC 4.0; InfoPath.2)"
66.249.65.169 - - [25/Sep/2008:16:32:49 +0200] "GET /robots.txt HTTP/1.1" 200 64 "-" "Mozilla/5.0 (compatible; Googlebot/2.1; +http://www.google.com/bot.html)"
66.249.65.169 - - [25/Sep/2008:16:32:49 +0200] "GET /rez/ma.jpg HTTP/1.1" 200 12893 "-" "Mozilla/5.0 (compatible; Googlebot/2.1; +http://www.google.com/bot.html)"
82.99.30.16 - - [25/Sep/2008:16:41:15 +0200] "GET /bannerz/webmasters_click_here.gif HTTP/1.0" 200 1207 "http://www.munax.com/referer.htm" "Mozilla/4.0 (compatible; MSIE 6.0; Windows NT 5.1)"
66.249.65.169 - - [25/Sep/2008:16:43:14 +0200] "GET /zampa-lovers/DRAGAN_Z.JPG HTTP/1.1" 200 6850 "-" "Mozilla/5.0 (compatible; Googlebot/2.1; +http://www.google.com/bot.html)"
208.66.193.164 - - [25/Sep/2008:16:56:13 +0200] "GET / HTTP/1.1" 200 7869 "-" "Yanga WorldSearch Bot v1.1/beta (http://www.yanga.co.uk/)"
85.255.146.66 - - [25/Sep/2008:17:16:27 +0200] "POST http://various-euro.com/cgi-bin/imageFolio.cgi HTTP/1.0" 404 2748 "http://various-euro.com/cgi-bin/imageFolio.cgi" "Mozilla/4.0 (compatible; MSIE 6.0; Windows NT 5.1)"
74.6.18.222 - - [25/Sep/2008:17:46:50 +0200] "GET /framez-girlz.html HTTP/1.0" 200 4271 "-" "Mozilla/5.0 (compatible; Yahoo! Slurp; http://help.yahoo.com/help/us/ysearch/slurp)"
74.6.18.222 - - [25/Sep/2008:17:46:51 +0200] "GET /frame-menu.html HTTP/1.0" 200 10536 "-" "Mozilla/5.0 (compatible; Yahoo! Slurp; http://help.yahoo.com/help/us/ysearch/slurp)"
74.6.18.222 - - [25/Sep/2008:17:46:52 +0200] "GET /neon/girlz2.html HTTP/1.0" 200 2937 "-" "Mozilla/5.0 (compatible; Yahoo! Slurp; http://help.yahoo.com/help/us/ysearch/slurp)"
74.6.18.222 - - [25/Sep/2008:17:46:52 +0200] "GET /frame-unten.html HTTP/1.0" 200 5308 "-" "Mozilla/5.0 (compatible; Yahoo! Slurp; http://help.yahoo.com/help/us/ysearch/slurp)"
74.6.18.222 - - [25/Sep/2008:18:04:52 +0200] "GET /f-contact.html HTTP/1.0" 200 6804 "-" "Mozilla/5.0 (compatible; Yahoo! Slurp; http://help.yahoo.com/help/us/ysearch/slurp)"
64.1.215.165 - - [25/Sep/2008:18:11:34 +0200] "GET /schubb/schubb-5.html HTTP/1.0" 200 72944 "-" "Mozilla/5.0 (Twiceler-0.9 http://www.cuil.com/twiceler/robot.html)"
74.6.18.222 - - [25/Sep/2008:18:29:56 +0200] "GET /neon/channel.html HTTP/1.0" 200 1942 "-" "Mozilla/5.0 (compatible; Yahoo! Slurp; http://help.yahoo.com/help/us/ysearch/slurp)"
65.55.211.163 - - [25/Sep/2008:19:35:30 +0200] "GET /robots.txt HTTP/1.1" 200 64 "-" "msnbot/1.1 (+http://search.msn.com/msnbot.htm)"
65.55.211.163 - - [25/Sep/2008:19:35:31 +0200] "GET /bannnerz.html HTTP/1.1" 404 2748 "-" "msnbot/1.1 (+http://search.msn.com/msnbot.htm)"
65.55.211.163 - - [25/Sep/2008:19:35:31 +0200] "GET /logz.html HTTP/1.1" 404 2748 "-" "msnbot/1.1 (+http://search.msn.com/msnbot.htm)"
209.19.170.61 - - [25/Sep/2008:19:36:41 +0200] "GET / HTTP/1.1" 200 7869 "-" "Mozilla/4.0 (compatible; MSIE 6.0; MSIE 5.5; Windows NT 4.0) Opera 7.0 [en]"
202.179.180.45 - - [25/Sep/2008:19:54:46 +0200] "GET /robots.txt HTTP/1.1" 200 64 "-" "Mozilla/4.0 (compatible; NaverBot/1.0; http://help.naver.com/delete_main.asp)"
202.179.180.45 - - [25/Sep/2008:19:54:49 +0200] "GET / HTTP/1.1" 200 7869 "-" "Mozilla/4.0 (compatible; NaverBot/1.0; http://help.naver.com/delete_main.asp)"
66.249.65.169 - - [25/Sep/2008:20:50:16 +0200] "GET /frame-unten.html HTTP/1.1" 200 5308 "-" "Mozilla/5.0 (compatible; Googlebot/2.1; +http://www.google.com/bot.html)"
172.163.37.109 - - [25/Sep/2008:21:18:37 +0200] "GET /framez-zampa-lovers.html HTTP/1.1" 200 4322 "http://www.google.com/search?hl=en&rlz=1T4ADBF_enUS252US253&q=jebanje+severine&start=70&sa=N" "Mozilla/4.0 (compatible; MSIE 7.0; Windows NT 6.0; FunWebProducts; (R1 1.6); SLCC1; .NET CLR 2.0.50727; Media Center PC 5.0; .NET CLR 3.0.04506)"
172.163.37.109 - - [25/Sep/2008:21:18:38 +0200] "GET /frame-menu.html HTTP/1.1" 200 10536 "http://www.various-euro.com/framez-zampa-lovers.html" "Mozilla/4.0 (compatible; MSIE 7.0; Windows NT 6.0; FunWebProducts; (R1 1.6); SLCC1; .NET CLR 2.0.50727; Media Center PC 5.0; .NET CLR 3.0.04506)"
172.163.37.109 - - [25/Sep/2008:21:18:38 +0200] "GET /style/various-euro.css HTTP/1.1" 200 3437 "http://www.various-euro.com/frame-menu.html" "Mozilla/4.0 (compatible; MSIE 7.0; Windows NT 6.0; FunWebProducts; (R1 1.6); SLCC1; .NET CLR 2.0.50727; Media Center PC 5.0; .NET CLR 3.0.04506)"
172.163.37.109 - - [25/Sep/2008:21:18:38 +0200] "GET /frame-unten.html HTTP/1.1" 200 5308 "http://www.various-euro.com/framez-zampa-lovers.html" "Mozilla/4.0 (compatible; MSIE 7.0; Windows NT 6.0; FunWebProducts; (R1 1.6); SLCC1; .NET CLR 2.0.50727; Media Center PC 5.0; .NET CLR 3.0.04506)"
172.163.37.109 - - [25/Sep/2008:21:18:38 +0200] "GET /zampa-lovers/index.html HTTP/1.1" 200 37790 "http://www.various-euro.com/framez-zampa-lovers.html" "Mozilla/4.0 (compatible; MSIE 7.0; Windows NT 6.0; FunWebProducts; (R1 1.6); SLCC1; .NET CLR 2.0.50727; Media Center PC 5.0; .NET CLR 3.0.04506)"
172.163.37.109 - - [25/Sep/2008:21:18:39 +0200] "GET /bannerz/ve.jpg HTTP/1.1" 200 36912 "http://www.various-euro.com/frame-unten.html" "Mozilla/4.0 (compatible; MSIE 7.0; Windows NT 6.0; FunWebProducts; (R1 1.6); SLCC1; .NET CLR 2.0.50727; Media Center PC 5.0; .NET CLR 3.0.04506)"
172.163.37.109 - - [25/Sep/2008:21:18:40 +0200] "GET /bannerz/various-euro-girl.jpg HTTP/1.1" 200 91514 "http://www.various-euro.com/frame-unten.html" "Mozilla/4.0 (compatible; MSIE 7.0; Windows NT 6.0; FunWebProducts; (R1 1.6); SLCC1; .NET CLR 2.0.50727; Media Center PC 5.0; .NET CLR 3.0.04506)"
172.163.37.109 - - [25/Sep/2008:21:18:41 +0200] "GET /zampa-lovers/kralle.gif HTTP/1.1" 404 2748 "http://www.various-euro.com/zampa-lovers/index.html" "Mozilla/4.0 (compatible; MSIE 7.0; Windows NT 6.0; FunWebProducts; (R1 1.6); SLCC1; .NET CLR 2.0.50727; Media Center PC 5.0; .NET CLR 3.0.04506)"
172.163.37.109 - - [25/Sep/2008:21:18:41 +0200] "GET /zampa-lovers/zampa.gif HTTP/1.1" 200 460627 "http://www.various-euro.com/zampa-lovers/index.html" "Mozilla/4.0 (compatible; MSIE 7.0; Windows NT 6.0; FunWebProducts; (R1 1.6); SLCC1; .NET CLR 2.0.50727; Media Center PC 5.0; .NET CLR 3.0.04506)"
172.163.37.109 - - [25/Sep/2008:21:18:44 +0200] "GET /zampa-lovers/DRAGAN_Z.JPG HTTP/1.1" 200 6850 "http://www.various-euro.com/zampa-lovers/index.html" "Mozilla/4.0 (compatible; MSIE 7.0; Windows NT 6.0; FunWebProducts; (R1 1.6); SLCC1; .NET CLR 2.0.50727; Media Center PC 5.0; .NET CLR 3.0.04506)"
172.163.37.109 - - [25/Sep/2008:21:18:44 +0200] "GET /zampa-lovers/MILIZA_2.JPG HTTP/1.1" 200 22172 "http://www.various-euro.com/zampa-lovers/index.html" "Mozilla/4.0 (compatible; MSIE 7.0; Windows NT 6.0; FunWebProducts; (R1 1.6); SLCC1; .NET CLR 2.0.50727; Media Center PC 5.0; .NET CLR 3.0.04506)"
172.163.37.109 - - [25/Sep/2008:21:18:45 +0200] "GET /zampa-lovers/MILIZA_3.JPG HTTP/1.1" 200 26924 "http://www.various-euro.com/zampa-lovers/index.html" "Mozilla/4.0 (compatible; MSIE 7.0; Windows NT 6.0; FunWebProducts; (R1 1.6); SLCC1; .NET CLR 2.0.50727; Media Center PC 5.0; .NET CLR 3.0.04506)"
172.163.37.109 - - [25/Sep/2008:21:18:45 +0200] "GET /zampa-lovers/MILIZA_B.JPG HTTP/1.1" 200 10947 "http://www.various-euro.com/zampa-lovers/index.html" "Mozilla/4.0 (compatible; MSIE 7.0; Windows NT 6.0; FunWebProducts; (R1 1.6); SLCC1; .NET CLR 2.0.50727; Media Center PC 5.0; .NET CLR 3.0.04506)"
172.163.37.109 - - [25/Sep/2008:21:18:45 +0200] "GET /zampa-lovers/MILIZA_4.JPG HTTP/1.1" 200 9946 "http://www.various-euro.com/zampa-lovers/index.html" "Mozilla/4.0 (compatible; MSIE 7.0; Windows NT 6.0; FunWebProducts; (R1 1.6); SLCC1; .NET CLR 2.0.50727; Media Center PC 5.0; .NET CLR 3.0.04506)"
172.163.37.109 - - [25/Sep/2008:21:18:46 +0200] "GET /zampa-lovers/DRAGANZA.JPG HTTP/1.1" 200 18560 "http://www.various-euro.com/zampa-lovers/index.html" "Mozilla/4.0 (compatible; MSIE 7.0; Windows NT 6.0; FunWebProducts; (R1 1.6); SLCC1; .NET CLR 2.0.50727; Media Center PC 5.0; .NET CLR 3.0.04506)"
172.163.37.109 - - [25/Sep/2008:21:18:46 +0200] "GET /zampa-lovers/1SEITEVE.GIF HTTP/1.1" 200 78726 "http://www.various-euro.com/zampa-lovers/index.html" "Mozilla/4.0 (compatible; MSIE 7.0; Windows NT 6.0; FunWebProducts; (R1 1.6); SLCC1; .NET CLR 2.0.50727; Media Center PC 5.0; .NET CLR 3.0.04506)"
172.163.37.109 - - [25/Sep/2008:21:18:46 +0200] "GET /zampa-lovers/2SEITEVE.GIF HTTP/1.1" 200 83466 "http://www.various-euro.com/zampa-lovers/index.html" "Mozilla/4.0 (compatible; MSIE 7.0; Windows NT 6.0; FunWebProducts; (R1 1.6); SLCC1; .NET CLR 2.0.50727; Media Center PC 5.0; .NET CLR 3.0.04506)"
65.55.211.172 - - [25/Sep/2008:21:19:32 +0200] "GET /robots.txt HTTP/1.1" 200 64 "-" "msnbot/1.1 (+http://search.msn.com/msnbot.htm)"
65.55.211.172 - - [25/Sep/2008:21:19:32 +0200] "GET /neon/annniiii.html HTTP/1.1" 200 686 "-" "msnbot/1.1 (+http://search.msn.com/msnbot.htm)"
172.163.37.109 - - [25/Sep/2008:21:31:24 +0200] "GET /framez-zampa-lovers.html HTTP/1.1" 200 4322 "http://www.google.com/search?hl=en&rlz=1T4ADBF_enUS252US253&q=jebanje+severine&start=70&sa=N" "Mozilla/4.0 (compatible; MSIE 7.0; Windows NT 6.0; FunWebProducts; (R1 1.6); SLCC1; .NET CLR 2.0.50727; Media Center PC 5.0; .NET CLR 3.0.04506)"
172.163.37.109 - - [25/Sep/2008:21:31:25 +0200] "GET /frame-menu.html HTTP/1.1" 200 10536 "http://www.various-euro.com/framez-zampa-lovers.html" "Mozilla/4.0 (compatible; MSIE 7.0; Windows NT 6.0; FunWebProducts; (R1 1.6); SLCC1; .NET CLR 2.0.50727; Media Center PC 5.0; .NET CLR 3.0.04506)"
172.163.37.109 - - [25/Sep/2008:21:31:25 +0200] "GET /frame-unten.html HTTP/1.1" 200 5308 "http://www.various-euro.com/framez-zampa-lovers.html" "Mozilla/4.0 (compatible; MSIE 7.0; Windows NT 6.0; FunWebProducts; (R1 1.6); SLCC1; .NET CLR 2.0.50727; Media Center PC 5.0; .NET CLR 3.0.04506)"
172.163.37.109 - - [25/Sep/2008:21:31:26 +0200] "GET /style/various-euro.css HTTP/1.1" 304 - "http://www.various-euro.com/frame-menu.html" "Mozilla/4.0 (compatible; MSIE 7.0; Windows NT 6.0; FunWebProducts; (R1 1.6); SLCC1; .NET CLR 2.0.50727; Media Center PC 5.0; .NET CLR 3.0.04506)"
172.163.37.109 - - [25/Sep/2008:21:31:26 +0200] "GET /bannerz/ve.jpg HTTP/1.1" 304 - "http://www.various-euro.com/frame-unten.html" "Mozilla/4.0 (compatible; MSIE 7.0; Windows NT 6.0; FunWebProducts; (R1 1.6); SLCC1; .NET CLR 2.0.50727; Media Center PC 5.0; .NET CLR 3.0.04506)"
172.163.37.109 - - [25/Sep/2008:21:31:26 +0200] "GET /bannerz/various-euro-girl.jpg HTTP/1.1" 304 - "http://www.various-euro.com/frame-unten.html" "Mozilla/4.0 (compatible; MSIE 7.0; Windows NT 6.0; FunWebProducts; (R1 1.6); SLCC1; .NET CLR 2.0.50727; Media Center PC 5.0; .NET CLR 3.0.04506)"
172.163.37.109 - - [25/Sep/2008:21:31:25 +0200] "GET /zampa-lovers/index.html HTTP/1.1" 200 37790 "http://www.various-euro.com/framez-zampa-lovers.html" "Mozilla/4.0 (compatible; MSIE 7.0; Windows NT 6.0; FunWebProducts; (R1 1.6); SLCC1; .NET CLR 2.0.50727; Media Center PC 5.0; .NET CLR 3.0.04506)"
172.163.37.109 - - [25/Sep/2008:21:31:26 +0200] "GET /zampa-lovers/kralle.gif HTTP/1.1" 404 2748 "http://www.various-euro.com/zampa-lovers/index.html" "Mozilla/4.0 (compatible; MSIE 7.0; Windows NT 6.0; FunWebProducts; (R1 1.6); SLCC1; .NET CLR 2.0.50727; Media Center PC 5.0; .NET CLR 3.0.04506)"
172.163.37.109 - - [25/Sep/2008:21:31:26 +0200] "GET /zampa-lovers/zampa.gif HTTP/1.1" 304 - "http://www.various-euro.com/zampa-lovers/index.html" "Mozilla/4.0 (compatible; MSIE 7.0; Windows NT 6.0; FunWebProducts; (R1 1.6); SLCC1; .NET CLR 2.0.50727; Media Center PC 5.0; .NET CLR 3.0.04506)"
172.163.37.109 - - [25/Sep/2008:21:31:27 +0200] "GET /zampa-lovers/DRAGAN_Z.JPG HTTP/1.1" 304 - "http://www.various-euro.com/zampa-lovers/index.html" "Mozilla/4.0 (compatible; MSIE 7.0; Windows NT 6.0; FunWebProducts; (R1 1.6); SLCC1; .NET CLR 2.0.50727; Media Center PC 5.0; .NET CLR 3.0.04506)"
172.163.37.109 - - [25/Sep/2008:21:31:27 +0200] "GET /zampa-lovers/MILIZA_2.JPG HTTP/1.1" 304 - "http://www.various-euro.com/zampa-lovers/index.html" "Mozilla/4.0 (compatible; MSIE 7.0; Windows NT 6.0; FunWebProducts; (R1 1.6); SLCC1; .NET CLR 2.0.50727; Media Center PC 5.0; .NET CLR 3.0.04506)"
172.163.37.109 - - [25/Sep/2008:21:31:27 +0200] "GET /zampa-lovers/MILIZA_3.JPG HTTP/1.1" 304 - "http://www.various-euro.com/zampa-lovers/index.html" "Mozilla/4.0 (compatible; MSIE 7.0; Windows NT 6.0; FunWebProducts; (R1 1.6); SLCC1; .NET CLR 2.0.50727; Media Center PC 5.0; .NET CLR 3.0.04506)"
172.163.37.109 - - [25/Sep/2008:21:31:27 +0200] "GET /zampa-lovers/MILIZA_B.JPG HTTP/1.1" 304 - "http://www.various-euro.com/zampa-lovers/index.html" "Mozilla/4.0 (compatible; MSIE 7.0; Windows NT 6.0; FunWebProducts; (R1 1.6); SLCC1; .NET CLR 2.0.50727; Media Center PC 5.0; .NET CLR 3.0.04506)"
172.163.37.109 - - [25/Sep/2008:21:31:27 +0200] "GET /zampa-lovers/MILIZA_4.JPG HTTP/1.1" 304 - "http://www.various-euro.com/zampa-lovers/index.html" "Mozilla/4.0 (compatible; MSIE 7.0; Windows NT 6.0; FunWebProducts; (R1 1.6); SLCC1; .NET CLR 2.0.50727; Media Center PC 5.0; .NET CLR 3.0.04506)"
172.163.37.109 - - [25/Sep/2008:21:31:27 +0200] "GET /zampa-lovers/DRAGANZA.JPG HTTP/1.1" 304 - "http://www.various-euro.com/zampa-lovers/index.html" "Mozilla/4.0 (compatible; MSIE 7.0; Windows NT 6.0; FunWebProducts; (R1 1.6); SLCC1; .NET CLR 2.0.50727; Media Center PC 5.0; .NET CLR 3.0.04506)"
172.163.37.109 - - [25/Sep/2008:21:31:28 +0200] "GET /zampa-lovers/1SEITEVE.GIF HTTP/1.1" 200 78726 "http://www.various-euro.com/zampa-lovers/index.html" "Mozilla/4.0 (compatible; MSIE 7.0; Windows NT 6.0; FunWebProducts; (R1 1.6); SLCC1; .NET CLR 2.0.50727; Media Center PC 5.0; .NET CLR 3.0.04506)"
172.163.37.109 - - [25/Sep/2008:21:31:29 +0200] "GET /zampa-lovers/Kralle.gif HTTP/1.1" 200 260 "http://www.various-euro.com/zampa-lovers/index.html" "Mozilla/4.0 (compatible; MSIE 7.0; Windows NT 6.0; FunWebProducts; (R1 1.6); SLCC1; .NET CLR 2.0.50727; Media Center PC 5.0; .NET CLR 3.0.04506)"
172.163.37.109 - - [25/Sep/2008:21:31:29 +0200] "GET /zampa-lovers/2SEITEVE.GIF HTTP/1.1" 200 83466 "http://www.various-euro.com/zampa-lovers/index.html" "Mozilla/4.0 (compatible; MSIE 7.0; Windows NT 6.0; FunWebProducts; (R1 1.6); SLCC1; .NET CLR 2.0.50727; Media Center PC 5.0; .NET CLR 3.0.04506)"
172.163.37.109 - - [25/Sep/2008:21:31:30 +0200] "GET /zampa-lovers/zampa-2X2.gif HTTP/1.1" 200 6948 "http://www.various-euro.com/zampa-lovers/index.html" "Mozilla/4.0 (compatible; MSIE 7.0; Windows NT 6.0; FunWebProducts; (R1 1.6); SLCC1; .NET CLR 2.0.50727; Media Center PC 5.0; .NET CLR 3.0.04506)"
172.163.37.109 - - [25/Sep/2008:21:31:30 +0200] "GET /zampa-lovers/zampamali.gif HTTP/1.1" 200 2617 "http://www.various-euro.com/zampa-lovers/index.html" "Mozilla/4.0 (compatible; MSIE 7.0; Windows NT 6.0; FunWebProducts; (R1 1.6); SLCC1; .NET CLR 2.0.50727; Media Center PC 5.0; .NET CLR 3.0.04506)"
172.163.37.109 - - [25/Sep/2008:21:31:30 +0200] "GET /zampa-lovers/ZAMPAMA2.MPG HTTP/1.1" 200 63492 "-" "Mozilla/4.0 (compatible; MSIE 7.0; Windows NT 6.0; FunWebProducts; (R1 1.6); SLCC1; .NET CLR 2.0.50727; Media Center PC 5.0; .NET CLR 3.0.04506)"
172.163.37.109 - - [25/Sep/2008:21:31:30 +0200] "GET /zampa-lovers/WASISTMI1.MPG HTTP/1.1" 200 271221 "-" "Mozilla/4.0 (compatible; MSIE 7.0; Windows NT 6.0; FunWebProducts; (R1 1.6); SLCC1; .NET CLR 2.0.50727; Media Center PC 5.0; .NET CLR 3.0.04506)"
172.163.37.109 - - [25/Sep/2008:21:31:34 +0200] "GET /zampa-lovers/ZAMPAMAS.MPG HTTP/1.1" 200 520196 "-" "Mozilla/4.0 (compatible; MSIE 7.0; Windows NT 6.0; FunWebProducts; (R1 1.6); SLCC1; .NET CLR 2.0.50727; Media Center PC 5.0; .NET CLR 3.0.04506)"
66.249.65.169 - - [25/Sep/2008:21:35:07 +0200] "GET /rez/mb.jpg HTTP/1.1" 200 12467 "-" "Mozilla/5.0 (compatible; Googlebot/2.1; +http://www.google.com/bot.html)"
81.52.143.26 - - [25/Sep/2008:21:42:34 +0200] "GET http://www.various-euro.com:80/robots.txt HTTP/1.1" 200 64 "-" "Mozilla/5.0 (Windows; U; Windows NT 5.1; fr; rv:1.8.1) VoilaBot BETA 1.2 (support.voilabot@orange-ftgroup.com)"
81.52.143.26 - - [25/Sep/2008:21:42:36 +0200] "GET /f-net.html HTTP/1.1" 200 9913 "-" "Mozilla/5.0 (Windows; U; Windows NT 5.1; fr; rv:1.8.1) VoilaBot BETA 1.2 (support.voilabot@orange-ftgroup.com)"
201.137.50.150 - - [25/Sep/2008:21:49:24 +0200] "GET /phpinfo.php?cmd=cat%20/etc/passwd HTTP/1.1" 404 2748 "http://various-euro.com/phpinfo.php?cmd=cat%20/etc/passwd" "Mozilla/4.0 (compatible; MSIE 6.0; Windows NT 5.1)"
208.36.144.10 - - [25/Sep/2008:21:50:28 +0200] "GET /neon/annniiii.html HTTP/1.0" 200 686 "-" "Mozilla/5.0 (Twiceler-0.9 http://www.cuil.com/twiceler/robot.html)"
65.55.211.168 - - [25/Sep/2008:22:17:29 +0200] "GET /robots.txt HTTP/1.1" 200 64 "-" "msnbot/1.1 (+http://search.msn.com/msnbot.htm)"
65.55.211.168 - - [25/Sep/2008:22:17:29 +0200] "GET /neon/channel.html HTTP/1.1" 200 1942 "-" "msnbot/1.1 (+http://search.msn.com/msnbot.htm)"
65.55.110.117 - - [25/Sep/2008:22:20:49 +0200] "GET /neon/channel.html HTTP/1.0" 200 1942 "http://search.live.com/results.aspx?q=channel" "Mozilla/4.0 (compatible; MSIE 6.0; Windows NT 5.2; SV1; .NET CLR 1.1.4322)"
91.205.124.4 - - [25/Sep/2008:22:22:06 +0200] "GET /robots.txt HTTP/1.1" 200 64 "-" "Yanga WorldSearch Bot v1.1/beta (http://www.yanga.co.uk/)"
91.205.124.4 - - [25/Sep/2008:22:22:06 +0200] "GET /framez-zampa-lovers.html HTTP/1.1" 200 4322 "-" "Yanga WorldSearch Bot v1.1/beta (http://www.yanga.co.uk/)"
74.6.18.222 - - [25/Sep/2008:22:27:21 +0200] "GET /zampa/wonderland/index.html HTTP/1.0" 200 2084 "-" "Mozilla/5.0 (compatible; Yahoo! Slurp; http://help.yahoo.com/help/us/ysearch/slurp)"
85.12.25.49 - - [25/Sep/2008:22:35:01 +0200] "GET /restate_copy.html HTTP/1.0" 200 97631 "http://www.various-euro.com/restate_copy.html" "Mozilla/5.0 (Windows; U; WinNT4.0; en-US; rv:1.5) Gecko/20031016 K-Meleon/0.8"
81.52.143.26 - - [25/Sep/2008:22:48:41 +0200] "GET http://various-euro.com:80/robots.txt HTTP/1.1" 200 64 "-" "Mozilla/5.0 (Windows; U; Windows NT 5.1; fr; rv:1.8.1) VoilaBot BETA 1.2 (support.voilabot@orange-ftgroup.com)"
81.52.143.26 - - [25/Sep/2008:22:48:47 +0200] "GET /warez.html HTTP/1.1" 200 9754 "-" "Mozilla/5.0 (Windows; U; Windows NT 5.1; fr; rv:1.8.1) VoilaBot BETA 1.2 (support.voilabot@orange-ftgroup.com)"
208.96.54.71 - - [25/Sep/2008:22:54:39 +0200] "GET /robots.txt HTTP/1.1" 200 64 "-" "Mozilla/5.0 (compatible; discobot/1.0; +http://discoveryengine.com/discobot.html)"
74.6.22.179 - - [25/Sep/2008:23:30:07 +0200] "GET /robots.txt HTTP/1.0" 200 64 "-" "Mozilla/5.0 (compatible; Yahoo! Slurp; http://help.yahoo.com/help/us/ysearch/slurp)"
74.6.22.179 - - [25/Sep/2008:23:30:08 +0200] "GET /framez.html HTTP/1.0" 200 3959 "-" "Mozilla/5.0 (compatible; Yahoo! Slurp; http://help.yahoo.com/help/us/ysearch/slurp)"
74.6.22.179 - - [25/Sep/2008:23:30:08 +0200] "GET /frame-menu.html HTTP/1.0" 200 10536 "-" "Mozilla/5.0 (compatible; Yahoo! Slurp; http://help.yahoo.com/help/us/ysearch/slurp)"
74.6.22.179 - - [25/Sep/2008:23:30:09 +0200] "GET /frame-inhalt.html HTTP/1.0" 200 5418 "-" "Mozilla/5.0 (compatible; Yahoo! Slurp; http://help.yahoo.com/help/us/ysearch/slurp)"
74.6.22.179 - - [25/Sep/2008:23:30:10 +0200] "GET /frame-unten.html HTTP/1.0" 200 5308 "-" "Mozilla/5.0 (compatible; Yahoo! Slurp; http://help.yahoo.com/help/us/ysearch/slurp)"
65.55.211.174 - - [25/Sep/2008:23:44:46 +0200] "GET /robots.txt HTTP/1.1" 200 64 "-" "msnbot/1.1 (+http://search.msn.com/msnbot.htm)"
65.55.211.174 - - [25/Sep/2008:23:44:46 +0200] "GET /neon/europa.html HTTP/1.1" 200 389 "-" "msnbot/1.1 (+http://search.msn.com/msnbot.htm)"
82.99.30.62 - - [25/Sep/2008:23:56:21 +0200] "GET /bannerz/warning.gif HTTP/1.0" 200 3352 "http://www.munax.com/referer.htm" "Mozilla/4.0 (compatible; MSIE 6.0; Windows NT 5.1)"
82.99.30.62 - - [25/Sep/2008:23:56:21 +0200] "GET /bannerz/moneys.gif HTTP/1.0" 200 13192 "http://www.munax.com/referer.htm" "Mozilla/4.0 (compatible; MSIE 6.0; Windows NT 5.1)"
202.179.180.45 - - [25/Sep/2008:23:58:12 +0200] "GET /robots.txt HTTP/1.1" 302 363 "-" "Mozilla/4.0 (compatible; NaverBot/1.0; http://help.naver.com/delete_main.asp)"
202.179.180.45 - - [25/Sep/2008:23:58:13 +0200] "GET / HTTP/1.1" 302 353 "-" "Mozilla/4.0 (compatible; NaverBot/1.0; http://help.naver.com/delete_main.asp)"
208.36.144.10 - - [26/Sep/2008:00:00:23 +0200] "GET /bmpp/Bilder/18_04.png HTTP/1.0" 200 289 "-" "Mozilla/5.0 (Twiceler-0.9 http://www.cuil.com/twiceler/robot.html)"
121.149.101.98 - - [26/Sep/2008:00:20:38 +0200] "GET /DgH/bull/index.html HTTP/1.1" 200 1915 "-" "Mozilla/4.0 (compatible; MSIE 6.0; Windows NT 5.0)"
121.149.101.98 - - [26/Sep/2008:00:20:50 +0200] "GET /f-sponsor.html HTTP/1.1" 200 8578 "-" "Mozilla/4.0 (compatible; MSIE 6.0; Windows NT 5.0)"
64.1.215.165 - - [26/Sep/2008:00:27:14 +0200] "GET /bmpp/Bilder/18_05.png HTTP/1.0" 200 407 "-" "Mozilla/5.0 (Twiceler-0.9 http://www.cuil.com/twiceler/robot.html)"
208.36.144.10 - - [26/Sep/2008:00:27:57 +0200] "GET /bannerz/overgarden-toplogo.jpg HTTP/1.0" 200 28153 "-" "Mozilla/5.0 (Twiceler-0.9 http://www.cuil.com/twiceler/robot.html)"
208.36.144.10 - - [26/Sep/2008:00:30:17 +0200] "GET /bmpp/Bilder/18_40.png HTTP/1.0" 200 506 "-" "Mozilla/5.0 (Twiceler-0.9 http://www.cuil.com/twiceler/robot.html)"
208.36.144.10 - - [26/Sep/2008:00:32:32 +0200] "GET /bannerz/main-2.gif HTTP/1.0" 200 13802 "-" "Mozilla/5.0 (Twiceler-0.9 http://www.cuil.com/twiceler/robot.html)"
77.28.136.13 - - [26/Sep/2008:00:35:00 +0200] "GET /framez-zampa-lovers.html HTTP/1.1" 200 4322 "http://www.google.be/search?hl=fr&rlz=1T4RNWZ_frMK289MK290&q=dobro+jebati+zhenu&start=10&sa=N" "Mozilla/4.0 (compatible; MSIE 7.0; Windows NT 6.0; SLCC1; .NET CLR 2.0.50727; Media Center PC 5.0; .NET CLR 3.0.04506)"
77.28.136.13 - - [26/Sep/2008:00:35:00 +0200] "GET /frame-menu.html HTTP/1.1" 200 10536 "http://www.various-euro.com/framez-zampa-lovers.html" "Mozilla/4.0 (compatible; MSIE 7.0; Windows NT 6.0; SLCC1; .NET CLR 2.0.50727; Media Center PC 5.0; .NET CLR 3.0.04506)"
77.28.136.13 - - [26/Sep/2008:00:35:01 +0200] "GET /frame-unten.html HTTP/1.1" 200 5308 "http://www.various-euro.com/framez-zampa-lovers.html" "Mozilla/4.0 (compatible; MSIE 7.0; Windows NT 6.0; SLCC1; .NET CLR 2.0.50727; Media Center PC 5.0; .NET CLR 3.0.04506)"
77.28.136.13 - - [26/Sep/2008:00:35:01 +0200] "GET /zampa-lovers/index.html HTTP/1.1" 200 37790 "http://www.various-euro.com/framez-zampa-lovers.html" "Mozilla/4.0 (compatible; MSIE 7.0; Windows NT 6.0; SLCC1; .NET CLR 2.0.50727; Media Center PC 5.0; .NET CLR 3.0.04506)"
77.28.136.13 - - [26/Sep/2008:00:35:01 +0200] "GET /style/various-euro.css HTTP/1.1" 200 3437 "http://www.various-euro.com/frame-menu.html" "Mozilla/4.0 (compatible; MSIE 7.0; Windows NT 6.0; SLCC1; .NET CLR 2.0.50727; Media Center PC 5.0; .NET CLR 3.0.04506)"
77.28.136.13 - - [26/Sep/2008:00:35:01 +0200] "GET /zampa-lovers/kralle.gif HTTP/1.1" 404 2748 "http://www.various-euro.com/zampa-lovers/index.html" "Mozilla/4.0 (compatible; MSIE 7.0; Windows NT 6.0; SLCC1; .NET CLR 2.0.50727; Media Center PC 5.0; .NET CLR 3.0.04506)"
77.28.136.13 - - [26/Sep/2008:00:35:01 +0200] "GET /zampa-lovers/DRAGAN_Z.JPG HTTP/1.1" 200 6850 "http://www.various-euro.com/zampa-lovers/index.html" "Mozilla/4.0 (compatible; MSIE 7.0; Windows NT 6.0; SLCC1; .NET CLR 2.0.50727; Media Center PC 5.0; .NET CLR 3.0.04506)"
77.28.136.13 - - [26/Sep/2008:00:35:01 +0200] "GET /zampa-lovers/MILIZA_2.JPG HTTP/1.1" 200 22172 "http://www.various-euro.com/zampa-lovers/index.html" "Mozilla/4.0 (compatible; MSIE 7.0; Windows NT 6.0; SLCC1; .NET CLR 2.0.50727; Media Center PC 5.0; .NET CLR 3.0.04506)"
77.28.136.13 - - [26/Sep/2008:00:35:02 +0200] "GET /zampa-lovers/MILIZA_3.JPG HTTP/1.1" 200 26924 "http://www.various-euro.com/zampa-lovers/index.html" "Mozilla/4.0 (compatible; MSIE 7.0; Windows NT 6.0; SLCC1; .NET CLR 2.0.50727; Media Center PC 5.0; .NET CLR 3.0.04506)"
77.28.136.13 - - [26/Sep/2008:00:35:02 +0200] "GET /zampa-lovers/MILIZA_B.JPG HTTP/1.1" 200 10947 "http://www.various-euro.com/zampa-lovers/index.html" "Mozilla/4.0 (compatible; MSIE 7.0; Windows NT 6.0; SLCC1; .NET CLR 2.0.50727; Media Center PC 5.0; .NET CLR 3.0.04506)"
77.28.136.13 - - [26/Sep/2008:00:35:02 +0200] "GET /zampa-lovers/MILIZA_4.JPG HTTP/1.1" 200 9946 "http://www.various-euro.com/zampa-lovers/index.html" "Mozilla/4.0 (compatible; MSIE 7.0; Windows NT 6.0; SLCC1; .NET CLR 2.0.50727; Media Center PC 5.0; .NET CLR 3.0.04506)"
77.28.136.13 - - [26/Sep/2008:00:35:02 +0200] "GET /zampa-lovers/DRAGANZA.JPG HTTP/1.1" 200 18560 "http://www.various-euro.com/zampa-lovers/index.html" "Mozilla/4.0 (compatible; MSIE 7.0; Windows NT 6.0; SLCC1; .NET CLR 2.0.50727; Media Center PC 5.0; .NET CLR 3.0.04506)"
77.28.136.13 - - [26/Sep/2008:00:35:01 +0200] "GET /zampa-lovers/zampa.gif HTTP/1.1" 200 460627 "http://www.various-euro.com/zampa-lovers/index.html" "Mozilla/4.0 (compatible; MSIE 7.0; Windows NT 6.0; SLCC1; .NET CLR 2.0.50727; Media Center PC 5.0; .NET CLR 3.0.04506)"
77.28.136.13 - - [26/Sep/2008:00:35:03 +0200] "GET /zampa-lovers/1SEITEVE.GIF HTTP/1.1" 200 78726 "http://www.various-euro.com/zampa-lovers/index.html" "Mozilla/4.0 (compatible; MSIE 7.0; Windows NT 6.0; SLCC1; .NET CLR 2.0.50727; Media Center PC 5.0; .NET CLR 3.0.04506)"
77.28.136.13 - - [26/Sep/2008:00:35:03 +0200] "GET /zampa-lovers/2SEITEVE.GIF HTTP/1.1" 200 83466 "http://www.various-euro.com/zampa-lovers/index.html" "Mozilla/4.0 (compatible; MSIE 7.0; Windows NT 6.0; SLCC1; .NET CLR 2.0.50727; Media Center PC 5.0; .NET CLR 3.0.04506)"
77.28.136.13 - - [26/Sep/2008:00:35:03 +0200] "GET /zampa-lovers/Kralle.gif HTTP/1.1" 200 260 "http://www.various-euro.com/zampa-lovers/index.html" "Mozilla/4.0 (compatible; MSIE 7.0; Windows NT 6.0; SLCC1; .NET CLR 2.0.50727; Media Center PC 5.0; .NET CLR 3.0.04506)"
77.28.136.13 - - [26/Sep/2008:00:35:04 +0200] "GET /zampa-lovers/zampa-2X2.gif HTTP/1.1" 200 6948 "http://www.various-euro.com/zampa-lovers/index.html" "Mozilla/4.0 (compatible; MSIE 7.0; Windows NT 6.0; SLCC1; .NET CLR 2.0.50727; Media Center PC 5.0; .NET CLR 3.0.04506)"
77.28.136.13 - - [26/Sep/2008:00:35:04 +0200] "GET /zampa-lovers/zampamali.gif HTTP/1.1" 200 2617 "http://www.various-euro.com/zampa-lovers/index.html" "Mozilla/4.0 (compatible; MSIE 7.0; Windows NT 6.0; SLCC1; .NET CLR 2.0.50727; Media Center PC 5.0; .NET CLR 3.0.04506)"
77.28.136.13 - - [26/Sep/2008:00:35:04 +0200] "GET /bannerz/ve.jpg HTTP/1.1" 200 36912 "http://www.various-euro.com/frame-unten.html" "Mozilla/4.0 (compatible; MSIE 7.0; Windows NT 6.0; SLCC1; .NET CLR 2.0.50727; Media Center PC 5.0; .NET CLR 3.0.04506)"
77.28.136.13 - - [26/Sep/2008:00:35:04 +0200] "GET /bannerz/various-euro-girl.jpg HTTP/1.1" 200 91514 "http://www.various-euro.com/frame-unten.html" "Mozilla/4.0 (compatible; MSIE 7.0; Windows NT 6.0; SLCC1; .NET CLR 2.0.50727; Media Center PC 5.0; .NET CLR 3.0.04506)"
77.28.136.13 - - [26/Sep/2008:00:35:04 +0200] "GET /ve-icon-2.ico HTTP/1.1" 200 2238 "-" "Mozilla/4.0 (compatible; MSIE 7.0; Windows NT 6.0; SLCC1; .NET CLR 2.0.50727; Media Center PC 5.0; .NET CLR 3.0.04506)"
64.1.215.165 - - [26/Sep/2008:00:35:54 +0200] "GET /zampa/montenegro/slike/ZMAJW.jpg HTTP/1.0" 200 4555 "-" "Mozilla/5.0 (Twiceler-0.9 http://www.cuil.com/twiceler/robot.html)"
208.36.144.10 - - [26/Sep/2008:00:36:31 +0200] "GET /bmpp/Bilder/18_34.png HTTP/1.0" 200 573 "-" "Mozilla/5.0 (Twiceler-0.9 http://www.cuil.com/twiceler/robot.html)"
208.36.144.10 - - [26/Sep/2008:00:43:17 +0200] "GET /bannerz/fbwnpi.gif HTTP/1.0" 200 42068 "-" "Mozilla/5.0 (Twiceler-0.9 http://www.cuil.com/twiceler/robot.html)"
208.36.144.10 - - [26/Sep/2008:00:51:05 +0200] "GET /bannerz/list2.gif HTTP/1.0" 200 17776 "-" "Mozilla/5.0 (Twiceler-0.9 http://www.cuil.com/twiceler/robot.html)"
64.1.215.165 - - [26/Sep/2008:00:55:21 +0200] "GET /logs/daily_usage_200703.png HTTP/1.0" 200 4092 "-" "Mozilla/5.0 (Twiceler-0.9 http://www.cuil.com/twiceler/robot.html)"
64.1.215.165 - - [26/Sep/2008:00:57:58 +0200] "GET /bannerz/neon_click_3.gif HTTP/1.0" 200 240 "-" "Mozilla/5.0 (Twiceler-0.9 http://www.cuil.com/twiceler/robot.html)"
64.1.215.165 - - [26/Sep/2008:01:00:50 +0200] "GET /DgH/bull/pict/Bull-DgH07.jpg HTTP/1.0" 200 9010 "-" "Mozilla/5.0 (Twiceler-0.9 http://www.cuil.com/twiceler/robot.html)"
208.36.144.10 - - [26/Sep/2008:01:02:13 +0200] "GET /bannerz/google/Logo_40blk.gif HTTP/1.0" 200 2308 "-" "Mozilla/5.0 (Twiceler-0.9 http://www.cuil.com/twiceler/robot.html)"
64.1.215.165 - - [26/Sep/2008:01:05:49 +0200] "GET /bannerz/kulturserver-emaf.gif HTTP/1.0" 200 11411 "-" "Mozilla/5.0 (Twiceler-0.9 http://www.cuil.com/twiceler/robot.html)"
64.1.215.165 - - [26/Sep/2008:01:08:25 +0200] "GET /logs/daily_usage_200706.png HTTP/1.0" 200 4091 "-" "Mozilla/5.0 (Twiceler-0.9 http://www.cuil.com/twiceler/robot.html)"
201.0.43.246 - - [26/Sep/2008:01:10:15 +0200] "GET /f-sponsor.html HTTP/1.1" 200 8578 "-" "Mozilla/4.0 (compatible; MSIE 6.0; Windows NT 5.0)"
64.1.215.165 - - [26/Sep/2008:01:14:33 +0200] "GET /bmpp/Bilder2/fsstreiffcc_19.png HTTP/1.0" 200 714 "-" "Mozilla/5.0 (Twiceler-0.9 http://www.cuil.com/twiceler/robot.html)"
208.36.144.10 - - [26/Sep/2008:01:17:28 +0200] "GET /bmpp/Bilder/18_32.png HTTP/1.0" 200 374 "-" "Mozilla/5.0 (Twiceler-0.9 http://www.cuil.com/twiceler/robot.html)"
208.36.144.10 - - [26/Sep/2008:01:19:14 +0200] "GET /bannerz/ve-girl.gif HTTP/1.0" 200 61791 "-" "Mozilla/5.0 (Twiceler-0.9 http://www.cuil.com/twiceler/robot.html)"
208.36.144.10 - - [26/Sep/2008:01:21:25 +0200] "GET /textz.gif HTTP/1.0" 200 871 "-" "Mozilla/5.0 (Twiceler-0.9 http://www.cuil.com/twiceler/robot.html)"
208.36.144.10 - - [26/Sep/2008:01:22:28 +0200] "GET /Watch-DgH.jpg HTTP/1.0" 200 12152 "-" "Mozilla/5.0 (Twiceler-0.9 http://www.cuil.com/twiceler/robot.html)"
64.1.215.165 - - [26/Sep/2008:01:22:34 +0200] "GET /zampa/montenegro/slike/TESLAW.jpg HTTP/1.0" 200 3770 "-" "Mozilla/5.0 (Twiceler-0.9 http://www.cuil.com/twiceler/robot.html)"
64.1.215.165 - - [26/Sep/2008:01:26:07 +0200] "GET /bmpp/Bilder2/fsstreiffcc_01.png HTTP/1.0" 200 2732 "-" "Mozilla/5.0 (Twiceler-0.9 http://www.cuil.com/twiceler/robot.html)"
208.36.144.10 - - [26/Sep/2008:01:26:26 +0200] "GET /bannerz/neon_click_3.gif HTTP/1.0" 200 240 "-" "Mozilla/5.0 (Twiceler-0.9 http://www.cuil.com/twiceler/robot.html)"
64.1.215.165 - - [26/Sep/2008:01:28:14 +0200] "GET /DgH/bull/pict/Bull-DgH08.jpg HTTP/1.0" 200 9010 "-" "Mozilla/5.0 (Twiceler-0.9 http://www.cuil.com/twiceler/robot.html)"
208.36.144.10 - - [26/Sep/2008:01:29:31 +0200] "GET /zampa-lovers/zampa-2X2.gif HTTP/1.0" 200 6948 "-" "Mozilla/5.0 (Twiceler-0.9 http://www.cuil.com/twiceler/robot.html)"
64.1.215.165 - - [26/Sep/2008:01:35:58 +0200] "GET /logs/hourly_usage_200712.png HTTP/1.0" 200 2232 "-" "Mozilla/5.0 (Twiceler-0.9 http://www.cuil.com/twiceler/robot.html)"
68.142.212.211 - - [26/Sep/2008:01:36:53 +0200] "GET /robots.txt HTTP/1.0" 200 64 "-" "Mozilla/5.0 (Yahoo-MMCrawler/4.0; mailto:vertical-crawl-support@yahoo-inc.com)"
68.142.212.211 - - [26/Sep/2008:01:36:53 +0200] "GET /logs/ctry_usage_200711.png HTTP/1.0" 200 4533 "-" "Mozilla/5.0 (Yahoo-MMCrawler/4.0; mailto:vertical-crawl-support@yahoo-inc.com)"
64.1.215.165 - - [26/Sep/2008:01:39:06 +0200] "GET /zampa/montenegro/slike/BATAW.jpg HTTP/1.0" 200 2631 "-" "Mozilla/5.0 (Twiceler-0.9 http://www.cuil.com/twiceler/robot.html)"
65.55.211.164 - - [26/Sep/2008:01:41:20 +0200] "GET /robots.txt HTTP/1.1" 200 64 "-" "msnbot/1.1 (+http://search.msn.com/msnbot.htm)"
