79.175.75.160 - - [13/Sep/2008:17:33:23 +0200] "GET /zampa-lovers/ZAMPAMA2.MPG HTTP/1.1" 206 59112 "-" "Mozilla/4.0 (compatible; MSIE 6.0; Windows NT 5.1; SV1; Media Center PC 3.0; .NET CLR 1.0.3705; .NET CLR 2.0.50727)"
79.175.75.160 - - [13/Sep/2008:17:33:22 +0200] "GET /bannerz/various-euro-girl.jpg HTTP/1.1" 200 91514 "http://www.various-euro.com/frame-unten.html" "Mozilla/4.0 (compatible; MSIE 6.0; Windows NT 5.1; SV1; Media Center PC 3.0; .NET CLR 1.0.3705; .NET CLR 2.0.50727)"
79.175.75.160 - - [13/Sep/2008:17:33:30 +0200] "GET /zampa-lovers/kralle.gif HTTP/1.1" 404 2748 "http://www.various-euro.com/zampa-lovers/index.html" "Mozilla/4.0 (compatible; MSIE 6.0; Windows NT 5.1; SV1; Media Center PC 3.0; .NET CLR 1.0.3705; .NET CLR 2.0.50727)"
79.175.75.160 - - [13/Sep/2008:17:33:30 +0200] "GET /zampa-lovers/ZAMPAMAS.MPG HTTP/1.1" 200 520196 "-" "Windows-Media-Player/10.00.00.3646"
79.175.75.160 - - [13/Sep/2008:17:33:31 +0200] "GET /zampa-lovers/DRAGAN_Z.JPG HTTP/1.1" 200 6850 "http://www.various-euro.com/zampa-lovers/index.html" "Mozilla/4.0 (compatible; MSIE 6.0; Windows NT 5.1; SV1; Media Center PC 3.0; .NET CLR 1.0.3705; .NET CLR 2.0.50727)"
79.175.75.160 - - [13/Sep/2008:17:33:28 +0200] "GET /zampa-lovers/WASISTMI1.MPG HTTP/1.1" 206 257566 "-" "Mozilla/4.0 (compatible; MSIE 6.0; Windows NT 5.1; SV1; Media Center PC 3.0; .NET CLR 1.0.3705; .NET CLR 2.0.50727)"
79.175.75.160 - - [13/Sep/2008:17:33:30 +0200] "GET /zampa-lovers/zampa.gif HTTP/1.1" 200 460627 "http://www.various-euro.com/zampa-lovers/index.html" "Mozilla/4.0 (compatible; MSIE 6.0; Windows NT 5.1; SV1; Media Center PC 3.0; .NET CLR 1.0.3705; .NET CLR 2.0.50727)"
79.175.75.160 - - [13/Sep/2008:17:33:31 +0200] "GET /zampa-lovers/ZAMPAMAS.MPG HTTP/1.1" 206 513542 "-" "Mozilla/4.0 (compatible; MSIE 6.0; Windows NT 5.1; SV1; Media Center PC 3.0; .NET CLR 1.0.3705; .NET CLR 2.0.50727)"
79.175.75.160 - - [13/Sep/2008:17:33:50 +0200] "GET /zampa-lovers/ZAMPAMAS.MPG HTTP/1.1" 200 520196 "-" "Mozilla/4.0 (compatible; MSIE 6.0; Windows NT 5.1; SV1; Media Center PC 3.0; .NET CLR 1.0.3705; .NET CLR 2.0.50727)"
79.175.75.160 - - [13/Sep/2008:17:33:42 +0200] "GET /zampa-lovers/WASISTMI1.MPG HTTP/1.1" 200 271221 "-" "Mozilla/4.0 (compatible; MSIE 6.0; Windows NT 5.1; SV1; Media Center PC 3.0; .NET CLR 1.0.3705; .NET CLR 2.0.50727)"
66.249.65.2 - - [13/Sep/2008:17:38:56 +0200] "GET /framez-schubb2.html HTTP/1.1" 200 4314 "-" "Mozilla/5.0 (compatible; Googlebot/2.1; +http://www.google.com/bot.html)"
38.108.180.10 - - [13/Sep/2008:17:46:03 +0200] "GET /robots.txt HTTP/1.1" 200 64 "-" "Mozilla/5.0 (compatible; ScoutJet; +http://www.scoutjet.com/)"
38.108.180.10 - - [13/Sep/2008:17:46:20 +0200] "GET /f-rez.html HTTP/1.1" 200 9765 "-" "Mozilla/5.0 (compatible; ScoutJet; +http://www.scoutjet.com/)"
38.108.180.10 - - [13/Sep/2008:17:51:17 +0200] "GET /frame-unten.html HTTP/1.1" 200 5308 "-" "Mozilla/5.0 (compatible; ScoutJet; +http://www.scoutjet.com/)"
38.108.180.10 - - [13/Sep/2008:17:54:43 +0200] "GET /f-net.html HTTP/1.1" 200 9913 "-" "Mozilla/5.0 (compatible; ScoutJet; +http://www.scoutjet.com/)"
66.249.65.2 - - [13/Sep/2008:17:58:30 +0200] "GET /zampa/montenegro/dajpare.html HTTP/1.1" 200 2503 "-" "Mozilla/5.0 (compatible; Googlebot/2.1; +http://www.google.com/bot.html)"
74.6.17.186 - - [13/Sep/2008:18:23:22 +0200] "GET /robots.txt HTTP/1.0" 200 64 "-" "Mozilla/5.0 (compatible; Yahoo! Slurp; http://help.yahoo.com/help/us/ysearch/slurp)"
74.6.17.186 - - [13/Sep/2008:18:23:22 +0200] "GET /f-world.html HTTP/1.0" 200 35590 "-" "Mozilla/5.0 (compatible; Yahoo! Slurp; http://help.yahoo.com/help/us/ysearch/slurp)"
65.55.211.170 - - [13/Sep/2008:18:31:46 +0200] "GET /zampa/ HTTP/1.1" 200 7153 "-" "msnbot/1.1 (+http://search.msn.com/msnbot.htm)"
65.55.211.170 - - [13/Sep/2008:18:38:13 +0200] "GET /f-contact.html HTTP/1.1" 200 6804 "-" "msnbot/1.1 (+http://search.msn.com/msnbot.htm)"
66.249.65.2 - - [13/Sep/2008:18:39:20 +0200] "GET /robots.txt HTTP/1.1" 302 363 "-" "Mozilla/5.0 (compatible; Googlebot/2.1; +http://www.google.com/bot.html)"
66.249.65.2 - - [13/Sep/2008:18:39:20 +0200] "GET /zampa/robots.txt HTTP/1.1" 404 2748 "-" "Mozilla/5.0 (compatible; Googlebot/2.1; +http://www.google.com/bot.html)"
66.249.65.2 - - [13/Sep/2008:18:39:21 +0200] "GET /%3E) HTTP/1.1" 302 357 "-" "Mozilla/5.0 (compatible; Googlebot/2.1; +http://www.google.com/bot.html)"
66.249.65.2 - - [13/Sep/2008:18:39:23 +0200] "GET /zampa/%3E) HTTP/1.1" 404 2748 "-" "Mozilla/5.0 (compatible; Googlebot/2.1; +http://www.google.com/bot.html)"
65.55.110.87 - - [13/Sep/2008:18:41:25 +0200] "GET /f-contact.html HTTP/1.0" 200 6804 "http://search.live.com/results.aspx?q=various" "Mozilla/4.0 (compatible; MSIE 6.0; Windows NT 5.2; SV1; .NET CLR 1.1.4322)"
65.55.110.87 - - [13/Sep/2008:18:41:25 +0200] "GET /framez-contact.html HTTP/1.0" 200 4325 "-" "Mozilla/4.0 (compatible; MSIE 6.0; Windows NT 5.2; SV1; .NET CLR 1.1.4322)"
65.55.110.87 - - [13/Sep/2008:18:41:25 +0200] "GET /frame-menu.html HTTP/1.0" 200 10536 "http://www.various-euro.com/framez-contact.html" "Mozilla/4.0 (compatible; MSIE 6.0; Windows NT 5.2; SV1; .NET CLR 1.1.4322)"
65.55.110.87 - - [13/Sep/2008:18:41:25 +0200] "GET /f-contact.html HTTP/1.0" 200 6804 "http://www.various-euro.com/framez-contact.html" "Mozilla/4.0 (compatible; MSIE 6.0; Windows NT 5.2; SV1; .NET CLR 1.1.4322)"
65.55.110.87 - - [13/Sep/2008:18:41:26 +0200] "GET /style/various-euro.css HTTP/1.0" 200 3437 "http://www.various-euro.com/frame-menu.html" "Mozilla/4.0 (compatible; MSIE 6.0; Windows NT 5.2; SV1; .NET CLR 1.1.4322)"
65.55.110.87 - - [13/Sep/2008:18:41:26 +0200] "GET /frame-unten.html HTTP/1.0" 200 5308 "http://www.various-euro.com/framez-contact.html" "Mozilla/4.0 (compatible; MSIE 6.0; Windows NT 5.2; SV1; .NET CLR 1.1.4322)"
24.173.210.90 - - [13/Sep/2008:19:07:47 +0200] "GET / HTTP/1.1" 200 7869 "-" "Mozilla/4.0 (compatible; MSIE 6.0; Windows NT 5.0)"
74.6.17.186 - - [13/Sep/2008:19:18:18 +0200] "GET /logs/usage_200611.html HTTP/1.0" 200 107934 "-" "Mozilla/5.0 (compatible; Yahoo! Slurp; http://help.yahoo.com/help/us/ysearch/slurp)"
74.6.17.186 - - [13/Sep/2008:20:07:20 +0200] "GET /f-zeug.html HTTP/1.0" 200 45338 "-" "Mozilla/5.0 (compatible; Yahoo! Slurp; http://help.yahoo.com/help/us/ysearch/slurp)"
118.98.212.90 - - [13/Sep/2008:20:55:38 +0200] "GET /DgH/watch/index.html HTTP/1.0" 200 2028 "http://szoieiim.kogaryu.com/lesbian-porn-sample-video.html" "Mozilla/5.0 (Windows; U; Windows NT 5.0; en-GB; rv:1.7.8) Gecko/20050418 Firefox/1.0.4"
118.98.212.90 - - [13/Sep/2008:20:55:42 +0200] "GET /DgH/watch/index.html HTTP/1.0" 200 2028 "http://szoieiim.kogaryu.com/lesbian-porn-sample-video.html" "Mozilla/5.0 (Windows; U; Windows NT 5.0; en-GB; rv:1.7.8) Gecko/20050418 Firefox/1.0.4"
213.33.154.252 - - [13/Sep/2008:20:55:55 +0200] "GET /DgH/watch/index.html HTTP/1.0" 200 2028 "http://szoieiim.kogaryu.com/lesbian-porn-sample-video.html" "Mozilla/5.0 (Windows; U; Windows NT 5.0; en-GB; rv:1.7.8) Gecko/20050418 Firefox/1.0.4"
66.249.65.2 - - [13/Sep/2008:21:51:32 +0200] "GET /neon/girl-tv.html HTTP/1.1" 200 1717 "-" "Mozilla/5.0 (compatible; Googlebot/2.1; +http://www.google.com/bot.html)"
208.80.194.42 - - [13/Sep/2008:21:54:42 +0200] "GET / HTTP/1.0" 200 7869 "-" "Mozilla/4.0 (compatible; MSIE 6.0; Windows NT 5.1; SV1; DigExt; FunWebProducts; .NET CLR 1.1.4322; HbTools 4.8.4)"
208.80.194.42 - - [13/Sep/2008:21:54:42 +0200] "GET / HTTP/1.0" 200 7869 "-" "Mozilla/4.0 (compatible; MSIE 7.0; Windows NT 5.1; SIMBAR={F6986FC0-01D8-4437-9154-032E9F1ACDE6}; .NET CLR 1.1.4322)"
74.6.17.186 - - [13/Sep/2008:21:54:48 +0200] "GET /sendi-agent/Interfiction-sendi.avi HTTP/1.0" 200 34633728 "-" "Mozilla/5.0 (compatible; Yahoo! Slurp; http://help.yahoo.com/help/us/ysearch/slurp)"
77.91.224.4 - - [13/Sep/2008:22:12:01 +0200] "GET /robots.txt HTTP/1.1" 200 64 "-" "Yanga WorldSearch Bot v1.1/beta (http://www.yanga.co.uk/)"
208.66.193.164 - - [13/Sep/2008:22:12:01 +0200] "GET / HTTP/1.1" 200 7869 "-" "Yanga WorldSearch Bot v1.1/beta (http://www.yanga.co.uk/)"
65.55.211.175 - - [13/Sep/2008:22:14:47 +0200] "GET /logs/usage_200708.html HTTP/1.1" 200 111167 "-" "msnbot/1.1 (+http://search.msn.com/msnbot.htm)"
74.6.17.186 - - [13/Sep/2008:22:16:18 +0200] "GET /net.html HTTP/1.0" 404 2748 "-" "Mozilla/5.0 (compatible; Yahoo! Slurp; http://help.yahoo.com/help/us/ysearch/slurp)"
206.80.115.114 - - [13/Sep/2008:22:25:08 +0200] "GET / HTTP/1.1" 200 7869 "-" "Mozilla/4.0 (compatible; MSIE 6.0; Windows NT 5.0; DigExt)"
66.249.65.2 - - [13/Sep/2008:22:28:51 +0200] "GET /robots.txt HTTP/1.1" 200 64 "-" "Mozilla/5.0 (compatible; Googlebot/2.1; +http://www.google.com/bot.html)"
66.249.65.2 - - [13/Sep/2008:22:28:51 +0200] "GET /zampa-lovers/kralle.gif HTTP/1.1" 404 2748 "-" "Mozilla/5.0 (compatible; Googlebot/2.1; +http://www.google.com/bot.html)"
66.249.65.2 - - [13/Sep/2008:22:36:50 +0200] "GET /f-horrorkatze.html HTTP/1.1" 200 7865 "-" "Mozilla/5.0 (compatible; Googlebot/2.1; +http://www.google.com/bot.html)"
38.108.180.10 - - [13/Sep/2008:22:51:25 +0200] "GET /robots.txt HTTP/1.1" 200 64 "-" "Mozilla/5.0 (compatible; ScoutJet; +http://www.scoutjet.com/)"
38.108.180.10 - - [13/Sep/2008:22:51:41 +0200] "GET /f-channel1.html HTTP/1.1" 200 5713 "-" "Mozilla/5.0 (compatible; ScoutJet; +http://www.scoutjet.com/)"
38.108.180.10 - - [13/Sep/2008:22:53:41 +0200] "GET /sendi_agent.html HTTP/1.1" 200 6213 "-" "Mozilla/5.0 (compatible; ScoutJet; +http://www.scoutjet.com/)"
38.108.180.10 - - [13/Sep/2008:22:54:12 +0200] "GET /f-bannnerz.html HTTP/1.1" 200 12651 "-" "Mozilla/5.0 (compatible; ScoutJet; +http://www.scoutjet.com/)"
38.108.180.10 - - [13/Sep/2008:22:54:43 +0200] "GET /schubb/schubb-1.html HTTP/1.1" 200 9070 "-" "Mozilla/5.0 (compatible; ScoutJet; +http://www.scoutjet.com/)"
38.108.180.10 - - [13/Sep/2008:22:58:00 +0200] "GET /neon/code.html HTTP/1.1" 200 1109 "-" "Mozilla/5.0 (compatible; ScoutJet; +http://www.scoutjet.com/)"
66.249.65.2 - - [13/Sep/2008:23:09:12 +0200] "GET /logs/usage_200702.html HTTP/1.1" 200 107861 "-" "Mozilla/5.0 (compatible; Googlebot/2.1; +http://www.google.com/bot.html)"
66.249.65.2 - - [13/Sep/2008:23:28:24 +0200] "GET /logs/usage_200710.html HTTP/1.1" 200 110952 "-" "Mozilla/5.0 (compatible; Googlebot/2.1; +http://www.google.com/bot.html)"
66.249.65.2 - - [14/Sep/2008:00:13:11 +0200] "GET /logs/usage_200712.html HTTP/1.1" 200 92577 "-" "Mozilla/5.0 (compatible; Googlebot/2.1; +http://www.google.com/bot.html)"
66.249.65.2 - - [14/Sep/2008:01:10:50 +0200] "GET /triple-double-u/ HTTP/1.1" 403 1223 "-" "Mozilla/5.0 (compatible; Googlebot/2.1; +http://www.google.com/bot.html)"
61.247.222.55 - - [14/Sep/2008:01:37:12 +0200] "GET /robots.txt HTTP/1.1" 200 64 "-" "Yeti/1.0 (NHN Corp.; http://help.naver.com/robots/)"
61.247.222.55 - - [14/Sep/2008:01:37:12 +0200] "GET /framez.html HTTP/1.1" 200 3959 "-" "Yeti/1.0 (NHN Corp.; http://help.naver.com/robots/)"
61.247.222.49 - - [14/Sep/2008:01:37:36 +0200] "GET /style/various-euro.css HTTP/1.1" 200 3437 "-" "Yeti/1.0 (+http://help.naver.com/robots/)"
74.6.17.186 - - [14/Sep/2008:01:45:41 +0200] "GET /bmpp/euro_pal_1.html HTTP/1.0" 200 18252 "-" "Mozilla/5.0 (compatible; Yahoo! Slurp; http://help.yahoo.com/help/us/ysearch/slurp)"
74.6.17.186 - - [14/Sep/2008:01:52:55 +0200] "GET /logs/usage_200612.html HTTP/1.0" 200 109590 "-" "Mozilla/5.0 (compatible; Yahoo! Slurp; http://help.yahoo.com/help/us/ysearch/slurp)"
64.202.116.174 - - [14/Sep/2008:01:53:21 +0200] "GET /neon/warning2.html//?_zb_path=http://apai.100megsfree8.com/id.gif? HTTP/1.1" 200 997 "-" "libwww-perl/5.811"
64.202.116.174 - - [14/Sep/2008:01:53:21 +0200] "GET //?_zb_path=http://apai.100megsfree8.com/id.gif? HTTP/1.1" 200 7869 "-" "libwww-perl/5.811"
64.202.116.174 - - [14/Sep/2008:01:53:21 +0200] "GET /neon//?_zb_path=http://apai.100megsfree8.com/id.gif? HTTP/1.1" 403 1223 "-" "libwww-perl/5.811"
64.202.116.174 - - [14/Sep/2008:01:54:08 +0200] "GET /neon/gigant.html//?_zb_path=http://apai.100megsfree8.com/id.gif? HTTP/1.1" 200 408 "-" "libwww-perl/5.811"
66.249.65.2 - - [14/Sep/2008:01:55:32 +0200] "GET /f-euro.html HTTP/1.1" 200 12203 "-" "Mozilla/5.0 (compatible; Googlebot/2.1; +http://www.google.com/bot.html)"
79.170.90.64 - - [14/Sep/2008:01:57:12 +0200] "GET /neon/warning2.html//?_zb_path=http://apai.100megsfree8.com/id.gif? HTTP/1.1" 200 997 "-" "libwww-perl/5.810"
79.170.90.64 - - [14/Sep/2008:01:57:12 +0200] "GET //?_zb_path=http://apai.100megsfree8.com/id.gif? HTTP/1.1" 200 7869 "-" "libwww-perl/5.810"
79.170.90.64 - - [14/Sep/2008:01:57:12 +0200] "GET /neon//?_zb_path=http://apai.100megsfree8.com/id.gif? HTTP/1.1" 403 1223 "-" "libwww-perl/5.810"
79.170.90.64 - - [14/Sep/2008:01:58:30 +0200] "GET /neon/gigant.html//?_zb_path=http://apai.100megsfree8.com/id.gif? HTTP/1.1" 200 408 "-" "libwww-perl/5.810"
66.249.65.2 - - [14/Sep/2008:01:59:15 +0200] "GET /zampa-lovers/MILIZA_3.JPG HTTP/1.1" 200 26924 "-" "Mozilla/5.0 (compatible; Googlebot/2.1; +http://www.google.com/bot.html)"
189.70.43.6 - - [14/Sep/2008:01:59:46 +0200] "HEAD /rez/557.mp3 HTTP/1.0" 200 - "-" "Mozilla/4.0 (compatible; MSIE 6.0; Windows NT 5.1)"
74.50.0.205 - - [14/Sep/2008:02:06:53 +0200] "GET /neon/warning2.html//?_zb_path=http://apai.100megsfree8.com/id.gif? HTTP/1.1" 200 997 "-" "libwww-perl/5.812"
74.50.0.205 - - [14/Sep/2008:02:06:53 +0200] "GET //?_zb_path=http://apai.100megsfree8.com/id.gif? HTTP/1.1" 200 7869 "-" "libwww-perl/5.812"
74.50.0.205 - - [14/Sep/2008:02:06:54 +0200] "GET /neon//?_zb_path=http://apai.100megsfree8.com/id.gif? HTTP/1.1" 403 1223 "-" "libwww-perl/5.812"
74.50.0.205 - - [14/Sep/2008:02:07:49 +0200] "GET /neon/gigant.html//?_zb_path=http://apai.100megsfree8.com/id.gif? HTTP/1.1" 200 408 "-" "libwww-perl/5.812"
66.249.65.2 - - [14/Sep/2008:02:38:41 +0200] "GET /zampa-lovers/DRAGANZA.JPG HTTP/1.1" 200 18560 "-" "Mozilla/5.0 (compatible; Googlebot/2.1; +http://www.google.com/bot.html)"
116.122.37.223 - - [14/Sep/2008:03:36:05 +0200] "GET /neon/warning2.html//?_zb_path=http://apai.100megsfree8.com/id.gif? HTTP/1.1" 200 997 "-" "libwww-perl/5.79"
116.122.37.223 - - [14/Sep/2008:03:36:05 +0200] "GET //?_zb_path=http://apai.100megsfree8.com/id.gif? HTTP/1.1" 200 7869 "-" "libwww-perl/5.79"
116.122.37.223 - - [14/Sep/2008:03:36:06 +0200] "GET /neon//?_zb_path=http://apai.100megsfree8.com/id.gif? HTTP/1.1" 403 1223 "-" "libwww-perl/5.79"
116.122.37.223 - - [14/Sep/2008:03:38:49 +0200] "GET /neon/gigant.html//?_zb_path=http://apai.100megsfree8.com/id.gif? HTTP/1.1" 200 408 "-" "libwww-perl/5.79"
65.98.224.6 - - [14/Sep/2008:03:44:33 +0200] "GET /robots.txt HTTP/1.0" 200 64 "-" "TurnitinBot/2.1 (http://www.turnitin.com/robot/crawlerinfo.html)"
65.98.224.6 - - [14/Sep/2008:03:45:24 +0200] "GET /your_tour.html HTTP/1.0" 200 31738 "-" "TurnitinBot/2.1 (http://www.turnitin.com/robot/crawlerinfo.html)"
66.249.65.2 - - [14/Sep/2008:04:07:20 +0200] "GET /zampa-lovers/1SEITEVE.GIF HTTP/1.1" 200 78726 "-" "Mozilla/5.0 (compatible; Googlebot/2.1; +http://www.google.com/bot.html)"
67.202.54.191 - - [14/Sep/2008:04:18:51 +0200] "GET /robots.txt HTTP/1.0" 200 64 "-" "ia_archiver (+http://www.alexa.com/site/help/webmasters; crawler@alexa.com)"
65.55.211.180 - - [14/Sep/2008:04:27:18 +0200] "GET /logs/usage_200706.html HTTP/1.1" 200 107008 "-" "msnbot/1.1 (+http://search.msn.com/msnbot.htm)"
88.112.59.96 - - [14/Sep/2008:04:35:32 +0200] "GET /robots.txt HTTP/1.0" 200 64 "http://majestic12.co.uk/bot.php?I=395E6C5CE3-0000B0E088282D2D-various-euro_com" "Mozilla/5.0 (compatible; MJ12bot/v1.2.3; http://www.majestic12.co.uk/bot.php?+)"
88.112.59.96 - - [14/Sep/2008:04:35:33 +0200] "GET /3dsf3/sendi/animals.html HTTP/1.1" 200 1422 "-" "Mozilla/5.0 (compatible; MJ12bot/v1.2.3; http://www.majestic12.co.uk/bot.php?+)"
88.112.59.96 - - [14/Sep/2008:04:35:33 +0200] "GET /3dsf3/sendi/body.html HTTP/1.1" 200 1322 "-" "Mozilla/5.0 (compatible; MJ12bot/v1.2.3; http://www.majestic12.co.uk/bot.php?+)"
88.112.59.96 - - [14/Sep/2008:04:35:35 +0200] "GET /3dsf3/sendi/catastrophe.html HTTP/1.1" 200 1322 "-" "Mozilla/5.0 (compatible; MJ12bot/v1.2.3; http://www.majestic12.co.uk/bot.php?+)"
88.112.59.96 - - [14/Sep/2008:04:35:37 +0200] "GET /3dsf3/sendi/communication.html HTTP/1.1" 200 1331 "-" "Mozilla/5.0 (compatible; MJ12bot/v1.2.3; http://www.majestic12.co.uk/bot.php?+)"
88.112.59.96 - - [14/Sep/2008:04:35:38 +0200] "GET /3dsf3/sendi/connection.html HTTP/1.1" 200 1336 "-" "Mozilla/5.0 (compatible; MJ12bot/v1.2.3; http://www.majestic12.co.uk/bot.php?+)"
88.112.59.96 - - [14/Sep/2008:04:35:41 +0200] "GET /3dsf3/sendi/hyperreality.html HTTP/1.1" 200 1436 "-" "Mozilla/5.0 (compatible; MJ12bot/v1.2.3; http://www.majestic12.co.uk/bot.php?+)"
88.112.59.96 - - [14/Sep/2008:04:35:43 +0200] "GET /3dsf3/sendi/rituals.html HTTP/1.1" 200 1411 "-" "Mozilla/5.0 (compatible; MJ12bot/v1.2.3; http://www.majestic12.co.uk/bot.php?+)"
88.112.59.96 - - [14/Sep/2008:04:35:45 +0200] "GET /3dsf3/sendi/sacrifice.html HTTP/1.1" 200 1309 "-" "Mozilla/5.0 (compatible; MJ12bot/v1.2.3; http://www.majestic12.co.uk/bot.php?+)"
88.112.59.96 - - [14/Sep/2008:04:35:48 +0200] "GET /3dsf3/sendi/utopia.html HTTP/1.1" 200 1295 "-" "Mozilla/5.0 (compatible; MJ12bot/v1.2.3; http://www.majestic12.co.uk/bot.php?+)"
88.112.59.96 - - [14/Sep/2008:04:35:50 +0200] "GET /bmpp/18asi_2.html HTTP/1.1" 200 8674 "-" "Mozilla/5.0 (compatible; MJ12bot/v1.2.3; http://www.majestic12.co.uk/bot.php?+)"
88.112.59.96 - - [14/Sep/2008:04:35:54 +0200] "GET /bmpp/euro_pal_1.html HTTP/1.1" 200 18252 "-" "Mozilla/5.0 (compatible; MJ12bot/v1.2.3; http://www.majestic12.co.uk/bot.php?+)"
88.112.59.96 - - [14/Sep/2008:04:35:57 +0200] "GET /bmpp/euro_pal_111.html HTTP/1.1" 200 2129 "-" "Mozilla/5.0 (compatible; MJ12bot/v1.2.3; http://www.majestic12.co.uk/bot.php?+)"
88.112.59.96 - - [14/Sep/2008:04:36:00 +0200] "GET /neon/annniiii.html HTTP/1.1" 200 686 "-" "Mozilla/5.0 (compatible; MJ12bot/v1.2.3; http://www.majestic12.co.uk/bot.php?+)"
88.112.59.96 - - [14/Sep/2008:04:36:01 +0200] "GET /neon/channel.html HTTP/1.1" 200 1942 "-" "Mozilla/5.0 (compatible; MJ12bot/v1.2.3; http://www.majestic12.co.uk/bot.php?+)"
88.112.59.96 - - [14/Sep/2008:04:36:02 +0200] "GET /neon/click.html HTTP/1.1" 200 521 "-" "Mozilla/5.0 (compatible; MJ12bot/v1.2.3; http://www.majestic12.co.uk/bot.php?+)"
88.112.59.96 - - [14/Sep/2008:04:36:04 +0200] "GET /neon/europa.html HTTP/1.1" 200 389 "-" "Mozilla/5.0 (compatible; MJ12bot/v1.2.3; http://www.majestic12.co.uk/bot.php?+)"
88.112.59.96 - - [14/Sep/2008:04:36:06 +0200] "GET /neon/girlz3.html HTTP/1.1" 200 2479 "-" "Mozilla/5.0 (compatible; MJ12bot/v1.2.3; http://www.majestic12.co.uk/bot.php?+)"
88.112.59.96 - - [14/Sep/2008:04:36:07 +0200] "GET /partnergegenberlin.html HTTP/1.1" 200 5022 "-" "Mozilla/5.0 (compatible; MJ12bot/v1.2.3; http://www.majestic12.co.uk/bot.php?+)"
88.112.59.96 - - [14/Sep/2008:04:36:10 +0200] "GET /schubb/schubb-4.html HTTP/1.1" 200 17746 "-" "Mozilla/5.0 (compatible; MJ12bot/v1.2.3; http://www.majestic12.co.uk/bot.php?+)"
88.112.59.96 - - [14/Sep/2008:04:36:12 +0200] "GET /robots.txt HTTP/1.0" 200 64 "http://majestic12.co.uk/bot.php?I=395E6C5CE3-0000B0E088282D2D-www_various-euro_com" "Mozilla/5.0 (compatible; MJ12bot/v1.2.3; http://www.majestic12.co.uk/bot.php?+)"
88.112.59.96 - - [14/Sep/2008:04:36:13 +0200] "GET /3dsf3/sendi/receiver.html HTTP/1.1" 200 1402 "-" "Mozilla/5.0 (compatible; MJ12bot/v1.2.3; http://www.majestic12.co.uk/bot.php?+)"
88.112.59.96 - - [14/Sep/2008:04:36:14 +0200] "GET /neon/annniiii.html HTTP/1.1" 200 686 "-" "Mozilla/5.0 (compatible; MJ12bot/v1.2.3; http://www.majestic12.co.uk/bot.php?+)"
88.112.59.96 - - [14/Sep/2008:04:36:16 +0200] "GET /neon/channel.html HTTP/1.1" 200 1942 "-" "Mozilla/5.0 (compatible; MJ12bot/v1.2.3; http://www.majestic12.co.uk/bot.php?+)"
88.112.59.96 - - [14/Sep/2008:04:36:18 +0200] "GET /neon/click.html HTTP/1.1" 200 521 "-" "Mozilla/5.0 (compatible; MJ12bot/v1.2.3; http://www.majestic12.co.uk/bot.php?+)"
88.112.59.96 - - [14/Sep/2008:04:36:20 +0200] "GET /neon/europa.html HTTP/1.1" 200 389 "-" "Mozilla/5.0 (compatible; MJ12bot/v1.2.3; http://www.majestic12.co.uk/bot.php?+)"
88.112.59.96 - - [14/Sep/2008:04:36:22 +0200] "GET /neon/girlz3.html HTTP/1.1" 200 2479 "-" "Mozilla/5.0 (compatible; MJ12bot/v1.2.3; http://www.majestic12.co.uk/bot.php?+)"
88.112.59.96 - - [14/Sep/2008:04:36:24 +0200] "GET /robots.txt HTTP/1.0" 302 363 "http://majestic12.co.uk/bot.php?I=395E6C5CE3-0000B0E088282D2D-zampa_various-euro_com" "Mozilla/5.0 (compatible; MJ12bot/v1.2.3; http://www.majestic12.co.uk/bot.php?+)"
88.112.59.96 - - [14/Sep/2008:04:36:25 +0200] "GET /index.htm HTTP/1.1" 302 362 "-" "Mozilla/5.0 (compatible; MJ12bot/v1.2.3; http://www.majestic12.co.uk/bot.php?+)"
88.112.59.96 - - [14/Sep/2008:04:36:26 +0200] "GET /zampa/index.htm HTTP/1.1" 404 2748 "http://zampa.various-euro.com/index.htm" "Mozilla/5.0 (compatible; MJ12bot/v1.2.3; http://www.majestic12.co.uk/bot.php?+)"
88.112.59.96 - - [14/Sep/2008:04:36:28 +0200] "GET /montenegro/index.htm HTTP/1.1" 302 373 "-" "Mozilla/5.0 (compatible; MJ12bot/v1.2.3; http://www.majestic12.co.uk/bot.php?+)"
88.112.59.96 - - [14/Sep/2008:04:36:28 +0200] "GET /zampa/montenegro/index.htm HTTP/1.1" 404 2748 "http://zampa.various-euro.com/montenegro/index.htm" "Mozilla/5.0 (compatible; MJ12bot/v1.2.3; http://www.majestic12.co.uk/bot.php?+)"
38.108.180.10 - - [14/Sep/2008:04:47:02 +0200] "GET /robots.txt HTTP/1.1" 200 64 "-" "Mozilla/5.0 (compatible; ScoutJet; +http://www.scoutjet.com/)"
38.108.180.10 - - [14/Sep/2008:04:47:19 +0200] "GET /menue.html HTTP/1.1" 404 2748 "-" "Mozilla/5.0 (compatible; ScoutJet; +http://www.scoutjet.com/)"
38.108.180.10 - - [14/Sep/2008:04:47:49 +0200] "GET /schubb/schubb-2.html HTTP/1.1" 200 16660 "-" "Mozilla/5.0 (compatible; ScoutJet; +http://www.scoutjet.com/)"
38.108.180.10 - - [14/Sep/2008:04:49:40 +0200] "GET /f-search.html HTTP/1.1" 200 11800 "-" "Mozilla/5.0 (compatible; ScoutJet; +http://www.scoutjet.com/)"
38.108.180.10 - - [14/Sep/2008:04:50:15 +0200] "GET /3dsf3/sendi/index.html HTTP/1.1" 200 1837 "-" "Mozilla/5.0 (compatible; ScoutJet; +http://www.scoutjet.com/)"
38.108.180.10 - - [14/Sep/2008:04:50:51 +0200] "GET /f-warez.html HTTP/1.1" 200 10953 "-" "Mozilla/5.0 (compatible; ScoutJet; +http://www.scoutjet.com/)"
65.55.211.173 - - [14/Sep/2008:05:17:11 +0200] "GET /robots.txt HTTP/1.1" 200 64 "-" "msnbot/1.1 (+http://search.msn.com/msnbot.htm)"
65.55.211.173 - - [14/Sep/2008:05:17:11 +0200] "GET /zampa/montenegro/TESLAW.html HTTP/1.1" 200 861 "-" "msnbot/1.1 (+http://search.msn.com/msnbot.htm)"
74.6.17.153 - - [14/Sep/2008:05:32:01 +0200] "GET /robots.txt HTTP/1.0" 200 64 "-" "Mozilla/5.0 (compatible; Yahoo! Slurp; http://help.yahoo.com/help/us/ysearch/slurp)"
74.6.17.153 - - [14/Sep/2008:05:32:01 +0200] "GET /framez.html HTTP/1.0" 200 3959 "-" "Mozilla/5.0 (compatible; Yahoo! Slurp; http://help.yahoo.com/help/us/ysearch/slurp)"
74.6.17.153 - - [14/Sep/2008:05:32:02 +0200] "GET /frame-menu.html HTTP/1.0" 200 10536 "-" "Mozilla/5.0 (compatible; Yahoo! Slurp; http://help.yahoo.com/help/us/ysearch/slurp)"
74.6.17.153 - - [14/Sep/2008:05:32:02 +0200] "GET /frame-inhalt.html HTTP/1.0" 200 5418 "-" "Mozilla/5.0 (compatible; Yahoo! Slurp; http://help.yahoo.com/help/us/ysearch/slurp)"
74.6.17.153 - - [14/Sep/2008:05:32:03 +0200] "GET /frame-unten.html HTTP/1.0" 200 5308 "-" "Mozilla/5.0 (compatible; Yahoo! Slurp; http://help.yahoo.com/help/us/ysearch/slurp)"
97.91.168.60 - - [14/Sep/2008:06:32:16 +0200] "GET / HTTP/1.1" 200 7869 "-" "Mozilla/5.0 (Windows; U; Windows NT 5.1; en-US; rv:1.9.0.1) Gecko/2008070208 Firefox/3.0.1"
97.91.168.60 - - [14/Sep/2008:06:32:16 +0200] "GET /style/various-euro.css HTTP/1.1" 200 3437 "http://www.various-euro.com/" "Mozilla/5.0 (Windows; U; Windows NT 5.1; en-US; rv:1.9.0.1) Gecko/2008070208 Firefox/3.0.1"
97.91.168.60 - - [14/Sep/2008:06:32:17 +0200] "GET /ve-icon-2.ico HTTP/1.1" 200 2238 "-" "Mozilla/5.0 (Windows; U; Windows NT 5.1; en-US; rv:1.9.0.1) Gecko/2008070208 Firefox/3.0.1"
74.6.17.186 - - [14/Sep/2008:06:44:48 +0200] "GET /frame-inhalt.html HTTP/1.0" 200 5418 "-" "Mozilla/5.0 (compatible; Yahoo! Slurp; http://help.yahoo.com/help/us/ysearch/slurp)"
65.55.211.180 - - [14/Sep/2008:06:54:49 +0200] "GET /robots.txt HTTP/1.1" 200 64 "-" "msnbot/1.1 (+http://search.msn.com/msnbot.htm)"
65.55.211.180 - - [14/Sep/2008:06:54:49 +0200] "GET /logs/usage_200702.html HTTP/1.1" 200 107861 "-" "msnbot/1.1 (+http://search.msn.com/msnbot.htm)"
222.122.6.125 - - [14/Sep/2008:07:23:28 +0200] "GET /neon/warning2.html//?_zb_path=http://apai.100megsfree8.com/id.gif? HTTP/1.1" 200 997 "-" "libwww-perl/5.79"
222.122.6.125 - - [14/Sep/2008:07:23:29 +0200] "GET //?_zb_path=http://apai.100megsfree8.com/id.gif? HTTP/1.1" 200 7869 "-" "libwww-perl/5.79"
222.122.6.125 - - [14/Sep/2008:07:23:30 +0200] "GET /neon//?_zb_path=http://apai.100megsfree8.com/id.gif? HTTP/1.1" 403 1223 "-" "libwww-perl/5.79"
74.6.17.186 - - [14/Sep/2008:07:35:56 +0200] "GET /robots.txt HTTP/1.0" 200 64 "-" "Mozilla/5.0 (compatible; Yahoo! Slurp; http://help.yahoo.com/help/us/ysearch/slurp)"
74.6.17.186 - - [14/Sep/2008:07:35:57 +0200] "GET /zampa/montenegro/BATAW.html HTTP/1.0" 200 860 "-" "Mozilla/5.0 (compatible; Yahoo! Slurp; http://help.yahoo.com/help/us/ysearch/slurp)"
84.61.103.20 - - [14/Sep/2008:07:47:35 +0200] "GET http://various-euro.com/join.html?jpage=/../../../../../../../../../../../etc/passwd HTTP/1.0" 404 2748 "http://various-euro.com/join.html?jpage=/../../../../../../../../../../../etc/passwd" "Mozilla/4.0 (compatible; MSIE 6.0; Windows NT 5.1)"
84.61.103.20 - - [14/Sep/2008:07:47:35 +0200] "GET http://various-euro.com/cgi-bin/join.html?jpage=/../../../../../../../../../../../etc/passwd HTTP/1.0" 404 2748 "http://various-euro.com/cgi-bin/join.html?jpage=/../../../../../../../../../../../etc/passwd" "Mozilla/4.0 (compatible; MSIE 6.0; Windows NT 5.1)"
84.61.103.20 - - [14/Sep/2008:07:47:35 +0200] "GET http://various-euro.com/join.htm?jpage=/../../../../../../../../../../../etc/passwd HTTP/1.0" 404 2748 "http://various-euro.com/join.htm?jpage=/../../../../../../../../../../../etc/passwd" "Mozilla/4.0 (compatible; MSIE 6.0; Windows NT 5.1)"
84.61.103.20 - - [14/Sep/2008:07:47:35 +0200] "GET http://various-euro.com/join2.html?jpage=/../../../../../../../../../../../etc/passwd HTTP/1.0" 404 2748 "http://various-euro.com/join2.html?jpage=/../../../../../../../../../../../etc/passwd" "Mozilla/4.0 (compatible; MSIE 6.0; Windows NT 5.1)"
84.61.103.20 - - [14/Sep/2008:07:47:35 +0200] "GET http://various-euro.com/cgi-bin/join.htm?jpage=/../../../../../../../../../../../etc/passwd HTTP/1.0" 404 2748 "http://various-euro.com/cgi-bin/join.htm?jpage=/../../../../../../../../../../../etc/passwd" "Mozilla/4.0 (compatible; MSIE 6.0; Windows NT 5.1)"
84.61.103.20 - - [14/Sep/2008:07:47:35 +0200] "GET http://various-euro.com/join2.htm?jpage=/../../../../../../../../../../../etc/passwd HTTP/1.0" 404 2748 "http://various-euro.com/join2.htm?jpage=/../../../../../../../../../../../etc/passwd" "Mozilla/4.0 (compatible; MSIE 6.0; Windows NT 5.1)"
77.91.224.4 - - [14/Sep/2008:08:12:12 +0200] "GET /robots.txt HTTP/1.1" 200 64 "-" "Yanga WorldSearch Bot v1.1/beta (http://www.yanga.co.uk/)"
208.66.193.164 - - [14/Sep/2008:08:12:12 +0200] "GET / HTTP/1.1" 200 7869 "-" "Yanga WorldSearch Bot v1.1/beta (http://www.yanga.co.uk/)"
74.6.17.186 - - [14/Sep/2008:10:42:54 +0200] "GET /neon/ptext.html HTTP/1.0" 200 4832 "-" "Mozilla/5.0 (compatible; Yahoo! Slurp; http://help.yahoo.com/help/us/ysearch/slurp)"
65.55.211.180 - - [14/Sep/2008:10:48:24 +0200] "GET /zampa/montenegro/ HTTP/1.1" 200 2651 "-" "msnbot/1.1 (+http://search.msn.com/msnbot.htm)"
38.108.180.37 - - [14/Sep/2008:11:22:40 +0200] "GET /robots.txt HTTP/1.1" 200 64 "-" "Mozilla/5.0 (compatible; ScoutJet; +http://www.scoutjet.com/)"
38.108.180.37 - - [14/Sep/2008:11:22:58 +0200] "GET / HTTP/1.1" 200 7869 "-" "Mozilla/5.0 (compatible; ScoutJet; +http://www.scoutjet.com/)"
38.108.180.37 - - [14/Sep/2008:11:23:16 +0200] "GET /favicon.ico HTTP/1.1" 404 2748 "-" "Mozilla/5.0 (compatible; ScoutJet; +http://www.scoutjet.com/)"
38.108.180.10 - - [14/Sep/2008:11:56:22 +0200] "GET /robots.txt HTTP/1.1" 200 64 "-" "Mozilla/5.0 (compatible; ScoutJet; +http://www.scoutjet.com/)"
38.108.180.10 - - [14/Sep/2008:11:56:38 +0200] "GET /schubb/schubb-3.html HTTP/1.1" 200 17546 "-" "Mozilla/5.0 (compatible; ScoutJet; +http://www.scoutjet.com/)"
38.108.180.10 - - [14/Sep/2008:11:57:14 +0200] "GET /3dsf3/sendi/receiver.html HTTP/1.1" 200 1402 "-" "Mozilla/5.0 (compatible; ScoutJet; +http://www.scoutjet.com/)"
38.108.180.10 - - [14/Sep/2008:11:57:48 +0200] "GET /3dsf3/sendi/sendisendi.html HTTP/1.1" 200 5118 "-" "Mozilla/5.0 (compatible; ScoutJet; +http://www.scoutjet.com/)"
38.108.180.10 - - [14/Sep/2008:11:59:33 +0200] "GET /f-actions.html HTTP/1.1" 200 10429 "-" "Mozilla/5.0 (compatible; ScoutJet; +http://www.scoutjet.com/)"
38.108.180.10 - - [14/Sep/2008:12:01:31 +0200] "GET /frame-inhalt.html HTTP/1.1" 200 5418 "-" "Mozilla/5.0 (compatible; ScoutJet; +http://www.scoutjet.com/)"
38.108.180.10 - - [14/Sep/2008:12:02:08 +0200] "GET /restate_copy.html HTTP/1.1" 200 97631 "-" "Mozilla/5.0 (compatible; ScoutJet; +http://www.scoutjet.com/)"
38.108.180.10 - - [14/Sep/2008:12:04:22 +0200] "GET /logs/ HTTP/1.1" 200 10079 "-" "Mozilla/5.0 (compatible; ScoutJet; +http://www.scoutjet.com/)"
66.249.65.2 - - [14/Sep/2008:12:05:59 +0200] "GET /logs/usage_200809.html HTTP/1.1" 404 2748 "-" "Mozilla/5.0 (compatible; Googlebot/2.1; +http://www.google.com/bot.html)"
72.14.220.136 - - [14/Sep/2008:12:34:14 +0200] "GET /zampa-lovers/ HTTP/1.0" 200 37790 "-" "Mozilla/4.0 (compatible; MSIE 6.0; Windows NT 5.0; Google Wireless Transcoder;)"
72.14.220.136 - - [14/Sep/2008:12:34:14 +0200] "GET /framez-zampa-lovers.html HTTP/1.0" 200 4322 "http://www.various-euro.com/zampa-lovers/" "Mozilla/4.0 (compatible; MSIE 6.0; Windows NT 5.0; Google Wireless Transcoder;)"
72.14.220.136 - - [14/Sep/2008:12:34:14 +0200] "GET /frame-unten.html HTTP/1.0" 200 5308 "http://www.various-euro.com/framez-zampa-lovers.html" "Mozilla/4.0 (compatible; MSIE 6.0; Windows NT 5.0; Google Wireless Transcoder;)"
72.14.220.136 - - [14/Sep/2008:12:34:14 +0200] "GET /zampa-lovers/index.html HTTP/1.0" 200 37790 "http://www.various-euro.com/framez-zampa-lovers.html" "Mozilla/4.0 (compatible; MSIE 6.0; Windows NT 5.0; Google Wireless Transcoder;)"
72.14.220.136 - - [14/Sep/2008:12:34:15 +0200] "GET /frame-menu.html HTTP/1.0" 200 10536 "http://www.various-euro.com/framez-zampa-lovers.html" "Mozilla/4.0 (compatible; MSIE 6.0; Windows NT 5.0; Google Wireless Transcoder;)"
72.14.220.136 - - [14/Sep/2008:12:34:15 +0200] "GET /framez.html HTTP/1.0" 200 3959 "http://www.various-euro.com/frame-menu.html" "Mozilla/4.0 (compatible; MSIE 6.0; Windows NT 5.0; Google Wireless Transcoder;)"
72.14.220.136 - - [14/Sep/2008:12:34:15 +0200] "GET /frame-inhalt.html HTTP/1.0" 200 5418 "http://www.various-euro.com/framez.html" "Mozilla/4.0 (compatible; MSIE 6.0; Windows NT 5.0; Google Wireless Transcoder;)"
72.14.193.2 - - [14/Sep/2008:12:34:15 +0200] "GET /bannerz/neon_click_3.gif HTTP/1.1" 200 240 "-" "Mozilla/4.0 (compatible; MSIE 6.0; Windows NT 5.0;Google Wireless Transcoder;)"
72.14.193.2 - - [14/Sep/2008:12:34:15 +0200] "GET /bannerz/neon_click_1.gif HTTP/1.1" 200 890 "-" "Mozilla/4.0 (compatible; MSIE 6.0; Windows NT 5.0;Google Wireless Transcoder;)"
72.14.193.2 - - [14/Sep/2008:12:34:15 +0200] "GET /bannerz/copyleft_black_small.gif HTTP/1.1" 200 1231 "-" "Mozilla/4.0 (compatible; MSIE 6.0; Windows NT 5.0;Google Wireless Transcoder;)"
72.14.193.2 - - [14/Sep/2008:12:34:15 +0200] "GET /eurosign3.gif HTTP/1.1" 200 7879 "-" "Mozilla/4.0 (compatible; MSIE 6.0; Windows NT 5.0;Google Wireless Transcoder;)"
72.14.193.2 - - [14/Sep/2008:12:34:15 +0200] "GET /zampa-lovers/MILIZA_B.JPG HTTP/1.1" 200 10947 "-" "Mozilla/4.0 (compatible; MSIE 6.0; Windows NT 5.0;Google Wireless Transcoder;)"
72.14.193.2 - - [14/Sep/2008:12:34:15 +0200] "GET /bannerz/neon_click_2.gif HTTP/1.1" 200 387 "-" "Mozilla/4.0 (compatible; MSIE 6.0; Windows NT 5.0;Google Wireless Transcoder;)"
72.14.193.2 - - [14/Sep/2008:12:34:15 +0200] "GET /bannerz/google/Logo_40blk.gif HTTP/1.1" 200 2308 "-" "Mozilla/4.0 (compatible; MSIE 6.0; Windows NT 5.0;Google Wireless Transcoder;)"
72.14.193.2 - - [14/Sep/2008:12:34:15 +0200] "GET /zampa-lovers/MILIZA_2.JPG HTTP/1.1" 200 22172 "-" "Mozilla/4.0 (compatible; MSIE 6.0; Windows NT 5.0;Google Wireless Transcoder;)"
72.14.193.2 - - [14/Sep/2008:12:34:16 +0200] "GET /bannerz/goolag_468.jpg HTTP/1.1" 200 28285 "-" "Mozilla/4.0 (compatible; MSIE 6.0; Windows NT 5.0;Google Wireless Transcoder;)"
72.14.193.2 - - [14/Sep/2008:12:34:16 +0200] "GET /zampa-lovers/Kralle.gif HTTP/1.1" 200 260 "-" "Mozilla/4.0 (compatible; MSIE 6.0; Windows NT 5.0;Google Wireless Transcoder;)"
72.14.193.2 - - [14/Sep/2008:12:34:16 +0200] "GET /bannerz/ve.jpg HTTP/1.1" 200 36912 "-" "Mozilla/4.0 (compatible; MSIE 6.0; Windows NT 5.0;Google Wireless Transcoder;)"
72.14.193.2 - - [14/Sep/2008:12:34:16 +0200] "GET /zampa-lovers/zampamali.gif HTTP/1.1" 200 2617 "-" "Mozilla/4.0 (compatible; MSIE 6.0; Windows NT 5.0;Google Wireless Transcoder;)"
72.14.193.2 - - [14/Sep/2008:12:34:16 +0200] "GET /zampa-lovers/DRAGANZA.JPG HTTP/1.1" 200 18560 "-" "Mozilla/4.0 (compatible; MSIE 6.0; Windows NT 5.0;Google Wireless Transcoder;)"
72.14.193.2 - - [14/Sep/2008:12:34:16 +0200] "GET /zampa-lovers/2SEITEVE.GIF HTTP/1.1" 200 83466 "-" "Mozilla/4.0 (compatible; MSIE 6.0; Windows NT 5.0;Google Wireless Transcoder;)"
72.14.193.2 - - [14/Sep/2008:12:34:16 +0200] "GET /zampa-lovers/zampa-2X2.gif HTTP/1.1" 200 6948 "-" "Mozilla/4.0 (compatible; MSIE 6.0; Windows NT 5.0;Google Wireless Transcoder;)"
72.14.193.2 - - [14/Sep/2008:12:34:16 +0200] "GET /zampa-lovers/1SEITEVE.GIF HTTP/1.1" 200 78726 "-" "Mozilla/4.0 (compatible; MSIE 6.0; Windows NT 5.0;Google Wireless Transcoder;)"
72.14.193.2 - - [14/Sep/2008:12:34:16 +0200] "GET /bannerz/various-euro-girl.jpg HTTP/1.1" 200 91514 "-" "Mozilla/4.0 (compatible; MSIE 6.0; Windows NT 5.0;Google Wireless Transcoder;)"
72.14.193.2 - - [14/Sep/2008:12:34:17 +0200] "GET /zampa-lovers/MILIZA_3.JPG HTTP/1.1" 200 26924 "-" "Mozilla/4.0 (compatible; MSIE 6.0; Windows NT 5.0;Google Wireless Transcoder;)"
72.14.193.2 - - [14/Sep/2008:12:34:17 +0200] "GET /bannerz/wet.gif HTTP/1.1" 200 18561 "-" "Mozilla/4.0 (compatible; MSIE 6.0; Windows NT 5.0;Google Wireless Transcoder;)"
72.14.193.2 - - [14/Sep/2008:12:34:18 +0200] "GET /zampa-lovers/MILIZA_4.JPG HTTP/1.1" 200 9946 "-" "Mozilla/4.0 (compatible; MSIE 6.0; Windows NT 5.0;Google Wireless Transcoder;)"
72.14.193.2 - - [14/Sep/2008:12:34:18 +0200] "GET /zampa-lovers/DRAGAN_Z.JPG HTTP/1.1" 200 6850 "-" "Mozilla/4.0 (compatible; MSIE 6.0; Windows NT 5.0;Google Wireless Transcoder;)"
72.14.193.2 - - [14/Sep/2008:12:34:18 +0200] "GET /bannerz/anti_black_small.gif HTTP/1.1" 200 1009 "-" "Mozilla/4.0 (compatible; MSIE 6.0; Windows NT 5.0;Google Wireless Transcoder;)"
72.14.193.2 - - [14/Sep/2008:12:34:18 +0200] "GET /bannerz/douwil.gif HTTP/1.1" 200 528 "-" "Mozilla/4.0 (compatible; MSIE 6.0; Windows NT 5.0;Google Wireless Transcoder;)"
74.6.17.153 - - [14/Sep/2008:12:37:28 +0200] "GET /restate_copy.html HTTP/1.0" 200 97631 "-" "Mozilla/5.0 (compatible; Yahoo! Slurp; http://help.yahoo.com/help/us/ysearch/slurp)"
77.91.224.4 - - [14/Sep/2008:12:52:46 +0200] "GET /robots.txt HTTP/1.1" 200 64 "-" "Yanga WorldSearch Bot v1.1/beta (http://www.yanga.co.uk/)"
77.91.224.4 - - [14/Sep/2008:12:52:46 +0200] "GET /frame-menu.html HTTP/1.1" 200 10536 "-" "Yanga WorldSearch Bot v1.1/beta (http://www.yanga.co.uk/)"
77.91.224.4 - - [14/Sep/2008:12:53:27 +0200] "GET /f-rez.html HTTP/1.1" 200 9765 "-" "Yanga WorldSearch Bot v1.1/beta (http://www.yanga.co.uk/)"
77.91.224.4 - - [14/Sep/2008:12:54:08 +0200] "GET /frame-unten.html HTTP/1.1" 200 5308 "-" "Yanga WorldSearch Bot v1.1/beta (http://www.yanga.co.uk/)"
77.91.224.4 - - [14/Sep/2008:12:54:12 +0200] "GET /bannerz/ve.jpg HTTP/1.1" 200 36912 "-" "Yanga WorldSearch Bot v1.1/beta (http://www.yanga.co.uk/)"
78.137.24.35 - - [14/Sep/2008:13:06:23 +0200] "GET /framez-schubb5.html HTTP/1.0" 200 4330 "http://www.various-euro.com/framez-schubb5.html" "Mozilla/4.0 (compatible; MSIE 5.0; Windows 3.1)"
78.137.24.35 - - [14/Sep/2008:13:06:24 +0200] "GET /frame-menu.html HTTP/1.0" 200 10536 "http://www.various-euro.com/frame-menu.html" "Mozilla/4.0 (compatible; MSIE 5.0; Windows 3.1)"
78.137.24.35 - - [14/Sep/2008:13:06:24 +0200] "GET /schubb/schubb-5.html HTTP/1.0" 200 72944 "http://www.various-euro.com/schubb/schubb-5.html" "Mozilla/4.0 (compatible; MSIE 5.0; Windows 3.1)"
78.137.24.35 - - [14/Sep/2008:13:06:24 +0200] "GET /frame-unten.html HTTP/1.0" 200 5308 "http://www.various-euro.com/frame-unten.html" "Mozilla/4.0 (compatible; MSIE 5.0; Windows 3.1)"
74.6.17.186 - - [14/Sep/2008:14:00:30 +0200] "GET /f-doku-brau.html HTTP/1.0" 200 7152 "-" "Mozilla/5.0 (compatible; Yahoo! Slurp; http://help.yahoo.com/help/us/ysearch/slurp)"
74.6.17.186 - - [14/Sep/2008:14:06:14 +0200] "GET /f-maintitle.html HTTP/1.0" 200 5030 "-" "Mozilla/5.0 (compatible; Yahoo! Slurp; http://help.yahoo.com/help/us/ysearch/slurp)"
74.6.17.186 - - [14/Sep/2008:14:11:39 +0200] "GET /sendi_agent.html HTTP/1.0" 200 6213 "-" "Mozilla/5.0 (compatible; Yahoo! Slurp; http://help.yahoo.com/help/us/ysearch/slurp)"
74.6.17.186 - - [14/Sep/2008:14:56:15 +0200] "GET /logs/usage_200701.html HTTP/1.0" 200 109268 "-" "Mozilla/5.0 (compatible; Yahoo! Slurp; http://help.yahoo.com/help/us/ysearch/slurp)"
65.55.211.166 - - [14/Sep/2008:15:34:33 +0200] "GET /robots.txt HTTP/1.1" 200 64 "-" "msnbot/1.1 (+http://search.msn.com/msnbot.htm)"
65.55.211.166 - - [14/Sep/2008:15:34:33 +0200] "GET /web.html HTTP/1.1" 404 2748 "-" "msnbot/1.1 (+http://search.msn.com/msnbot.htm)"
65.55.211.166 - - [14/Sep/2008:15:34:34 +0200] "GET /channel1.html HTTP/1.1" 404 2748 "-" "msnbot/1.1 (+http://search.msn.com/msnbot.htm)"
194.106.178.4 - - [14/Sep/2008:16:22:50 +0200] "GET /framez-zampa-lovers.html HTTP/1.1" 200 4322 "http://www.google.com/search?hl=en&client=opera&rls=en&q=male+sise&start=160&sa=N" "Opera/9.60 (Windows NT 5.1; U; en)"
194.106.178.4 - - [14/Sep/2008:16:23:02 +0200] "GET /ve-icon-2.ico HTTP/1.1" 200 2238 "http://www.various-euro.com/framez-zampa-lovers.html" "Opera/9.60 (Windows NT 5.1; U; en)"
194.106.178.4 - - [14/Sep/2008:16:23:07 +0200] "GET /frame-menu.html HTTP/1.1" 200 10536 "http://www.various-euro.com/framez-zampa-lovers.html" "Opera/9.60 (Windows NT 5.1; U; en)"
194.106.178.4 - - [14/Sep/2008:16:23:07 +0200] "GET /frame-unten.html HTTP/1.1" 200 5308 "http://www.various-euro.com/framez-zampa-lovers.html" "Opera/9.60 (Windows NT 5.1; U; en)"
194.106.178.4 - - [14/Sep/2008:16:23:13 +0200] "GET /style/various-euro.css HTTP/1.1" 200 3437 "http://www.various-euro.com/frame-menu.html" "Opera/9.60 (Windows NT 5.1; U; en)"
194.106.178.4 - - [14/Sep/2008:16:23:14 +0200] "GET /bannerz/ve.jpg HTTP/1.1" 200 36912 "http://www.various-euro.com/frame-unten.html" "Opera/9.60 (Windows NT 5.1; U; en)"
194.106.178.4 - - [14/Sep/2008:16:23:07 +0200] "GET /zampa-lovers/index.html HTTP/1.1" 200 37790 "http://www.various-euro.com/framez-zampa-lovers.html" "Opera/9.60 (Windows NT 5.1; U; en)"
194.106.178.4 - - [14/Sep/2008:16:23:14 +0200] "GET /bannerz/various-euro-girl.jpg HTTP/1.1" 200 91514 "http://www.various-euro.com/frame-unten.html" "Opera/9.60 (Windows NT 5.1; U; en)"
194.106.178.4 - - [14/Sep/2008:16:23:14 +0200] "GET /zampa-lovers/zampa.gif HTTP/1.1" 200 460627 "http://www.various-euro.com/zampa-lovers/index.html" "Opera/9.60 (Windows NT 5.1; U; en)"
194.106.178.4 - - [14/Sep/2008:16:23:43 +0200] "GET /zampa-lovers/kralle.gif HTTP/1.1" 404 2748 "http://www.various-euro.com/zampa-lovers/index.html" "Opera/9.60 (Windows NT 5.1; U; en)"
194.106.178.4 - - [14/Sep/2008:16:23:19 +0200] "GET /zampa-lovers/WASISTMI1.MPG HTTP/1.1" 200 271221 "http://www.various-euro.com/zampa-lovers/index.html" "Opera/9.60 (Windows NT 5.1; U; en)"
194.106.178.4 - - [14/Sep/2008:16:23:55 +0200] "GET /zampa-lovers/MILIZA_3.JPG HTTP/1.1" 200 26924 "http://www.various-euro.com/zampa-lovers/index.html" "Opera/9.60 (Windows NT 5.1; U; en)"
194.106.178.4 - - [14/Sep/2008:16:23:44 +0200] "GET /bannerz/ve.jpg HTTP/1.1" 200 36912 "http://www.various-euro.com/frame-unten.html" "Opera/9.60 (Windows NT 5.1; U; en)"
194.106.178.4 - - [14/Sep/2008:16:24:43 +0200] "GET /zampa-lovers/DRAGAN_Z.JPG HTTP/1.1" 200 6850 "http://www.various-euro.com/zampa-lovers/index.html" "Opera/9.60 (Windows NT 5.1; U; en)"
194.106.178.4 - - [14/Sep/2008:16:24:47 +0200] "GET /zampa-lovers/MILIZA_4.JPG HTTP/1.1" 200 9946 "http://www.various-euro.com/zampa-lovers/index.html" "Opera/9.60 (Windows NT 5.1; U; en)"
194.106.178.4 - - [14/Sep/2008:16:24:37 +0200] "GET /zampa-lovers/MILIZA_3.JPG HTTP/1.1" 200 26924 "http://www.various-euro.com/zampa-lovers/index.html" "Opera/9.60 (Windows NT 5.1; U; en)"
194.106.178.4 - - [14/Sep/2008:16:24:56 +0200] "GET /zampa-lovers/zampama2.mpg HTTP/1.1" 404 2748 "http://www.various-euro.com/zampa-lovers/index.html" "Opera/9.60 (Windows NT 5.1; U; en)"
194.106.178.4 - - [14/Sep/2008:16:25:01 +0200] "GET /zampa-lovers/DRAGANZA.JPG HTTP/1.1" 200 18560 "http://www.various-euro.com/zampa-lovers/index.html" "Opera/9.60 (Windows NT 5.1; U; en)"
194.106.178.4 - - [14/Sep/2008:16:25:33 +0200] "GET /zampa-lovers/MILIZA_B.JPG HTTP/1.1" 200 10947 "http://www.various-euro.com/zampa-lovers/index.html" "Opera/9.60 (Windows NT 5.1; U; en)"
194.106.178.4 - - [14/Sep/2008:16:25:41 +0200] "GET /bannerz/various-euro-girl.jpg HTTP/1.1" 200 91514 "http://www.various-euro.com/frame-unten.html" "Opera/9.60 (Windows NT 5.1; U; en)"
194.106.178.4 - - [14/Sep/2008:16:24:37 +0200] "GET /zampa-lovers/1SEITEVE.GIF HTTP/1.1" 200 78726 "http://www.various-euro.com/zampa-lovers/index.html" "Opera/9.60 (Windows NT 5.1; U; en)"
194.106.178.4 - - [14/Sep/2008:16:26:12 +0200] "GET /zampa-lovers/MILIZA_2.JPG HTTP/1.1" 200 22172 "http://www.various-euro.com/zampa-lovers/index.html" "Opera/9.60 (Windows NT 5.1; U; en)"
194.106.178.4 - - [14/Sep/2008:16:26:20 +0200] "GET /zampa-lovers/zampamali.gif HTTP/1.1" 200 2617 "http://www.various-euro.com/zampa-lovers/index.html" "Opera/9.60 (Windows NT 5.1; U; en)"
194.106.178.4 - - [14/Sep/2008:16:23:59 +0200] "GET /zampa-lovers/WASISTMI1.MPG HTTP/1.1" 200 271221 "http://www.various-euro.com/zampa-lovers/index.html" "Opera/9.60 (Windows NT 5.1; U; en)"
194.106.178.4 - - [14/Sep/2008:16:26:30 +0200] "GET /zampa-lovers/Kralle.gif HTTP/1.1" 200 260 "http://www.various-euro.com/zampa-lovers/index.html" "Opera/9.60 (Windows NT 5.1; U; en)"
194.106.178.4 - - [14/Sep/2008:16:26:35 +0200] "GET /zampa-lovers/zampa-2X2.gif HTTP/1.1" 200 6948 "http://www.various-euro.com/zampa-lovers/index.html" "Opera/9.60 (Windows NT 5.1; U; en)"
194.106.178.4 - - [14/Sep/2008:16:26:24 +0200] "GET /zampa-lovers/2SEITEVE.GIF HTTP/1.1" 200 83466 "http://www.various-euro.com/zampa-lovers/index.html" "Opera/9.60 (Windows NT 5.1; U; en)"
194.106.178.4 - - [14/Sep/2008:16:25:05 +0200] "GET /zampa-lovers/zampa.gif HTTP/1.1" 200 460627 "http://www.various-euro.com/zampa-lovers/index.html" "Opera/9.60 (Windows NT 5.1; U; en)"
194.106.178.4 - - [14/Sep/2008:16:26:23 +0200] "GET /zampa-lovers/ZAMPAMAS.MPG HTTP/1.1" 200 520196 "http://www.various-euro.com/zampa-lovers/index.html" "Opera/9.60 (Windows NT 5.1; U; en)"
84.190.27.193 - - [14/Sep/2008:16:41:24 +0200] "GET /zampa/ HTTP/1.1" 200 7153 "http://www.angelfire.com/psy/zampa-di-leone-zampa/" "Mozilla/5.0 (Windows; U; Windows NT 6.0; de; rv:1.9.0.1) Gecko/2008070208 Firefox/3.0.1"
84.190.27.193 - - [14/Sep/2008:16:41:24 +0200] "GET /zampa/montenegro/index.html HTTP/1.1" 200 2651 "http://www.angelfire.com/psy/zampa-di-leone-zampa/" "Mozilla/5.0 (Windows; U; Windows NT 6.0; de; rv:1.9.0.1) Gecko/2008070208 Firefox/3.0.1"
84.190.27.193 - - [14/Sep/2008:16:41:24 +0200] "GET /zampa/slike/zampa.gif HTTP/1.1" 200 5310 "http://www.various-euro.com/zampa/" "Mozilla/5.0 (Windows; U; Windows NT 6.0; de; rv:1.9.0.1) Gecko/2008070208 Firefox/3.0.1"
84.190.27.193 - - [14/Sep/2008:16:41:24 +0200] "GET /zampa/slike/udupetu.gif HTTP/1.1" 200 4138 "http://www.various-euro.com/zampa/" "Mozilla/5.0 (Windows; U; Windows NT 6.0; de; rv:1.9.0.1) Gecko/2008070208 Firefox/3.0.1"
84.190.27.193 - - [14/Sep/2008:16:41:24 +0200] "GET /zampa/slike/inthearse.gif HTTP/1.1" 200 4077 "http://www.various-euro.com/zampa/" "Mozilla/5.0 (Windows; U; Windows NT 6.0; de; rv:1.9.0.1) Gecko/2008070208 Firefox/3.0.1"
84.190.27.193 - - [14/Sep/2008:16:41:24 +0200] "GET /zampa/montenegro/slike/plakat.jpg HTTP/1.1" 200 47879 "http://www.various-euro.com/zampa/montenegro/index.html" "Mozilla/5.0 (Windows; U; Windows NT 6.0; de; rv:1.9.0.1) Gecko/2008070208 Firefox/3.0.1"
38.108.180.37 - - [14/Sep/2008:18:23:02 +0200] "GET /robots.txt HTTP/1.1" 200 64 "-" "Mozilla/5.0 (compatible; ScoutJet; +http://www.scoutjet.com/)"
38.108.180.37 - - [14/Sep/2008:18:23:18 +0200] "GET /framez.html HTTP/1.1" 200 3959 "-" "Mozilla/5.0 (compatible; ScoutJet; +http://www.scoutjet.com/)"
38.108.180.10 - - [14/Sep/2008:19:30:07 +0200] "GET /robots.txt HTTP/1.1" 200 64 "-" "Mozilla/5.0 (compatible; ScoutJet; +http://www.scoutjet.com/)"
38.108.180.10 - - [14/Sep/2008:19:30:24 +0200] "GET /3dsf3/sendi/catastrophe.html HTTP/1.1" 200 1322 "-" "Mozilla/5.0 (compatible; ScoutJet; +http://www.scoutjet.com/)"
38.108.180.10 - - [14/Sep/2008:19:31:05 +0200] "GET /3dsf3/sendi/body.html HTTP/1.1" 200 1322 "-" "Mozilla/5.0 (compatible; ScoutJet; +http://www.scoutjet.com/)"
38.108.180.10 - - [14/Sep/2008:19:31:42 +0200] "GET /3dsf3/sendi/communication.html HTTP/1.1" 200 1331 "-" "Mozilla/5.0 (compatible; ScoutJet; +http://www.scoutjet.com/)"
38.108.180.10 - - [14/Sep/2008:19:33:30 +0200] "GET /logz_old.html HTTP/1.1" 404 2748 "-" "Mozilla/5.0 (compatible; ScoutJet; +http://www.scoutjet.com/)"
208.80.194.31 - - [14/Sep/2008:19:33:46 +0200] "GET / HTTP/1.0" 200 7869 "-" "Mozilla/4.0 (compatible; MSIE 6.0; Windows NT 5.1; YPC 3.2.0; MEGAUPLOAD 1.0)"
208.80.194.31 - - [14/Sep/2008:19:33:46 +0200] "GET / HTTP/1.0" 200 7869 "-" "Mozilla/4.0 (compatible; MSIE 6.0; Windows NT 5.1; SV1; FunWebProducts-AskJeevesJapan; .NET CLR 1.1.4322)"
38.108.180.10 - - [14/Sep/2008:19:34:07 +0200] "GET /euro.html HTTP/1.1" 404 2748 "-" "Mozilla/5.0 (compatible; ScoutJet; +http://www.scoutjet.com/)"
38.108.180.10 - - [14/Sep/2008:19:36:14 +0200] "GET /contact.html HTTP/1.1" 404 2748 "-" "Mozilla/5.0 (compatible; ScoutJet; +http://www.scoutjet.com/)"
38.108.180.10 - - [14/Sep/2008:19:38:09 +0200] "GET /3dsf3/sendi/animals.html HTTP/1.1" 200 1422 "-" "Mozilla/5.0 (compatible; ScoutJet; +http://www.scoutjet.com/)"
38.108.180.10 - - [14/Sep/2008:19:38:38 +0200] "GET /net.html HTTP/1.1" 404 2748 "-" "Mozilla/5.0 (compatible; ScoutJet; +http://www.scoutjet.com/)"
38.108.180.10 - - [14/Sep/2008:19:41:48 +0200] "GET /3dsf3/sendi/utopia.html HTTP/1.1" 200 1295 "-" "Mozilla/5.0 (compatible; ScoutJet; +http://www.scoutjet.com/)"
65.55.211.162 - - [14/Sep/2008:19:44:51 +0200] "GET /robots.txt HTTP/1.1" 200 64 "-" "msnbot/1.1 (+http://search.msn.com/msnbot.htm)"
65.55.211.162 - - [14/Sep/2008:19:44:52 +0200] "GET /framez.html HTTP/1.1" 200 3959 "-" "msnbot/1.1 (+http://search.msn.com/msnbot.htm)"
65.55.211.162 - - [14/Sep/2008:19:46:35 +0200] "GET /robots.txt HTTP/1.1" 200 64 "-" "msnbot/1.0 (+http://search.msn.com/msnbot.htm)"
65.55.211.162 - - [14/Sep/2008:19:46:36 +0200] "GET /frame-menu.html HTTP/1.1" 200 10536 "-" "msnbot/1.0 (+http://search.msn.com/msnbot.htm)"
65.55.211.162 - - [14/Sep/2008:19:46:36 +0200] "GET /frame-inhalt.html HTTP/1.1" 200 5418 "-" "msnbot/1.0 (+http://search.msn.com/msnbot.htm)"
65.55.211.162 - - [14/Sep/2008:19:46:37 +0200] "GET /frame-unten.html HTTP/1.1" 200 5308 "-" "msnbot/1.0 (+http://search.msn.com/msnbot.htm)"
74.6.17.186 - - [14/Sep/2008:19:49:04 +0200] "GET /robots.txt HTTP/1.0" 200 64 "-" "Mozilla/5.0 (compatible; Yahoo! Slurp; http://help.yahoo.com/help/us/ysearch/slurp)"
74.6.17.186 - - [14/Sep/2008:19:49:04 +0200] "GET /world.html HTTP/1.0" 200 16295 "-" "Mozilla/5.0 (compatible; Yahoo! Slurp; http://help.yahoo.com/help/us/ysearch/slurp)"
77.91.224.4 - - [14/Sep/2008:19:52:54 +0200] "GET /robots.txt HTTP/1.1" 200 64 "-" "Yanga WorldSearch Bot v1.1/beta (http://www.yanga.co.uk/)"
208.66.193.164 - - [14/Sep/2008:19:52:54 +0200] "GET / HTTP/1.1" 200 7869 "-" "Yanga WorldSearch Bot v1.1/beta (http://www.yanga.co.uk/)"
74.6.17.186 - - [14/Sep/2008:20:16:32 +0200] "GET /zampa/montenegro/index.html HTTP/1.0" 200 2651 "-" "Mozilla/5.0 (compatible; Yahoo! Slurp; http://help.yahoo.com/help/us/ysearch/slurp)"
74.6.17.186 - - [14/Sep/2008:20:17:10 +0200] "GET /logs/usage_200604.html HTTP/1.0" 200 108812 "-" "Mozilla/5.0 (compatible; Yahoo! Slurp; http://help.yahoo.com/help/us/ysearch/slurp)"
74.6.17.186 - - [14/Sep/2008:20:30:02 +0200] "GET /web.html HTTP/1.0" 404 2748 "-" "Mozilla/5.0 (compatible; Yahoo! Slurp; http://help.yahoo.com/help/us/ysearch/slurp)"
74.6.17.186 - - [14/Sep/2008:20:36:16 +0200] "GET /logs/ HTTP/1.0" 200 10079 "-" "Mozilla/5.0 (compatible; Yahoo! Slurp; http://help.yahoo.com/help/us/ysearch/slurp)"
190.40.122.231 - - [14/Sep/2008:21:41:55 +0200] "GET / HTTP/1.1" 200 7869 "http://www.google.com.pe/search?hl=es&q=euro.com&meta=" "Mozilla/4.0 (compatible; MSIE 7.0; Windows NT 6.0; SLCC1; .NET CLR 2.0.50727; .NET CLR 3.0.04506; InfoPath.1)"
190.40.122.231 - - [14/Sep/2008:21:41:55 +0200] "GET /style/various-euro.css HTTP/1.1" 200 3437 "http://www.various-euro.com/" "Mozilla/4.0 (compatible; MSIE 7.0; Windows NT 6.0; SLCC1; .NET CLR 2.0.50727; .NET CLR 3.0.04506; InfoPath.1)"
190.40.122.231 - - [14/Sep/2008:21:41:56 +0200] "GET /framez_0.html HTTP/1.1" 200 12444 "-" "Mozilla/4.0 (compatible; MSIE 7.0; Windows NT 6.0; SLCC1; .NET CLR 2.0.50727; .NET CLR 3.0.04506; InfoPath.1)"
