66.34.204.26 - - [27/Sep/2008:10:51:42 +0200] "GET / HTTP/1.1" 302 353 "http://www.keywordspy.com/keyword-research/zampa.various-euro.com" "Mozilla/4.0 (compatible; MSIE 7.0; Windows NT 5.1; Alexa Toolbar)"
66.34.204.26 - - [27/Sep/2008:10:51:43 +0200] "GET /zampa/ HTTP/1.1" 200 7153 "http://www.keywordspy.com/keyword-research/zampa.various-euro.com" "Mozilla/4.0 (compatible; MSIE 7.0; Windows NT 5.1; Alexa Toolbar)"
66.34.204.26 - - [27/Sep/2008:10:51:43 +0200] "GET / HTTP/1.1" 302 353 "http://www.keywordspy.com/keyword-research/zampa.various-euro.com" "Mozilla/4.0 (compatible; MSIE 7.0; Windows NT 5.1; Alexa Toolbar)"
66.34.204.26 - - [27/Sep/2008:10:51:43 +0200] "GET /zampa/ HTTP/1.1" 200 7153 "http://www.keywordspy.com/keyword-research/zampa.various-euro.com" "Mozilla/4.0 (compatible; MSIE 7.0; Windows NT 5.1; Alexa Toolbar)"
208.36.144.10 - - [27/Sep/2008:10:52:32 +0200] "GET /bmpp/Bilder2/fsstreiffcc_44.png HTTP/1.0" 200 249 "-" "Mozilla/5.0 (Twiceler-0.9 http://www.cuil.com/twiceler/robot.html)"
64.1.215.165 - - [27/Sep/2008:10:53:09 +0200] "GET /neon/girl-blond.gif HTTP/1.0" 200 16360 "-" "Mozilla/5.0 (Twiceler-0.9 http://www.cuil.com/twiceler/robot.html)"
64.1.215.165 - - [27/Sep/2008:11:12:57 +0200] "GET /bannerz/google/Logo_40blk.gif HTTP/1.0" 200 2308 "-" "Mozilla/5.0 (Twiceler-0.9 http://www.cuil.com/twiceler/robot.html)"
81.52.143.16 - - [27/Sep/2008:11:28:36 +0200] "GET http://www.various-euro.com:80/robots.txt HTTP/1.1" 200 64 "-" "Mozilla/5.0 (Windows; U; Windows NT 5.1; fr; rv:1.8.1) VoilaBot BETA 1.2 (support.voilabot@orange-ftgroup.com)"
64.1.215.165 - - [27/Sep/2008:11:28:37 +0200] "GET /bmpp/Bilder2/fsstreiffcc_16.png HTTP/1.0" 200 1536 "-" "Mozilla/5.0 (Twiceler-0.9 http://www.cuil.com/twiceler/robot.html)"
81.52.143.16 - - [27/Sep/2008:11:28:50 +0200] "GET /schubb/schubb-2.html HTTP/1.1" 200 16660 "-" "Mozilla/5.0 (Windows; U; Windows NT 5.1; fr; rv:1.8.1) VoilaBot BETA 1.2 (support.voilabot@orange-ftgroup.com)"
64.1.215.165 - - [27/Sep/2008:11:31:27 +0200] "GET /bmpp/Bilder/18_32.png HTTP/1.0" 200 374 "-" "Mozilla/5.0 (Twiceler-0.9 http://www.cuil.com/twiceler/robot.html)"
81.52.143.15 - - [27/Sep/2008:11:37:33 +0200] "GET /warez.html HTTP/1.1" 200 9754 "-" "Mozilla/5.0 (Windows; U; Windows NT 5.1; fr; rv:1.8.1) VoilaBot BETA 1.2 (support.voilabot@orange-ftgroup.com)"
64.1.215.165 - - [27/Sep/2008:11:39:31 +0200] "GET /bmpp/Bilder2/fsstreiffcc_40.png HTTP/1.0" 200 354 "-" "Mozilla/5.0 (Twiceler-0.9 http://www.cuil.com/twiceler/robot.html)"
74.6.8.91 - - [27/Sep/2008:11:41:45 +0200] "GET /robots.txt HTTP/1.0" 200 64 "-" "Mozilla/5.0 (compatible; Yahoo! Slurp; http://help.yahoo.com/help/us/ysearch/slurp)"
74.6.8.91 - - [27/Sep/2008:11:41:45 +0200] "GET /f-web.html HTTP/1.0" 200 13605 "-" "Mozilla/5.0 (compatible; Yahoo! Slurp; http://help.yahoo.com/help/us/ysearch/slurp)"
66.249.65.169 - - [27/Sep/2008:12:06:52 +0200] "GET /logs/usage_200809.html HTTP/1.1" 404 2748 "-" "Mozilla/5.0 (compatible; Googlebot/2.1; +http://www.google.com/bot.html)"
81.52.143.16 - - [27/Sep/2008:12:17:12 +0200] "GET /frame-unten.html HTTP/1.1" 200 5308 "-" "Mozilla/5.0 (Windows; U; Windows NT 5.1; fr; rv:1.8.1) VoilaBot BETA 1.2 (support.voilabot@orange-ftgroup.com)"
64.1.215.165 - - [27/Sep/2008:12:27:35 +0200] "GET /bmpp/Bilder2/fsstreiffcc_31.png HTTP/1.0" 200 586 "-" "Mozilla/5.0 (Twiceler-0.9 http://www.cuil.com/twiceler/robot.html)"
81.52.143.16 - - [27/Sep/2008:12:52:41 +0200] "GET /bmpp/18_x.html HTTP/1.1" 200 1100 "-" "Mozilla/5.0 (Windows; U; Windows NT 5.1; fr; rv:1.8.1) VoilaBot BETA 1.2 (support.voilabot@orange-ftgroup.com)"
74.6.8.91 - - [27/Sep/2008:12:55:00 +0200] "GET /neon/behindd.html HTTP/1.0" 200 476 "-" "Mozilla/5.0 (compatible; Yahoo! Slurp; http://help.yahoo.com/help/us/ysearch/slurp)"
64.1.215.165 - - [27/Sep/2008:12:57:31 +0200] "GET /eurosign3.gif HTTP/1.0" 200 7879 "-" "Mozilla/5.0 (Twiceler-0.9 http://www.cuil.com/twiceler/robot.html)"
64.1.215.165 - - [27/Sep/2008:13:10:39 +0200] "GET /bmpp/Bilder/18_18.png HTTP/1.0" 200 453 "-" "Mozilla/5.0 (Twiceler-0.9 http://www.cuil.com/twiceler/robot.html)"
66.249.65.169 - - [27/Sep/2008:13:18:43 +0200] "GET /zampa-lovers/ HTTP/1.1" 200 37790 "-" "Mozilla/5.0 (compatible; Googlebot/2.1; +http://www.google.com/bot.html)"
64.1.215.165 - - [27/Sep/2008:13:49:23 +0200] "GET /vgirls/dora_01.gif HTTP/1.0" 200 15465 "-" "Mozilla/5.0 (Twiceler-0.9 http://www.cuil.com/twiceler/robot.html)"
64.1.215.165 - - [27/Sep/2008:13:52:26 +0200] "GET /bmpp/Bilder2/fsstreiffcc_11.png HTTP/1.0" 200 2558 "-" "Mozilla/5.0 (Twiceler-0.9 http://www.cuil.com/twiceler/robot.html)"
64.1.215.165 - - [27/Sep/2008:14:02:51 +0200] "GET /DgH/orginal/pict/DgH001.jpg HTTP/1.0" 200 6960 "-" "Mozilla/5.0 (Twiceler-0.9 http://www.cuil.com/twiceler/robot.html)"
81.52.143.15 - - [27/Sep/2008:14:15:23 +0200] "GET /f-maintitle.html HTTP/1.1" 200 5030 "-" "Mozilla/5.0 (Windows; U; Windows NT 5.1; fr; rv:1.8.1) VoilaBot BETA 1.2 (support.voilabot@orange-ftgroup.com)"
208.36.144.10 - - [27/Sep/2008:14:21:11 +0200] "GET /bmpp/Bilder2/fsstreiffcc_31.png HTTP/1.0" 200 586 "-" "Mozilla/5.0 (Twiceler-0.9 http://www.cuil.com/twiceler/robot.html)"
193.252.149.15 - - [27/Sep/2008:14:32:39 +0200] "GET /neon/europa.html HTTP/1.1" 200 389 "-" "Mozilla/5.0 (Windows; U; Windows NT 5.1; fr; rv:1.8.1) VoilaBot BETA 1.2 (support.voilabot@orange-ftgroup.com)"
64.1.215.165 - - [27/Sep/2008:14:33:29 +0200] "GET /bannerz/goolag_468.jpg HTTP/1.0" 200 28285 "-" "Mozilla/5.0 (Twiceler-0.9 http://www.cuil.com/twiceler/robot.html)"
74.6.8.91 - - [27/Sep/2008:14:38:38 +0200] "GET /DgH/ HTTP/1.0" 200 5024 "-" "Mozilla/5.0 (compatible; Yahoo! Slurp; http://help.yahoo.com/help/us/ysearch/slurp)"
208.36.144.10 - - [27/Sep/2008:14:39:20 +0200] "GET /bannerz/pavuJapbanner.gif HTTP/1.0" 200 14954 "-" "Mozilla/5.0 (Twiceler-0.9 http://www.cuil.com/twiceler/robot.html)"
208.36.144.10 - - [27/Sep/2008:14:49:04 +0200] "GET /bmpp/Bilder2/fsstreiffcc_23.png HTTP/1.0" 200 475 "-" "Mozilla/5.0 (Twiceler-0.9 http://www.cuil.com/twiceler/robot.html)"
64.1.215.165 - - [27/Sep/2008:15:12:43 +0200] "GET /logs/daily_usage_200707.png HTTP/1.0" 200 4109 "-" "Mozilla/5.0 (Twiceler-0.9 http://www.cuil.com/twiceler/robot.html)"
81.52.143.16 - - [27/Sep/2008:15:28:26 +0200] "GET /schubb/schubb-1.html HTTP/1.1" 200 9070 "-" "Mozilla/5.0 (Windows; U; Windows NT 5.1; fr; rv:1.8.1) VoilaBot BETA 1.2 (support.voilabot@orange-ftgroup.com)"
64.1.215.165 - - [27/Sep/2008:15:29:05 +0200] "GET /bmpp/Bilder/18_37.png HTTP/1.0" 200 239 "-" "Mozilla/5.0 (Twiceler-0.9 http://www.cuil.com/twiceler/robot.html)"
193.252.149.15 - - [27/Sep/2008:15:30:37 +0200] "GET /neon/click.html HTTP/1.1" 200 521 "-" "Mozilla/5.0 (Windows; U; Windows NT 5.1; fr; rv:1.8.1) VoilaBot BETA 1.2 (support.voilabot@orange-ftgroup.com)"
64.1.215.165 - - [27/Sep/2008:15:33:54 +0200] "GET /DgH/orginal/pict/DgH010.jpg HTTP/1.0" 200 6960 "-" "Mozilla/5.0 (Twiceler-0.9 http://www.cuil.com/twiceler/robot.html)"
80.109.118.38 - - [27/Sep/2008:15:59:10 +0200] "GET / HTTP/1.1" 302 353 "http://www.google.at/search?hl=de&client=firefox-a&rls=org.mozilla:en-US:official&hs=99u&sa=X&oi=spell&resnum=0&ct=result&cd=1&q=zampa+di+leone&spell=1" "Mozilla/5.0 (X11; U; Linux i686; en-US; rv:1.8.1.11) Gecko/20071127 Firefox/2.0.0.11"
80.109.118.38 - - [27/Sep/2008:15:59:11 +0200] "GET /zampa/ HTTP/1.1" 200 7153 "http://www.google.at/search?hl=de&client=firefox-a&rls=org.mozilla:en-US:official&hs=99u&sa=X&oi=spell&resnum=0&ct=result&cd=1&q=zampa+di+leone&spell=1" "Mozilla/5.0 (X11; U; Linux i686; en-US; rv:1.8.1.11) Gecko/20071127 Firefox/2.0.0.11"
80.109.118.38 - - [27/Sep/2008:15:59:11 +0200] "GET /zampa/slike/zampa.gif HTTP/1.1" 200 5310 "http://www.various-euro.com/zampa/" "Mozilla/5.0 (X11; U; Linux i686; en-US; rv:1.8.1.11) Gecko/20071127 Firefox/2.0.0.11"
80.109.118.38 - - [27/Sep/2008:15:59:11 +0200] "GET /zampa/slike/udupetu.gif HTTP/1.1" 200 4138 "http://www.various-euro.com/zampa/" "Mozilla/5.0 (X11; U; Linux i686; en-US; rv:1.8.1.11) Gecko/20071127 Firefox/2.0.0.11"
80.109.118.38 - - [27/Sep/2008:15:59:11 +0200] "GET /zampa/slike/inthearse.gif HTTP/1.1" 200 4077 "http://www.various-euro.com/zampa/" "Mozilla/5.0 (X11; U; Linux i686; en-US; rv:1.8.1.11) Gecko/20071127 Firefox/2.0.0.11"
80.109.118.38 - - [27/Sep/2008:15:59:11 +0200] "GET /favicon.ico HTTP/1.1" 404 2748 "-" "Mozilla/5.0 (X11; U; Linux i686; en-US; rv:1.8.1.11) Gecko/20071127 Firefox/2.0.0.11"
80.109.118.38 - - [27/Sep/2008:15:59:31 +0200] "GET /zampa/slike/S3VAMPIR.GIF HTTP/1.1" 200 55504 "http://www.various-euro.com/zampa/" "Mozilla/5.0 (X11; U; Linux i686; en-US; rv:1.8.1.11) Gecko/20071127 Firefox/2.0.0.11"
80.109.118.38 - - [27/Sep/2008:15:59:43 +0200] "GET /favicon.ico HTTP/1.1" 404 2748 "-" "Mozilla/5.0 (X11; U; Linux i686; en-US; rv:1.8.1.11) Gecko/20071127 Firefox/2.0.0.11"
80.109.118.38 - - [27/Sep/2008:15:59:47 +0200] "GET /zampa/slike/S5UROSTO.GIF HTTP/1.1" 200 45220 "http://www.various-euro.com/zampa/" "Mozilla/5.0 (X11; U; Linux i686; en-US; rv:1.8.1.11) Gecko/20071127 Firefox/2.0.0.11"
80.109.118.38 - - [27/Sep/2008:16:01:51 +0200] "GET /favicon.ico HTTP/1.1" 404 2748 "-" "Mozilla/5.0 (X11; U; Linux i686; en-US; rv:1.8.1.11) Gecko/20071127 Firefox/2.0.0.11"
80.109.118.38 - - [27/Sep/2008:16:01:59 +0200] "GET /zampa/slike/S6BIENNI.GIF HTTP/1.1" 200 35877 "http://www.various-euro.com/zampa/" "Mozilla/5.0 (X11; U; Linux i686; en-US; rv:1.8.1.11) Gecko/20071127 Firefox/2.0.0.11"
80.109.118.38 - - [27/Sep/2008:16:02:28 +0200] "GET /favicon.ico HTTP/1.1" 404 2748 "-" "Mozilla/5.0 (X11; U; Linux i686; en-US; rv:1.8.1.11) Gecko/20071127 Firefox/2.0.0.11"
80.109.118.38 - - [27/Sep/2008:16:02:30 +0200] "GET /zampa/slike/S7MEDIAA.GIF HTTP/1.1" 200 45793 "http://www.various-euro.com/zampa/" "Mozilla/5.0 (X11; U; Linux i686; en-US; rv:1.8.1.11) Gecko/20071127 Firefox/2.0.0.11"
74.6.8.91 - - [27/Sep/2008:16:02:44 +0200] "GET /neon/warning2..html HTTP/1.0" 200 456 "-" "Mozilla/5.0 (compatible; Yahoo! Slurp; http://help.yahoo.com/help/us/ysearch/slurp)"
64.1.215.165 - - [27/Sep/2008:16:03:36 +0200] "GET /bannerz/kmfms-banner.gif HTTP/1.0" 200 8484 "-" "Mozilla/5.0 (Twiceler-0.9 http://www.cuil.com/twiceler/robot.html)"
64.1.215.165 - - [27/Sep/2008:16:08:03 +0200] "GET /DgH/orginal/pict/DgH003.jpg HTTP/1.0" 200 6960 "-" "Mozilla/5.0 (Twiceler-0.9 http://www.cuil.com/twiceler/robot.html)"
64.1.215.165 - - [27/Sep/2008:16:16:57 +0200] "GET /bmpp/Bilder2/fsstreiffcc_42.png HTTP/1.0" 200 339 "-" "Mozilla/5.0 (Twiceler-0.9 http://www.cuil.com/twiceler/robot.html)"
70.249.218.249 - - [27/Sep/2008:17:04:45 +0200] "GET http://various-euro.com/cgi-bin/sblogin/report.pl HTTP/1.0" 404 2748 "http://various-euro.com/cgi-bin/sblogin/report.pl" "Mozilla/4.0 (compatible; MSIE 6.0; Windows NT 5.1)"
82.99.30.43 - - [27/Sep/2008:17:09:51 +0200] "GET /bannerz/ve-girl.gif HTTP/1.0" 200 61791 "http://www.munax.com/referer.htm" "Mozilla/4.0 (compatible; MSIE 6.0; Windows NT 5.1)"
65.98.224.2 - - [27/Sep/2008:17:19:42 +0200] "GET /robots.txt HTTP/1.0" 200 64 "-" "TurnitinBot/2.1 (http://www.turnitin.com/robot/crawlerinfo.html)"
65.98.224.2 - - [27/Sep/2008:17:20:18 +0200] "GET /your_tour.html HTTP/1.0" 200 31738 "-" "TurnitinBot/2.1 (http://www.turnitin.com/robot/crawlerinfo.html)"
68.142.212.211 - - [27/Sep/2008:17:20:28 +0200] "GET /robots.txt HTTP/1.0" 200 64 "-" "Mozilla/5.0 (Yahoo-MMCrawler/4.0; mailto:vertical-crawl-support@yahoo-inc.com)"
68.142.212.211 - - [27/Sep/2008:17:20:28 +0200] "GET /bannerz/kapitalismusdebatte.jpg HTTP/1.0" 200 69093 "-" "Mozilla/5.0 (Yahoo-MMCrawler/4.0; mailto:vertical-crawl-support@yahoo-inc.com)"
193.252.149.16 - - [27/Sep/2008:17:27:08 +0200] "GET /neon/channel.html HTTP/1.1" 200 1942 "-" "Mozilla/5.0 (Windows; U; Windows NT 5.1; fr; rv:1.8.1) VoilaBot BETA 1.2 (support.voilabot@orange-ftgroup.com)"
193.252.149.15 - - [27/Sep/2008:17:43:13 +0200] "GET /neon/girlz3.html HTTP/1.1" 200 2479 "-" "Mozilla/5.0 (Windows; U; Windows NT 5.1; fr; rv:1.8.1) VoilaBot BETA 1.2 (support.voilabot@orange-ftgroup.com)"
193.252.149.15 - - [27/Sep/2008:17:57:42 +0200] "GET /neon/code.html HTTP/1.1" 200 1109 "-" "Mozilla/5.0 (Windows; U; Windows NT 5.1; fr; rv:1.8.1) VoilaBot BETA 1.2 (support.voilabot@orange-ftgroup.com)"
64.1.215.165 - - [27/Sep/2008:18:08:30 +0200] "GET /zampa/montenegro/slike/plakat.jpg HTTP/1.0" 200 47879 "-" "Mozilla/5.0 (Twiceler-0.9 http://www.cuil.com/twiceler/robot.html)"
74.6.8.91 - - [27/Sep/2008:18:22:59 +0200] "GET /logs/usage_200605.html HTTP/1.0" 200 109635 "-" "Mozilla/5.0 (compatible; Yahoo! Slurp; http://help.yahoo.com/help/us/ysearch/slurp)"
81.52.143.16 - - [27/Sep/2008:18:23:38 +0200] "GET /neon/warning.html HTTP/1.1" 200 5134 "-" "Mozilla/5.0 (Windows; U; Windows NT 5.1; fr; rv:1.8.1) VoilaBot BETA 1.2 (support.voilabot@orange-ftgroup.com)"
82.99.30.55 - - [27/Sep/2008:18:31:37 +0200] "GET /logs/usage.png HTTP/1.0" 200 2913 "http://www.munax.com/referer.htm" "Mozilla/4.0 (compatible; MSIE 6.0; Windows NT 5.1)"
64.1.215.165 - - [27/Sep/2008:18:33:42 +0200] "GET /DgH/watch/pict/Watch-DgH04.jpg HTTP/1.0" 200 12152 "-" "Mozilla/5.0 (Twiceler-0.9 http://www.cuil.com/twiceler/robot.html)"
208.36.144.10 - - [27/Sep/2008:18:40:16 +0200] "GET /bannerz/ah_0023_rotate_double.gif HTTP/1.0" 200 12054 "-" "Mozilla/5.0 (Twiceler-0.9 http://www.cuil.com/twiceler/robot.html)"
193.252.149.16 - - [27/Sep/2008:18:47:36 +0200] "GET /neon/biggtani.html HTTP/1.1" 200 1698 "-" "Mozilla/5.0 (Windows; U; Windows NT 5.1; fr; rv:1.8.1) VoilaBot BETA 1.2 (support.voilabot@orange-ftgroup.com)"
91.205.124.4 - - [27/Sep/2008:18:57:10 +0200] "GET /robots.txt HTTP/1.1" 200 64 "-" "Yanga WorldSearch Bot v1.1/beta (http://www.yanga.co.uk/)"
208.66.193.164 - - [27/Sep/2008:18:57:10 +0200] "GET / HTTP/1.1" 200 7869 "-" "Yanga WorldSearch Bot v1.1/beta (http://www.yanga.co.uk/)"
64.1.215.165 - - [27/Sep/2008:19:08:06 +0200] "GET /logs/hourly_usage_200702.png HTTP/1.0" 200 2227 "-" "Mozilla/5.0 (Twiceler-0.9 http://www.cuil.com/twiceler/robot.html)"
64.1.215.165 - - [27/Sep/2008:19:26:10 +0200] "GET /neon/girl-tv.gif HTTP/1.0" 200 15982 "-" "Mozilla/5.0 (Twiceler-0.9 http://www.cuil.com/twiceler/robot.html)"
82.166.163.10 - - [27/Sep/2008:19:30:36 +0200] "GET /restate_copy.html HTTP/1.1" 200 97631 "-" "Mozilla/4.0 (compatible; MSIE 6.0; Windows NT 5.1; SV1; FunWebProducts)"
82.166.163.10 - - [27/Sep/2008:19:30:37 +0200] "GET /re.state} HTTP/1.1" 404 2748 "http://www.various-euro.com/restate_copy.html" "Mozilla/4.0 (compatible; MSIE 6.0; Windows NT 5.1; SV1; FunWebProducts)"
82.166.163.13 - - [27/Sep/2008:19:30:37 +0200] "GET /menueleiste.js HTTP/1.1" 404 2748 "http://www.various-euro.com/restate_copy.html" "Mozilla/4.0 (compatible; MSIE 6.0; Windows NT 5.1; SV1; FunWebProducts)"
69.73.109.113 - - [27/Sep/2008:19:30:39 +0200] "GET /favicon.ico HTTP/1.1" 404 2748 "-" "Mozilla/5.0 (Windows; U; Windows NT 5.1; en-US; rv:1.9.0.1) Gecko/2008070208 Firefox/3.0.1"
219.93.152.130 - - [27/Sep/2008:19:32:51 +0200] "GET /sitemap.xml HTTP/1.1" 404 2748 "-" "Mozilla/5.0 (Windows; U; Windows NT 5.1; en-US; rv:1.9.0.1) Gecko/2008070208 Firefox/3.0.1"
207.241.229.170 - - [27/Sep/2008:19:32:58 +0200] "GET /robots.txt HTTP/1.1" 200 64 "-" "ia_archiver-web.archive.org"
66.249.65.169 - - [27/Sep/2008:19:38:23 +0200] "GET /robots.txt HTTP/1.1" 200 64 "-" "Googlebot-Image/1.0"
65.55.211.186 - - [27/Sep/2008:19:39:33 +0200] "GET /robots.txt HTTP/1.1" 200 64 "-" "msnbot/1.1 (+http://search.msn.com/msnbot.htm)"
65.55.211.186 - - [27/Sep/2008:19:39:33 +0200] "GET /your_tour.html HTTP/1.1" 200 29760 "-" "msnbot/1.1 (+http://search.msn.com/msnbot.htm)"
64.1.215.165 - - [27/Sep/2008:19:43:57 +0200] "GET /DgH/rampe/pict/Rampe-DgH10.jpg HTTP/1.0" 200 12044 "-" "Mozilla/5.0 (Twiceler-0.9 http://www.cuil.com/twiceler/robot.html)"
65.55.211.183 - - [27/Sep/2008:19:52:19 +0200] "GET /robots.txt HTTP/1.1" 200 64 "-" "msnbot/1.1 (+http://search.msn.com/msnbot.htm)"
65.55.211.183 - - [27/Sep/2008:19:52:20 +0200] "GET /f-web.html HTTP/1.1" 200 13605 "-" "msnbot/1.1 (+http://search.msn.com/msnbot.htm)"
193.252.149.16 - - [27/Sep/2008:19:52:33 +0200] "GET /DgH/watch/index.html HTTP/1.1" 200 2028 "-" "Mozilla/5.0 (Windows; U; Windows NT 5.1; fr; rv:1.8.1) VoilaBot BETA 1.2 (support.voilabot@orange-ftgroup.com)"
82.99.30.60 - - [27/Sep/2008:19:52:38 +0200] "GET /DgH/rampe/pict/Rampe.mp3 HTTP/1.0" 200 8295 "http://www.various-euro.com/DgH/rampe/index.html" "Mozilla/4.0 (compatible; MSIE 6.0; Windows NT 5.1)"
82.99.30.60 - - [27/Sep/2008:19:52:38 +0200] "GET /DgH/rampe/pict/Rampe-DgH02.jpg HTTP/1.0" 200 12044 "http://www.munax.com/referer.htm" "Mozilla/4.0 (compatible; MSIE 6.0; Windows NT 5.1)"
82.99.30.60 - - [27/Sep/2008:19:52:38 +0200] "GET /DgH/rampe/pict/Rampe-DgH03.jpg HTTP/1.0" 200 12044 "http://www.munax.com/referer.htm" "Mozilla/4.0 (compatible; MSIE 6.0; Windows NT 5.1)"
82.99.30.60 - - [27/Sep/2008:19:52:38 +0200] "GET /DgH/rampe/pict/Rampe-DgH05.jpg HTTP/1.0" 200 12044 "http://www.munax.com/referer.htm" "Mozilla/4.0 (compatible; MSIE 6.0; Windows NT 5.1)"
82.99.30.60 - - [27/Sep/2008:19:52:38 +0200] "GET /DgH/rampe/pict/Rampe-DgH10.jpg HTTP/1.0" 200 12044 "http://www.munax.com/referer.htm" "Mozilla/4.0 (compatible; MSIE 6.0; Windows NT 5.1)"
82.99.30.60 - - [27/Sep/2008:19:52:38 +0200] "GET /DgH/rampe/pict/Rampe-DgH06.jpg HTTP/1.0" 200 12044 "http://www.munax.com/referer.htm" "Mozilla/4.0 (compatible; MSIE 6.0; Windows NT 5.1)"
82.99.30.60 - - [27/Sep/2008:19:52:38 +0200] "GET /DgH/rampe/pict/Rampe-DgH07.jpg HTTP/1.0" 200 12044 "http://www.munax.com/referer.htm" "Mozilla/4.0 (compatible; MSIE 6.0; Windows NT 5.1)"
82.99.30.60 - - [27/Sep/2008:19:52:38 +0200] "GET /DgH/rampe/pict/GNouFL-IS.jpg HTTP/1.0" 200 23320 "http://www.munax.com/referer.htm" "Mozilla/4.0 (compatible; MSIE 6.0; Windows NT 5.1)"
82.99.30.60 - - [27/Sep/2008:19:52:38 +0200] "GET /DgH/rampe/pict/Rampe-DgH09.jpg HTTP/1.0" 200 12044 "http://www.munax.com/referer.htm" "Mozilla/4.0 (compatible; MSIE 6.0; Windows NT 5.1)"
82.99.30.60 - - [27/Sep/2008:19:52:38 +0200] "GET /DgH/rampe/pict/Rampe-DgH01.jpg HTTP/1.0" 200 12044 "http://www.munax.com/referer.htm" "Mozilla/4.0 (compatible; MSIE 6.0; Windows NT 5.1)"
82.99.30.60 - - [27/Sep/2008:19:52:38 +0200] "GET /DgH/rampe/pict/Rampe-DgH08.jpg HTTP/1.0" 200 12044 "http://www.munax.com/referer.htm" "Mozilla/4.0 (compatible; MSIE 6.0; Windows NT 5.1)"
65.55.109.22 - - [27/Sep/2008:19:53:31 +0200] "GET /f-web.html HTTP/1.0" 200 13605 "http://search.live.com/results.aspx?q=various" "Mozilla/4.0 (compatible; MSIE 6.0; Windows NT 5.2; SV1; .NET CLR 1.1.4322)"
65.55.109.22 - - [27/Sep/2008:19:53:32 +0200] "GET /framez-web.html HTTP/1.0" 200 4322 "-" "Mozilla/4.0 (compatible; MSIE 6.0; Windows NT 5.2; SV1; .NET CLR 1.1.4322)"
65.55.109.22 - - [27/Sep/2008:19:53:32 +0200] "GET /frame-unten.html HTTP/1.0" 200 5308 "http://www.various-euro.com/framez-web.html" "Mozilla/4.0 (compatible; MSIE 6.0; Windows NT 5.2; SV1; .NET CLR 1.1.4322)"
65.55.109.22 - - [27/Sep/2008:19:53:32 +0200] "GET /frame-menu.html HTTP/1.0" 200 10536 "http://www.various-euro.com/framez-web.html" "Mozilla/4.0 (compatible; MSIE 6.0; Windows NT 5.2; SV1; .NET CLR 1.1.4322)"
65.55.109.22 - - [27/Sep/2008:19:53:32 +0200] "GET /f-web.html HTTP/1.0" 200 13605 "http://www.various-euro.com/framez-web.html" "Mozilla/4.0 (compatible; MSIE 6.0; Windows NT 5.2; SV1; .NET CLR 1.1.4322)"
65.55.109.22 - - [27/Sep/2008:19:53:33 +0200] "GET /style/various-euro.css HTTP/1.0" 200 3437 "http://www.various-euro.com/frame-menu.html" "Mozilla/4.0 (compatible; MSIE 6.0; Windows NT 5.2; SV1; .NET CLR 1.1.4322)"
64.1.215.165 - - [27/Sep/2008:20:02:49 +0200] "GET /bmpp/Bilder2/fsstreiffcc_46.png HTTP/1.0" 200 230 "-" "Mozilla/5.0 (Twiceler-0.9 http://www.cuil.com/twiceler/robot.html)"
64.1.215.165 - - [27/Sep/2008:20:18:48 +0200] "GET /DgH/rampe/pict/Rampe-DgH04.jpg HTTP/1.0" 200 12044 "-" "Mozilla/5.0 (Twiceler-0.9 http://www.cuil.com/twiceler/robot.html)"
64.1.215.165 - - [27/Sep/2008:20:29:30 +0200] "GET /bmpp/Bilder2/fsstreiffcc_30.png HTTP/1.0" 200 583 "-" "Mozilla/5.0 (Twiceler-0.9 http://www.cuil.com/twiceler/robot.html)"
193.252.149.16 - - [27/Sep/2008:20:51:18 +0200] "GET /neon/girl-tv.html HTTP/1.1" 200 1717 "-" "Mozilla/5.0 (Windows; U; Windows NT 5.1; fr; rv:1.8.1) VoilaBot BETA 1.2 (support.voilabot@orange-ftgroup.com)"
65.55.211.185 - - [27/Sep/2008:20:57:16 +0200] "GET /robots.txt HTTP/1.1" 200 64 "-" "msnbot/1.1 (+http://search.msn.com/msnbot.htm)"
65.55.211.185 - - [27/Sep/2008:20:57:16 +0200] "GET /warez.html HTTP/1.1" 200 9754 "-" "msnbot/1.1 (+http://search.msn.com/msnbot.htm)"
76.112.172.147 - - [27/Sep/2008:21:05:15 +0200] "GET /menueleiste.js HTTP/1.1" 404 2748 "http://www.various-euro.com/restate_copy.html" "Mozilla/4.0 (compatible; MSIE 7.0; Windows NT 6.0; SLCC1; .NET CLR 2.0.50727; Media Center PC 5.0; .NET CLR 3.0.04506; .NET CLR 1.1.4322; Zune 2.5)"
76.112.172.147 - - [27/Sep/2008:21:05:15 +0200] "GET /bannerz/rebelle.gif HTTP/1.1" 200 6986 "http://www.various-euro.com/restate_copy.html" "Mozilla/4.0 (compatible; MSIE 7.0; Windows NT 6.0; SLCC1; .NET CLR 2.0.50727; Media Center PC 5.0; .NET CLR 3.0.04506; .NET CLR 1.1.4322; Zune 2.5)"
76.112.172.147 - - [27/Sep/2008:21:05:14 +0200] "GET /restate_copy.html HTTP/1.1" 200 97631 "http://www.google.com/search?hl=en&q=mah-hah-bone&start=10&sa=N" "Mozilla/4.0 (compatible; MSIE 7.0; Windows NT 6.0; SLCC1; .NET CLR 2.0.50727; Media Center PC 5.0; .NET CLR 3.0.04506; .NET CLR 1.1.4322; Zune 2.5)"
76.112.172.147 - - [27/Sep/2008:21:05:16 +0200] "GET /detonators.gif HTTP/1.1" 200 14892 "http://www.various-euro.com/restate_copy.html" "Mozilla/4.0 (compatible; MSIE 7.0; Windows NT 6.0; SLCC1; .NET CLR 2.0.50727; Media Center PC 5.0; .NET CLR 3.0.04506; .NET CLR 1.1.4322; Zune 2.5)"
76.112.172.147 - - [27/Sep/2008:21:05:16 +0200] "GET /favicon.ico HTTP/1.1" 404 2748 "-" "Mozilla/4.0 (compatible; MSIE 7.0; Windows NT 6.0; SLCC1; .NET CLR 2.0.50727; Media Center PC 5.0; .NET CLR 3.0.04506; .NET CLR 1.1.4322; Zune 2.5)"
76.112.172.147 - - [27/Sep/2008:21:05:17 +0200] "GET /framez-restate.html HTTP/1.1" 200 4328 "-" "Mozilla/4.0 (compatible; MSIE 7.0; Windows NT 6.0; SLCC1; .NET CLR 2.0.50727; Media Center PC 5.0; .NET CLR 3.0.04506; .NET CLR 1.1.4322; Zune 2.5)"
76.112.172.147 - - [27/Sep/2008:21:05:17 +0200] "GET /frame-menu.html HTTP/1.1" 200 10536 "http://www.various-euro.com/framez-restate.html" "Mozilla/4.0 (compatible; MSIE 7.0; Windows NT 6.0; SLCC1; .NET CLR 2.0.50727; Media Center PC 5.0; .NET CLR 3.0.04506; .NET CLR 1.1.4322; Zune 2.5)"
76.112.172.147 - - [27/Sep/2008:21:05:17 +0200] "GET /frame-unten.html HTTP/1.1" 200 5308 "http://www.various-euro.com/framez-restate.html" "Mozilla/4.0 (compatible; MSIE 7.0; Windows NT 6.0; SLCC1; .NET CLR 2.0.50727; Media Center PC 5.0; .NET CLR 3.0.04506; .NET CLR 1.1.4322; Zune 2.5)"
76.112.172.147 - - [27/Sep/2008:21:05:17 +0200] "GET /style/various-euro.css HTTP/1.1" 200 3437 "http://www.various-euro.com/frame-menu.html" "Mozilla/4.0 (compatible; MSIE 7.0; Windows NT 6.0; SLCC1; .NET CLR 2.0.50727; Media Center PC 5.0; .NET CLR 3.0.04506; .NET CLR 1.1.4322; Zune 2.5)"
76.112.172.147 - - [27/Sep/2008:21:05:18 +0200] "GET /bannerz/ve.jpg HTTP/1.1" 200 36912 "http://www.various-euro.com/frame-unten.html" "Mozilla/4.0 (compatible; MSIE 7.0; Windows NT 6.0; SLCC1; .NET CLR 2.0.50727; Media Center PC 5.0; .NET CLR 3.0.04506; .NET CLR 1.1.4322; Zune 2.5)"
76.112.172.147 - - [27/Sep/2008:21:05:17 +0200] "GET /restate_copy.html HTTP/1.1" 200 97631 "http://www.various-euro.com/framez-restate.html" "Mozilla/4.0 (compatible; MSIE 7.0; Windows NT 6.0; SLCC1; .NET CLR 2.0.50727; Media Center PC 5.0; .NET CLR 3.0.04506; .NET CLR 1.1.4322; Zune 2.5)"
76.112.172.147 - - [27/Sep/2008:21:05:18 +0200] "GET /bannerz/various-euro-girl.jpg HTTP/1.1" 200 91514 "http://www.various-euro.com/frame-unten.html" "Mozilla/4.0 (compatible; MSIE 7.0; Windows NT 6.0; SLCC1; .NET CLR 2.0.50727; Media Center PC 5.0; .NET CLR 3.0.04506; .NET CLR 1.1.4322; Zune 2.5)"
76.112.172.147 - - [27/Sep/2008:21:05:19 +0200] "GET /menueleiste.js HTTP/1.1" 404 2748 "http://www.various-euro.com/restate_copy.html" "Mozilla/4.0 (compatible; MSIE 7.0; Windows NT 6.0; SLCC1; .NET CLR 2.0.50727; Media Center PC 5.0; .NET CLR 3.0.04506; .NET CLR 1.1.4322; Zune 2.5)"
76.112.172.147 - - [27/Sep/2008:21:05:19 +0200] "GET /ve-icon-2.ico HTTP/1.1" 200 2238 "-" "Mozilla/4.0 (compatible; MSIE 7.0; Windows NT 6.0; SLCC1; .NET CLR 2.0.50727; Media Center PC 5.0; .NET CLR 3.0.04506; .NET CLR 1.1.4322; Zune 2.5)"
76.112.172.147 - - [27/Sep/2008:21:06:26 +0200] "GET /menueleiste.js HTTP/1.1" 404 2748 "http://www.various-euro.com/restate_copy.html" "Mozilla/4.0 (compatible; MSIE 7.0; Windows NT 6.0; SLCC1; .NET CLR 2.0.50727; Media Center PC 5.0; .NET CLR 3.0.04506; .NET CLR 1.1.4322; Zune 2.5)"
76.112.172.147 - - [27/Sep/2008:21:06:27 +0200] "GET /framez-restate.html HTTP/1.1" 200 4328 "-" "Mozilla/4.0 (compatible; MSIE 7.0; Windows NT 6.0; SLCC1; .NET CLR 2.0.50727; Media Center PC 5.0; .NET CLR 3.0.04506; .NET CLR 1.1.4322; Zune 2.5)"
76.112.172.147 - - [27/Sep/2008:21:06:28 +0200] "GET /frame-menu.html HTTP/1.1" 200 10536 "http://www.various-euro.com/framez-restate.html" "Mozilla/4.0 (compatible; MSIE 7.0; Windows NT 6.0; SLCC1; .NET CLR 2.0.50727; Media Center PC 5.0; .NET CLR 3.0.04506; .NET CLR 1.1.4322; Zune 2.5)"
76.112.172.147 - - [27/Sep/2008:21:06:28 +0200] "GET /frame-unten.html HTTP/1.1" 200 5308 "http://www.various-euro.com/framez-restate.html" "Mozilla/4.0 (compatible; MSIE 7.0; Windows NT 6.0; SLCC1; .NET CLR 2.0.50727; Media Center PC 5.0; .NET CLR 3.0.04506; .NET CLR 1.1.4322; Zune 2.5)"
76.112.172.147 - - [27/Sep/2008:21:06:29 +0200] "GET /menueleiste.js HTTP/1.1" 404 2748 "http://www.various-euro.com/restate_copy.html" "Mozilla/4.0 (compatible; MSIE 7.0; Windows NT 6.0; SLCC1; .NET CLR 2.0.50727; Media Center PC 5.0; .NET CLR 3.0.04506; .NET CLR 1.1.4322; Zune 2.5)"
76.112.172.147 - - [27/Sep/2008:21:06:28 +0200] "GET /restate_copy.html HTTP/1.1" 200 97631 "http://www.various-euro.com/framez-restate.html" "Mozilla/4.0 (compatible; MSIE 7.0; Windows NT 6.0; SLCC1; .NET CLR 2.0.50727; Media Center PC 5.0; .NET CLR 3.0.04506; .NET CLR 1.1.4322; Zune 2.5)"
76.112.172.147 - - [27/Sep/2008:21:06:31 +0200] "GET /menueleiste.js HTTP/1.1" 404 2748 "http://www.various-euro.com/restate_copy.html" "Mozilla/4.0 (compatible; MSIE 7.0; Windows NT 6.0; SLCC1; .NET CLR 2.0.50727; Media Center PC 5.0; .NET CLR 3.0.04506; .NET CLR 1.1.4322; Zune 2.5)"
76.112.172.147 - - [27/Sep/2008:21:06:32 +0200] "GET /framez-restate.html HTTP/1.1" 200 4328 "-" "Mozilla/4.0 (compatible; MSIE 7.0; Windows NT 6.0; SLCC1; .NET CLR 2.0.50727; Media Center PC 5.0; .NET CLR 3.0.04506; .NET CLR 1.1.4322; Zune 2.5)"
76.112.172.147 - - [27/Sep/2008:21:06:33 +0200] "GET /frame-menu.html HTTP/1.1" 200 10536 "http://www.various-euro.com/framez-restate.html" "Mozilla/4.0 (compatible; MSIE 7.0; Windows NT 6.0; SLCC1; .NET CLR 2.0.50727; Media Center PC 5.0; .NET CLR 3.0.04506; .NET CLR 1.1.4322; Zune 2.5)"
76.112.172.147 - - [27/Sep/2008:21:06:34 +0200] "GET /frame-unten.html HTTP/1.1" 200 5308 "http://www.various-euro.com/framez-restate.html" "Mozilla/4.0 (compatible; MSIE 7.0; Windows NT 6.0; SLCC1; .NET CLR 2.0.50727; Media Center PC 5.0; .NET CLR 3.0.04506; .NET CLR 1.1.4322; Zune 2.5)"
76.112.172.147 - - [27/Sep/2008:21:06:34 +0200] "GET /menueleiste.js HTTP/1.1" 404 2748 "http://www.various-euro.com/restate_copy.html" "Mozilla/4.0 (compatible; MSIE 7.0; Windows NT 6.0; SLCC1; .NET CLR 2.0.50727; Media Center PC 5.0; .NET CLR 3.0.04506; .NET CLR 1.1.4322; Zune 2.5)"
76.112.172.147 - - [27/Sep/2008:21:06:33 +0200] "GET /restate_copy.html HTTP/1.1" 200 97631 "http://www.various-euro.com/framez-restate.html" "Mozilla/4.0 (compatible; MSIE 7.0; Windows NT 6.0; SLCC1; .NET CLR 2.0.50727; Media Center PC 5.0; .NET CLR 3.0.04506; .NET CLR 1.1.4322; Zune 2.5)"
64.1.215.165 - - [27/Sep/2008:21:19:44 +0200] "GET /bmpp/Bilder2/fsstreiffcc_23.png HTTP/1.0" 200 475 "-" "Mozilla/5.0 (Twiceler-0.9 http://www.cuil.com/twiceler/robot.html)"
64.1.215.165 - - [27/Sep/2008:21:24:23 +0200] "GET /DgH/bull/pict/Bull-DgH10.jpg HTTP/1.0" 200 9010 "-" "Mozilla/5.0 (Twiceler-0.9 http://www.cuil.com/twiceler/robot.html)"
208.36.144.10 - - [27/Sep/2008:21:30:45 +0200] "GET /bmpp/Bilder2/fsstreiffcc_09.png HTTP/1.0" 200 1796 "-" "Mozilla/5.0 (Twiceler-0.9 http://www.cuil.com/twiceler/robot.html)"
208.36.144.10 - - [27/Sep/2008:21:37:56 +0200] "GET /DgH/orginal/pict/DgH007.jpg HTTP/1.0" 200 6960 "-" "Mozilla/5.0 (Twiceler-0.9 http://www.cuil.com/twiceler/robot.html)"
78.53.33.159 - - [27/Sep/2008:22:32:34 +0200] "GET / HTTP/1.1" 200 7869 "http://www.modukit.com/" "Mozilla/5.0 (Macintosh; U; Intel Mac OS X 10_5_5; de-de) AppleWebKit/525.18 (KHTML, like Gecko) Version/3.1.2 Safari/525.20.1"
78.53.33.159 - - [27/Sep/2008:22:32:34 +0200] "GET /framez_0.html HTTP/1.1" 200 12444 "http://www.various-euro.com/" "Mozilla/5.0 (Macintosh; U; Intel Mac OS X 10_5_5; de-de) AppleWebKit/525.18 (KHTML, like Gecko) Version/3.1.2 Safari/525.20.1"
78.53.33.159 - - [27/Sep/2008:22:32:34 +0200] "GET /ve-icon-2.ico HTTP/1.1" 200 2238 "http://www.various-euro.com/framez_0.html" "Mozilla/5.0 (Macintosh; U; Intel Mac OS X 10_5_5; de-de) AppleWebKit/525.18 (KHTML, like Gecko) Version/3.1.2 Safari/525.20.1"
78.53.33.159 - - [27/Sep/2008:22:32:36 +0200] "GET /framez.html HTTP/1.1" 200 3959 "http://www.various-euro.com/framez_0.html" "Mozilla/5.0 (Macintosh; U; Intel Mac OS X 10_5_5; de-de) AppleWebKit/525.18 (KHTML, like Gecko) Version/3.1.2 Safari/525.20.1"
78.53.33.159 - - [27/Sep/2008:22:32:36 +0200] "GET /frame-menu.html HTTP/1.1" 200 10536 "http://www.various-euro.com/framez.html" "Mozilla/5.0 (Macintosh; U; Intel Mac OS X 10_5_5; de-de) AppleWebKit/525.18 (KHTML, like Gecko) Version/3.1.2 Safari/525.20.1"
78.53.33.159 - - [27/Sep/2008:22:32:37 +0200] "GET /style/various-euro.css HTTP/1.1" 200 3437 "http://www.various-euro.com/framez.html" "Mozilla/5.0 (Macintosh; U; Intel Mac OS X 10_5_5; de-de) AppleWebKit/525.18 (KHTML, like Gecko) Version/3.1.2 Safari/525.20.1"
78.53.33.159 - - [27/Sep/2008:22:32:37 +0200] "GET /frame-inhalt.html HTTP/1.1" 200 5418 "http://www.various-euro.com/framez.html" "Mozilla/5.0 (Macintosh; U; Intel Mac OS X 10_5_5; de-de) AppleWebKit/525.18 (KHTML, like Gecko) Version/3.1.2 Safari/525.20.1"
78.53.33.159 - - [27/Sep/2008:22:32:37 +0200] "GET /frame-unten.html HTTP/1.1" 200 5308 "http://www.various-euro.com/framez.html" "Mozilla/5.0 (Macintosh; U; Intel Mac OS X 10_5_5; de-de) AppleWebKit/525.18 (KHTML, like Gecko) Version/3.1.2 Safari/525.20.1"
78.53.33.159 - - [27/Sep/2008:22:32:37 +0200] "GET /bannerz/neon_click_3.gif HTTP/1.1" 200 240 "http://www.various-euro.com/frame-inhalt.html" "Mozilla/5.0 (Macintosh; U; Intel Mac OS X 10_5_5; de-de) AppleWebKit/525.18 (KHTML, like Gecko) Version/3.1.2 Safari/525.20.1"
78.53.33.159 - - [27/Sep/2008:22:32:37 +0200] "GET /bannerz/copyleft_black_small.gif HTTP/1.1" 200 1231 "http://www.various-euro.com/frame-inhalt.html" "Mozilla/5.0 (Macintosh; U; Intel Mac OS X 10_5_5; de-de) AppleWebKit/525.18 (KHTML, like Gecko) Version/3.1.2 Safari/525.20.1"
78.53.33.159 - - [27/Sep/2008:22:32:37 +0200] "GET /bannerz/neon_click_2.gif HTTP/1.1" 200 387 "http://www.various-euro.com/frame-inhalt.html" "Mozilla/5.0 (Macintosh; U; Intel Mac OS X 10_5_5; de-de) AppleWebKit/525.18 (KHTML, like Gecko) Version/3.1.2 Safari/525.20.1"
78.53.33.159 - - [27/Sep/2008:22:32:37 +0200] "GET /bannerz/douwil.gif HTTP/1.1" 200 528 "http://www.various-euro.com/frame-inhalt.html" "Mozilla/5.0 (Macintosh; U; Intel Mac OS X 10_5_5; de-de) AppleWebKit/525.18 (KHTML, like Gecko) Version/3.1.2 Safari/525.20.1"
78.53.33.159 - - [27/Sep/2008:22:32:37 +0200] "GET /bannerz/wet.gif HTTP/1.1" 200 18561 "http://www.various-euro.com/frame-inhalt.html" "Mozilla/5.0 (Macintosh; U; Intel Mac OS X 10_5_5; de-de) AppleWebKit/525.18 (KHTML, like Gecko) Version/3.1.2 Safari/525.20.1"
78.53.33.159 - - [27/Sep/2008:22:32:37 +0200] "GET /bannerz/google/Logo_40blk.gif HTTP/1.1" 200 2308 "http://www.various-euro.com/frame-inhalt.html" "Mozilla/5.0 (Macintosh; U; Intel Mac OS X 10_5_5; de-de) AppleWebKit/525.18 (KHTML, like Gecko) Version/3.1.2 Safari/525.20.1"
78.53.33.159 - - [27/Sep/2008:22:32:37 +0200] "GET /bannerz/anti_black_small.gif HTTP/1.1" 200 1009 "http://www.various-euro.com/frame-inhalt.html" "Mozilla/5.0 (Macintosh; U; Intel Mac OS X 10_5_5; de-de) AppleWebKit/525.18 (KHTML, like Gecko) Version/3.1.2 Safari/525.20.1"
78.53.33.159 - - [27/Sep/2008:22:32:37 +0200] "GET /bannerz/ve.jpg HTTP/1.1" 200 36912 "http://www.various-euro.com/frame-unten.html" "Mozilla/5.0 (Macintosh; U; Intel Mac OS X 10_5_5; de-de) AppleWebKit/525.18 (KHTML, like Gecko) Version/3.1.2 Safari/525.20.1"
78.53.33.159 - - [27/Sep/2008:22:32:37 +0200] "GET /bannerz/neon_click_1.gif HTTP/1.1" 200 890 "http://www.various-euro.com/frame-inhalt.html" "Mozilla/5.0 (Macintosh; U; Intel Mac OS X 10_5_5; de-de) AppleWebKit/525.18 (KHTML, like Gecko) Version/3.1.2 Safari/525.20.1"
78.53.33.159 - - [27/Sep/2008:22:32:38 +0200] "GET /bannerz/goolag_468.jpg HTTP/1.1" 200 28285 "http://www.various-euro.com/frame-inhalt.html" "Mozilla/5.0 (Macintosh; U; Intel Mac OS X 10_5_5; de-de) AppleWebKit/525.18 (KHTML, like Gecko) Version/3.1.2 Safari/525.20.1"
78.53.33.159 - - [27/Sep/2008:22:32:37 +0200] "GET /bannerz/various-euro-girl.jpg HTTP/1.1" 200 91514 "http://www.various-euro.com/frame-unten.html" "Mozilla/5.0 (Macintosh; U; Intel Mac OS X 10_5_5; de-de) AppleWebKit/525.18 (KHTML, like Gecko) Version/3.1.2 Safari/525.20.1"
78.53.33.159 - - [27/Sep/2008:22:32:38 +0200] "GET /eurosign3.gif HTTP/1.1" 200 7879 "http://www.various-euro.com/frame-inhalt.html" "Mozilla/5.0 (Macintosh; U; Intel Mac OS X 10_5_5; de-de) AppleWebKit/525.18 (KHTML, like Gecko) Version/3.1.2 Safari/525.20.1"
78.53.33.159 - - [27/Sep/2008:22:32:40 +0200] "GET / HTTP/1.1" 200 7869 "-" "Mozilla/5.0 (Macintosh; U; Intel Mac OS X 10_5_5; de-de) AppleWebKit/525.18 (KHTML, like Gecko) Version/3.1.2 Safari/525.20.1"
78.53.33.159 - - [27/Sep/2008:22:32:40 +0200] "GET /framez_0.html HTTP/1.1" 200 12444 "http://www.various-euro.com/" "Mozilla/5.0 (Macintosh; U; Intel Mac OS X 10_5_5; de-de) AppleWebKit/525.18 (KHTML, like Gecko) Version/3.1.2 Safari/525.20.1"
78.53.33.159 - - [27/Sep/2008:22:32:41 +0200] "GET / HTTP/1.1" 200 7869 "-" "Mozilla/5.0 (Macintosh; U; Intel Mac OS X 10_5_5; de-de) AppleWebKit/525.18 (KHTML, like Gecko) Version/3.1.2 Safari/525.20.1"
78.53.33.159 - - [27/Sep/2008:22:32:41 +0200] "GET /framez_0.html HTTP/1.1" 200 12444 "http://www.various-euro.com/" "Mozilla/5.0 (Macintosh; U; Intel Mac OS X 10_5_5; de-de) AppleWebKit/525.18 (KHTML, like Gecko) Version/3.1.2 Safari/525.20.1"
162.84.46.196 - - [27/Sep/2008:22:36:03 +0200] "GET / HTTP/1.1" 200 7869 "http://www.randomwebsite.com/" "Mozilla/4.0 (compatible; MSIE 7.0; Windows NT 5.1; .NET CLR 2.0.50727; ZangoToolbar 4.8.3)"
162.84.46.196 - - [27/Sep/2008:22:36:03 +0200] "GET /style/various-euro.css HTTP/1.1" 200 3437 "http://www.various-euro.com/" "Mozilla/4.0 (compatible; MSIE 7.0; Windows NT 5.1; .NET CLR 2.0.50727; ZangoToolbar 4.8.3)"
162.84.46.196 - - [27/Sep/2008:22:36:03 +0200] "GET /framez_0.html HTTP/1.1" 200 12444 "-" "Mozilla/4.0 (compatible; MSIE 7.0; Windows NT 5.1; .NET CLR 2.0.50727; ZangoToolbar 4.8.3)"
162.84.46.196 - - [27/Sep/2008:22:36:04 +0200] "GET /ve-icon-2.ico HTTP/1.1" 200 2238 "-" "Mozilla/4.0 (compatible; MSIE 7.0; Windows NT 5.1; .NET CLR 2.0.50727; ZangoToolbar 4.8.3)"
162.84.46.196 - - [27/Sep/2008:22:36:06 +0200] "GET /favicon.ico HTTP/1.1" 404 2748 "-" "Mozilla/5.0 (compatible; Google Desktop)"
162.84.46.196 - - [27/Sep/2008:22:36:08 +0200] "GET /framez.html HTTP/1.1" 200 3959 "-" "Mozilla/4.0 (compatible; MSIE 7.0; Windows NT 5.1; .NET CLR 2.0.50727; ZangoToolbar 4.8.3)"
162.84.46.196 - - [27/Sep/2008:22:36:08 +0200] "GET /frame-menu.html HTTP/1.1" 200 10536 "http://www.various-euro.com/framez.html" "Mozilla/4.0 (compatible; MSIE 7.0; Windows NT 5.1; .NET CLR 2.0.50727; ZangoToolbar 4.8.3)"
162.84.46.196 - - [27/Sep/2008:22:36:08 +0200] "GET /frame-inhalt.html HTTP/1.1" 200 5418 "http://www.various-euro.com/framez.html" "Mozilla/4.0 (compatible; MSIE 7.0; Windows NT 5.1; .NET CLR 2.0.50727; ZangoToolbar 4.8.3)"
162.84.46.196 - - [27/Sep/2008:22:36:08 +0200] "GET /frame-unten.html HTTP/1.1" 200 5308 "http://www.various-euro.com/framez.html" "Mozilla/4.0 (compatible; MSIE 7.0; Windows NT 5.1; .NET CLR 2.0.50727; ZangoToolbar 4.8.3)"
162.84.46.196 - - [27/Sep/2008:22:36:08 +0200] "GET /bannerz/neon_click_3.gif HTTP/1.1" 200 240 "http://www.various-euro.com/frame-inhalt.html" "Mozilla/4.0 (compatible; MSIE 7.0; Windows NT 5.1; .NET CLR 2.0.50727; ZangoToolbar 4.8.3)"
162.84.46.196 - - [27/Sep/2008:22:36:09 +0200] "GET /eurosign3.gif HTTP/1.1" 200 7879 "http://www.various-euro.com/frame-inhalt.html" "Mozilla/4.0 (compatible; MSIE 7.0; Windows NT 5.1; .NET CLR 2.0.50727; ZangoToolbar 4.8.3)"
162.84.46.196 - - [27/Sep/2008:22:36:08 +0200] "GET /bannerz/goolag_468.jpg HTTP/1.1" 200 28285 "http://www.various-euro.com/frame-inhalt.html" "Mozilla/4.0 (compatible; MSIE 7.0; Windows NT 5.1; .NET CLR 2.0.50727; ZangoToolbar 4.8.3)"
162.84.46.196 - - [27/Sep/2008:22:36:09 +0200] "GET /bannerz/neon_click_1.gif HTTP/1.1" 200 890 "http://www.various-euro.com/frame-inhalt.html" "Mozilla/4.0 (compatible; MSIE 7.0; Windows NT 5.1; .NET CLR 2.0.50727; ZangoToolbar 4.8.3)"
162.84.46.196 - - [27/Sep/2008:22:36:09 +0200] "GET /bannerz/google/Logo_40blk.gif HTTP/1.1" 200 2308 "http://www.various-euro.com/frame-inhalt.html" "Mozilla/4.0 (compatible; MSIE 7.0; Windows NT 5.1; .NET CLR 2.0.50727; ZangoToolbar 4.8.3)"
162.84.46.196 - - [27/Sep/2008:22:36:09 +0200] "GET /bannerz/wet.gif HTTP/1.1" 200 18561 "http://www.various-euro.com/frame-inhalt.html" "Mozilla/4.0 (compatible; MSIE 7.0; Windows NT 5.1; .NET CLR 2.0.50727; ZangoToolbar 4.8.3)"
162.84.46.196 - - [27/Sep/2008:22:36:09 +0200] "GET /bannerz/neon_click_2.gif HTTP/1.1" 200 387 "http://www.various-euro.com/frame-inhalt.html" "Mozilla/4.0 (compatible; MSIE 7.0; Windows NT 5.1; .NET CLR 2.0.50727; ZangoToolbar 4.8.3)"
162.84.46.196 - - [27/Sep/2008:22:36:09 +0200] "GET /bannerz/douwil.gif HTTP/1.1" 200 528 "http://www.various-euro.com/frame-inhalt.html" "Mozilla/4.0 (compatible; MSIE 7.0; Windows NT 5.1; .NET CLR 2.0.50727; ZangoToolbar 4.8.3)"
162.84.46.196 - - [27/Sep/2008:22:36:09 +0200] "GET /bannerz/anti_black_small.gif HTTP/1.1" 200 1009 "http://www.various-euro.com/frame-inhalt.html" "Mozilla/4.0 (compatible; MSIE 7.0; Windows NT 5.1; .NET CLR 2.0.50727; ZangoToolbar 4.8.3)"
162.84.46.196 - - [27/Sep/2008:22:36:09 +0200] "GET /bannerz/copyleft_black_small.gif HTTP/1.1" 200 1231 "http://www.various-euro.com/frame-inhalt.html" "Mozilla/4.0 (compatible; MSIE 7.0; Windows NT 5.1; .NET CLR 2.0.50727; ZangoToolbar 4.8.3)"
162.84.46.196 - - [27/Sep/2008:22:36:09 +0200] "GET /bannerz/ve.jpg HTTP/1.1" 200 36912 "http://www.various-euro.com/frame-unten.html" "Mozilla/4.0 (compatible; MSIE 7.0; Windows NT 5.1; .NET CLR 2.0.50727; ZangoToolbar 4.8.3)"
162.84.46.196 - - [27/Sep/2008:22:36:09 +0200] "GET /bannerz/various-euro-girl.jpg HTTP/1.1" 200 91514 "http://www.various-euro.com/frame-unten.html" "Mozilla/4.0 (compatible; MSIE 7.0; Windows NT 5.1; .NET CLR 2.0.50727; ZangoToolbar 4.8.3)"
162.84.46.196 - - [27/Sep/2008:22:36:53 +0200] "GET /anon.css HTTP/1.1" 404 2748 "http://www.various-euro.com/your_tour.html" "Mozilla/4.0 (compatible; MSIE 7.0; Windows NT 5.1; .NET CLR 2.0.50727; ZangoToolbar 4.8.3)"
162.84.46.196 - - [27/Sep/2008:22:36:52 +0200] "GET /your_tour.html HTTP/1.1" 200 31823 "http://www.various-euro.com/frame-menu.html" "Mozilla/4.0 (compatible; MSIE 7.0; Windows NT 5.1; .NET CLR 2.0.50727; ZangoToolbar 4.8.3)"
208.36.144.10 - - [27/Sep/2008:22:38:17 +0200] "GET /bmpp/Bilder2/fsstreiffcc_01.png HTTP/1.0" 200 2732 "-" "Mozilla/5.0 (Twiceler-0.9 http://www.cuil.com/twiceler/robot.html)"
81.52.143.16 - - [27/Sep/2008:22:39:44 +0200] "GET /bmpp/18asi_2.html HTTP/1.1" 200 8674 "-" "Mozilla/5.0 (Windows; U; Windows NT 5.1; fr; rv:1.8.1) VoilaBot BETA 1.2 (support.voilabot@orange-ftgroup.com)"
74.6.8.91 - - [27/Sep/2008:22:46:32 +0200] "GET /frame-menu.html HTTP/1.0" 200 10536 "-" "Mozilla/5.0 (compatible; Yahoo! Slurp; http://help.yahoo.com/help/us/ysearch/slurp)"
62.245.164.229 - - [27/Sep/2008:22:53:46 +0200] "GET /robots.txt HTTP/1.0" 200 64 "-" "Python-urllib/1.16"
62.245.164.229 - - [27/Sep/2008:22:53:46 +0200] "GET / HTTP/1.1" 200 7869 "-" "Python-urllib/2.1"
65.214.45.224 - - [28/Sep/2008:00:09:07 +0200] "GET /robots.txt HTTP/1.0" 200 64 "-" "Mozilla/5.0 (compatible; Ask Jeeves/Teoma; +http://about.ask.com/en/docs/about/webmasters.shtml)"
65.214.45.224 - - [28/Sep/2008:00:09:07 +0200] "GET / HTTP/1.0" 200 7869 "-" "Mozilla/5.0 (compatible; Ask Jeeves/Teoma; +http://about.ask.com/en/docs/about/webmasters.shtml)"
65.214.45.100 - - [28/Sep/2008:00:09:20 +0200] "GET /framez_0.html HTTP/1.0" 200 12444 "-" "Mozilla/5.0 (compatible; Ask Jeeves/Teoma; +http://about.ask.com/en/docs/about/webmasters.shtml)"
81.52.143.15 - - [28/Sep/2008:00:11:37 +0200] "GET /DgH/orginal/index.html HTTP/1.1" 200 1727 "-" "Mozilla/5.0 (Windows; U; Windows NT 5.1; fr; rv:1.8.1) VoilaBot BETA 1.2 (support.voilabot@orange-ftgroup.com)"
74.6.8.91 - - [28/Sep/2008:00:14:26 +0200] "GET /robots.txt HTTP/1.0" 200 64 "-" "Mozilla/5.0 (compatible; Yahoo! Slurp; http://help.yahoo.com/help/us/ysearch/slurp)"
74.6.8.91 - - [28/Sep/2008:00:14:26 +0200] "GET /f-world.html HTTP/1.0" 200 35590 "-" "Mozilla/5.0 (compatible; Yahoo! Slurp; http://help.yahoo.com/help/us/ysearch/slurp)"
66.150.224.245 - - [28/Sep/2008:00:23:23 +0200] "GET / HTTP/1.1" 200 7869 "-" "Mozilla/5.0 (compatible; WebDataCentreBot/1.0; +http://WebDataCentre.com/)"
66.150.224.245 - - [28/Sep/2008:00:23:23 +0200] "GET /framez.html HTTP/1.1" 200 3959 "-" "Mozilla/5.0 (compatible; WebDataCentreBot/1.0; +http://WebDataCentre.com/)"
66.150.224.245 - - [28/Sep/2008:00:23:24 +0200] "GET /self.location; HTTP/1.1" 404 2748 "-" "Mozilla/5.0 (compatible; WebDataCentreBot/1.0; +http://WebDataCentre.com/)"
68.142.212.211 - - [28/Sep/2008:00:42:47 +0200] "GET /robots.txt HTTP/1.0" 200 64 "-" "Mozilla/5.0 (Yahoo-MMCrawler/4.0; mailto:vertical-crawl-support@yahoo-inc.com)"
68.142.212.211 - - [28/Sep/2008:00:42:47 +0200] "GET /logs/hourly_usage_200712.png HTTP/1.0" 200 2232 "-" "Mozilla/5.0 (Yahoo-MMCrawler/4.0; mailto:vertical-crawl-support@yahoo-inc.com)"
66.249.65.169 - - [28/Sep/2008:00:53:05 +0200] "GET /framez-pal111.html HTTP/1.1" 200 4328 "-" "Mozilla/5.0 (compatible; Googlebot/2.1; +http://www.google.com/bot.html)"
68.142.212.211 - - [28/Sep/2008:00:54:07 +0200] "GET /robots.txt HTTP/1.0" 200 64 "-" "Mozilla/5.0 (Yahoo-MMCrawler/4.0; mailto:vertical-crawl-support@yahoo-inc.com)"
68.142.212.211 - - [28/Sep/2008:00:54:08 +0200] "GET /logs/hourly_usage_200712.png HTTP/1.0" 200 2232 "-" "Mozilla/5.0 (Yahoo-MMCrawler/4.0; mailto:vertical-crawl-support@yahoo-inc.com)"
193.252.149.16 - - [28/Sep/2008:00:55:26 +0200] "GET /neon/sushi.html HTTP/1.1" 200 687 "-" "Mozilla/5.0 (Windows; U; Windows NT 5.1; fr; rv:1.8.1) VoilaBot BETA 1.2 (support.voilabot@orange-ftgroup.com)"
208.80.194.39 - - [28/Sep/2008:01:04:03 +0200] "GET / HTTP/1.0" 200 7869 "-" "Mozilla/4.0 (compatible; MSIE 6.0; Windows NT 5.0; .NET CLR 1.0.2914)"
208.80.194.39 - - [28/Sep/2008:01:04:03 +0200] "GET / HTTP/1.0" 200 7869 "-" "Mozilla/4.0 (compatible; MSIE 6.0; Windows NT 5.1; {0AFEFE92-3E89-489A-1FD8-9076E2598854}; YPC 3.2.0; iebar; acc=jocker; .NET CLR 1.0.3705; .NET CLR 1.1.4322; yplus 5.1.04b)"
68.142.212.211 - - [28/Sep/2008:01:09:12 +0200] "GET /robots.txt HTTP/1.0" 200 64 "-" "Mozilla/5.0 (Yahoo-MMCrawler/4.0; mailto:vertical-crawl-support@yahoo-inc.com)"
68.142.212.211 - - [28/Sep/2008:01:09:13 +0200] "GET /logs/hourly_usage_200712.png HTTP/1.0" 200 2232 "-" "Mozilla/5.0 (Yahoo-MMCrawler/4.0; mailto:vertical-crawl-support@yahoo-inc.com)"
74.6.8.91 - - [28/Sep/2008:01:09:27 +0200] "GET /logs/usage_200609.html HTTP/1.0" 200 108989 "-" "Mozilla/5.0 (compatible; Yahoo! Slurp; http://help.yahoo.com/help/us/ysearch/slurp)"
68.142.212.211 - - [28/Sep/2008:01:24:09 +0200] "GET /robots.txt HTTP/1.0" 200 64 "-" "Mozilla/5.0 (Yahoo-MMCrawler/4.0; mailto:vertical-crawl-support@yahoo-inc.com)"
68.142.212.211 - - [28/Sep/2008:01:24:10 +0200] "GET /logs/hourly_usage_200712.png HTTP/1.0" 200 2232 "-" "Mozilla/5.0 (Yahoo-MMCrawler/4.0; mailto:vertical-crawl-support@yahoo-inc.com)"
65.55.211.187 - - [28/Sep/2008:01:46:30 +0200] "GET /robots.txt HTTP/1.1" 200 64 "-" "msnbot/1.1 (+http://search.msn.com/msnbot.htm)"
65.55.211.187 - - [28/Sep/2008:01:46:30 +0200] "GET /f-search.html HTTP/1.1" 200 11800 "-" "msnbot/1.1 (+http://search.msn.com/msnbot.htm)"
82.99.30.22 - - [28/Sep/2008:01:48:19 +0200] "GET /vgirls/huge2.gif HTTP/1.0" 200 7715 "http://www.munax.com/referer.htm" "Mozilla/4.0 (compatible; MSIE 6.0; Windows NT 5.1)"
82.99.30.22 - - [28/Sep/2008:01:48:19 +0200] "GET /vgirls/penilefitnessrec.jpg HTTP/1.0" 200 4077 "http://www.munax.com/referer.htm" "Mozilla/4.0 (compatible; MSIE 6.0; Windows NT 5.1)"
82.99.30.22 - - [28/Sep/2008:01:48:19 +0200] "GET /vgirls/inches2.gif HTTP/1.0" 200 16085 "http://www.munax.com/referer.htm" "Mozilla/4.0 (compatible; MSIE 6.0; Windows NT 5.1)"
64.1.215.165 - - [28/Sep/2008:01:50:24 +0200] "GET /rez/car.gif HTTP/1.0" 404 2748 "-" "Mozilla/5.0 (Twiceler-0.9 http://www.cuil.com/twiceler/robot.html)"
82.99.30.44 - - [28/Sep/2008:01:54:04 +0200] "GET /bannerz/exit.gif HTTP/1.0" 200 2988 "http://www.munax.com/referer.htm" "Mozilla/4.0 (compatible; MSIE 6.0; Windows NT 5.1)"
74.6.8.91 - - [28/Sep/2008:02:24:30 +0200] "GET /DgH/orginal/index.html HTTP/1.0" 200 1727 "-" "Mozilla/5.0 (compatible; Yahoo! Slurp; http://help.yahoo.com/help/us/ysearch/slurp)"
82.99.30.26 - - [28/Sep/2008:02:28:15 +0200] "GET /vgirls/button1.gif HTTP/1.0" 200 9099 "http://www.munax.com/referer.htm" "Mozilla/4.0 (compatible; MSIE 6.0; Windows NT 5.1)"
82.99.30.26 - - [28/Sep/2008:02:28:15 +0200] "GET /vgirls/button3.gif HTTP/1.0" 200 9634 "http://www.munax.com/referer.htm" "Mozilla/4.0 (compatible; MSIE 6.0; Windows NT 5.1)"
82.99.30.26 - - [28/Sep/2008:02:28:15 +0200] "GET /vgirls/shaina_big.gif HTTP/1.0" 200 16169 "http://www.munax.com/referer.htm" "Mozilla/4.0 (compatible; MSIE 6.0; Windows NT 5.1)"
82.99.30.26 - - [28/Sep/2008:02:28:15 +0200] "GET /vgirls/virtua4.gif HTTP/1.0" 200 12643 "http://www.munax.com/referer.htm" "Mozilla/4.0 (compatible; MSIE 6.0; Windows NT 5.1)"
82.99.30.26 - - [28/Sep/2008:02:28:15 +0200] "GET /vgirls/button10.gif HTTP/1.0" 200 15687 "http://www.munax.com/referer.htm" "Mozilla/4.0 (compatible; MSIE 6.0; Windows NT 5.1)"
82.99.30.26 - - [28/Sep/2008:02:28:15 +0200] "GET /vgirls/dora_01.gif HTTP/1.0" 200 15465 "http://www.munax.com/referer.htm" "Mozilla/4.0 (compatible; MSIE 6.0; Windows NT 5.1)"
65.55.211.173 - - [28/Sep/2008:03:21:17 +0200] "GET /robots.txt HTTP/1.1" 200 64 "-" "msnbot/1.1 (+http://search.msn.com/msnbot.htm)"
65.55.211.173 - - [28/Sep/2008:03:21:18 +0200] "GET /f-other.html HTTP/1.1" 200 33189 "-" "msnbot/1.1 (+http://search.msn.com/msnbot.htm)"
65.55.110.95 - - [28/Sep/2008:03:23:53 +0200] "GET /f-other.html HTTP/1.0" 200 33189 "http://search.live.com/results.aspx?q=various" "Mozilla/4.0 (compatible; MSIE 6.0; Windows NT 5.2; SV1; .NET CLR 1.1.4322)"
68.142.212.211 - - [28/Sep/2008:03:49:54 +0200] "GET /robots.txt HTTP/1.0" 200 64 "-" "Mozilla/5.0 (Yahoo-MMCrawler/4.0; mailto:vertical-crawl-support@yahoo-inc.com)"
68.142.212.211 - - [28/Sep/2008:03:49:54 +0200] "GET /logs/hourly_usage_200710.png HTTP/1.0" 200 2249 "-" "Mozilla/5.0 (Yahoo-MMCrawler/4.0; mailto:vertical-crawl-support@yahoo-inc.com)"
79.83.100.155 - - [28/Sep/2008:03:57:06 +0200] "HEAD / HTTP/1.1" 200 - "-" "Mozilla/5.0 (Windows; U; Windows NT 5.1; en; rv:1.8.1.8) Gecko/20071008 Firefox/2.0.0.8"
208.36.144.10 - - [28/Sep/2008:03:59:00 +0200] "GET /dr.greater.jpg HTTP/1.0" 200 17938 "-" "Mozilla/5.0 (Twiceler-0.9 http://www.cuil.com/twiceler/robot.html)"
208.36.144.10 - - [28/Sep/2008:04:02:49 +0200] "GET /bannerz/copyleft_black_small.gif HTTP/1.0" 200 1231 "-" "Mozilla/5.0 (Twiceler-0.9 http://www.cuil.com/twiceler/robot.html)"
193.252.149.15 - - [28/Sep/2008:04:04:36 +0200] "GET /neon/slow-walk2.html HTTP/1.1" 200 1777 "-" "Mozilla/5.0 (Windows; U; Windows NT 5.1; fr; rv:1.8.1) VoilaBot BETA 1.2 (support.voilabot@orange-ftgroup.com)"
68.142.212.211 - - [28/Sep/2008:04:16:22 +0200] "GET /robots.txt HTTP/1.0" 200 64 "-" "Mozilla/5.0 (Yahoo-MMCrawler/4.0; mailto:vertical-crawl-support@yahoo-inc.com)"
68.142.212.211 - - [28/Sep/2008:04:16:22 +0200] "GET /logs/hourly_usage_200710.png HTTP/1.0" 200 2249 "-" "Mozilla/5.0 (Yahoo-MMCrawler/4.0; mailto:vertical-crawl-support@yahoo-inc.com)"
64.1.215.165 - - [28/Sep/2008:04:48:08 +0200] "GET /bannerz/behindd.gif HTTP/1.0" 200 7760 "-" "Mozilla/5.0 (Twiceler-0.9 http://www.cuil.com/twiceler/robot.html)"
64.1.215.165 - - [28/Sep/2008:05:00:20 +0200] "GET /bmpp/Bilder2/fsstreiffcc_29_01.gif HTTP/1.0" 200 890 "-" "Mozilla/5.0 (Twiceler-0.9 http://www.cuil.com/twiceler/robot.html)"
65.55.211.187 - - [28/Sep/2008:05:01:37 +0200] "GET /f-warez.html HTTP/1.1" 200 10953 "-" "msnbot/1.1 (+http://search.msn.com/msnbot.htm)"
65.55.211.187 - - [28/Sep/2008:05:01:39 +0200] "GET /frame-unten.html HTTP/1.1" 200 5308 "-" "msnbot/1.1 (+http://search.msn.com/msnbot.htm)"
65.55.211.186 - - [28/Sep/2008:05:13:59 +0200] "GET /3dsf3/sendi/utopia.html HTTP/1.1" 200 1295 "-" "msnbot/1.1 (+http://search.msn.com/msnbot.htm)"
65.55.211.172 - - [28/Sep/2008:05:22:11 +0200] "GET /robots.txt HTTP/1.1" 200 64 "-" "msnbot/1.1 (+http://search.msn.com/msnbot.htm)"
65.55.211.172 - - [28/Sep/2008:05:22:11 +0200] "GET /triple-double-u/ HTTP/1.1" 403 1223 "-" "msnbot/1.1 (+http://search.msn.com/msnbot.htm)"
