66.249.65.2 - - [12/Sep/2008:12:08:12 +0200] "GET /logs/usage_200809.html HTTP/1.1" 404 2748 "-" "Mozilla/5.0 (compatible; Googlebot/2.1; +http://www.google.com/bot.html)"
12.175.178.250 - - [12/Sep/2008:12:20:48 +0200] "GET /robots.txt HTTP/1.0" 302 363 "-" "mynutchcrawler/0.8.1 (nutch 0.8.1; http://localhost:8080; info at mysite dot com)"
12.175.178.250 - - [12/Sep/2008:12:20:49 +0200] "GET / HTTP/1.0" 302 353 "-" "mynutchcrawler/0.8.1 (nutch 0.8.1; http://localhost:8080; info at mysite dot com)"
12.175.178.250 - - [12/Sep/2008:12:20:49 +0200] "GET /robots.txt HTTP/1.0" 200 64 "-" "mynutchcrawler/0.8.1 (nutch 0.8.1; http://localhost:8080; info at mysite dot com)"
12.175.178.250 - - [12/Sep/2008:12:20:50 +0200] "GET /zampa/ HTTP/1.0" 200 7153 "-" "mynutchcrawler/0.8.1 (nutch 0.8.1; http://localhost:8080; info at mysite dot com)"
65.214.45.100 - - [12/Sep/2008:12:45:02 +0200] "GET /robots.txt HTTP/1.0" 200 64 "-" "Mozilla/5.0 (compatible; Ask Jeeves/Teoma; +http://about.ask.com/en/docs/about/webmasters.shtml)"
65.214.45.100 - - [12/Sep/2008:12:45:02 +0200] "GET /framez-girlz.html HTTP/1.0" 200 4271 "-" "Mozilla/5.0 (compatible; Ask Jeeves/Teoma; +http://about.ask.com/en/docs/about/webmasters.shtml)"
65.214.45.100 - - [12/Sep/2008:12:45:02 +0200] "GET /frame-menu.html HTTP/1.0" 200 10536 "-" "Mozilla/5.0 (compatible; Ask Jeeves/Teoma; +http://about.ask.com/en/docs/about/webmasters.shtml)"
65.214.45.100 - - [12/Sep/2008:12:45:03 +0200] "GET /neon/girlz2.html HTTP/1.0" 200 2937 "-" "Mozilla/5.0 (compatible; Ask Jeeves/Teoma; +http://about.ask.com/en/docs/about/webmasters.shtml)"
65.214.45.100 - - [12/Sep/2008:12:45:03 +0200] "GET /frame-unten.html HTTP/1.0" 200 5308 "-" "Mozilla/5.0 (compatible; Ask Jeeves/Teoma; +http://about.ask.com/en/docs/about/webmasters.shtml)"
74.6.8.104 - - [12/Sep/2008:12:48:57 +0200] "GET /robots.txt HTTP/1.0" 200 64 "-" "Mozilla/5.0 (compatible; Yahoo! Slurp; http://help.yahoo.com/help/us/ysearch/slurp)"
74.6.8.104 - - [12/Sep/2008:12:48:57 +0200] "GET /f-actions.html HTTP/1.0" 200 10429 "-" "Mozilla/5.0 (compatible; Yahoo! Slurp; http://help.yahoo.com/help/us/ysearch/slurp)"
74.6.8.104 - - [12/Sep/2008:12:49:21 +0200] "GET /schubb/schubb-2.html HTTP/1.0" 200 16660 "-" "Mozilla/5.0 (compatible; Yahoo! Slurp; http://help.yahoo.com/help/us/ysearch/slurp)"
65.214.45.100 - - [12/Sep/2008:12:50:01 +0200] "GET /framez.html HTTP/1.0" 200 3959 "-" "Mozilla/5.0 (compatible; Ask Jeeves/Teoma; +http://about.ask.com/en/docs/about/webmasters.shtml)"
65.214.45.100 - - [12/Sep/2008:12:50:02 +0200] "GET /framez.html HTTP/1.0" 200 3959 "-" "Mozilla/5.0 (compatible; Ask Jeeves/Teoma; +http://about.ask.com/en/docs/about/webmasters.shtml)"
65.214.45.100 - - [12/Sep/2008:12:50:02 +0200] "GET /frame-inhalt.html HTTP/1.0" 200 5418 "-" "Mozilla/5.0 (compatible; Ask Jeeves/Teoma; +http://about.ask.com/en/docs/about/webmasters.shtml)"
65.55.211.164 - - [12/Sep/2008:12:53:19 +0200] "GET /robots.txt HTTP/1.1" 200 64 "-" "msnbot/1.1 (+http://search.msn.com/msnbot.htm)"
65.55.211.164 - - [12/Sep/2008:12:53:20 +0200] "GET /logs/usage_200701.html HTTP/1.1" 200 109268 "-" "msnbot/1.1 (+http://search.msn.com/msnbot.htm)"
74.6.8.104 - - [12/Sep/2008:13:01:05 +0200] "GET /framez.html HTTP/1.0" 200 3959 "-" "Mozilla/5.0 (compatible; Yahoo! Slurp; http://help.yahoo.com/help/us/ysearch/slurp)"
74.6.8.104 - - [12/Sep/2008:13:01:06 +0200] "GET /frame-menu.html HTTP/1.0" 200 10536 "-" "Mozilla/5.0 (compatible; Yahoo! Slurp; http://help.yahoo.com/help/us/ysearch/slurp)"
74.6.8.104 - - [12/Sep/2008:13:01:06 +0200] "GET /frame-inhalt.html HTTP/1.0" 200 5418 "-" "Mozilla/5.0 (compatible; Yahoo! Slurp; http://help.yahoo.com/help/us/ysearch/slurp)"
74.6.8.104 - - [12/Sep/2008:13:01:07 +0200] "GET /frame-unten.html HTTP/1.0" 200 5308 "-" "Mozilla/5.0 (compatible; Yahoo! Slurp; http://help.yahoo.com/help/us/ysearch/slurp)"
74.6.8.104 - - [12/Sep/2008:14:13:05 +0200] "GET /rez/327.mp3 HTTP/1.0" 200 2771948 "-" "Mozilla/5.0 (compatible; Yahoo! Slurp; http://help.yahoo.com/help/us/ysearch/slurp)"
74.6.8.104 - - [12/Sep/2008:14:31:44 +0200] "GET /logs/usage_200712.html HTTP/1.0" 200 92577 "-" "Mozilla/5.0 (compatible; Yahoo! Slurp; http://help.yahoo.com/help/us/ysearch/slurp)"
77.91.224.4 - - [12/Sep/2008:14:33:13 +0200] "GET /robots.txt HTTP/1.1" 200 64 "-" "Yanga WorldSearch Bot v1.1/beta (http://www.yanga.co.uk/)"
208.66.193.164 - - [12/Sep/2008:14:33:13 +0200] "GET / HTTP/1.1" 200 7869 "-" "Yanga WorldSearch Bot v1.1/beta (http://www.yanga.co.uk/)"
65.55.211.172 - - [12/Sep/2008:14:48:17 +0200] "GET /robots.txt HTTP/1.1" 200 64 "-" "msnbot/1.1 (+http://search.msn.com/msnbot.htm)"
65.55.211.172 - - [12/Sep/2008:14:48:19 +0200] "GET /f-actions.html HTTP/1.1" 200 10429 "-" "msnbot/1.1 (+http://search.msn.com/msnbot.htm)"
74.6.8.104 - - [12/Sep/2008:14:54:21 +0200] "GET /rez/108.mp3 HTTP/1.0" 200 2086040 "-" "Mozilla/5.0 (compatible; Yahoo! Slurp; http://help.yahoo.com/help/us/ysearch/slurp)"
66.249.65.2 - - [12/Sep/2008:15:24:42 +0200] "GET /search.html HTTP/1.1" 200 1440 "-" "Mozilla/5.0 (compatible; Googlebot/2.1; +http://www.google.com/bot.html)"
74.6.8.104 - - [12/Sep/2008:16:15:35 +0200] "GET /robots.txt HTTP/1.0" 200 64 "-" "Mozilla/5.0 (compatible; Yahoo! Slurp; http://help.yahoo.com/help/us/ysearch/slurp)"
208.80.194.36 - - [12/Sep/2008:16:26:50 +0200] "GET / HTTP/1.0" 200 7869 "-" "Mozilla/4.0 (compatible; MSIE 6.0; Windows NT 5.1; {B1CB7C29-5FA8-CDDF-CE07-D61223723794}; ZangoToolbar 4.8.2)"
208.80.194.36 - - [12/Sep/2008:16:26:50 +0200] "GET / HTTP/1.0" 200 7869 "-" "Mozilla/4.0 (compatible; MSIE 7.0; Windows NT 5.1; SIMBAR Enabled; SIMBAR={A6B3F725-664B-4b71-B4E6-AB1B7489CC72})"
65.55.211.173 - - [12/Sep/2008:16:27:41 +0200] "GET /f-net.html HTTP/1.1" 200 9913 "-" "msnbot/1.1 (+http://search.msn.com/msnbot.htm)"
38.108.180.10 - - [12/Sep/2008:16:34:01 +0200] "GET /robots.txt HTTP/1.1" 200 64 "-" "Mozilla/5.0 (compatible; ScoutJet; +http://www.scoutjet.com/)"
38.108.180.10 - - [12/Sep/2008:16:34:18 +0200] "GET /menue.html HTTP/1.1" 404 2748 "-" "Mozilla/5.0 (compatible; ScoutJet; +http://www.scoutjet.com/)"
74.6.8.104 - - [12/Sep/2008:16:34:48 +0200] "GET /neon/girlz2.html HTTP/1.0" 200 2937 "-" "Mozilla/5.0 (compatible; Yahoo! Slurp; http://help.yahoo.com/help/us/ysearch/slurp)"
38.108.180.10 - - [12/Sep/2008:16:36:23 +0200] "GET /f-horrorkatze.html HTTP/1.1" 200 7865 "-" "Mozilla/5.0 (compatible; ScoutJet; +http://www.scoutjet.com/)"
38.108.180.10 - - [12/Sep/2008:16:38:51 +0200] "GET /f-sponsor.html HTTP/1.1" 200 8578 "-" "Mozilla/5.0 (compatible; ScoutJet; +http://www.scoutjet.com/)"
38.108.180.10 - - [12/Sep/2008:16:42:15 +0200] "GET /f-contact.html HTTP/1.1" 200 6804 "-" "Mozilla/5.0 (compatible; ScoutJet; +http://www.scoutjet.com/)"
38.108.180.37 - - [12/Sep/2008:17:05:28 +0200] "GET /robots.txt HTTP/1.1" 200 64 "-" "Mozilla/5.0 (compatible; ScoutJet; +http://www.scoutjet.com/)"
38.108.180.37 - - [12/Sep/2008:17:05:45 +0200] "GET /frame-unten.html HTTP/1.1" 200 5308 "-" "Mozilla/5.0 (compatible; ScoutJet; +http://www.scoutjet.com/)"
87.4.237.11 - - [12/Sep/2008:17:20:28 +0200] "GET /zampa-lovers/index.html HTTP/1.1" 200 37790 "http://uk.search.yahoo.com/search?ei=utf-8&fr=slv8-acer&p=svrsavanje%20u%20picku" "Mozilla/4.0 (compatible; MSIE 7.0; Windows NT 6.0; SLCC1; .NET CLR 2.0.50727; Media Center PC 5.0; .NET CLR 3.0.04506)"
87.4.237.11 - - [12/Sep/2008:17:20:29 +0200] "GET /zampa-lovers/kralle.gif HTTP/1.1" 404 2748 "http://www.various-euro.com/zampa-lovers/index.html" "Mozilla/4.0 (compatible; MSIE 7.0; Windows NT 6.0; SLCC1; .NET CLR 2.0.50727; Media Center PC 5.0; .NET CLR 3.0.04506)"
87.4.237.11 - - [12/Sep/2008:17:20:29 +0200] "GET /zampa-lovers/DRAGAN_Z.JPG HTTP/1.1" 200 6850 "http://www.various-euro.com/zampa-lovers/index.html" "Mozilla/4.0 (compatible; MSIE 7.0; Windows NT 6.0; SLCC1; .NET CLR 2.0.50727; Media Center PC 5.0; .NET CLR 3.0.04506)"
87.4.237.11 - - [12/Sep/2008:17:20:30 +0200] "GET /zampa-lovers/MILIZA_B.JPG HTTP/1.1" 200 10947 "http://www.various-euro.com/zampa-lovers/index.html" "Mozilla/4.0 (compatible; MSIE 7.0; Windows NT 6.0; SLCC1; .NET CLR 2.0.50727; Media Center PC 5.0; .NET CLR 3.0.04506)"
87.4.237.11 - - [12/Sep/2008:17:20:30 +0200] "GET /zampa-lovers/MILIZA_4.JPG HTTP/1.1" 200 9946 "http://www.various-euro.com/zampa-lovers/index.html" "Mozilla/4.0 (compatible; MSIE 7.0; Windows NT 6.0; SLCC1; .NET CLR 2.0.50727; Media Center PC 5.0; .NET CLR 3.0.04506)"
87.4.237.11 - - [12/Sep/2008:17:20:30 +0200] "GET /zampa-lovers/DRAGANZA.JPG HTTP/1.1" 200 18560 "http://www.various-euro.com/zampa-lovers/index.html" "Mozilla/4.0 (compatible; MSIE 7.0; Windows NT 6.0; SLCC1; .NET CLR 2.0.50727; Media Center PC 5.0; .NET CLR 3.0.04506)"
87.4.237.11 - - [12/Sep/2008:17:20:30 +0200] "GET /zampa-lovers/1SEITEVE.GIF HTTP/1.1" 200 78726 "http://www.various-euro.com/zampa-lovers/index.html" "Mozilla/4.0 (compatible; MSIE 7.0; Windows NT 6.0; SLCC1; .NET CLR 2.0.50727; Media Center PC 5.0; .NET CLR 3.0.04506)"
87.4.237.11 - - [12/Sep/2008:17:20:31 +0200] "GET /zampa-lovers/MILIZA_3.JPG HTTP/1.1" 200 26924 "http://www.various-euro.com/zampa-lovers/index.html" "Mozilla/4.0 (compatible; MSIE 7.0; Windows NT 6.0; SLCC1; .NET CLR 2.0.50727; Media Center PC 5.0; .NET CLR 3.0.04506)"
87.4.237.11 - - [12/Sep/2008:17:20:31 +0200] "GET /zampa-lovers/2SEITEVE.GIF HTTP/1.1" 200 83466 "http://www.various-euro.com/zampa-lovers/index.html" "Mozilla/4.0 (compatible; MSIE 7.0; Windows NT 6.0; SLCC1; .NET CLR 2.0.50727; Media Center PC 5.0; .NET CLR 3.0.04506)"
87.4.237.11 - - [12/Sep/2008:17:20:31 +0200] "GET /zampa-lovers/MILIZA_2.JPG HTTP/1.1" 200 22172 "http://www.various-euro.com/zampa-lovers/index.html" "Mozilla/4.0 (compatible; MSIE 7.0; Windows NT 6.0; SLCC1; .NET CLR 2.0.50727; Media Center PC 5.0; .NET CLR 3.0.04506)"
87.4.237.11 - - [12/Sep/2008:17:20:31 +0200] "GET /zampa-lovers/Kralle.gif HTTP/1.1" 200 260 "http://www.various-euro.com/zampa-lovers/index.html" "Mozilla/4.0 (compatible; MSIE 7.0; Windows NT 6.0; SLCC1; .NET CLR 2.0.50727; Media Center PC 5.0; .NET CLR 3.0.04506)"
87.4.237.11 - - [12/Sep/2008:17:20:31 +0200] "GET /zampa-lovers/zampa-2X2.gif HTTP/1.1" 200 6948 "http://www.various-euro.com/zampa-lovers/index.html" "Mozilla/4.0 (compatible; MSIE 7.0; Windows NT 6.0; SLCC1; .NET CLR 2.0.50727; Media Center PC 5.0; .NET CLR 3.0.04506)"
87.4.237.11 - - [12/Sep/2008:17:20:31 +0200] "GET /zampa-lovers/zampamali.gif HTTP/1.1" 200 2617 "http://www.various-euro.com/zampa-lovers/index.html" "Mozilla/4.0 (compatible; MSIE 7.0; Windows NT 6.0; SLCC1; .NET CLR 2.0.50727; Media Center PC 5.0; .NET CLR 3.0.04506)"
87.4.237.11 - - [12/Sep/2008:17:20:29 +0200] "GET /zampa-lovers/zampa.gif HTTP/1.1" 200 460627 "http://www.various-euro.com/zampa-lovers/index.html" "Mozilla/4.0 (compatible; MSIE 7.0; Windows NT 6.0; SLCC1; .NET CLR 2.0.50727; Media Center PC 5.0; .NET CLR 3.0.04506)"
87.4.237.11 - - [12/Sep/2008:17:20:32 +0200] "GET /zampa-lovers/zampa.ICO HTTP/1.1" 200 7134 "-" "Mozilla/4.0 (compatible; MSIE 7.0; Windows NT 6.0; SLCC1; .NET CLR 2.0.50727; Media Center PC 5.0; .NET CLR 3.0.04506)"
87.4.237.11 - - [12/Sep/2008:17:20:32 +0200] "GET /framez-zampa-lovers.html HTTP/1.1" 200 4322 "-" "Mozilla/4.0 (compatible; MSIE 7.0; Windows NT 6.0; SLCC1; .NET CLR 2.0.50727; Media Center PC 5.0; .NET CLR 3.0.04506)"
87.4.237.11 - - [12/Sep/2008:17:20:33 +0200] "GET /frame-menu.html HTTP/1.1" 200 10536 "http://www.various-euro.com/framez-zampa-lovers.html" "Mozilla/4.0 (compatible; MSIE 7.0; Windows NT 6.0; SLCC1; .NET CLR 2.0.50727; Media Center PC 5.0; .NET CLR 3.0.04506)"
87.4.237.11 - - [12/Sep/2008:17:20:33 +0200] "GET /zampa-lovers/index.html HTTP/1.1" 200 37790 "http://www.various-euro.com/framez-zampa-lovers.html" "Mozilla/4.0 (compatible; MSIE 7.0; Windows NT 6.0; SLCC1; .NET CLR 2.0.50727; Media Center PC 5.0; .NET CLR 3.0.04506)"
87.4.237.11 - - [12/Sep/2008:17:20:33 +0200] "GET /frame-unten.html HTTP/1.1" 200 5308 "http://www.various-euro.com/framez-zampa-lovers.html" "Mozilla/4.0 (compatible; MSIE 7.0; Windows NT 6.0; SLCC1; .NET CLR 2.0.50727; Media Center PC 5.0; .NET CLR 3.0.04506)"
87.4.237.11 - - [12/Sep/2008:17:20:34 +0200] "GET /style/various-euro.css HTTP/1.1" 200 3437 "http://www.various-euro.com/frame-menu.html" "Mozilla/4.0 (compatible; MSIE 7.0; Windows NT 6.0; SLCC1; .NET CLR 2.0.50727; Media Center PC 5.0; .NET CLR 3.0.04506)"
87.4.237.11 - - [12/Sep/2008:17:20:34 +0200] "GET /zampa-lovers/kralle.gif HTTP/1.1" 404 2748 "http://www.various-euro.com/zampa-lovers/index.html" "Mozilla/4.0 (compatible; MSIE 7.0; Windows NT 6.0; SLCC1; .NET CLR 2.0.50727; Media Center PC 5.0; .NET CLR 3.0.04506)"
87.4.237.11 - - [12/Sep/2008:17:20:34 +0200] "GET /bannerz/ve.jpg HTTP/1.1" 200 36912 "http://www.various-euro.com/frame-unten.html" "Mozilla/4.0 (compatible; MSIE 7.0; Windows NT 6.0; SLCC1; .NET CLR 2.0.50727; Media Center PC 5.0; .NET CLR 3.0.04506)"
87.4.237.11 - - [12/Sep/2008:17:20:34 +0200] "GET /bannerz/various-euro-girl.jpg HTTP/1.1" 200 91514 "http://www.various-euro.com/frame-unten.html" "Mozilla/4.0 (compatible; MSIE 7.0; Windows NT 6.0; SLCC1; .NET CLR 2.0.50727; Media Center PC 5.0; .NET CLR 3.0.04506)"
87.4.237.11 - - [12/Sep/2008:17:20:36 +0200] "GET /ve-icon-2.ico HTTP/1.1" 200 2238 "-" "Mozilla/4.0 (compatible; MSIE 7.0; Windows NT 6.0; SLCC1; .NET CLR 2.0.50727; Media Center PC 5.0; .NET CLR 3.0.04506)"
87.4.237.11 - - [12/Sep/2008:17:20:57 +0200] "GET /zampa-lovers/kralle.gif HTTP/1.1" 404 2748 "http://www.various-euro.com/zampa-lovers/index.html" "Mozilla/4.0 (compatible; MSIE 7.0; Windows NT 6.0; SLCC1; .NET CLR 2.0.50727; Media Center PC 5.0; .NET CLR 3.0.04506)"
87.4.237.11 - - [12/Sep/2008:17:20:59 +0200] "GET /framez-zampa-lovers.html HTTP/1.1" 200 4322 "-" "Mozilla/4.0 (compatible; MSIE 7.0; Windows NT 6.0; SLCC1; .NET CLR 2.0.50727; Media Center PC 5.0; .NET CLR 3.0.04506)"
87.4.237.11 - - [12/Sep/2008:17:20:59 +0200] "GET /frame-menu.html HTTP/1.1" 200 10536 "http://www.various-euro.com/framez-zampa-lovers.html" "Mozilla/4.0 (compatible; MSIE 7.0; Windows NT 6.0; SLCC1; .NET CLR 2.0.50727; Media Center PC 5.0; .NET CLR 3.0.04506)"
87.4.237.11 - - [12/Sep/2008:17:20:59 +0200] "GET /frame-unten.html HTTP/1.1" 200 5308 "http://www.various-euro.com/framez-zampa-lovers.html" "Mozilla/4.0 (compatible; MSIE 7.0; Windows NT 6.0; SLCC1; .NET CLR 2.0.50727; Media Center PC 5.0; .NET CLR 3.0.04506)"
87.4.237.11 - - [12/Sep/2008:17:21:00 +0200] "GET /zampa-lovers/kralle.gif HTTP/1.1" 404 2748 "http://www.various-euro.com/zampa-lovers/index.html" "Mozilla/4.0 (compatible; MSIE 7.0; Windows NT 6.0; SLCC1; .NET CLR 2.0.50727; Media Center PC 5.0; .NET CLR 3.0.04506)"
87.4.237.11 - - [12/Sep/2008:17:20:59 +0200] "GET /zampa-lovers/index.html HTTP/1.1" 200 37790 "http://www.various-euro.com/framez-zampa-lovers.html" "Mozilla/4.0 (compatible; MSIE 7.0; Windows NT 6.0; SLCC1; .NET CLR 2.0.50727; Media Center PC 5.0; .NET CLR 3.0.04506)"
87.4.237.11 - - [12/Sep/2008:17:21:04 +0200] "GET /zampa-lovers/kralle.gif HTTP/1.1" 404 2748 "http://www.various-euro.com/zampa-lovers/index.html" "Mozilla/4.0 (compatible; MSIE 7.0; Windows NT 6.0; SLCC1; .NET CLR 2.0.50727; Media Center PC 5.0; .NET CLR 3.0.04506)"
87.4.237.11 - - [12/Sep/2008:17:21:05 +0200] "GET /framez-zampa-lovers.html HTTP/1.1" 200 4322 "-" "Mozilla/4.0 (compatible; MSIE 7.0; Windows NT 6.0; SLCC1; .NET CLR 2.0.50727; Media Center PC 5.0; .NET CLR 3.0.04506)"
87.4.237.11 - - [12/Sep/2008:17:21:05 +0200] "GET /frame-menu.html HTTP/1.1" 200 10536 "http://www.various-euro.com/framez-zampa-lovers.html" "Mozilla/4.0 (compatible; MSIE 7.0; Windows NT 6.0; SLCC1; .NET CLR 2.0.50727; Media Center PC 5.0; .NET CLR 3.0.04506)"
87.4.237.11 - - [12/Sep/2008:17:21:06 +0200] "GET /frame-unten.html HTTP/1.1" 200 5308 "http://www.various-euro.com/framez-zampa-lovers.html" "Mozilla/4.0 (compatible; MSIE 7.0; Windows NT 6.0; SLCC1; .NET CLR 2.0.50727; Media Center PC 5.0; .NET CLR 3.0.04506)"
87.4.237.11 - - [12/Sep/2008:17:21:06 +0200] "GET /zampa-lovers/kralle.gif HTTP/1.1" 404 2748 "http://www.various-euro.com/zampa-lovers/index.html" "Mozilla/4.0 (compatible; MSIE 7.0; Windows NT 6.0; SLCC1; .NET CLR 2.0.50727; Media Center PC 5.0; .NET CLR 3.0.04506)"
87.4.237.11 - - [12/Sep/2008:17:21:06 +0200] "GET /zampa-lovers/index.html HTTP/1.1" 200 37790 "http://www.various-euro.com/framez-zampa-lovers.html" "Mozilla/4.0 (compatible; MSIE 7.0; Windows NT 6.0; SLCC1; .NET CLR 2.0.50727; Media Center PC 5.0; .NET CLR 3.0.04506)"
87.4.237.11 - - [12/Sep/2008:17:21:07 +0200] "GET /zampa-lovers/index.html HTTP/1.1" 200 37790 "http://uk.search.yahoo.com/search?ei=utf-8&fr=slv8-acer&p=svrsavanje%20u%20picku" "Mozilla/4.0 (compatible; MSIE 7.0; Windows NT 6.0; SLCC1; .NET CLR 2.0.50727; Media Center PC 5.0; .NET CLR 3.0.04506)"
87.4.237.11 - - [12/Sep/2008:17:21:08 +0200] "GET /zampa-lovers/kralle.gif HTTP/1.1" 404 2748 "http://www.various-euro.com/zampa-lovers/index.html" "Mozilla/4.0 (compatible; MSIE 7.0; Windows NT 6.0; SLCC1; .NET CLR 2.0.50727; Media Center PC 5.0; .NET CLR 3.0.04506)"
87.4.237.11 - - [12/Sep/2008:17:21:10 +0200] "GET /framez-zampa-lovers.html HTTP/1.1" 200 4322 "-" "Mozilla/4.0 (compatible; MSIE 7.0; Windows NT 6.0; SLCC1; .NET CLR 2.0.50727; Media Center PC 5.0; .NET CLR 3.0.04506)"
87.4.237.11 - - [12/Sep/2008:17:21:10 +0200] "GET /frame-menu.html HTTP/1.1" 200 10536 "http://www.various-euro.com/framez-zampa-lovers.html" "Mozilla/4.0 (compatible; MSIE 7.0; Windows NT 6.0; SLCC1; .NET CLR 2.0.50727; Media Center PC 5.0; .NET CLR 3.0.04506)"
87.4.237.11 - - [12/Sep/2008:17:21:11 +0200] "GET /frame-unten.html HTTP/1.1" 200 5308 "http://www.various-euro.com/framez-zampa-lovers.html" "Mozilla/4.0 (compatible; MSIE 7.0; Windows NT 6.0; SLCC1; .NET CLR 2.0.50727; Media Center PC 5.0; .NET CLR 3.0.04506)"
87.4.237.11 - - [12/Sep/2008:17:21:10 +0200] "GET /zampa-lovers/index.html HTTP/1.1" 200 37790 "http://www.various-euro.com/framez-zampa-lovers.html" "Mozilla/4.0 (compatible; MSIE 7.0; Windows NT 6.0; SLCC1; .NET CLR 2.0.50727; Media Center PC 5.0; .NET CLR 3.0.04506)"
87.4.237.11 - - [12/Sep/2008:17:21:11 +0200] "GET /zampa-lovers/kralle.gif HTTP/1.1" 404 2748 "http://www.various-euro.com/zampa-lovers/index.html" "Mozilla/4.0 (compatible; MSIE 7.0; Windows NT 6.0; SLCC1; .NET CLR 2.0.50727; Media Center PC 5.0; .NET CLR 3.0.04506)"
87.4.237.11 - - [12/Sep/2008:17:21:12 +0200] "GET /zampa-lovers/index.html HTTP/1.1" 200 37790 "http://uk.search.yahoo.com/search?ei=utf-8&fr=slv8-acer&p=svrsavanje%20u%20picku" "Mozilla/4.0 (compatible; MSIE 7.0; Windows NT 6.0; SLCC1; .NET CLR 2.0.50727; Media Center PC 5.0; .NET CLR 3.0.04506)"
87.4.237.11 - - [12/Sep/2008:17:21:13 +0200] "GET /zampa-lovers/kralle.gif HTTP/1.1" 404 2748 "http://www.various-euro.com/zampa-lovers/index.html" "Mozilla/4.0 (compatible; MSIE 7.0; Windows NT 6.0; SLCC1; .NET CLR 2.0.50727; Media Center PC 5.0; .NET CLR 3.0.04506)"
87.4.237.11 - - [12/Sep/2008:17:21:14 +0200] "GET /framez-zampa-lovers.html HTTP/1.1" 200 4322 "-" "Mozilla/4.0 (compatible; MSIE 7.0; Windows NT 6.0; SLCC1; .NET CLR 2.0.50727; Media Center PC 5.0; .NET CLR 3.0.04506)"
65.55.211.167 - - [12/Sep/2008:20:40:42 +0200] "GET /robots.txt HTTP/1.1" 200 64 "-" "msnbot/1.1 (+http://search.msn.com/msnbot.htm)"
65.55.211.167 - - [12/Sep/2008:20:40:42 +0200] "GET /f-euro.html HTTP/1.1" 200 12203 "-" "msnbot/1.1 (+http://search.msn.com/msnbot.htm)"
71.41.201.38 - - [12/Sep/2008:21:21:41 +0200] "GET /robots.txt HTTP/1.1" 200 64 "-" "MLBot (www.metadatalabs.com/mlbot)"
71.41.201.38 - - [12/Sep/2008:21:21:41 +0200] "GET / HTTP/1.1" 200 7869 "-" "MLBot (www.metadatalabs.com/mlbot)"
65.55.211.169 - - [12/Sep/2008:21:27:16 +0200] "GET /zampa/montenegro/index.html HTTP/1.1" 200 2651 "-" "msnbot/1.1 (+http://search.msn.com/msnbot.htm)"
66.249.65.2 - - [12/Sep/2008:21:52:01 +0200] "GET /robots.txt HTTP/1.1" 200 64 "-" "Mozilla/5.0 (compatible; Googlebot/2.1; +http://www.google.com/bot.html)"
66.249.65.2 - - [12/Sep/2008:21:52:01 +0200] "GET /zampa-lovers/ HTTP/1.1" 200 37790 "-" "Mozilla/5.0 (compatible; Googlebot/2.1; +http://www.google.com/bot.html)"
74.6.8.104 - - [12/Sep/2008:22:04:19 +0200] "GET /games/virtualcop/virtualcop.swf HTTP/1.0" 200 2563562 "-" "Mozilla/5.0 (compatible; Yahoo! Slurp; http://help.yahoo.com/help/us/ysearch/slurp)"
38.108.180.10 - - [12/Sep/2008:22:26:05 +0200] "GET /robots.txt HTTP/1.1" 200 64 "-" "Mozilla/5.0 (compatible; ScoutJet; +http://www.scoutjet.com/)"
38.108.180.10 - - [12/Sep/2008:22:26:21 +0200] "GET /f-channel1.html HTTP/1.1" 200 5713 "-" "Mozilla/5.0 (compatible; ScoutJet; +http://www.scoutjet.com/)"
38.108.180.10 - - [12/Sep/2008:22:28:09 +0200] "GET /sendi_agent.html HTTP/1.1" 200 6213 "-" "Mozilla/5.0 (compatible; ScoutJet; +http://www.scoutjet.com/)"
170.251.249.23 - - [12/Sep/2008:22:47:16 +0200] "GET / HTTP/1.1" 200 7869 "-" "Mozilla/4.0 (compatible; MSIE 6.0; Windows NT 5.1)"
65.55.211.165 - - [12/Sep/2008:23:05:05 +0200] "GET /robots.txt HTTP/1.1" 200 64 "-" "msnbot/1.1 (+http://search.msn.com/msnbot.htm)"
65.55.211.165 - - [12/Sep/2008:23:05:06 +0200] "GET /neon/warning.html HTTP/1.1" 200 5134 "-" "msnbot/1.1 (+http://search.msn.com/msnbot.htm)"
74.6.8.104 - - [12/Sep/2008:23:06:39 +0200] "GET /robots.txt HTTP/1.0" 200 64 "-" "Mozilla/5.0 (compatible; Yahoo! Slurp; http://help.yahoo.com/help/us/ysearch/slurp)"
74.6.8.104 - - [12/Sep/2008:23:06:39 +0200] "GET /rez/326.mp3 HTTP/1.0" 200 7672484 "-" "Mozilla/5.0 (compatible; Yahoo! Slurp; http://help.yahoo.com/help/us/ysearch/slurp)"
74.6.8.104 - - [12/Sep/2008:23:45:26 +0200] "GET /rez/611.mp3 HTTP/1.0" 200 6782540 "-" "Mozilla/5.0 (compatible; Yahoo! Slurp; http://help.yahoo.com/help/us/ysearch/slurp)"
74.6.8.104 - - [13/Sep/2008:00:02:09 +0200] "GET /logs/usage_200510.html HTTP/1.0" 200 109497 "-" "Mozilla/5.0 (compatible; Yahoo! Slurp; http://help.yahoo.com/help/us/ysearch/slurp)"
65.98.224.2 - - [13/Sep/2008:00:04:31 +0200] "GET /robots.txt HTTP/1.0" 200 64 "-" "TurnitinBot/2.1 (http://www.turnitin.com/robot/crawlerinfo.html)"
65.98.224.2 - - [13/Sep/2008:00:08:16 +0200] "GET /schubb/schubb-2.html HTTP/1.0" 200 16660 "-" "TurnitinBot/2.1 (http://www.turnitin.com/robot/crawlerinfo.html)"
65.98.224.2 - - [13/Sep/2008:00:09:04 +0200] "GET /frame-menu.html HTTP/1.0" 200 10536 "-" "TurnitinBot/2.1 (http://www.turnitin.com/robot/crawlerinfo.html)"
65.98.224.2 - - [13/Sep/2008:00:09:43 +0200] "GET /f-world.html HTTP/1.0" 200 35590 "-" "TurnitinBot/2.1 (http://www.turnitin.com/robot/crawlerinfo.html)"
65.98.224.2 - - [13/Sep/2008:00:10:19 +0200] "GET /f-contact.html HTTP/1.0" 200 6804 "-" "TurnitinBot/2.1 (http://www.turnitin.com/robot/crawlerinfo.html)"
65.98.224.2 - - [13/Sep/2008:00:10:54 +0200] "GET / HTTP/1.0" 200 7869 "-" "TurnitinBot/2.1 (http://www.turnitin.com/robot/crawlerinfo.html)"
65.98.224.2 - - [13/Sep/2008:00:11:36 +0200] "GET /zampa-lovers/index.html HTTP/1.0" 200 37790 "-" "TurnitinBot/2.1 (http://www.turnitin.com/robot/crawlerinfo.html)"
74.6.8.104 - - [13/Sep/2008:00:37:25 +0200] "GET /neon/onlytttt.html HTTP/1.0" 200 1536 "-" "Mozilla/5.0 (compatible; Yahoo! Slurp; http://help.yahoo.com/help/us/ysearch/slurp)"
74.6.8.104 - - [13/Sep/2008:00:58:34 +0200] "GET /neon/channel.html HTTP/1.0" 200 1942 "-" "Mozilla/5.0 (compatible; Yahoo! Slurp; http://help.yahoo.com/help/us/ysearch/slurp)"
64.17.2.164 - - [13/Sep/2008:01:06:57 +0200] "GET /robots.txt HTTP/1.1" 200 64 "-" "MLBot (www.metadatalabs.com/mlbot)"
64.17.2.164 - - [13/Sep/2008:01:07:00 +0200] "GET /rez/ HTTP/1.1" 403 1223 "-" "MLBot (www.metadatalabs.com/mlbot)"
77.88.26.27 - - [13/Sep/2008:01:13:32 +0200] "GET /robots.txt HTTP/1.1" 302 363 "-" "Yandex/1.01.001 (compatible; Win16; I)"
77.88.26.27 - - [13/Sep/2008:01:13:32 +0200] "GET / HTTP/1.1" 302 353 "-" "Yandex/1.01.001 (compatible; Win16; I)"
65.55.211.165 - - [13/Sep/2008:01:17:31 +0200] "GET /logs/usage_200705.html HTTP/1.1" 200 109447 "-" "msnbot/1.1 (+http://search.msn.com/msnbot.htm)"
74.6.8.104 - - [13/Sep/2008:01:43:45 +0200] "GET /f-rez.html HTTP/1.0" 200 9765 "-" "Mozilla/5.0 (compatible; Yahoo! Slurp; http://help.yahoo.com/help/us/ysearch/slurp)"
77.91.224.4 - - [13/Sep/2008:02:11:39 +0200] "GET /robots.txt HTTP/1.1" 200 64 "-" "Yanga WorldSearch Bot v1.1/beta (http://www.yanga.co.uk/)"
208.66.193.164 - - [13/Sep/2008:02:11:39 +0200] "GET / HTTP/1.1" 200 7869 "-" "Yanga WorldSearch Bot v1.1/beta (http://www.yanga.co.uk/)"
65.55.211.171 - - [13/Sep/2008:02:50:10 +0200] "GET /robots.txt HTTP/1.1" 200 64 "-" "msnbot/1.1 (+http://search.msn.com/msnbot.htm)"
65.55.211.171 - - [13/Sep/2008:02:50:10 +0200] "GET / HTTP/1.1" 200 7869 "-" "msnbot/1.1 (+http://search.msn.com/msnbot.htm)"
77.88.26.27 - - [13/Sep/2008:03:21:01 +0200] "GET /robots.txt HTTP/1.1" 200 64 "-" "Yandex/1.01.001 (compatible; Win16; I)"
77.88.26.27 - - [13/Sep/2008:03:21:01 +0200] "GET / HTTP/1.1" 200 7869 "-" "Yandex/1.01.001 (compatible; Win16; I)"
209.242.55.10 - - [13/Sep/2008:03:21:19 +0200] "GET /neon/click.html HTTP/1.1" 200 521 "http://www.google.com/search?hl=en&q=adult+euros+" "Mozilla/4.0 (compatible; MSIE 7.0; Windows NT 6.0; SLCC1; .NET CLR 2.0.50727; Media Center PC 5.0; .NET CLR 3.0.04506)"
209.242.55.10 - - [13/Sep/2008:03:21:19 +0200] "GET /neon/blacksatin.jpg HTTP/1.1" 200 5695 "http://www.various-euro.com/neon/click.html" "Mozilla/4.0 (compatible; MSIE 7.0; Windows NT 6.0; SLCC1; .NET CLR 2.0.50727; Media Center PC 5.0; .NET CLR 3.0.04506)"
209.242.55.10 - - [13/Sep/2008:03:21:19 +0200] "GET /neon/clicktoenter.gif HTTP/1.1" 200 16302 "http://www.various-euro.com/neon/click.html" "Mozilla/4.0 (compatible; MSIE 7.0; Windows NT 6.0; SLCC1; .NET CLR 2.0.50727; Media Center PC 5.0; .NET CLR 3.0.04506)"
209.242.55.10 - - [13/Sep/2008:03:21:19 +0200] "GET /vgirls/hyg1.gif HTTP/1.1" 200 29672 "http://www.various-euro.com/neon/click.html" "Mozilla/4.0 (compatible; MSIE 7.0; Windows NT 6.0; SLCC1; .NET CLR 2.0.50727; Media Center PC 5.0; .NET CLR 3.0.04506)"
209.242.55.10 - - [13/Sep/2008:03:21:20 +0200] "GET /favicon.ico HTTP/1.1" 404 2748 "-" "Mozilla/4.0 (compatible; MSIE 7.0; Windows NT 6.0; SLCC1; .NET CLR 2.0.50727; Media Center PC 5.0; .NET CLR 3.0.04506)"
209.242.55.10 - - [13/Sep/2008:03:21:22 +0200] "GET /neon/sushi.html HTTP/1.1" 200 687 "http://www.various-euro.com/neon/click.html" "Mozilla/4.0 (compatible; MSIE 7.0; Windows NT 6.0; SLCC1; .NET CLR 2.0.50727; Media Center PC 5.0; .NET CLR 3.0.04506)"
209.242.55.10 - - [13/Sep/2008:03:21:22 +0200] "GET /neon/rawsuishi3.gif HTTP/1.1" 200 7327 "http://www.various-euro.com/neon/sushi.html" "Mozilla/4.0 (compatible; MSIE 7.0; Windows NT 6.0; SLCC1; .NET CLR 2.0.50727; Media Center PC 5.0; .NET CLR 3.0.04506)"
209.242.55.10 - - [13/Sep/2008:03:21:33 +0200] "GET /framez-girlz-neon.html HTTP/1.1" 200 4388 "http://www.various-euro.com/neon/sushi.html" "Mozilla/4.0 (compatible; MSIE 7.0; Windows NT 6.0; SLCC1; .NET CLR 2.0.50727; Media Center PC 5.0; .NET CLR 3.0.04506)"
209.242.55.10 - - [13/Sep/2008:03:21:34 +0200] "GET /frame-menu.html HTTP/1.1" 200 10536 "http://www.various-euro.com/framez-girlz-neon.html" "Mozilla/4.0 (compatible; MSIE 7.0; Windows NT 6.0; SLCC1; .NET CLR 2.0.50727; Media Center PC 5.0; .NET CLR 3.0.04506)"
209.242.55.10 - - [13/Sep/2008:03:21:34 +0200] "GET /neon/girlz2.html HTTP/1.1" 200 2937 "http://www.various-euro.com/framez-girlz-neon.html" "Mozilla/4.0 (compatible; MSIE 7.0; Windows NT 6.0; SLCC1; .NET CLR 2.0.50727; Media Center PC 5.0; .NET CLR 3.0.04506)"
209.242.55.10 - - [13/Sep/2008:03:21:34 +0200] "GET /frame-unten.html HTTP/1.1" 200 5308 "http://www.various-euro.com/framez-girlz-neon.html" "Mozilla/4.0 (compatible; MSIE 7.0; Windows NT 6.0; SLCC1; .NET CLR 2.0.50727; Media Center PC 5.0; .NET CLR 3.0.04506)"
209.242.55.10 - - [13/Sep/2008:03:21:35 +0200] "GET /style/various-euro.css HTTP/1.1" 200 3437 "http://www.various-euro.com/frame-menu.html" "Mozilla/4.0 (compatible; MSIE 7.0; Windows NT 6.0; SLCC1; .NET CLR 2.0.50727; Media Center PC 5.0; .NET CLR 3.0.04506)"
209.242.55.10 - - [13/Sep/2008:03:21:35 +0200] "GET /vgirls/button1.gif HTTP/1.1" 200 9099 "http://www.various-euro.com/neon/girlz2.html" "Mozilla/4.0 (compatible; MSIE 7.0; Windows NT 6.0; SLCC1; .NET CLR 2.0.50727; Media Center PC 5.0; .NET CLR 3.0.04506)"
209.242.55.10 - - [13/Sep/2008:03:21:35 +0200] "GET /vgirls/button10.gif HTTP/1.1" 200 15687 "http://www.various-euro.com/neon/girlz2.html" "Mozilla/4.0 (compatible; MSIE 7.0; Windows NT 6.0; SLCC1; .NET CLR 2.0.50727; Media Center PC 5.0; .NET CLR 3.0.04506)"
209.242.55.10 - - [13/Sep/2008:03:21:35 +0200] "GET /vgirls/wm_02.gif HTTP/1.1" 200 36891 "http://www.various-euro.com/neon/girlz2.html" "Mozilla/4.0 (compatible; MSIE 7.0; Windows NT 6.0; SLCC1; .NET CLR 2.0.50727; Media Center PC 5.0; .NET CLR 3.0.04506)"
209.242.55.10 - - [13/Sep/2008:03:21:36 +0200] "GET /vgirls/virtua4.gif HTTP/1.1" 200 12643 "http://www.various-euro.com/neon/girlz2.html" "Mozilla/4.0 (compatible; MSIE 7.0; Windows NT 6.0; SLCC1; .NET CLR 2.0.50727; Media Center PC 5.0; .NET CLR 3.0.04506)"
209.242.55.10 - - [13/Sep/2008:03:21:36 +0200] "GET /vgirls/button3.gif HTTP/1.1" 200 9634 "http://www.various-euro.com/neon/girlz2.html" "Mozilla/4.0 (compatible; MSIE 7.0; Windows NT 6.0; SLCC1; .NET CLR 2.0.50727; Media Center PC 5.0; .NET CLR 3.0.04506)"
209.242.55.10 - - [13/Sep/2008:03:21:36 +0200] "GET /vgirls/dora_01.gif HTTP/1.1" 200 15465 "http://www.various-euro.com/neon/girlz2.html" "Mozilla/4.0 (compatible; MSIE 7.0; Windows NT 6.0; SLCC1; .NET CLR 2.0.50727; Media Center PC 5.0; .NET CLR 3.0.04506)"
209.242.55.10 - - [13/Sep/2008:03:21:36 +0200] "GET /vgirls/shaina_big.gif HTTP/1.1" 200 16169 "http://www.various-euro.com/neon/girlz2.html" "Mozilla/4.0 (compatible; MSIE 7.0; Windows NT 6.0; SLCC1; .NET CLR 2.0.50727; Media Center PC 5.0; .NET CLR 3.0.04506)"
209.242.55.10 - - [13/Sep/2008:03:21:36 +0200] "GET /bannerz/ve.jpg HTTP/1.1" 200 36912 "http://www.various-euro.com/frame-unten.html" "Mozilla/4.0 (compatible; MSIE 7.0; Windows NT 6.0; SLCC1; .NET CLR 2.0.50727; Media Center PC 5.0; .NET CLR 3.0.04506)"
209.242.55.10 - - [13/Sep/2008:03:21:37 +0200] "GET /bannerz/various-euro-girl.jpg HTTP/1.1" 200 91514 "http://www.various-euro.com/frame-unten.html" "Mozilla/4.0 (compatible; MSIE 7.0; Windows NT 6.0; SLCC1; .NET CLR 2.0.50727; Media Center PC 5.0; .NET CLR 3.0.04506)"
209.242.55.10 - - [13/Sep/2008:03:21:38 +0200] "GET /ve-icon-2.ico HTTP/1.1" 200 2238 "-" "Mozilla/4.0 (compatible; MSIE 7.0; Windows NT 6.0; SLCC1; .NET CLR 2.0.50727; Media Center PC 5.0; .NET CLR 3.0.04506)"
150.70.84.47 - - [13/Sep/2008:03:22:46 +0200] "GET /neon/click.html HTTP/1.0" 200 521 "-" "Mozilla/4.0 (compatible; MSIE 6.0; Windows NT 5.1)"
150.70.84.47 - - [13/Sep/2008:03:22:58 +0200] "GET /neon/girlz2.html HTTP/1.0" 200 2937 "-" "Mozilla/4.0 (compatible; MSIE 6.0; Windows NT 5.1)"
150.70.84.47 - - [13/Sep/2008:03:23:29 +0200] "GET /neon/sushi.html HTTP/1.0" 200 687 "-" "Mozilla/4.0 (compatible; MSIE 6.0; Windows NT 5.1)"
77.88.26.27 - - [13/Sep/2008:03:35:52 +0200] "GET /robots.txt HTTP/1.1" 200 64 "-" "Yandex/1.01.001 (compatible; Win16; I)"
77.88.26.27 - - [13/Sep/2008:03:35:52 +0200] "GET / HTTP/1.1" 200 7869 "-" "Yandex/1.01.001 (compatible; Win16; I)"
65.55.211.162 - - [13/Sep/2008:04:08:20 +0200] "GET /robots.txt HTTP/1.1" 200 64 "-" "msnbot/1.1 (+http://search.msn.com/msnbot.htm)"
65.55.211.162 - - [13/Sep/2008:04:08:22 +0200] "GET /neon/girlz2.html HTTP/1.1" 200 2937 "-" "msnbot/1.1 (+http://search.msn.com/msnbot.htm)"
77.91.224.4 - - [13/Sep/2008:04:46:37 +0200] "GET /robots.txt HTTP/1.1" 200 64 "-" "Yanga WorldSearch Bot v1.1/beta (http://www.yanga.co.uk/)"
77.91.224.4 - - [13/Sep/2008:04:46:37 +0200] "GET /framez-rez.html HTTP/1.1" 200 4323 "-" "Yanga WorldSearch Bot v1.1/beta (http://www.yanga.co.uk/)"
65.55.211.172 - - [13/Sep/2008:05:24:18 +0200] "GET /robots.txt HTTP/1.1" 200 64 "-" "msnbot/1.1 (+http://search.msn.com/msnbot.htm)"
65.55.211.172 - - [13/Sep/2008:05:24:18 +0200] "GET /f-world.html HTTP/1.1" 200 35590 "-" "msnbot/1.1 (+http://search.msn.com/msnbot.htm)"
74.6.17.153 - - [13/Sep/2008:06:01:44 +0200] "GET /robots.txt HTTP/1.0" 200 64 "-" "Mozilla/5.0 (compatible; Yahoo! Slurp; http://help.yahoo.com/help/us/ysearch/slurp)"
74.6.17.153 - - [13/Sep/2008:06:01:44 +0200] "GET / HTTP/1.0" 200 7869 "-" "Mozilla/5.0 (compatible; Yahoo! Slurp; http://help.yahoo.com/help/us/ysearch/slurp)"
65.55.211.170 - - [13/Sep/2008:06:02:11 +0200] "GET /robots.txt HTTP/1.1" 200 64 "-" "msnbot/1.1 (+http://search.msn.com/msnbot.htm)"
65.55.211.170 - - [13/Sep/2008:06:02:11 +0200] "GET /logs/usage_200712.html HTTP/1.1" 200 92577 "-" "msnbot/1.1 (+http://search.msn.com/msnbot.htm)"
220.181.61.232 - - [13/Sep/2008:06:27:41 +0200] "GET /robots.txt HTTP/1.1" 302 363 "-" "-"
165.160.2.20 - - [13/Sep/2008:06:42:31 +0200] "GET /framez-restate.html HTTP/1.1" 200 4328 "-" "Mozilla/5.0 (Windows; U; Windows NT 5.1; en-US; rv:1.8.1.6) Gecko/20070725 Firefox/2.0.0.6"
65.55.211.164 - - [13/Sep/2008:06:47:31 +0200] "GET /robots.txt HTTP/1.1" 200 64 "-" "msnbot/1.1 (+http://search.msn.com/msnbot.htm)"
65.55.211.164 - - [13/Sep/2008:06:47:31 +0200] "GET /triple-double-u/ HTTP/1.1" 403 1223 "-" "msnbot/1.1 (+http://search.msn.com/msnbot.htm)"
65.55.211.164 - - [13/Sep/2008:06:47:32 +0200] "GET /logs/usage_200703.html HTTP/1.1" 200 108444 "-" "msnbot/1.1 (+http://search.msn.com/msnbot.htm)"
91.124.231.133 - - [13/Sep/2008:07:13:51 +0200] "HEAD /framez-rez.html HTTP/1.1" 200 - "http://extrabot.com/bot/zucqwicqiba.htm" "Mozilla/4.0 (compatible; MSIE 7.0; Windows NT 5.1; .NET CLR 1.0.3705; .NET CLR 1.1.4322; Media Center PC 4.0)"
91.124.231.133 - - [13/Sep/2008:07:16:27 +0200] "HEAD /framez-rez.html HTTP/1.1" 200 - "http://extrabot.com/bot/zucqwicqiba.htm" "Mozilla/5.0 (Windows; U; Windows NT 6.0; en-GB; rv:1.8.1.3) Gecko/20070309 Firefox/2.0.0.3"
91.124.231.133 - - [13/Sep/2008:07:17:29 +0200] "HEAD /framez-rez.html HTTP/1.1" 200 - "http://extrabot.com/bot/zucqwicqiba.htm" "Mozilla/4.0 (compatible; MSIE 7.0; Windows NT 5.1; .NET CLR 1.1.4322; HbTools 4.8.4)"
65.55.211.180 - - [13/Sep/2008:07:20:04 +0200] "GET /robots.txt HTTP/1.1" 200 64 "-" "msnbot/1.1 (+http://search.msn.com/msnbot.htm)"
65.55.211.180 - - [13/Sep/2008:07:20:04 +0200] "GET /neon/code.html HTTP/1.1" 200 1109 "-" "msnbot/1.1 (+http://search.msn.com/msnbot.htm)"
91.124.231.133 - - [13/Sep/2008:07:21:08 +0200] "HEAD /framez-rez.html HTTP/1.1" 200 - "http://extrabot.com/bot/zucqwicqiba.htm" "Mozilla/5.0 (Macintosh; U; Intel Mac OS X; es) AppleWebKit/418.9.1 (KHTML, like Gecko) Safari/419.3"
65.55.211.170 - - [13/Sep/2008:07:38:31 +0200] "GET /f-maintitle.html HTTP/1.1" 200 5030 "-" "msnbot/1.1 (+http://search.msn.com/msnbot.htm)"
65.55.110.34 - - [13/Sep/2008:07:41:48 +0200] "GET /f-maintitle.html HTTP/1.0" 200 5030 "http://search.live.com/results.aspx?q=various" "Mozilla/4.0 (compatible; MSIE 6.0; Windows NT 5.2; SV1; .NET CLR 1.1.4322)"
65.55.110.34 - - [13/Sep/2008:07:41:49 +0200] "GET /framez.html HTTP/1.0" 200 3959 "-" "Mozilla/4.0 (compatible; MSIE 6.0; Windows NT 5.2; SV1; .NET CLR 1.1.4322)"
65.55.110.34 - - [13/Sep/2008:07:41:49 +0200] "GET /style/various-euro.css HTTP/1.0" 200 3437 "http://www.various-euro.com/framez.html" "Mozilla/4.0 (compatible; MSIE 6.0; Windows NT 5.2; SV1; .NET CLR 1.1.4322)"
65.55.110.34 - - [13/Sep/2008:07:41:49 +0200] "GET /frame-menu.html HTTP/1.0" 200 10536 "http://www.various-euro.com/framez.html" "Mozilla/4.0 (compatible; MSIE 6.0; Windows NT 5.2; SV1; .NET CLR 1.1.4322)"
65.55.110.34 - - [13/Sep/2008:07:41:50 +0200] "GET /frame-inhalt.html HTTP/1.0" 200 5418 "http://www.various-euro.com/framez.html" "Mozilla/4.0 (compatible; MSIE 6.0; Windows NT 5.2; SV1; .NET CLR 1.1.4322)"
65.55.110.34 - - [13/Sep/2008:07:41:50 +0200] "GET /frame-unten.html HTTP/1.0" 200 5308 "http://www.various-euro.com/framez.html" "Mozilla/4.0 (compatible; MSIE 6.0; Windows NT 5.2; SV1; .NET CLR 1.1.4322)"
65.55.110.34 - - [13/Sep/2008:07:41:50 +0200] "GET /style/various-euro.css HTTP/1.0" 200 3437 "http://www.various-euro.com/frame-menu.html" "Mozilla/4.0 (compatible; MSIE 6.0; Windows NT 5.2; SV1; .NET CLR 1.1.4322)"
65.55.211.180 - - [13/Sep/2008:07:56:15 +0200] "GET /3dsf3/sendi/receiver.html HTTP/1.1" 200 1402 "-" "msnbot/1.1 (+http://search.msn.com/msnbot.htm)"
65.55.211.171 - - [13/Sep/2008:08:00:39 +0200] "GET /neon/sushi.html HTTP/1.1" 200 687 "-" "msnbot/1.1 (+http://search.msn.com/msnbot.htm)"
74.6.17.186 - - [13/Sep/2008:08:27:44 +0200] "GET /robots.txt HTTP/1.0" 200 64 "-" "Mozilla/5.0 (compatible; Yahoo! Slurp; http://help.yahoo.com/help/us/ysearch/slurp)"
74.6.17.186 - - [13/Sep/2008:08:27:44 +0200] "GET /rez/554.mp3 HTTP/1.0" 200 13335140 "-" "Mozilla/5.0 (compatible; Yahoo! Slurp; http://help.yahoo.com/help/us/ysearch/slurp)"
97.91.168.60 - - [13/Sep/2008:08:27:52 +0200] "GET / HTTP/1.1" 200 7869 "-" "Mozilla/5.0 (Windows; U; Windows NT 5.1; en-US; rv:1.9.0.1) Gecko/2008070208 Firefox/3.0.1"
97.91.168.60 - - [13/Sep/2008:08:27:53 +0200] "GET /style/various-euro.css HTTP/1.1" 200 3437 "http://www.various-euro.com/" "Mozilla/5.0 (Windows; U; Windows NT 5.1; en-US; rv:1.9.0.1) Gecko/2008070208 Firefox/3.0.1"
97.91.168.60 - - [13/Sep/2008:08:27:53 +0200] "GET /ve-icon-2.ico HTTP/1.1" 200 2238 "-" "Mozilla/5.0 (Windows; U; Windows NT 5.1; en-US; rv:1.9.0.1) Gecko/2008070208 Firefox/3.0.1"
66.34.204.26 - - [13/Sep/2008:08:34:44 +0200] "GET / HTTP/1.1" 302 353 "http://www.keywordspy.com/keyword-research/zampa.various-euro.com" "Mozilla/4.0 (compatible; MSIE 7.0; Windows NT 5.1; Alexa Toolbar)"
66.34.204.26 - - [13/Sep/2008:08:34:45 +0200] "GET /zampa/ HTTP/1.1" 200 7153 "http://www.keywordspy.com/keyword-research/zampa.various-euro.com" "Mozilla/4.0 (compatible; MSIE 7.0; Windows NT 5.1; Alexa Toolbar)"
66.34.204.26 - - [13/Sep/2008:08:34:46 +0200] "GET / HTTP/1.1" 302 353 "http://www.keywordspy.com/keyword-research/zampa.various-euro.com" "Mozilla/4.0 (compatible; MSIE 7.0; Windows NT 5.1; Alexa Toolbar)"
66.34.204.26 - - [13/Sep/2008:08:34:46 +0200] "GET /zampa/ HTTP/1.1" 200 7153 "http://www.keywordspy.com/keyword-research/zampa.various-euro.com" "Mozilla/4.0 (compatible; MSIE 7.0; Windows NT 5.1; Alexa Toolbar)"
66.34.204.26 - - [13/Sep/2008:08:34:46 +0200] "GET / HTTP/1.1" 302 353 "http://www.keywordspy.com/keyword-research/zampa.various-euro.com" "Mozilla/4.0 (compatible; MSIE 7.0; Windows NT 5.1; Alexa Toolbar)"
66.34.204.26 - - [13/Sep/2008:08:34:47 +0200] "GET /zampa/ HTTP/1.1" 200 7153 "http://www.keywordspy.com/keyword-research/zampa.various-euro.com" "Mozilla/4.0 (compatible; MSIE 7.0; Windows NT 5.1; Alexa Toolbar)"
119.63.193.62 - - [13/Sep/2008:08:43:44 +0200] "GET /robots.txt HTTP/1.1" 200 64 "-" "Baiduspider+(+http://www.baidu.com/search/spider_jp.html)"
74.6.17.186 - - [13/Sep/2008:09:07:47 +0200] "GET /f-search.html HTTP/1.0" 200 11800 "-" "Mozilla/5.0 (compatible; Yahoo! Slurp; http://help.yahoo.com/help/us/ysearch/slurp)"
220.181.61.232 - - [13/Sep/2008:09:22:49 +0200] "GET / HTTP/1.1" 302 353 "-" "Sogou web spider/4.0(+http://www.sogou.com/docs/help/webmasters.htm#07)"
220.181.61.232 - - [13/Sep/2008:09:23:01 +0200] "GET /robots.txt HTTP/1.1" 304 - "-" "-"
119.63.193.43 - - [13/Sep/2008:09:34:46 +0200] "GET / HTTP/1.1" 200 7869 "-" "Baiduspider+(+http://help.baidu.jp/system/05.html)"
74.6.17.186 - - [13/Sep/2008:09:53:32 +0200] "GET /framez-rez.html HTTP/1.0" 200 4323 "-" "Mozilla/5.0 (compatible; Yahoo! Slurp; http://help.yahoo.com/help/us/ysearch/slurp)"
74.6.17.186 - - [13/Sep/2008:09:53:33 +0200] "GET /frame-menu.html HTTP/1.0" 200 10536 "-" "Mozilla/5.0 (compatible; Yahoo! Slurp; http://help.yahoo.com/help/us/ysearch/slurp)"
74.6.17.186 - - [13/Sep/2008:09:53:33 +0200] "GET /f-rez.html HTTP/1.0" 200 9765 "-" "Mozilla/5.0 (compatible; Yahoo! Slurp; http://help.yahoo.com/help/us/ysearch/slurp)"
74.6.17.186 - - [13/Sep/2008:09:53:34 +0200] "GET /frame-unten.html HTTP/1.0" 200 5308 "-" "Mozilla/5.0 (compatible; Yahoo! Slurp; http://help.yahoo.com/help/us/ysearch/slurp)"
65.55.211.174 - - [13/Sep/2008:10:03:34 +0200] "GET /robots.txt HTTP/1.1" 200 64 "-" "msnbot/1.1 (+http://search.msn.com/msnbot.htm)"
65.55.211.174 - - [13/Sep/2008:10:03:34 +0200] "GET /framez-girlz-neon.html HTTP/1.1" 200 4388 "-" "msnbot/1.1 (+http://search.msn.com/msnbot.htm)"
65.55.211.174 - - [13/Sep/2008:10:06:42 +0200] "GET /robots.txt HTTP/1.1" 200 64 "-" "msnbot/1.0 (+http://search.msn.com/msnbot.htm)"
65.55.211.174 - - [13/Sep/2008:10:06:42 +0200] "GET /frame-menu.html HTTP/1.1" 200 10536 "-" "msnbot/1.0 (+http://search.msn.com/msnbot.htm)"
65.55.211.174 - - [13/Sep/2008:10:06:43 +0200] "GET /neon/girlz2.html HTTP/1.1" 200 2937 "-" "msnbot/1.0 (+http://search.msn.com/msnbot.htm)"
65.55.211.174 - - [13/Sep/2008:10:06:43 +0200] "GET /frame-unten.html HTTP/1.1" 200 5308 "-" "msnbot/1.0 (+http://search.msn.com/msnbot.htm)"
66.249.65.2 - - [13/Sep/2008:10:13:57 +0200] "GET /schubb/schubb-2.html HTTP/1.1" 200 16660 "-" "Mozilla/5.0 (compatible; Googlebot/2.1; +http://www.google.com/bot.html)"
66.249.65.2 - - [13/Sep/2008:10:13:57 +0200] "GET /schubb/schubb-4.html HTTP/1.1" 200 17746 "-" "Mozilla/5.0 (compatible; Googlebot/2.1; +http://www.google.com/bot.html)"
74.6.17.186 - - [13/Sep/2008:10:48:32 +0200] "GET /logs/usage_200703.html HTTP/1.0" 200 108444 "-" "Mozilla/5.0 (compatible; Yahoo! Slurp; http://help.yahoo.com/help/us/ysearch/slurp)"
190.31.140.196 - - [13/Sep/2008:11:01:08 +0200] "POST /cgi-bin/mailmachine.cgi HTTP/1.1" 404 2748 "http://various-euro.com/cgi-bin/mailmachine.cgi" "Mozilla/4.0 (compatible; MSIE 6.0; Windows NT 5.1)"
66.249.65.2 - - [13/Sep/2008:11:03:16 +0200] "GET /schubb/schubb-2.html HTTP/1.1" 200 16660 "-" "Mozilla/5.0 (compatible; Googlebot/2.1; +http://www.google.com/bot.html)"
66.249.65.2 - - [13/Sep/2008:11:03:17 +0200] "GET /schubb/schubb-4.html HTTP/1.1" 200 17746 "-" "Mozilla/5.0 (compatible; Googlebot/2.1; +http://www.google.com/bot.html)"
77.237.92.60 - - [13/Sep/2008:11:13:20 +0200] "GET /menueleiste.js HTTP/1.1" 404 2748 "http://www.various-euro.com/restate_copy.html" "Mozilla/4.0 (compatible; MSIE 6.0; Windows NT 5.1; SV1; .NET CLR 1.1.4322)"
77.237.92.60 - - [13/Sep/2008:11:13:21 +0200] "GET /bannerz/rebelle.gif HTTP/1.1" 200 6986 "http://www.various-euro.com/restate_copy.html" "Mozilla/4.0 (compatible; MSIE 6.0; Windows NT 5.1; SV1; .NET CLR 1.1.4322)"
77.237.92.60 - - [13/Sep/2008:11:13:23 +0200] "GET /detonators.gif HTTP/1.1" 200 14892 "http://www.various-euro.com/restate_copy.html" "Mozilla/4.0 (compatible; MSIE 6.0; Windows NT 5.1; SV1; .NET CLR 1.1.4322)"
77.237.92.60 - - [13/Sep/2008:11:13:18 +0200] "GET /restate_copy.html HTTP/1.1" 200 97631 "http://www.google.com/search?hl=en&sa=X&oi=spell&resnum=0&ct=result&cd=1&q=antiorp+chemical+park&spell=1" "Mozilla/4.0 (compatible; MSIE 6.0; Windows NT 5.1; SV1; .NET CLR 1.1.4322)"
77.237.92.60 - - [13/Sep/2008:11:13:33 +0200] "GET /framez-restate.html HTTP/1.1" 200 4328 "-" "Mozilla/4.0 (compatible; MSIE 6.0; Windows NT 5.1; SV1; .NET CLR 1.1.4322)"
77.237.92.60 - - [13/Sep/2008:11:13:33 +0200] "GET /frame-menu.html HTTP/1.1" 200 10536 "http://www.various-euro.com/framez-restate.html" "Mozilla/4.0 (compatible; MSIE 6.0; Windows NT 5.1; SV1; .NET CLR 1.1.4322)"
77.237.92.60 - - [13/Sep/2008:11:13:35 +0200] "GET /frame-unten.html HTTP/1.1" 200 5308 "http://www.various-euro.com/framez-restate.html" "Mozilla/4.0 (compatible; MSIE 6.0; Windows NT 5.1; SV1; .NET CLR 1.1.4322)"
77.237.92.60 - - [13/Sep/2008:11:13:36 +0200] "GET /style/various-euro.css HTTP/1.1" 200 3437 "http://www.various-euro.com/frame-menu.html" "Mozilla/4.0 (compatible; MSIE 6.0; Windows NT 5.1; SV1; .NET CLR 1.1.4322)"
77.237.92.60 - - [13/Sep/2008:11:13:37 +0200] "GET /menueleiste.js HTTP/1.1" 404 2748 "http://www.various-euro.com/restate_copy.html" "Mozilla/4.0 (compatible; MSIE 6.0; Windows NT 5.1; SV1; .NET CLR 1.1.4322)"
77.237.92.60 - - [13/Sep/2008:11:13:33 +0200] "GET /restate_copy.html HTTP/1.1" 200 97631 "http://www.various-euro.com/framez-restate.html" "Mozilla/4.0 (compatible; MSIE 6.0; Windows NT 5.1; SV1; .NET CLR 1.1.4322)"
77.237.92.60 - - [13/Sep/2008:11:13:47 +0200] "GET /bannerz/ve.jpg HTTP/1.1" 200 36912 "http://www.various-euro.com/frame-unten.html" "Mozilla/4.0 (compatible; MSIE 6.0; Windows NT 5.1; SV1; .NET CLR 1.1.4322)"
77.237.92.60 - - [13/Sep/2008:11:13:37 +0200] "GET /bannerz/various-euro-girl.jpg HTTP/1.1" 200 91514 "http://www.various-euro.com/frame-unten.html" "Mozilla/4.0 (compatible; MSIE 6.0; Windows NT 5.1; SV1; .NET CLR 1.1.4322)"
38.108.180.10 - - [13/Sep/2008:11:22:44 +0200] "GET /robots.txt HTTP/1.1" 200 64 "-" "Mozilla/5.0 (compatible; ScoutJet; +http://www.scoutjet.com/)"
38.108.180.10 - - [13/Sep/2008:11:23:01 +0200] "GET /framez-rez.html HTTP/1.1" 200 4323 "-" "Mozilla/5.0 (compatible; ScoutJet; +http://www.scoutjet.com/)"
38.108.180.10 - - [13/Sep/2008:11:23:17 +0200] "GET /ve-icon-2.ico HTTP/1.1" 200 2238 "-" "Mozilla/5.0 (compatible; ScoutJet; +http://www.scoutjet.com/)"
74.6.17.186 - - [13/Sep/2008:11:53:09 +0200] "GET / HTTP/1.0" 200 7869 "-" "Mozilla/5.0 (compatible; Yahoo! Slurp; http://help.yahoo.com/help/us/ysearch/slurp)"
66.249.65.2 - - [13/Sep/2008:12:05:12 +0200] "GET /logs/usage_200809.html HTTP/1.1" 404 2748 "-" "Mozilla/5.0 (compatible; Googlebot/2.1; +http://www.google.com/bot.html)"
77.91.224.4 - - [13/Sep/2008:12:11:50 +0200] "GET /robots.txt HTTP/1.1" 200 64 "-" "Yanga WorldSearch Bot v1.1/beta (http://www.yanga.co.uk/)"
208.66.193.164 - - [13/Sep/2008:12:11:50 +0200] "GET / HTTP/1.1" 200 7869 "-" "Yanga WorldSearch Bot v1.1/beta (http://www.yanga.co.uk/)"
220.181.61.232 - - [13/Sep/2008:12:22:00 +0200] "GET /zampa/ HTTP/1.1" 200 7153 "-" "Sogou web spider/4.0(+http://www.sogou.com/docs/help/webmasters.htm#07)"
66.231.189.44 - - [13/Sep/2008:12:22:37 +0200] "GET /robots.txt HTTP/1.0" 302 363 "-" "Gigabot/3.0 (http://www.gigablast.com/spider.html)"
66.231.189.124 - - [13/Sep/2008:12:22:37 +0200] "GET / HTTP/1.0" 302 353 "-" "Gigabot/3.0 (http://www.gigablast.com/spider.html)"
65.55.211.175 - - [13/Sep/2008:12:41:03 +0200] "GET /robots.txt HTTP/1.1" 200 64 "-" "msnbot/1.1 (+http://search.msn.com/msnbot.htm)"
65.55.211.175 - - [13/Sep/2008:12:41:04 +0200] "GET /f-horrorkatze.html HTTP/1.1" 200 7865 "-" "msnbot/1.1 (+http://search.msn.com/msnbot.htm)"
74.6.17.186 - - [13/Sep/2008:12:42:56 +0200] "GET /games/virtualcop/virtualcop.html HTTP/1.0" 200 4487 "-" "Mozilla/5.0 (compatible; Yahoo! Slurp; http://help.yahoo.com/help/us/ysearch/slurp)"
66.249.65.2 - - [13/Sep/2008:12:45:30 +0200] "GET /framez-rez.html HTTP/1.1" 200 4323 "-" "Mozilla/5.0 (compatible; Googlebot/2.1; +http://www.google.com/bot.html)"
83.133.125.202 - - [13/Sep/2008:13:51:56 +0200] "GET / HTTP/1.0" 200 7869 "-" "-"
83.133.125.202 - - [13/Sep/2008:13:51:56 +0200] "GET / HTTP/1.0" 200 7869 "-" "-"
38.108.180.10 - - [13/Sep/2008:14:04:10 +0200] "GET / HTTP/1.1" 200 7869 "-" "Mozilla/5.0 (compatible; ScoutJet; +http://www.scoutjet.com/)"
38.108.180.10 - - [13/Sep/2008:14:04:47 +0200] "GET /framez.html HTTP/1.1" 200 3959 "-" "Mozilla/5.0 (compatible; ScoutJet; +http://www.scoutjet.com/)"
38.108.180.10 - - [13/Sep/2008:14:05:16 +0200] "GET /frame-menu.html HTTP/1.1" 200 10536 "-" "Mozilla/5.0 (compatible; ScoutJet; +http://www.scoutjet.com/)"
74.6.17.186 - - [13/Sep/2008:14:37:48 +0200] "GET /restate_copy.html HTTP/1.0" 200 97631 "-" "Mozilla/5.0 (compatible; Yahoo! Slurp; http://help.yahoo.com/help/us/ysearch/slurp)"
65.55.211.180 - - [13/Sep/2008:15:38:24 +0200] "GET /frame-inhalt.html HTTP/1.1" 200 5418 "-" "msnbot/1.1 (+http://search.msn.com/msnbot.htm)"
64.17.2.164 - - [13/Sep/2008:15:48:58 +0200] "GET /robots.txt HTTP/1.1" 302 363 "-" "MLBot (www.metadatalabs.com/mlbot)"
64.17.2.164 - - [13/Sep/2008:15:48:58 +0200] "GET /zampa/robots.txt HTTP/1.1" 404 2748 "-" "MLBot (www.metadatalabs.com/mlbot)"
64.17.2.164 - - [13/Sep/2008:15:48:59 +0200] "GET / HTTP/1.1" 302 353 "-" "MLBot (www.metadatalabs.com/mlbot)"
64.17.2.164 - - [13/Sep/2008:15:48:59 +0200] "GET /zampa/ HTTP/1.1" 200 7153 "-" "MLBot (www.metadatalabs.com/mlbot)"
65.55.211.180 - - [13/Sep/2008:16:09:20 +0200] "GET /restate_copy.html HTTP/1.1" 200 97631 "-" "msnbot/1.1 (+http://search.msn.com/msnbot.htm)"
193.252.149.16 - - [13/Sep/2008:17:00:07 +0200] "GET / HTTP/1.1" 200 7869 "-" "Mozilla/5.0 (Windows; U; Windows NT 5.1; fr; rv:1.8.1) VoilaBot BETA 1.2 (support.voilabot@orange-ftgroup.com)"
79.175.75.160 - - [13/Sep/2008:17:33:20 +0200] "GET /framez-zampa-lovers.html HTTP/1.1" 200 4322 "http://www.google.com/search?hl=en&q=where+is+born++ilic+karlos&start=10&sa=N" "Mozilla/4.0 (compatible; MSIE 6.0; Windows NT 5.1; SV1; Media Center PC 3.0; .NET CLR 1.0.3705; .NET CLR 2.0.50727)"
79.175.75.160 - - [13/Sep/2008:17:33:20 +0200] "GET /frame-unten.html HTTP/1.1" 200 5308 "http://www.various-euro.com/framez-zampa-lovers.html" "Mozilla/4.0 (compatible; MSIE 6.0; Windows NT 5.1; SV1; Media Center PC 3.0; .NET CLR 1.0.3705; .NET CLR 2.0.50727)"
79.175.75.160 - - [13/Sep/2008:17:33:20 +0200] "GET /zampa-lovers/index.html HTTP/1.1" 200 37790 "http://www.various-euro.com/framez-zampa-lovers.html" "Mozilla/4.0 (compatible; MSIE 6.0; Windows NT 5.1; SV1; Media Center PC 3.0; .NET CLR 1.0.3705; .NET CLR 2.0.50727)"
79.175.75.160 - - [13/Sep/2008:17:33:20 +0200] "GET /bannerz/ve.jpg HTTP/1.1" 200 36912 "http://www.various-euro.com/frame-unten.html" "Mozilla/4.0 (compatible; MSIE 6.0; Windows NT 5.1; SV1; Media Center PC 3.0; .NET CLR 1.0.3705; .NET CLR 2.0.50727)"
79.175.75.160 - - [13/Sep/2008:17:33:23 +0200] "GET /frame-menu.html HTTP/1.1" 200 10536 "http://www.various-euro.com/framez-zampa-lovers.html" "Mozilla/4.0 (compatible; MSIE 6.0; Windows NT 5.1; SV1; Media Center PC 3.0; .NET CLR 1.0.3705; .NET CLR 2.0.50727)"
79.175.75.160 - - [13/Sep/2008:17:33:23 +0200] "GET /zampa-lovers/WASISTMI1.MPG HTTP/1.1" 200 271221 "-" "Windows-Media-Player/10.00.00.3646"
79.175.75.160 - - [13/Sep/2008:17:33:23 +0200] "GET /zampa-lovers/ZAMPAMA2.MPG HTTP/1.1" 200 63492 "-" "Windows-Media-Player/10.00.00.3646"
