82.99.30.10 - - [22/Sep/2008:02:52:06 +0200] "GET /bannerz/pavuokwui.gif HTTP/1.0" 200 82088 "http://www.munax.com/referer.htm" "Mozilla/4.0 (compatible; MSIE 6.0; Windows NT 5.1)"
65.55.212.217 - - [22/Sep/2008:02:54:03 +0200] "GET /3dsf3/sendi/rituals.html HTTP/1.0" 200 1411 "-" "msnbot-media/1.0 (+http://search.msn.com/msnbot.htm)"
208.36.144.10 - - [22/Sep/2008:03:22:42 +0200] "GET /prog.html HTTP/1.0" 404 2748 "-" "Mozilla/5.0 (Twiceler-0.9 http://www.cuil.com/twiceler/robot.html)"
65.55.212.217 - - [22/Sep/2008:03:39:07 +0200] "GET /f-maintitle.html HTTP/1.0" 200 5030 "-" "msnbot-media/1.0 (+http://search.msn.com/msnbot.htm)"
65.55.212.217 - - [22/Sep/2008:03:49:42 +0200] "GET /bmpp/euro_pal_1.html HTTP/1.0" 200 18252 "-" "msnbot-media/1.0 (+http://search.msn.com/msnbot.htm)"
65.55.212.217 - - [22/Sep/2008:03:49:43 +0200] "GET /3dsf3/sendi/communication.html HTTP/1.0" 200 1331 "-" "msnbot-media/1.0 (+http://search.msn.com/msnbot.htm)"
65.55.212.217 - - [22/Sep/2008:03:49:44 +0200] "GET /schubb/schubb-3.html HTTP/1.0" 200 17546 "-" "msnbot-media/1.0 (+http://search.msn.com/msnbot.htm)"
65.55.212.217 - - [22/Sep/2008:04:03:08 +0200] "GET /robots.txt HTTP/1.0" 200 64 "-" "msnbot-media/1.0 (+http://search.msn.com/msnbot.htm)"
65.55.212.217 - - [22/Sep/2008:04:03:08 +0200] "GET /schubb/schubb-1.html HTTP/1.0" 200 9070 "-" "msnbot-media/1.0 (+http://search.msn.com/msnbot.htm)"
65.55.212.217 - - [22/Sep/2008:04:20:53 +0200] "GET /3dsf3/sendi/catastrophe.html HTTP/1.0" 200 1322 "-" "msnbot-media/1.0 (+http://search.msn.com/msnbot.htm)"
65.55.212.217 - - [22/Sep/2008:04:43:33 +0200] "GET /neon/girlz3.html HTTP/1.0" 200 2479 "-" "msnbot-media/1.0 (+http://search.msn.com/msnbot.htm)"
65.55.212.217 - - [22/Sep/2008:04:43:34 +0200] "GET /3dsf3/sendi/connection.html HTTP/1.0" 200 1336 "-" "msnbot-media/1.0 (+http://search.msn.com/msnbot.htm)"
65.55.212.217 - - [22/Sep/2008:04:43:34 +0200] "GET /3dsf3/sendi/animals.html HTTP/1.0" 200 1422 "-" "msnbot-media/1.0 (+http://search.msn.com/msnbot.htm)"
65.55.212.217 - - [22/Sep/2008:04:44:54 +0200] "GET /3dsf3/sendi/index.html HTTP/1.0" 200 1837 "-" "msnbot-media/1.0 (+http://search.msn.com/msnbot.htm)"
65.55.212.217 - - [22/Sep/2008:04:55:46 +0200] "GET /3dsf3/sendi/utopia.html HTTP/1.0" 200 1295 "-" "msnbot-media/1.0 (+http://search.msn.com/msnbot.htm)"
65.55.212.217 - - [22/Sep/2008:05:07:14 +0200] "GET /frame-inhalt.html HTTP/1.0" 200 5418 "-" "msnbot-media/1.0 (+http://search.msn.com/msnbot.htm)"
65.55.212.217 - - [22/Sep/2008:05:07:16 +0200] "GET /framez-schubb2.html HTTP/1.0" 200 4314 "-" "msnbot-media/1.0 (+http://search.msn.com/msnbot.htm)"
65.55.212.217 - - [22/Sep/2008:05:14:33 +0200] "GET /3dsf3/sendi/receiver.html HTTP/1.0" 200 1402 "-" "msnbot-media/1.0 (+http://search.msn.com/msnbot.htm)"
65.55.212.217 - - [22/Sep/2008:05:14:46 +0200] "GET /3dsf3/sendi/body.html HTTP/1.0" 200 1322 "-" "msnbot-media/1.0 (+http://search.msn.com/msnbot.htm)"
65.55.212.217 - - [22/Sep/2008:05:14:48 +0200] "GET /3dsf3/sendi/sacrifice.html HTTP/1.0" 200 1309 "-" "msnbot-media/1.0 (+http://search.msn.com/msnbot.htm)"
65.55.212.217 - - [22/Sep/2008:05:17:29 +0200] "GET /neon/code.html HTTP/1.0" 200 1109 "-" "msnbot-media/1.0 (+http://search.msn.com/msnbot.htm)"
65.55.212.217 - - [22/Sep/2008:05:42:12 +0200] "GET /bmpp/euro_pal_2.html HTTP/1.0" 200 5109 "-" "msnbot-media/1.0 (+http://search.msn.com/msnbot.htm)"
208.36.144.10 - - [22/Sep/2008:05:58:08 +0200] "GET /ie_menue.html HTTP/1.0" 404 2748 "-" "Mozilla/5.0 (Twiceler-0.9 http://www.cuil.com/twiceler/robot.html)"
64.1.215.165 - - [22/Sep/2008:06:04:18 +0200] "GET /zampa/montenegro/BATAW.html HTTP/1.0" 200 860 "-" "Mozilla/5.0 (Twiceler-0.9 http://www.cuil.com/twiceler/robot.html)"
65.55.211.168 - - [22/Sep/2008:06:31:29 +0200] "GET /robots.txt HTTP/1.1" 200 64 "-" "msnbot/1.1 (+http://search.msn.com/msnbot.htm)"
65.55.211.168 - - [22/Sep/2008:06:31:29 +0200] "GET /schubb/schubb-4.html HTTP/1.1" 200 17746 "-" "msnbot/1.1 (+http://search.msn.com/msnbot.htm)"
208.36.144.10 - - [22/Sep/2008:06:33:24 +0200] "GET /neon/biggtani.html HTTP/1.0" 200 1698 "-" "Mozilla/5.0 (Twiceler-0.9 http://www.cuil.com/twiceler/robot.html)"
64.1.215.165 - - [22/Sep/2008:06:38:31 +0200] "GET /zampa/montenegro/ZMAJW.html HTTP/1.0" 200 860 "-" "Mozilla/5.0 (Twiceler-0.9 http://www.cuil.com/twiceler/robot.html)"
65.55.212.217 - - [22/Sep/2008:06:57:22 +0200] "GET /f-rez.html HTTP/1.0" 200 9765 "-" "msnbot-media/1.0 (+http://search.msn.com/msnbot.htm)"
74.6.18.222 - - [22/Sep/2008:06:58:10 +0200] "GET /games/wildwildwest/ HTTP/1.0" 403 1223 "-" "Mozilla/5.0 (compatible; Yahoo! Slurp; http://help.yahoo.com/help/us/ysearch/slurp)"
65.55.212.217 - - [22/Sep/2008:07:24:09 +0200] "GET /f-contact.html HTTP/1.0" 200 6804 "-" "msnbot-media/1.0 (+http://search.msn.com/msnbot.htm)"
38.100.21.202 - - [22/Sep/2008:07:25:12 +0200] "GET /framez-restate.html HTTP/1.1" 200 4328 "http://www.google.com/custom?cof=GALT%3A336600%3BVLC%3A000066%3BAH%3Acenter%3BBGC%3AFFFFFF%3BLH%3A81%3BLC%3A000066%3BGFNT%3A336600%3BL%3Ahttp%3A%2F%2Fcyveillance.allthesites.com%2Fimages%2Fats_logo.gif%3BALC%3A000066%3BLW%3A361%3BT%3A000066%3BGIMP%3A336600%3BAWFID%3A248cacfbbe0ae58f%3B&q=%22state%20farm%22%20yahoo%20%22previous%20message%22&num=100&hl=en&start=0&filter=0" "Mozilla/4.0 (compatible; MSIE 5.5; Windows NT 5.0)"
201.137.50.150 - - [22/Sep/2008:07:33:43 +0200] "GET /ccbill/index.php HTTP/1.1" 404 2748 "http://various-euro.com/ccbill/index.php" "Mozilla/4.0 (compatible; MSIE 6.0; Windows NT 5.1)"
65.55.211.163 - - [22/Sep/2008:07:39:42 +0200] "GET /robots.txt HTTP/1.1" 200 64 "-" "msnbot/1.1 (+http://search.msn.com/msnbot.htm)"
65.55.211.163 - - [22/Sep/2008:07:39:42 +0200] "GET /neon/left-one-new.html HTTP/1.1" 200 1483 "-" "msnbot/1.1 (+http://search.msn.com/msnbot.htm)"
74.6.18.222 - - [22/Sep/2008:08:02:30 +0200] "GET /logs/ HTTP/1.0" 200 10079 "-" "Mozilla/5.0 (compatible; Yahoo! Slurp; http://help.yahoo.com/help/us/ysearch/slurp)"
65.55.211.169 - - [22/Sep/2008:08:18:36 +0200] "GET /robots.txt HTTP/1.1" 200 64 "-" "msnbot/1.1 (+http://search.msn.com/msnbot.htm)"
65.55.211.169 - - [22/Sep/2008:08:18:36 +0200] "GET /partnergegenberlin.html HTTP/1.1" 200 5022 "-" "msnbot/1.1 (+http://search.msn.com/msnbot.htm)"
208.36.144.10 - - [22/Sep/2008:08:31:05 +0200] "GET /net.html HTTP/1.0" 404 2748 "-" "Mozilla/5.0 (Twiceler-0.9 http://www.cuil.com/twiceler/robot.html)"
65.55.212.217 - - [22/Sep/2008:08:59:49 +0200] "GET /robots.txt HTTP/1.0" 302 363 "-" "msnbot-media/1.0 (+http://search.msn.com/msnbot.htm)"
65.55.212.217 - - [22/Sep/2008:08:59:49 +0200] "GET /zampa/robots.txt HTTP/1.0" 404 2748 "-" "msnbot-media/1.0 (+http://search.msn.com/msnbot.htm)"
65.55.212.217 - - [22/Sep/2008:08:59:50 +0200] "GET / HTTP/1.0" 302 353 "-" "msnbot-media/1.0 (+http://search.msn.com/msnbot.htm)"
65.55.212.217 - - [22/Sep/2008:09:02:41 +0200] "GET /zampa-lovers/index.html HTTP/1.0" 200 37790 "-" "msnbot-media/1.0 (+http://search.msn.com/msnbot.htm)"
65.55.212.217 - - [22/Sep/2008:09:14:42 +0200] "GET /zampa/ HTTP/1.0" 200 7153 "-" "msnbot-media/1.0 (+http://search.msn.com/msnbot.htm)"
65.55.212.217 - - [22/Sep/2008:09:37:28 +0200] "GET /partnergegenberlin.html HTTP/1.0" 200 5022 "-" "msnbot-media/1.0 (+http://search.msn.com/msnbot.htm)"
82.99.30.10 - - [22/Sep/2008:10:05:34 +0200] "GET /neon/EURO2gif.gif HTTP/1.0" 200 28944 "http://www.munax.com/referer.htm" "Mozilla/4.0 (compatible; MSIE 6.0; Windows NT 5.1)"
82.99.30.10 - - [22/Sep/2008:10:05:34 +0200] "GET /neon/EURO23c.gif HTTP/1.0" 200 41248 "http://www.munax.com/referer.htm" "Mozilla/4.0 (compatible; MSIE 6.0; Windows NT 5.1)"
82.99.30.10 - - [22/Sep/2008:10:05:34 +0200] "GET /neon/EURO23.gif HTTP/1.0" 200 28963 "http://www.munax.com/referer.htm" "Mozilla/4.0 (compatible; MSIE 6.0; Windows NT 5.1)"
82.99.30.10 - - [22/Sep/2008:10:05:34 +0200] "GET /neon/EURO23a.gif HTTP/1.0" 200 33058 "http://www.munax.com/referer.htm" "Mozilla/4.0 (compatible; MSIE 6.0; Windows NT 5.1)"
82.99.30.10 - - [22/Sep/2008:10:05:34 +0200] "GET /neon/EURO23b.gif HTTP/1.0" 200 37153 "http://www.munax.com/referer.htm" "Mozilla/4.0 (compatible; MSIE 6.0; Windows NT 5.1)"
82.99.30.13 - - [22/Sep/2008:10:10:05 +0200] "GET /zampa/lybia/slike/tele.jpg HTTP/1.0" 200 28022 "http://www.munax.com/referer.htm" "Mozilla/4.0 (compatible; MSIE 6.0; Windows NT 5.1)"
91.205.124.4 - - [22/Sep/2008:10:20:38 +0200] "GET /robots.txt HTTP/1.1" 200 64 "-" "Yanga WorldSearch Bot v1.1/beta (http://www.yanga.co.uk/)"
208.66.193.164 - - [22/Sep/2008:10:20:38 +0200] "GET / HTTP/1.1" 200 7869 "-" "Yanga WorldSearch Bot v1.1/beta (http://www.yanga.co.uk/)"
65.55.211.181 - - [22/Sep/2008:10:23:20 +0200] "GET /robots.txt HTTP/1.1" 200 64 "-" "msnbot/1.1 (+http://search.msn.com/msnbot.htm)"
65.55.211.181 - - [22/Sep/2008:10:23:20 +0200] "GET /bmpp/euro_pal_111.html HTTP/1.1" 200 2129 "-" "msnbot/1.1 (+http://search.msn.com/msnbot.htm)"
218.194.80.220 - - [22/Sep/2008:10:28:12 +0200] "GET /DgH/watch/index.html HTTP/1.0" 200 2028 "http://ikvzypwg.freewebsitehosting.com/boob-lesbian-video.html" "Mozilla/4.0 (compatible; MSIE 6.0; Windows NT 5.1; SV1; .NET CLR 1.1.4322; XMPP Tiscali Communicator v.10.0.2; .NET CLR 2.0.50727)"
218.194.80.220 - - [22/Sep/2008:10:28:14 +0200] "GET /DgH/watch/index.html HTTP/1.0" 200 2028 "http://ikvzypwg.freewebsitehosting.com/boob-lesbian-video.html" "Mozilla/4.0 (compatible; MSIE 6.0; Windows NT 5.1; SV1; .NET CLR 1.1.4322; XMPP Tiscali Communicator v.10.0.2; .NET CLR 2.0.50727)"
208.36.144.6 - - [22/Sep/2008:11:12:50 +0200] "GET /robots.txt HTTP/1.0" 302 363 "-" "Mozilla/5.0 (Twiceler-0.9 http://www.cuil.com/twiceler/robot.html)"
64.17.2.164 - - [22/Sep/2008:11:30:21 +0200] "GET /robots.txt HTTP/1.1" 200 64 "-" "MLBot (www.metadatalabs.com/mlbot)"
64.17.2.164 - - [22/Sep/2008:11:30:22 +0200] "GET / HTTP/1.1" 200 7869 "-" "MLBot (www.metadatalabs.com/mlbot)"
82.99.30.38 - - [22/Sep/2008:11:34:46 +0200] "GET /zampa/montenegro/slike/plakat.jpg HTTP/1.0" 200 47879 "http://www.munax.com/referer.htm" "Mozilla/4.0 (compatible; MSIE 6.0; Windows NT 5.1)"
74.6.18.222 - - [22/Sep/2008:11:35:19 +0200] "GET /robots.txt HTTP/1.0" 200 64 "-" "Mozilla/5.0 (compatible; Yahoo! Slurp; http://help.yahoo.com/help/us/ysearch/slurp)"
74.6.18.222 - - [22/Sep/2008:11:35:19 +0200] "GET /bmpp/WS_FTP.LOG HTTP/1.0" 200 1352 "-" "Mozilla/5.0 (compatible; Yahoo! Slurp; http://help.yahoo.com/help/us/ysearch/slurp)"
74.6.18.222 - - [22/Sep/2008:11:37:22 +0200] "GET /zampa/montenegro/BATAW.html HTTP/1.0" 200 860 "-" "Mozilla/5.0 (compatible; Yahoo! Slurp; http://help.yahoo.com/help/us/ysearch/slurp)"
94.189.173.204 - - [22/Sep/2008:11:43:55 +0200] "GET / HTTP/1.1" 302 353 "http://www.google.com/search?client=opera&rls=en&q=zampa+di+leone&sourceid=opera&ie=utf-8&oe=utf-8" "Opera/9.52 (Windows NT 5.1; U; en)"
94.189.173.204 - - [22/Sep/2008:11:43:55 +0200] "GET /zampa/ HTTP/1.1" 200 7153 "http://www.google.com/search?client=opera&rls=en&q=zampa+di+leone&sourceid=opera&ie=utf-8&oe=utf-8" "Opera/9.52 (Windows NT 5.1; U; en)"
94.189.173.204 - - [22/Sep/2008:11:43:55 +0200] "GET /zampa/slike/zampa.gif HTTP/1.1" 200 5310 "http://www.various-euro.com/zampa/" "Opera/9.52 (Windows NT 5.1; U; en)"
94.189.173.204 - - [22/Sep/2008:11:43:55 +0200] "GET /zampa/slike/inthearse.gif HTTP/1.1" 200 4077 "http://www.various-euro.com/zampa/" "Opera/9.52 (Windows NT 5.1; U; en)"
94.189.173.204 - - [22/Sep/2008:11:43:55 +0200] "GET /zampa/slike/udupetu.gif HTTP/1.1" 200 4138 "http://www.various-euro.com/zampa/" "Opera/9.52 (Windows NT 5.1; U; en)"
94.189.173.204 - - [22/Sep/2008:11:43:55 +0200] "GET /favicon.ico HTTP/1.1" 404 2748 "http://www.various-euro.com/zampa/" "Opera/9.52 (Windows NT 5.1; U; en)"
94.189.173.204 - - [22/Sep/2008:11:44:08 +0200] "GET /zampa/slike/S1TITEL.GIF HTTP/1.1" 200 15244 "http://www.various-euro.com/zampa/" "Opera/9.52 (Windows NT 5.1; U; en)"
94.189.173.204 - - [22/Sep/2008:11:44:16 +0200] "GET /zampa/slike/S2COPY.GIF HTTP/1.1" 200 12771 "http://www.various-euro.com/zampa/" "Opera/9.52 (Windows NT 5.1; U; en)"
208.36.144.10 - - [22/Sep/2008:11:47:47 +0200] "GET /robots.txt HTTP/1.0" 200 64 "-" "Mozilla/5.0 (Twiceler-0.9 http://www.cuil.com/twiceler/robot.html)"
82.99.30.28 - - [22/Sep/2008:12:03:35 +0200] "GET /zampa/montenegro/slike/TESLAW.jpg HTTP/1.0" 200 3770 "http://www.munax.com/referer.htm" "Mozilla/4.0 (compatible; MSIE 6.0; Windows NT 5.1)"
82.99.30.28 - - [22/Sep/2008:12:03:35 +0200] "GET /zampa/montenegro/slike/ZMAJW.jpg HTTP/1.0" 200 4555 "http://www.munax.com/referer.htm" "Mozilla/4.0 (compatible; MSIE 6.0; Windows NT 5.1)"
82.99.30.28 - - [22/Sep/2008:12:03:35 +0200] "GET /zampa/montenegro/slike/BATAW.jpg HTTP/1.0" 200 2631 "http://www.munax.com/referer.htm" "Mozilla/4.0 (compatible; MSIE 6.0; Windows NT 5.1)"
82.99.30.28 - - [22/Sep/2008:12:03:35 +0200] "GET /zampa/montenegro/slike/SEKAW.jpg HTTP/1.0" 200 2786 "http://www.munax.com/referer.htm" "Mozilla/4.0 (compatible; MSIE 6.0; Windows NT 5.1)"
82.99.30.28 - - [22/Sep/2008:12:03:35 +0200] "GET /zampa/montenegro/slike/MILOW.jpg HTTP/1.0" 200 3823 "http://www.munax.com/referer.htm" "Mozilla/4.0 (compatible; MSIE 6.0; Windows NT 5.1)"
66.249.65.169 - - [22/Sep/2008:12:05:35 +0200] "GET /robots.txt HTTP/1.1" 200 64 "-" "Mozilla/5.0 (compatible; Googlebot/2.1; +http://www.google.com/bot.html)"
66.249.65.169 - - [22/Sep/2008:12:05:36 +0200] "GET /logs/usage_200809.html HTTP/1.1" 404 2748 "-" "Mozilla/5.0 (compatible; Googlebot/2.1; +http://www.google.com/bot.html)"
65.55.211.174 - - [22/Sep/2008:12:07:12 +0200] "GET /robots.txt HTTP/1.1" 200 64 "-" "msnbot/1.1 (+http://search.msn.com/msnbot.htm)"
65.55.211.174 - - [22/Sep/2008:12:07:14 +0200] "GET /f-doku-brau.html HTTP/1.1" 200 7152 "-" "msnbot/1.1 (+http://search.msn.com/msnbot.htm)"
65.55.109.61 - - [22/Sep/2008:12:09:29 +0200] "GET /f-doku-brau.html HTTP/1.0" 200 7152 "http://search.live.com/results.aspx?q=braeu" "Mozilla/4.0 (compatible; MSIE 6.0; Windows NT 5.2; SV1; .NET CLR 1.1.4322)"
65.55.109.61 - - [22/Sep/2008:12:09:29 +0200] "GET /framez-dbrau.html HTTP/1.0" 200 4313 "-" "Mozilla/4.0 (compatible; MSIE 6.0; Windows NT 5.2; SV1; .NET CLR 1.1.4322)"
65.55.109.61 - - [22/Sep/2008:12:09:29 +0200] "GET /frame-menu.html HTTP/1.0" 200 10536 "http://www.various-euro.com/framez-dbrau.html" "Mozilla/4.0 (compatible; MSIE 6.0; Windows NT 5.2; SV1; .NET CLR 1.1.4322)"
65.55.109.61 - - [22/Sep/2008:12:09:29 +0200] "GET /f-doku-brau.html HTTP/1.0" 200 7152 "http://www.various-euro.com/framez-dbrau.html" "Mozilla/4.0 (compatible; MSIE 6.0; Windows NT 5.2; SV1; .NET CLR 1.1.4322)"
65.55.109.61 - - [22/Sep/2008:12:09:30 +0200] "GET /frame-unten.html HTTP/1.0" 200 5308 "http://www.various-euro.com/framez-dbrau.html" "Mozilla/4.0 (compatible; MSIE 6.0; Windows NT 5.2; SV1; .NET CLR 1.1.4322)"
65.55.109.61 - - [22/Sep/2008:12:09:30 +0200] "GET /style/various-euro.css HTTP/1.0" 200 3437 "http://www.various-euro.com/frame-menu.html" "Mozilla/4.0 (compatible; MSIE 6.0; Windows NT 5.2; SV1; .NET CLR 1.1.4322)"
64.1.215.165 - - [22/Sep/2008:12:21:30 +0200] "GET /zampa/montenegro/SEKAW.html HTTP/1.0" 200 860 "-" "Mozilla/5.0 (Twiceler-0.9 http://www.cuil.com/twiceler/robot.html)"
82.99.30.2 - - [22/Sep/2008:12:23:47 +0200] "GET /zampa/wonderland/TWonder.gif HTTP/1.0" 200 76757 "http://www.munax.com/referer.htm" "Mozilla/4.0 (compatible; MSIE 6.0; Windows NT 5.1)"
65.55.211.168 - - [22/Sep/2008:12:24:55 +0200] "GET /f-zeug.html HTTP/1.1" 200 45338 "-" "msnbot/1.1 (+http://search.msn.com/msnbot.htm)"
193.252.149.16 - - [22/Sep/2008:12:38:44 +0200] "GET /DgH/ HTTP/1.1" 200 5024 "-" "Mozilla/5.0 (Windows; U; Windows NT 5.1; fr; rv:1.8.1) VoilaBot BETA 1.2 (support.voilabot@orange-ftgroup.com)"
65.55.212.217 - - [22/Sep/2008:12:45:01 +0200] "GET /robots.txt HTTP/1.0" 200 64 "-" "msnbot-media/1.0 (+http://search.msn.com/msnbot.htm)"
65.55.212.217 - - [22/Sep/2008:12:45:01 +0200] "GET /framez-contact.html HTTP/1.0" 200 4325 "-" "msnbot-media/1.0 (+http://search.msn.com/msnbot.htm)"
64.1.215.165 - - [22/Sep/2008:12:51:19 +0200] "GET /e-counter.html HTTP/1.0" 200 4047 "-" "Mozilla/5.0 (Twiceler-0.9 http://www.cuil.com/twiceler/robot.html)"
65.55.212.217 - - [22/Sep/2008:12:57:37 +0200] "GET /bmpp/euro_pal_111.html HTTP/1.0" 200 2129 "-" "msnbot-media/1.0 (+http://search.msn.com/msnbot.htm)"
151.13.112.89 - - [22/Sep/2008:13:00:47 +0200] "GET / HTTP/1.1" 302 353 "http://www.google.it/search?hl=it&q=zampa+di+leone&meta=" "Mozilla/4.0 (compatible; MSIE 6.0; Windows NT 5.1; SV1; .NET CLR 1.1.4322)"
151.13.112.89 - - [22/Sep/2008:13:00:47 +0200] "GET /zampa/ HTTP/1.1" 200 7153 "http://www.google.it/search?hl=it&q=zampa+di+leone&meta=" "Mozilla/4.0 (compatible; MSIE 6.0; Windows NT 5.1; SV1; .NET CLR 1.1.4322)"
151.13.112.89 - - [22/Sep/2008:13:00:47 +0200] "GET /zampa/slike/zampa.gif HTTP/1.1" 200 5310 "http://www.various-euro.com/zampa/" "Mozilla/4.0 (compatible; MSIE 6.0; Windows NT 5.1; SV1; .NET CLR 1.1.4322)"
151.13.112.89 - - [22/Sep/2008:13:00:47 +0200] "GET /zampa/slike/inthearse.gif HTTP/1.1" 200 4077 "http://www.various-euro.com/zampa/" "Mozilla/4.0 (compatible; MSIE 6.0; Windows NT 5.1; SV1; .NET CLR 1.1.4322)"
151.13.112.89 - - [22/Sep/2008:13:00:47 +0200] "GET /zampa/slike/udupetu.gif HTTP/1.1" 200 4138 "http://www.various-euro.com/zampa/" "Mozilla/4.0 (compatible; MSIE 6.0; Windows NT 5.1; SV1; .NET CLR 1.1.4322)"
151.13.112.89 - - [22/Sep/2008:13:01:10 +0200] "GET /zampa/slike/S1TITEL.GIF HTTP/1.1" 200 15244 "http://www.various-euro.com/zampa/" "Mozilla/4.0 (compatible; MSIE 6.0; Windows NT 5.1; SV1; .NET CLR 1.1.4322)"
66.231.189.44 - - [22/Sep/2008:13:20:59 +0200] "GET /robots.txt HTTP/1.0" 302 363 "-" "Gigabot/3.0 (http://www.gigablast.com/spider.html)"
66.231.189.124 - - [22/Sep/2008:13:21:00 +0200] "GET /montenegro/contributions.html HTTP/1.0" 302 382 "-" "Gigabot/3.0 (http://www.gigablast.com/spider.html)"
65.55.212.217 - - [22/Sep/2008:13:45:10 +0200] "GET /bmpp/crashhA.html HTTP/1.0" 200 15304 "-" "msnbot-media/1.0 (+http://search.msn.com/msnbot.htm)"
213.163.100.194 - - [22/Sep/2008:13:56:38 +0200] "GET /framez-zampa-lovers.html HTTP/1.1" 200 4322 "http://www.google.com/search?hl=en&q=farma+prima+Beograd" "Mozilla/4.0 (compatible; MSIE 6.0; Windows NT 5.1; SV1; InfoPath.2; .NET CLR 2.0.50727)"
213.163.100.194 - - [22/Sep/2008:13:56:39 +0200] "GET /frame-menu.html HTTP/1.1" 200 10536 "http://www.various-euro.com/framez-zampa-lovers.html" "Mozilla/4.0 (compatible; MSIE 6.0; Windows NT 5.1; SV1; InfoPath.2; .NET CLR 2.0.50727)"
213.163.100.194 - - [22/Sep/2008:13:56:39 +0200] "GET /zampa-lovers/index.html HTTP/1.1" 200 37790 "http://www.various-euro.com/framez-zampa-lovers.html" "Mozilla/4.0 (compatible; MSIE 6.0; Windows NT 5.1; SV1; InfoPath.2; .NET CLR 2.0.50727)"
213.163.100.194 - - [22/Sep/2008:13:56:40 +0200] "GET /frame-unten.html HTTP/1.1" 200 5308 "http://www.various-euro.com/framez-zampa-lovers.html" "Mozilla/4.0 (compatible; MSIE 6.0; Windows NT 5.1; SV1; InfoPath.2; .NET CLR 2.0.50727)"
213.163.100.194 - - [22/Sep/2008:13:56:40 +0200] "GET /style/various-euro.css HTTP/1.1" 200 3437 "http://www.various-euro.com/frame-menu.html" "Mozilla/4.0 (compatible; MSIE 6.0; Windows NT 5.1; SV1; InfoPath.2; .NET CLR 2.0.50727)"
213.163.100.194 - - [22/Sep/2008:13:56:40 +0200] "GET /bannerz/ve.jpg HTTP/1.1" 200 36912 "http://www.various-euro.com/frame-unten.html" "Mozilla/4.0 (compatible; MSIE 6.0; Windows NT 5.1; SV1; InfoPath.2; .NET CLR 2.0.50727)"
213.163.100.194 - - [22/Sep/2008:13:56:40 +0200] "GET /bannerz/various-euro-girl.jpg HTTP/1.1" 200 91514 "http://www.various-euro.com/frame-unten.html" "Mozilla/4.0 (compatible; MSIE 6.0; Windows NT 5.1; SV1; InfoPath.2; .NET CLR 2.0.50727)"
213.163.100.194 - - [22/Sep/2008:13:56:45 +0200] "GET /zampa-lovers/ZAMPAMA2.MPG HTTP/1.1" 200 63492 "-" "Windows-Media-Player/9.00.00.3250"
213.163.100.194 - - [22/Sep/2008:13:56:47 +0200] "GET /zampa-lovers/WASISTMI1.MPG HTTP/1.1" 200 271221 "-" "Windows-Media-Player/9.00.00.3250"
213.163.100.194 - - [22/Sep/2008:13:56:53 +0200] "GET /zampa-lovers/ZAMPAMA2.MPG HTTP/1.1" 206 12735 "-" "Mozilla/4.0 (compatible; MSIE 6.0; Windows NT 5.1; SV1; InfoPath.2; .NET CLR 2.0.50727)"
213.163.100.194 - - [22/Sep/2008:13:56:50 +0200] "GET /zampa-lovers/ZAMPAMAS.MPG HTTP/1.1" 200 520196 "-" "Windows-Media-Player/9.00.00.3250"
213.163.100.194 - - [22/Sep/2008:13:56:56 +0200] "GET /zampa-lovers/kralle.gif HTTP/1.1" 404 2748 "http://www.various-euro.com/zampa-lovers/index.html" "Mozilla/4.0 (compatible; MSIE 6.0; Windows NT 5.1; SV1; InfoPath.2; .NET CLR 2.0.50727)"
213.163.100.194 - - [22/Sep/2008:13:56:42 +0200] "GET /zampa-lovers/zampa.gif HTTP/1.1" 200 460627 "http://www.various-euro.com/zampa-lovers/index.html" "Mozilla/4.0 (compatible; MSIE 6.0; Windows NT 5.1; SV1; InfoPath.2; .NET CLR 2.0.50727)"
213.163.100.194 - - [22/Sep/2008:13:56:55 +0200] "GET /zampa-lovers/WASISTMI1.MPG HTTP/1.1" 206 267187 "-" "Mozilla/4.0 (compatible; MSIE 6.0; Windows NT 5.1; SV1; InfoPath.2; .NET CLR 2.0.50727)"
208.36.144.10 - - [22/Sep/2008:13:59:44 +0200] "GET /neon/left-one-new.html HTTP/1.0" 200 1483 "-" "Mozilla/5.0 (Twiceler-0.9 http://www.cuil.com/twiceler/robot.html)"
65.55.212.217 - - [22/Sep/2008:14:02:03 +0200] "GET /framez-pal111.html HTTP/1.0" 200 4328 "-" "msnbot-media/1.0 (+http://search.msn.com/msnbot.htm)"
66.249.65.169 - - [22/Sep/2008:14:29:14 +0200] "GET /schubb/schubb-5.html HTTP/1.1" 200 72944 "-" "Mozilla/5.0 (compatible; Googlebot/2.1; +http://www.google.com/bot.html)"
66.249.65.169 - - [22/Sep/2008:14:41:44 +0200] "GET /schubb/schubb-2.html HTTP/1.1" 200 16660 "-" "Mozilla/5.0 (compatible; Googlebot/2.1; +http://www.google.com/bot.html)"
64.246.165.130 - - [22/Sep/2008:14:58:53 +0200] "GET / HTTP/1.1" 200 7869 "-" "Mozilla/4.0 (compatible; MSIE 7.0; Windows NT 5.2; .NET CLR 1.1.4322)"
64.246.165.235 - - [22/Sep/2008:14:58:53 +0200] "GET /style/various-euro.css HTTP/1.1" 200 3437 "http://www.various-euro.com/" "Mozilla/4.0 (compatible; MSIE 7.0; Windows NT 5.2; .NET CLR 1.1.4322)"
201.137.50.150 - - [22/Sep/2008:14:58:53 +0200] "GET /ccbill/secure.php HTTP/1.1" 404 2748 "http://various-euro.com/ccbill/secure.php" "Mozilla/4.0 (compatible; MSIE 6.0; Windows NT 5.1)"
64.246.165.130 - - [22/Sep/2008:14:58:55 +0200] "GET /framez_0.html HTTP/1.1" 200 12444 "-" "Mozilla/4.0 (compatible; MSIE 7.0; Windows NT 5.2; .NET CLR 1.1.4322)"
64.246.165.235 - - [22/Sep/2008:14:59:06 +0200] "GET /framez.html HTTP/1.1" 200 3959 "-" "Mozilla/4.0 (compatible; MSIE 7.0; Windows NT 5.2; .NET CLR 1.1.4322)"
64.246.165.235 - - [22/Sep/2008:14:59:20 +0200] "GET /style/various-euro.css HTTP/1.1" 304 - "http://www.various-euro.com/framez.html" "Mozilla/4.0 (compatible; MSIE 7.0; Windows NT 5.2; .NET CLR 1.1.4322)"
64.1.215.165 - - [22/Sep/2008:14:59:40 +0200] "GET /robots.txt HTTP/1.0" 200 64 "-" "Mozilla/5.0 (Twiceler-0.9 http://www.cuil.com/twiceler/robot.html)"
220.181.61.232 - - [22/Sep/2008:15:04:36 +0200] "GET /robots.txt HTTP/1.1" 302 363 "-" "-"
74.6.18.222 - - [22/Sep/2008:16:07:39 +0200] "GET /framez-rez.html HTTP/1.0" 200 4323 "-" "Mozilla/5.0 (compatible; Yahoo! Slurp; http://help.yahoo.com/help/us/ysearch/slurp)"
74.6.18.222 - - [22/Sep/2008:16:07:40 +0200] "GET /frame-menu.html HTTP/1.0" 200 10536 "-" "Mozilla/5.0 (compatible; Yahoo! Slurp; http://help.yahoo.com/help/us/ysearch/slurp)"
74.6.18.222 - - [22/Sep/2008:16:07:41 +0200] "GET /f-rez.html HTTP/1.0" 200 9765 "-" "Mozilla/5.0 (compatible; Yahoo! Slurp; http://help.yahoo.com/help/us/ysearch/slurp)"
74.6.18.222 - - [22/Sep/2008:16:07:42 +0200] "GET /frame-unten.html HTTP/1.0" 200 5308 "-" "Mozilla/5.0 (compatible; Yahoo! Slurp; http://help.yahoo.com/help/us/ysearch/slurp)"
82.99.30.17 - - [22/Sep/2008:16:28:52 +0200] "GET /Rampe-DgH.jpg HTTP/1.0" 200 12044 "http://www.munax.com/referer.htm" "Mozilla/4.0 (compatible; MSIE 6.0; Windows NT 5.1)"
82.99.30.17 - - [22/Sep/2008:16:28:52 +0200] "GET /Watch-DgH.jpg HTTP/1.0" 200 12152 "http://www.munax.com/referer.htm" "Mozilla/4.0 (compatible; MSIE 6.0; Windows NT 5.1)"
82.99.30.17 - - [22/Sep/2008:16:28:52 +0200] "GET /bannerz/raf-logo02_tn.gif HTTP/1.0" 200 11804 "http://www.munax.com/referer.htm" "Mozilla/4.0 (compatible; MSIE 6.0; Windows NT 5.1)"
65.55.211.172 - - [22/Sep/2008:16:31:01 +0200] "GET /robots.txt HTTP/1.1" 200 64 "-" "msnbot/1.1 (+http://search.msn.com/msnbot.htm)"
65.55.211.172 - - [22/Sep/2008:16:31:04 +0200] "GET /neon/euro.html HTTP/1.1" 200 2212 "-" "msnbot/1.1 (+http://search.msn.com/msnbot.htm)"
74.6.18.222 - - [22/Sep/2008:16:39:13 +0200] "GET /f-doku-brau.html HTTP/1.0" 200 7152 "-" "Mozilla/5.0 (compatible; Yahoo! Slurp; http://help.yahoo.com/help/us/ysearch/slurp)"
60.240.249.194 - - [22/Sep/2008:16:44:09 +0200] "GET / HTTP/1.1" 200 7869 "-" "Mozilla/5.0 (X11; U; Linux i686; en-US; rv:1.8.1.4) Gecko/20070515 Firefox/2.0.0.4"
74.6.18.222 - - [22/Sep/2008:16:46:08 +0200] "GET /schubb/schubb-5.html HTTP/1.0" 200 72944 "-" "Mozilla/5.0 (compatible; Yahoo! Slurp; http://help.yahoo.com/help/us/ysearch/slurp)"
66.249.65.169 - - [22/Sep/2008:16:56:47 +0200] "GET /framez-zampa-lovers.html HTTP/1.1" 200 4322 "-" "Mozilla/5.0 (compatible; Googlebot/2.1; +http://www.google.com/bot.html)"
220.181.61.232 - - [22/Sep/2008:17:26:32 +0200] "GET / HTTP/1.1" 302 353 "-" "Sogou web spider/4.0(+http://www.sogou.com/docs/help/webmasters.htm#07)"
220.181.61.232 - - [22/Sep/2008:17:26:43 +0200] "GET /robots.txt HTTP/1.1" 304 - "-" "-"
38.100.41.105 - - [22/Sep/2008:17:36:08 +0200] "GET /framez-restate.html HTTP/1.1" 200 4328 "http://www.google.com/custom?cof=GALT%3A336600%3BVLC%3A000066%3BAH%3Acenter%3BBGC%3AFFFFFF%3BLH%3A81%3BLC%3A000066%3BGFNT%3A336600%3BL%3Ahttp%3A%2F%2Fcyveillance.allthesites.com%2Fimages%2Fats_logo.gif%3BALC%3A000066%3BLW%3A361%3BT%3A000066%3BGIMP%3A336600%3BAWFID%3A248cacfbbe0ae58f%3B&q=%22state%20farm%22%20yahoo%20%22previous%20message%22&num=100&hl=en&start=0&filter=0" "Mozilla/4.0 (compatible; MSIE 5.5; Windows NT 5.0)"
38.100.41.105 - - [22/Sep/2008:17:36:10 +0200] "GET /framez-restate.html HTTP/1.1" 200 4328 "http://www.google.com/custom?cof=GALT%3A336600%3BVLC%3A000066%3BAH%3Acenter%3BBGC%3AFFFFFF%3BLH%3A81%3BLC%3A000066%3BGFNT%3A336600%3BL%3Ahttp%3A%2F%2Fcyveillance.allthesites.com%2Fimages%2Fats_logo.gif%3BALC%3A000066%3BLW%3A361%3BT%3A000066%3BGIMP%3A336600%3BAWFID%3A248cacfbbe0ae58f%3B&q=%22state%20farm%22%20yahoo%20%22previous%20message%22&num=100&hl=en&start=0&filter=0" "Mozilla/4.0 (compatible; MSIE 5.5; Windows NT 5.0)"
64.1.215.165 - - [22/Sep/2008:18:02:13 +0200] "GET /neon/sushi.html HTTP/1.0" 200 687 "-" "Mozilla/5.0 (Twiceler-0.9 http://www.cuil.com/twiceler/robot.html)"
82.99.30.16 - - [22/Sep/2008:18:19:13 +0200] "GET /bannerz/webmasters_click_here.gif HTTP/1.0" 200 1207 "http://www.munax.com/referer.htm" "Mozilla/4.0 (compatible; MSIE 6.0; Windows NT 5.1)"
65.55.211.172 - - [22/Sep/2008:18:37:21 +0200] "GET /schubb/schubb-5.html HTTP/1.1" 200 72944 "-" "msnbot/1.1 (+http://search.msn.com/msnbot.htm)"
65.55.211.174 - - [22/Sep/2008:18:41:20 +0200] "GET /neon/girlz3.html HTTP/1.1" 200 2479 "-" "msnbot/1.1 (+http://search.msn.com/msnbot.htm)"
74.6.18.222 - - [22/Sep/2008:18:41:35 +0200] "GET /channel1.html HTTP/1.0" 404 2748 "-" "Mozilla/5.0 (compatible; Yahoo! Slurp; http://help.yahoo.com/help/us/ysearch/slurp)"
66.249.65.169 - - [22/Sep/2008:18:42:30 +0200] "GET /restate_copy.html HTTP/1.1" 200 97631 "-" "Mozilla/5.0 (compatible; Googlebot/2.1; +http://www.google.com/bot.html)"
220.181.61.232 - - [22/Sep/2008:19:29:32 +0200] "GET /zampa/ HTTP/1.1" 200 7153 "-" "Sogou web spider/4.0(+http://www.sogou.com/docs/help/webmasters.htm#07)"
193.252.149.16 - - [22/Sep/2008:19:32:08 +0200] "GET / HTTP/1.1" 200 7869 "-" "Mozilla/5.0 (Windows; U; Windows NT 5.1; fr; rv:1.8.1) VoilaBot BETA 1.2 (support.voilabot@orange-ftgroup.com)"
217.93.227.134 - - [22/Sep/2008:19:56:53 +0200] "GET http://zampa.various-euro.com/ HTTP/1.0" 302 353 "-" "Mozilla/4.0 (compatible; MSIE 7.0b; Windows NT 6.0)"
208.36.144.10 - - [22/Sep/2008:20:05:53 +0200] "GET /warez.html HTTP/1.0" 200 9754 "-" "Mozilla/5.0 (Twiceler-0.9 http://www.cuil.com/twiceler/robot.html)"
65.55.211.173 - - [22/Sep/2008:20:16:33 +0200] "GET /robots.txt HTTP/1.1" 200 64 "-" "msnbot/1.1 (+http://search.msn.com/msnbot.htm)"
65.55.211.173 - - [22/Sep/2008:20:16:33 +0200] "GET /f-net.html HTTP/1.1" 200 9913 "-" "msnbot/1.1 (+http://search.msn.com/msnbot.htm)"
66.249.65.169 - - [22/Sep/2008:20:19:14 +0200] "GET /zampa-lovers/MILIZA_B.JPG HTTP/1.1" 200 10947 "-" "Mozilla/5.0 (compatible; Googlebot/2.1; +http://www.google.com/bot.html)"
74.6.18.222 - - [22/Sep/2008:20:22:54 +0200] "GET /bmpp/18.html HTTP/1.0" 200 4467 "-" "Mozilla/5.0 (compatible; Yahoo! Slurp; http://help.yahoo.com/help/us/ysearch/slurp)"
74.6.18.222 - - [22/Sep/2008:20:23:33 +0200] "GET /bmpp/18_x.html HTTP/1.0" 200 1100 "-" "Mozilla/5.0 (compatible; Yahoo! Slurp; http://help.yahoo.com/help/us/ysearch/slurp)"
74.6.18.222 - - [22/Sep/2008:20:25:42 +0200] "GET /bmpp/18asi_2.html HTTP/1.0" 200 8674 "-" "Mozilla/5.0 (compatible; Yahoo! Slurp; http://help.yahoo.com/help/us/ysearch/slurp)"
216.145.8.173 - - [22/Sep/2008:21:07:51 +0200] "GET / HTTP/1.1" 200 7869 "-" "Mozilla/4.0 (compatible; MSIE 6.0; MSIE 5.5; Windows NT 4.0) Opera 7.0 [en]"
206.51.230.26 - - [22/Sep/2008:21:28:39 +0200] "GET /logs/ HTTP/1.1" 200 10079 "http://drugstore-inc.com/" "Mozilla/4.0 (compatible; MSIE 7.0; Windows NT 5.1; .NET CLR 1.1.4322)"
206.51.230.26 - - [22/Sep/2008:21:28:42 +0200] "GET /logs/usage_200712.html HTTP/1.1" 200 92577 "http://drugstore-inc.com/" "Mozilla/5.0 (Windows; U; Windows NT 5.1; en-US; rv:1.8.1.3) Gecko/20070309 Firefox/2.0.0.3"
66.249.65.169 - - [22/Sep/2008:21:36:49 +0200] "GET /tour1_new.html HTTP/1.1" 404 2748 "-" "Mozilla/5.0 (compatible; Googlebot/2.1; +http://www.google.com/bot.html)"
66.249.65.169 - - [22/Sep/2008:21:36:50 +0200] "GET /channel1.html HTTP/1.1" 404 2748 "-" "Mozilla/5.0 (compatible; Googlebot/2.1; +http://www.google.com/bot.html)"
66.249.65.169 - - [22/Sep/2008:21:36:50 +0200] "GET /euro.html HTTP/1.1" 404 2748 "-" "Mozilla/5.0 (compatible; Googlebot/2.1; +http://www.google.com/bot.html)"
66.249.65.169 - - [22/Sep/2008:21:36:51 +0200] "GET /bannnerz.html HTTP/1.1" 404 2748 "-" "Mozilla/5.0 (compatible; Googlebot/2.1; +http://www.google.com/bot.html)"
66.249.65.169 - - [22/Sep/2008:21:36:51 +0200] "GET /menue.html HTTP/1.1" 404 2748 "-" "Mozilla/5.0 (compatible; Googlebot/2.1; +http://www.google.com/bot.html)"
208.36.144.10 - - [22/Sep/2008:21:37:13 +0200] "GET /neon/warning.html HTTP/1.0" 200 5134 "-" "Mozilla/5.0 (Twiceler-0.9 http://www.cuil.com/twiceler/robot.html)"
66.249.65.169 - - [22/Sep/2008:21:41:37 +0200] "GET /logz.html HTTP/1.1" 404 2748 "-" "Mozilla/5.0 (compatible; Googlebot/2.1; +http://www.google.com/bot.html)"
66.249.65.169 - - [22/Sep/2008:21:46:18 +0200] "GET /web.html HTTP/1.1" 404 2748 "-" "Mozilla/5.0 (compatible; Googlebot/2.1; +http://www.google.com/bot.html)"
66.249.65.169 - - [22/Sep/2008:21:51:20 +0200] "GET /net.html HTTP/1.1" 404 2748 "-" "Mozilla/5.0 (compatible; Googlebot/2.1; +http://www.google.com/bot.html)"
66.249.65.169 - - [22/Sep/2008:21:57:45 +0200] "GET /contact.html HTTP/1.1" 404 2748 "-" "Mozilla/5.0 (compatible; Googlebot/2.1; +http://www.google.com/bot.html)"
66.249.65.169 - - [22/Sep/2008:22:02:54 +0200] "GET /logz_old.html HTTP/1.1" 404 2748 "-" "Mozilla/5.0 (compatible; Googlebot/2.1; +http://www.google.com/bot.html)"
74.6.18.222 - - [22/Sep/2008:22:28:32 +0200] "GET /zampa-lovers/index.html HTTP/1.0" 200 37790 "-" "Mozilla/5.0 (compatible; Yahoo! Slurp; http://help.yahoo.com/help/us/ysearch/slurp)"
72.20.99.127 - - [22/Sep/2008:22:52:33 +0200] "GET /robots.txt HTTP/1.0" 302 363 "http://zampa.various-euro.com/" "Mozilla/5.0 (compatible; heritrix/1.15.1-200807172326 +http://www.accelobot.com)"
72.20.99.127 - - [22/Sep/2008:22:53:30 +0200] "GET / HTTP/1.0" 302 353 "http://www.various-euro.com/frame-menu.html" "Mozilla/5.0 (compatible; heritrix/1.15.1-200807172326 +http://www.accelobot.com)"
74.6.18.222 - - [22/Sep/2008:23:39:18 +0200] "GET /restate_copy.html HTTP/1.0" 200 97631 "-" "Mozilla/5.0 (compatible; Yahoo! Slurp; http://help.yahoo.com/help/us/ysearch/slurp)"
66.249.65.169 - - [22/Sep/2008:23:46:09 +0200] "GET /zampa-lovers/zampamali.gif HTTP/1.1" 200 2617 "-" "Mozilla/5.0 (compatible; Googlebot/2.1; +http://www.google.com/bot.html)"
74.6.18.222 - - [22/Sep/2008:23:57:22 +0200] "GET /robots.txt HTTP/1.0" 200 64 "-" "Mozilla/5.0 (compatible; Yahoo! Slurp; http://help.yahoo.com/help/us/ysearch/slurp)"
74.6.18.222 - - [22/Sep/2008:23:57:22 +0200] "GET /DgH/bull/ HTTP/1.0" 200 1915 "-" "Mozilla/5.0 (compatible; Yahoo! Slurp; http://help.yahoo.com/help/us/ysearch/slurp)"
212.200.222.204 - - [23/Sep/2008:00:21:09 +0200] "GET /framez-zampa-lovers.html HTTP/1.1" 200 4322 "http://www.google.rs/search?hl=sr&q=tatin+kurac+price&meta=lr%3Dlang_en" "Mozilla/4.0 (compatible; MSIE 6.0; Windows NT 5.1; SV1)"
212.200.222.204 - - [23/Sep/2008:00:21:10 +0200] "GET /frame-menu.html HTTP/1.1" 200 10536 "http://www.various-euro.com/framez-zampa-lovers.html" "Mozilla/4.0 (compatible; MSIE 6.0; Windows NT 5.1; SV1)"
212.200.222.204 - - [23/Sep/2008:00:21:10 +0200] "GET /frame-unten.html HTTP/1.1" 200 5308 "http://www.various-euro.com/framez-zampa-lovers.html" "Mozilla/4.0 (compatible; MSIE 6.0; Windows NT 5.1; SV1)"
212.200.222.204 - - [23/Sep/2008:00:21:10 +0200] "GET /style/various-euro.css HTTP/1.1" 200 3437 "http://www.various-euro.com/frame-menu.html" "Mozilla/4.0 (compatible; MSIE 6.0; Windows NT 5.1; SV1)"
212.200.222.204 - - [23/Sep/2008:00:21:10 +0200] "GET /zampa-lovers/index.html HTTP/1.1" 200 37790 "http://www.various-euro.com/framez-zampa-lovers.html" "Mozilla/4.0 (compatible; MSIE 6.0; Windows NT 5.1; SV1)"
212.200.222.204 - - [23/Sep/2008:00:21:11 +0200] "GET /bannerz/various-euro-girl.jpg HTTP/1.1" 200 91514 "http://www.various-euro.com/frame-unten.html" "Mozilla/4.0 (compatible; MSIE 6.0; Windows NT 5.1; SV1)"
212.200.222.204 - - [23/Sep/2008:00:21:13 +0200] "GET /bannerz/ve.jpg HTTP/1.1" 200 36912 "http://www.various-euro.com/frame-unten.html" "Mozilla/4.0 (compatible; MSIE 6.0; Windows NT 5.1; SV1)"
212.200.222.204 - - [23/Sep/2008:00:21:14 +0200] "GET /zampa-lovers/DRAGAN_Z.JPG HTTP/1.1" 200 6850 "http://www.various-euro.com/zampa-lovers/index.html" "Mozilla/4.0 (compatible; MSIE 6.0; Windows NT 5.1; SV1)"
212.200.222.204 - - [23/Sep/2008:00:21:15 +0200] "GET /zampa-lovers/MILIZA_2.JPG HTTP/1.1" 200 22172 "http://www.various-euro.com/zampa-lovers/index.html" "Mozilla/4.0 (compatible; MSIE 6.0; Windows NT 5.1; SV1)"
212.200.222.204 - - [23/Sep/2008:00:21:15 +0200] "GET /zampa-lovers/MILIZA_3.JPG HTTP/1.1" 200 26924 "http://www.various-euro.com/zampa-lovers/index.html" "Mozilla/4.0 (compatible; MSIE 6.0; Windows NT 5.1; SV1)"
212.200.222.204 - - [23/Sep/2008:00:21:17 +0200] "GET /zampa-lovers/kralle.gif HTTP/1.1" 404 2748 "http://www.various-euro.com/zampa-lovers/index.html" "Mozilla/4.0 (compatible; MSIE 6.0; Windows NT 5.1; SV1)"
212.200.222.204 - - [23/Sep/2008:00:21:16 +0200] "GET /zampa-lovers/zampa.gif HTTP/1.1" 200 460627 "http://www.various-euro.com/zampa-lovers/index.html" "Mozilla/4.0 (compatible; MSIE 6.0; Windows NT 5.1; SV1)"
212.200.222.204 - - [23/Sep/2008:00:21:18 +0200] "GET /zampa-lovers/ZAMPAMA2.MPG HTTP/1.1" 200 63492 "-" "Windows-Media-Player/9.00.00.3250"
212.200.222.204 - - [23/Sep/2008:00:21:20 +0200] "GET /zampa-lovers/WASISTMI1.MPG HTTP/1.1" 200 271221 "-" "Windows-Media-Player/9.00.00.3250"
212.200.222.204 - - [23/Sep/2008:00:21:20 +0200] "GET /zampa-lovers/1SEITEVE.GIF HTTP/1.1" 200 78726 "http://www.various-euro.com/zampa-lovers/index.html" "Mozilla/4.0 (compatible; MSIE 6.0; Windows NT 5.1; SV1)"
72.20.99.127 - - [23/Sep/2008:00:21:31 +0200] "GET /robots.txt HTTP/1.0" 200 64 "http://various-euro.com/moz_menue.html" "Mozilla/5.0 (compatible; heritrix/1.15.1-200807172326 +http://www.accelobot.com)"
72.20.99.127 - - [23/Sep/2008:00:22:13 +0200] "GET /moz_menue.html HTTP/1.0" 404 2748 "http://www.various-euro.com/f-logz_old.html" "Mozilla/5.0 (compatible; heritrix/1.15.1-200807172326 +http://www.accelobot.com)"
72.20.99.127 - - [23/Sep/2008:00:22:58 +0200] "GET / HTTP/1.0" 200 7869 "http://www.various-euro.com/f-logz_old.html" "Mozilla/5.0 (compatible; heritrix/1.15.1-200807172326 +http://www.accelobot.com)"
72.20.99.127 - - [23/Sep/2008:00:23:47 +0200] "GET /ie_menue.html HTTP/1.0" 404 2748 "http://www.various-euro.com/f-logz_old.html" "Mozilla/5.0 (compatible; heritrix/1.15.1-200807172326 +http://www.accelobot.com)"
82.99.30.62 - - [23/Sep/2008:00:58:23 +0200] "GET /bannerz/warning.gif HTTP/1.0" 200 3352 "http://www.munax.com/referer.htm" "Mozilla/4.0 (compatible; MSIE 6.0; Windows NT 5.1)"
82.99.30.62 - - [23/Sep/2008:00:58:23 +0200] "GET /bannerz/moneys.gif HTTP/1.0" 200 13192 "http://www.munax.com/referer.htm" "Mozilla/4.0 (compatible; MSIE 6.0; Windows NT 5.1)"
76.74.193.203 - - [23/Sep/2008:01:01:13 +0200] "GET / HTTP/1.1" 200 7869 "-" "Mozilla/5.0 (Windows; U; Windows NT 5.1; en-US; rv:1.9.0.1) Gecko/2008070208 Mobile Safari 1.1.3"
76.74.193.203 - - [23/Sep/2008:01:01:17 +0200] "GET /ve-icon-2.ico HTTP/1.1" 200 2238 "-" "Mozilla/5.0 (Windows; U; Windows NT 5.1; en-US; rv:1.9.0.1) Gecko/2008070208 Mobile Safari 1.1.3"
65.55.211.172 - - [23/Sep/2008:01:05:04 +0200] "GET /robots.txt HTTP/1.1" 200 64 "-" "msnbot/1.1 (+http://search.msn.com/msnbot.htm)"
65.55.211.172 - - [23/Sep/2008:01:05:04 +0200] "GET /schubb/schubb-1.html HTTP/1.1" 200 9070 "-" "msnbot/1.1 (+http://search.msn.com/msnbot.htm)"
65.55.110.14 - - [23/Sep/2008:01:42:09 +0200] "GET /schubb/schubb-1.html HTTP/1.0" 200 9070 "http://search.live.com/results.aspx?q=various" "Mozilla/4.0 (compatible; MSIE 6.0; Windows NT 5.2; SV1; .NET CLR 1.1.4322)"
65.55.110.14 - - [23/Sep/2008:01:42:10 +0200] "GET /framez-schubb.html HTTP/1.0" 200 4324 "-" "Mozilla/4.0 (compatible; MSIE 6.0; Windows NT 5.2; SV1; .NET CLR 1.1.4322)"
65.55.110.14 - - [23/Sep/2008:01:42:10 +0200] "GET /frame-menu.html HTTP/1.0" 200 10536 "http://www.various-euro.com/framez-schubb.html" "Mozilla/4.0 (compatible; MSIE 6.0; Windows NT 5.2; SV1; .NET CLR 1.1.4322)"
65.55.110.14 - - [23/Sep/2008:01:42:10 +0200] "GET /schubb/schubb-1.html HTTP/1.0" 200 9070 "http://www.various-euro.com/framez-schubb.html" "Mozilla/4.0 (compatible; MSIE 6.0; Windows NT 5.2; SV1; .NET CLR 1.1.4322)"
65.55.110.14 - - [23/Sep/2008:01:42:11 +0200] "GET /frame-unten.html HTTP/1.0" 200 5308 "http://www.various-euro.com/framez-schubb.html" "Mozilla/4.0 (compatible; MSIE 6.0; Windows NT 5.2; SV1; .NET CLR 1.1.4322)"
65.55.110.14 - - [23/Sep/2008:01:42:11 +0200] "GET /style/various-euro.css HTTP/1.0" 200 3437 "http://www.various-euro.com/frame-menu.html" "Mozilla/4.0 (compatible; MSIE 6.0; Windows NT 5.2; SV1; .NET CLR 1.1.4322)"
202.179.180.45 - - [23/Sep/2008:01:46:24 +0200] "GET /robots.txt HTTP/1.1" 200 64 "-" "Mozilla/4.0 (compatible; NaverBot/1.0; http://help.naver.com/delete_main.asp)"
202.179.180.45 - - [23/Sep/2008:01:46:30 +0200] "GET / HTTP/1.1" 200 7869 "-" "Mozilla/4.0 (compatible; NaverBot/1.0; http://help.naver.com/delete_main.asp)"
82.99.30.28 - - [23/Sep/2008:02:00:45 +0200] "GET /neon/clicktoenter.gif HTTP/1.0" 200 16302 "http://www.munax.com/referer.htm" "Mozilla/4.0 (compatible; MSIE 6.0; Windows NT 5.1)"
65.55.212.217 - - [23/Sep/2008:02:08:59 +0200] "GET /robots.txt HTTP/1.0" 200 64 "-" "msnbot-media/1.0 (+http://search.msn.com/msnbot.htm)"
65.55.212.217 - - [23/Sep/2008:02:08:59 +0200] "GET /sendi_agent.html HTTP/1.0" 200 6213 "-" "msnbot-media/1.0 (+http://search.msn.com/msnbot.htm)"
74.6.18.222 - - [23/Sep/2008:02:24:15 +0200] "GET /DgH/watch/ HTTP/1.0" 200 2028 "-" "Mozilla/5.0 (compatible; Yahoo! Slurp; http://help.yahoo.com/help/us/ysearch/slurp)"
64.246.165.190 - - [23/Sep/2008:02:40:46 +0200] "GET /robots.txt HTTP/1.0" 200 64 "http://www.whois.sc/" "SurveyBot/2.3 (Whois Source)"
64.246.165.190 - - [23/Sep/2008:02:40:46 +0200] "GET / HTTP/1.1" 206 7869 "http://www.whois.sc/various-euro.com" "SurveyBot/2.3 (Whois Source)"
82.99.30.57 - - [23/Sep/2008:02:58:13 +0200] "GET /neon/imeurope.GIF HTTP/1.0" 200 9365 "http://www.munax.com/referer.htm" "Mozilla/4.0 (compatible; MSIE 6.0; Windows NT 5.1)"
69.154.64.31 - - [23/Sep/2008:03:10:08 +0200] "GET / HTTP/1.1" 200 7869 "-" "Mozilla/5.0 (Windows; U; Windows NT 6.0; en-US; rv:1.9.0.1) Gecko/2008070208 Firefox/3.0.1"
69.154.64.31 - - [23/Sep/2008:03:10:08 +0200] "GET /ve-icon-2.ico HTTP/1.1" 200 2238 "-" "Mozilla/5.0 (Windows; U; Windows NT 6.0; en-US; rv:1.9.0.1) Gecko/2008070208 Firefox/3.0.1"
69.154.64.31 - - [23/Sep/2008:03:10:08 +0200] "GET /style/various-euro.css HTTP/1.1" 200 3437 "http://www.various-euro.com/" "Mozilla/5.0 (Windows; U; Windows NT 6.0; en-US; rv:1.9.0.1) Gecko/2008070208 Firefox/3.0.1"
69.154.64.31 - - [23/Sep/2008:03:10:09 +0200] "GET /framez_0.html HTTP/1.1" 200 12444 "http://www.various-euro.com/" "Mozilla/5.0 (Windows; U; Windows NT 6.0; en-US; rv:1.9.0.1) Gecko/2008070208 Firefox/3.0.1"
66.249.65.169 - - [23/Sep/2008:03:11:57 +0200] "GET /zampa-lovers/MILIZA_2.JPG HTTP/1.1" 200 22172 "-" "Mozilla/5.0 (compatible; Googlebot/2.1; +http://www.google.com/bot.html)"
66.249.65.169 - - [23/Sep/2008:03:13:25 +0200] "GET /zampa-lovers/zampa-2X2.gif HTTP/1.1" 200 6948 "-" "Mozilla/5.0 (compatible; Googlebot/2.1; +http://www.google.com/bot.html)"
66.249.65.169 - - [23/Sep/2008:03:13:43 +0200] "GET /schubb/schubb-2.html HTTP/1.1" 200 16660 "-" "Mozilla/5.0 (compatible; Googlebot/2.1; +http://www.google.com/bot.html)"
72.43.24.86 - - [23/Sep/2008:03:34:24 +0200] "GET / HTTP/1.1" 200 7869 "-" "Mozilla/5.0 (Windows; U; Windows NT 5.1; en-US; rv:1.8.1.16) Gecko/20080702 Firefox/2.0.0.16"
72.43.24.86 - - [23/Sep/2008:03:34:24 +0200] "GET /style/various-euro.css HTTP/1.1" 200 3437 "http://www.various-euro.com/" "Mozilla/5.0 (Windows; U; Windows NT 5.1; en-US; rv:1.8.1.16) Gecko/20080702 Firefox/2.0.0.16"
65.55.212.182 - - [23/Sep/2008:03:48:53 +0200] "GET /robots.txt HTTP/1.0" 200 64 "-" "msnbot-media/1.0 (+http://search.msn.com/msnbot.htm)"
65.55.212.182 - - [23/Sep/2008:03:48:54 +0200] "GET /sendi-agent/interfiction-sendi.mpg HTTP/1.0" 404 2748 "-" "msnbot-media/1.0 (+http://search.msn.com/msnbot.htm)"
66.249.65.169 - - [23/Sep/2008:04:00:50 +0200] "GET /zampa-lovers/zampa.gif HTTP/1.1" 200 460627 "-" "Mozilla/5.0 (compatible; Googlebot/2.1; +http://www.google.com/bot.html)"
66.249.65.169 - - [23/Sep/2008:04:07:40 +0200] "GET /rez/car.gif HTTP/1.1" 404 2748 "-" "Mozilla/5.0 (compatible; Googlebot/2.1; +http://www.google.com/bot.html)"
65.55.211.169 - - [23/Sep/2008:04:08:10 +0200] "GET /robots.txt HTTP/1.1" 200 64 "-" "msnbot/1.1 (+http://search.msn.com/msnbot.htm)"
65.55.211.169 - - [23/Sep/2008:04:08:10 +0200] "GET /zampa/montenegro/index.html HTTP/1.1" 200 2651 "-" "msnbot/1.1 (+http://search.msn.com/msnbot.htm)"
66.249.65.169 - - [23/Sep/2008:04:47:40 +0200] "GET /rez/tec.gif HTTP/1.1" 200 732 "-" "Mozilla/5.0 (compatible; Googlebot/2.1; +http://www.google.com/bot.html)"
66.249.65.169 - - [23/Sep/2008:04:50:34 +0200] "GET /zampa-lovers/MILIZA_4.JPG HTTP/1.1" 200 9946 "-" "Mozilla/5.0 (compatible; Googlebot/2.1; +http://www.google.com/bot.html)"
208.80.194.29 - - [23/Sep/2008:05:21:29 +0200] "GET / HTTP/1.0" 200 7869 "-" "Mozilla/4.0 (compatible; MSIE 7.0; Windows NT 5.1; Action Comm User (http://www.actcom.net); .NET CLR 1.1.4322; Action Comm User (http://www.actcom.net); Action Comm User (http://www.actcom.net))"
208.80.194.29 - - [23/Sep/2008:05:21:29 +0200] "GET / HTTP/1.0" 200 7869 "-" "Mozilla/4.0 (compatible; MSIE 7.0; Windows NT 5.1; FunWebProducts; Media Center PC 3.0; .NET CLR 1.0.3705; .NET CLR 1.1.4322; HbTools 4.8.4; MSN 9.0;MSN 9.1; MSNbVZ02; MSNmen-us; MSNcOTH)"
82.99.30.15 - - [23/Sep/2008:05:28:05 +0200] "GET /zampa/montenegro/slike/grosse/SEKAg.jpg HTTP/1.0" 200 12031 "http://www.munax.com/referer.htm" "Mozilla/4.0 (compatible; MSIE 6.0; Windows NT 5.1)"
65.55.211.171 - - [23/Sep/2008:05:44:45 +0200] "GET /robots.txt HTTP/1.1" 200 64 "-" "msnbot/1.1 (+http://search.msn.com/msnbot.htm)"
65.55.211.171 - - [23/Sep/2008:05:44:46 +0200] "GET / HTTP/1.1" 200 7869 "-" "msnbot/1.1 (+http://search.msn.com/msnbot.htm)"
65.55.211.162 - - [23/Sep/2008:05:50:21 +0200] "GET /robots.txt HTTP/1.1" 200 64 "-" "msnbot/1.1 (+http://search.msn.com/msnbot.htm)"
65.55.211.162 - - [23/Sep/2008:05:50:21 +0200] "GET /neon/girlz2.html HTTP/1.1" 200 2937 "-" "msnbot/1.1 (+http://search.msn.com/msnbot.htm)"
66.249.65.169 - - [23/Sep/2008:06:00:37 +0200] "GET /style/various-euro.css HTTP/1.1" 200 3437 "-" "Mozilla/5.0 (compatible; Googlebot/2.1; +http://www.google.com/bot.html)"
208.36.144.10 - - [23/Sep/2008:06:06:51 +0200] "GET /contact.html HTTP/1.0" 404 2748 "-" "Mozilla/5.0 (Twiceler-0.9 http://www.cuil.com/twiceler/robot.html)"
82.99.30.24 - - [23/Sep/2008:06:07:10 +0200] "GET /zampa/montenegro/slike/grosse/BATAg.jpg HTTP/1.0" 200 13940 "http://www.munax.com/referer.htm" "Mozilla/4.0 (compatible; MSIE 6.0; Windows NT 5.1)"
65.55.211.167 - - [23/Sep/2008:06:15:33 +0200] "GET /robots.txt HTTP/1.1" 200 64 "-" "msnbot/1.1 (+http://search.msn.com/msnbot.htm)"
65.55.211.167 - - [23/Sep/2008:06:15:33 +0200] "GET /frame-menu.html HTTP/1.1" 200 10536 "-" "msnbot/1.1 (+http://search.msn.com/msnbot.htm)"
82.99.30.24 - - [23/Sep/2008:06:21:30 +0200] "GET /zampa/montenegro/slike/grosse/MILOg.jpg HTTP/1.0" 200 16761 "http://www.munax.com/referer.htm" "Mozilla/4.0 (compatible; MSIE 6.0; Windows NT 5.1)"
66.249.65.169 - - [23/Sep/2008:06:32:03 +0200] "GET /schubb/schubb-2.html HTTP/1.1" 200 16660 "-" "Mozilla/5.0 (compatible; Googlebot/2.1; +http://www.google.com/bot.html)"
74.6.18.222 - - [23/Sep/2008:06:38:32 +0200] "GET /bmpp/euro_pal_1.html HTTP/1.0" 200 18252 "-" "Mozilla/5.0 (compatible; Yahoo! Slurp; http://help.yahoo.com/help/us/ysearch/slurp)"
82.99.30.10 - - [23/Sep/2008:06:46:32 +0200] "GET /zampa/montenegro/slike/grosse/ZMAJg.jpg HTTP/1.0" 200 25668 "http://www.munax.com/referer.htm" "Mozilla/4.0 (compatible; MSIE 6.0; Windows NT 5.1)"
66.249.65.169 - - [23/Sep/2008:06:54:57 +0200] "GET /zampa-lovers/zampa.gif HTTP/1.1" 304 - "-" "Mozilla/5.0 (compatible; Googlebot/2.1; +http://www.google.com/bot.html)"
66.249.65.169 - - [23/Sep/2008:06:56:55 +0200] "GET /zampa-lovers/2SEITEVE.GIF HTTP/1.1" 200 83466 "-" "Mozilla/5.0 (compatible; Googlebot/2.1; +http://www.google.com/bot.html)"
82.99.30.31 - - [23/Sep/2008:07:13:30 +0200] "GET /zampa/montenegro/slike/grosse/TESLAg.jpg HTTP/1.0" 200 18780 "http://www.munax.com/referer.htm" "Mozilla/4.0 (compatible; MSIE 6.0; Windows NT 5.1)"
74.6.18.222 - - [23/Sep/2008:07:20:58 +0200] "GET /logs/usage_200710.html HTTP/1.0" 200 110952 "-" "Mozilla/5.0 (compatible; Yahoo! Slurp; http://help.yahoo.com/help/us/ysearch/slurp)"
66.249.65.169 - - [23/Sep/2008:07:23:34 +0200] "GET /zampa-lovers/Kralle.gif HTTP/1.1" 200 260 "-" "Mozilla/5.0 (compatible; Googlebot/2.1; +http://www.google.com/bot.html)"
74.6.22.179 - - [23/Sep/2008:08:33:57 +0200] "GET /robots.txt HTTP/1.0" 200 64 "-" "Mozilla/5.0 (compatible; Yahoo! Slurp; http://help.yahoo.com/help/us/ysearch/slurp)"
74.6.22.179 - - [23/Sep/2008:08:33:58 +0200] "GET /zampa-lovers/index.html HTTP/1.0" 200 37790 "-" "Mozilla/5.0 (compatible; Yahoo! Slurp; http://help.yahoo.com/help/us/ysearch/slurp)"
208.36.144.10 - - [23/Sep/2008:08:49:47 +0200] "GET /neon/slow-walk.html HTTP/1.0" 200 1640 "-" "Mozilla/5.0 (Twiceler-0.9 http://www.cuil.com/twiceler/robot.html)"
119.63.193.43 - - [23/Sep/2008:08:49:54 +0200] "GET / HTTP/1.1" 200 7869 "-" "Baiduspider+(+http://help.baidu.jp/system/05.html)"
208.36.144.6 - - [23/Sep/2008:09:47:57 +0200] "GET /robots.txt HTTP/1.0" 302 363 "-" "Mozilla/5.0 (Twiceler-0.9 http://www.cuil.com/twiceler/robot.html)"
74.6.18.222 - - [23/Sep/2008:10:10:27 +0200] "GET /robots.txt HTTP/1.0" 200 64 "-" "Mozilla/5.0 (compatible; Yahoo! Slurp; http://help.yahoo.com/help/us/ysearch/slurp)"
74.6.18.222 - - [23/Sep/2008:10:10:28 +0200] "GET /neon/lips.html HTTP/1.0" 200 1640 "-" "Mozilla/5.0 (compatible; Yahoo! Slurp; http://help.yahoo.com/help/us/ysearch/slurp)"
66.249.65.169 - - [23/Sep/2008:10:17:02 +0200] "GET /zampa-lovers/Kralle.gif HTTP/1.1" 304 - "-" "Mozilla/5.0 (compatible; Googlebot/2.1; +http://www.google.com/bot.html)"
193.252.149.16 - - [23/Sep/2008:10:32:09 +0200] "GET /framez.html HTTP/1.1" 200 3959 "-" "Mozilla/5.0 (Windows; U; Windows NT 5.1; fr; rv:1.8.1) VoilaBot BETA 1.2 (support.voilabot@orange-ftgroup.com)"
193.252.149.16 - - [23/Sep/2008:10:32:27 +0200] "GET /frame-unten.html HTTP/1.1" 200 5308 "-" "Mozilla/5.0 (Windows; U; Windows NT 5.1; fr; rv:1.8.1) VoilaBot BETA 1.2 (support.voilabot@orange-ftgroup.com)"
193.252.149.16 - - [23/Sep/2008:10:32:27 +0200] "GET /frame-menu.html HTTP/1.1" 200 10536 "-" "Mozilla/5.0 (Windows; U; Windows NT 5.1; fr; rv:1.8.1) VoilaBot BETA 1.2 (support.voilabot@orange-ftgroup.com)"
193.252.149.16 - - [23/Sep/2008:10:32:27 +0200] "GET /frame-inhalt.html HTTP/1.1" 200 5418 "-" "Mozilla/5.0 (Windows; U; Windows NT 5.1; fr; rv:1.8.1) VoilaBot BETA 1.2 (support.voilabot@orange-ftgroup.com)"
71.41.201.38 - - [23/Sep/2008:10:35:49 +0200] "GET /robots.txt HTTP/1.1" 302 363 "-" "MLBot (www.metadatalabs.com/mlbot)"
71.41.201.38 - - [23/Sep/2008:10:35:50 +0200] "GET /zampa/robots.txt HTTP/1.1" 404 2748 "-" "MLBot (www.metadatalabs.com/mlbot)"
71.41.201.38 - - [23/Sep/2008:10:35:50 +0200] "GET / HTTP/1.1" 302 353 "-" "MLBot (www.metadatalabs.com/mlbot)"
71.41.201.38 - - [23/Sep/2008:10:35:50 +0200] "GET /robots.txt HTTP/1.1" 200 64 "-" "MLBot (www.metadatalabs.com/mlbot)"
71.41.201.38 - - [23/Sep/2008:10:35:51 +0200] "GET /zampa/ HTTP/1.1" 200 7153 "-" "MLBot (www.metadatalabs.com/mlbot)"
74.6.18.222 - - [23/Sep/2008:10:59:26 +0200] "GET / HTTP/1.0" 200 7869 "-" "Mozilla/5.0 (compatible; Yahoo! Slurp; http://help.yahoo.com/help/us/ysearch/slurp)"
65.55.211.171 - - [23/Sep/2008:11:08:14 +0200] "GET /robots.txt HTTP/1.1" 200 64 "-" "msnbot/1.1 (+http://search.msn.com/msnbot.htm)"
