68.142.212.211 - - [26/Sep/2008:16:41:37 +0200] "GET /robots.txt HTTP/1.0" 200 64 "-" "Mozilla/5.0 (Yahoo-MMCrawler/4.0; mailto:vertical-crawl-support@yahoo-inc.com)"
68.142.212.211 - - [26/Sep/2008:16:41:38 +0200] "GET /logs/daily_usage_200705.png HTTP/1.0" 200 4017 "-" "Mozilla/5.0 (Yahoo-MMCrawler/4.0; mailto:vertical-crawl-support@yahoo-inc.com)"
208.36.144.10 - - [26/Sep/2008:16:47:14 +0200] "GET /bannerz/nmap_bnr_matrix_iain.gif HTTP/1.0" 200 9785 "-" "Mozilla/5.0 (Twiceler-0.9 http://www.cuil.com/twiceler/robot.html)"
208.36.144.10 - - [26/Sep/2008:16:48:34 +0200] "GET /bmpp/Bilder2/fsstreiffcc_22.png HTTP/1.0" 200 691 "-" "Mozilla/5.0 (Twiceler-0.9 http://www.cuil.com/twiceler/robot.html)"
80.144.222.164 - - [26/Sep/2008:16:51:10 +0200] "GET /f-other.html HTTP/1.1" 200 33189 "http://search.live.com/results.aspx?q=www.euro-tools.ni&first=11&FORM=PERE" "Mozilla/4.0 (compatible; MSIE 6.0; Windows NT 5.1; AntivirXP08)"
80.144.222.164 - - [26/Sep/2008:16:51:11 +0200] "GET /bannerz/webmasters_click_here.gif HTTP/1.1" 200 1207 "http://www.various-euro.com/f-other.html" "Mozilla/4.0 (compatible; MSIE 6.0; Windows NT 5.1; AntivirXP08)"
168.221.143.68 - - [26/Sep/2008:16:56:43 +0200] "GET /menueleiste.js HTTP/1.1" 404 2748 "http://www.various-euro.com/restate_copy.html" "Mozilla/4.0 (compatible; MSIE 6.0; Windows NT 5.1; SV1)"
168.221.143.68 - - [26/Sep/2008:16:56:43 +0200] "GET /bannerz/rebelle.gif HTTP/1.1" 200 6986 "http://www.various-euro.com/restate_copy.html" "Mozilla/4.0 (compatible; MSIE 6.0; Windows NT 5.1; SV1)"
168.221.143.68 - - [26/Sep/2008:16:56:43 +0200] "GET /restate_copy.html HTTP/1.1" 200 97631 "http://search.live.com/results.aspx?FORM=DNSAS&q=groiler+online+passport.com" "Mozilla/4.0 (compatible; MSIE 6.0; Windows NT 5.1; SV1)"
168.221.143.68 - - [26/Sep/2008:16:56:44 +0200] "GET /detonators.gif HTTP/1.1" 200 14892 "http://www.various-euro.com/restate_copy.html" "Mozilla/4.0 (compatible; MSIE 6.0; Windows NT 5.1; SV1)"
168.221.143.68 - - [26/Sep/2008:16:56:44 +0200] "GET /framez-restate.html HTTP/1.1" 200 4328 "-" "Mozilla/4.0 (compatible; MSIE 6.0; Windows NT 5.1; SV1)"
168.221.143.68 - - [26/Sep/2008:16:56:44 +0200] "GET /frame-menu.html HTTP/1.1" 200 10536 "http://www.various-euro.com/framez-restate.html" "Mozilla/4.0 (compatible; MSIE 6.0; Windows NT 5.1; SV1)"
168.221.143.68 - - [26/Sep/2008:16:56:45 +0200] "GET /frame-unten.html HTTP/1.1" 200 5308 "http://www.various-euro.com/framez-restate.html" "Mozilla/4.0 (compatible; MSIE 6.0; Windows NT 5.1; SV1)"
168.221.143.68 - - [26/Sep/2008:16:56:45 +0200] "GET /style/various-euro.css HTTP/1.1" 200 3437 "http://www.various-euro.com/frame-menu.html" "Mozilla/4.0 (compatible; MSIE 6.0; Windows NT 5.1; SV1)"
168.221.143.68 - - [26/Sep/2008:16:56:44 +0200] "GET /restate_copy.html HTTP/1.1" 200 97631 "http://www.various-euro.com/framez-restate.html" "Mozilla/4.0 (compatible; MSIE 6.0; Windows NT 5.1; SV1)"
168.221.143.68 - - [26/Sep/2008:16:56:45 +0200] "GET /menueleiste.js HTTP/1.1" 404 2748 "http://www.various-euro.com/restate_copy.html" "Mozilla/4.0 (compatible; MSIE 6.0; Windows NT 5.1; SV1)"
168.221.143.68 - - [26/Sep/2008:16:56:45 +0200] "GET /bannerz/ve.jpg HTTP/1.1" 200 36912 "http://www.various-euro.com/frame-unten.html" "Mozilla/4.0 (compatible; MSIE 6.0; Windows NT 5.1; SV1)"
168.221.143.68 - - [26/Sep/2008:16:56:45 +0200] "GET /bannerz/various-euro-girl.jpg HTTP/1.1" 200 91514 "http://www.various-euro.com/frame-unten.html" "Mozilla/4.0 (compatible; MSIE 6.0; Windows NT 5.1; SV1)"
168.221.143.68 - - [26/Sep/2008:16:56:51 +0200] "GET /f-web.html HTTP/1.1" 200 13605 "http://www.various-euro.com/frame-menu.html" "Mozilla/4.0 (compatible; MSIE 6.0; Windows NT 5.1; SV1)"
168.221.143.68 - - [26/Sep/2008:16:56:51 +0200] "GET /bannerz/gnutenberg.gif HTTP/1.1" 200 2057 "http://www.various-euro.com/f-web.html" "Mozilla/4.0 (compatible; MSIE 6.0; Windows NT 5.1; SV1)"
168.221.143.68 - - [26/Sep/2008:16:56:51 +0200] "GET /bannerz/csw13.gif HTTP/1.1" 200 12290 "http://www.various-euro.com/f-web.html" "Mozilla/4.0 (compatible; MSIE 6.0; Windows NT 5.1; SV1)"
168.221.143.68 - - [26/Sep/2008:16:56:51 +0200] "GET /bannerz/MatrixGamesSpwaw468x60.gif HTTP/1.1" 200 17743 "http://www.various-euro.com/f-web.html" "Mozilla/4.0 (compatible; MSIE 6.0; Windows NT 5.1; SV1)"
168.221.143.68 - - [26/Sep/2008:16:56:51 +0200] "GET /bannerz/camu3.jpg HTTP/1.1" 200 2318 "http://www.various-euro.com/f-web.html" "Mozilla/4.0 (compatible; MSIE 6.0; Windows NT 5.1; SV1)"
168.221.143.68 - - [26/Sep/2008:16:56:51 +0200] "GET /bannerz/webmasters_click_here.gif HTTP/1.1" 200 1207 "http://www.various-euro.com/f-web.html" "Mozilla/4.0 (compatible; MSIE 6.0; Windows NT 5.1; SV1)"
168.221.143.68 - - [26/Sep/2008:16:56:52 +0200] "GET /bannerz/nmap_bnr_matrix_iain.gif HTTP/1.1" 200 9785 "http://www.various-euro.com/f-web.html" "Mozilla/4.0 (compatible; MSIE 6.0; Windows NT 5.1; SV1)"
168.221.143.68 - - [26/Sep/2008:16:57:08 +0200] "GET /sendi_agent.html HTTP/1.1" 200 6213 "http://www.various-euro.com/frame-menu.html" "Mozilla/4.0 (compatible; MSIE 6.0; Windows NT 5.1; SV1)"
168.221.143.68 - - [26/Sep/2008:16:57:08 +0200] "GET /bannerz/horrorkatze/xSENDI_BA.jpg HTTP/1.1" 200 4876 "http://www.various-euro.com/sendi_agent.html" "Mozilla/4.0 (compatible; MSIE 6.0; Windows NT 5.1; SV1)"
168.221.143.68 - - [26/Sep/2008:16:57:08 +0200] "GET /3dsf3/sendi/index.html HTTP/1.1" 200 1837 "http://www.various-euro.com/sendi_agent.html" "Mozilla/4.0 (compatible; MSIE 6.0; Windows NT 5.1; SV1)"
168.221.143.68 - - [26/Sep/2008:16:57:08 +0200] "GET /3dsf3/sendi/sendisendi.html HTTP/1.1" 200 5118 "http://www.various-euro.com/sendi_agent.html" "Mozilla/4.0 (compatible; MSIE 6.0; Windows NT 5.1; SV1)"
168.221.143.68 - - [26/Sep/2008:16:57:09 +0200] "GET /3dsf3/sendi/formate.css HTTP/1.1" 200 474 "http://www.various-euro.com/3dsf3/sendi/index.html" "Mozilla/4.0 (compatible; MSIE 6.0; Windows NT 5.1; SV1)"
168.221.143.68 - - [26/Sep/2008:16:57:09 +0200] "GET /3dsf3/sendi/slike/wewant.jpg HTTP/1.1" 200 7142 "http://www.various-euro.com/3dsf3/sendi/index.html" "Mozilla/4.0 (compatible; MSIE 6.0; Windows NT 5.1; SV1)"
168.221.143.68 - - [26/Sep/2008:16:57:09 +0200] "GET /3dsf3/sendi/slike/sendi-install.jpg HTTP/1.1" 200 6966 "http://www.various-euro.com/3dsf3/sendi/index.html" "Mozilla/4.0 (compatible; MSIE 6.0; Windows NT 5.1; SV1)"
168.221.143.68 - - [26/Sep/2008:16:57:09 +0200] "GET /3dsf3/sendi/slike/various-sendi.jpg HTTP/1.1" 200 6368 "http://www.various-euro.com/3dsf3/sendi/index.html" "Mozilla/4.0 (compatible; MSIE 6.0; Windows NT 5.1; SV1)"
168.221.143.68 - - [26/Sep/2008:16:57:09 +0200] "GET /3dsf3/sendi/slike/ifi.jpg HTTP/1.1" 200 5735 "http://www.various-euro.com/3dsf3/sendi/index.html" "Mozilla/4.0 (compatible; MSIE 6.0; Windows NT 5.1; SV1)"
168.221.143.68 - - [26/Sep/2008:16:57:09 +0200] "GET /3dsf3/sendi/slike/sendichannel3.jpg HTTP/1.1" 200 10395 "http://www.various-euro.com/3dsf3/sendi/sendisendi.html" "Mozilla/4.0 (compatible; MSIE 6.0; Windows NT 5.1; SV1)"
168.221.143.68 - - [26/Sep/2008:16:57:09 +0200] "GET /3dsf3/sendi/slike/SHEMA.JPG HTTP/1.1" 200 24378 "http://www.various-euro.com/3dsf3/sendi/sendisendi.html" "Mozilla/4.0 (compatible; MSIE 6.0; Windows NT 5.1; SV1)"
168.221.143.68 - - [26/Sep/2008:16:57:10 +0200] "GET /3dsf3/sendi/seks_sendi.mpg HTTP/1.1" 404 2748 "-" "Windows-Media-Player/9.00.00.3354"
168.221.143.68 - - [26/Sep/2008:16:57:10 +0200] "GET /3dsf3/sendi/slike/sendichannel2.jpg HTTP/1.1" 200 9728 "http://www.various-euro.com/3dsf3/sendi/sendisendi.html" "Mozilla/4.0 (compatible; MSIE 6.0; Windows NT 5.1; SV1)"
168.221.143.68 - - [26/Sep/2008:16:57:10 +0200] "GET /3dsf3/sendi/slike/sendichannel1.jpg HTTP/1.1" 200 10755 "http://www.various-euro.com/3dsf3/sendi/sendisendi.html" "Mozilla/4.0 (compatible; MSIE 6.0; Windows NT 5.1; SV1)"
168.221.143.68 - - [26/Sep/2008:16:57:10 +0200] "GET /3dsf3/sendi/slike/ddplugin-table.jpg HTTP/1.1" 200 10146 "http://www.various-euro.com/3dsf3/sendi/sendisendi.html" "Mozilla/4.0 (compatible; MSIE 6.0; Windows NT 5.1; SV1)"
168.221.143.68 - - [26/Sep/2008:16:57:10 +0200] "GET /3dsf3/sendi/slike/xSENDI_BA.jpg HTTP/1.1" 200 4876 "http://www.various-euro.com/3dsf3/sendi/sendisendi.html" "Mozilla/4.0 (compatible; MSIE 6.0; Windows NT 5.1; SV1)"
168.221.143.68 - - [26/Sep/2008:16:57:10 +0200] "GET /3dsf3/sendi/slike/ddplugin-table2.jpg HTTP/1.1" 200 10055 "http://www.various-euro.com/3dsf3/sendi/sendisendi.html" "Mozilla/4.0 (compatible; MSIE 6.0; Windows NT 5.1; SV1)"
208.36.144.10 - - [26/Sep/2008:17:02:39 +0200] "GET /bannerz/stasi-2-0.jpg HTTP/1.0" 200 42818 "-" "Mozilla/5.0 (Twiceler-0.9 http://www.cuil.com/twiceler/robot.html)"
64.1.215.165 - - [26/Sep/2008:17:06:48 +0200] "GET /logs/daily_usage_200702.png HTTP/1.0" 200 3851 "-" "Mozilla/5.0 (Twiceler-0.9 http://www.cuil.com/twiceler/robot.html)"
64.1.215.165 - - [26/Sep/2008:17:08:01 +0200] "GET /bmpp/Bilder2/fsstreiffcc_29.png HTTP/1.0" 200 448 "-" "Mozilla/5.0 (Twiceler-0.9 http://www.cuil.com/twiceler/robot.html)"
64.1.215.165 - - [26/Sep/2008:17:18:10 +0200] "GET /bmpp/Bilder2/fsstreiffcc_14.png HTTP/1.0" 200 1792 "-" "Mozilla/5.0 (Twiceler-0.9 http://www.cuil.com/twiceler/robot.html)"
208.36.144.10 - - [26/Sep/2008:17:26:33 +0200] "GET /bmpp/Bilder2/fsstreiffcc_04.png HTTP/1.0" 200 2213 "-" "Mozilla/5.0 (Twiceler-0.9 http://www.cuil.com/twiceler/robot.html)"
64.1.215.165 - - [26/Sep/2008:17:27:46 +0200] "GET /logs/daily_usage_200705.png HTTP/1.0" 200 4017 "-" "Mozilla/5.0 (Twiceler-0.9 http://www.cuil.com/twiceler/robot.html)"
64.1.215.165 - - [26/Sep/2008:17:40:40 +0200] "GET /robots.txt HTTP/1.0" 200 64 "-" "Mozilla/5.0 (Twiceler-0.9 http://www.cuil.com/twiceler/robot.html)"
208.36.144.10 - - [26/Sep/2008:17:41:04 +0200] "GET /bmpp/Bilder/18_28.png HTTP/1.0" 200 721 "-" "Mozilla/5.0 (Twiceler-0.9 http://www.cuil.com/twiceler/robot.html)"
64.1.215.165 - - [26/Sep/2008:17:41:09 +0200] "GET /DgH/watch/pict/GNouFL-IS.jpg HTTP/1.0" 200 23320 "-" "Mozilla/5.0 (Twiceler-0.9 http://www.cuil.com/twiceler/robot.html)"
64.1.215.165 - - [26/Sep/2008:17:45:21 +0200] "GET /bannerz/neon_click_2.gif HTTP/1.0" 200 387 "-" "Mozilla/5.0 (Twiceler-0.9 http://www.cuil.com/twiceler/robot.html)"
64.1.215.165 - - [26/Sep/2008:17:47:21 +0200] "GET /bmpp/Bilder/18_29.png HTTP/1.0" 200 564 "-" "Mozilla/5.0 (Twiceler-0.9 http://www.cuil.com/twiceler/robot.html)"
208.36.144.10 - - [26/Sep/2008:17:48:10 +0200] "GET /bmpp/Bilder2/fsstreiffcc_05.png HTTP/1.0" 200 2452 "-" "Mozilla/5.0 (Twiceler-0.9 http://www.cuil.com/twiceler/robot.html)"
208.36.144.10 - - [26/Sep/2008:17:50:11 +0200] "GET /bmpp/Bilder2/fsstreiffcc_28.png HTTP/1.0" 200 595 "-" "Mozilla/5.0 (Twiceler-0.9 http://www.cuil.com/twiceler/robot.html)"
66.249.65.169 - - [26/Sep/2008:17:52:48 +0200] "GET /robots.txt HTTP/1.1" 200 64 "-" "Googlebot-Image/1.0"
208.36.144.10 - - [26/Sep/2008:17:53:15 +0200] "GET /bannerz/iflogo-XII.gif HTTP/1.0" 200 2363 "-" "Mozilla/5.0 (Twiceler-0.9 http://www.cuil.com/twiceler/robot.html)"
66.249.65.169 - - [26/Sep/2008:17:56:35 +0200] "GET /bmpp/18_x.html HTTP/1.1" 200 1100 "-" "Mozilla/5.0 (compatible; Googlebot/2.1; +http://www.google.com/bot.html)"
208.36.144.10 - - [26/Sep/2008:17:57:07 +0200] "GET /Bull-DgH01.jpg HTTP/1.0" 200 9010 "-" "Mozilla/5.0 (Twiceler-0.9 http://www.cuil.com/twiceler/robot.html)"
64.1.215.165 - - [26/Sep/2008:17:58:21 +0200] "GET /bmpp/Bilder2/fsstreiffcc_32.png HTTP/1.0" 200 605 "-" "Mozilla/5.0 (Twiceler-0.9 http://www.cuil.com/twiceler/robot.html)"
64.1.215.165 - - [26/Sep/2008:18:00:29 +0200] "GET /bmpp/Bilder2/fsstreiffcc_20.png HTTP/1.0" 200 357 "-" "Mozilla/5.0 (Twiceler-0.9 http://www.cuil.com/twiceler/robot.html)"
64.1.215.165 - - [26/Sep/2008:18:07:41 +0200] "GET /bmpp/Bilder/18_31.png HTTP/1.0" 200 402 "-" "Mozilla/5.0 (Twiceler-0.9 http://www.cuil.com/twiceler/robot.html)"
64.1.215.165 - - [26/Sep/2008:18:08:57 +0200] "GET /bmpp/Bilder/18_01.png HTTP/1.0" 200 1118 "-" "Mozilla/5.0 (Twiceler-0.9 http://www.cuil.com/twiceler/robot.html)"
208.36.144.10 - - [26/Sep/2008:18:11:32 +0200] "GET /bannerz/horrorkatze/EAT.gif HTTP/1.0" 200 89369 "-" "Mozilla/5.0 (Twiceler-0.9 http://www.cuil.com/twiceler/robot.html)"
64.1.215.165 - - [26/Sep/2008:18:21:58 +0200] "GET /bannerz/bankcreditcard.jpg HTTP/1.0" 200 4220 "-" "Mozilla/5.0 (Twiceler-0.9 http://www.cuil.com/twiceler/robot.html)"
68.142.212.211 - - [26/Sep/2008:18:22:40 +0200] "GET /robots.txt HTTP/1.0" 200 64 "-" "Mozilla/5.0 (Yahoo-MMCrawler/4.0; mailto:vertical-crawl-support@yahoo-inc.com)"
68.142.212.211 - - [26/Sep/2008:18:22:40 +0200] "GET /bannerz/army_graphics_package/rpk-n.gif HTTP/1.0" 200 7872 "-" "Mozilla/5.0 (Yahoo-MMCrawler/4.0; mailto:vertical-crawl-support@yahoo-inc.com)"
208.36.144.10 - - [26/Sep/2008:18:23:32 +0200] "GET /bmpp/Bilder2/fsstreiffcc_14.png HTTP/1.0" 200 1792 "-" "Mozilla/5.0 (Twiceler-0.9 http://www.cuil.com/twiceler/robot.html)"
208.36.144.10 - - [26/Sep/2008:18:24:34 +0200] "GET /bmpp/Bilder/18_21.png HTTP/1.0" 200 253 "-" "Mozilla/5.0 (Twiceler-0.9 http://www.cuil.com/twiceler/robot.html)"
64.1.215.165 - - [26/Sep/2008:18:38:32 +0200] "GET /DgH/bull/pict/Bull-DgH01.jpg HTTP/1.0" 200 9010 "-" "Mozilla/5.0 (Twiceler-0.9 http://www.cuil.com/twiceler/robot.html)"
74.6.18.222 - - [26/Sep/2008:18:48:17 +0200] "GET /logs/usage_200712.html HTTP/1.0" 200 92577 "-" "Mozilla/5.0 (compatible; Yahoo! Slurp; http://help.yahoo.com/help/us/ysearch/slurp)"
208.36.144.10 - - [26/Sep/2008:18:54:25 +0200] "GET /neon/EURO23c.gif HTTP/1.0" 200 41248 "-" "Mozilla/5.0 (Twiceler-0.9 http://www.cuil.com/twiceler/robot.html)"
208.36.144.10 - - [26/Sep/2008:18:55:51 +0200] "GET /bmpp/Bilder/18_17.png HTTP/1.0" 200 958 "-" "Mozilla/5.0 (Twiceler-0.9 http://www.cuil.com/twiceler/robot.html)"
66.249.65.169 - - [26/Sep/2008:18:56:22 +0200] "GET /DgH/ HTTP/1.1" 200 5024 "-" "Mozilla/5.0 (compatible; Googlebot/2.1; +http://www.google.com/bot.html)"
208.36.144.10 - - [26/Sep/2008:19:00:49 +0200] "GET /bmpp/Bilder/18_10.png HTTP/1.0" 200 270 "-" "Mozilla/5.0 (Twiceler-0.9 http://www.cuil.com/twiceler/robot.html)"
64.1.215.165 - - [26/Sep/2008:19:01:29 +0200] "GET /DgH/rampe/pict/Rampe-DgH05.jpg HTTP/1.0" 200 12044 "-" "Mozilla/5.0 (Twiceler-0.9 http://www.cuil.com/twiceler/robot.html)"
64.1.215.165 - - [26/Sep/2008:19:08:39 +0200] "GET /bmpp/Bilder/18_14.png HTTP/1.0" 200 609 "-" "Mozilla/5.0 (Twiceler-0.9 http://www.cuil.com/twiceler/robot.html)"
74.6.18.222 - - [26/Sep/2008:19:14:20 +0200] "GET /neon/euro.html HTTP/1.0" 200 2212 "-" "Mozilla/5.0 (compatible; Yahoo! Slurp; http://help.yahoo.com/help/us/ysearch/slurp)"
208.36.144.10 - - [26/Sep/2008:19:18:37 +0200] "GET /bannerz/game/game0.jpg HTTP/1.0" 200 16189 "-" "Mozilla/5.0 (Twiceler-0.9 http://www.cuil.com/twiceler/robot.html)"
208.36.144.10 - - [26/Sep/2008:19:25:55 +0200] "GET /DgH/orginal/pict/DgH004.jpg HTTP/1.0" 200 6960 "-" "Mozilla/5.0 (Twiceler-0.9 http://www.cuil.com/twiceler/robot.html)"
66.249.65.169 - - [26/Sep/2008:19:29:31 +0200] "GET /f-other.html HTTP/1.1" 200 33189 "-" "Mozilla/5.0 (compatible; Googlebot/2.1; +http://www.google.com/bot.html)"
74.6.18.222 - - [26/Sep/2008:19:37:23 +0200] "GET /framez-rez.html HTTP/1.0" 200 4323 "-" "Mozilla/5.0 (compatible; Yahoo! Slurp; http://help.yahoo.com/help/us/ysearch/slurp)"
74.6.18.222 - - [26/Sep/2008:19:37:23 +0200] "GET /frame-menu.html HTTP/1.0" 200 10536 "-" "Mozilla/5.0 (compatible; Yahoo! Slurp; http://help.yahoo.com/help/us/ysearch/slurp)"
74.6.18.222 - - [26/Sep/2008:19:37:24 +0200] "GET /f-rez.html HTTP/1.0" 200 9765 "-" "Mozilla/5.0 (compatible; Yahoo! Slurp; http://help.yahoo.com/help/us/ysearch/slurp)"
74.6.18.222 - - [26/Sep/2008:19:37:24 +0200] "GET /frame-unten.html HTTP/1.0" 200 5308 "-" "Mozilla/5.0 (compatible; Yahoo! Slurp; http://help.yahoo.com/help/us/ysearch/slurp)"
208.36.144.10 - - [26/Sep/2008:19:38:25 +0200] "GET /bmpp/Bilder2/fsstreiffcc_34.png HTTP/1.0" 200 279 "-" "Mozilla/5.0 (Twiceler-0.9 http://www.cuil.com/twiceler/robot.html)"
208.36.144.10 - - [26/Sep/2008:19:41:49 +0200] "GET /bmpp/Bilder2/fsstreiffcc_29_01.gif HTTP/1.0" 200 890 "-" "Mozilla/5.0 (Twiceler-0.9 http://www.cuil.com/twiceler/robot.html)"
66.249.65.169 - - [26/Sep/2008:20:11:28 +0200] "GET /framez-search.html HTTP/1.1" 200 4326 "-" "Mozilla/5.0 (compatible; Googlebot/2.1; +http://www.google.com/bot.html)"
66.249.65.169 - - [26/Sep/2008:20:22:31 +0200] "GET /framez-zeug.html HTTP/1.1" 200 4311 "-" "Mozilla/5.0 (compatible; Googlebot/2.1; +http://www.google.com/bot.html)"
74.6.18.222 - - [26/Sep/2008:20:30:03 +0200] "GET /f-restate_copy.html HTTP/1.0" 200 96087 "-" "Mozilla/5.0 (compatible; Yahoo! Slurp; http://help.yahoo.com/help/us/ysearch/slurp)"
74.6.18.222 - - [26/Sep/2008:20:52:08 +0200] "GET /rez/fisztfull.qtl HTTP/1.0" 200 166 "-" "Mozilla/5.0 (compatible; Yahoo! Slurp; http://help.yahoo.com/help/us/ysearch/slurp)"
74.6.18.222 - - [26/Sep/2008:20:56:08 +0200] "GET /neon/girlz2.html HTTP/1.0" 200 2937 "-" "Mozilla/5.0 (compatible; Yahoo! Slurp; http://help.yahoo.com/help/us/ysearch/slurp)"
74.6.18.222 - - [26/Sep/2008:21:00:18 +0200] "GET /neon/slow-walk.html HTTP/1.0" 200 1640 "-" "Mozilla/5.0 (compatible; Yahoo! Slurp; http://help.yahoo.com/help/us/ysearch/slurp)"
66.249.65.169 - - [26/Sep/2008:21:08:53 +0200] "GET /f-logz_old.html HTTP/1.1" 200 43773 "-" "Mozilla/5.0 (compatible; Googlebot/2.1; +http://www.google.com/bot.html)"
66.249.65.169 - - [26/Sep/2008:21:11:09 +0200] "GET /ve-icon-2.ico HTTP/1.1" 200 2238 "-" "Mozilla/5.0 (compatible; Googlebot/2.1; +http://www.google.com/bot.html)"
66.249.65.169 - - [26/Sep/2008:21:28:46 +0200] "GET /schubb/schubb-1.html HTTP/1.1" 200 9070 "-" "Mozilla/5.0 (compatible; Googlebot/2.1; +http://www.google.com/bot.html)"
165.160.2.20 - - [26/Sep/2008:21:29:20 +0200] "GET /restate_copy.html HTTP/1.1" 200 97631 "-" "Mozilla/5.0 (Windows; U; Windows NT 5.1; en-US; rv:1.8.1.6) Gecko/20070725 Firefox/2.0.0.6"
165.160.2.20 - - [26/Sep/2008:21:35:41 +0200] "GET /framez-restate.html HTTP/1.1" 200 4328 "-" "Mozilla/5.0 (Windows; U; Windows NT 5.1; en-US; rv:1.8.1.6) Gecko/20070725 Firefox/2.0.0.6"
66.249.65.169 - - [26/Sep/2008:21:42:01 +0200] "GET /frame-inhalt.html HTTP/1.1" 200 5418 "-" "Mozilla/5.0 (compatible; Googlebot/2.1; +http://www.google.com/bot.html)"
81.52.143.16 - - [26/Sep/2008:22:06:09 +0200] "GET /f-web.html HTTP/1.1" 200 13605 "-" "Mozilla/5.0 (Windows; U; Windows NT 5.1; fr; rv:1.8.1) VoilaBot BETA 1.2 (support.voilabot@orange-ftgroup.com)"
193.252.149.15 - - [26/Sep/2008:22:15:52 +0200] "GET http://www.various-euro.com:80/robots.txt HTTP/1.1" 200 64 "-" "Mozilla/5.0 (Windows; U; Windows NT 5.1; fr; rv:1.8.1) VoilaBot BETA 1.2 (support.voilabot@orange-ftgroup.com)"
193.252.149.15 - - [26/Sep/2008:22:15:54 +0200] "GET /f-channel1.html HTTP/1.1" 200 5713 "-" "Mozilla/5.0 (Windows; U; Windows NT 5.1; fr; rv:1.8.1) VoilaBot BETA 1.2 (support.voilabot@orange-ftgroup.com)"
65.55.211.180 - - [26/Sep/2008:22:21:19 +0200] "GET /robots.txt HTTP/1.1" 200 64 "-" "msnbot/1.1 (+http://search.msn.com/msnbot.htm)"
65.55.211.180 - - [26/Sep/2008:22:21:19 +0200] "GET /neon/girl-tv.html HTTP/1.1" 200 1717 "-" "msnbot/1.1 (+http://search.msn.com/msnbot.htm)"
208.80.194.34 - - [26/Sep/2008:22:37:54 +0200] "GET / HTTP/1.0" 200 7869 "-" "Mozilla/4.0 (compatible; MSIE 7.0; Windows NT 5.1; FunWebProducts; (R1 1.5); .NET CLR 1.0.3705; .NET CLR 1.1.4322; Media Center PC 3.1)"
208.80.194.34 - - [26/Sep/2008:22:37:54 +0200] "GET / HTTP/1.0" 200 7869 "-" "Mozilla/4.0 (compatible; MSIE 7.0; Windows NT 5.1; {8C249223-2081-4018-B6BB-09FD72D22878}; FunWebProducts; Comcast Install 1.0; .NET CLR 1.0.3705; .NET CLR 1.1.4322)"
208.36.144.10 - - [26/Sep/2008:22:51:30 +0200] "GET /bannerz/kapitalismusdebatte.jpg HTTP/1.0" 200 69093 "-" "Mozilla/5.0 (Twiceler-0.9 http://www.cuil.com/twiceler/robot.html)"
208.36.144.10 - - [26/Sep/2008:22:53:04 +0200] "GET /bmpp/Bilder2/fsstreiffcc_26.png HTTP/1.0" 200 336 "-" "Mozilla/5.0 (Twiceler-0.9 http://www.cuil.com/twiceler/robot.html)"
64.1.215.165 - - [26/Sep/2008:22:53:51 +0200] "GET /bmpp/Bilder/18_28.png HTTP/1.0" 200 721 "-" "Mozilla/5.0 (Twiceler-0.9 http://www.cuil.com/twiceler/robot.html)"
64.1.215.165 - - [26/Sep/2008:22:56:33 +0200] "GET /bmpp/Bilder2/fsstreiffcc_13.png HTTP/1.0" 200 2817 "-" "Mozilla/5.0 (Twiceler-0.9 http://www.cuil.com/twiceler/robot.html)"
91.205.124.4 - - [26/Sep/2008:22:56:48 +0200] "GET /robots.txt HTTP/1.1" 200 64 "-" "Yanga WorldSearch Bot v1.1/beta (http://www.yanga.co.uk/)"
208.66.193.164 - - [26/Sep/2008:22:56:48 +0200] "GET / HTTP/1.1" 200 7869 "-" "Yanga WorldSearch Bot v1.1/beta (http://www.yanga.co.uk/)"
68.142.212.211 - - [26/Sep/2008:22:56:48 +0200] "GET /robots.txt HTTP/1.0" 200 64 "-" "Mozilla/5.0 (Yahoo-MMCrawler/4.0; mailto:vertical-crawl-support@yahoo-inc.com)"
68.142.212.211 - - [26/Sep/2008:22:56:49 +0200] "GET /logs/usage.png HTTP/1.0" 200 2913 "-" "Mozilla/5.0 (Yahoo-MMCrawler/4.0; mailto:vertical-crawl-support@yahoo-inc.com)"
208.36.144.10 - - [26/Sep/2008:23:01:29 +0200] "GET /bannerz/raf-logo02_tn.gif HTTP/1.0" 200 11804 "-" "Mozilla/5.0 (Twiceler-0.9 http://www.cuil.com/twiceler/robot.html)"
66.249.65.169 - - [26/Sep/2008:23:09:43 +0200] "GET /vinfo/virusencyclo/default5.asp?VName= HTTP/1.1" 404 2748 "-" "Mozilla/5.0 (compatible; Googlebot/2.1; +http://www.google.com/bot.html)"
66.249.65.169 - - [26/Sep/2008:23:09:44 +0200] "GET /robots.txt HTTP/1.1" 200 64 "-" "Mozilla/5.0 (compatible; Googlebot/2.1; +http://www.google.com/bot.html)"
66.249.65.169 - - [26/Sep/2008:23:09:44 +0200] "GET /moz_menue.html HTTP/1.1" 404 2748 "-" "Mozilla/5.0 (compatible; Googlebot/2.1; +http://www.google.com/bot.html)"
208.36.144.10 - - [26/Sep/2008:23:11:48 +0200] "GET /bmpp/Bilder2/fsstreiffcc_08.png HTTP/1.0" 200 1740 "-" "Mozilla/5.0 (Twiceler-0.9 http://www.cuil.com/twiceler/robot.html)"
66.249.65.169 - - [26/Sep/2008:23:16:16 +0200] "GET /ie_menue.html HTTP/1.1" 404 2748 "-" "Mozilla/5.0 (compatible; Googlebot/2.1; +http://www.google.com/bot.html)"
208.36.144.10 - - [26/Sep/2008:23:18:29 +0200] "GET /bannerz/anti_black_small.gif HTTP/1.0" 200 1009 "-" "Mozilla/5.0 (Twiceler-0.9 http://www.cuil.com/twiceler/robot.html)"
64.1.215.165 - - [26/Sep/2008:23:23:42 +0200] "GET /DgH/watch/pict/Watch-DgH08.jpg HTTP/1.0" 200 12152 "-" "Mozilla/5.0 (Twiceler-0.9 http://www.cuil.com/twiceler/robot.html)"
66.249.65.169 - - [26/Sep/2008:23:24:43 +0200] "GET /news.html HTTP/1.1" 404 2748 "-" "Mozilla/5.0 (compatible; Googlebot/2.1; +http://www.google.com/bot.html)"
208.36.144.10 - - [26/Sep/2008:23:29:38 +0200] "GET /bmpp/Bilder/18_38.png HTTP/1.0" 200 509 "-" "Mozilla/5.0 (Twiceler-0.9 http://www.cuil.com/twiceler/robot.html)"
64.1.215.165 - - [26/Sep/2008:23:33:03 +0200] "GET /logs/hourly_usage_200706.png HTTP/1.0" 200 2216 "-" "Mozilla/5.0 (Twiceler-0.9 http://www.cuil.com/twiceler/robot.html)"
66.249.65.169 - - [26/Sep/2008:23:33:14 +0200] "GET /prog.html HTTP/1.1" 404 2748 "-" "Mozilla/5.0 (compatible; Googlebot/2.1; +http://www.google.com/bot.html)"
64.1.215.165 - - [26/Sep/2008:23:35:52 +0200] "GET /bannerz/army_graphics_package/rpk-n.gif HTTP/1.0" 200 7872 "-" "Mozilla/5.0 (Twiceler-0.9 http://www.cuil.com/twiceler/robot.html)"
64.1.215.165 - - [26/Sep/2008:23:37:12 +0200] "GET /bmpp/Bilder2/fsstreiffcc_33.png HTTP/1.0" 200 404 "-" "Mozilla/5.0 (Twiceler-0.9 http://www.cuil.com/twiceler/robot.html)"
64.1.215.165 - - [26/Sep/2008:23:40:02 +0200] "GET /bmpp/Bilder/18_12.png HTTP/1.0" 200 595 "-" "Mozilla/5.0 (Twiceler-0.9 http://www.cuil.com/twiceler/robot.html)"
208.36.144.10 - - [26/Sep/2008:23:40:34 +0200] "GET /bmpp/Bilder/18_35.png HTTP/1.0" 200 691 "-" "Mozilla/5.0 (Twiceler-0.9 http://www.cuil.com/twiceler/robot.html)"
64.1.215.165 - - [26/Sep/2008:23:44:35 +0200] "GET /DgH/bull/pict/BullGNFL.jpg HTTP/1.0" 200 20466 "-" "Mozilla/5.0 (Twiceler-0.9 http://www.cuil.com/twiceler/robot.html)"
208.36.144.10 - - [26/Sep/2008:23:47:30 +0200] "GET /schubb/schubb-1.gif HTTP/1.0" 200 11222 "-" "Mozilla/5.0 (Twiceler-0.9 http://www.cuil.com/twiceler/robot.html)"
64.1.215.165 - - [26/Sep/2008:23:47:54 +0200] "GET /bmpp/Bilder/18_33.png HTTP/1.0" 200 398 "-" "Mozilla/5.0 (Twiceler-0.9 http://www.cuil.com/twiceler/robot.html)"
64.1.215.165 - - [26/Sep/2008:23:49:16 +0200] "GET /vgirls/button10.gif HTTP/1.0" 200 15687 "-" "Mozilla/5.0 (Twiceler-0.9 http://www.cuil.com/twiceler/robot.html)"
208.36.144.10 - - [26/Sep/2008:23:52:18 +0200] "GET /bmpp/Bilder/18_12.png HTTP/1.0" 200 595 "-" "Mozilla/5.0 (Twiceler-0.9 http://www.cuil.com/twiceler/robot.html)"
208.36.144.10 - - [27/Sep/2008:00:00:56 +0200] "GET /zampa-lovers/DRAGAN_Z.JPG HTTP/1.0" 200 6850 "-" "Mozilla/5.0 (Twiceler-0.9 http://www.cuil.com/twiceler/robot.html)"
64.1.215.165 - - [27/Sep/2008:00:02:05 +0200] "GET /bmpp/Bilder/18_04.png HTTP/1.0" 200 289 "-" "Mozilla/5.0 (Twiceler-0.9 http://www.cuil.com/twiceler/robot.html)"
64.1.215.165 - - [27/Sep/2008:00:06:07 +0200] "GET /neon/wpbutton.gif HTTP/1.0" 200 4738 "-" "Mozilla/5.0 (Twiceler-0.9 http://www.cuil.com/twiceler/robot.html)"
208.36.144.10 - - [27/Sep/2008:00:13:24 +0200] "GET /bannerz/goolag_468.jpg HTTP/1.0" 200 28285 "-" "Mozilla/5.0 (Twiceler-0.9 http://www.cuil.com/twiceler/robot.html)"
74.6.18.222 - - [27/Sep/2008:00:13:55 +0200] "GET /logs/usage_200608.html HTTP/1.0" 200 108723 "-" "Mozilla/5.0 (compatible; Yahoo! Slurp; http://help.yahoo.com/help/us/ysearch/slurp)"
64.1.215.165 - - [27/Sep/2008:00:16:07 +0200] "GET /logs/hourly_usage_200707.png HTTP/1.0" 200 2140 "-" "Mozilla/5.0 (Twiceler-0.9 http://www.cuil.com/twiceler/robot.html)"
208.36.144.10 - - [27/Sep/2008:00:17:44 +0200] "GET /etxtreme_breakfast.gif HTTP/1.0" 200 14204 "-" "Mozilla/5.0 (Twiceler-0.9 http://www.cuil.com/twiceler/robot.html)"
64.1.215.165 - - [27/Sep/2008:00:20:12 +0200] "GET /logs/daily_usage_200701.png HTTP/1.0" 200 4085 "-" "Mozilla/5.0 (Twiceler-0.9 http://www.cuil.com/twiceler/robot.html)"
208.36.144.10 - - [27/Sep/2008:00:22:56 +0200] "GET /hsp.gif HTTP/1.0" 200 42603 "-" "Mozilla/5.0 (Twiceler-0.9 http://www.cuil.com/twiceler/robot.html)"
64.1.215.165 - - [27/Sep/2008:00:23:55 +0200] "GET /bannerz/anti_black_small.gif HTTP/1.0" 200 1009 "-" "Mozilla/5.0 (Twiceler-0.9 http://www.cuil.com/twiceler/robot.html)"
64.1.215.165 - - [27/Sep/2008:00:25:52 +0200] "GET /bmpp/Bilder2/fsstreiffcc_15.png HTTP/1.0" 200 2614 "-" "Mozilla/5.0 (Twiceler-0.9 http://www.cuil.com/twiceler/robot.html)"
208.36.144.10 - - [27/Sep/2008:00:27:53 +0200] "GET /bannerz/fbwnpiscreen.jpg HTTP/1.0" 200 8204 "-" "Mozilla/5.0 (Twiceler-0.9 http://www.cuil.com/twiceler/robot.html)"
64.1.215.165 - - [27/Sep/2008:00:30:47 +0200] "GET /DgH001.jpg HTTP/1.0" 200 6960 "-" "Mozilla/5.0 (Twiceler-0.9 http://www.cuil.com/twiceler/robot.html)"
208.36.144.10 - - [27/Sep/2008:00:34:09 +0200] "GET /bannerz/wet.gif HTTP/1.0" 200 18561 "-" "Mozilla/5.0 (Twiceler-0.9 http://www.cuil.com/twiceler/robot.html)"
208.36.144.10 - - [27/Sep/2008:00:38:23 +0200] "GET /bannerz/jimpunk.gif HTTP/1.0" 200 32077 "-" "Mozilla/5.0 (Twiceler-0.9 http://www.cuil.com/twiceler/robot.html)"
64.1.215.165 - - [27/Sep/2008:00:40:29 +0200] "GET /bannerz/copyleft_black_small.gif HTTP/1.0" 200 1231 "-" "Mozilla/5.0 (Twiceler-0.9 http://www.cuil.com/twiceler/robot.html)"
208.36.144.10 - - [27/Sep/2008:00:50:13 +0200] "GET /bmpp/Bilder/18_14.png HTTP/1.0" 200 609 "-" "Mozilla/5.0 (Twiceler-0.9 http://www.cuil.com/twiceler/robot.html)"
208.36.144.10 - - [27/Sep/2008:00:54:55 +0200] "GET /warezcrawler.jpg HTTP/1.0" 200 15588 "-" "Mozilla/5.0 (Twiceler-0.9 http://www.cuil.com/twiceler/robot.html)"
208.36.144.10 - - [27/Sep/2008:01:00:43 +0200] "GET /bmpp/Bilder/18_13.png HTTP/1.0" 200 282 "-" "Mozilla/5.0 (Twiceler-0.9 http://www.cuil.com/twiceler/robot.html)"
208.36.144.10 - - [27/Sep/2008:01:04:31 +0200] "GET /naziline468_60.gif HTTP/1.0" 200 16867 "-" "Mozilla/5.0 (Twiceler-0.9 http://www.cuil.com/twiceler/robot.html)"
208.36.144.10 - - [27/Sep/2008:01:16:42 +0200] "GET /DgH/orginal/pict/DgH001.jpg HTTP/1.0" 200 6960 "-" "Mozilla/5.0 (Twiceler-0.9 http://www.cuil.com/twiceler/robot.html)"
208.36.144.10 - - [27/Sep/2008:01:19:39 +0200] "GET /DgH/orginal/pict/DgH003.jpg HTTP/1.0" 200 6960 "-" "Mozilla/5.0 (Twiceler-0.9 http://www.cuil.com/twiceler/robot.html)"
64.1.215.165 - - [27/Sep/2008:01:26:18 +0200] "GET /vgirls/shaina_big.gif HTTP/1.0" 200 16169 "-" "Mozilla/5.0 (Twiceler-0.9 http://www.cuil.com/twiceler/robot.html)"
64.1.215.165 - - [27/Sep/2008:01:27:33 +0200] "GET /bmpp/Bilder2/fsstreiffcc_10.png HTTP/1.0" 200 2645 "-" "Mozilla/5.0 (Twiceler-0.9 http://www.cuil.com/twiceler/robot.html)"
208.36.144.10 - - [27/Sep/2008:01:27:45 +0200] "GET /bannerz/pavuokwui.gif HTTP/1.0" 200 82088 "-" "Mozilla/5.0 (Twiceler-0.9 http://www.cuil.com/twiceler/robot.html)"
64.1.215.165 - - [27/Sep/2008:01:30:51 +0200] "GET /DgH/bull/pict/Bull-DgH02.jpg HTTP/1.0" 200 9010 "-" "Mozilla/5.0 (Twiceler-0.9 http://www.cuil.com/twiceler/robot.html)"
208.36.144.10 - - [27/Sep/2008:01:31:44 +0200] "GET /bmpp/Bilder/18_33.png HTTP/1.0" 200 398 "-" "Mozilla/5.0 (Twiceler-0.9 http://www.cuil.com/twiceler/robot.html)"
193.252.149.15 - - [27/Sep/2008:01:33:17 +0200] "GET http://various-euro.com:80/robots.txt HTTP/1.1" 200 64 "-" "Mozilla/5.0 (Windows; U; Windows NT 5.1; fr; rv:1.8.1) VoilaBot BETA 1.2 (support.voilabot@orange-ftgroup.com)"
193.252.149.15 - - [27/Sep/2008:01:33:31 +0200] "GET /warez.html HTTP/1.1" 200 9754 "-" "Mozilla/5.0 (Windows; U; Windows NT 5.1; fr; rv:1.8.1) VoilaBot BETA 1.2 (support.voilabot@orange-ftgroup.com)"
64.1.215.165 - - [27/Sep/2008:01:34:12 +0200] "GET /DgH/orginal/pict/GNFL.jpg HTTP/1.0" 200 17744 "-" "Mozilla/5.0 (Twiceler-0.9 http://www.cuil.com/twiceler/robot.html)"
74.6.18.222 - - [27/Sep/2008:01:38:35 +0200] "GET /logs/ HTTP/1.0" 200 10079 "-" "Mozilla/5.0 (compatible; Yahoo! Slurp; http://help.yahoo.com/help/us/ysearch/slurp)"
68.142.212.211 - - [27/Sep/2008:01:40:31 +0200] "GET /robots.txt HTTP/1.0" 200 64 "-" "Mozilla/5.0 (Yahoo-MMCrawler/4.0; mailto:vertical-crawl-support@yahoo-inc.com)"
68.142.212.211 - - [27/Sep/2008:01:40:31 +0200] "GET /logs/daily_usage_200701.png HTTP/1.0" 200 4085 "-" "Mozilla/5.0 (Yahoo-MMCrawler/4.0; mailto:vertical-crawl-support@yahoo-inc.com)"
208.36.144.10 - - [27/Sep/2008:01:40:47 +0200] "GET /bannerz/rebelle.gif HTTP/1.0" 200 6986 "-" "Mozilla/5.0 (Twiceler-0.9 http://www.cuil.com/twiceler/robot.html)"
208.36.144.10 - - [27/Sep/2008:01:51:47 +0200] "GET /bannerz/euross-big.gif HTTP/1.0" 200 19738 "-" "Mozilla/5.0 (Twiceler-0.9 http://www.cuil.com/twiceler/robot.html)"
64.1.215.165 - - [27/Sep/2008:01:55:20 +0200] "GET /rez/ma.jpg HTTP/1.0" 200 12893 "-" "Mozilla/5.0 (Twiceler-0.9 http://www.cuil.com/twiceler/robot.html)"
64.1.215.165 - - [27/Sep/2008:02:01:31 +0200] "GET /logs/daily_usage_200704.png HTTP/1.0" 200 4118 "-" "Mozilla/5.0 (Twiceler-0.9 http://www.cuil.com/twiceler/robot.html)"
68.142.212.211 - - [27/Sep/2008:02:08:09 +0200] "GET /robots.txt HTTP/1.0" 200 64 "-" "Mozilla/5.0 (Yahoo-MMCrawler/4.0; mailto:vertical-crawl-support@yahoo-inc.com)"
68.142.212.211 - - [27/Sep/2008:02:08:09 +0200] "GET /logs/daily_usage_200701.png HTTP/1.0" 200 4085 "-" "Mozilla/5.0 (Yahoo-MMCrawler/4.0; mailto:vertical-crawl-support@yahoo-inc.com)"
64.1.215.165 - - [27/Sep/2008:02:09:01 +0200] "GET /bannerz/schii.gif HTTP/1.0" 200 10816 "-" "Mozilla/5.0 (Twiceler-0.9 http://www.cuil.com/twiceler/robot.html)"
208.36.144.10 - - [27/Sep/2008:02:09:17 +0200] "GET /bannerz/notrace.gif HTTP/1.0" 200 485 "-" "Mozilla/5.0 (Twiceler-0.9 http://www.cuil.com/twiceler/robot.html)"
69.149.75.3 - - [27/Sep/2008:02:10:51 +0200] "GET / HTTP/1.1" 200 7869 "-" "Mozilla/5.0 (Windows; U; Windows NT 6.0; en-US; rv:1.9.0.2) Gecko/2008091620 Firefox/3.0.2"
69.149.75.3 - - [27/Sep/2008:02:10:51 +0200] "GET /ve-icon-2.ico HTTP/1.1" 200 2238 "-" "Mozilla/5.0 (Windows; U; Windows NT 6.0; en-US; rv:1.9.0.2) Gecko/2008091620 Firefox/3.0.2"
69.149.75.3 - - [27/Sep/2008:02:10:51 +0200] "GET /style/various-euro.css HTTP/1.1" 200 3437 "http://www.various-euro.com/" "Mozilla/5.0 (Windows; U; Windows NT 6.0; en-US; rv:1.9.0.2) Gecko/2008091620 Firefox/3.0.2"
69.149.75.3 - - [27/Sep/2008:02:10:52 +0200] "GET /framez_0.html HTTP/1.1" 200 12444 "http://www.various-euro.com/" "Mozilla/5.0 (Windows; U; Windows NT 6.0; en-US; rv:1.9.0.2) Gecko/2008091620 Firefox/3.0.2"
64.1.215.165 - - [27/Sep/2008:02:27:01 +0200] "GET /DgH/watch/pict/Watch-DgH01.jpg HTTP/1.0" 200 12152 "-" "Mozilla/5.0 (Twiceler-0.9 http://www.cuil.com/twiceler/robot.html)"
64.1.215.165 - - [27/Sep/2008:02:31:49 +0200] "GET /zampa/wonderland/TWonder.gif HTTP/1.0" 200 76757 "-" "Mozilla/5.0 (Twiceler-0.9 http://www.cuil.com/twiceler/robot.html)"
68.142.212.211 - - [27/Sep/2008:02:33:45 +0200] "GET /robots.txt HTTP/1.0" 200 64 "-" "Mozilla/5.0 (Yahoo-MMCrawler/4.0; mailto:vertical-crawl-support@yahoo-inc.com)"
68.142.212.211 - - [27/Sep/2008:02:33:46 +0200] "GET /logs/daily_usage_200701.png HTTP/1.0" 200 4085 "-" "Mozilla/5.0 (Yahoo-MMCrawler/4.0; mailto:vertical-crawl-support@yahoo-inc.com)"
64.1.215.165 - - [27/Sep/2008:02:39:16 +0200] "GET /vgirls/huge2.gif HTTP/1.0" 200 7715 "-" "Mozilla/5.0 (Twiceler-0.9 http://www.cuil.com/twiceler/robot.html)"
64.1.215.165 - - [27/Sep/2008:02:41:07 +0200] "GET /bmpp/Bilder2/fsstreiffcc_34.png HTTP/1.0" 200 279 "-" "Mozilla/5.0 (Twiceler-0.9 http://www.cuil.com/twiceler/robot.html)"
74.6.18.222 - - [27/Sep/2008:02:42:06 +0200] "GET / HTTP/1.0" 200 7869 "-" "Mozilla/5.0 (compatible; Yahoo! Slurp; http://help.yahoo.com/help/us/ysearch/slurp)"
64.1.215.165 - - [27/Sep/2008:02:46:32 +0200] "GET /DgH/orginal/pict/DgH005.jpg HTTP/1.0" 200 6960 "-" "Mozilla/5.0 (Twiceler-0.9 http://www.cuil.com/twiceler/robot.html)"
69.149.75.3 - - [27/Sep/2008:02:47:24 +0200] "GET / HTTP/1.1" 200 7869 "-" "Mozilla/5.0 (Windows; U; Windows NT 6.0; en-US; rv:1.9) Gecko/2008052906 Firefox/3.0"
69.149.75.3 - - [27/Sep/2008:02:47:25 +0200] "GET /ve-icon-2.ico HTTP/1.1" 200 2238 "-" "Mozilla/5.0 (Windows; U; Windows NT 6.0; en-US; rv:1.9) Gecko/2008052906 Firefox/3.0"
69.149.75.3 - - [27/Sep/2008:02:47:25 +0200] "GET /style/various-euro.css HTTP/1.1" 200 3437 "http://www.various-euro.com/" "Mozilla/5.0 (Windows; U; Windows NT 6.0; en-US; rv:1.9) Gecko/2008052906 Firefox/3.0"
69.149.75.3 - - [27/Sep/2008:02:47:25 +0200] "GET /framez_0.html HTTP/1.1" 200 12444 "http://www.various-euro.com/" "Mozilla/5.0 (Windows; U; Windows NT 6.0; en-US; rv:1.9) Gecko/2008052906 Firefox/3.0"
69.149.75.3 - - [27/Sep/2008:02:47:29 +0200] "GET /framez.html HTTP/1.1" 200 3959 "http://www.various-euro.com/framez_0.html" "Mozilla/5.0 (Windows; U; Windows NT 6.0; en-US; rv:1.9) Gecko/2008052906 Firefox/3.0"
69.149.75.3 - - [27/Sep/2008:02:47:30 +0200] "GET /frame-menu.html HTTP/1.1" 200 10536 "http://www.various-euro.com/framez.html" "Mozilla/5.0 (Windows; U; Windows NT 6.0; en-US; rv:1.9) Gecko/2008052906 Firefox/3.0"
69.149.75.3 - - [27/Sep/2008:02:47:30 +0200] "GET /frame-inhalt.html HTTP/1.1" 200 5418 "http://www.various-euro.com/framez.html" "Mozilla/5.0 (Windows; U; Windows NT 6.0; en-US; rv:1.9) Gecko/2008052906 Firefox/3.0"
69.149.75.3 - - [27/Sep/2008:02:47:30 +0200] "GET /frame-unten.html HTTP/1.1" 200 5308 "http://www.various-euro.com/framez.html" "Mozilla/5.0 (Windows; U; Windows NT 6.0; en-US; rv:1.9) Gecko/2008052906 Firefox/3.0"
69.149.75.3 - - [27/Sep/2008:02:47:30 +0200] "GET /bannerz/neon_click_3.gif HTTP/1.1" 200 240 "http://www.various-euro.com/frame-inhalt.html" "Mozilla/5.0 (Windows; U; Windows NT 6.0; en-US; rv:1.9) Gecko/2008052906 Firefox/3.0"
69.149.75.3 - - [27/Sep/2008:02:47:30 +0200] "GET /eurosign3.gif HTTP/1.1" 200 7879 "http://www.various-euro.com/frame-inhalt.html" "Mozilla/5.0 (Windows; U; Windows NT 6.0; en-US; rv:1.9) Gecko/2008052906 Firefox/3.0"
69.149.75.3 - - [27/Sep/2008:02:47:31 +0200] "GET /bannerz/neon_click_1.gif HTTP/1.1" 200 890 "http://www.various-euro.com/frame-inhalt.html" "Mozilla/5.0 (Windows; U; Windows NT 6.0; en-US; rv:1.9) Gecko/2008052906 Firefox/3.0"
69.149.75.3 - - [27/Sep/2008:02:47:30 +0200] "GET /bannerz/goolag_468.jpg HTTP/1.1" 200 28285 "http://www.various-euro.com/frame-inhalt.html" "Mozilla/5.0 (Windows; U; Windows NT 6.0; en-US; rv:1.9) Gecko/2008052906 Firefox/3.0"
69.149.75.3 - - [27/Sep/2008:02:47:31 +0200] "GET /bannerz/neon_click_2.gif HTTP/1.1" 200 387 "http://www.various-euro.com/frame-inhalt.html" "Mozilla/5.0 (Windows; U; Windows NT 6.0; en-US; rv:1.9) Gecko/2008052906 Firefox/3.0"
69.149.75.3 - - [27/Sep/2008:02:47:31 +0200] "GET /bannerz/douwil.gif HTTP/1.1" 200 528 "http://www.various-euro.com/frame-inhalt.html" "Mozilla/5.0 (Windows; U; Windows NT 6.0; en-US; rv:1.9) Gecko/2008052906 Firefox/3.0"
69.149.75.3 - - [27/Sep/2008:02:47:30 +0200] "GET /bannerz/wet.gif HTTP/1.1" 200 18561 "http://www.various-euro.com/frame-inhalt.html" "Mozilla/5.0 (Windows; U; Windows NT 6.0; en-US; rv:1.9) Gecko/2008052906 Firefox/3.0"
69.149.75.3 - - [27/Sep/2008:02:47:31 +0200] "GET /bannerz/anti_black_small.gif HTTP/1.1" 200 1009 "http://www.various-euro.com/frame-inhalt.html" "Mozilla/5.0 (Windows; U; Windows NT 6.0; en-US; rv:1.9) Gecko/2008052906 Firefox/3.0"
69.149.75.3 - - [27/Sep/2008:02:47:31 +0200] "GET /bannerz/copyleft_black_small.gif HTTP/1.1" 200 1231 "http://www.various-euro.com/frame-inhalt.html" "Mozilla/5.0 (Windows; U; Windows NT 6.0; en-US; rv:1.9) Gecko/2008052906 Firefox/3.0"
69.149.75.3 - - [27/Sep/2008:02:47:30 +0200] "GET /bannerz/ve.jpg HTTP/1.1" 200 36912 "http://www.various-euro.com/frame-unten.html" "Mozilla/5.0 (Windows; U; Windows NT 6.0; en-US; rv:1.9) Gecko/2008052906 Firefox/3.0"
69.149.75.3 - - [27/Sep/2008:02:47:31 +0200] "GET /bannerz/google/Logo_40blk.gif HTTP/1.1" 200 2308 "http://www.various-euro.com/frame-inhalt.html" "Mozilla/5.0 (Windows; U; Windows NT 6.0; en-US; rv:1.9) Gecko/2008052906 Firefox/3.0"
69.149.75.3 - - [27/Sep/2008:02:47:30 +0200] "GET /bannerz/various-euro-girl.jpg HTTP/1.1" 200 91514 "http://www.various-euro.com/frame-unten.html" "Mozilla/5.0 (Windows; U; Windows NT 6.0; en-US; rv:1.9) Gecko/2008052906 Firefox/3.0"
64.1.215.165 - - [27/Sep/2008:02:50:05 +0200] "GET /logs/hourly_usage_200711.png HTTP/1.0" 200 2010 "-" "Mozilla/5.0 (Twiceler-0.9 http://www.cuil.com/twiceler/robot.html)"
64.1.215.165 - - [27/Sep/2008:02:53:10 +0200] "GET /bmpp/Bilder/18_24.png HTTP/1.0" 200 353 "-" "Mozilla/5.0 (Twiceler-0.9 http://www.cuil.com/twiceler/robot.html)"
68.142.212.211 - - [27/Sep/2008:02:58:04 +0200] "GET /robots.txt HTTP/1.0" 200 64 "-" "Mozilla/5.0 (Yahoo-MMCrawler/4.0; mailto:vertical-crawl-support@yahoo-inc.com)"
68.142.212.211 - - [27/Sep/2008:02:58:05 +0200] "GET /logs/daily_usage_200701.png HTTP/1.0" 200 4085 "-" "Mozilla/5.0 (Yahoo-MMCrawler/4.0; mailto:vertical-crawl-support@yahoo-inc.com)"
64.1.215.165 - - [27/Sep/2008:02:58:40 +0200] "GET /bmpp/Bilder2/fsstreiffcc_24.png HTTP/1.0" 200 737 "-" "Mozilla/5.0 (Twiceler-0.9 http://www.cuil.com/twiceler/robot.html)"
64.1.215.165 - - [27/Sep/2008:03:03:13 +0200] "GET /vgirls/penis_ban4.gif HTTP/1.0" 200 9108 "-" "Mozilla/5.0 (Twiceler-0.9 http://www.cuil.com/twiceler/robot.html)"
64.1.215.165 - - [27/Sep/2008:03:07:35 +0200] "GET /DgH/watch/pict/Watch-DgH07.jpg HTTP/1.0" 200 12152 "-" "Mozilla/5.0 (Twiceler-0.9 http://www.cuil.com/twiceler/robot.html)"
64.1.215.165 - - [27/Sep/2008:03:13:44 +0200] "GET /DgH/watch/pict/Watch-DgH09.jpg HTTP/1.0" 200 12152 "-" "Mozilla/5.0 (Twiceler-0.9 http://www.cuil.com/twiceler/robot.html)"
74.6.18.222 - - [27/Sep/2008:03:20:25 +0200] "GET /zampa HTTP/1.0" 301 375 "-" "Mozilla/5.0 (compatible; Yahoo! Slurp; http://help.yahoo.com/help/us/ysearch/slurp)"
74.6.18.222 - - [27/Sep/2008:03:20:26 +0200] "GET /zampa/ HTTP/1.0" 200 7153 "-" "Mozilla/5.0 (compatible; Yahoo! Slurp; http://help.yahoo.com/help/us/ysearch/slurp)"
64.1.215.165 - - [27/Sep/2008:03:21:08 +0200] "GET /bmpp/Bilder/18_10.png HTTP/1.0" 200 270 "-" "Mozilla/5.0 (Twiceler-0.9 http://www.cuil.com/twiceler/robot.html)"
64.1.215.165 - - [27/Sep/2008:03:29:30 +0200] "GET /zampa/montenegro/slike/MILOW.jpg HTTP/1.0" 200 3823 "-" "Mozilla/5.0 (Twiceler-0.9 http://www.cuil.com/twiceler/robot.html)"
68.142.212.211 - - [27/Sep/2008:03:37:32 +0200] "GET /bannerz/logo-partnergegenberlin.png HTTP/1.0" 200 6341 "-" "Mozilla/5.0 (Yahoo-MMCrawler/4.0; mailto:vertical-crawl-support@yahoo-inc.com)"
208.36.144.10 - - [27/Sep/2008:03:39:06 +0200] "GET /bmpp/Bilder2/fsstreiffcc_39.png HTTP/1.0" 200 399 "-" "Mozilla/5.0 (Twiceler-0.9 http://www.cuil.com/twiceler/robot.html)"
64.1.215.165 - - [27/Sep/2008:03:40:30 +0200] "GET /bmpp/Bilder/18_35.png HTTP/1.0" 200 691 "-" "Mozilla/5.0 (Twiceler-0.9 http://www.cuil.com/twiceler/robot.html)"
64.1.215.165 - - [27/Sep/2008:03:42:08 +0200] "GET /DgH/watch/pict/Watch-DgH03.jpg HTTP/1.0" 200 12152 "-" "Mozilla/5.0 (Twiceler-0.9 http://www.cuil.com/twiceler/robot.html)"
208.36.144.10 - - [27/Sep/2008:03:42:34 +0200] "GET /bannerz/restate.gif HTTP/1.0" 200 22259 "-" "Mozilla/5.0 (Twiceler-0.9 http://www.cuil.com/twiceler/robot.html)"
193.252.149.15 - - [27/Sep/2008:03:45:58 +0200] "GET /f-bannnerz.html HTTP/1.1" 200 12651 "-" "Mozilla/5.0 (Windows; U; Windows NT 5.1; fr; rv:1.8.1) VoilaBot BETA 1.2 (support.voilabot@orange-ftgroup.com)"
64.1.215.165 - - [27/Sep/2008:03:51:58 +0200] "GET /bmpp/Bilder/18_02.png HTTP/1.0" 200 289 "-" "Mozilla/5.0 (Twiceler-0.9 http://www.cuil.com/twiceler/robot.html)"
68.142.212.211 - - [27/Sep/2008:04:03:04 +0200] "GET /logs/ctry_usage_200708.png HTTP/1.0" 200 5244 "-" "Mozilla/5.0 (Yahoo-MMCrawler/4.0; mailto:vertical-crawl-support@yahoo-inc.com)"
81.52.143.15 - - [27/Sep/2008:04:07:38 +0200] "GET /f-warez.html HTTP/1.1" 200 10953 "-" "Mozilla/5.0 (Windows; U; Windows NT 5.1; fr; rv:1.8.1) VoilaBot BETA 1.2 (support.voilabot@orange-ftgroup.com)"
222.240.205.194 - - [27/Sep/2008:04:11:07 +0200] "GET /DgH/bull/index.html HTTP/1.1" 200 1915 "-" "Mozilla/4.0 (compatible; MSIE 6.0; Windows NT 5.0)"
222.240.205.194 - - [27/Sep/2008:04:11:20 +0200] "GET /DgH/orginal/index.html HTTP/1.1" 200 1727 "-" "Mozilla/4.0 (compatible; MSIE 6.0; Windows NT 5.0)"
222.240.205.194 - - [27/Sep/2008:04:11:52 +0200] "GET /f-sponsor.html HTTP/1.1" 200 8578 "-" "Mozilla/4.0 (compatible; MSIE 6.0; Windows NT 5.0)"
208.36.144.10 - - [27/Sep/2008:04:14:06 +0200] "GET /bmpp/Bilder/18_25.png HTTP/1.0" 200 827 "-" "Mozilla/5.0 (Twiceler-0.9 http://www.cuil.com/twiceler/robot.html)"
74.6.18.222 - - [27/Sep/2008:04:27:15 +0200] "GET /logs/usage_200603.html HTTP/1.0" 200 109800 "-" "Mozilla/5.0 (compatible; Yahoo! Slurp; http://help.yahoo.com/help/us/ysearch/slurp)"
208.36.144.10 - - [27/Sep/2008:05:04:57 +0200] "GET /DgH/orginal/pict/DgH006.jpg HTTP/1.0" 200 6960 "-" "Mozilla/5.0 (Twiceler-0.9 http://www.cuil.com/twiceler/robot.html)"
208.36.144.10 - - [27/Sep/2008:05:08:22 +0200] "GET /neon/EURO2gif.gif HTTP/1.0" 200 28944 "-" "Mozilla/5.0 (Twiceler-0.9 http://www.cuil.com/twiceler/robot.html)"
206.51.230.26 - - [27/Sep/2008:05:10:59 +0200] "GET /logs/ HTTP/1.1" 200 10079 "http://drugstore-inc.com/" "Mozilla/4.0 (compatible; MSIE 6.0; Windows NT 5.2; SV1; .NET CLR 1.1.4322)"
206.51.230.26 - - [27/Sep/2008:05:11:05 +0200] "GET /logs/usage_200712.html HTTP/1.1" 200 92577 "http://drugstore-inc.com/" "Mozilla/4.0 (compatible; MSIE 7.0; Windows NT 5.1; .NET CLR 1.1.4322; .NET CLR 2.0.50727; InfoPath.1)"
74.6.8.91 - - [27/Sep/2008:05:39:50 +0200] "GET /robots.txt HTTP/1.0" 200 64 "-" "Mozilla/5.0 (compatible; Yahoo! Slurp; http://help.yahoo.com/help/us/ysearch/slurp)"
74.6.8.91 - - [27/Sep/2008:05:39:50 +0200] "GET /partnergegenberlin.html HTTP/1.0" 200 5022 "-" "Mozilla/5.0 (compatible; Yahoo! Slurp; http://help.yahoo.com/help/us/ysearch/slurp)"
206.206.63.84 - - [27/Sep/2008:05:57:40 +0200] "GET / HTTP/1.1" 200 7869 "-" "Mozilla/5.0 (X11; U; Linux i686; en-US; rv:1.6) Gecko/20040218 Galeon/1.3.12"
74.6.8.91 - - [27/Sep/2008:06:17:25 +0200] "GET / HTTP/1.0" 200 7869 "-" "Mozilla/5.0 (compatible; Yahoo! Slurp; http://help.yahoo.com/help/us/ysearch/slurp)"
208.36.144.10 - - [27/Sep/2008:06:30:33 +0200] "GET /bannerz/bankcreditcard.jpg HTTP/1.0" 200 4220 "-" "Mozilla/5.0 (Twiceler-0.9 http://www.cuil.com/twiceler/robot.html)"
74.6.8.91 - - [27/Sep/2008:06:31:30 +0200] "GET /news.html HTTP/1.0" 404 2748 "-" "Mozilla/5.0 (compatible; Yahoo! Slurp; http://help.yahoo.com/help/us/ysearch/slurp)"
193.200.241.188 - - [27/Sep/2008:07:15:05 +0200] "GET /f-logz_old.html HTTP/1.1" 200 43773 "-" "Mozilla/5.0 (Windows; U; Windows NT 5.0; en-US; rv:1.0rc2) Gecko/20020510"
208.109.181.135 - - [27/Sep/2008:07:36:24 +0200] "GET /restate_copy.html HTTP/1.1" 200 97631 "-" "-"
208.109.181.135 - - [27/Sep/2008:07:36:25 +0200] "GET /restate_copy.html HTTP/1.1" 200 97631 "-" "-"
193.252.149.16 - - [27/Sep/2008:07:44:26 +0200] "GET /frame-inhalt.html HTTP/1.1" 200 5418 "-" "Mozilla/5.0 (Windows; U; Windows NT 5.1; fr; rv:1.8.1) VoilaBot BETA 1.2 (support.voilabot@orange-ftgroup.com)"
193.252.149.16 - - [27/Sep/2008:08:23:08 +0200] "GET /world.html HTTP/1.1" 200 16295 "-" "Mozilla/5.0 (Windows; U; Windows NT 5.1; fr; rv:1.8.1) VoilaBot BETA 1.2 (support.voilabot@orange-ftgroup.com)"
74.6.8.91 - - [27/Sep/2008:08:26:29 +0200] "GET /zampa/montenegro/SEKAW.html HTTP/1.0" 200 860 "-" "Mozilla/5.0 (compatible; Yahoo! Slurp; http://help.yahoo.com/help/us/ysearch/slurp)"
64.1.215.165 - - [27/Sep/2008:08:27:04 +0200] "GET /logs/usage.png HTTP/1.0" 200 2913 "-" "Mozilla/5.0 (Twiceler-0.9 http://www.cuil.com/twiceler/robot.html)"
208.36.144.10 - - [27/Sep/2008:08:27:54 +0200] "GET /bannerz/beLe.gif HTTP/1.0" 200 9193 "-" "Mozilla/5.0 (Twiceler-0.9 http://www.cuil.com/twiceler/robot.html)"
208.36.144.10 - - [27/Sep/2008:08:37:24 +0200] "GET /bmpp/Bilder/18_19.png HTTP/1.0" 200 277 "-" "Mozilla/5.0 (Twiceler-0.9 http://www.cuil.com/twiceler/robot.html)"
74.6.8.91 - - [27/Sep/2008:08:52:13 +0200] "GET /neon/warning2.html HTTP/1.0" 200 997 "-" "Mozilla/5.0 (compatible; Yahoo! Slurp; http://help.yahoo.com/help/us/ysearch/slurp)"
91.205.124.4 - - [27/Sep/2008:08:56:59 +0200] "GET /robots.txt HTTP/1.1" 200 64 "-" "Yanga WorldSearch Bot v1.1/beta (http://www.yanga.co.uk/)"
208.66.193.164 - - [27/Sep/2008:08:56:59 +0200] "GET / HTTP/1.1" 200 7869 "-" "Yanga WorldSearch Bot v1.1/beta (http://www.yanga.co.uk/)"
208.80.194.59 - - [27/Sep/2008:09:00:11 +0200] "GET / HTTP/1.0" 200 7869 "-" "Mozilla/4.0 (compatible; MSIE 6.0; Windows NT 5.1; SV1; .NET CLR 1.1.4322; .NET CLR 2.0.50728)"
64.1.215.165 - - [27/Sep/2008:09:20:28 +0200] "GET /hsp.gif HTTP/1.0" 200 42603 "-" "Mozilla/5.0 (Twiceler-0.9 http://www.cuil.com/twiceler/robot.html)"
64.1.215.165 - - [27/Sep/2008:09:32:51 +0200] "GET /bmpp/Bilder2/fsstreiffcc_21.png HTTP/1.0" 200 214 "-" "Mozilla/5.0 (Twiceler-0.9 http://www.cuil.com/twiceler/robot.html)"
208.109.181.135 - - [27/Sep/2008:09:38:50 +0200] "GET /restate_copy.html HTTP/1.1" 200 97631 "-" "-"
208.109.181.135 - - [27/Sep/2008:09:38:51 +0200] "GET /restate_copy.html HTTP/1.1" 200 97631 "-" "-"
64.1.215.165 - - [27/Sep/2008:09:40:00 +0200] "GET /DgH/watch/pict/Watch-DgH05.jpg HTTP/1.0" 200 12152 "-" "Mozilla/5.0 (Twiceler-0.9 http://www.cuil.com/twiceler/robot.html)"
74.6.8.91 - - [27/Sep/2008:09:48:09 +0200] "GET /logs/usage_200711.html HTTP/1.0" 200 109628 "-" "Mozilla/5.0 (compatible; Yahoo! Slurp; http://help.yahoo.com/help/us/ysearch/slurp)"
78.137.25.161 - - [27/Sep/2008:09:56:37 +0200] "GET /framez-schubb5.html HTTP/1.0" 200 4330 "http://www.various-euro.com/framez-schubb5.html" "Mozilla/4.0 (compatible; MSIE 6.0; Windows NT 5.2; SV1; .NET CLR 1.1.4322; .NET CLR 2.0.50727)"
78.137.25.161 - - [27/Sep/2008:09:56:40 +0200] "GET /frame-menu.html HTTP/1.0" 200 10536 "http://www.various-euro.com/frame-menu.html" "Mozilla/4.0 (compatible; MSIE 6.0; Windows NT 5.2; SV1; .NET CLR 1.1.4322; .NET CLR 2.0.50727)"
78.137.25.161 - - [27/Sep/2008:09:56:42 +0200] "GET /schubb/schubb-5.html HTTP/1.0" 200 72944 "http://www.various-euro.com/schubb/schubb-5.html" "Mozilla/4.0 (compatible; MSIE 6.0; Windows NT 5.2; SV1; .NET CLR 1.1.4322; .NET CLR 2.0.50727)"
78.137.25.161 - - [27/Sep/2008:09:56:46 +0200] "GET /frame-unten.html HTTP/1.0" 200 5308 "http://www.various-euro.com/frame-unten.html" "Mozilla/4.0 (compatible; MSIE 6.0; Windows NT 5.2; SV1; .NET CLR 1.1.4322; .NET CLR 2.0.50727)"
64.1.215.165 - - [27/Sep/2008:10:01:39 +0200] "GET /neon/sw-girl.gif HTTP/1.0" 200 86668 "-" "Mozilla/5.0 (Twiceler-0.9 http://www.cuil.com/twiceler/robot.html)"
208.36.144.10 - - [27/Sep/2008:10:24:03 +0200] "GET /bannerz/interfiction-logo-rot-2006.gif HTTP/1.0" 200 743 "-" "Mozilla/5.0 (Twiceler-0.9 http://www.cuil.com/twiceler/robot.html)"
64.1.215.165 - - [27/Sep/2008:10:28:42 +0200] "GET /DgH/bull/pict/Bull-DgH04.jpg HTTP/1.0" 200 9010 "-" "Mozilla/5.0 (Twiceler-0.9 http://www.cuil.com/twiceler/robot.html)"
64.1.215.165 - - [27/Sep/2008:10:32:11 +0200] "GET /logs/daily_usage_200709.png HTTP/1.0" 200 4030 "-" "Mozilla/5.0 (Twiceler-0.9 http://www.cuil.com/twiceler/robot.html)"
64.1.215.165 - - [27/Sep/2008:10:42:09 +0200] "GET /bmpp/Bilder2/fsstreiffcc_18.png HTTP/1.0" 200 1094 "-" "Mozilla/5.0 (Twiceler-0.9 http://www.cuil.com/twiceler/robot.html)"
64.1.215.165 - - [27/Sep/2008:10:44:30 +0200] "GET /bmpp/Bilder2/fsstreiffcc_04.png HTTP/1.0" 200 2213 "-" "Mozilla/5.0 (Twiceler-0.9 http://www.cuil.com/twiceler/robot.html)"
64.1.215.165 - - [27/Sep/2008:10:49:18 +0200] "GET /schubb/schubb-1.gif HTTP/1.0" 200 11222 "-" "Mozilla/5.0 (Twiceler-0.9 http://www.cuil.com/twiceler/robot.html)"
66.34.204.26 - - [27/Sep/2008:10:51:41 +0200] "GET / HTTP/1.1" 302 353 "http://www.keywordspy.com/keyword-research/zampa.various-euro.com" "Mozilla/4.0 (compatible; MSIE 7.0; Windows NT 5.1; Alexa Toolbar)"
66.34.204.26 - - [27/Sep/2008:10:51:42 +0200] "GET /zampa/ HTTP/1.1" 200 7153 "http://www.keywordspy.com/keyword-research/zampa.various-euro.com" "Mozilla/4.0 (compatible; MSIE 7.0; Windows NT 5.1; Alexa Toolbar)"
