65.55.211.171 - - [23/Sep/2008:11:08:14 +0200] "GET /neon/sushi.html HTTP/1.1" 200 687 "-" "msnbot/1.1 (+http://search.msn.com/msnbot.htm)"
208.36.144.10 - - [23/Sep/2008:12:03:53 +0200] "GET /robots.txt HTTP/1.0" 200 64 "-" "Mozilla/5.0 (Twiceler-0.9 http://www.cuil.com/twiceler/robot.html)"
65.55.211.167 - - [23/Sep/2008:12:05:15 +0200] "GET /f-euro.html HTTP/1.1" 200 12203 "-" "msnbot/1.1 (+http://search.msn.com/msnbot.htm)"
66.249.65.169 - - [23/Sep/2008:12:06:21 +0200] "GET /robots.txt HTTP/1.1" 200 64 "-" "Mozilla/5.0 (compatible; Googlebot/2.1; +http://www.google.com/bot.html)"
66.249.65.169 - - [23/Sep/2008:12:06:21 +0200] "GET /logs/usage_200809.html HTTP/1.1" 404 2748 "-" "Mozilla/5.0 (compatible; Googlebot/2.1; +http://www.google.com/bot.html)"
65.55.211.170 - - [23/Sep/2008:12:22:54 +0200] "GET /robots.txt HTTP/1.1" 200 64 "-" "msnbot/1.1 (+http://search.msn.com/msnbot.htm)"
65.55.211.170 - - [23/Sep/2008:12:22:56 +0200] "GET /f-maintitle.html HTTP/1.1" 200 5030 "-" "msnbot/1.1 (+http://search.msn.com/msnbot.htm)"
208.36.144.10 - - [23/Sep/2008:12:24:14 +0200] "GET /neon/slow-walk2.html HTTP/1.0" 200 1777 "-" "Mozilla/5.0 (Twiceler-0.9 http://www.cuil.com/twiceler/robot.html)"
65.55.211.180 - - [23/Sep/2008:12:33:43 +0200] "GET /robots.txt HTTP/1.1" 200 64 "-" "msnbot/1.1 (+http://search.msn.com/msnbot.htm)"
65.55.211.180 - - [23/Sep/2008:12:33:43 +0200] "GET /neon/code.html HTTP/1.1" 200 1109 "-" "msnbot/1.1 (+http://search.msn.com/msnbot.htm)"
65.55.211.180 - - [23/Sep/2008:12:54:23 +0200] "GET /3dsf3/sendi/receiver.html HTTP/1.1" 200 1402 "-" "msnbot/1.1 (+http://search.msn.com/msnbot.htm)"
74.6.18.222 - - [23/Sep/2008:13:26:35 +0200] "GET /logs/usage_200606.html HTTP/1.0" 200 108082 "-" "Mozilla/5.0 (compatible; Yahoo! Slurp; http://help.yahoo.com/help/us/ysearch/slurp)"
208.36.144.10 - - [23/Sep/2008:13:29:44 +0200] "GET /schubb/schubb-4.html HTTP/1.0" 200 17746 "-" "Mozilla/5.0 (Twiceler-0.9 http://www.cuil.com/twiceler/robot.html)"
64.1.215.165 - - [23/Sep/2008:13:33:27 +0200] "GET /framez-e-count.html HTTP/1.0" 200 4321 "-" "Mozilla/5.0 (Twiceler-0.9 http://www.cuil.com/twiceler/robot.html)"
71.41.201.38 - - [23/Sep/2008:13:34:50 +0200] "GET / HTTP/1.1" 200 7869 "-" "MLBot (www.metadatalabs.com/mlbot)"
201.137.50.150 - - [23/Sep/2008:13:35:56 +0200] "POST /epoch/add-passwd.cgi.bak HTTP/1.1" 404 2748 "http://various-euro.com/epoch/add-passwd.cgi.bak" "Mozilla/4.0 (compatible; MSIE 6.0; Windows NT 5.1)"
201.137.50.150 - - [23/Sep/2008:13:35:57 +0200] "POST /epoch/add-passwd_original.cgi HTTP/1.1" 404 2748 "http://various-euro.com/epoch/add-passwd_original.cgi" "Mozilla/4.0 (compatible; MSIE 6.0; Windows NT 5.1)"
74.6.18.222 - - [23/Sep/2008:13:54:07 +0200] "GET /framez.html HTTP/1.0" 200 3959 "-" "Mozilla/5.0 (compatible; Yahoo! Slurp; http://help.yahoo.com/help/us/ysearch/slurp)"
74.6.18.222 - - [23/Sep/2008:13:54:07 +0200] "GET /frame-menu.html HTTP/1.0" 200 10536 "-" "Mozilla/5.0 (compatible; Yahoo! Slurp; http://help.yahoo.com/help/us/ysearch/slurp)"
74.6.18.222 - - [23/Sep/2008:13:54:08 +0200] "GET /frame-inhalt.html HTTP/1.0" 200 5418 "-" "Mozilla/5.0 (compatible; Yahoo! Slurp; http://help.yahoo.com/help/us/ysearch/slurp)"
74.6.18.222 - - [23/Sep/2008:13:54:09 +0200] "GET /frame-unten.html HTTP/1.0" 200 5308 "-" "Mozilla/5.0 (compatible; Yahoo! Slurp; http://help.yahoo.com/help/us/ysearch/slurp)"
193.252.149.15 - - [23/Sep/2008:13:57:08 +0200] "GET /f-bannnerz.html HTTP/1.1" 200 12651 "-" "Mozilla/5.0 (Windows; U; Windows NT 5.1; fr; rv:1.8.1) VoilaBot BETA 1.2 (support.voilabot@orange-ftgroup.com)"
208.36.144.10 - - [23/Sep/2008:14:08:38 +0200] "GET /euro.html HTTP/1.0" 404 2748 "-" "Mozilla/5.0 (Twiceler-0.9 http://www.cuil.com/twiceler/robot.html)"
74.6.18.222 - - [23/Sep/2008:14:28:56 +0200] "GET /neon/left-one-new.html HTTP/1.0" 200 1483 "-" "Mozilla/5.0 (compatible; Yahoo! Slurp; http://help.yahoo.com/help/us/ysearch/slurp)"
64.1.215.165 - - [23/Sep/2008:14:55:37 +0200] "GET /robots.txt HTTP/1.0" 200 64 "-" "Mozilla/5.0 (Twiceler-0.9 http://www.cuil.com/twiceler/robot.html)"
74.6.18.224 - - [23/Sep/2008:15:10:31 +0200] "GET /robots.txt HTTP/1.0" 302 363 "-" "Mozilla/5.0 (compatible; Yahoo! Slurp; http://help.yahoo.com/help/us/ysearch/slurp)"
74.6.18.224 - - [23/Sep/2008:15:10:32 +0200] "GET /zampa/robots.txt HTTP/1.0" 404 2748 "-" "Mozilla/5.0 (compatible; Yahoo! Slurp; http://help.yahoo.com/help/us/ysearch/slurp)"
74.6.18.224 - - [23/Sep/2008:15:10:32 +0200] "GET / HTTP/1.0" 302 353 "-" "Mozilla/5.0 (compatible; Yahoo! Slurp; http://help.yahoo.com/help/us/ysearch/slurp)"
74.6.18.222 - - [23/Sep/2008:15:10:32 +0200] "GET /zampa/ HTTP/1.0" 200 7153 "-" "Mozilla/5.0 (compatible; Yahoo! Slurp; http://help.yahoo.com/help/us/ysearch/slurp)"
66.231.189.44 - - [23/Sep/2008:15:12:15 +0200] "GET /robots.txt HTTP/1.0" 302 363 "-" "Gigabot/3.0 (http://www.gigablast.com/spider.html)"
66.231.189.124 - - [23/Sep/2008:15:12:16 +0200] "GET / HTTP/1.0" 302 353 "-" "Gigabot/3.0 (http://www.gigablast.com/spider.html)"
193.252.149.15 - - [23/Sep/2008:15:40:32 +0200] "GET /f-channel1.html HTTP/1.1" 200 5713 "-" "Mozilla/5.0 (Windows; U; Windows NT 5.1; fr; rv:1.8.1) VoilaBot BETA 1.2 (support.voilabot@orange-ftgroup.com)"
74.6.18.222 - - [23/Sep/2008:15:41:54 +0200] "GET /schubb/schubb-3.html HTTP/1.0" 200 17546 "-" "Mozilla/5.0 (compatible; Yahoo! Slurp; http://help.yahoo.com/help/us/ysearch/slurp)"
201.137.50.150 - - [23/Sep/2008:15:48:47 +0200] "GET /cgi-bin/mailmachine.cgi?action=Load HTTP/1.1" 404 2748 "http://various-euro.com/cgi-bin/mailmachine.cgi?action=Load" "Mozilla/4.0 (compatible; MSIE 6.0; Windows NT 5.1)"
65.55.212.182 - - [23/Sep/2008:15:50:06 +0200] "GET /robots.txt HTTP/1.0" 200 64 "-" "msnbot-media/1.0 (+http://search.msn.com/msnbot.htm)"
65.55.212.182 - - [23/Sep/2008:15:50:06 +0200] "GET /sendi-agent/interfiction-sendi.mpg HTTP/1.0" 404 2748 "-" "msnbot-media/1.0 (+http://search.msn.com/msnbot.htm)"
74.6.18.222 - - [23/Sep/2008:16:02:27 +0200] "GET /logs/usage_200601.html HTTP/1.0" 200 109676 "-" "Mozilla/5.0 (compatible; Yahoo! Slurp; http://help.yahoo.com/help/us/ysearch/slurp)"
208.36.144.10 - - [23/Sep/2008:16:51:48 +0200] "GET /e-counter.html HTTP/1.0" 200 4047 "-" "Mozilla/5.0 (Twiceler-0.9 http://www.cuil.com/twiceler/robot.html)"
65.55.211.180 - - [23/Sep/2008:17:51:22 +0200] "GET /frame-inhalt.html HTTP/1.1" 200 5418 "-" "msnbot/1.1 (+http://search.msn.com/msnbot.htm)"
208.36.144.10 - - [23/Sep/2008:17:58:09 +0200] "GET /tour1_new.html HTTP/1.0" 404 2748 "-" "Mozilla/5.0 (Twiceler-0.9 http://www.cuil.com/twiceler/robot.html)"
207.154.95.84 - - [23/Sep/2008:18:03:09 +0200] "GET /favicon.ico HTTP/1.1" 404 2748 "http://www.google.com/search?q=nano+mandala&ie=utf-8&oe=utf-8&aq=t&rls=org.mozilla:en-US:official&client=firefox-a" "Mozilla/5.0 (Windows; U; Windows NT 6.0; en-US; rv:1.9.0.1) Gecko/2008070208 Firefox/3.0.1 (.NET CLR 3.5.30729)"
74.6.18.222 - - [23/Sep/2008:18:05:03 +0200] "GET / HTTP/1.0" 200 7869 "-" "Mozilla/5.0 (compatible; Yahoo! Slurp; http://help.yahoo.com/help/us/ysearch/slurp)"
165.160.2.20 - - [23/Sep/2008:18:47:08 +0200] "GET /restate_copy.html HTTP/1.1" 200 97631 "-" "Mozilla/5.0 (Windows; U; Windows NT 5.1; en-US; rv:1.8.1.6) Gecko/20070725 Firefox/2.0.0.6"
65.55.211.164 - - [23/Sep/2008:18:47:38 +0200] "GET /robots.txt HTTP/1.1" 200 64 "-" "msnbot/1.1 (+http://search.msn.com/msnbot.htm)"
65.55.211.164 - - [23/Sep/2008:18:47:38 +0200] "GET /triple-double-u/ HTTP/1.1" 403 1223 "-" "msnbot/1.1 (+http://search.msn.com/msnbot.htm)"
208.36.144.10 - - [23/Sep/2008:19:31:56 +0200] "GET /neon/girl-tv.html HTTP/1.0" 200 1717 "-" "Mozilla/5.0 (Twiceler-0.9 http://www.cuil.com/twiceler/robot.html)"
65.55.211.180 - - [23/Sep/2008:19:51:49 +0200] "GET /restate_copy.html HTTP/1.1" 200 97631 "-" "msnbot/1.1 (+http://search.msn.com/msnbot.htm)"
65.55.211.172 - - [23/Sep/2008:19:52:02 +0200] "GET /robots.txt HTTP/1.1" 200 64 "-" "msnbot/1.1 (+http://search.msn.com/msnbot.htm)"
65.55.211.172 - - [23/Sep/2008:19:52:02 +0200] "GET /f-world.html HTTP/1.1" 200 35590 "-" "msnbot/1.1 (+http://search.msn.com/msnbot.htm)"
65.55.110.109 - - [23/Sep/2008:19:54:34 +0200] "GET /f-world.html HTTP/1.0" 200 35590 "http://search.live.com/results.aspx?q=various" "Mozilla/4.0 (compatible; MSIE 6.0; Windows NT 5.2; SV1; .NET CLR 1.1.4322)"
65.55.110.109 - - [23/Sep/2008:19:54:38 +0200] "GET /framez-world.html HTTP/1.0" 200 4325 "-" "Mozilla/4.0 (compatible; MSIE 6.0; Windows NT 5.2; SV1; .NET CLR 1.1.4322)"
65.55.110.109 - - [23/Sep/2008:19:54:39 +0200] "GET /frame-menu.html HTTP/1.0" 200 10536 "http://www.various-euro.com/framez-world.html" "Mozilla/4.0 (compatible; MSIE 6.0; Windows NT 5.2; SV1; .NET CLR 1.1.4322)"
65.55.110.109 - - [23/Sep/2008:19:54:39 +0200] "GET /f-world.html HTTP/1.0" 200 35590 "http://www.various-euro.com/framez-world.html" "Mozilla/4.0 (compatible; MSIE 6.0; Windows NT 5.2; SV1; .NET CLR 1.1.4322)"
65.55.110.109 - - [23/Sep/2008:19:54:39 +0200] "GET /frame-unten.html HTTP/1.0" 200 5308 "http://www.various-euro.com/framez-world.html" "Mozilla/4.0 (compatible; MSIE 6.0; Windows NT 5.2; SV1; .NET CLR 1.1.4322)"
65.55.110.109 - - [23/Sep/2008:19:54:40 +0200] "GET /style/various-euro.css HTTP/1.0" 200 3437 "http://www.various-euro.com/frame-menu.html" "Mozilla/4.0 (compatible; MSIE 6.0; Windows NT 5.2; SV1; .NET CLR 1.1.4322)"
208.36.144.10 - - [23/Sep/2008:20:21:13 +0200] "GET /neon/warning2.html HTTP/1.0" 200 997 "-" "Mozilla/5.0 (Twiceler-0.9 http://www.cuil.com/twiceler/robot.html)"
64.1.215.165 - - [23/Sep/2008:20:48:19 +0200] "GET /framez-girlz-neon.html HTTP/1.0" 200 4388 "-" "Mozilla/5.0 (Twiceler-0.9 http://www.cuil.com/twiceler/robot.html)"
76.14.38.112 - - [23/Sep/2008:20:48:36 +0200] "GET /bmpp/18.html HTTP/1.1" 200 4467 "http://www.google.com/search?q=guidelines+for+websites%2C+you+must+be+18+years+of+age&ie=utf-8&oe=utf-8&aq=t&rls=org.mozilla:en-US:official&client=firefox-a" "Mozilla/5.0 (Macintosh; U; PPC Mac OS X 10.4; en-US; rv:1.9.0.1) Gecko/2008070206 Firefox/3.0.1"
76.14.38.112 - - [23/Sep/2008:20:48:36 +0200] "GET /bmpp/Bilder/18_06.png HTTP/1.1" 200 289 "http://www.various-euro.com/bmpp/18.html" "Mozilla/5.0 (Macintosh; U; PPC Mac OS X 10.4; en-US; rv:1.9.0.1) Gecko/2008070206 Firefox/3.0.1"
76.14.38.112 - - [23/Sep/2008:20:48:36 +0200] "GET /bmpp/Bilder/18_03.png HTTP/1.1" 200 574 "http://www.various-euro.com/bmpp/18.html" "Mozilla/5.0 (Macintosh; U; PPC Mac OS X 10.4; en-US; rv:1.9.0.1) Gecko/2008070206 Firefox/3.0.1"
76.14.38.112 - - [23/Sep/2008:20:48:36 +0200] "GET /bmpp/Bilder/18_02.png HTTP/1.1" 200 289 "http://www.various-euro.com/bmpp/18.html" "Mozilla/5.0 (Macintosh; U; PPC Mac OS X 10.4; en-US; rv:1.9.0.1) Gecko/2008070206 Firefox/3.0.1"
76.14.38.112 - - [23/Sep/2008:20:48:36 +0200] "GET /bmpp/Bilder/18_04.png HTTP/1.1" 200 289 "http://www.various-euro.com/bmpp/18.html" "Mozilla/5.0 (Macintosh; U; PPC Mac OS X 10.4; en-US; rv:1.9.0.1) Gecko/2008070206 Firefox/3.0.1"
76.14.38.112 - - [23/Sep/2008:20:48:36 +0200] "GET /bmpp/Bilder/18_01.png HTTP/1.1" 200 1118 "http://www.various-euro.com/bmpp/18.html" "Mozilla/5.0 (Macintosh; U; PPC Mac OS X 10.4; en-US; rv:1.9.0.1) Gecko/2008070206 Firefox/3.0.1"
76.14.38.112 - - [23/Sep/2008:20:48:36 +0200] "GET /bmpp/Bilder/18_05.png HTTP/1.1" 200 407 "http://www.various-euro.com/bmpp/18.html" "Mozilla/5.0 (Macintosh; U; PPC Mac OS X 10.4; en-US; rv:1.9.0.1) Gecko/2008070206 Firefox/3.0.1"
76.14.38.112 - - [23/Sep/2008:20:48:36 +0200] "GET /bmpp/Bilder/18_07.png HTTP/1.1" 200 417 "http://www.various-euro.com/bmpp/18.html" "Mozilla/5.0 (Macintosh; U; PPC Mac OS X 10.4; en-US; rv:1.9.0.1) Gecko/2008070206 Firefox/3.0.1"
76.14.38.112 - - [23/Sep/2008:20:48:36 +0200] "GET /bmpp/Bilder/18_08.png HTTP/1.1" 200 289 "http://www.various-euro.com/bmpp/18.html" "Mozilla/5.0 (Macintosh; U; PPC Mac OS X 10.4; en-US; rv:1.9.0.1) Gecko/2008070206 Firefox/3.0.1"
76.14.38.112 - - [23/Sep/2008:20:48:37 +0200] "GET /bmpp/Bilder/18_10.png HTTP/1.1" 200 270 "http://www.various-euro.com/bmpp/18.html" "Mozilla/5.0 (Macintosh; U; PPC Mac OS X 10.4; en-US; rv:1.9.0.1) Gecko/2008070206 Firefox/3.0.1"
76.14.38.112 - - [23/Sep/2008:20:48:37 +0200] "GET /bmpp/Bilder/18_09.png HTTP/1.1" 200 417 "http://www.various-euro.com/bmpp/18.html" "Mozilla/5.0 (Macintosh; U; PPC Mac OS X 10.4; en-US; rv:1.9.0.1) Gecko/2008070206 Firefox/3.0.1"
76.14.38.112 - - [23/Sep/2008:20:48:37 +0200] "GET /bmpp/Bilder/18_11.png HTTP/1.1" 200 233 "http://www.various-euro.com/bmpp/18.html" "Mozilla/5.0 (Macintosh; U; PPC Mac OS X 10.4; en-US; rv:1.9.0.1) Gecko/2008070206 Firefox/3.0.1"
76.14.38.112 - - [23/Sep/2008:20:48:37 +0200] "GET /bmpp/Bilder/18_12.png HTTP/1.1" 200 595 "http://www.various-euro.com/bmpp/18.html" "Mozilla/5.0 (Macintosh; U; PPC Mac OS X 10.4; en-US; rv:1.9.0.1) Gecko/2008070206 Firefox/3.0.1"
76.14.38.112 - - [23/Sep/2008:20:48:37 +0200] "GET /bmpp/Bilder/18_13.png HTTP/1.1" 200 282 "http://www.various-euro.com/bmpp/18.html" "Mozilla/5.0 (Macintosh; U; PPC Mac OS X 10.4; en-US; rv:1.9.0.1) Gecko/2008070206 Firefox/3.0.1"
76.14.38.112 - - [23/Sep/2008:20:48:37 +0200] "GET /bmpp/Bilder/18_14.png HTTP/1.1" 200 609 "http://www.various-euro.com/bmpp/18.html" "Mozilla/5.0 (Macintosh; U; PPC Mac OS X 10.4; en-US; rv:1.9.0.1) Gecko/2008070206 Firefox/3.0.1"
76.14.38.112 - - [23/Sep/2008:20:48:37 +0200] "GET /bmpp/Bilder/18_15.png HTTP/1.1" 200 524 "http://www.various-euro.com/bmpp/18.html" "Mozilla/5.0 (Macintosh; U; PPC Mac OS X 10.4; en-US; rv:1.9.0.1) Gecko/2008070206 Firefox/3.0.1"
76.14.38.112 - - [23/Sep/2008:20:48:37 +0200] "GET /bmpp/Bilder/18_16.png HTTP/1.1" 200 499 "http://www.various-euro.com/bmpp/18.html" "Mozilla/5.0 (Macintosh; U; PPC Mac OS X 10.4; en-US; rv:1.9.0.1) Gecko/2008070206 Firefox/3.0.1"
76.14.38.112 - - [23/Sep/2008:20:48:37 +0200] "GET /bmpp/Bilder/18_17.png HTTP/1.1" 200 958 "http://www.various-euro.com/bmpp/18.html" "Mozilla/5.0 (Macintosh; U; PPC Mac OS X 10.4; en-US; rv:1.9.0.1) Gecko/2008070206 Firefox/3.0.1"
76.14.38.112 - - [23/Sep/2008:20:48:37 +0200] "GET /bmpp/Bilder/18_18.png HTTP/1.1" 200 453 "http://www.various-euro.com/bmpp/18.html" "Mozilla/5.0 (Macintosh; U; PPC Mac OS X 10.4; en-US; rv:1.9.0.1) Gecko/2008070206 Firefox/3.0.1"
76.14.38.112 - - [23/Sep/2008:20:48:37 +0200] "GET /bmpp/Bilder/18_19.png HTTP/1.1" 200 277 "http://www.various-euro.com/bmpp/18.html" "Mozilla/5.0 (Macintosh; U; PPC Mac OS X 10.4; en-US; rv:1.9.0.1) Gecko/2008070206 Firefox/3.0.1"
76.14.38.112 - - [23/Sep/2008:20:48:37 +0200] "GET /bmpp/Bilder/18_20.png HTTP/1.1" 200 252 "http://www.various-euro.com/bmpp/18.html" "Mozilla/5.0 (Macintosh; U; PPC Mac OS X 10.4; en-US; rv:1.9.0.1) Gecko/2008070206 Firefox/3.0.1"
76.14.38.112 - - [23/Sep/2008:20:48:37 +0200] "GET /bmpp/Bilder/18_21.png HTTP/1.1" 200 253 "http://www.various-euro.com/bmpp/18.html" "Mozilla/5.0 (Macintosh; U; PPC Mac OS X 10.4; en-US; rv:1.9.0.1) Gecko/2008070206 Firefox/3.0.1"
76.14.38.112 - - [23/Sep/2008:20:48:37 +0200] "GET /bmpp/Bilder/18_22.png HTTP/1.1" 200 430 "http://www.various-euro.com/bmpp/18.html" "Mozilla/5.0 (Macintosh; U; PPC Mac OS X 10.4; en-US; rv:1.9.0.1) Gecko/2008070206 Firefox/3.0.1"
76.14.38.112 - - [23/Sep/2008:20:48:37 +0200] "GET /bmpp/Bilder/18_23.png HTTP/1.1" 200 454 "http://www.various-euro.com/bmpp/18.html" "Mozilla/5.0 (Macintosh; U; PPC Mac OS X 10.4; en-US; rv:1.9.0.1) Gecko/2008070206 Firefox/3.0.1"
76.14.38.112 - - [23/Sep/2008:20:48:37 +0200] "GET /bmpp/Bilder/18_24.png HTTP/1.1" 200 353 "http://www.various-euro.com/bmpp/18.html" "Mozilla/5.0 (Macintosh; U; PPC Mac OS X 10.4; en-US; rv:1.9.0.1) Gecko/2008070206 Firefox/3.0.1"
76.14.38.112 - - [23/Sep/2008:20:48:37 +0200] "GET /bmpp/Bilder/18_25.png HTTP/1.1" 200 827 "http://www.various-euro.com/bmpp/18.html" "Mozilla/5.0 (Macintosh; U; PPC Mac OS X 10.4; en-US; rv:1.9.0.1) Gecko/2008070206 Firefox/3.0.1"
76.14.38.112 - - [23/Sep/2008:20:48:37 +0200] "GET /bmpp/Bilder/18_26.png HTTP/1.1" 200 880 "http://www.various-euro.com/bmpp/18.html" "Mozilla/5.0 (Macintosh; U; PPC Mac OS X 10.4; en-US; rv:1.9.0.1) Gecko/2008070206 Firefox/3.0.1"
76.14.38.112 - - [23/Sep/2008:20:48:37 +0200] "GET /bmpp/Bilder/18_27.png HTTP/1.1" 200 854 "http://www.various-euro.com/bmpp/18.html" "Mozilla/5.0 (Macintosh; U; PPC Mac OS X 10.4; en-US; rv:1.9.0.1) Gecko/2008070206 Firefox/3.0.1"
76.14.38.112 - - [23/Sep/2008:20:48:37 +0200] "GET /bmpp/Bilder/18_28.png HTTP/1.1" 200 721 "http://www.various-euro.com/bmpp/18.html" "Mozilla/5.0 (Macintosh; U; PPC Mac OS X 10.4; en-US; rv:1.9.0.1) Gecko/2008070206 Firefox/3.0.1"
76.14.38.112 - - [23/Sep/2008:20:48:37 +0200] "GET /bmpp/Bilder/18_29.png HTTP/1.1" 200 564 "http://www.various-euro.com/bmpp/18.html" "Mozilla/5.0 (Macintosh; U; PPC Mac OS X 10.4; en-US; rv:1.9.0.1) Gecko/2008070206 Firefox/3.0.1"
76.14.38.112 - - [23/Sep/2008:20:48:37 +0200] "GET /bmpp/Bilder/18_30.png HTTP/1.1" 200 233 "http://www.various-euro.com/bmpp/18.html" "Mozilla/5.0 (Macintosh; U; PPC Mac OS X 10.4; en-US; rv:1.9.0.1) Gecko/2008070206 Firefox/3.0.1"
76.14.38.112 - - [23/Sep/2008:20:48:37 +0200] "GET /bmpp/Bilder/18_31.png HTTP/1.1" 200 402 "http://www.various-euro.com/bmpp/18.html" "Mozilla/5.0 (Macintosh; U; PPC Mac OS X 10.4; en-US; rv:1.9.0.1) Gecko/2008070206 Firefox/3.0.1"
76.14.38.112 - - [23/Sep/2008:20:48:37 +0200] "GET /bmpp/Bilder/18_32.png HTTP/1.1" 200 374 "http://www.various-euro.com/bmpp/18.html" "Mozilla/5.0 (Macintosh; U; PPC Mac OS X 10.4; en-US; rv:1.9.0.1) Gecko/2008070206 Firefox/3.0.1"
76.14.38.112 - - [23/Sep/2008:20:48:37 +0200] "GET /bmpp/Bilder/18_33.png HTTP/1.1" 200 398 "http://www.various-euro.com/bmpp/18.html" "Mozilla/5.0 (Macintosh; U; PPC Mac OS X 10.4; en-US; rv:1.9.0.1) Gecko/2008070206 Firefox/3.0.1"
76.14.38.112 - - [23/Sep/2008:20:48:37 +0200] "GET /bmpp/Bilder/18_34.png HTTP/1.1" 200 573 "http://www.various-euro.com/bmpp/18.html" "Mozilla/5.0 (Macintosh; U; PPC Mac OS X 10.4; en-US; rv:1.9.0.1) Gecko/2008070206 Firefox/3.0.1"
76.14.38.112 - - [23/Sep/2008:20:48:37 +0200] "GET /bmpp/Bilder/18_35.png HTTP/1.1" 200 691 "http://www.various-euro.com/bmpp/18.html" "Mozilla/5.0 (Macintosh; U; PPC Mac OS X 10.4; en-US; rv:1.9.0.1) Gecko/2008070206 Firefox/3.0.1"
76.14.38.112 - - [23/Sep/2008:20:48:37 +0200] "GET /bmpp/Bilder/18_36.png HTTP/1.1" 200 557 "http://www.various-euro.com/bmpp/18.html" "Mozilla/5.0 (Macintosh; U; PPC Mac OS X 10.4; en-US; rv:1.9.0.1) Gecko/2008070206 Firefox/3.0.1"
76.14.38.112 - - [23/Sep/2008:20:48:37 +0200] "GET /bmpp/Bilder/18_37.png HTTP/1.1" 200 239 "http://www.various-euro.com/bmpp/18.html" "Mozilla/5.0 (Macintosh; U; PPC Mac OS X 10.4; en-US; rv:1.9.0.1) Gecko/2008070206 Firefox/3.0.1"
76.14.38.112 - - [23/Sep/2008:20:48:37 +0200] "GET /bmpp/Bilder/18_38.png HTTP/1.1" 200 509 "http://www.various-euro.com/bmpp/18.html" "Mozilla/5.0 (Macintosh; U; PPC Mac OS X 10.4; en-US; rv:1.9.0.1) Gecko/2008070206 Firefox/3.0.1"
76.14.38.112 - - [23/Sep/2008:20:48:37 +0200] "GET /bmpp/Bilder/18_39.png HTTP/1.1" 200 733 "http://www.various-euro.com/bmpp/18.html" "Mozilla/5.0 (Macintosh; U; PPC Mac OS X 10.4; en-US; rv:1.9.0.1) Gecko/2008070206 Firefox/3.0.1"
76.14.38.112 - - [23/Sep/2008:20:48:37 +0200] "GET /bmpp/Bilder/18_40.png HTTP/1.1" 200 506 "http://www.various-euro.com/bmpp/18.html" "Mozilla/5.0 (Macintosh; U; PPC Mac OS X 10.4; en-US; rv:1.9.0.1) Gecko/2008070206 Firefox/3.0.1"
76.14.38.112 - - [23/Sep/2008:20:48:37 +0200] "GET /bmpp/Bilder/18_41.png HTTP/1.1" 200 334 "http://www.various-euro.com/bmpp/18.html" "Mozilla/5.0 (Macintosh; U; PPC Mac OS X 10.4; en-US; rv:1.9.0.1) Gecko/2008070206 Firefox/3.0.1"
76.14.38.112 - - [23/Sep/2008:20:48:37 +0200] "GET /bmpp/Bilder/18_42.png HTTP/1.1" 200 286 "http://www.various-euro.com/bmpp/18.html" "Mozilla/5.0 (Macintosh; U; PPC Mac OS X 10.4; en-US; rv:1.9.0.1) Gecko/2008070206 Firefox/3.0.1"
76.14.38.112 - - [23/Sep/2008:20:48:38 +0200] "GET /bmpp/Bilder/18_43.png HTTP/1.1" 200 280 "http://www.various-euro.com/bmpp/18.html" "Mozilla/5.0 (Macintosh; U; PPC Mac OS X 10.4; en-US; rv:1.9.0.1) Gecko/2008070206 Firefox/3.0.1"
76.14.38.112 - - [23/Sep/2008:20:48:38 +0200] "GET /favicon.ico HTTP/1.1" 404 2748 "-" "Mozilla/5.0 (Macintosh; U; PPC Mac OS X 10.4; en-US; rv:1.9.0.1) Gecko/2008070206 Firefox/3.0.1"
76.14.38.112 - - [23/Sep/2008:20:48:41 +0200] "GET /favicon.ico HTTP/1.1" 404 2748 "-" "Mozilla/5.0 (Macintosh; U; PPC Mac OS X 10.4; en-US; rv:1.9.0.1) Gecko/2008070206 Firefox/3.0.1"
193.252.149.16 - - [23/Sep/2008:21:07:37 +0200] "GET /neon/large.html HTTP/1.1" 200 1547 "-" "Mozilla/5.0 (Windows; U; Windows NT 5.1; fr; rv:1.8.1) VoilaBot BETA 1.2 (support.voilabot@orange-ftgroup.com)"
65.55.211.170 - - [23/Sep/2008:23:18:34 +0200] "GET /robots.txt HTTP/1.1" 200 64 "-" "msnbot/1.1 (+http://search.msn.com/msnbot.htm)"
65.55.211.170 - - [23/Sep/2008:23:18:34 +0200] "GET /zampa/ HTTP/1.1" 200 7153 "-" "msnbot/1.1 (+http://search.msn.com/msnbot.htm)"
65.55.211.170 - - [23/Sep/2008:23:32:31 +0200] "GET /f-contact.html HTTP/1.1" 200 6804 "-" "msnbot/1.1 (+http://search.msn.com/msnbot.htm)"
66.249.65.169 - - [24/Sep/2008:00:11:21 +0200] "GET /schubb/schubb-2.html HTTP/1.1" 200 16660 "-" "Mozilla/5.0 (compatible; Googlebot/2.1; +http://www.google.com/bot.html)"
66.249.65.169 - - [24/Sep/2008:00:17:48 +0200] "GET /schubb/schubb-2.gif HTTP/1.1" 200 6460 "-" "Mozilla/5.0 (compatible; Googlebot/2.1; +http://www.google.com/bot.html)"
89.216.240.196 - - [24/Sep/2008:00:31:16 +0200] "GET /zampa-lovers/index.html HTTP/1.1" 200 37790 "http://search.mywebsearch.com/mywebsearch/AJmain.jhtml?qid=1ABC40D8A59FD06F9F4FF65775CE6B31&pg=AJmain&ord=4&action=click&searchfor=Svrsavanje&tpr=jrel3&p=AJmain&ss=sub&st=bar&ptnrS=ZRman000&ct=RR&cb=ZR" "Mozilla/4.0 (compatible; MSIE 6.0; Windows NT 5.1; SV1; FunWebProducts)"
89.216.240.196 - - [24/Sep/2008:00:31:17 +0200] "GET /zampa-lovers/kralle.gif HTTP/1.1" 404 2748 "http://various-euro.com/zampa-lovers/index.html" "Mozilla/4.0 (compatible; MSIE 6.0; Windows NT 5.1; SV1; FunWebProducts)"
89.216.240.196 - - [24/Sep/2008:00:31:17 +0200] "GET /zampa-lovers/zampama2.mpg HTTP/1.1" 404 2748 "http://various-euro.com/zampa-lovers/index.html" "Windows-Media-Player/11.0.5721.5145"
89.216.240.196 - - [24/Sep/2008:00:31:16 +0200] "GET /zampa-lovers/zampa.gif HTTP/1.1" 200 460627 "http://various-euro.com/zampa-lovers/index.html" "Mozilla/4.0 (compatible; MSIE 6.0; Windows NT 5.1; SV1; FunWebProducts)"
89.216.240.196 - - [24/Sep/2008:00:31:17 +0200] "GET /zampa-lovers/DRAGAN_Z.JPG HTTP/1.1" 200 6850 "http://various-euro.com/zampa-lovers/index.html" "Mozilla/4.0 (compatible; MSIE 6.0; Windows NT 5.1; SV1; FunWebProducts)"
89.216.240.196 - - [24/Sep/2008:00:31:17 +0200] "GET /zampa-lovers/WASISTMI1.MPG HTTP/1.1" 200 271221 "http://various-euro.com/zampa-lovers/index.html" "Windows-Media-Player/11.0.5721.5145"
89.216.240.196 - - [24/Sep/2008:00:31:17 +0200] "GET /zampa-lovers/ZAMPAMAS.MPG HTTP/1.1" 200 520196 "http://various-euro.com/zampa-lovers/index.html" "Windows-Media-Player/11.0.5721.5145"
89.216.240.196 - - [24/Sep/2008:00:31:18 +0200] "GET /zampa-lovers/ZAMPAMA2.MPG HTTP/1.1" 200 63492 "http://various-euro.com/zampa-lovers/index.html" "Windows-Media-Player/11.0.5721.5145"
89.216.240.196 - - [24/Sep/2008:00:31:18 +0200] "GET /zampa-lovers/WASISTMI1.MPG HTTP/1.1" 200 271221 "http://various-euro.com/zampa-lovers/index.html" "Windows-Media-Player/11.0.5721.5145"
89.216.240.196 - - [24/Sep/2008:00:31:18 +0200] "GET /zampa-lovers/ZAMPAMAS.MPG HTTP/1.1" 200 520196 "http://various-euro.com/zampa-lovers/index.html" "Windows-Media-Player/11.0.5721.5145"
89.216.240.196 - - [24/Sep/2008:00:31:18 +0200] "GET /zampa-lovers/WASISTMI1.MPG HTTP/1.1" 206 254046 "-" "Mozilla/4.0 (compatible; MSIE 6.0; Windows NT 5.1; SV1; FunWebProducts)"
89.216.240.196 - - [24/Sep/2008:00:31:19 +0200] "GET /zampa-lovers/ZAMPAMA2.MPG HTTP/1.1" 200 63492 "-" "Mozilla/4.0 (compatible; MSIE 6.0; Windows NT 5.1; SV1; FunWebProducts)"
89.216.240.196 - - [24/Sep/2008:00:31:19 +0200] "GET /zampa-lovers/WASISTMI1.MPG HTTP/1.1" 200 271221 "-" "Mozilla/4.0 (compatible; MSIE 6.0; Windows NT 5.1; SV1; FunWebProducts)"
89.216.240.196 - - [24/Sep/2008:00:31:18 +0200] "GET /zampa-lovers/ZAMPAMAS.MPG HTTP/1.1" 206 517622 "-" "Mozilla/4.0 (compatible; MSIE 6.0; Windows NT 5.1; SV1; FunWebProducts)"
89.216.240.196 - - [24/Sep/2008:00:31:21 +0200] "GET /zampa-lovers/MILIZA_2.JPG HTTP/1.1" 200 22172 "http://various-euro.com/zampa-lovers/index.html" "Mozilla/4.0 (compatible; MSIE 6.0; Windows NT 5.1; SV1; FunWebProducts)"
89.216.240.196 - - [24/Sep/2008:00:31:21 +0200] "GET /zampa-lovers/MILIZA_3.JPG HTTP/1.1" 200 26924 "http://various-euro.com/zampa-lovers/index.html" "Mozilla/4.0 (compatible; MSIE 6.0; Windows NT 5.1; SV1; FunWebProducts)"
89.216.240.196 - - [24/Sep/2008:00:31:20 +0200] "GET /zampa-lovers/ZAMPAMAS.MPG HTTP/1.1" 200 520196 "-" "Mozilla/4.0 (compatible; MSIE 6.0; Windows NT 5.1; SV1; FunWebProducts)"
89.216.240.196 - - [24/Sep/2008:00:31:21 +0200] "GET /zampa-lovers/MILIZA_4.JPG HTTP/1.1" 200 9946 "http://various-euro.com/zampa-lovers/index.html" "Mozilla/4.0 (compatible; MSIE 6.0; Windows NT 5.1; SV1; FunWebProducts)"
89.216.240.196 - - [24/Sep/2008:00:31:21 +0200] "GET /zampa-lovers/MILIZA_B.JPG HTTP/1.1" 200 10947 "http://various-euro.com/zampa-lovers/index.html" "Mozilla/4.0 (compatible; MSIE 6.0; Windows NT 5.1; SV1; FunWebProducts)"
89.216.240.196 - - [24/Sep/2008:00:31:21 +0200] "GET /zampa-lovers/DRAGANZA.JPG HTTP/1.1" 200 18560 "http://various-euro.com/zampa-lovers/index.html" "Mozilla/4.0 (compatible; MSIE 6.0; Windows NT 5.1; SV1; FunWebProducts)"
89.216.240.196 - - [24/Sep/2008:00:31:21 +0200] "GET /zampa-lovers/1SEITEVE.GIF HTTP/1.1" 200 78726 "http://various-euro.com/zampa-lovers/index.html" "Mozilla/4.0 (compatible; MSIE 6.0; Windows NT 5.1; SV1; FunWebProducts)"
89.216.240.196 - - [24/Sep/2008:00:31:21 +0200] "GET /zampa-lovers/2SEITEVE.GIF HTTP/1.1" 200 83466 "http://various-euro.com/zampa-lovers/index.html" "Mozilla/4.0 (compatible; MSIE 6.0; Windows NT 5.1; SV1; FunWebProducts)"
89.216.240.196 - - [24/Sep/2008:00:31:21 +0200] "GET /zampa-lovers/Kralle.gif HTTP/1.1" 200 260 "http://various-euro.com/zampa-lovers/index.html" "Mozilla/4.0 (compatible; MSIE 6.0; Windows NT 5.1; SV1; FunWebProducts)"
89.216.240.196 - - [24/Sep/2008:00:31:22 +0200] "GET /zampa-lovers/zampamali.gif HTTP/1.1" 200 2617 "http://various-euro.com/zampa-lovers/index.html" "Mozilla/4.0 (compatible; MSIE 6.0; Windows NT 5.1; SV1; FunWebProducts)"
89.216.240.196 - - [24/Sep/2008:00:31:22 +0200] "GET /zampa-lovers/zampa-2X2.gif HTTP/1.1" 200 6948 "http://various-euro.com/zampa-lovers/index.html" "Mozilla/4.0 (compatible; MSIE 6.0; Windows NT 5.1; SV1; FunWebProducts)"
89.216.240.196 - - [24/Sep/2008:00:31:22 +0200] "GET /framez-zampa-lovers.html HTTP/1.1" 200 4322 "-" "Mozilla/4.0 (compatible; MSIE 6.0; Windows NT 5.1; SV1; FunWebProducts)"
89.216.240.196 - - [24/Sep/2008:00:31:22 +0200] "GET /frame-menu.html HTTP/1.1" 200 10536 "http://various-euro.com/framez-zampa-lovers.html" "Mozilla/4.0 (compatible; MSIE 6.0; Windows NT 5.1; SV1; FunWebProducts)"
89.216.240.196 - - [24/Sep/2008:00:31:22 +0200] "GET /zampa-lovers/index.html HTTP/1.1" 200 37790 "http://various-euro.com/framez-zampa-lovers.html" "Mozilla/4.0 (compatible; MSIE 6.0; Windows NT 5.1; SV1; FunWebProducts)"
89.216.240.196 - - [24/Sep/2008:00:31:22 +0200] "GET /frame-unten.html HTTP/1.1" 200 5308 "http://various-euro.com/framez-zampa-lovers.html" "Mozilla/4.0 (compatible; MSIE 6.0; Windows NT 5.1; SV1; FunWebProducts)"
89.216.240.196 - - [24/Sep/2008:00:31:22 +0200] "GET /style/various-euro.css HTTP/1.1" 200 3437 "http://various-euro.com/frame-menu.html" "Mozilla/4.0 (compatible; MSIE 6.0; Windows NT 5.1; SV1; FunWebProducts)"
89.216.240.196 - - [24/Sep/2008:00:31:22 +0200] "GET /zampa-lovers/kralle.gif HTTP/1.1" 404 2748 "http://various-euro.com/zampa-lovers/index.html" "Mozilla/4.0 (compatible; MSIE 6.0; Windows NT 5.1; SV1; FunWebProducts)"
89.216.240.196 - - [24/Sep/2008:00:31:23 +0200] "GET /bannerz/ve.jpg HTTP/1.1" 200 36912 "http://various-euro.com/frame-unten.html" "Mozilla/4.0 (compatible; MSIE 6.0; Windows NT 5.1; SV1; FunWebProducts)"
89.216.240.196 - - [24/Sep/2008:00:31:23 +0200] "GET /bannerz/various-euro-girl.jpg HTTP/1.1" 200 91514 "http://various-euro.com/frame-unten.html" "Mozilla/4.0 (compatible; MSIE 6.0; Windows NT 5.1; SV1; FunWebProducts)"
89.216.240.196 - - [24/Sep/2008:00:31:23 +0200] "GET /zampa-lovers/ZAMPAMAS.MPG HTTP/1.1" 200 520196 "http://various-euro.com/zampa-lovers/index.html" "Windows-Media-Player/11.0.5721.5145"
89.216.240.196 - - [24/Sep/2008:00:31:23 +0200] "GET /zampa-lovers/zampama2.mpg HTTP/1.1" 404 2748 "http://various-euro.com/zampa-lovers/index.html" "Windows-Media-Player/11.0.5721.5145"
89.216.240.196 - - [24/Sep/2008:00:31:23 +0200] "GET /zampa-lovers/ZAMPAMAS.MPG HTTP/1.1" 200 520196 "http://various-euro.com/zampa-lovers/index.html" "Windows-Media-Player/11.0.5721.5145"
89.216.240.196 - - [24/Sep/2008:00:31:24 +0200] "GET /zampa-lovers/ZAMPAMAS.MPG HTTP/1.1" 206 443161 "-" "Mozilla/4.0 (compatible; MSIE 6.0; Windows NT 5.1; SV1; FunWebProducts)"
89.216.240.196 - - [24/Sep/2008:00:31:25 +0200] "GET /zampa-lovers/ZAMPAMAS.MPG HTTP/1.1" 206 469441 "-" "Mozilla/4.0 (compatible; MSIE 6.0; Windows NT 5.1; SV1; FunWebProducts)"
89.216.240.196 - - [24/Sep/2008:00:31:24 +0200] "GET /zampa-lovers/ZAMPAMAS.MPG HTTP/1.1" 200 520196 "-" "Mozilla/4.0 (compatible; MSIE 6.0; Windows NT 5.1; SV1; FunWebProducts)"
89.216.240.196 - - [24/Sep/2008:00:31:47 +0200] "GET /zampa-lovers/kralle.gif HTTP/1.1" 404 2748 "http://various-euro.com/zampa-lovers/index.html" "Mozilla/4.0 (compatible; MSIE 6.0; Windows NT 5.1; SV1; FunWebProducts)"
89.216.240.196 - - [24/Sep/2008:00:31:47 +0200] "GET /zampa-lovers/zampama2.mpg HTTP/1.1" 404 2748 "http://various-euro.com/zampa-lovers/index.html" "Windows-Media-Player/11.0.5721.5145"
89.216.240.196 - - [24/Sep/2008:00:31:47 +0200] "GET /framez-zampa-lovers.html HTTP/1.1" 200 4322 "-" "Mozilla/4.0 (compatible; MSIE 6.0; Windows NT 5.1; SV1; FunWebProducts)"
89.216.240.196 - - [24/Sep/2008:00:31:48 +0200] "GET /frame-menu.html HTTP/1.1" 200 10536 "http://various-euro.com/framez-zampa-lovers.html" "Mozilla/4.0 (compatible; MSIE 6.0; Windows NT 5.1; SV1; FunWebProducts)"
89.216.240.196 - - [24/Sep/2008:00:31:48 +0200] "GET /frame-unten.html HTTP/1.1" 200 5308 "http://various-euro.com/framez-zampa-lovers.html" "Mozilla/4.0 (compatible; MSIE 6.0; Windows NT 5.1; SV1; FunWebProducts)"
89.216.240.196 - - [24/Sep/2008:00:31:48 +0200] "GET /zampa-lovers/index.html HTTP/1.1" 200 37790 "http://various-euro.com/framez-zampa-lovers.html" "Mozilla/4.0 (compatible; MSIE 6.0; Windows NT 5.1; SV1; FunWebProducts)"
89.216.240.196 - - [24/Sep/2008:00:31:48 +0200] "GET /zampa-lovers/kralle.gif HTTP/1.1" 404 2748 "http://various-euro.com/zampa-lovers/index.html" "Mozilla/4.0 (compatible; MSIE 6.0; Windows NT 5.1; SV1; FunWebProducts)"
89.216.240.196 - - [24/Sep/2008:00:31:49 +0200] "GET /zampa-lovers/zampama2.mpg HTTP/1.1" 404 2748 "http://various-euro.com/zampa-lovers/index.html" "Windows-Media-Player/11.0.5721.5145"
89.216.240.196 - - [24/Sep/2008:00:31:52 +0200] "GET /zampa-lovers/kralle.gif HTTP/1.1" 404 2748 "http://various-euro.com/zampa-lovers/index.html" "Mozilla/4.0 (compatible; MSIE 6.0; Windows NT 5.1; SV1; FunWebProducts)"
89.216.240.196 - - [24/Sep/2008:00:31:53 +0200] "GET /zampa-lovers/zampama2.mpg HTTP/1.1" 404 2748 "http://various-euro.com/zampa-lovers/index.html" "Windows-Media-Player/11.0.5721.5145"
89.216.240.196 - - [24/Sep/2008:00:31:53 +0200] "GET /framez-zampa-lovers.html HTTP/1.1" 200 4322 "-" "Mozilla/4.0 (compatible; MSIE 6.0; Windows NT 5.1; SV1; FunWebProducts)"
89.216.240.196 - - [24/Sep/2008:00:31:53 +0200] "GET /frame-menu.html HTTP/1.1" 200 10536 "http://various-euro.com/framez-zampa-lovers.html" "Mozilla/4.0 (compatible; MSIE 6.0; Windows NT 5.1; SV1; FunWebProducts)"
89.216.240.196 - - [24/Sep/2008:00:31:53 +0200] "GET /zampa-lovers/index.html HTTP/1.1" 200 37790 "http://various-euro.com/framez-zampa-lovers.html" "Mozilla/4.0 (compatible; MSIE 6.0; Windows NT 5.1; SV1; FunWebProducts)"
89.216.240.196 - - [24/Sep/2008:00:31:54 +0200] "GET /frame-unten.html HTTP/1.1" 200 5308 "http://various-euro.com/framez-zampa-lovers.html" "Mozilla/4.0 (compatible; MSIE 6.0; Windows NT 5.1; SV1; FunWebProducts)"
89.216.240.196 - - [24/Sep/2008:00:31:54 +0200] "GET /zampa-lovers/kralle.gif HTTP/1.1" 404 2748 "http://various-euro.com/zampa-lovers/index.html" "Mozilla/4.0 (compatible; MSIE 6.0; Windows NT 5.1; SV1; FunWebProducts)"
89.216.240.196 - - [24/Sep/2008:00:31:54 +0200] "GET /zampa-lovers/zampama2.mpg HTTP/1.1" 404 2748 "http://various-euro.com/zampa-lovers/index.html" "Windows-Media-Player/11.0.5721.5145"
89.216.240.196 - - [24/Sep/2008:00:31:55 +0200] "GET /zampa-lovers/kralle.gif HTTP/1.1" 404 2748 "http://various-euro.com/zampa-lovers/index.html" "Mozilla/4.0 (compatible; MSIE 6.0; Windows NT 5.1; SV1; FunWebProducts)"
89.216.240.196 - - [24/Sep/2008:00:31:56 +0200] "GET /zampa-lovers/zampama2.mpg HTTP/1.1" 404 2748 "http://various-euro.com/zampa-lovers/index.html" "Windows-Media-Player/11.0.5721.5145"
89.216.240.196 - - [24/Sep/2008:00:31:56 +0200] "GET /framez-zampa-lovers.html HTTP/1.1" 200 4322 "-" "Mozilla/4.0 (compatible; MSIE 6.0; Windows NT 5.1; SV1; FunWebProducts)"
89.216.240.196 - - [24/Sep/2008:00:31:56 +0200] "GET /frame-menu.html HTTP/1.1" 200 10536 "http://various-euro.com/framez-zampa-lovers.html" "Mozilla/4.0 (compatible; MSIE 6.0; Windows NT 5.1; SV1; FunWebProducts)"
89.216.240.196 - - [24/Sep/2008:00:31:57 +0200] "GET /frame-unten.html HTTP/1.1" 200 5308 "http://various-euro.com/framez-zampa-lovers.html" "Mozilla/4.0 (compatible; MSIE 6.0; Windows NT 5.1; SV1; FunWebProducts)"
89.216.240.196 - - [24/Sep/2008:00:31:56 +0200] "GET /zampa-lovers/index.html HTTP/1.1" 200 37790 "http://various-euro.com/framez-zampa-lovers.html" "Mozilla/4.0 (compatible; MSIE 6.0; Windows NT 5.1; SV1; FunWebProducts)"
89.216.240.196 - - [24/Sep/2008:00:31:57 +0200] "GET /zampa-lovers/kralle.gif HTTP/1.1" 404 2748 "http://various-euro.com/zampa-lovers/index.html" "Mozilla/4.0 (compatible; MSIE 6.0; Windows NT 5.1; SV1; FunWebProducts)"
89.216.240.196 - - [24/Sep/2008:00:31:57 +0200] "GET /zampa-lovers/zampama2.mpg HTTP/1.1" 404 2748 "http://various-euro.com/zampa-lovers/index.html" "Windows-Media-Player/11.0.5721.5145"
91.205.124.4 - - [24/Sep/2008:00:55:29 +0200] "GET /robots.txt HTTP/1.1" 200 64 "-" "Yanga WorldSearch Bot v1.1/beta (http://www.yanga.co.uk/)"
208.66.193.164 - - [24/Sep/2008:00:55:29 +0200] "GET / HTTP/1.1" 200 7869 "-" "Yanga WorldSearch Bot v1.1/beta (http://www.yanga.co.uk/)"
193.252.149.16 - - [24/Sep/2008:01:32:07 +0200] "GET /neon/left-one-new.html HTTP/1.1" 200 1483 "-" "Mozilla/5.0 (Windows; U; Windows NT 5.1; fr; rv:1.8.1) VoilaBot BETA 1.2 (support.voilabot@orange-ftgroup.com)"
208.80.194.37 - - [24/Sep/2008:01:46:44 +0200] "GET / HTTP/1.0" 200 7869 "-" "Mozilla/4.0 (compatible; MSIE 6.0; Windows NT 5.1; SV1; Hot Lingo 2.0; .NET CLR 1.1.4322; .NET CLR 2.0.50727)"
208.80.194.37 - - [24/Sep/2008:01:46:44 +0200] "GET / HTTP/1.0" 200 7869 "-" "Mozilla/4.0 (compatible; MSIE 7.0; America Online Browser 1.1; Windows NT 5.1; FunWebProducts; .NET CLR 1.0.3705; .NET CLR 1.1.4322; SpamBlockerUtility 4.8.0; ZangoToolbar 4.8.2)"
66.249.65.169 - - [24/Sep/2008:01:58:56 +0200] "GET /framez-schubb5.html HTTP/1.1" 200 4330 "-" "Mozilla/5.0 (compatible; Googlebot/2.1; +http://www.google.com/bot.html)"
91.205.124.4 - - [24/Sep/2008:02:13:43 +0200] "GET /robots.txt HTTP/1.1" 200 64 "-" "Yanga WorldSearch Bot v1.1/beta (http://www.yanga.co.uk/)"
91.205.124.4 - - [24/Sep/2008:02:13:43 +0200] "GET /framez-rez.html HTTP/1.1" 200 4323 "-" "Yanga WorldSearch Bot v1.1/beta (http://www.yanga.co.uk/)"
65.214.45.215 - - [24/Sep/2008:02:14:59 +0200] "GET /robots.txt HTTP/1.0" 200 64 "-" "Mozilla/5.0 (compatible; Ask Jeeves/Teoma; +http://about.ask.com/en/docs/about/webmasters.shtml)"
65.214.45.215 - - [24/Sep/2008:02:14:59 +0200] "GET /framez-zampa-lovers.html HTTP/1.0" 200 4322 "-" "Mozilla/5.0 (compatible; Ask Jeeves/Teoma; +http://about.ask.com/en/docs/about/webmasters.shtml)"
65.214.45.215 - - [24/Sep/2008:02:14:59 +0200] "GET /frame-menu.html HTTP/1.0" 200 10536 "-" "Mozilla/5.0 (compatible; Ask Jeeves/Teoma; +http://about.ask.com/en/docs/about/webmasters.shtml)"
65.214.45.215 - - [24/Sep/2008:02:15:00 +0200] "GET /zampa-lovers/index.html HTTP/1.0" 200 37790 "-" "Mozilla/5.0 (compatible; Ask Jeeves/Teoma; +http://about.ask.com/en/docs/about/webmasters.shtml)"
65.214.45.215 - - [24/Sep/2008:02:15:01 +0200] "GET /frame-unten.html HTTP/1.0" 200 5308 "-" "Mozilla/5.0 (compatible; Ask Jeeves/Teoma; +http://about.ask.com/en/docs/about/webmasters.shtml)"
74.6.18.222 - - [24/Sep/2008:02:54:37 +0200] "GET /robots.txt HTTP/1.0" 200 64 "-" "Mozilla/5.0 (compatible; Yahoo! Slurp; http://help.yahoo.com/help/us/ysearch/slurp)"
74.6.18.222 - - [24/Sep/2008:02:54:37 +0200] "GET /sendi-agent/Interfiction-sendi.mpg HTTP/1.0" 200 13300252 "-" "Mozilla/5.0 (compatible; Yahoo! Slurp; http://help.yahoo.com/help/us/ysearch/slurp)"
74.6.18.222 - - [24/Sep/2008:03:26:50 +0200] "GET /logs/usage_200709.html HTTP/1.0" 200 110974 "-" "Mozilla/5.0 (compatible; Yahoo! Slurp; http://help.yahoo.com/help/us/ysearch/slurp)"
65.55.211.175 - - [24/Sep/2008:03:42:00 +0200] "GET /robots.txt HTTP/1.1" 200 64 "-" "msnbot/1.1 (+http://search.msn.com/msnbot.htm)"
65.55.211.175 - - [24/Sep/2008:03:42:00 +0200] "GET /f-horrorkatze.html HTTP/1.1" 200 7865 "-" "msnbot/1.1 (+http://search.msn.com/msnbot.htm)"
208.36.144.10 - - [24/Sep/2008:04:49:45 +0200] "GET /framez-e-count.html HTTP/1.0" 200 4321 "-" "Mozilla/5.0 (Twiceler-0.9 http://www.cuil.com/twiceler/robot.html)"
206.51.230.26 - - [24/Sep/2008:04:57:24 +0200] "GET /logs/ HTTP/1.1" 200 10079 "http://drugstore-inc.com/" "Mozilla/4.0 (compatible; MSIE 6.0; Windows NT 5.1; SV1; MRA 4.8 (build 01709))"
206.51.230.26 - - [24/Sep/2008:04:58:06 +0200] "GET /logs/usage_200712.html HTTP/1.1" 200 92577 "http://drugstore-inc.com/" "Mozilla/5.0 (Windows; U; Windows NT 5.1; bg; rv:1.8.1.3) Gecko/20070309 Firefox/2.0.0.3"
74.6.18.222 - - [24/Sep/2008:04:59:54 +0200] "GET /logs/usage_200509.html HTTP/1.0" 200 108963 "-" "Mozilla/5.0 (compatible; Yahoo! Slurp; http://help.yahoo.com/help/us/ysearch/slurp)"
65.214.45.224 - - [24/Sep/2008:05:27:48 +0200] "GET /robots.txt HTTP/1.0" 200 64 "-" "Mozilla/5.0 (compatible; Ask Jeeves/Teoma; +http://about.ask.com/en/docs/about/webmasters.shtml)"
65.214.45.224 - - [24/Sep/2008:05:27:48 +0200] "GET / HTTP/1.0" 200 7869 "-" "Mozilla/5.0 (compatible; Ask Jeeves/Teoma; +http://about.ask.com/en/docs/about/webmasters.shtml)"
66.249.65.169 - - [24/Sep/2008:05:29:20 +0200] "GET /neon/slow-walk2.html HTTP/1.1" 200 1777 "-" "Mozilla/5.0 (compatible; Googlebot/2.1; +http://www.google.com/bot.html)"
208.36.144.10 - - [24/Sep/2008:06:03:49 +0200] "GET /channel1.html HTTP/1.0" 404 2748 "-" "Mozilla/5.0 (Twiceler-0.9 http://www.cuil.com/twiceler/robot.html)"
66.249.65.169 - - [24/Sep/2008:06:04:24 +0200] "GET /robots.txt HTTP/1.1" 302 363 "-" "Mozilla/5.0 (compatible; Googlebot/2.1; +http://www.google.com/bot.html)"
66.249.65.169 - - [24/Sep/2008:06:04:24 +0200] "GET /zampa/robots.txt HTTP/1.1" 404 2748 "-" "Mozilla/5.0 (compatible; Googlebot/2.1; +http://www.google.com/bot.html)"
66.249.65.169 - - [24/Sep/2008:06:04:25 +0200] "GET / HTTP/1.1" 302 353 "-" "Mozilla/5.0 (compatible; Googlebot/2.1; +http://www.google.com/bot.html)"
66.249.65.169 - - [24/Sep/2008:06:04:25 +0200] "GET /zampa/ HTTP/1.1" 200 7153 "-" "Mozilla/5.0 (compatible; Googlebot/2.1; +http://www.google.com/bot.html)"
208.36.144.10 - - [24/Sep/2008:06:17:12 +0200] "GET /bannnerz.html HTTP/1.0" 404 2748 "-" "Mozilla/5.0 (Twiceler-0.9 http://www.cuil.com/twiceler/robot.html)"
74.6.18.222 - - [24/Sep/2008:06:22:24 +0200] "GET /f-euro.html HTTP/1.0" 200 12203 "-" "Mozilla/5.0 (compatible; Yahoo! Slurp; http://help.yahoo.com/help/us/ysearch/slurp)"
65.55.211.164 - - [24/Sep/2008:06:24:02 +0200] "GET /tour1_new.html HTTP/1.1" 404 2748 "-" "msnbot/1.1 (+http://search.msn.com/msnbot.htm)"
98.14.145.105 - - [24/Sep/2008:06:26:55 +0200] "GET /bmpp/18start.html HTTP/1.1" 200 320 "http://search.freefind.com/find.html?id=64369961&map=0&page=0" "Mozilla/5.0 (Windows; U; Windows NT 5.1; en-US; rv:1.9.0.1) Gecko/2008070208 Firefox/3.0.1"
98.14.145.105 - - [24/Sep/2008:06:26:55 +0200] "GET /bmpp/18oo.png HTTP/1.1" 200 3188 "http://www.various-euro.com/bmpp/18start.html" "Mozilla/5.0 (Windows; U; Windows NT 5.1; en-US; rv:1.9.0.1) Gecko/2008070208 Firefox/3.0.1"
98.14.145.105 - - [24/Sep/2008:06:26:55 +0200] "GET /favicon.ico HTTP/1.1" 404 2748 "-" "Mozilla/5.0 (Windows; U; Windows NT 5.1; en-US; rv:1.9.0.1) Gecko/2008070208 Firefox/3.0.1"
98.14.145.105 - - [24/Sep/2008:06:26:58 +0200] "GET /bmpp/18.html HTTP/1.1" 200 4467 "http://www.various-euro.com/bmpp/18start.html" "Mozilla/5.0 (Windows; U; Windows NT 5.1; en-US; rv:1.9.0.1) Gecko/2008070208 Firefox/3.0.1"
98.14.145.105 - - [24/Sep/2008:06:26:58 +0200] "GET /bmpp/Bilder/18_05.png HTTP/1.1" 200 407 "http://www.various-euro.com/bmpp/18.html" "Mozilla/5.0 (Windows; U; Windows NT 5.1; en-US; rv:1.9.0.1) Gecko/2008070208 Firefox/3.0.1"
98.14.145.105 - - [24/Sep/2008:06:26:58 +0200] "GET /bmpp/Bilder/18_01.png HTTP/1.1" 200 1118 "http://www.various-euro.com/bmpp/18.html" "Mozilla/5.0 (Windows; U; Windows NT 5.1; en-US; rv:1.9.0.1) Gecko/2008070208 Firefox/3.0.1"
98.14.145.105 - - [24/Sep/2008:06:26:58 +0200] "GET /bmpp/Bilder/18_02.png HTTP/1.1" 200 289 "http://www.various-euro.com/bmpp/18.html" "Mozilla/5.0 (Windows; U; Windows NT 5.1; en-US; rv:1.9.0.1) Gecko/2008070208 Firefox/3.0.1"
98.14.145.105 - - [24/Sep/2008:06:26:58 +0200] "GET /bmpp/Bilder/18_03.png HTTP/1.1" 200 574 "http://www.various-euro.com/bmpp/18.html" "Mozilla/5.0 (Windows; U; Windows NT 5.1; en-US; rv:1.9.0.1) Gecko/2008070208 Firefox/3.0.1"
98.14.145.105 - - [24/Sep/2008:06:26:58 +0200] "GET /bmpp/Bilder/18_04.png HTTP/1.1" 200 289 "http://www.various-euro.com/bmpp/18.html" "Mozilla/5.0 (Windows; U; Windows NT 5.1; en-US; rv:1.9.0.1) Gecko/2008070208 Firefox/3.0.1"
98.14.145.105 - - [24/Sep/2008:06:26:58 +0200] "GET /bmpp/Bilder/18_06.png HTTP/1.1" 200 289 "http://www.various-euro.com/bmpp/18.html" "Mozilla/5.0 (Windows; U; Windows NT 5.1; en-US; rv:1.9.0.1) Gecko/2008070208 Firefox/3.0.1"
98.14.145.105 - - [24/Sep/2008:06:26:58 +0200] "GET /favicon.ico HTTP/1.1" 404 2748 "-" "Mozilla/5.0 (Windows; U; Windows NT 5.1; en-US; rv:1.9.0.1) Gecko/2008070208 Firefox/3.0.1"
98.14.145.105 - - [24/Sep/2008:06:26:58 +0200] "GET /bmpp/Bilder/18_07.png HTTP/1.1" 200 417 "http://www.various-euro.com/bmpp/18.html" "Mozilla/5.0 (Windows; U; Windows NT 5.1; en-US; rv:1.9.0.1) Gecko/2008070208 Firefox/3.0.1"
98.14.145.105 - - [24/Sep/2008:06:26:58 +0200] "GET /bmpp/Bilder/18_08.png HTTP/1.1" 200 289 "http://www.various-euro.com/bmpp/18.html" "Mozilla/5.0 (Windows; U; Windows NT 5.1; en-US; rv:1.9.0.1) Gecko/2008070208 Firefox/3.0.1"
98.14.145.105 - - [24/Sep/2008:06:26:58 +0200] "GET /bmpp/Bilder/18_09.png HTTP/1.1" 200 417 "http://www.various-euro.com/bmpp/18.html" "Mozilla/5.0 (Windows; U; Windows NT 5.1; en-US; rv:1.9.0.1) Gecko/2008070208 Firefox/3.0.1"
98.14.145.105 - - [24/Sep/2008:06:26:58 +0200] "GET /bmpp/Bilder/18_10.png HTTP/1.1" 200 270 "http://www.various-euro.com/bmpp/18.html" "Mozilla/5.0 (Windows; U; Windows NT 5.1; en-US; rv:1.9.0.1) Gecko/2008070208 Firefox/3.0.1"
98.14.145.105 - - [24/Sep/2008:06:26:59 +0200] "GET /bmpp/Bilder/18_11.png HTTP/1.1" 200 233 "http://www.various-euro.com/bmpp/18.html" "Mozilla/5.0 (Windows; U; Windows NT 5.1; en-US; rv:1.9.0.1) Gecko/2008070208 Firefox/3.0.1"
98.14.145.105 - - [24/Sep/2008:06:26:59 +0200] "GET /bmpp/Bilder/18_12.png HTTP/1.1" 200 595 "http://www.various-euro.com/bmpp/18.html" "Mozilla/5.0 (Windows; U; Windows NT 5.1; en-US; rv:1.9.0.1) Gecko/2008070208 Firefox/3.0.1"
98.14.145.105 - - [24/Sep/2008:06:26:59 +0200] "GET /bmpp/Bilder/18_13.png HTTP/1.1" 200 282 "http://www.various-euro.com/bmpp/18.html" "Mozilla/5.0 (Windows; U; Windows NT 5.1; en-US; rv:1.9.0.1) Gecko/2008070208 Firefox/3.0.1"
98.14.145.105 - - [24/Sep/2008:06:26:59 +0200] "GET /bmpp/Bilder/18_14.png HTTP/1.1" 200 609 "http://www.various-euro.com/bmpp/18.html" "Mozilla/5.0 (Windows; U; Windows NT 5.1; en-US; rv:1.9.0.1) Gecko/2008070208 Firefox/3.0.1"
98.14.145.105 - - [24/Sep/2008:06:26:59 +0200] "GET /bmpp/Bilder/18_15.png HTTP/1.1" 200 524 "http://www.various-euro.com/bmpp/18.html" "Mozilla/5.0 (Windows; U; Windows NT 5.1; en-US; rv:1.9.0.1) Gecko/2008070208 Firefox/3.0.1"
98.14.145.105 - - [24/Sep/2008:06:26:59 +0200] "GET /bmpp/Bilder/18_16.png HTTP/1.1" 200 499 "http://www.various-euro.com/bmpp/18.html" "Mozilla/5.0 (Windows; U; Windows NT 5.1; en-US; rv:1.9.0.1) Gecko/2008070208 Firefox/3.0.1"
98.14.145.105 - - [24/Sep/2008:06:26:59 +0200] "GET /bmpp/Bilder/18_17.png HTTP/1.1" 200 958 "http://www.various-euro.com/bmpp/18.html" "Mozilla/5.0 (Windows; U; Windows NT 5.1; en-US; rv:1.9.0.1) Gecko/2008070208 Firefox/3.0.1"
98.14.145.105 - - [24/Sep/2008:06:26:59 +0200] "GET /bmpp/Bilder/18_20.png HTTP/1.1" 200 252 "http://www.various-euro.com/bmpp/18.html" "Mozilla/5.0 (Windows; U; Windows NT 5.1; en-US; rv:1.9.0.1) Gecko/2008070208 Firefox/3.0.1"
98.14.145.105 - - [24/Sep/2008:06:26:59 +0200] "GET /bmpp/Bilder/18_18.png HTTP/1.1" 200 453 "http://www.various-euro.com/bmpp/18.html" "Mozilla/5.0 (Windows; U; Windows NT 5.1; en-US; rv:1.9.0.1) Gecko/2008070208 Firefox/3.0.1"
98.14.145.105 - - [24/Sep/2008:06:26:59 +0200] "GET /bmpp/Bilder/18_19.png HTTP/1.1" 200 277 "http://www.various-euro.com/bmpp/18.html" "Mozilla/5.0 (Windows; U; Windows NT 5.1; en-US; rv:1.9.0.1) Gecko/2008070208 Firefox/3.0.1"
98.14.145.105 - - [24/Sep/2008:06:26:59 +0200] "GET /bmpp/Bilder/18_21.png HTTP/1.1" 200 253 "http://www.various-euro.com/bmpp/18.html" "Mozilla/5.0 (Windows; U; Windows NT 5.1; en-US; rv:1.9.0.1) Gecko/2008070208 Firefox/3.0.1"
98.14.145.105 - - [24/Sep/2008:06:26:59 +0200] "GET /bmpp/Bilder/18_22.png HTTP/1.1" 200 430 "http://www.various-euro.com/bmpp/18.html" "Mozilla/5.0 (Windows; U; Windows NT 5.1; en-US; rv:1.9.0.1) Gecko/2008070208 Firefox/3.0.1"
98.14.145.105 - - [24/Sep/2008:06:26:59 +0200] "GET /bmpp/Bilder/18_23.png HTTP/1.1" 200 454 "http://www.various-euro.com/bmpp/18.html" "Mozilla/5.0 (Windows; U; Windows NT 5.1; en-US; rv:1.9.0.1) Gecko/2008070208 Firefox/3.0.1"
98.14.145.105 - - [24/Sep/2008:06:26:59 +0200] "GET /bmpp/Bilder/18_25.png HTTP/1.1" 200 827 "http://www.various-euro.com/bmpp/18.html" "Mozilla/5.0 (Windows; U; Windows NT 5.1; en-US; rv:1.9.0.1) Gecko/2008070208 Firefox/3.0.1"
98.14.145.105 - - [24/Sep/2008:06:26:59 +0200] "GET /bmpp/Bilder/18_26.png HTTP/1.1" 200 880 "http://www.various-euro.com/bmpp/18.html" "Mozilla/5.0 (Windows; U; Windows NT 5.1; en-US; rv:1.9.0.1) Gecko/2008070208 Firefox/3.0.1"
98.14.145.105 - - [24/Sep/2008:06:26:59 +0200] "GET /bmpp/Bilder/18_24.png HTTP/1.1" 200 353 "http://www.various-euro.com/bmpp/18.html" "Mozilla/5.0 (Windows; U; Windows NT 5.1; en-US; rv:1.9.0.1) Gecko/2008070208 Firefox/3.0.1"
98.14.145.105 - - [24/Sep/2008:06:26:59 +0200] "GET /bmpp/Bilder/18_27.png HTTP/1.1" 200 854 "http://www.various-euro.com/bmpp/18.html" "Mozilla/5.0 (Windows; U; Windows NT 5.1; en-US; rv:1.9.0.1) Gecko/2008070208 Firefox/3.0.1"
98.14.145.105 - - [24/Sep/2008:06:26:59 +0200] "GET /bmpp/Bilder/18_28.png HTTP/1.1" 200 721 "http://www.various-euro.com/bmpp/18.html" "Mozilla/5.0 (Windows; U; Windows NT 5.1; en-US; rv:1.9.0.1) Gecko/2008070208 Firefox/3.0.1"
98.14.145.105 - - [24/Sep/2008:06:26:59 +0200] "GET /bmpp/Bilder/18_29.png HTTP/1.1" 200 564 "http://www.various-euro.com/bmpp/18.html" "Mozilla/5.0 (Windows; U; Windows NT 5.1; en-US; rv:1.9.0.1) Gecko/2008070208 Firefox/3.0.1"
98.14.145.105 - - [24/Sep/2008:06:26:59 +0200] "GET /bmpp/Bilder/18_30.png HTTP/1.1" 200 233 "http://www.various-euro.com/bmpp/18.html" "Mozilla/5.0 (Windows; U; Windows NT 5.1; en-US; rv:1.9.0.1) Gecko/2008070208 Firefox/3.0.1"
98.14.145.105 - - [24/Sep/2008:06:26:59 +0200] "GET /bmpp/Bilder/18_31.png HTTP/1.1" 200 402 "http://www.various-euro.com/bmpp/18.html" "Mozilla/5.0 (Windows; U; Windows NT 5.1; en-US; rv:1.9.0.1) Gecko/2008070208 Firefox/3.0.1"
98.14.145.105 - - [24/Sep/2008:06:26:59 +0200] "GET /bmpp/Bilder/18_32.png HTTP/1.1" 200 374 "http://www.various-euro.com/bmpp/18.html" "Mozilla/5.0 (Windows; U; Windows NT 5.1; en-US; rv:1.9.0.1) Gecko/2008070208 Firefox/3.0.1"
98.14.145.105 - - [24/Sep/2008:06:26:59 +0200] "GET /bmpp/Bilder/18_33.png HTTP/1.1" 200 398 "http://www.various-euro.com/bmpp/18.html" "Mozilla/5.0 (Windows; U; Windows NT 5.1; en-US; rv:1.9.0.1) Gecko/2008070208 Firefox/3.0.1"
98.14.145.105 - - [24/Sep/2008:06:26:59 +0200] "GET /bmpp/Bilder/18_34.png HTTP/1.1" 200 573 "http://www.various-euro.com/bmpp/18.html" "Mozilla/5.0 (Windows; U; Windows NT 5.1; en-US; rv:1.9.0.1) Gecko/2008070208 Firefox/3.0.1"
98.14.145.105 - - [24/Sep/2008:06:26:59 +0200] "GET /bmpp/Bilder/18_36.png HTTP/1.1" 200 557 "http://www.various-euro.com/bmpp/18.html" "Mozilla/5.0 (Windows; U; Windows NT 5.1; en-US; rv:1.9.0.1) Gecko/2008070208 Firefox/3.0.1"
98.14.145.105 - - [24/Sep/2008:06:26:59 +0200] "GET /bmpp/Bilder/18_35.png HTTP/1.1" 200 691 "http://www.various-euro.com/bmpp/18.html" "Mozilla/5.0 (Windows; U; Windows NT 5.1; en-US; rv:1.9.0.1) Gecko/2008070208 Firefox/3.0.1"
98.14.145.105 - - [24/Sep/2008:06:26:59 +0200] "GET /bmpp/Bilder/18_37.png HTTP/1.1" 200 239 "http://www.various-euro.com/bmpp/18.html" "Mozilla/5.0 (Windows; U; Windows NT 5.1; en-US; rv:1.9.0.1) Gecko/2008070208 Firefox/3.0.1"
98.14.145.105 - - [24/Sep/2008:06:26:59 +0200] "GET /bmpp/Bilder/18_38.png HTTP/1.1" 200 509 "http://www.various-euro.com/bmpp/18.html" "Mozilla/5.0 (Windows; U; Windows NT 5.1; en-US; rv:1.9.0.1) Gecko/2008070208 Firefox/3.0.1"
