212.34.175.72 - - [13/Nov/2008:05:50:52 +0100] "GET /neon/girlz3.html HTTP/1.1" 200 2479 "http://various-euro.com/neon/euro.html" "gonzo1[P] +http://www.suchen.de/faq.html"
212.34.175.72 - - [13/Nov/2008:05:51:52 +0100] "GET /neon/click.html HTTP/1.1" 200 521 "http://various-euro.com/neon/euro.html" "gonzo1[P] +http://www.suchen.de/faq.html"
212.34.175.72 - - [13/Nov/2008:05:52:53 +0100] "GET /bmpp/18.html HTTP/1.1" 200 4467 "http://various-euro.com/neon/euro.html" "gonzo1[P] +http://www.suchen.de/faq.html"
212.34.175.72 - - [13/Nov/2008:05:53:53 +0100] "GET /schubb/schubb-2.html HTTP/1.1" 200 16660 "http://various-euro.com/schubb/schubb-1.html" "gonzo1[P] +http://www.suchen.de/faq.html"
212.34.175.72 - - [13/Nov/2008:05:54:53 +0100] "GET /neon/code.html HTTP/1.1" 200 1109 "http://various-euro.com/f-maintitle.html" "gonzo1[P] +http://www.suchen.de/faq.html"
212.34.175.72 - - [13/Nov/2008:05:55:53 +0100] "GET /games/virtualcop/virtualcop.html HTTP/1.1" 200 4487 "http://various-euro.com/partnergegenberlin.html" "gonzo1[P] +http://www.suchen.de/faq.html"
212.34.175.72 - - [13/Nov/2008:05:56:53 +0100] "GET /DgH/rampe/index.html HTTP/1.1" 200 2056 "http://various-euro.com/f-euro.html" "gonzo1[P] +http://www.suchen.de/faq.html"
67.195.37.107 - - [13/Nov/2008:05:56:58 +0100] "GET /zampa/lybia/index.html HTTP/1.0" 200 3036 "-" "Mozilla/5.0 (compatible; Yahoo! Slurp/3.0; http://help.yahoo.com/help/us/ysearch/slurp)"
212.34.175.72 - - [13/Nov/2008:05:57:53 +0100] "GET /DgH/orginal/index.html HTTP/1.1" 200 1727 "http://various-euro.com/f-euro.html" "gonzo1[P] +http://www.suchen.de/faq.html"
212.34.175.72 - - [13/Nov/2008:05:58:53 +0100] "GET /DgH/bull/index.html HTTP/1.1" 200 1915 "http://various-euro.com/f-euro.html" "gonzo1[P] +http://www.suchen.de/faq.html"
212.34.175.72 - - [13/Nov/2008:05:59:54 +0100] "GET /DgH/watch/index.html HTTP/1.1" 200 2028 "http://various-euro.com/f-euro.html" "gonzo1[P] +http://www.suchen.de/faq.html"
212.34.175.72 - - [13/Nov/2008:06:00:55 +0100] "GET /menue.html HTTP/1.1" 404 2748 "http://various-euro.com/restate_copy.html" "gonzo1[P] +http://www.suchen.de/faq.html"
212.34.175.72 - - [13/Nov/2008:06:01:58 +0100] "GET /euro.html HTTP/1.1" 404 2748 "http://various-euro.com/restate_copy.html" "gonzo1[P] +http://www.suchen.de/faq.html"
212.34.175.72 - - [13/Nov/2008:06:02:58 +0100] "GET /warez.html HTTP/1.1" 200 9754 "http://various-euro.com/restate_copy.html" "gonzo1[P] +http://www.suchen.de/faq.html"
212.34.175.72 - - [13/Nov/2008:06:03:58 +0100] "GET /web.html HTTP/1.1" 404 2748 "http://various-euro.com/restate_copy.html" "gonzo1[P] +http://www.suchen.de/faq.html"
212.34.175.72 - - [13/Nov/2008:06:04:59 +0100] "GET /net.html HTTP/1.1" 404 2748 "http://various-euro.com/restate_copy.html" "gonzo1[P] +http://www.suchen.de/faq.html"
212.34.175.72 - - [13/Nov/2008:06:06:02 +0100] "GET /world.html HTTP/1.1" 200 16295 "http://various-euro.com/restate_copy.html" "gonzo1[P] +http://www.suchen.de/faq.html"
212.34.175.72 - - [13/Nov/2008:06:07:04 +0100] "GET /channel1.html HTTP/1.1" 404 2748 "http://various-euro.com/restate_copy.html" "gonzo1[P] +http://www.suchen.de/faq.html"
212.34.175.72 - - [13/Nov/2008:06:08:16 +0100] "GET /search.html HTTP/1.1" 200 1440 "http://various-euro.com/restate_copy.html" "gonzo1[P] +http://www.suchen.de/faq.html"
212.34.175.72 - - [13/Nov/2008:06:09:14 +0100] "GET /contact.html HTTP/1.1" 404 2748 "http://various-euro.com/restate_copy.html" "gonzo1[P] +http://www.suchen.de/faq.html"
66.249.71.219 - - [13/Nov/2008:06:10:06 +0100] "GET /DgH/rampe/index.html HTTP/1.1" 200 2056 "-" "Mozilla/5.0 (compatible; Googlebot/2.1; +http://www.google.com/bot.html)"
212.34.175.72 - - [13/Nov/2008:06:10:14 +0100] "GET /tour1_new.html HTTP/1.1" 404 2748 "http://various-euro.com/restate_copy.html" "gonzo1[P] +http://www.suchen.de/faq.html"
212.34.175.72 - - [13/Nov/2008:06:11:14 +0100] "GET /logz.html HTTP/1.1" 404 2748 "http://various-euro.com/restate_copy.html" "gonzo1[P] +http://www.suchen.de/faq.html"
212.34.175.72 - - [13/Nov/2008:06:12:14 +0100] "GET /logz_old.html HTTP/1.1" 404 2748 "http://various-euro.com/restate_copy.html" "gonzo1[P] +http://www.suchen.de/faq.html"
212.34.175.72 - - [13/Nov/2008:06:13:14 +0100] "GET /bannnerz.html HTTP/1.1" 404 2748 "http://various-euro.com/restate_copy.html" "gonzo1[P] +http://www.suchen.de/faq.html"
212.34.175.72 - - [13/Nov/2008:06:14:15 +0100] "GET /3dsf3/sendi/receiver.html HTTP/1.1" 200 1402 "http://various-euro.com/3dsf3/sendi/sendisendi.html" "gonzo1[P] +http://www.suchen.de/faq.html"
212.34.175.72 - - [13/Nov/2008:06:15:16 +0100] "GET /neon/warning.html HTTP/1.1" 200 5134 "http://various-euro.com/neon/channel.html" "gonzo1[P] +http://www.suchen.de/faq.html"
212.34.175.72 - - [13/Nov/2008:06:16:16 +0100] "GET /neon/large.html HTTP/1.1" 200 1547 "http://various-euro.com/neon/warning2.html" "gonzo1[P] +http://www.suchen.de/faq.html"
212.34.175.72 - - [13/Nov/2008:06:17:17 +0100] "GET /bmpp/18start.html HTTP/1.1" 200 320 "http://various-euro.com/neon/europa.html" "gonzo1[P] +http://www.suchen.de/faq.html"
212.34.175.72 - - [13/Nov/2008:06:18:17 +0100] "GET /neon/girlz2.html HTTP/1.1" 200 2937 "http://various-euro.com/neon/girlz3.html" "gonzo1[P] +http://www.suchen.de/faq.html"
212.34.175.72 - - [13/Nov/2008:06:19:17 +0100] "GET /neon/sushi.html HTTP/1.1" 200 687 "http://various-euro.com/neon/click.html" "gonzo1[P] +http://www.suchen.de/faq.html"
212.34.175.72 - - [13/Nov/2008:06:20:17 +0100] "GET /bmpp/18_x.html HTTP/1.1" 200 1100 "http://various-euro.com/bmpp/18.html" "gonzo1[P] +http://www.suchen.de/faq.html"
212.34.175.72 - - [13/Nov/2008:06:21:18 +0100] "GET /schubb/schubb-3.html HTTP/1.1" 200 17546 "http://various-euro.com/schubb/schubb-2.html" "gonzo1[P] +http://www.suchen.de/faq.html"
212.34.175.72 - - [13/Nov/2008:06:22:18 +0100] "GET /3dsf3/sendi/animals.html HTTP/1.1" 200 1422 "http://various-euro.com/3dsf3/sendi/receiver.html" "gonzo1[P] +http://www.suchen.de/faq.html"
212.34.175.72 - - [13/Nov/2008:06:23:17 +0100] "GET /3dsf3/sendi/utopia.html HTTP/1.1" 200 1295 "http://various-euro.com/3dsf3/sendi/receiver.html" "gonzo1[P] +http://www.suchen.de/faq.html"
212.34.175.72 - - [13/Nov/2008:06:24:18 +0100] "GET /3dsf3/sendi/sacrifice.html HTTP/1.1" 200 1309 "http://various-euro.com/3dsf3/sendi/receiver.html" "gonzo1[P] +http://www.suchen.de/faq.html"
212.34.175.72 - - [13/Nov/2008:06:25:18 +0100] "GET /3dsf3/sendi/rituals.html HTTP/1.1" 200 1411 "http://various-euro.com/3dsf3/sendi/receiver.html" "gonzo1[P] +http://www.suchen.de/faq.html"
212.34.175.72 - - [13/Nov/2008:06:26:19 +0100] "GET /3dsf3/sendi/body.html HTTP/1.1" 200 1322 "http://various-euro.com/3dsf3/sendi/receiver.html" "gonzo1[P] +http://www.suchen.de/faq.html"
212.34.175.72 - - [13/Nov/2008:06:27:26 +0100] "GET /3dsf3/sendi/hyperreality.html HTTP/1.1" 200 1436 "http://various-euro.com/3dsf3/sendi/receiver.html" "gonzo1[P] +http://www.suchen.de/faq.html"
212.34.175.72 - - [13/Nov/2008:06:28:25 +0100] "GET /3dsf3/sendi/connection.html HTTP/1.1" 200 1336 "http://various-euro.com/3dsf3/sendi/receiver.html" "gonzo1[P] +http://www.suchen.de/faq.html"
67.195.37.107 - - [13/Nov/2008:06:28:32 +0100] "GET /robots.txt HTTP/1.0" 200 64 "-" "Mozilla/5.0 (compatible; Yahoo! Slurp; http://help.yahoo.com/help/us/ysearch/slurp)"
67.195.37.107 - - [13/Nov/2008:06:28:33 +0100] "GET /f-maintitle.html HTTP/1.0" 200 5030 "-" "Mozilla/5.0 (compatible; Yahoo! Slurp; http://help.yahoo.com/help/us/ysearch/slurp)"
212.34.175.72 - - [13/Nov/2008:06:29:25 +0100] "GET /3dsf3/sendi/communication.html HTTP/1.1" 200 1331 "http://various-euro.com/3dsf3/sendi/receiver.html" "gonzo1[P] +http://www.suchen.de/faq.html"
212.34.175.72 - - [13/Nov/2008:06:30:25 +0100] "GET /3dsf3/sendi/catastrophe.html HTTP/1.1" 200 1322 "http://various-euro.com/3dsf3/sendi/receiver.html" "gonzo1[P] +http://www.suchen.de/faq.html"
212.34.175.72 - - [13/Nov/2008:06:31:25 +0100] "GET /e-counter.html HTTP/1.1" 200 4047 "http://various-euro.com/neon/warning.html" "gonzo1[P] +http://www.suchen.de/faq.html"
212.34.175.72 - - [13/Nov/2008:06:32:25 +0100] "GET /neon/annniiii.html HTTP/1.1" 200 686 "http://various-euro.com/neon/large.html" "gonzo1[P] +http://www.suchen.de/faq.html"
212.34.175.72 - - [13/Nov/2008:06:33:25 +0100] "GET /neon/left-one-new.html HTTP/1.1" 200 1483 "http://various-euro.com/neon/girlz2.html" "gonzo1[P] +http://www.suchen.de/faq.html"
212.34.175.72 - - [13/Nov/2008:06:34:26 +0100] "GET /neon/slow-walk2.html HTTP/1.1" 200 1777 "http://various-euro.com/neon/girlz2.html" "gonzo1[P] +http://www.suchen.de/faq.html"
212.34.175.72 - - [13/Nov/2008:06:35:26 +0100] "GET /neon/slow-walk.html HTTP/1.1" 200 1640 "http://various-euro.com/neon/girlz2.html" "gonzo1[P] +http://www.suchen.de/faq.html"
212.34.175.72 - - [13/Nov/2008:06:36:26 +0100] "GET /neon/girl-tv.html HTTP/1.1" 200 1717 "http://various-euro.com/neon/girlz2.html" "gonzo1[P] +http://www.suchen.de/faq.html"
65.55.211.163 - - [13/Nov/2008:06:36:34 +0100] "GET /robots.txt HTTP/1.1" 200 64 "-" "msnbot/1.1 (+http://search.msn.com/msnbot.htm)"
65.55.211.163 - - [13/Nov/2008:06:36:34 +0100] "GET /neon/girlz2.html HTTP/1.1" 200 2937 "-" "msnbot/1.1 (+http://search.msn.com/msnbot.htm)"
212.34.175.72 - - [13/Nov/2008:06:37:27 +0100] "GET /neon/biggtani.html HTTP/1.1" 200 1698 "http://various-euro.com/neon/girlz2.html" "gonzo1[P] +http://www.suchen.de/faq.html"
212.34.175.72 - - [13/Nov/2008:06:38:27 +0100] "GET /framez-girlz-neon.html HTTP/1.1" 200 4388 "http://various-euro.com/neon/sushi.html" "gonzo1[P] +http://www.suchen.de/faq.html"
212.34.175.72 - - [13/Nov/2008:06:39:28 +0100] "GET /bmpp/18asi_2.html HTTP/1.1" 200 8674 "http://various-euro.com/bmpp/18_x.html" "gonzo1[P] +http://www.suchen.de/faq.html"
212.34.175.72 - - [13/Nov/2008:06:40:28 +0100] "GET /schubb/schubb-4.html HTTP/1.1" 200 17746 "http://various-euro.com/schubb/schubb-3.html" "gonzo1[P] +http://www.suchen.de/faq.html"
69.64.36.219 - - [13/Nov/2008:06:40:30 +0100] "GET /index.php?option=com_dbquery&Itemid=&mosConfig_absolute_path=http://www.milf2gilf.com/forums/skin_acp/IPB2_Standard/acp_skin_html/index.php/extreme/off.txt??? HTTP/1.1" 404 2748 "-" "Advanced Browser (http://www.avantbrowser.com)"
212.34.175.72 - - [13/Nov/2008:06:41:28 +0100] "GET /framez-e-count.html HTTP/1.1" 200 4321 "http://various-euro.com/e-counter.html" "gonzo1[P] +http://www.suchen.de/faq.html"
212.34.175.72 - - [13/Nov/2008:06:42:28 +0100] "GET /schubb/schubb-5.html HTTP/1.1" 200 72944 "http://various-euro.com/schubb/schubb-4.html" "gonzo1[P] +http://www.suchen.de/faq.html"
65.55.211.175 - - [13/Nov/2008:06:48:07 +0100] "GET /robots.txt HTTP/1.1" 200 64 "-" "msnbot/1.1 (+http://search.msn.com/msnbot.htm)"
65.55.211.175 - - [13/Nov/2008:06:48:08 +0100] "GET /f-doku-brau.html HTTP/1.1" 200 7152 "-" "msnbot/1.1 (+http://search.msn.com/msnbot.htm)"
67.195.37.107 - - [13/Nov/2008:06:49:25 +0100] "GET /f-euro.html HTTP/1.0" 200 12203 "-" "Mozilla/5.0 (compatible; Yahoo! Slurp; http://help.yahoo.com/help/us/ysearch/slurp)"
67.195.37.107 - - [13/Nov/2008:06:50:21 +0100] "GET /neon/code.html HTTP/1.0" 200 1109 "-" "Mozilla/5.0 (compatible; Yahoo! Slurp; http://help.yahoo.com/help/us/ysearch/slurp)"
65.55.165.29 - - [13/Nov/2008:07:01:21 +0100] "GET /zampa/ HTTP/1.0" 200 7153 "http://www.angelfire.com/psy/zampa-di-leone-zampa/" "Mozilla/4.0 (compatible; MSIE 6.0; Windows NT 5.2; SV1; .NET CLR 1.1.4322)"
65.55.165.29 - - [13/Nov/2008:07:01:21 +0100] "GET /zampa/montenegro/index.html HTTP/1.0" 200 2651 "http://www.angelfire.com/psy/zampa-di-leone-zampa/" "Mozilla/4.0 (compatible; MSIE 6.0; Windows NT 5.2; SV1; .NET CLR 1.1.4322)"
66.249.71.219 - - [13/Nov/2008:07:24:34 +0100] "GET /zampa-lovers/index.html HTTP/1.1" 200 37790 "-" "Mozilla/5.0 (compatible; Googlebot/2.1; +http://www.google.com/bot.html)"
81.52.143.15 - - [13/Nov/2008:07:28:49 +0100] "GET /f-maintitle.html HTTP/1.1" 200 5030 "-" "Mozilla/5.0 (Windows; U; Windows NT 5.1; fr; rv:1.8.1) VoilaBot BETA 1.2 (support.voilabot@orange-ftgroup.com)"
200.42.212.76 - - [13/Nov/2008:07:47:32 +0100] "GET /zampa/montenegro/contributions.html HTTP/1.1" 200 18843 "-" "pbsCkvebumuCciljyiculgdnfljmrC"
74.6.17.181 - - [13/Nov/2008:08:14:10 +0100] "GET /logs/usage_200711.html HTTP/1.0" 200 109628 "-" "Mozilla/5.0 (compatible; Yahoo! Slurp; http://help.yahoo.com/help/us/ysearch/slurp)"
81.52.143.26 - - [13/Nov/2008:08:22:10 +0100] "GET /robots.txt HTTP/1.1" 200 64 "-" "Mozilla/5.0 (Windows; U; Windows NT 5.1; fr; rv:1.8.1) VoilaBot BETA 1.2 (support.voilabot@orange-ftgroup.com)"
81.52.143.26 - - [13/Nov/2008:08:22:12 +0100] "GET /neon/annniiii.html HTTP/1.1" 200 686 "-" "Mozilla/5.0 (Windows; U; Windows NT 5.1; fr; rv:1.8.1) VoilaBot BETA 1.2 (support.voilabot@orange-ftgroup.com)"
74.6.17.181 - - [13/Nov/2008:09:01:31 +0100] "GET /f-search.html HTTP/1.0" 200 11800 "-" "Mozilla/5.0 (compatible; Yahoo! Slurp; http://help.yahoo.com/help/us/ysearch/slurp)"
209.19.170.52 - - [13/Nov/2008:09:04:56 +0100] "GET / HTTP/1.1" 200 7869 "-" "Mozilla/4.0 (compatible; MSIE 6.0; MSIE 5.5; Windows NT 4.0) Opera 7.0 [en]"
74.6.17.181 - - [13/Nov/2008:09:20:13 +0100] "GET /robots.txt HTTP/1.0" 200 64 "-" "Mozilla/5.0 (compatible; Yahoo! Slurp; http://help.yahoo.com/help/us/ysearch/slurp)"
74.6.17.181 - - [13/Nov/2008:09:20:13 +0100] "GET /zampa/montenegro/ZMAJW.html HTTP/1.0" 200 860 "-" "Mozilla/5.0 (compatible; Yahoo! Slurp; http://help.yahoo.com/help/us/ysearch/slurp)"
65.55.211.169 - - [13/Nov/2008:09:23:15 +0100] "GET /robots.txt HTTP/1.1" 200 64 "-" "msnbot/1.1 (+http://search.msn.com/msnbot.htm)"
65.55.211.169 - - [13/Nov/2008:09:23:20 +0100] "GET /zampa/montenegro/index.html HTTP/1.1" 200 2651 "-" "msnbot/1.1 (+http://search.msn.com/msnbot.htm)"
94.102.60.43 - - [13/Nov/2008:09:39:55 +0100] "GET /restate_copy.html HTTP/1.1" 200 97631 "-" "Mozilla/4.0 (compatible; MSIE 6.0; Windows NT 5.1; SV1)"
94.102.60.43 - - [13/Nov/2008:09:39:55 +0100] "GET /menue.html HTTP/1.1" 404 2748 "-" "Mozilla/4.0 (compatible; MSIE 6.0; Windows NT 5.1; SV1)"
94.102.60.43 - - [13/Nov/2008:09:39:55 +0100] "GET /euro.html HTTP/1.1" 404 2748 "-" "Mozilla/4.0 (compatible; MSIE 6.0; Windows NT 5.1; SV1)"
94.102.60.43 - - [13/Nov/2008:09:39:55 +0100] "GET /warez.html HTTP/1.1" 200 9754 "-" "Mozilla/4.0 (compatible; MSIE 6.0; Windows NT 5.1; SV1)"
94.102.60.43 - - [13/Nov/2008:09:39:55 +0100] "GET /web.html HTTP/1.1" 404 2748 "-" "Mozilla/4.0 (compatible; MSIE 6.0; Windows NT 5.1; SV1)"
94.102.60.43 - - [13/Nov/2008:09:39:56 +0100] "GET /net.html HTTP/1.1" 404 2748 "-" "Mozilla/4.0 (compatible; MSIE 6.0; Windows NT 5.1; SV1)"
94.102.60.43 - - [13/Nov/2008:09:39:56 +0100] "GET /world.html HTTP/1.1" 200 16295 "-" "Mozilla/4.0 (compatible; MSIE 6.0; Windows NT 5.1; SV1)"
94.102.60.43 - - [13/Nov/2008:09:39:56 +0100] "GET /channel1.html HTTP/1.1" 404 2748 "-" "Mozilla/4.0 (compatible; MSIE 6.0; Windows NT 5.1; SV1)"
94.102.60.43 - - [13/Nov/2008:09:39:56 +0100] "GET /search.html HTTP/1.1" 200 1440 "-" "Mozilla/4.0 (compatible; MSIE 6.0; Windows NT 5.1; SV1)"
94.102.60.43 - - [13/Nov/2008:09:39:56 +0100] "GET /contact.html HTTP/1.1" 404 2748 "-" "Mozilla/4.0 (compatible; MSIE 6.0; Windows NT 5.1; SV1)"
94.102.60.43 - - [13/Nov/2008:09:39:56 +0100] "GET /tour1_new.html HTTP/1.1" 404 2748 "-" "Mozilla/4.0 (compatible; MSIE 6.0; Windows NT 5.1; SV1)"
94.102.60.43 - - [13/Nov/2008:09:39:56 +0100] "GET /logz.html HTTP/1.1" 404 2748 "-" "Mozilla/4.0 (compatible; MSIE 6.0; Windows NT 5.1; SV1)"
94.102.60.43 - - [13/Nov/2008:09:39:56 +0100] "GET /logz_old.html HTTP/1.1" 404 2748 "-" "Mozilla/4.0 (compatible; MSIE 6.0; Windows NT 5.1; SV1)"
94.102.60.43 - - [13/Nov/2008:09:39:56 +0100] "GET /bannnerz.html HTTP/1.1" 404 2748 "-" "Mozilla/4.0 (compatible; MSIE 6.0; Windows NT 5.1; SV1)"
67.195.37.107 - - [13/Nov/2008:09:40:17 +0100] "GET /framez.html HTTP/1.0" 200 3959 "-" "Mozilla/5.0 (compatible; Yahoo! Slurp/3.0; http://help.yahoo.com/help/us/ysearch/slurp)"
67.195.37.107 - - [13/Nov/2008:09:40:20 +0100] "GET /style/various-euro.css HTTP/1.0" 304 - "http://www.various-euro.com/framez.html" "Mozilla/5.0 (compatible; Yahoo! Slurp/3.0; http://help.yahoo.com/help/us/ysearch/slurp)"
67.195.37.107 - - [13/Nov/2008:09:40:25 +0100] "GET /frame-inhalt.html HTTP/1.0" 200 5418 "http://www.various-euro.com/framez.html" "Mozilla/5.0 (compatible; Yahoo! Slurp/3.0; http://help.yahoo.com/help/us/ysearch/slurp)"
67.195.37.107 - - [13/Nov/2008:09:40:25 +0100] "GET /frame-unten.html HTTP/1.0" 200 5308 "http://www.various-euro.com/framez.html" "Mozilla/5.0 (compatible; Yahoo! Slurp/3.0; http://help.yahoo.com/help/us/ysearch/slurp)"
67.195.37.107 - - [13/Nov/2008:09:40:25 +0100] "GET /frame-menu.html HTTP/1.0" 200 10536 "http://www.various-euro.com/framez.html" "Mozilla/5.0 (compatible; Yahoo! Slurp/3.0; http://help.yahoo.com/help/us/ysearch/slurp)"
74.6.17.181 - - [13/Nov/2008:09:51:50 +0100] "GET /neon/code.html HTTP/1.0" 200 1109 "-" "Mozilla/5.0 (compatible; Yahoo! Slurp; http://help.yahoo.com/help/us/ysearch/slurp)"
66.249.71.217 - - [13/Nov/2008:09:54:44 +0100] "GET /zampa/lybia/index.html HTTP/1.1" 200 3036 "-" "Mozilla/5.0 (compatible; Googlebot/2.1; +http://www.google.com/bot.html)"
66.249.71.219 - - [13/Nov/2008:09:55:38 +0100] "GET /zampa/montenegro/index.html HTTP/1.1" 200 2651 "-" "Mozilla/5.0 (compatible; Googlebot/2.1; +http://www.google.com/bot.html)"
66.249.71.217 - - [13/Nov/2008:09:56:02 +0100] "GET /zampa/wonderland/index.html HTTP/1.1" 200 2084 "-" "Mozilla/5.0 (compatible; Googlebot/2.1; +http://www.google.com/bot.html)"
66.249.71.217 - - [13/Nov/2008:09:59:00 +0100] "GET /zampa/montenegro/dajpare.html HTTP/1.1" 200 2503 "-" "Mozilla/5.0 (compatible; Googlebot/2.1; +http://www.google.com/bot.html)"
66.249.71.219 - - [13/Nov/2008:10:01:53 +0100] "GET /partnergegenberlin.html HTTP/1.1" 200 5022 "-" "Mozilla/5.0 (compatible; Googlebot/2.1; +http://www.google.com/bot.html)"
66.249.71.217 - - [13/Nov/2008:10:02:11 +0100] "GET /neon/euro.html HTTP/1.1" 200 2212 "-" "Mozilla/5.0 (compatible; Googlebot/2.1; +http://www.google.com/bot.html)"
66.249.71.217 - - [13/Nov/2008:10:02:30 +0100] "GET /f-net.html HTTP/1.1" 200 9913 "-" "Mozilla/5.0 (compatible; Googlebot/2.1; +http://www.google.com/bot.html)"
66.249.71.218 - - [13/Nov/2008:10:03:13 +0100] "GET /f-zeug.html HTTP/1.1" 200 45338 "-" "Mozilla/5.0 (compatible; Googlebot/2.1; +http://www.google.com/bot.html)"
66.249.71.217 - - [13/Nov/2008:10:03:32 +0100] "GET /f-bannnerz.html HTTP/1.1" 200 12651 "-" "Mozilla/5.0 (compatible; Googlebot/2.1; +http://www.google.com/bot.html)"
66.249.71.218 - - [13/Nov/2008:10:03:51 +0100] "GET /f-world.html HTTP/1.1" 200 35590 "-" "Mozilla/5.0 (compatible; Googlebot/2.1; +http://www.google.com/bot.html)"
66.249.71.219 - - [13/Nov/2008:10:04:10 +0100] "GET /frame-unten.html HTTP/1.1" 200 5308 "-" "Mozilla/5.0 (compatible; Googlebot/2.1; +http://www.google.com/bot.html)"
66.249.71.217 - - [13/Nov/2008:10:04:28 +0100] "GET /f-actions.html HTTP/1.1" 200 10429 "-" "Mozilla/5.0 (compatible; Googlebot/2.1; +http://www.google.com/bot.html)"
66.249.71.218 - - [13/Nov/2008:10:05:25 +0100] "GET /frame-inhalt.html HTTP/1.1" 200 5418 "-" "Mozilla/5.0 (compatible; Googlebot/2.1; +http://www.google.com/bot.html)"
66.249.71.218 - - [13/Nov/2008:10:06:02 +0100] "GET /f-channel1.html HTTP/1.1" 200 8471 "-" "Mozilla/5.0 (compatible; Googlebot/2.1; +http://www.google.com/bot.html)"
66.249.71.218 - - [13/Nov/2008:10:06:21 +0100] "GET /f-doku-brau.html HTTP/1.1" 200 7152 "-" "Mozilla/5.0 (compatible; Googlebot/2.1; +http://www.google.com/bot.html)"
66.249.71.218 - - [13/Nov/2008:10:07:17 +0100] "GET /f-euro.html HTTP/1.1" 200 12203 "-" "Mozilla/5.0 (compatible; Googlebot/2.1; +http://www.google.com/bot.html)"
66.249.71.217 - - [13/Nov/2008:10:08:32 +0100] "GET /f-maintitle.html HTTP/1.1" 200 5030 "-" "Mozilla/5.0 (compatible; Googlebot/2.1; +http://www.google.com/bot.html)"
66.249.71.217 - - [13/Nov/2008:10:08:50 +0100] "GET /f-contact.html HTTP/1.1" 200 6804 "-" "Mozilla/5.0 (compatible; Googlebot/2.1; +http://www.google.com/bot.html)"
66.249.71.217 - - [13/Nov/2008:10:09:45 +0100] "GET /f-web.html HTTP/1.1" 200 13605 "-" "Mozilla/5.0 (compatible; Googlebot/2.1; +http://www.google.com/bot.html)"
66.249.71.219 - - [13/Nov/2008:10:10:04 +0100] "GET /f-warez.html HTTP/1.1" 200 10953 "-" "Mozilla/5.0 (compatible; Googlebot/2.1; +http://www.google.com/bot.html)"
66.249.71.218 - - [13/Nov/2008:10:10:27 +0100] "GET /sendi_agent.html HTTP/1.1" 200 6213 "-" "Mozilla/5.0 (compatible; Googlebot/2.1; +http://www.google.com/bot.html)"
66.249.71.219 - - [13/Nov/2008:10:10:47 +0100] "GET /f-sponsor.html HTTP/1.1" 200 8578 "-" "Mozilla/5.0 (compatible; Googlebot/2.1; +http://www.google.com/bot.html)"
66.249.71.218 - - [13/Nov/2008:10:11:06 +0100] "GET /frame-menu.html HTTP/1.1" 200 10536 "-" "Mozilla/5.0 (compatible; Googlebot/2.1; +http://www.google.com/bot.html)"
66.249.71.217 - - [13/Nov/2008:10:11:42 +0100] "GET /f-other.html HTTP/1.1" 200 33189 "-" "Mozilla/5.0 (compatible; Googlebot/2.1; +http://www.google.com/bot.html)"
66.249.71.217 - - [13/Nov/2008:10:12:16 +0100] "GET /restate_copy.html HTTP/1.1" 200 97631 "-" "Mozilla/5.0 (compatible; Googlebot/2.1; +http://www.google.com/bot.html)"
66.249.71.217 - - [13/Nov/2008:10:13:15 +0100] "GET /f-rez.html HTTP/1.1" 200 9765 "-" "Mozilla/5.0 (compatible; Googlebot/2.1; +http://www.google.com/bot.html)"
66.249.71.218 - - [13/Nov/2008:10:13:33 +0100] "GET /f-horrorkatze.html HTTP/1.1" 200 7865 "-" "Mozilla/5.0 (compatible; Googlebot/2.1; +http://www.google.com/bot.html)"
66.249.71.217 - - [13/Nov/2008:10:18:47 +0100] "GET /bmpp/euro_pal_111.html HTTP/1.1" 200 2129 "-" "Mozilla/5.0 (compatible; Googlebot/2.1; +http://www.google.com/bot.html)"
66.249.71.217 - - [13/Nov/2008:10:21:21 +0100] "GET /schubb/schubb-1.html HTTP/1.1" 200 9070 "-" "Mozilla/5.0 (compatible; Googlebot/2.1; +http://www.google.com/bot.html)"
81.52.143.26 - - [13/Nov/2008:10:34:00 +0100] "GET /neon/left-one-new.html HTTP/1.1" 200 1483 "-" "Mozilla/5.0 (Windows; U; Windows NT 5.1; fr; rv:1.8.1) VoilaBot BETA 1.2 (support.voilabot@orange-ftgroup.com)"
66.249.71.217 - - [13/Nov/2008:10:39:12 +0100] "GET /your_tour.html HTTP/1.1" 200 29760 "-" "Mozilla/5.0 (compatible; Googlebot/2.1; +http://www.google.com/bot.html)"
121.35.52.223 - - [13/Nov/2008:11:20:45 +0100] "GET /f-euro.html HTTP/1.1" 200 12203 "-" "Mozilla/4.0 (compatible; MSIE 6.0; Windows NT 5.0)"
216.145.24.237 - - [13/Nov/2008:11:28:55 +0100] "GET /restate_copy.html HTTP/1.1" 200 97631 "-" "Mozilla/4.0 (compatible; MSIE 6.0; Windows 98; DigExt)"
65.55.211.173 - - [13/Nov/2008:11:30:43 +0100] "GET /f-world.html HTTP/1.1" 200 35590 "-" "msnbot/1.1 (+http://search.msn.com/msnbot.htm)"
66.249.71.218 - - [13/Nov/2008:12:10:54 +0100] "GET /logs/usage_200811.html HTTP/1.1" 404 2748 "-" "Mozilla/5.0 (compatible; Googlebot/2.1; +http://www.google.com/bot.html)"
67.195.37.107 - - [13/Nov/2008:12:16:21 +0100] "GET /DgH/watch/index.html HTTP/1.0" 200 2028 "-" "Mozilla/5.0 (compatible; Yahoo! Slurp; http://help.yahoo.com/help/us/ysearch/slurp)"
66.231.189.124 - - [13/Nov/2008:12:21:26 +0100] "GET /robots.txt HTTP/1.0" 200 64 "-" "Gigabot/3.0 (http://www.gigablast.com/spider.html)"
81.52.143.15 - - [13/Nov/2008:12:40:57 +0100] "GET /robots.txt HTTP/1.1" 200 64 "-" "Mozilla/5.0 (Windows; U; Windows NT 5.1; fr; rv:1.8.1) VoilaBot BETA 1.2 (support.voilabot@orange-ftgroup.com)"
81.52.143.15 - - [13/Nov/2008:12:41:10 +0100] "GET /bmpp/euro_pal_1.html HTTP/1.1" 200 18252 "-" "Mozilla/5.0 (Windows; U; Windows NT 5.1; fr; rv:1.8.1) VoilaBot BETA 1.2 (support.voilabot@orange-ftgroup.com)"
65.55.211.166 - - [13/Nov/2008:12:59:32 +0100] "GET /robots.txt HTTP/1.1" 200 64 "-" "msnbot/1.1 (+http://search.msn.com/msnbot.htm)"
65.55.211.166 - - [13/Nov/2008:12:59:34 +0100] "GET /logs/usage_200705.html HTTP/1.1" 200 109447 "-" "msnbot/1.1 (+http://search.msn.com/msnbot.htm)"
91.205.124.4 - - [13/Nov/2008:13:22:59 +0100] "GET /frame-menu.html HTTP/1.1" 200 10536 "-" "Yanga WorldSearch Bot v1.1/beta (http://www.yanga.co.uk/)"
91.205.124.4 - - [13/Nov/2008:13:23:19 +0100] "GET /frame-unten.html HTTP/1.1" 200 5308 "-" "Yanga WorldSearch Bot v1.1/beta (http://www.yanga.co.uk/)"
91.205.124.4 - - [13/Nov/2008:13:23:21 +0100] "GET /bannerz/ve.jpg HTTP/1.1" 200 36912 "-" "Yanga WorldSearch Bot v1.1/beta (http://www.yanga.co.uk/)"
91.205.124.4 - - [13/Nov/2008:13:23:22 +0100] "GET /bannerz/various-euro-girl.jpg HTTP/1.1" 200 91514 "-" "Yanga WorldSearch Bot v1.1/beta (http://www.yanga.co.uk/)"
65.55.211.171 - - [13/Nov/2008:13:35:16 +0100] "GET /zampa/ HTTP/1.1" 200 7153 "-" "msnbot/1.1 (+http://search.msn.com/msnbot.htm)"
65.55.211.171 - - [13/Nov/2008:13:39:34 +0100] "GET /f-maintitle.html HTTP/1.1" 200 5030 "-" "msnbot/1.1 (+http://search.msn.com/msnbot.htm)"
74.6.17.181 - - [13/Nov/2008:13:41:59 +0100] "GET /SlurpConfirm404.htm HTTP/1.0" 404 2748 "-" "Mozilla/5.0 (compatible; Yahoo! Slurp/3.0; http://help.yahoo.com/help/us/ysearch/slurp)"
74.6.17.181 - - [13/Nov/2008:13:45:46 +0100] "GET /SlurpConfirm404/www.sussex.ac.uk/usctwest.htm HTTP/1.0" 404 2748 "-" "Mozilla/5.0 (compatible; Yahoo! Slurp/3.0; http://help.yahoo.com/help/us/ysearch/slurp)"
65.55.110.216 - - [13/Nov/2008:13:47:29 +0100] "GET /f-maintitle.html HTTP/1.0" 200 5030 "http://search.live.com/results.aspx?q=various" "Mozilla/4.0 (compatible; MSIE 6.0; Windows NT 5.2; SV1; .NET CLR 1.1.4322)"
65.55.110.216 - - [13/Nov/2008:13:47:30 +0100] "GET /framez.html HTTP/1.0" 200 3959 "-" "Mozilla/4.0 (compatible; MSIE 6.0; Windows NT 5.2; SV1; .NET CLR 1.1.4322)"
65.55.110.216 - - [13/Nov/2008:13:47:30 +0100] "GET /style/various-euro.css HTTP/1.0" 200 3437 "http://www.various-euro.com/framez.html" "Mozilla/4.0 (compatible; MSIE 6.0; Windows NT 5.2; SV1; .NET CLR 1.1.4322)"
65.55.110.216 - - [13/Nov/2008:13:47:30 +0100] "GET /frame-menu.html HTTP/1.0" 200 10536 "http://www.various-euro.com/framez.html" "Mozilla/4.0 (compatible; MSIE 6.0; Windows NT 5.2; SV1; .NET CLR 1.1.4322)"
65.55.110.216 - - [13/Nov/2008:13:47:30 +0100] "GET /frame-inhalt.html HTTP/1.0" 200 5418 "http://www.various-euro.com/framez.html" "Mozilla/4.0 (compatible; MSIE 6.0; Windows NT 5.2; SV1; .NET CLR 1.1.4322)"
65.55.110.216 - - [13/Nov/2008:13:47:30 +0100] "GET /frame-unten.html HTTP/1.0" 200 5308 "http://www.various-euro.com/framez.html" "Mozilla/4.0 (compatible; MSIE 6.0; Windows NT 5.2; SV1; .NET CLR 1.1.4322)"
65.55.110.216 - - [13/Nov/2008:13:47:30 +0100] "GET /style/various-euro.css HTTP/1.0" 200 3437 "http://www.various-euro.com/frame-inhalt.html" "Mozilla/4.0 (compatible; MSIE 6.0; Windows NT 5.2; SV1; .NET CLR 1.1.4322)"
193.252.149.16 - - [13/Nov/2008:13:48:15 +0100] "GET /DgH/watch/index.html HTTP/1.1" 200 2028 "-" "Mozilla/5.0 (Windows; U; Windows NT 5.1; fr; rv:1.8.1) VoilaBot BETA 1.2 (support.voilabot@orange-ftgroup.com)"
74.6.17.181 - - [13/Nov/2008:13:50:09 +0100] "GET /SlurpConfirm404/drft/isar/masterworks.htm HTTP/1.0" 404 2748 "-" "Mozilla/5.0 (compatible; Yahoo! Slurp/3.0; http://help.yahoo.com/help/us/ysearch/slurp)"
74.6.17.181 - - [13/Nov/2008:13:59:36 +0100] "GET /SlurpConfirm404/tut/ijinkanichiran/manneris.htm HTTP/1.0" 404 2748 "-" "Mozilla/5.0 (compatible; Yahoo! Slurp/3.0; http://help.yahoo.com/help/us/ysearch/slurp)"
202.179.180.45 - - [13/Nov/2008:14:05:09 +0100] "GET /robots.txt HTTP/1.1" 302 363 "-" "Mozilla/4.0 (compatible; NaverBot/1.0; http://help.naver.com/delete_main.asp)"
202.179.180.45 - - [13/Nov/2008:14:05:10 +0100] "GET / HTTP/1.1" 302 353 "-" "Mozilla/4.0 (compatible; NaverBot/1.0; http://help.naver.com/delete_main.asp)"
74.6.17.181 - - [13/Nov/2008:14:07:39 +0100] "GET /SlurpConfirm404/virus.htm HTTP/1.0" 404 2748 "-" "Mozilla/5.0 (compatible; Yahoo! Slurp/3.0; http://help.yahoo.com/help/us/ysearch/slurp)"
74.6.17.181 - - [13/Nov/2008:14:09:49 +0100] "GET /SlurpConfirm404/sharantyr/siogama%2Ctagazyou.htm HTTP/1.0" 404 2748 "-" "Mozilla/5.0 (compatible; Yahoo! Slurp/3.0; http://help.yahoo.com/help/us/ysearch/slurp)"
149.20.54.199 - - [13/Nov/2008:14:25:17 +0100] "GET /robots.txt HTTP/1.0" 200 64 "-" "Grub/2.0 (Grub.org crawler; http://www.grub.org/; bot@grub.org)"
149.20.54.199 - - [13/Nov/2008:14:25:17 +0100] "GET / HTTP/1.0" 200 7869 "-" "Grub/2.0 (Grub.org crawler; http://www.grub.org/; bot@grub.org)"
74.6.17.181 - - [13/Nov/2008:14:51:10 +0100] "GET /restate_copy.html HTTP/1.0" 200 97631 "-" "Mozilla/5.0 (compatible; Yahoo! Slurp; http://help.yahoo.com/help/us/ysearch/slurp)"
81.52.143.16 - - [13/Nov/2008:14:55:52 +0100] "GET /robots.txt HTTP/1.1" 200 64 "-" "Mozilla/5.0 (Windows; U; Windows NT 5.1; fr; rv:1.8.1) VoilaBot BETA 1.2 (support.voilabot@orange-ftgroup.com)"
81.52.143.16 - - [13/Nov/2008:14:56:05 +0100] "GET /neon/girlz2.html HTTP/1.1" 200 2937 "-" "Mozilla/5.0 (Windows; U; Windows NT 5.1; fr; rv:1.8.1) VoilaBot BETA 1.2 (support.voilabot@orange-ftgroup.com)"
74.6.17.181 - - [13/Nov/2008:15:05:50 +0100] "GET /SlurpConfirm404/ccp_faq/kegel.htm HTTP/1.0" 404 2748 "-" "Mozilla/5.0 (compatible; Yahoo! Slurp/3.0; http://help.yahoo.com/help/us/ysearch/slurp)"
65.214.45.216 - - [13/Nov/2008:15:09:25 +0100] "GET /robots.txt HTTP/1.0" 200 64 "-" "Mozilla/5.0 (compatible; Ask Jeeves/Teoma; +http://about.ask.com/en/docs/about/webmasters.shtml)"
65.214.45.216 - - [13/Nov/2008:15:09:25 +0100] "GET /framez-rez.html HTTP/1.0" 200 4323 "-" "Mozilla/5.0 (compatible; Ask Jeeves/Teoma; +http://about.ask.com/en/docs/about/webmasters.shtml)"
65.214.45.216 - - [13/Nov/2008:15:09:26 +0100] "GET /frame-menu.html HTTP/1.0" 200 10536 "-" "Mozilla/5.0 (compatible; Ask Jeeves/Teoma; +http://about.ask.com/en/docs/about/webmasters.shtml)"
65.214.45.216 - - [13/Nov/2008:15:09:26 +0100] "GET /f-rez.html HTTP/1.0" 200 9765 "-" "Mozilla/5.0 (compatible; Ask Jeeves/Teoma; +http://about.ask.com/en/docs/about/webmasters.shtml)"
65.214.45.216 - - [13/Nov/2008:15:09:27 +0100] "GET /frame-unten.html HTTP/1.0" 200 5308 "-" "Mozilla/5.0 (compatible; Ask Jeeves/Teoma; +http://about.ask.com/en/docs/about/webmasters.shtml)"
74.6.17.181 - - [13/Nov/2008:15:19:56 +0100] "GET /frame-menu.html HTTP/1.0" 200 10536 "-" "Mozilla/5.0 (compatible; Yahoo! Slurp; http://help.yahoo.com/help/us/ysearch/slurp)"
66.235.124.55 - - [13/Nov/2008:15:28:01 +0100] "GET /robots.txt HTTP/1.0" 200 64 "-" "Mozilla/5.0 (compatible; Ask Jeeves/Teoma; +http://about.ask.com/en/docs/about/webmasters.shtml)"
66.235.124.55 - - [13/Nov/2008:15:28:01 +0100] "GET /framez-rez.html HTTP/1.0" 200 4323 "-" "Mozilla/5.0 (compatible; Ask Jeeves/Teoma; +http://about.ask.com/en/docs/about/webmasters.shtml)"
66.235.124.55 - - [13/Nov/2008:15:28:01 +0100] "GET /frame-menu.html HTTP/1.0" 200 10536 "-" "Mozilla/5.0 (compatible; Ask Jeeves/Teoma; +http://about.ask.com/en/docs/about/webmasters.shtml)"
66.235.124.55 - - [13/Nov/2008:15:28:02 +0100] "GET /f-rez.html HTTP/1.0" 200 9765 "-" "Mozilla/5.0 (compatible; Ask Jeeves/Teoma; +http://about.ask.com/en/docs/about/webmasters.shtml)"
66.235.124.55 - - [13/Nov/2008:15:28:02 +0100] "GET /frame-unten.html HTTP/1.0" 200 5308 "-" "Mozilla/5.0 (compatible; Ask Jeeves/Teoma; +http://about.ask.com/en/docs/about/webmasters.shtml)"
208.36.144.6 - - [13/Nov/2008:15:40:21 +0100] "GET /robots.txt HTTP/1.0" 302 363 "-" "Mozilla/5.0 (Twiceler-0.9 http://www.cuil.com/twiceler/robot.html)"
74.6.17.181 - - [13/Nov/2008:15:49:06 +0100] "GET /SlurpConfirm404/bcheats/presentation/p070199tc.htm HTTP/1.0" 404 2748 "-" "Mozilla/5.0 (compatible; Yahoo! Slurp/3.0; http://help.yahoo.com/help/us/ysearch/slurp)"
74.6.17.181 - - [13/Nov/2008:15:51:20 +0100] "GET /logs/usage_200712.html HTTP/1.0" 200 92577 "-" "Mozilla/5.0 (compatible; Yahoo! Slurp; http://help.yahoo.com/help/us/ysearch/slurp)"
79.14.162.106 - - [13/Nov/2008:16:32:06 +0100] "GET /zampa/montenegro/contributions.html HTTP/1.1" 200 18843 "http://www.google.it/search?hl=it&q=misko+bilbija&btnG=Cerca+con+Google&meta=" "Mozilla/4.0 (compatible; MSIE 7.0; Windows NT 5.1)"
79.14.162.106 - - [13/Nov/2008:16:32:06 +0100] "GET /favicon.ico HTTP/1.1" 404 2748 "-" "Mozilla/4.0 (compatible; MSIE 7.0; Windows NT 5.1)"
193.252.149.16 - - [13/Nov/2008:16:43:06 +0100] "GET /DgH/rampe/index.html HTTP/1.1" 200 2056 "-" "Mozilla/5.0 (Windows; U; Windows NT 5.1; fr; rv:1.8.1) VoilaBot BETA 1.2 (support.voilabot@orange-ftgroup.com)"
67.195.37.107 - - [13/Nov/2008:16:47:39 +0100] "GET /robots.txt HTTP/1.0" 200 64 "-" "Mozilla/5.0 (compatible; Yahoo! Slurp; http://help.yahoo.com/help/us/ysearch/slurp)"
67.195.37.107 - - [13/Nov/2008:16:47:40 +0100] "GET /neon/girlz3.html HTTP/1.0" 200 2479 "-" "Mozilla/5.0 (compatible; Yahoo! Slurp/3.0; http://help.yahoo.com/help/us/ysearch/slurp)"
66.231.189.124 - - [13/Nov/2008:16:48:47 +0100] "GET /logs/ HTTP/1.0" 200 10079 "-" "Gigabot/3.0 (http://www.gigablast.com/spider.html)"
66.231.189.124 - - [13/Nov/2008:16:48:54 +0100] "GET /logs/usage_200711.html HTTP/1.0" 200 109628 "-" "Gigabot/3.0 (http://www.gigablast.com/spider.html)"
66.249.71.218 - - [13/Nov/2008:17:01:04 +0100] "GET /zampa-lovers/ HTTP/1.1" 200 37790 "-" "Mozilla/5.0 (compatible; Googlebot/2.1; +http://www.google.com/bot.html)"
66.231.189.124 - - [13/Nov/2008:17:02:34 +0100] "GET /f-world.html HTTP/1.0" 200 35590 "-" "Gigabot/3.0 (http://www.gigablast.com/spider.html)"
66.231.189.124 - - [13/Nov/2008:17:15:43 +0100] "GET /logs/usage_200706.html HTTP/1.0" 200 107008 "-" "Gigabot/3.0 (http://www.gigablast.com/spider.html)"
85.140.129.218 - - [13/Nov/2008:17:17:19 +0100] "GET / HTTP/1.1" 200 7869 "http://nigma.ru/index.php?s=Various+-+Mix+Tour&gl=1&yh=1&ms=1&yn=1&rm=1&av=1&ap=1&nm=1&k=0DSo&startpos=40" "Mozilla/4.0 (compatible; MSIE 6.0; Windows NT 5.1; SV1; MRA 5.0 (build 02094); MRSPUTNIK 2, 0, 0, 20 SW)"
85.140.129.218 - - [13/Nov/2008:17:17:20 +0100] "GET /style/various-euro.css HTTP/1.1" 200 3437 "http://www.various-euro.com/" "Mozilla/4.0 (compatible; MSIE 6.0; Windows NT 5.1; SV1; MRA 5.0 (build 02094); MRSPUTNIK 2, 0, 0, 20 SW)"
85.140.129.218 - - [13/Nov/2008:17:17:20 +0100] "GET /framez_0.html HTTP/1.1" 200 12444 "-" "Mozilla/4.0 (compatible; MSIE 6.0; Windows NT 5.1; SV1; MRA 5.0 (build 02094); MRSPUTNIK 2, 0, 0, 20 SW)"
85.140.129.218 - - [13/Nov/2008:17:17:27 +0100] "GET /framez.html HTTP/1.1" 200 3959 "-" "Mozilla/4.0 (compatible; MSIE 6.0; Windows NT 5.1; SV1; MRA 5.0 (build 02094); MRSPUTNIK 2, 0, 0, 20 SW)"
85.140.129.218 - - [13/Nov/2008:17:17:29 +0100] "GET /frame-menu.html HTTP/1.1" 200 10536 "http://www.various-euro.com/framez.html" "Mozilla/4.0 (compatible; MSIE 6.0; Windows NT 5.1; SV1; MRA 5.0 (build 02094); MRSPUTNIK 2, 0, 0, 20 SW)"
85.140.129.218 - - [13/Nov/2008:17:17:29 +0100] "GET /frame-unten.html HTTP/1.1" 200 5308 "http://www.various-euro.com/framez.html" "Mozilla/4.0 (compatible; MSIE 6.0; Windows NT 5.1; SV1; MRA 5.0 (build 02094); MRSPUTNIK 2, 0, 0, 20 SW)"
85.140.129.218 - - [13/Nov/2008:17:17:30 +0100] "GET /bannerz/ve.jpg HTTP/1.1" 200 36912 "http://www.various-euro.com/frame-unten.html" "Mozilla/4.0 (compatible; MSIE 6.0; Windows NT 5.1; SV1; MRA 5.0 (build 02094); MRSPUTNIK 2, 0, 0, 20 SW)"
85.140.129.218 - - [13/Nov/2008:17:17:30 +0100] "GET /bannerz/various-euro-girl.jpg HTTP/1.1" 200 91514 "http://www.various-euro.com/frame-unten.html" "Mozilla/4.0 (compatible; MSIE 6.0; Windows NT 5.1; SV1; MRA 5.0 (build 02094); MRSPUTNIK 2, 0, 0, 20 SW)"
85.140.129.218 - - [13/Nov/2008:17:17:31 +0100] "GET /frame-inhalt.html HTTP/1.1" 200 5418 "http://www.various-euro.com/framez.html" "Mozilla/4.0 (compatible; MSIE 6.0; Windows NT 5.1; SV1; MRA 5.0 (build 02094); MRSPUTNIK 2, 0, 0, 20 SW)"
85.140.129.218 - - [13/Nov/2008:17:17:31 +0100] "GET /bannerz/goolag_468.jpg HTTP/1.1" 200 28285 "http://www.various-euro.com/frame-inhalt.html" "Mozilla/4.0 (compatible; MSIE 6.0; Windows NT 5.1; SV1; MRA 5.0 (build 02094); MRSPUTNIK 2, 0, 0, 20 SW)"
85.140.129.218 - - [13/Nov/2008:17:17:31 +0100] "GET /bannerz/neon_click_3.gif HTTP/1.1" 200 240 "http://www.various-euro.com/frame-inhalt.html" "Mozilla/4.0 (compatible; MSIE 6.0; Windows NT 5.1; SV1; MRA 5.0 (build 02094); MRSPUTNIK 2, 0, 0, 20 SW)"
85.140.129.218 - - [13/Nov/2008:17:17:31 +0100] "GET /eurosign3.gif HTTP/1.1" 200 7879 "http://www.various-euro.com/frame-inhalt.html" "Mozilla/4.0 (compatible; MSIE 6.0; Windows NT 5.1; SV1; MRA 5.0 (build 02094); MRSPUTNIK 2, 0, 0, 20 SW)"
85.140.129.218 - - [13/Nov/2008:17:17:32 +0100] "GET /bannerz/neon_click_1.gif HTTP/1.1" 200 890 "http://www.various-euro.com/frame-inhalt.html" "Mozilla/4.0 (compatible; MSIE 6.0; Windows NT 5.1; SV1; MRA 5.0 (build 02094); MRSPUTNIK 2, 0, 0, 20 SW)"
85.140.129.218 - - [13/Nov/2008:17:17:32 +0100] "GET /bannerz/wet.gif HTTP/1.1" 200 18561 "http://www.various-euro.com/frame-inhalt.html" "Mozilla/4.0 (compatible; MSIE 6.0; Windows NT 5.1; SV1; MRA 5.0 (build 02094); MRSPUTNIK 2, 0, 0, 20 SW)"
85.140.129.218 - - [13/Nov/2008:17:17:32 +0100] "GET /bannerz/google/Logo_40blk.gif HTTP/1.1" 200 2308 "http://www.various-euro.com/frame-inhalt.html" "Mozilla/4.0 (compatible; MSIE 6.0; Windows NT 5.1; SV1; MRA 5.0 (build 02094); MRSPUTNIK 2, 0, 0, 20 SW)"
85.140.129.218 - - [13/Nov/2008:17:17:32 +0100] "GET /bannerz/neon_click_2.gif HTTP/1.1" 200 387 "http://www.various-euro.com/frame-inhalt.html" "Mozilla/4.0 (compatible; MSIE 6.0; Windows NT 5.1; SV1; MRA 5.0 (build 02094); MRSPUTNIK 2, 0, 0, 20 SW)"
85.140.129.218 - - [13/Nov/2008:17:17:32 +0100] "GET /bannerz/douwil.gif HTTP/1.1" 200 528 "http://www.various-euro.com/frame-inhalt.html" "Mozilla/4.0 (compatible; MSIE 6.0; Windows NT 5.1; SV1; MRA 5.0 (build 02094); MRSPUTNIK 2, 0, 0, 20 SW)"
85.140.129.218 - - [13/Nov/2008:17:17:32 +0100] "GET /bannerz/copyleft_black_small.gif HTTP/1.1" 200 1231 "http://www.various-euro.com/frame-inhalt.html" "Mozilla/4.0 (compatible; MSIE 6.0; Windows NT 5.1; SV1; MRA 5.0 (build 02094); MRSPUTNIK 2, 0, 0, 20 SW)"
85.140.129.218 - - [13/Nov/2008:17:17:32 +0100] "GET /bannerz/anti_black_small.gif HTTP/1.1" 200 1009 "http://www.various-euro.com/frame-inhalt.html" "Mozilla/4.0 (compatible; MSIE 6.0; Windows NT 5.1; SV1; MRA 5.0 (build 02094); MRSPUTNIK 2, 0, 0, 20 SW)"
85.140.129.218 - - [13/Nov/2008:17:18:09 +0100] "GET /f-euro.html HTTP/1.1" 200 12203 "http://www.various-euro.com/frame-menu.html" "Mozilla/4.0 (compatible; MSIE 6.0; Windows NT 5.1; SV1; MRA 5.0 (build 02094); MRSPUTNIK 2, 0, 0, 20 SW)"
85.140.129.218 - - [13/Nov/2008:17:18:09 +0100] "GET /WLlabel.gif HTTP/1.1" 200 1834 "http://www.various-euro.com/f-euro.html" "Mozilla/4.0 (compatible; MSIE 6.0; Windows NT 5.1; SV1; MRA 5.0 (build 02094); MRSPUTNIK 2, 0, 0, 20 SW)"
85.140.129.218 - - [13/Nov/2008:17:18:09 +0100] "GET /etxtreme_breakfast.gif HTTP/1.1" 200 14204 "http://www.various-euro.com/f-euro.html" "Mozilla/4.0 (compatible; MSIE 6.0; Windows NT 5.1; SV1; MRA 5.0 (build 02094); MRSPUTNIK 2, 0, 0, 20 SW)"
85.140.129.218 - - [13/Nov/2008:17:18:09 +0100] "GET /naziline468_60.gif HTTP/1.1" 200 16867 "http://www.various-euro.com/f-euro.html" "Mozilla/4.0 (compatible; MSIE 6.0; Windows NT 5.1; SV1; MRA 5.0 (build 02094); MRSPUTNIK 2, 0, 0, 20 SW)"
85.140.129.218 - - [13/Nov/2008:17:18:10 +0100] "GET /DgH001.jpg HTTP/1.1" 200 6960 "http://www.various-euro.com/f-euro.html" "Mozilla/4.0 (compatible; MSIE 6.0; Windows NT 5.1; SV1; MRA 5.0 (build 02094); MRSPUTNIK 2, 0, 0, 20 SW)"
85.140.129.218 - - [13/Nov/2008:17:18:10 +0100] "GET /Rampe-DgH.jpg HTTP/1.1" 200 12044 "http://www.various-euro.com/f-euro.html" "Mozilla/4.0 (compatible; MSIE 6.0; Windows NT 5.1; SV1; MRA 5.0 (build 02094); MRSPUTNIK 2, 0, 0, 20 SW)"
85.140.129.218 - - [13/Nov/2008:17:18:10 +0100] "GET /Bull-DgH01.jpg HTTP/1.1" 200 9010 "http://www.various-euro.com/f-euro.html" "Mozilla/4.0 (compatible; MSIE 6.0; Windows NT 5.1; SV1; MRA 5.0 (build 02094); MRSPUTNIK 2, 0, 0, 20 SW)"
85.140.129.218 - - [13/Nov/2008:17:18:10 +0100] "GET /bannerz/whosafraid-banner.gif HTTP/1.1" 200 3866 "http://www.various-euro.com/f-euro.html" "Mozilla/4.0 (compatible; MSIE 6.0; Windows NT 5.1; SV1; MRA 5.0 (build 02094); MRSPUTNIK 2, 0, 0, 20 SW)"
85.140.129.218 - - [13/Nov/2008:17:18:11 +0100] "GET /bannerz/ugs-b.gif HTTP/1.1" 200 3128 "http://www.various-euro.com/f-euro.html" "Mozilla/4.0 (compatible; MSIE 6.0; Windows NT 5.1; SV1; MRA 5.0 (build 02094); MRSPUTNIK 2, 0, 0, 20 SW)"
85.140.129.218 - - [13/Nov/2008:17:18:11 +0100] "GET /bannerz/raf-logo02_tn.gif HTTP/1.1" 200 11804 "http://www.various-euro.com/f-euro.html" "Mozilla/4.0 (compatible; MSIE 6.0; Windows NT 5.1; SV1; MRA 5.0 (build 02094); MRSPUTNIK 2, 0, 0, 20 SW)"
85.140.129.218 - - [13/Nov/2008:17:18:12 +0100] "GET /Watch-DgH.jpg HTTP/1.1" 200 12152 "http://www.various-euro.com/f-euro.html" "Mozilla/4.0 (compatible; MSIE 6.0; Windows NT 5.1; SV1; MRA 5.0 (build 02094); MRSPUTNIK 2, 0, 0, 20 SW)"
193.252.149.15 - - [13/Nov/2008:17:52:02 +0100] "GET /neon/slow-walk.html HTTP/1.1" 200 1640 "-" "Mozilla/5.0 (Windows; U; Windows NT 5.1; fr; rv:1.8.1) VoilaBot BETA 1.2 (support.voilabot@orange-ftgroup.com)"
38.113.234.180 - - [13/Nov/2008:17:55:24 +0100] "GET /robots.txt HTTP/1.1" 200 64 "-" "voyager/2.0 (http://www.kosmix.com/html/crawler.html)"
67.195.37.107 - - [13/Nov/2008:17:55:36 +0100] "GET /neon/girlz3.html HTTP/1.0" 200 2479 "-" "Mozilla/5.0 (compatible; Yahoo! Slurp/3.0; http://help.yahoo.com/help/us/ysearch/slurp)"
67.195.37.107 - - [13/Nov/2008:17:58:10 +0100] "GET /neon/girlz2.html HTTP/1.0" 200 2937 "-" "Mozilla/5.0 (compatible; Yahoo! Slurp/3.0; http://help.yahoo.com/help/us/ysearch/slurp)"
66.231.189.124 - - [13/Nov/2008:18:04:48 +0100] "GET /logs/usage_200705.html HTTP/1.0" 200 109447 "-" "Gigabot/3.0 (http://www.gigablast.com/spider.html)"
79.14.119.177 - - [13/Nov/2008:18:06:13 +0100] "GET /framez-zampa-lovers.html HTTP/1.1" 200 4322 "http://www.google.it/search?sourceid=navclient&hl=it&ie=UTF-8&rlz=1T4PBEA_itIT280IT280&q=nasi+ljudi+u+italiji" "Mozilla/4.0 (compatible; MSIE 7.0; Windows NT 6.0; Mozilla/4.0 (compatible; MSIE 6.0; Windows NT 5.1; SV1) ; SLCC1; .NET CLR 2.0.50727; .NET CLR 3.0.04506; .NET CLR 1.1.4322)"
79.14.119.177 - - [13/Nov/2008:18:06:14 +0100] "GET /frame-menu.html HTTP/1.1" 200 10536 "http://www.various-euro.com/framez-zampa-lovers.html" "Mozilla/4.0 (compatible; MSIE 7.0; Windows NT 6.0; Mozilla/4.0 (compatible; MSIE 6.0; Windows NT 5.1; SV1) ; SLCC1; .NET CLR 2.0.50727; .NET CLR 3.0.04506; .NET CLR 1.1.4322)"
79.14.119.177 - - [13/Nov/2008:18:06:14 +0100] "GET /frame-unten.html HTTP/1.1" 200 5308 "http://www.various-euro.com/framez-zampa-lovers.html" "Mozilla/4.0 (compatible; MSIE 7.0; Windows NT 6.0; Mozilla/4.0 (compatible; MSIE 6.0; Windows NT 5.1; SV1) ; SLCC1; .NET CLR 2.0.50727; .NET CLR 3.0.04506; .NET CLR 1.1.4322)"
79.14.119.177 - - [13/Nov/2008:18:06:14 +0100] "GET /style/various-euro.css HTTP/1.1" 200 3437 "http://www.various-euro.com/frame-menu.html" "Mozilla/4.0 (compatible; MSIE 7.0; Windows NT 6.0; Mozilla/4.0 (compatible; MSIE 6.0; Windows NT 5.1; SV1) ; SLCC1; .NET CLR 2.0.50727; .NET CLR 3.0.04506; .NET CLR 1.1.4322)"
79.14.119.177 - - [13/Nov/2008:18:06:15 +0100] "GET /bannerz/ve.jpg HTTP/1.1" 200 36912 "http://www.various-euro.com/frame-unten.html" "Mozilla/4.0 (compatible; MSIE 7.0; Windows NT 6.0; Mozilla/4.0 (compatible; MSIE 6.0; Windows NT 5.1; SV1) ; SLCC1; .NET CLR 2.0.50727; .NET CLR 3.0.04506; .NET CLR 1.1.4322)"
79.14.119.177 - - [13/Nov/2008:18:06:14 +0100] "GET /zampa-lovers/index.html HTTP/1.1" 200 37790 "http://www.various-euro.com/framez-zampa-lovers.html" "Mozilla/4.0 (compatible; MSIE 7.0; Windows NT 6.0; Mozilla/4.0 (compatible; MSIE 6.0; Windows NT 5.1; SV1) ; SLCC1; .NET CLR 2.0.50727; .NET CLR 3.0.04506; .NET CLR 1.1.4322)"
79.14.119.177 - - [13/Nov/2008:18:06:16 +0100] "GET /bannerz/various-euro-girl.jpg HTTP/1.1" 200 91514 "http://www.various-euro.com/frame-unten.html" "Mozilla/4.0 (compatible; MSIE 7.0; Windows NT 6.0; Mozilla/4.0 (compatible; MSIE 6.0; Windows NT 5.1; SV1) ; SLCC1; .NET CLR 2.0.50727; .NET CLR 3.0.04506; .NET CLR 1.1.4322)"
79.14.119.177 - - [13/Nov/2008:18:06:17 +0100] "GET /zampa-lovers/kralle.gif HTTP/1.1" 404 2748 "http://www.various-euro.com/zampa-lovers/index.html" "Mozilla/4.0 (compatible; MSIE 7.0; Windows NT 6.0; Mozilla/4.0 (compatible; MSIE 6.0; Windows NT 5.1; SV1) ; SLCC1; .NET CLR 2.0.50727; .NET CLR 3.0.04506; .NET CLR 1.1.4322)"
79.14.119.177 - - [13/Nov/2008:18:06:17 +0100] "GET /zampa-lovers/DRAGAN_Z.JPG HTTP/1.1" 200 6850 "http://www.various-euro.com/zampa-lovers/index.html" "Mozilla/4.0 (compatible; MSIE 7.0; Windows NT 6.0; Mozilla/4.0 (compatible; MSIE 6.0; Windows NT 5.1; SV1) ; SLCC1; .NET CLR 2.0.50727; .NET CLR 3.0.04506; .NET CLR 1.1.4322)"
79.14.119.177 - - [13/Nov/2008:18:06:19 +0100] "GET /zampa-lovers/MILIZA_2.JPG HTTP/1.1" 200 22172 "http://www.various-euro.com/zampa-lovers/index.html" "Mozilla/4.0 (compatible; MSIE 7.0; Windows NT 6.0; Mozilla/4.0 (compatible; MSIE 6.0; Windows NT 5.1; SV1) ; SLCC1; .NET CLR 2.0.50727; .NET CLR 3.0.04506; .NET CLR 1.1.4322)"
79.14.119.177 - - [13/Nov/2008:18:06:20 +0100] "GET /zampa-lovers/MILIZA_3.JPG HTTP/1.1" 200 26924 "http://www.various-euro.com/zampa-lovers/index.html" "Mozilla/4.0 (compatible; MSIE 7.0; Windows NT 6.0; Mozilla/4.0 (compatible; MSIE 6.0; Windows NT 5.1; SV1) ; SLCC1; .NET CLR 2.0.50727; .NET CLR 3.0.04506; .NET CLR 1.1.4322)"
79.14.119.177 - - [13/Nov/2008:18:06:21 +0100] "GET /zampa-lovers/MILIZA_B.JPG HTTP/1.1" 200 10947 "http://www.various-euro.com/zampa-lovers/index.html" "Mozilla/4.0 (compatible; MSIE 7.0; Windows NT 6.0; Mozilla/4.0 (compatible; MSIE 6.0; Windows NT 5.1; SV1) ; SLCC1; .NET CLR 2.0.50727; .NET CLR 3.0.04506; .NET CLR 1.1.4322)"
79.14.119.177 - - [13/Nov/2008:18:06:22 +0100] "GET /zampa-lovers/MILIZA_4.JPG HTTP/1.1" 200 9946 "http://www.various-euro.com/zampa-lovers/index.html" "Mozilla/4.0 (compatible; MSIE 7.0; Windows NT 6.0; Mozilla/4.0 (compatible; MSIE 6.0; Windows NT 5.1; SV1) ; SLCC1; .NET CLR 2.0.50727; .NET CLR 3.0.04506; .NET CLR 1.1.4322)"
79.14.119.177 - - [13/Nov/2008:18:06:17 +0100] "GET /zampa-lovers/zampa.gif HTTP/1.1" 200 460627 "http://www.various-euro.com/zampa-lovers/index.html" "Mozilla/4.0 (compatible; MSIE 7.0; Windows NT 6.0; Mozilla/4.0 (compatible; MSIE 6.0; Windows NT 5.1; SV1) ; SLCC1; .NET CLR 2.0.50727; .NET CLR 3.0.04506; .NET CLR 1.1.4322)"
79.14.119.177 - - [13/Nov/2008:18:06:24 +0100] "GET /zampa-lovers/1SEITEVE.GIF HTTP/1.1" 200 78726 "http://www.various-euro.com/zampa-lovers/index.html" "Mozilla/4.0 (compatible; MSIE 7.0; Windows NT 6.0; Mozilla/4.0 (compatible; MSIE 6.0; Windows NT 5.1; SV1) ; SLCC1; .NET CLR 2.0.50727; .NET CLR 3.0.04506; .NET CLR 1.1.4322)"
79.14.119.177 - - [13/Nov/2008:18:06:24 +0100] "GET /zampa-lovers/DRAGANZA.JPG HTTP/1.1" 200 18560 "http://www.various-euro.com/zampa-lovers/index.html" "Mozilla/4.0 (compatible; MSIE 7.0; Windows NT 6.0; Mozilla/4.0 (compatible; MSIE 6.0; Windows NT 5.1; SV1) ; SLCC1; .NET CLR 2.0.50727; .NET CLR 3.0.04506; .NET CLR 1.1.4322)"
79.14.119.177 - - [13/Nov/2008:18:06:25 +0100] "GET /zampa-lovers/Kralle.gif HTTP/1.1" 200 260 "http://www.various-euro.com/zampa-lovers/index.html" "Mozilla/4.0 (compatible; MSIE 7.0; Windows NT 6.0; Mozilla/4.0 (compatible; MSIE 6.0; Windows NT 5.1; SV1) ; SLCC1; .NET CLR 2.0.50727; .NET CLR 3.0.04506; .NET CLR 1.1.4322)"
79.14.119.177 - - [13/Nov/2008:18:06:26 +0100] "GET /zampa-lovers/zampa-2X2.gif HTTP/1.1" 200 6948 "http://www.various-euro.com/zampa-lovers/index.html" "Mozilla/4.0 (compatible; MSIE 7.0; Windows NT 6.0; Mozilla/4.0 (compatible; MSIE 6.0; Windows NT 5.1; SV1) ; SLCC1; .NET CLR 2.0.50727; .NET CLR 3.0.04506; .NET CLR 1.1.4322)"
79.14.119.177 - - [13/Nov/2008:18:06:26 +0100] "GET /zampa-lovers/zampamali.gif HTTP/1.1" 200 2617 "http://www.various-euro.com/zampa-lovers/index.html" "Mozilla/4.0 (compatible; MSIE 7.0; Windows NT 6.0; Mozilla/4.0 (compatible; MSIE 6.0; Windows NT 5.1; SV1) ; SLCC1; .NET CLR 2.0.50727; .NET CLR 3.0.04506; .NET CLR 1.1.4322)"
79.14.119.177 - - [13/Nov/2008:18:06:25 +0100] "GET /zampa-lovers/2SEITEVE.GIF HTTP/1.1" 200 83466 "http://www.various-euro.com/zampa-lovers/index.html" "Mozilla/4.0 (compatible; MSIE 7.0; Windows NT 6.0; Mozilla/4.0 (compatible; MSIE 6.0; Windows NT 5.1; SV1) ; SLCC1; .NET CLR 2.0.50727; .NET CLR 3.0.04506; .NET CLR 1.1.4322)"
79.14.119.177 - - [13/Nov/2008:18:06:27 +0100] "GET /ve-icon-2.ico HTTP/1.1" 200 2238 "-" "Mozilla/4.0 (compatible; MSIE 7.0; Windows NT 6.0; Mozilla/4.0 (compatible; MSIE 6.0; Windows NT 5.1; SV1) ; SLCC1; .NET CLR 2.0.50727; .NET CLR 3.0.04506; .NET CLR 1.1.4322)"
79.14.119.177 - - [13/Nov/2008:18:06:28 +0100] "GET /favicon.ico HTTP/1.1" 404 2748 "-" "Mozilla/5.0 (compatible; Google Desktop)"
74.6.18.230 - - [13/Nov/2008:18:14:24 +0100] "GET /robots.txt HTTP/1.0" 200 64 "-" "Mozilla/5.0 (compatible; Yahoo! Slurp; http://help.yahoo.com/help/us/ysearch/slurp)"
74.6.18.230 - - [13/Nov/2008:18:14:25 +0100] "GET /bmpp/18_x.html HTTP/1.0" 200 1100 "-" "Mozilla/5.0 (compatible; Yahoo! Slurp; http://help.yahoo.com/help/us/ysearch/slurp)"
66.235.124.61 - - [13/Nov/2008:18:22:59 +0100] "GET /robots.txt HTTP/1.0" 200 64 "-" "Mozilla/5.0 (compatible; Ask Jeeves/Teoma; +http://about.ask.com/en/docs/about/webmasters.shtml)"
66.235.124.61 - - [13/Nov/2008:18:23:00 +0100] "GET /framez-girlz.html HTTP/1.0" 200 4271 "-" "Mozilla/5.0 (compatible; Ask Jeeves/Teoma; +http://about.ask.com/en/docs/about/webmasters.shtml)"
66.235.124.61 - - [13/Nov/2008:18:23:00 +0100] "GET /frame-menu.html HTTP/1.0" 200 10536 "-" "Mozilla/5.0 (compatible; Ask Jeeves/Teoma; +http://about.ask.com/en/docs/about/webmasters.shtml)"
66.235.124.61 - - [13/Nov/2008:18:23:00 +0100] "GET /neon/girlz2.html HTTP/1.0" 200 2937 "-" "Mozilla/5.0 (compatible; Ask Jeeves/Teoma; +http://about.ask.com/en/docs/about/webmasters.shtml)"
66.235.124.61 - - [13/Nov/2008:18:23:00 +0100] "GET /frame-unten.html HTTP/1.0" 200 5308 "-" "Mozilla/5.0 (compatible; Ask Jeeves/Teoma; +http://about.ask.com/en/docs/about/webmasters.shtml)"
66.231.189.124 - - [13/Nov/2008:18:23:43 +0100] "GET /logs/usage_200710.html HTTP/1.0" 200 110952 "-" "Gigabot/3.0 (http://www.gigablast.com/spider.html)"
