89.216.132.170 - - [17/Nov/2008:11:08:34 +0100] "GET /frame-menu.html HTTP/1.1" 200 10536 "-" "Mozilla/4.0 (compatible; MSIE 6.0; Windows NT 5.1;1813)"
89.216.132.170 - - [17/Nov/2008:11:08:41 +0100] "GET /f-rez.html HTTP/1.1" 200 9765 "-" "Mozilla/4.0 (compatible; MSIE 6.0; Windows NT 5.1;1813)"
89.216.132.170 - - [17/Nov/2008:11:08:42 +0100] "GET /frame-unten.html HTTP/1.1" 200 5308 "-" "Mozilla/4.0 (compatible; MSIE 6.0; Windows NT 5.1;1813)"
89.216.132.170 - - [17/Nov/2008:11:08:42 +0100] "GET /f-world.html HTTP/1.1" 200 35590 "-" "Mozilla/4.0 (compatible; MSIE 6.0; Windows NT 5.1;1813)"
89.216.132.170 - - [17/Nov/2008:11:08:47 +0100] "GET /frame-unten.html HTTP/1.1" 200 5308 "-" "Mozilla/4.0 (compatible; MSIE 6.0; Windows NT 5.1;1813)"
66.249.71.219 - - [17/Nov/2008:12:05:25 +0100] "GET /logs/usage_200811.html HTTP/1.1" 404 2748 "-" "Mozilla/5.0 (compatible; Googlebot/2.1; +http://www.google.com/bot.html)"
67.195.37.107 - - [17/Nov/2008:12:11:31 +0100] "GET /framez-girlz.html HTTP/1.0" 200 4271 "-" "Mozilla/5.0 (compatible; Yahoo! Slurp/3.0; http://help.yahoo.com/help/us/ysearch/slurp)"
67.195.37.107 - - [17/Nov/2008:12:11:31 +0100] "GET /frame-menu.html HTTP/1.0" 200 10536 "http://www.various-euro.com/framez-girlz.html" "Mozilla/5.0 (compatible; Yahoo! Slurp/3.0; http://help.yahoo.com/help/us/ysearch/slurp)"
67.195.37.107 - - [17/Nov/2008:12:11:31 +0100] "GET /frame-unten.html HTTP/1.0" 200 5308 "http://www.various-euro.com/framez-girlz.html" "Mozilla/5.0 (compatible; Yahoo! Slurp/3.0; http://help.yahoo.com/help/us/ysearch/slurp)"
67.195.37.107 - - [17/Nov/2008:12:11:31 +0100] "GET /neon/girlz2.html HTTP/1.0" 200 2937 "http://www.various-euro.com/framez-girlz.html" "Mozilla/5.0 (compatible; Yahoo! Slurp/3.0; http://help.yahoo.com/help/us/ysearch/slurp)"
67.195.37.107 - - [17/Nov/2008:12:11:32 +0100] "GET /style/various-euro.css HTTP/1.0" 304 - "http://www.various-euro.com/frame-menu.html" "Mozilla/5.0 (compatible; Yahoo! Slurp/3.0; http://help.yahoo.com/help/us/ysearch/slurp)"
72.30.142.165 - - [17/Nov/2008:12:12:13 +0100] "GET /partnergegenberlin.html HTTP/1.0" 200 5022 "-" "Mozilla/5.0 (compatible; Yahoo! Slurp; http://help.yahoo.com/help/us/ysearch/slurp)"
72.30.142.165 - - [17/Nov/2008:12:16:10 +0100] "GET / HTTP/1.0" 200 7869 "-" "Mozilla/5.0 (compatible; Yahoo! Slurp; http://help.yahoo.com/help/us/ysearch/slurp)"
64.1.215.165 - - [17/Nov/2008:12:32:37 +0100] "GET /3dsf3/sendi/sendisendi.html HTTP/1.0" 200 5118 "-" "Mozilla/5.0 (Twiceler-0.9 http://www.cuil.com/twiceler/robot.html)"
67.195.37.107 - - [17/Nov/2008:12:36:15 +0100] "GET /neon/code.html HTTP/1.0" 200 1109 "-" "Mozilla/5.0 (compatible; Yahoo! Slurp/3.0; http://help.yahoo.com/help/us/ysearch/slurp)"
72.30.142.165 - - [17/Nov/2008:12:47:10 +0100] "GET /restate_copy.html HTTP/1.0" 200 97631 "-" "Mozilla/5.0 (compatible; Yahoo! Slurp; http://help.yahoo.com/help/us/ysearch/slurp)"
67.195.37.163 - - [17/Nov/2008:13:51:32 +0100] "GET /robots.txt HTTP/1.0" 200 64 "-" "Mozilla/5.0 (compatible; Yahoo! Slurp; http://help.yahoo.com/help/us/ysearch/slurp)"
67.195.37.163 - - [17/Nov/2008:13:51:32 +0100] "GET /framez.html HTTP/1.0" 200 3959 "-" "Mozilla/5.0 (compatible; Yahoo! Slurp/3.0; http://help.yahoo.com/help/us/ysearch/slurp)"
67.195.37.163 - - [17/Nov/2008:13:51:33 +0100] "GET /style/various-euro.css HTTP/1.0" 200 3437 "http://various-euro.com/framez.html" "Mozilla/5.0 (compatible; Yahoo! Slurp/3.0; http://help.yahoo.com/help/us/ysearch/slurp)"
67.195.37.163 - - [17/Nov/2008:13:51:34 +0100] "GET /frame-inhalt.html HTTP/1.0" 200 5418 "http://various-euro.com/framez.html" "Mozilla/5.0 (compatible; Yahoo! Slurp/3.0; http://help.yahoo.com/help/us/ysearch/slurp)"
67.195.37.163 - - [17/Nov/2008:13:51:34 +0100] "GET /frame-menu.html HTTP/1.0" 200 10536 "http://various-euro.com/framez.html" "Mozilla/5.0 (compatible; Yahoo! Slurp/3.0; http://help.yahoo.com/help/us/ysearch/slurp)"
67.195.37.163 - - [17/Nov/2008:13:51:34 +0100] "GET /frame-unten.html HTTP/1.0" 200 5308 "http://various-euro.com/framez.html" "Mozilla/5.0 (compatible; Yahoo! Slurp/3.0; http://help.yahoo.com/help/us/ysearch/slurp)"
67.195.37.107 - - [17/Nov/2008:15:18:49 +0100] "GET /logs/usage_200712.html HTTP/1.0" 200 92577 "-" "Mozilla/5.0 (compatible; Yahoo! Slurp/3.0; http://help.yahoo.com/help/us/ysearch/slurp)"
72.30.142.165 - - [17/Nov/2008:15:39:35 +0100] "GET /neon/girlz2.html HTTP/1.0" 200 2937 "-" "Mozilla/5.0 (compatible; Yahoo! Slurp; http://help.yahoo.com/help/us/ysearch/slurp)"
72.30.142.165 - - [17/Nov/2008:16:09:41 +0100] "GET /robots.txt HTTP/1.0" 200 64 "-" "Mozilla/5.0 (compatible; Yahoo! Slurp; http://help.yahoo.com/help/us/ysearch/slurp)"
72.30.142.165 - - [17/Nov/2008:16:09:42 +0100] "GET /logs/usage_200703.html HTTP/1.0" 200 108444 "-" "Mozilla/5.0 (compatible; Yahoo! Slurp; http://help.yahoo.com/help/us/ysearch/slurp)"
193.252.149.16 - - [17/Nov/2008:16:19:41 +0100] "GET /DgH/ HTTP/1.1" 200 5024 "-" "Mozilla/5.0 (Windows; U; Windows NT 5.1; fr; rv:1.8.1) VoilaBot BETA 1.2 (support.voilabot@orange-ftgroup.com)"
206.206.63.87 - - [17/Nov/2008:16:26:01 +0100] "GET /restate_copy.html HTTP/1.1" 200 97631 "-" "Mozilla/5.0 (compatible; Konqueror/3.1; Linux; en)"
207.70.25.58 - - [17/Nov/2008:16:56:37 +0100] "GET / HTTP/1.0" 200 7869 "-" "Mozilla/5.0 (X11; U; Linux i686; en-US; rv:1.84b4) Gecko/20050908 Firefox/1.4"
208.36.144.6 - - [17/Nov/2008:17:02:19 +0100] "GET /robots.txt HTTP/1.0" 302 363 "-" "Mozilla/5.0 (Twiceler-0.9 http://www.cuil.com/twiceler/robot.html)"
72.30.65.36 - - [17/Nov/2008:17:20:34 +0100] "GET /robots.txt HTTP/1.0" 200 64 "-" "Mozilla/5.0 (compatible; Yahoo! Slurp; http://help.yahoo.com/help/us/ysearch/slurp)"
72.30.65.36 - - [17/Nov/2008:17:20:37 +0100] "GET /schubb/schubb-2.html HTTP/1.0" 200 16660 "-" "Mozilla/5.0 (compatible; Yahoo! Slurp; http://help.yahoo.com/help/us/ysearch/slurp)"
67.195.37.107 - - [17/Nov/2008:17:31:42 +0100] "GET /channel1.html HTTP/1.0" 404 2748 "-" "Mozilla/5.0 (compatible; Yahoo! Slurp/3.0; http://help.yahoo.com/help/us/ysearch/slurp)"
65.55.211.172 - - [17/Nov/2008:17:37:23 +0100] "GET /robots.txt HTTP/1.1" 200 64 "-" "msnbot/1.1 (+http://search.msn.com/msnbot.htm)"
65.55.211.172 - - [17/Nov/2008:17:37:24 +0100] "GET /neon/large.html HTTP/1.1" 200 1547 "-" "msnbot/1.1 (+http://search.msn.com/msnbot.htm)"
67.195.37.107 - - [17/Nov/2008:17:48:10 +0100] "GET /f-contact.html HTTP/1.0" 200 6804 "-" "Mozilla/5.0 (compatible; Yahoo! Slurp/3.0; http://help.yahoo.com/help/us/ysearch/slurp)"
165.160.2.20 - - [17/Nov/2008:17:52:34 +0100] "GET /restate_copy.html HTTP/1.1" 200 97631 "-" "Mozilla/5.0 (Windows; U; Windows NT 5.1; en-US; rv:1.8.1.6) Gecko/20070725 Firefox/2.0.0.6"
67.195.37.107 - - [17/Nov/2008:18:15:24 +0100] "GET /web.html HTTP/1.0" 404 2748 "-" "Mozilla/5.0 (compatible; Yahoo! Slurp; http://help.yahoo.com/help/us/ysearch/slurp)"
67.195.37.163 - - [17/Nov/2008:18:20:42 +0100] "GET /robots.txt HTTP/1.0" 200 64 "-" "Mozilla/5.0 (compatible; Yahoo! Slurp; http://help.yahoo.com/help/us/ysearch/slurp)"
67.195.37.163 - - [17/Nov/2008:18:20:43 +0100] "GET / HTTP/1.0" 200 7869 "-" "Mozilla/5.0 (compatible; Yahoo! Slurp; http://help.yahoo.com/help/us/ysearch/slurp)"
89.149.226.46 - - [17/Nov/2008:19:22:49 +0100] "GET /framez-schubb5.html HTTP/1.0" 200 4330 "-" "Mozilla/4.0 (compatible; MSIE 6.0; Windows NT 5.1; Crazy Browser 1.0.5)"
89.149.226.46 - - [17/Nov/2008:19:22:50 +0100] "GET /frame-menu.html HTTP/1.0" 200 10536 "-" "Mozilla/4.0 (compatible; MSIE 6.0; Windows NT 5.1; Crazy Browser 1.0.5)"
89.149.226.46 - - [17/Nov/2008:19:22:50 +0100] "GET /schubb/schubb-5.html HTTP/1.0" 200 72944 "-" "Mozilla/4.0 (compatible; MSIE 6.0; Windows NT 5.1; Crazy Browser 1.0.5)"
89.149.226.46 - - [17/Nov/2008:19:22:50 +0100] "GET /frame-unten.html HTTP/1.0" 200 5308 "-" "Mozilla/4.0 (compatible; MSIE 6.0; Windows NT 5.1; Crazy Browser 1.0.5)"
58.241.255.38 - - [17/Nov/2008:19:23:55 +0100] "HEAD /wp-admin/index.php HTTP/1.1" 404 - "-" "Mozilla/4.0 (k1b compatible; rss 6.0; Windows Sot 5.1 Security Kol)"
58.241.255.38 - - [17/Nov/2008:19:23:56 +0100] "GET / HTTP/1.1" 200 7869 "-" "Mozilla/4.0 (k1b compatible; rss 6.0; Windows Sot 5.1 Security Kol)"
67.195.37.107 - - [17/Nov/2008:19:25:36 +0100] "GET /neon/code.html HTTP/1.0" 200 1109 "-" "Mozilla/5.0 (compatible; Yahoo! Slurp; http://help.yahoo.com/help/us/ysearch/slurp)"
67.195.37.107 - - [17/Nov/2008:19:34:00 +0100] "GET /bmpp/18.html HTTP/1.0" 200 4467 "-" "Mozilla/5.0 (compatible; Yahoo! Slurp/3.0; http://help.yahoo.com/help/us/ysearch/slurp)"
67.195.37.107 - - [17/Nov/2008:19:35:36 +0100] "GET /bmpp/18_x.html HTTP/1.0" 200 1100 "-" "Mozilla/5.0 (compatible; Yahoo! Slurp/3.0; http://help.yahoo.com/help/us/ysearch/slurp)"
72.30.65.36 - - [17/Nov/2008:20:12:47 +0100] "GET /logs/usage_200710.html HTTP/1.0" 200 110952 "-" "Mozilla/5.0 (compatible; Yahoo! Slurp; http://help.yahoo.com/help/us/ysearch/slurp)"
81.52.143.16 - - [17/Nov/2008:20:35:56 +0100] "GET /schubb/schubb-2.html HTTP/1.1" 200 16660 "-" "Mozilla/5.0 (Windows; U; Windows NT 5.1; fr; rv:1.8.1) VoilaBot BETA 1.2 (support.voilabot@orange-ftgroup.com)"
193.252.149.15 - - [17/Nov/2008:20:47:44 +0100] "GET /neon/code.html HTTP/1.1" 200 1109 "-" "Mozilla/5.0 (Windows; U; Windows NT 5.1; fr; rv:1.8.1) VoilaBot BETA 1.2 (support.voilabot@orange-ftgroup.com)"
67.195.37.107 - - [17/Nov/2008:20:48:12 +0100] "GET /schubb/schubb-1.html HTTP/1.0" 200 9070 "-" "Mozilla/5.0 (compatible; Yahoo! Slurp/3.0; http://help.yahoo.com/help/us/ysearch/slurp)"
193.252.149.16 - - [17/Nov/2008:21:04:06 +0100] "GET /neon/channel.html HTTP/1.1" 200 1942 "-" "Mozilla/5.0 (Windows; U; Windows NT 5.1; fr; rv:1.8.1) VoilaBot BETA 1.2 (support.voilabot@orange-ftgroup.com)"
67.195.37.107 - - [17/Nov/2008:21:08:56 +0100] "GET /bmpp/18.html HTTP/1.0" 200 4467 "-" "Mozilla/5.0 (compatible; Yahoo! Slurp/3.0; http://help.yahoo.com/help/us/ysearch/slurp)"
72.30.65.36 - - [17/Nov/2008:21:15:56 +0100] "GET /logs/usage_200612.html HTTP/1.0" 200 109590 "-" "Mozilla/5.0 (compatible; Yahoo! Slurp; http://help.yahoo.com/help/us/ysearch/slurp)"
65.55.230.241 - - [17/Nov/2008:21:54:29 +0100] "GET /robots.txt HTTP/1.1" 200 64 "-" "msnbot-media/1.1 (+http://search.msn.com/msnbot.htm)"
65.55.230.241 - - [17/Nov/2008:21:54:29 +0100] "GET /euro.html HTTP/1.1" 404 2748 "-" "msnbot-media/1.1 (+http://search.msn.com/msnbot.htm)"
67.195.37.107 - - [17/Nov/2008:22:04:04 +0100] "GET /framez-rez.html HTTP/1.0" 200 4323 "-" "Mozilla/5.0 (compatible; Yahoo! Slurp; http://help.yahoo.com/help/us/ysearch/slurp)"
67.195.37.107 - - [17/Nov/2008:22:04:13 +0100] "GET /frame-menu.html HTTP/1.0" 200 10536 "-" "Mozilla/5.0 (compatible; Yahoo! Slurp; http://help.yahoo.com/help/us/ysearch/slurp)"
67.195.37.107 - - [17/Nov/2008:22:04:23 +0100] "GET /f-rez.html HTTP/1.0" 200 9765 "-" "Mozilla/5.0 (compatible; Yahoo! Slurp; http://help.yahoo.com/help/us/ysearch/slurp)"
67.195.37.107 - - [17/Nov/2008:22:04:33 +0100] "GET /frame-unten.html HTTP/1.0" 200 5308 "-" "Mozilla/5.0 (compatible; Yahoo! Slurp; http://help.yahoo.com/help/us/ysearch/slurp)"
72.30.65.36 - - [17/Nov/2008:22:16:46 +0100] "GET /bmpp/euro_pal_111.html HTTP/1.0" 200 2129 "-" "Mozilla/5.0 (compatible; Yahoo! Slurp; http://help.yahoo.com/help/us/ysearch/slurp)"
67.195.37.107 - - [17/Nov/2008:23:35:17 +0100] "GET /f-warez.html HTTP/1.0" 200 10953 "-" "Mozilla/5.0 (compatible; Yahoo! Slurp; http://help.yahoo.com/help/us/ysearch/slurp)"
88.77.252.140 - - [17/Nov/2008:23:37:07 +0100] "GET /cgi-bin/s.pl?e=1&subscribe=subscribe&l=../../../../../../../../etc/passwd%00 HTTP/1.1" 404 2748 "http://various-euro.com/cgi-bin/s.pl?e=1&subscribe=subscribe&l=../../../../../../../../etc/passwd%00" "Mozilla/4.0 (compatible; MSIE 6.0; Windows NT 5.1)"
208.80.194.46 - - [17/Nov/2008:23:44:07 +0100] "GET / HTTP/1.0" 200 7869 "-" "Mozilla/4.0 (compatible; MSIE 6.0; Windows NT 5.1; {8DC66970-1028-62B7-7A98-66941C151FF1}; ZangoToolbar 4.8.3)"
208.80.194.46 - - [17/Nov/2008:23:44:07 +0100] "GET / HTTP/1.0" 200 7869 "-" "Mozilla/4.0 (compatible; MSIE 7.0; Windows NT 6.0; Comcast Install 1.0; FunWebProducts; SLCC1; .NET CLR 2.0.50727; .NET CLR 3.0.04506)"
66.249.71.218 - - [18/Nov/2008:00:14:47 +0100] "GET /framez.html HTTP/1.1" 200 3959 "-" "Mozilla/5.0 (compatible; Googlebot/2.1; +http://www.google.com/bot.html)"
72.30.65.36 - - [18/Nov/2008:00:25:26 +0100] "GET /robots.txt HTTP/1.0" 200 64 "-" "Mozilla/5.0 (compatible; Yahoo! Slurp; http://help.yahoo.com/help/us/ysearch/slurp)"
72.30.65.36 - - [18/Nov/2008:00:25:29 +0100] "GET /framez-rez.html HTTP/1.0" 200 4323 "-" "Mozilla/5.0 (compatible; Yahoo! Slurp; http://help.yahoo.com/help/us/ysearch/slurp)"
72.30.65.36 - - [18/Nov/2008:00:25:31 +0100] "GET /frame-menu.html HTTP/1.0" 200 10536 "-" "Mozilla/5.0 (compatible; Yahoo! Slurp; http://help.yahoo.com/help/us/ysearch/slurp)"
72.30.65.36 - - [18/Nov/2008:00:25:33 +0100] "GET /f-rez.html HTTP/1.0" 200 9765 "-" "Mozilla/5.0 (compatible; Yahoo! Slurp; http://help.yahoo.com/help/us/ysearch/slurp)"
72.30.65.36 - - [18/Nov/2008:00:25:34 +0100] "GET /frame-unten.html HTTP/1.0" 200 5308 "-" "Mozilla/5.0 (compatible; Yahoo! Slurp; http://help.yahoo.com/help/us/ysearch/slurp)"
72.30.65.36 - - [18/Nov/2008:00:30:19 +0100] "GET /framez-zampa-lovers.html HTTP/1.0" 200 4322 "-" "Mozilla/5.0 (compatible; Yahoo! Slurp; http://help.yahoo.com/help/us/ysearch/slurp)"
72.30.65.36 - - [18/Nov/2008:00:30:20 +0100] "GET /zampa-lovers/index.html HTTP/1.0" 200 37790 "-" "Mozilla/5.0 (compatible; Yahoo! Slurp; http://help.yahoo.com/help/us/ysearch/slurp)"
67.195.37.107 - - [18/Nov/2008:00:37:23 +0100] "GET /robots.txt HTTP/1.0" 200 64 "-" "Mozilla/5.0 (compatible; Yahoo! Slurp; http://help.yahoo.com/help/us/ysearch/slurp)"
67.195.37.107 - - [18/Nov/2008:00:37:23 +0100] "GET /logs/usage_200711.html HTTP/1.0" 200 109628 "-" "Mozilla/5.0 (compatible; Yahoo! Slurp/3.0; http://help.yahoo.com/help/us/ysearch/slurp)"
67.195.37.107 - - [18/Nov/2008:00:54:26 +0100] "GET /f-bannnerz.html HTTP/1.0" 200 12651 "-" "Mozilla/5.0 (compatible; Yahoo! Slurp; http://help.yahoo.com/help/us/ysearch/slurp)"
65.55.107.185 - - [18/Nov/2008:01:15:14 +0100] "GET /f-search.html HTTP/1.0" 200 11800 "http://search.live.com/results.aspx?q=search" "Mozilla/4.0 (compatible; MSIE 6.0; Windows NT 5.2; SV1; .NET CLR 1.1.4322)"
65.55.107.185 - - [18/Nov/2008:01:15:15 +0100] "GET /framez-search.html HTTP/1.0" 200 4326 "-" "Mozilla/4.0 (compatible; MSIE 6.0; Windows NT 5.2; SV1; .NET CLR 1.1.4322)"
65.55.107.185 - - [18/Nov/2008:01:15:15 +0100] "GET /f-search.html HTTP/1.0" 200 11800 "http://www.various-euro.com/framez-search.html" "Mozilla/4.0 (compatible; MSIE 6.0; Windows NT 5.2; SV1; .NET CLR 1.1.4322)"
65.55.107.185 - - [18/Nov/2008:01:15:15 +0100] "GET /frame-menu.html HTTP/1.0" 200 10536 "http://www.various-euro.com/framez-search.html" "Mozilla/4.0 (compatible; MSIE 6.0; Windows NT 5.2; SV1; .NET CLR 1.1.4322)"
65.55.107.185 - - [18/Nov/2008:01:15:16 +0100] "GET /frame-unten.html HTTP/1.0" 200 5308 "http://www.various-euro.com/framez-search.html" "Mozilla/4.0 (compatible; MSIE 6.0; Windows NT 5.2; SV1; .NET CLR 1.1.4322)"
65.55.107.185 - - [18/Nov/2008:01:15:16 +0100] "GET /style/various-euro.css HTTP/1.0" 200 3437 "http://www.various-euro.com/frame-menu.html" "Mozilla/4.0 (compatible; MSIE 6.0; Windows NT 5.2; SV1; .NET CLR 1.1.4322)"
67.195.37.107 - - [18/Nov/2008:01:18:53 +0100] "GET /schubb/schubb-1.html HTTP/1.0" 200 9070 "-" "Mozilla/5.0 (compatible; Yahoo! Slurp; http://help.yahoo.com/help/us/ysearch/slurp)"
72.30.65.36 - - [18/Nov/2008:01:21:23 +0100] "GET /logs/usage_200707.html HTTP/1.0" 200 110942 "-" "Mozilla/5.0 (compatible; Yahoo! Slurp; http://help.yahoo.com/help/us/ysearch/slurp)"
66.249.71.217 - - [18/Nov/2008:01:31:47 +0100] "GET /schubb/schubb-3.html HTTP/1.1" 200 17546 "-" "Mozilla/5.0 (compatible; Googlebot/2.1; +http://www.google.com/bot.html)"
66.249.71.218 - - [18/Nov/2008:01:37:34 +0100] "GET /schubb/schubb-1.html HTTP/1.1" 200 9070 "-" "Mozilla/5.0 (compatible; Googlebot/2.1; +http://www.google.com/bot.html)"
67.195.37.107 - - [18/Nov/2008:02:08:00 +0100] "GET /f-zeug.html HTTP/1.0" 200 45338 "-" "Mozilla/5.0 (compatible; Yahoo! Slurp/3.0; http://help.yahoo.com/help/us/ysearch/slurp)"
74.6.18.245 - - [18/Nov/2008:02:36:52 +0100] "GET /robots.txt HTTP/1.0" 200 64 "-" "Mozilla/5.0 (compatible; Yahoo! Slurp; http://help.yahoo.com/help/us/ysearch/slurp)"
74.6.18.245 - - [18/Nov/2008:02:36:52 +0100] "GET /schubb/schubb-4.html HTTP/1.0" 200 17746 "-" "Mozilla/5.0 (compatible; Yahoo! Slurp; http://help.yahoo.com/help/us/ysearch/slurp)"
66.249.71.218 - - [18/Nov/2008:02:37:27 +0100] "GET /robots.txt HTTP/1.1" 200 64 "-" "Mozilla/5.0 (compatible; Googlebot/2.1; +http://www.google.com/bot.html)"
208.96.54.71 - - [18/Nov/2008:02:48:10 +0100] "GET / HTTP/1.1" 200 7869 "-" "Mozilla/5.0 (compatible; discobot/1.0; +http://discoveryengine.com/discobot.html)"
193.252.149.16 - - [18/Nov/2008:02:48:30 +0100] "GET /neon/biggtani.html HTTP/1.1" 200 1698 "-" "Mozilla/5.0 (Windows; U; Windows NT 5.1; fr; rv:1.8.1) VoilaBot BETA 1.2 (support.voilabot@orange-ftgroup.com)"
88.77.252.140 - - [18/Nov/2008:02:48:49 +0100] "GET /guests/index.php?page=../../../../../../../../../etc/passwd%00 HTTP/1.1" 404 2748 "http://various-euro.com/guests/index.php?page=../../../../../../../../../etc/passwd%00" "Mozilla/4.0 (compatible; MSIE 6.0; Windows NT 5.1)"
202.179.180.45 - - [18/Nov/2008:02:52:39 +0100] "GET /robots.txt HTTP/1.1" 200 64 "-" "Mozilla/4.0 (compatible; NaverBot/1.0; http://help.naver.com/delete_main.asp)"
202.179.180.45 - - [18/Nov/2008:02:52:42 +0100] "GET / HTTP/1.1" 200 7869 "-" "Mozilla/4.0 (compatible; NaverBot/1.0; http://help.naver.com/delete_main.asp)"
93.138.9.37 - - [18/Nov/2008:02:55:36 +0100] "GET / HTTP/1.1" 302 353 "http://www.google.hr/search?client=firefox-a&rls=org.mozilla%3Aen-US%3Aofficial&channel=s&hl=hr&q=Zampa+di+Leone&meta=&btnG=Google+pretra%C5%BEivanje" "Mozilla/5.0 (Windows; U; Windows NT 5.1; en-US; rv:1.8.1.18) Gecko/20081029 Firefox/2.0.0.18"
93.138.9.37 - - [18/Nov/2008:02:55:36 +0100] "GET /zampa/ HTTP/1.1" 200 7153 "http://www.google.hr/search?client=firefox-a&rls=org.mozilla%3Aen-US%3Aofficial&channel=s&hl=hr&q=Zampa+di+Leone&meta=&btnG=Google+pretra%C5%BEivanje" "Mozilla/5.0 (Windows; U; Windows NT 5.1; en-US; rv:1.8.1.18) Gecko/20081029 Firefox/2.0.0.18"
93.138.9.37 - - [18/Nov/2008:02:55:36 +0100] "GET /zampa/slike/zampa.gif HTTP/1.1" 200 5310 "http://www.various-euro.com/zampa/" "Mozilla/5.0 (Windows; U; Windows NT 5.1; en-US; rv:1.8.1.18) Gecko/20081029 Firefox/2.0.0.18"
93.138.9.37 - - [18/Nov/2008:02:55:36 +0100] "GET /zampa/slike/udupetu.gif HTTP/1.1" 200 4138 "http://www.various-euro.com/zampa/" "Mozilla/5.0 (Windows; U; Windows NT 5.1; en-US; rv:1.8.1.18) Gecko/20081029 Firefox/2.0.0.18"
93.138.9.37 - - [18/Nov/2008:02:55:36 +0100] "GET /zampa/slike/inthearse.gif HTTP/1.1" 200 4077 "http://www.various-euro.com/zampa/" "Mozilla/5.0 (Windows; U; Windows NT 5.1; en-US; rv:1.8.1.18) Gecko/20081029 Firefox/2.0.0.18"
93.138.9.37 - - [18/Nov/2008:02:55:37 +0100] "GET /favicon.ico HTTP/1.1" 404 2748 "-" "Mozilla/5.0 (Windows; U; Windows NT 5.1; en-US; rv:1.8.1.18) Gecko/20081029 Firefox/2.0.0.18"
93.138.9.37 - - [18/Nov/2008:02:55:54 +0100] "GET /zampa/slike/S1TITEL.GIF HTTP/1.1" 200 15244 "http://www.various-euro.com/zampa/" "Mozilla/5.0 (Windows; U; Windows NT 5.1; en-US; rv:1.8.1.18) Gecko/20081029 Firefox/2.0.0.18"
93.138.9.37 - - [18/Nov/2008:02:55:57 +0100] "GET /favicon.ico HTTP/1.1" 404 2748 "-" "Mozilla/5.0 (Windows; U; Windows NT 5.1; en-US; rv:1.8.1.18) Gecko/20081029 Firefox/2.0.0.18"
93.138.9.37 - - [18/Nov/2008:02:55:58 +0100] "GET /zampa/slike/E1TITEL.GIF HTTP/1.1" 200 16284 "http://www.various-euro.com/zampa/" "Mozilla/5.0 (Windows; U; Windows NT 5.1; en-US; rv:1.8.1.18) Gecko/20081029 Firefox/2.0.0.18"
93.138.9.37 - - [18/Nov/2008:02:56:04 +0100] "GET /favicon.ico HTTP/1.1" 404 2748 "-" "Mozilla/5.0 (Windows; U; Windows NT 5.1; en-US; rv:1.8.1.18) Gecko/20081029 Firefox/2.0.0.18"
93.138.9.37 - - [18/Nov/2008:02:56:05 +0100] "GET /zampa/slike/E2COPY.GIF HTTP/1.1" 200 10416 "http://www.various-euro.com/zampa/" "Mozilla/5.0 (Windows; U; Windows NT 5.1; en-US; rv:1.8.1.18) Gecko/20081029 Firefox/2.0.0.18"
93.138.9.37 - - [18/Nov/2008:02:56:33 +0100] "GET /favicon.ico HTTP/1.1" 404 2748 "-" "Mozilla/5.0 (Windows; U; Windows NT 5.1; en-US; rv:1.8.1.18) Gecko/20081029 Firefox/2.0.0.18"
93.138.9.37 - - [18/Nov/2008:02:56:46 +0100] "GET /zampa/slike/E8CURATO.GIF HTTP/1.1" 200 15386 "http://www.various-euro.com/zampa/" "Mozilla/5.0 (Windows; U; Windows NT 5.1; en-US; rv:1.8.1.18) Gecko/20081029 Firefox/2.0.0.18"
93.138.9.37 - - [18/Nov/2008:02:56:58 +0100] "GET /favicon.ico HTTP/1.1" 404 2748 "-" "Mozilla/5.0 (Windows; U; Windows NT 5.1; en-US; rv:1.8.1.18) Gecko/20081029 Firefox/2.0.0.18"
67.195.37.107 - - [18/Nov/2008:03:33:12 +0100] "GET /f-sponsor.html HTTP/1.0" 200 8578 "-" "Mozilla/5.0 (compatible; Yahoo! Slurp; http://help.yahoo.com/help/us/ysearch/slurp)"
67.195.37.107 - - [18/Nov/2008:04:31:22 +0100] "GET /frame-inhalt.html HTTP/1.0" 200 5418 "-" "Mozilla/5.0 (compatible; Yahoo! Slurp; http://help.yahoo.com/help/us/ysearch/slurp)"
67.195.37.107 - - [18/Nov/2008:04:33:32 +0100] "GET /bmpp/euro_pal_111.html HTTP/1.0" 200 2129 "-" "Mozilla/5.0 (compatible; Yahoo! Slurp; http://help.yahoo.com/help/us/ysearch/slurp)"
66.249.71.218 - - [18/Nov/2008:04:38:46 +0100] "GET /robots.txt HTTP/1.1" 200 64 "-" "Mozilla/5.0 (compatible; Googlebot/2.1; +http://www.google.com/bot.html)"
66.249.71.218 - - [18/Nov/2008:04:38:46 +0100] "GET /ve-icon-2.ico HTTP/1.1" 200 2238 "-" "Mozilla/5.0 (compatible; Googlebot/2.1; +http://www.google.com/bot.html)"
74.6.17.180 - - [18/Nov/2008:04:45:03 +0100] "GET /robots.txt HTTP/1.0" 200 64 "-" "Mozilla/5.0 (compatible; Yahoo! Slurp; http://help.yahoo.com/help/us/ysearch/slurp)"
74.6.17.180 - - [18/Nov/2008:04:45:04 +0100] "GET / HTTP/1.0" 200 7869 "-" "Mozilla/5.0 (compatible; Yahoo! Slurp; http://help.yahoo.com/help/us/ysearch/slurp)"
67.195.37.107 - - [18/Nov/2008:04:52:45 +0100] "GET /neon/euro.html HTTP/1.0" 200 2212 "-" "Mozilla/5.0 (compatible; Yahoo! Slurp/3.0; http://help.yahoo.com/help/us/ysearch/slurp)"
67.195.37.107 - - [18/Nov/2008:04:54:37 +0100] "GET /neon/channel.html HTTP/1.0" 200 1942 "-" "Mozilla/5.0 (compatible; Yahoo! Slurp/3.0; http://help.yahoo.com/help/us/ysearch/slurp)"
85.113.243.125 - - [18/Nov/2008:04:55:02 +0100] "GET / HTTP/1.0" 200 7869 "-" "RexyoBot 1.11"
67.195.37.107 - - [18/Nov/2008:04:56:16 +0100] "GET /neon/warning2.html HTTP/1.0" 200 997 "-" "Mozilla/5.0 (compatible; Yahoo! Slurp/3.0; http://help.yahoo.com/help/us/ysearch/slurp)"
67.195.37.107 - - [18/Nov/2008:05:08:31 +0100] "GET /neon/europa.html HTTP/1.0" 200 389 "-" "Mozilla/5.0 (compatible; Yahoo! Slurp/3.0; http://help.yahoo.com/help/us/ysearch/slurp)"
119.63.193.43 - - [18/Nov/2008:05:09:26 +0100] "GET / HTTP/1.1" 200 7869 "-" "Baiduspider+(+http://help.baidu.jp/system/05.html)"
66.249.71.219 - - [18/Nov/2008:05:28:16 +0100] "GET /frame-menu.html HTTP/1.1" 200 10536 "-" "Mozilla/5.0 (compatible; Googlebot/2.1; +http://www.google.com/bot.html)"
67.195.37.107 - - [18/Nov/2008:05:32:19 +0100] "GET /robots.txt HTTP/1.0" 200 64 "-" "Mozilla/5.0 (compatible; Yahoo! Slurp/3.0; http://help.yahoo.com/help/us/ysearch/slurp)"
62.68.167.236 - - [18/Nov/2008:05:57:01 +0100] "GET / HTTP/1.1" 200 7869 "http://sexybits.eu/index.php" "Mozilla/4.0 (compatible; MSIE 5.5; Windows 98)"
66.235.124.7 - - [18/Nov/2008:06:05:53 +0100] "GET /robots.txt HTTP/1.0" 200 64 "-" "Mozilla/5.0 (compatible; Ask Jeeves/Teoma; +http://about.ask.com/en/docs/about/webmasters.shtml)"
66.235.124.7 - - [18/Nov/2008:06:05:54 +0100] "GET /zampa-lovers/index.html HTTP/1.0" 200 37790 "-" "Mozilla/5.0 (compatible; Ask Jeeves/Teoma; +http://about.ask.com/en/docs/about/webmasters.shtml)"
193.252.149.15 - - [18/Nov/2008:06:06:08 +0100] "GET /neon/europa.html HTTP/1.1" 200 389 "-" "Mozilla/5.0 (Windows; U; Windows NT 5.1; fr; rv:1.8.1) VoilaBot BETA 1.2 (support.voilabot@orange-ftgroup.com)"
65.55.211.167 - - [18/Nov/2008:06:13:16 +0100] "GET /robots.txt HTTP/1.1" 200 64 "-" "msnbot/1.1 (+http://search.msn.com/msnbot.htm)"
65.55.211.167 - - [18/Nov/2008:06:13:17 +0100] "GET /f-other.html HTTP/1.1" 200 33189 "-" "msnbot/1.1 (+http://search.msn.com/msnbot.htm)"
74.6.17.180 - - [18/Nov/2008:06:42:21 +0100] "GET /logs/usage_200704.html HTTP/1.0" 200 108835 "-" "Mozilla/5.0 (compatible; Yahoo! Slurp; http://help.yahoo.com/help/us/ysearch/slurp)"
74.6.17.180 - - [18/Nov/2008:07:25:30 +0100] "GET /f-horrorkatze.html HTTP/1.0" 200 7865 "-" "Mozilla/5.0 (compatible; Yahoo! Slurp; http://help.yahoo.com/help/us/ysearch/slurp)"
67.195.37.107 - - [18/Nov/2008:07:28:11 +0100] "GET /partnergegenberlin.html HTTP/1.0" 200 5022 "-" "Mozilla/5.0 (compatible; Yahoo! Slurp; http://help.yahoo.com/help/us/ysearch/slurp)"
67.195.37.107 - - [18/Nov/2008:07:29:32 +0100] "GET /games/virtualcop/virtualcop.html HTTP/1.0" 200 4487 "-" "Mozilla/5.0 (compatible; Yahoo! Slurp; http://help.yahoo.com/help/us/ysearch/slurp)"
74.6.22.108 - - [18/Nov/2008:07:49:39 +0100] "GET /robots.txt HTTP/1.0" 200 64 "-" "Mozilla/5.0 (compatible; Yahoo! Slurp; http://help.yahoo.com/help/us/ysearch/slurp)"
74.6.22.108 - - [18/Nov/2008:07:49:39 +0100] "GET / HTTP/1.0" 200 7869 "-" "Mozilla/5.0 (compatible; Yahoo! Slurp; http://help.yahoo.com/help/us/ysearch/slurp)"
74.6.17.180 - - [18/Nov/2008:07:50:33 +0100] "GET /neon/large.html HTTP/1.0" 200 1547 "-" "Mozilla/5.0 (compatible; Yahoo! Slurp; http://help.yahoo.com/help/us/ysearch/slurp)"
207.70.25.57 - - [18/Nov/2008:08:07:39 +0100] "GET / HTTP/1.1" 200 7869 "-" "Mozilla/5.0 (compatible; Konqueror/3.1; Linux; en)"
74.6.17.180 - - [18/Nov/2008:09:20:45 +0100] "GET /f-rez.html HTTP/1.0" 200 9765 "-" "Mozilla/5.0 (compatible; Yahoo! Slurp; http://help.yahoo.com/help/us/ysearch/slurp)"
64.1.215.165 - - [18/Nov/2008:09:24:48 +0100] "GET /robots.txt HTTP/1.0" 200 64 "-" "Mozilla/5.0 (Twiceler-0.9 http://www.cuil.com/twiceler/robot.html)"
67.195.37.107 - - [18/Nov/2008:09:49:46 +0100] "GET /games/virtualcop/virtualcop.swf HTTP/1.0" 200 2563562 "-" "Mozilla/5.0 (compatible; Yahoo! Slurp/3.0; http://help.yahoo.com/help/us/ysearch/slurp)"
74.6.17.180 - - [18/Nov/2008:10:15:14 +0100] "GET /schubb/schubb-5.html HTTP/1.0" 200 72944 "-" "Mozilla/5.0 (compatible; Yahoo! Slurp; http://help.yahoo.com/help/us/ysearch/slurp)"
64.1.215.165 - - [18/Nov/2008:11:25:09 +0100] "GET /3dsf3/sendi/index.html HTTP/1.0" 200 1837 "-" "Mozilla/5.0 (Twiceler-0.9 http://www.cuil.com/twiceler/robot.html)"
130.75.137.67 - - [18/Nov/2008:11:32:58 +0100] "GET /favicon.ico HTTP/1.1" 404 2748 "http://www.google.de/search?q=accumbing&ie=utf-8&oe=utf-8&aq=t&rls=org.mozilla:de:official&client=firefox-a" "Mozilla/5.0 (Windows; U; Windows NT 5.1; de; rv:1.9.0.4) Gecko/2008102920 Firefox/3.0.4"
66.249.71.218 - - [18/Nov/2008:12:05:39 +0100] "GET /logs/usage_200811.html HTTP/1.1" 404 2748 "-" "Mozilla/5.0 (compatible; Googlebot/2.1; +http://www.google.com/bot.html)"
65.55.211.169 - - [18/Nov/2008:12:18:39 +0100] "GET /robots.txt HTTP/1.1" 200 64 "-" "msnbot/1.1 (+http://search.msn.com/msnbot.htm)"
65.55.211.169 - - [18/Nov/2008:12:18:40 +0100] "GET /f-zeug.html HTTP/1.1" 200 45338 "-" "msnbot/1.1 (+http://search.msn.com/msnbot.htm)"
204.184.141.253 - - [18/Nov/2008:12:37:12 +0100] "GET /framez-girlz.html HTTP/1.1" 200 4271 "http://search.msn.com/results.aspx?q=euro+web+girl&first=51&FORM=PERE5" "Mozilla/4.0 (compatible; MSIE 7.0; Windows NT 5.1; .NET CLR 1.1.4322; .NET CLR 2.0.50727; InfoPath.1; .NET CLR 3.0.04506.30; .NET CLR 3.0.04506.648)"
204.184.141.253 - - [18/Nov/2008:12:37:12 +0100] "GET /neon/girlz2.html HTTP/1.1" 200 2937 "http://www.various-euro.com/framez-girlz.html" "Mozilla/4.0 (compatible; MSIE 7.0; Windows NT 5.1; .NET CLR 1.1.4322; .NET CLR 2.0.50727; InfoPath.1; .NET CLR 3.0.04506.30; .NET CLR 3.0.04506.648)"
204.184.141.253 - - [18/Nov/2008:12:37:13 +0100] "GET /frame-menu.html HTTP/1.1" 200 10536 "http://www.various-euro.com/framez-girlz.html" "Mozilla/4.0 (compatible; MSIE 7.0; Windows NT 5.1; .NET CLR 1.1.4322; .NET CLR 2.0.50727; InfoPath.1; .NET CLR 3.0.04506.30; .NET CLR 3.0.04506.648)"
204.184.141.253 - - [18/Nov/2008:12:37:13 +0100] "GET /frame-unten.html HTTP/1.1" 200 5308 "http://www.various-euro.com/framez-girlz.html" "Mozilla/4.0 (compatible; MSIE 7.0; Windows NT 5.1; .NET CLR 1.1.4322; .NET CLR 2.0.50727; InfoPath.1; .NET CLR 3.0.04506.30; .NET CLR 3.0.04506.648)"
204.184.141.253 - - [18/Nov/2008:12:37:13 +0100] "GET /vgirls/button1.gif HTTP/1.1" 200 9099 "http://www.various-euro.com/neon/girlz2.html" "Mozilla/4.0 (compatible; MSIE 7.0; Windows NT 5.1; .NET CLR 1.1.4322; .NET CLR 2.0.50727; InfoPath.1; .NET CLR 3.0.04506.30; .NET CLR 3.0.04506.648)"
204.184.141.253 - - [18/Nov/2008:12:37:13 +0100] "GET /vgirls/wm_02.gif HTTP/1.1" 200 36891 "http://www.various-euro.com/neon/girlz2.html" "Mozilla/4.0 (compatible; MSIE 7.0; Windows NT 5.1; .NET CLR 1.1.4322; .NET CLR 2.0.50727; InfoPath.1; .NET CLR 3.0.04506.30; .NET CLR 3.0.04506.648)"
204.184.141.253 - - [18/Nov/2008:12:37:13 +0100] "GET /vgirls/button10.gif HTTP/1.1" 200 15687 "http://www.various-euro.com/neon/girlz2.html" "Mozilla/4.0 (compatible; MSIE 7.0; Windows NT 5.1; .NET CLR 1.1.4322; .NET CLR 2.0.50727; InfoPath.1; .NET CLR 3.0.04506.30; .NET CLR 3.0.04506.648)"
204.184.141.253 - - [18/Nov/2008:12:37:13 +0100] "GET /vgirls/virtua4.gif HTTP/1.1" 200 12643 "http://www.various-euro.com/neon/girlz2.html" "Mozilla/4.0 (compatible; MSIE 7.0; Windows NT 5.1; .NET CLR 1.1.4322; .NET CLR 2.0.50727; InfoPath.1; .NET CLR 3.0.04506.30; .NET CLR 3.0.04506.648)"
204.184.141.253 - - [18/Nov/2008:12:37:14 +0100] "GET /vgirls/button3.gif HTTP/1.1" 200 9634 "http://www.various-euro.com/neon/girlz2.html" "Mozilla/4.0 (compatible; MSIE 7.0; Windows NT 5.1; .NET CLR 1.1.4322; .NET CLR 2.0.50727; InfoPath.1; .NET CLR 3.0.04506.30; .NET CLR 3.0.04506.648)"
204.184.141.253 - - [18/Nov/2008:12:37:14 +0100] "GET /vgirls/dora_01.gif HTTP/1.1" 200 15465 "http://www.various-euro.com/neon/girlz2.html" "Mozilla/4.0 (compatible; MSIE 7.0; Windows NT 5.1; .NET CLR 1.1.4322; .NET CLR 2.0.50727; InfoPath.1; .NET CLR 3.0.04506.30; .NET CLR 3.0.04506.648)"
204.184.141.253 - - [18/Nov/2008:12:37:14 +0100] "GET /vgirls/shaina_big.gif HTTP/1.1" 200 16169 "http://www.various-euro.com/neon/girlz2.html" "Mozilla/4.0 (compatible; MSIE 7.0; Windows NT 5.1; .NET CLR 1.1.4322; .NET CLR 2.0.50727; InfoPath.1; .NET CLR 3.0.04506.30; .NET CLR 3.0.04506.648)"
204.184.141.253 - - [18/Nov/2008:12:37:14 +0100] "GET /style/various-euro.css HTTP/1.1" 200 3437 "http://www.various-euro.com/frame-menu.html" "Mozilla/4.0 (compatible; MSIE 7.0; Windows NT 5.1; .NET CLR 1.1.4322; .NET CLR 2.0.50727; InfoPath.1; .NET CLR 3.0.04506.30; .NET CLR 3.0.04506.648)"
204.184.141.253 - - [18/Nov/2008:12:37:14 +0100] "GET /bannerz/ve.jpg HTTP/1.1" 200 36912 "http://www.various-euro.com/frame-unten.html" "Mozilla/4.0 (compatible; MSIE 7.0; Windows NT 5.1; .NET CLR 1.1.4322; .NET CLR 2.0.50727; InfoPath.1; .NET CLR 3.0.04506.30; .NET CLR 3.0.04506.648)"
204.184.141.253 - - [18/Nov/2008:12:37:14 +0100] "GET /bannerz/various-euro-girl.jpg HTTP/1.1" 200 91514 "http://www.various-euro.com/frame-unten.html" "Mozilla/4.0 (compatible; MSIE 7.0; Windows NT 5.1; .NET CLR 1.1.4322; .NET CLR 2.0.50727; InfoPath.1; .NET CLR 3.0.04506.30; .NET CLR 3.0.04506.648)"
204.184.141.253 - - [18/Nov/2008:12:37:15 +0100] "GET /ve-icon-2.ico HTTP/1.1" 200 2238 "-" "Mozilla/4.0 (compatible; MSIE 7.0; Windows NT 5.1; .NET CLR 1.1.4322; .NET CLR 2.0.50727; InfoPath.1; .NET CLR 3.0.04506.30; .NET CLR 3.0.04506.648)"
204.184.141.253 - - [18/Nov/2008:12:37:21 +0100] "GET /neon/slow-walk.html HTTP/1.1" 200 1640 "http://www.various-euro.com/neon/girlz2.html" "Mozilla/4.0 (compatible; MSIE 7.0; Windows NT 5.1; .NET CLR 1.1.4322; .NET CLR 2.0.50727; InfoPath.1; .NET CLR 3.0.04506.30; .NET CLR 3.0.04506.648)"
204.184.141.253 - - [18/Nov/2008:12:37:21 +0100] "GET /neon/sw-girl.gif HTTP/1.1" 200 86668 "http://www.various-euro.com/neon/slow-walk.html" "Mozilla/4.0 (compatible; MSIE 7.0; Windows NT 5.1; .NET CLR 1.1.4322; .NET CLR 2.0.50727; InfoPath.1; .NET CLR 3.0.04506.30; .NET CLR 3.0.04506.648)"
83.135.101.119 - - [18/Nov/2008:13:03:51 +0100] "GET / HTTP/1.1" 302 353 "http://www.google.com/search?hl=en&client=firefox-a&channel=s&rls=org.mozilla%3Aen-US%3Aofficial&q=ZAMPA+DI+LEONE&btnG=Search" "Mozilla/5.0 (Macintosh; U; Intel Mac OS X; en-US; rv:1.8.1.18) Gecko/20081029 Firefox/2.0.0.18"
83.135.101.119 - - [18/Nov/2008:13:03:51 +0100] "GET /zampa/ HTTP/1.1" 200 7153 "http://www.google.com/search?hl=en&client=firefox-a&channel=s&rls=org.mozilla%3Aen-US%3Aofficial&q=ZAMPA+DI+LEONE&btnG=Search" "Mozilla/5.0 (Macintosh; U; Intel Mac OS X; en-US; rv:1.8.1.18) Gecko/20081029 Firefox/2.0.0.18"
83.135.101.119 - - [18/Nov/2008:13:03:51 +0100] "GET /zampa/slike/zampa.gif HTTP/1.1" 200 5310 "http://www.various-euro.com/zampa/" "Mozilla/5.0 (Macintosh; U; Intel Mac OS X; en-US; rv:1.8.1.18) Gecko/20081029 Firefox/2.0.0.18"
83.135.101.119 - - [18/Nov/2008:13:03:51 +0100] "GET /zampa/slike/udupetu.gif HTTP/1.1" 200 4138 "http://www.various-euro.com/zampa/" "Mozilla/5.0 (Macintosh; U; Intel Mac OS X; en-US; rv:1.8.1.18) Gecko/20081029 Firefox/2.0.0.18"
83.135.101.119 - - [18/Nov/2008:13:03:51 +0100] "GET /zampa/slike/inthearse.gif HTTP/1.1" 200 4077 "http://www.various-euro.com/zampa/" "Mozilla/5.0 (Macintosh; U; Intel Mac OS X; en-US; rv:1.8.1.18) Gecko/20081029 Firefox/2.0.0.18"
83.135.101.119 - - [18/Nov/2008:13:03:51 +0100] "GET /favicon.ico HTTP/1.1" 404 2748 "-" "Mozilla/5.0 (Macintosh; U; Intel Mac OS X; en-US; rv:1.8.1.18) Gecko/20081029 Firefox/2.0.0.18"
83.135.101.119 - - [18/Nov/2008:13:03:58 +0100] "GET /zampa/slike/E1TITEL.GIF HTTP/1.1" 200 16284 "http://www.various-euro.com/zampa/" "Mozilla/5.0 (Macintosh; U; Intel Mac OS X; en-US; rv:1.8.1.18) Gecko/20081029 Firefox/2.0.0.18"
83.135.101.119 - - [18/Nov/2008:13:04:03 +0100] "GET /favicon.ico HTTP/1.1" 404 2748 "-" "Mozilla/5.0 (Macintosh; U; Intel Mac OS X; en-US; rv:1.8.1.18) Gecko/20081029 Firefox/2.0.0.18"
83.135.101.119 - - [18/Nov/2008:13:04:04 +0100] "GET /zampa/slike/E4IRWIN.GIF HTTP/1.1" 200 53174 "http://www.various-euro.com/zampa/" "Mozilla/5.0 (Macintosh; U; Intel Mac OS X; en-US; rv:1.8.1.18) Gecko/20081029 Firefox/2.0.0.18"
83.135.101.119 - - [18/Nov/2008:13:04:08 +0100] "GET /favicon.ico HTTP/1.1" 404 2748 "-" "Mozilla/5.0 (Macintosh; U; Intel Mac OS X; en-US; rv:1.8.1.18) Gecko/20081029 Firefox/2.0.0.18"
74.6.17.180 - - [18/Nov/2008:13:38:31 +0100] "GET /robots.txt HTTP/1.0" 200 64 "-" "Mozilla/5.0 (compatible; Yahoo! Slurp; http://help.yahoo.com/help/us/ysearch/slurp)"
74.6.17.180 - - [18/Nov/2008:13:38:31 +0100] "GET /logs/usage_200711.html HTTP/1.0" 200 109628 "-" "Mozilla/5.0 (compatible; Yahoo! Slurp; http://help.yahoo.com/help/us/ysearch/slurp)"
66.235.124.7 - - [18/Nov/2008:13:39:44 +0100] "GET /robots.txt HTTP/1.0" 200 64 "-" "Mozilla/5.0 (compatible; Ask Jeeves/Teoma; +http://about.ask.com/en/docs/about/webmasters.shtml)"
66.235.124.7 - - [18/Nov/2008:13:39:45 +0100] "GET /neon/girlz2.html HTTP/1.0" 200 2937 "-" "Mozilla/5.0 (compatible; Ask Jeeves/Teoma; +http://about.ask.com/en/docs/about/webmasters.shtml)"
89.184.144.156 - - [18/Nov/2008:13:52:32 +0100] "POST http://various-euro.com/cgi-bin/mailing/s.pl HTTP/1.0" 404 2748 "http://various-euro.com/cgi-bin/mailing/s.pl" "Mozilla/4.0 (compatible; MSIE 6.0; Windows NT 5.1)"
89.184.144.156 - - [18/Nov/2008:13:52:32 +0100] "POST http://various-euro.com/cgi-bin/newsletter/s.pl HTTP/1.0" 404 2748 "http://various-euro.com/cgi-bin/newsletter/s.pl" "Mozilla/4.0 (compatible; MSIE 6.0; Windows NT 5.1)"
89.184.144.156 - - [18/Nov/2008:13:52:32 +0100] "POST http://various-euro.com/cgi-bin/mailinglist/s.pl HTTP/1.0" 404 2748 "http://various-euro.com/cgi-bin/mailinglist/s.pl" "Mozilla/4.0 (compatible; MSIE 6.0; Windows NT 5.1)"
89.184.144.156 - - [18/Nov/2008:13:52:32 +0100] "POST http://various-euro.com/mailme/s.pl HTTP/1.0" 404 2748 "http://various-euro.com/mailme/s.pl" "Mozilla/4.0 (compatible; MSIE 6.0; Windows NT 5.1)"
74.6.17.180 - - [18/Nov/2008:14:21:54 +0100] "GET /schubb/schubb-1.html HTTP/1.0" 200 9070 "-" "Mozilla/5.0 (compatible; Yahoo! Slurp; http://help.yahoo.com/help/us/ysearch/slurp)"
65.55.211.175 - - [18/Nov/2008:14:33:07 +0100] "GET /robots.txt HTTP/1.1" 200 64 "-" "msnbot/1.1 (+http://search.msn.com/msnbot.htm)"
65.55.211.175 - - [18/Nov/2008:14:33:07 +0100] "GET /your_tour.html HTTP/1.1" 200 29760 "-" "msnbot/1.1 (+http://search.msn.com/msnbot.htm)"
66.235.124.7 - - [18/Nov/2008:14:38:12 +0100] "GET /restate_copy.html HTTP/1.0" 200 97631 "-" "Mozilla/5.0 (compatible; Ask Jeeves/Teoma; +http://about.ask.com/en/docs/about/webmasters.shtml)"
66.235.124.7 - - [18/Nov/2008:14:38:13 +0100] "GET /menueleiste.js HTTP/1.0" 404 2748 "-" "Mozilla/5.0 (compatible; Ask Jeeves/Teoma; +http://about.ask.com/en/docs/about/webmasters.shtml)"
67.195.37.107 - - [18/Nov/2008:14:43:12 +0100] "GET /robots.txt HTTP/1.0" 200 64 "-" "Mozilla/5.0 (compatible; Yahoo! Slurp; http://help.yahoo.com/help/us/ysearch/slurp)"
67.195.37.107 - - [18/Nov/2008:14:43:12 +0100] "GET /DgH/bull/index.html HTTP/1.0" 200 1915 "-" "Mozilla/5.0 (compatible; Yahoo! Slurp; http://help.yahoo.com/help/us/ysearch/slurp)"
74.6.17.180 - - [18/Nov/2008:14:51:45 +0100] "GET /zampa/montenegro/dajpare.html HTTP/1.0" 200 2503 "-" "Mozilla/5.0 (compatible; Yahoo! Slurp; http://help.yahoo.com/help/us/ysearch/slurp)"
74.6.17.180 - - [18/Nov/2008:14:53:27 +0100] "GET /zampa/lybia/index.html HTTP/1.0" 200 3036 "-" "Mozilla/5.0 (compatible; Yahoo! Slurp; http://help.yahoo.com/help/us/ysearch/slurp)"
89.143.145.101 - - [18/Nov/2008:15:04:14 +0100] "GET / HTTP/1.1" 302 353 "http://www.google.si/search?hl=sl&q=zampa+di+leone&meta=" "Mozilla/4.0 (compatible; MSIE 7.0; Windows NT 6.0; SLCC1; .NET CLR 2.0.50727; .NET CLR 3.0.04506; InfoPath.1)"
89.143.145.101 - - [18/Nov/2008:15:04:14 +0100] "GET /zampa/ HTTP/1.1" 200 7153 "http://www.google.si/search?hl=sl&q=zampa+di+leone&meta=" "Mozilla/4.0 (compatible; MSIE 7.0; Windows NT 6.0; SLCC1; .NET CLR 2.0.50727; .NET CLR 3.0.04506; InfoPath.1)"
89.143.145.101 - - [18/Nov/2008:15:04:14 +0100] "GET /zampa/slike/zampa.gif HTTP/1.1" 200 5310 "http://www.various-euro.com/zampa/" "Mozilla/4.0 (compatible; MSIE 7.0; Windows NT 6.0; SLCC1; .NET CLR 2.0.50727; .NET CLR 3.0.04506; InfoPath.1)"
89.143.145.101 - - [18/Nov/2008:15:04:14 +0100] "GET /zampa/slike/udupetu.gif HTTP/1.1" 200 4138 "http://www.various-euro.com/zampa/" "Mozilla/4.0 (compatible; MSIE 7.0; Windows NT 6.0; SLCC1; .NET CLR 2.0.50727; .NET CLR 3.0.04506; InfoPath.1)"
89.143.145.101 - - [18/Nov/2008:15:04:15 +0100] "GET /zampa/slike/inthearse.gif HTTP/1.1" 200 4077 "http://www.various-euro.com/zampa/" "Mozilla/4.0 (compatible; MSIE 7.0; Windows NT 6.0; SLCC1; .NET CLR 2.0.50727; .NET CLR 3.0.04506; InfoPath.1)"
193.198.176.158 - - [18/Nov/2008:15:04:43 +0100] "GET /zampa/ HTTP/1.1" 200 7153 "-" "Mozilla/5.0 (Windows; U; Windows NT 5.1; en-US; rv:1.8.0.12) Gecko/20070508 Firefox/1.5.0.12"
193.198.176.158 - - [18/Nov/2008:15:04:44 +0100] "GET /zampa/slike/zampa.gif HTTP/1.1" 200 5310 "http://www.various-euro.com/zampa/" "Mozilla/5.0 (Windows; U; Windows NT 5.1; en-US; rv:1.8.0.12) Gecko/20070508 Firefox/1.5.0.12"
193.198.176.158 - - [18/Nov/2008:15:04:44 +0100] "GET /zampa/slike/udupetu.gif HTTP/1.1" 200 4138 "http://www.various-euro.com/zampa/" "Mozilla/5.0 (Windows; U; Windows NT 5.1; en-US; rv:1.8.0.12) Gecko/20070508 Firefox/1.5.0.12"
193.198.176.158 - - [18/Nov/2008:15:04:44 +0100] "GET /zampa/slike/inthearse.gif HTTP/1.1" 200 4077 "http://www.various-euro.com/zampa/" "Mozilla/5.0 (Windows; U; Windows NT 5.1; en-US; rv:1.8.0.12) Gecko/20070508 Firefox/1.5.0.12"
193.198.176.158 - - [18/Nov/2008:15:04:44 +0100] "GET /favicon.ico HTTP/1.1" 404 2748 "-" "Mozilla/5.0 (Windows; U; Windows NT 5.1; en-US; rv:1.8.0.12) Gecko/20070508 Firefox/1.5.0.12"
89.143.145.101 - - [18/Nov/2008:15:04:46 +0100] "GET /zampa/ HTTP/1.1" 200 7153 "-" "Mozilla/5.0 (Windows; U; Windows NT 6.0; sl; rv:1.9.0.3) Gecko/2008092417 Firefox/3.0.3"
89.143.145.101 - - [18/Nov/2008:15:04:47 +0100] "GET /zampa/slike/zampa.gif HTTP/1.1" 200 5310 "http://www.various-euro.com/zampa/" "Mozilla/5.0 (Windows; U; Windows NT 6.0; sl; rv:1.9.0.3) Gecko/2008092417 Firefox/3.0.3"
89.143.145.101 - - [18/Nov/2008:15:04:47 +0100] "GET /zampa/slike/inthearse.gif HTTP/1.1" 200 4077 "http://www.various-euro.com/zampa/" "Mozilla/5.0 (Windows; U; Windows NT 6.0; sl; rv:1.9.0.3) Gecko/2008092417 Firefox/3.0.3"
89.143.145.101 - - [18/Nov/2008:15:04:47 +0100] "GET /zampa/slike/udupetu.gif HTTP/1.1" 200 4138 "http://www.various-euro.com/zampa/" "Mozilla/5.0 (Windows; U; Windows NT 6.0; sl; rv:1.9.0.3) Gecko/2008092417 Firefox/3.0.3"
89.143.145.101 - - [18/Nov/2008:15:04:47 +0100] "GET /favicon.ico HTTP/1.1" 404 2748 "-" "Mozilla/5.0 (Windows; U; Windows NT 6.0; sl; rv:1.9.0.3) Gecko/2008092417 Firefox/3.0.3"
89.143.145.101 - - [18/Nov/2008:15:04:50 +0100] "GET /favicon.ico HTTP/1.1" 404 2748 "-" "Mozilla/5.0 (Windows; U; Windows NT 6.0; sl; rv:1.9.0.3) Gecko/2008092417 Firefox/3.0.3"
74.6.17.180 - - [18/Nov/2008:15:18:52 +0100] "GET /logs/ HTTP/1.0" 200 10079 "-" "Mozilla/5.0 (compatible; Yahoo! Slurp; http://help.yahoo.com/help/us/ysearch/slurp)"
88.78.0.23 - - [18/Nov/2008:15:35:01 +0100] "GET /cgi-bin/mailpro/s.pl?e=1&subscribe=subscribe&l=../../../../../../../../etc/passwd%00 HTTP/1.1" 404 2748 "http://various-euro.com/cgi-bin/mailpro/s.pl?e=1&subscribe=subscribe&l=../../../../../../../../etc/passwd%00" "Mozilla/4.0 (compatible; MSIE 6.0; Windows NT 5.1)"
66.249.71.218 - - [18/Nov/2008:17:09:02 +0100] "GET /schubb/schubb-2.html HTTP/1.1" 200 16660 "-" "Mozilla/5.0 (compatible; Googlebot/2.1; +http://www.google.com/bot.html)"
66.249.71.218 - - [18/Nov/2008:17:09:03 +0100] "GET /schubb/schubb-4.html HTTP/1.1" 200 17746 "-" "Mozilla/5.0 (compatible; Googlebot/2.1; +http://www.google.com/bot.html)"
84.190.38.46 - - [18/Nov/2008:17:20:15 +0100] "GET / HTTP/1.1" 200 7869 "-" "Mozilla/5.0 (X11; U; Linux i686; de; rv:1.9.0.4) Gecko/2008111318 Ubuntu/8.10 (intrepid) Firefox/3.0.4"
84.190.38.46 - - [18/Nov/2008:17:20:16 +0100] "GET /style/various-euro.css HTTP/1.1" 200 3437 "http://various-euro.com/" "Mozilla/5.0 (X11; U; Linux i686; de; rv:1.9.0.4) Gecko/2008111318 Ubuntu/8.10 (intrepid) Firefox/3.0.4"
84.190.38.46 - - [18/Nov/2008:17:20:16 +0100] "GET /ve-icon-2.ico HTTP/1.1" 200 2238 "-" "Mozilla/5.0 (X11; U; Linux i686; de; rv:1.9.0.4) Gecko/2008111318 Ubuntu/8.10 (intrepid) Firefox/3.0.4"
84.190.38.46 - - [18/Nov/2008:17:20:16 +0100] "GET /framez_0.html HTTP/1.1" 200 12444 "http://various-euro.com/" "Mozilla/5.0 (X11; U; Linux i686; de; rv:1.9.0.4) Gecko/2008111318 Ubuntu/8.10 (intrepid) Firefox/3.0.4"
84.190.38.46 - - [18/Nov/2008:17:20:18 +0100] "GET /framez.html HTTP/1.1" 200 3959 "http://various-euro.com/framez_0.html" "Mozilla/5.0 (X11; U; Linux i686; de; rv:1.9.0.4) Gecko/2008111318 Ubuntu/8.10 (intrepid) Firefox/3.0.4"
84.190.38.46 - - [18/Nov/2008:17:20:18 +0100] "GET /frame-menu.html HTTP/1.1" 200 10536 "http://various-euro.com/framez.html" "Mozilla/5.0 (X11; U; Linux i686; de; rv:1.9.0.4) Gecko/2008111318 Ubuntu/8.10 (intrepid) Firefox/3.0.4"
84.190.38.46 - - [18/Nov/2008:17:20:18 +0100] "GET /frame-inhalt.html HTTP/1.1" 200 5418 "http://various-euro.com/framez.html" "Mozilla/5.0 (X11; U; Linux i686; de; rv:1.9.0.4) Gecko/2008111318 Ubuntu/8.10 (intrepid) Firefox/3.0.4"
84.190.38.46 - - [18/Nov/2008:17:20:18 +0100] "GET /frame-unten.html HTTP/1.1" 200 5308 "http://various-euro.com/framez.html" "Mozilla/5.0 (X11; U; Linux i686; de; rv:1.9.0.4) Gecko/2008111318 Ubuntu/8.10 (intrepid) Firefox/3.0.4"
84.190.38.46 - - [18/Nov/2008:17:20:18 +0100] "GET /bannerz/neon_click_3.gif HTTP/1.1" 200 240 "http://various-euro.com/frame-inhalt.html" "Mozilla/5.0 (X11; U; Linux i686; de; rv:1.9.0.4) Gecko/2008111318 Ubuntu/8.10 (intrepid) Firefox/3.0.4"
84.190.38.46 - - [18/Nov/2008:17:20:18 +0100] "GET /bannerz/neon_click_2.gif HTTP/1.1" 200 387 "http://various-euro.com/frame-inhalt.html" "Mozilla/5.0 (X11; U; Linux i686; de; rv:1.9.0.4) Gecko/2008111318 Ubuntu/8.10 (intrepid) Firefox/3.0.4"
84.190.38.46 - - [18/Nov/2008:17:20:18 +0100] "GET /bannerz/neon_click_1.gif HTTP/1.1" 200 890 "http://various-euro.com/frame-inhalt.html" "Mozilla/5.0 (X11; U; Linux i686; de; rv:1.9.0.4) Gecko/2008111318 Ubuntu/8.10 (intrepid) Firefox/3.0.4"
84.190.38.46 - - [18/Nov/2008:17:20:18 +0100] "GET /eurosign3.gif HTTP/1.1" 200 7879 "http://various-euro.com/frame-inhalt.html" "Mozilla/5.0 (X11; U; Linux i686; de; rv:1.9.0.4) Gecko/2008111318 Ubuntu/8.10 (intrepid) Firefox/3.0.4"
84.190.38.46 - - [18/Nov/2008:17:20:18 +0100] "GET /bannerz/douwil.gif HTTP/1.1" 200 528 "http://various-euro.com/frame-inhalt.html" "Mozilla/5.0 (X11; U; Linux i686; de; rv:1.9.0.4) Gecko/2008111318 Ubuntu/8.10 (intrepid) Firefox/3.0.4"
84.190.38.46 - - [18/Nov/2008:17:20:18 +0100] "GET /bannerz/copyleft_black_small.gif HTTP/1.1" 200 1231 "http://various-euro.com/frame-inhalt.html" "Mozilla/5.0 (X11; U; Linux i686; de; rv:1.9.0.4) Gecko/2008111318 Ubuntu/8.10 (intrepid) Firefox/3.0.4"
84.190.38.46 - - [18/Nov/2008:17:20:18 +0100] "GET /bannerz/anti_black_small.gif HTTP/1.1" 200 1009 "http://various-euro.com/frame-inhalt.html" "Mozilla/5.0 (X11; U; Linux i686; de; rv:1.9.0.4) Gecko/2008111318 Ubuntu/8.10 (intrepid) Firefox/3.0.4"
84.190.38.46 - - [18/Nov/2008:17:20:18 +0100] "GET /bannerz/goolag_468.jpg HTTP/1.1" 200 28285 "http://various-euro.com/frame-inhalt.html" "Mozilla/5.0 (X11; U; Linux i686; de; rv:1.9.0.4) Gecko/2008111318 Ubuntu/8.10 (intrepid) Firefox/3.0.4"
84.190.38.46 - - [18/Nov/2008:17:20:18 +0100] "GET /bannerz/wet.gif HTTP/1.1" 200 18561 "http://various-euro.com/frame-inhalt.html" "Mozilla/5.0 (X11; U; Linux i686; de; rv:1.9.0.4) Gecko/2008111318 Ubuntu/8.10 (intrepid) Firefox/3.0.4"
84.190.38.46 - - [18/Nov/2008:17:20:18 +0100] "GET /bannerz/google/Logo_40blk.gif HTTP/1.1" 200 2308 "http://various-euro.com/frame-inhalt.html" "Mozilla/5.0 (X11; U; Linux i686; de; rv:1.9.0.4) Gecko/2008111318 Ubuntu/8.10 (intrepid) Firefox/3.0.4"
84.190.38.46 - - [18/Nov/2008:17:20:18 +0100] "GET /bannerz/ve.jpg HTTP/1.1" 200 36912 "http://various-euro.com/frame-unten.html" "Mozilla/5.0 (X11; U; Linux i686; de; rv:1.9.0.4) Gecko/2008111318 Ubuntu/8.10 (intrepid) Firefox/3.0.4"
84.190.38.46 - - [18/Nov/2008:17:20:18 +0100] "GET /bannerz/various-euro-girl.jpg HTTP/1.1" 200 91514 "http://various-euro.com/frame-unten.html" "Mozilla/5.0 (X11; U; Linux i686; de; rv:1.9.0.4) Gecko/2008111318 Ubuntu/8.10 (intrepid) Firefox/3.0.4"
84.190.38.46 - - [18/Nov/2008:17:21:01 +0100] "GET /f-warez.html HTTP/1.1" 200 10953 "http://various-euro.com/frame-menu.html" "Mozilla/5.0 (X11; U; Linux i686; de; rv:1.9.0.4) Gecko/2008111318 Ubuntu/8.10 (intrepid) Firefox/3.0.4"
84.190.38.46 - - [18/Nov/2008:17:21:01 +0100] "GET /bannerz/kmfms-banner.gif HTTP/1.1" 200 8484 "http://various-euro.com/f-warez.html" "Mozilla/5.0 (X11; U; Linux i686; de; rv:1.9.0.4) Gecko/2008111318 Ubuntu/8.10 (intrepid) Firefox/3.0.4"
84.190.38.46 - - [18/Nov/2008:17:21:01 +0100] "GET /shoppingcart.gif HTTP/1.1" 200 1386 "http://various-euro.com/f-warez.html" "Mozilla/5.0 (X11; U; Linux i686; de; rv:1.9.0.4) Gecko/2008111318 Ubuntu/8.10 (intrepid) Firefox/3.0.4"
84.190.38.46 - - [18/Nov/2008:17:21:01 +0100] "GET /bannerz/AgainstTCPA-Log01Banner.gif HTTP/1.1" 200 6186 "http://various-euro.com/f-warez.html" "Mozilla/5.0 (X11; U; Linux i686; de; rv:1.9.0.4) Gecko/2008111318 Ubuntu/8.10 (intrepid) Firefox/3.0.4"
84.190.38.46 - - [18/Nov/2008:17:21:01 +0100] "GET /textz.gif HTTP/1.1" 200 871 "http://various-euro.com/f-warez.html" "Mozilla/5.0 (X11; U; Linux i686; de; rv:1.9.0.4) Gecko/2008111318 Ubuntu/8.10 (intrepid) Firefox/3.0.4"
84.190.38.46 - - [18/Nov/2008:17:21:01 +0100] "GET /bannerz/quisse.gif HTTP/1.1" 200 2846 "http://various-euro.com/f-warez.html" "Mozilla/5.0 (X11; U; Linux i686; de; rv:1.9.0.4) Gecko/2008111318 Ubuntu/8.10 (intrepid) Firefox/3.0.4"
84.190.38.46 - - [18/Nov/2008:17:21:01 +0100] "GET /warezcrawler.jpg HTTP/1.1" 200 15588 "http://various-euro.com/f-warez.html" "Mozilla/5.0 (X11; U; Linux i686; de; rv:1.9.0.4) Gecko/2008111318 Ubuntu/8.10 (intrepid) Firefox/3.0.4"
84.190.38.46 - - [18/Nov/2008:17:21:02 +0100] "GET /hsp.gif HTTP/1.1" 200 42603 "http://various-euro.com/f-warez.html" "Mozilla/5.0 (X11; U; Linux i686; de; rv:1.9.0.4) Gecko/2008111318 Ubuntu/8.10 (intrepid) Firefox/3.0.4"
84.190.38.46 - - [18/Nov/2008:17:21:05 +0100] "GET /f-web.html HTTP/1.1" 200 13605 "http://various-euro.com/frame-menu.html" "Mozilla/5.0 (X11; U; Linux i686; de; rv:1.9.0.4) Gecko/2008111318 Ubuntu/8.10 (intrepid) Firefox/3.0.4"
84.190.38.46 - - [18/Nov/2008:17:21:06 +0100] "GET /bannerz/minordomo.gif HTTP/1.1" 200 792 "http://various-euro.com/f-web.html" "Mozilla/5.0 (X11; U; Linux i686; de; rv:1.9.0.4) Gecko/2008111318 Ubuntu/8.10 (intrepid) Firefox/3.0.4"
84.190.38.46 - - [18/Nov/2008:17:21:06 +0100] "GET /bannerz/MatrixGamesSpwaw468x60.gif HTTP/1.1" 200 17743 "http://various-euro.com/f-web.html" "Mozilla/5.0 (X11; U; Linux i686; de; rv:1.9.0.4) Gecko/2008111318 Ubuntu/8.10 (intrepid) Firefox/3.0.4"
84.190.38.46 - - [18/Nov/2008:17:21:06 +0100] "GET /bannerz/camu3.jpg HTTP/1.1" 200 2318 "http://various-euro.com/f-web.html" "Mozilla/5.0 (X11; U; Linux i686; de; rv:1.9.0.4) Gecko/2008111318 Ubuntu/8.10 (intrepid) Firefox/3.0.4"
84.190.38.46 - - [18/Nov/2008:17:21:06 +0100] "GET /bannerz/webmasters_click_here.gif HTTP/1.1" 200 1207 "http://various-euro.com/f-web.html" "Mozilla/5.0 (X11; U; Linux i686; de; rv:1.9.0.4) Gecko/2008111318 Ubuntu/8.10 (intrepid) Firefox/3.0.4"
