66.249.71.218 - - [27/Nov/2008:16:58:01 +0100] "GET /zampa/robots.txt HTTP/1.1" 404 2748 "-" "Mozilla/5.0 (compatible; Googlebot/2.1; +http://www.google.com/bot.html)"
66.249.71.6 - - [27/Nov/2008:16:58:01 +0100] "GET /%3E) HTTP/1.1" 302 357 "-" "Mozilla/5.0 (compatible; Googlebot/2.1; +http://www.google.com/bot.html)"
66.249.71.218 - - [27/Nov/2008:16:58:01 +0100] "GET /zampa/%3E) HTTP/1.1" 404 2748 "-" "Mozilla/5.0 (compatible; Googlebot/2.1; +http://www.google.com/bot.html)"
67.195.37.113 - - [27/Nov/2008:17:10:56 +0100] "GET /f-maintitle.html HTTP/1.0" 200 5030 "-" "Mozilla/5.0 (compatible; Yahoo! Slurp/3.0; http://help.yahoo.com/help/us/ysearch/slurp)"
84.190.36.174 - - [27/Nov/2008:17:13:00 +0100] "GET / HTTP/1.1" 200 7869 "-" "Mozilla/5.0 (X11; U; Linux i686; de; rv:1.9.0.4) Gecko/2008111318 Ubuntu/8.10 (intrepid) Firefox/3.0.4"
84.190.36.174 - - [27/Nov/2008:17:13:00 +0100] "GET /style/various-euro.css HTTP/1.1" 200 3437 "http://various-euro.com/" "Mozilla/5.0 (X11; U; Linux i686; de; rv:1.9.0.4) Gecko/2008111318 Ubuntu/8.10 (intrepid) Firefox/3.0.4"
84.190.36.174 - - [27/Nov/2008:17:13:00 +0100] "GET /ve-icon-2.ico HTTP/1.1" 200 2238 "-" "Mozilla/5.0 (X11; U; Linux i686; de; rv:1.9.0.4) Gecko/2008111318 Ubuntu/8.10 (intrepid) Firefox/3.0.4"
84.190.36.174 - - [27/Nov/2008:17:13:01 +0100] "GET /framez_0.html HTTP/1.1" 200 12444 "http://various-euro.com/" "Mozilla/5.0 (X11; U; Linux i686; de; rv:1.9.0.4) Gecko/2008111318 Ubuntu/8.10 (intrepid) Firefox/3.0.4"
84.190.36.174 - - [27/Nov/2008:17:13:03 +0100] "GET /framez.html HTTP/1.1" 200 3959 "http://various-euro.com/framez_0.html" "Mozilla/5.0 (X11; U; Linux i686; de; rv:1.9.0.4) Gecko/2008111318 Ubuntu/8.10 (intrepid) Firefox/3.0.4"
84.190.36.174 - - [27/Nov/2008:17:13:03 +0100] "GET /frame-menu.html HTTP/1.1" 200 10536 "http://various-euro.com/framez.html" "Mozilla/5.0 (X11; U; Linux i686; de; rv:1.9.0.4) Gecko/2008111318 Ubuntu/8.10 (intrepid) Firefox/3.0.4"
84.190.36.174 - - [27/Nov/2008:17:13:03 +0100] "GET /frame-inhalt.html HTTP/1.1" 200 5418 "http://various-euro.com/framez.html" "Mozilla/5.0 (X11; U; Linux i686; de; rv:1.9.0.4) Gecko/2008111318 Ubuntu/8.10 (intrepid) Firefox/3.0.4"
84.190.36.174 - - [27/Nov/2008:17:13:03 +0100] "GET /frame-unten.html HTTP/1.1" 200 5308 "http://various-euro.com/framez.html" "Mozilla/5.0 (X11; U; Linux i686; de; rv:1.9.0.4) Gecko/2008111318 Ubuntu/8.10 (intrepid) Firefox/3.0.4"
84.190.36.174 - - [27/Nov/2008:17:13:03 +0100] "GET /bannerz/neon_click_3.gif HTTP/1.1" 200 240 "http://various-euro.com/frame-inhalt.html" "Mozilla/5.0 (X11; U; Linux i686; de; rv:1.9.0.4) Gecko/2008111318 Ubuntu/8.10 (intrepid) Firefox/3.0.4"
84.190.36.174 - - [27/Nov/2008:17:13:03 +0100] "GET /bannerz/neon_click_2.gif HTTP/1.1" 200 387 "http://various-euro.com/frame-inhalt.html" "Mozilla/5.0 (X11; U; Linux i686; de; rv:1.9.0.4) Gecko/2008111318 Ubuntu/8.10 (intrepid) Firefox/3.0.4"
84.190.36.174 - - [27/Nov/2008:17:13:03 +0100] "GET /eurosign3.gif HTTP/1.1" 200 7879 "http://various-euro.com/frame-inhalt.html" "Mozilla/5.0 (X11; U; Linux i686; de; rv:1.9.0.4) Gecko/2008111318 Ubuntu/8.10 (intrepid) Firefox/3.0.4"
84.190.36.174 - - [27/Nov/2008:17:13:03 +0100] "GET /bannerz/neon_click_1.gif HTTP/1.1" 200 890 "http://various-euro.com/frame-inhalt.html" "Mozilla/5.0 (X11; U; Linux i686; de; rv:1.9.0.4) Gecko/2008111318 Ubuntu/8.10 (intrepid) Firefox/3.0.4"
84.190.36.174 - - [27/Nov/2008:17:13:03 +0100] "GET /bannerz/wet.gif HTTP/1.1" 200 18561 "http://various-euro.com/frame-inhalt.html" "Mozilla/5.0 (X11; U; Linux i686; de; rv:1.9.0.4) Gecko/2008111318 Ubuntu/8.10 (intrepid) Firefox/3.0.4"
84.190.36.174 - - [27/Nov/2008:17:13:03 +0100] "GET /bannerz/douwil.gif HTTP/1.1" 200 528 "http://various-euro.com/frame-inhalt.html" "Mozilla/5.0 (X11; U; Linux i686; de; rv:1.9.0.4) Gecko/2008111318 Ubuntu/8.10 (intrepid) Firefox/3.0.4"
84.190.36.174 - - [27/Nov/2008:17:13:04 +0100] "GET /bannerz/anti_black_small.gif HTTP/1.1" 200 1009 "http://various-euro.com/frame-inhalt.html" "Mozilla/5.0 (X11; U; Linux i686; de; rv:1.9.0.4) Gecko/2008111318 Ubuntu/8.10 (intrepid) Firefox/3.0.4"
84.190.36.174 - - [27/Nov/2008:17:13:04 +0100] "GET /bannerz/copyleft_black_small.gif HTTP/1.1" 200 1231 "http://various-euro.com/frame-inhalt.html" "Mozilla/5.0 (X11; U; Linux i686; de; rv:1.9.0.4) Gecko/2008111318 Ubuntu/8.10 (intrepid) Firefox/3.0.4"
84.190.36.174 - - [27/Nov/2008:17:13:04 +0100] "GET /bannerz/google/Logo_40blk.gif HTTP/1.1" 200 2308 "http://various-euro.com/frame-inhalt.html" "Mozilla/5.0 (X11; U; Linux i686; de; rv:1.9.0.4) Gecko/2008111318 Ubuntu/8.10 (intrepid) Firefox/3.0.4"
84.190.36.174 - - [27/Nov/2008:17:13:03 +0100] "GET /bannerz/goolag_468.jpg HTTP/1.1" 200 28285 "http://various-euro.com/frame-inhalt.html" "Mozilla/5.0 (X11; U; Linux i686; de; rv:1.9.0.4) Gecko/2008111318 Ubuntu/8.10 (intrepid) Firefox/3.0.4"
84.190.36.174 - - [27/Nov/2008:17:13:04 +0100] "GET /bannerz/ve.jpg HTTP/1.1" 200 36912 "http://various-euro.com/frame-unten.html" "Mozilla/5.0 (X11; U; Linux i686; de; rv:1.9.0.4) Gecko/2008111318 Ubuntu/8.10 (intrepid) Firefox/3.0.4"
84.190.36.174 - - [27/Nov/2008:17:13:04 +0100] "GET /bannerz/various-euro-girl.jpg HTTP/1.1" 200 91514 "http://various-euro.com/frame-unten.html" "Mozilla/5.0 (X11; U; Linux i686; de; rv:1.9.0.4) Gecko/2008111318 Ubuntu/8.10 (intrepid) Firefox/3.0.4"
84.190.36.174 - - [27/Nov/2008:17:13:08 +0100] "GET /16cols.gif HTTP/1.1" 404 2748 "http://various-euro.com/f-zeug.html" "Mozilla/5.0 (X11; U; Linux i686; de; rv:1.9.0.4) Gecko/2008111318 Ubuntu/8.10 (intrepid) Firefox/3.0.4"
84.190.36.174 - - [27/Nov/2008:17:13:08 +0100] "GET /f-zeug.html HTTP/1.1" 200 45338 "http://various-euro.com/frame-menu.html" "Mozilla/5.0 (X11; U; Linux i686; de; rv:1.9.0.4) Gecko/2008111318 Ubuntu/8.10 (intrepid) Firefox/3.0.4"
84.190.36.174 - - [27/Nov/2008:17:35:14 +0100] "GET /framez.html HTTP/1.1" 200 3959 "http://various-euro.com/framez_0.html" "Mozilla/5.0 (X11; U; Linux i686; de; rv:1.9.0.4) Gecko/2008111318 Ubuntu/8.10 (intrepid) Firefox/3.0.4"
84.190.36.174 - - [27/Nov/2008:17:35:14 +0100] "GET /style/various-euro.css HTTP/1.1" 200 3437 "http://various-euro.com/framez.html" "Mozilla/5.0 (X11; U; Linux i686; de; rv:1.9.0.4) Gecko/2008111318 Ubuntu/8.10 (intrepid) Firefox/3.0.4"
84.190.36.174 - - [27/Nov/2008:17:35:14 +0100] "GET /frame-menu.html HTTP/1.1" 200 10536 "http://various-euro.com/framez.html" "Mozilla/5.0 (X11; U; Linux i686; de; rv:1.9.0.4) Gecko/2008111318 Ubuntu/8.10 (intrepid) Firefox/3.0.4"
84.190.36.174 - - [27/Nov/2008:17:35:14 +0100] "GET /frame-inhalt.html HTTP/1.1" 200 5418 "http://various-euro.com/framez.html" "Mozilla/5.0 (X11; U; Linux i686; de; rv:1.9.0.4) Gecko/2008111318 Ubuntu/8.10 (intrepid) Firefox/3.0.4"
84.190.36.174 - - [27/Nov/2008:17:35:15 +0100] "GET /frame-unten.html HTTP/1.1" 200 5308 "http://various-euro.com/framez.html" "Mozilla/5.0 (X11; U; Linux i686; de; rv:1.9.0.4) Gecko/2008111318 Ubuntu/8.10 (intrepid) Firefox/3.0.4"
84.190.36.174 - - [27/Nov/2008:17:35:17 +0100] "GET /16cols.gif HTTP/1.1" 404 2748 "http://various-euro.com/f-zeug.html" "Mozilla/5.0 (X11; U; Linux i686; de; rv:1.9.0.4) Gecko/2008111318 Ubuntu/8.10 (intrepid) Firefox/3.0.4"
84.190.36.174 - - [27/Nov/2008:17:35:17 +0100] "GET /f-zeug.html HTTP/1.1" 200 45266 "http://various-euro.com/frame-menu.html" "Mozilla/5.0 (X11; U; Linux i686; de; rv:1.9.0.4) Gecko/2008111318 Ubuntu/8.10 (intrepid) Firefox/3.0.4"
84.190.36.174 - - [27/Nov/2008:17:35:43 +0100] "GET /16cols.gif HTTP/1.1" 404 2748 "http://various-euro.com/f-zeug.html" "Mozilla/5.0 (X11; U; Linux i686; de; rv:1.9.0.4) Gecko/2008111318 Ubuntu/8.10 (intrepid) Firefox/3.0.4"
84.190.36.174 - - [27/Nov/2008:17:37:59 +0100] "GET /16cols.gif HTTP/1.1" 404 2748 "http://various-euro.com/f-zeug.html" "Mozilla/5.0 (X11; U; Linux i686; de; rv:1.9.0.4) Gecko/2008111318 Ubuntu/8.10 (intrepid) Firefox/3.0.4"
84.190.36.174 - - [27/Nov/2008:17:37:59 +0100] "GET /f-zeug.html HTTP/1.1" 200 47046 "http://various-euro.com/frame-menu.html" "Mozilla/5.0 (X11; U; Linux i686; de; rv:1.9.0.4) Gecko/2008111318 Ubuntu/8.10 (intrepid) Firefox/3.0.4"
84.190.36.174 - - [27/Nov/2008:17:39:17 +0100] "GET /16cols.gif HTTP/1.1" 404 2748 "http://various-euro.com/f-zeug.html" "Mozilla/5.0 (X11; U; Linux i686; de; rv:1.9.0.4) Gecko/2008111318 Ubuntu/8.10 (intrepid) Firefox/3.0.4"
84.190.36.174 - - [27/Nov/2008:17:39:17 +0100] "GET /f-zeug.html HTTP/1.1" 200 75411 "http://various-euro.com/frame-menu.html" "Mozilla/5.0 (X11; U; Linux i686; de; rv:1.9.0.4) Gecko/2008111318 Ubuntu/8.10 (intrepid) Firefox/3.0.4"
84.190.36.174 - - [27/Nov/2008:17:41:04 +0100] "GET /16cols.gif HTTP/1.1" 404 2748 "http://various-euro.com/f-zeug.html" "Mozilla/5.0 (X11; U; Linux i686; de; rv:1.9.0.4) Gecko/2008111318 Ubuntu/8.10 (intrepid) Firefox/3.0.4"
84.190.36.174 - - [27/Nov/2008:17:41:04 +0100] "GET /f-zeug.html HTTP/1.1" 200 45264 "http://various-euro.com/frame-menu.html" "Mozilla/5.0 (X11; U; Linux i686; de; rv:1.9.0.4) Gecko/2008111318 Ubuntu/8.10 (intrepid) Firefox/3.0.4"
84.190.36.174 - - [27/Nov/2008:17:42:17 +0100] "GET /f-zeug.html HTTP/1.1" 200 7267 "http://various-euro.com/frame-menu.html" "Mozilla/5.0 (X11; U; Linux i686; de; rv:1.9.0.4) Gecko/2008111318 Ubuntu/8.10 (intrepid) Firefox/3.0.4"
84.190.36.174 - - [27/Nov/2008:17:42:17 +0100] "GET /16cols.gif HTTP/1.1" 404 2748 "http://various-euro.com/f-zeug.html" "Mozilla/5.0 (X11; U; Linux i686; de; rv:1.9.0.4) Gecko/2008111318 Ubuntu/8.10 (intrepid) Firefox/3.0.4"
84.190.36.174 - - [27/Nov/2008:17:42:24 +0100] "GET /f-zeug.html HTTP/1.1" 200 7267 "http://various-euro.com/frame-menu.html" "Mozilla/5.0 (X11; U; Linux i686; de; rv:1.9.0.4) Gecko/2008111318 Ubuntu/8.10 (intrepid) Firefox/3.0.4"
84.190.36.174 - - [27/Nov/2008:17:42:24 +0100] "GET /16cols.gif HTTP/1.1" 404 2748 "http://various-euro.com/f-zeug.html" "Mozilla/5.0 (X11; U; Linux i686; de; rv:1.9.0.4) Gecko/2008111318 Ubuntu/8.10 (intrepid) Firefox/3.0.4"
84.190.36.174 - - [27/Nov/2008:17:43:33 +0100] "GET /f-zeug.html HTTP/1.1" 200 - "http://various-euro.com/frame-menu.html" "Mozilla/5.0 (X11; U; Linux i686; de; rv:1.9.0.4) Gecko/2008111318 Ubuntu/8.10 (intrepid) Firefox/3.0.4"
84.190.36.174 - - [27/Nov/2008:17:43:36 +0100] "GET /f-zeug.html HTTP/1.1" 200 6845 "http://various-euro.com/frame-menu.html" "Mozilla/5.0 (X11; U; Linux i686; de; rv:1.9.0.4) Gecko/2008111318 Ubuntu/8.10 (intrepid) Firefox/3.0.4"
84.190.36.174 - - [27/Nov/2008:17:43:37 +0100] "GET /16cols.gif HTTP/1.1" 404 2748 "http://various-euro.com/f-zeug.html" "Mozilla/5.0 (X11; U; Linux i686; de; rv:1.9.0.4) Gecko/2008111318 Ubuntu/8.10 (intrepid) Firefox/3.0.4"
84.190.36.174 - - [27/Nov/2008:17:43:38 +0100] "GET /f-zeug.html HTTP/1.1" 200 6845 "http://various-euro.com/frame-menu.html" "Mozilla/5.0 (X11; U; Linux i686; de; rv:1.9.0.4) Gecko/2008111318 Ubuntu/8.10 (intrepid) Firefox/3.0.4"
84.190.36.174 - - [27/Nov/2008:17:43:38 +0100] "GET /16cols.gif HTTP/1.1" 404 2748 "http://various-euro.com/f-zeug.html" "Mozilla/5.0 (X11; U; Linux i686; de; rv:1.9.0.4) Gecko/2008111318 Ubuntu/8.10 (intrepid) Firefox/3.0.4"
74.6.8.98 - - [27/Nov/2008:18:18:37 +0100] "GET /robots.txt HTTP/1.0" 200 64 "-" "Mozilla/5.0 (compatible; Yahoo! Slurp; http://help.yahoo.com/help/us/ysearch/slurp)"
74.6.8.98 - - [27/Nov/2008:18:18:38 +0100] "GET /bmpp/18_x.html HTTP/1.0" 200 1100 "-" "Mozilla/5.0 (compatible; Yahoo! Slurp; http://help.yahoo.com/help/us/ysearch/slurp)"
74.52.245.146 - - [27/Nov/2008:18:49:48 +0100] "GET / HTTP/1.0" 200 7869 "-" "Mozilla/5.0 (X11; U; Linux i686; en-US; rv:1.7.5) Gecko/20041107 Firefox/1.0"
74.6.8.98 - - [27/Nov/2008:18:50:40 +0100] "GET /schubb/schubb-3.html HTTP/1.0" 200 17546 "-" "Mozilla/5.0 (compatible; Yahoo! Slurp; http://help.yahoo.com/help/us/ysearch/slurp)"
81.52.143.16 - - [27/Nov/2008:18:51:50 +0100] "GET /neon/warning.html HTTP/1.1" 200 5134 "-" "Mozilla/5.0 (Windows; U; Windows NT 5.1; fr; rv:1.8.1) VoilaBot BETA 1.2 (support.voilabot@orange-ftgroup.com)"
67.195.37.113 - - [27/Nov/2008:19:03:10 +0100] "GET /zampa/wonderland/index.html HTTP/1.0" 200 2084 "-" "Mozilla/5.0 (compatible; Yahoo! Slurp/3.0; http://help.yahoo.com/help/us/ysearch/slurp)"
67.195.37.113 - - [27/Nov/2008:19:05:22 +0100] "GET / HTTP/1.0" 200 7869 "http://kickme.to/ve" "Mozilla/5.0 (compatible; Yahoo! Slurp/3.0; http://help.yahoo.com/help/us/ysearch/slurp)"
67.195.37.113 - - [27/Nov/2008:19:05:23 +0100] "GET /style/various-euro.css HTTP/1.0" 304 - "http://www.various-euro.com/" "Mozilla/5.0 (compatible; Yahoo! Slurp/3.0; http://help.yahoo.com/help/us/ysearch/slurp)"
66.249.71.217 - - [27/Nov/2008:19:30:17 +0100] "GET /f-euro.html HTTP/1.1" 200 12203 "-" "Mozilla/5.0 (compatible; Googlebot/2.1; +http://www.google.com/bot.html)"
67.195.37.113 - - [27/Nov/2008:19:38:23 +0100] "GET /neon/girl-tv.html HTTP/1.0" 200 1717 "-" "Mozilla/5.0 (compatible; Yahoo! Slurp; http://help.yahoo.com/help/us/ysearch/slurp)"
211.115.110.118 - - [27/Nov/2008:19:52:53 +0100] "GET /cgi-bin/awstats/awstats.pl?configdir=|echo;id;echo| HTTP/1.0" 404 2748 "-" "DataCha0s/2.0"
211.115.110.118 - - [27/Nov/2008:19:52:53 +0100] "GET /awstats.pl?configdir=|echo;id;echo| HTTP/1.0" 404 2748 "-" "DataCha0s/2.0"
211.115.110.118 - - [27/Nov/2008:19:52:53 +0100] "GET /awstats/awstats.pl?configdir=|echo;id;echo| HTTP/1.0" 404 2748 "-" "DataCha0s/2.0"
211.115.110.118 - - [27/Nov/2008:19:52:53 +0100] "GET /cgi-bin/awstats.pl?configdir=|echo;id;echo| HTTP/1.0" 404 2748 "-" "DataCha0s/2.0"
74.6.8.98 - - [27/Nov/2008:19:59:38 +0100] "GET /neon/euro.html HTTP/1.0" 200 2212 "-" "Mozilla/5.0 (compatible; Yahoo! Slurp; http://help.yahoo.com/help/us/ysearch/slurp)"
193.252.149.15 - - [27/Nov/2008:20:15:29 +0100] "GET /neon/euro.html HTTP/1.1" 200 2212 "-" "Mozilla/5.0 (Windows; U; Windows NT 5.1; fr; rv:1.8.1) VoilaBot BETA 1.2 (support.voilabot@orange-ftgroup.com)"
65.55.211.165 - - [27/Nov/2008:20:20:47 +0100] "GET /robots.txt HTTP/1.1" 200 64 "-" "msnbot/1.1 (+http://search.msn.com/msnbot.htm)"
65.55.211.165 - - [27/Nov/2008:20:20:47 +0100] "GET /triple-double-u/ HTTP/1.1" 403 1223 "-" "msnbot/1.1 (+http://search.msn.com/msnbot.htm)"
67.195.37.113 - - [27/Nov/2008:20:20:59 +0100] "GET /f-search.html HTTP/1.0" 200 11800 "-" "Mozilla/5.0 (compatible; Yahoo! Slurp; http://help.yahoo.com/help/us/ysearch/slurp)"
38.108.180.65 - - [27/Nov/2008:20:37:18 +0100] "GET /robots.txt HTTP/1.1" 200 64 "-" "Mozilla/5.0 (compatible; ScoutJet; +http://www.scoutjet.com/)"
38.108.180.65 - - [27/Nov/2008:20:37:20 +0100] "GET /bmpp/euro_pal_111.html HTTP/1.1" 200 2129 "-" "Mozilla/5.0 (compatible; ScoutJet; +http://www.scoutjet.com/)"
38.108.180.65 - - [27/Nov/2008:20:40:23 +0100] "GET /f-horrorkatze.html HTTP/1.1" 200 7865 "-" "Mozilla/5.0 (compatible; ScoutJet; +http://www.scoutjet.com/)"
74.6.8.98 - - [27/Nov/2008:21:18:22 +0100] "GET /neon/warning2.html HTTP/1.0" 200 997 "-" "Mozilla/5.0 (compatible; Yahoo! Slurp; http://help.yahoo.com/help/us/ysearch/slurp)"
67.195.37.113 - - [27/Nov/2008:21:21:31 +0100] "GET /neon/code.html HTTP/1.0" 200 1109 "-" "Mozilla/5.0 (compatible; Yahoo! Slurp/3.0; http://help.yahoo.com/help/us/ysearch/slurp)"
193.252.149.15 - - [27/Nov/2008:21:57:20 +0100] "GET /bmpp/euro_pal_111.html HTTP/1.1" 200 2129 "-" "Mozilla/5.0 (Windows; U; Windows NT 5.1; fr; rv:1.8.1) VoilaBot BETA 1.2 (support.voilabot@orange-ftgroup.com)"
74.6.8.98 - - [27/Nov/2008:21:57:28 +0100] "GET /neon/euro.html HTTP/1.0" 200 2212 "-" "Mozilla/5.0 (compatible; Yahoo! Slurp; http://help.yahoo.com/help/us/ysearch/slurp)"
208.36.144.6 - - [27/Nov/2008:22:07:53 +0100] "GET /robots.txt HTTP/1.0" 302 363 "-" "Mozilla/5.0 (Twiceler-0.9 http://www.cuil.com/twiceler/robot.html)"
38.108.180.17 - - [27/Nov/2008:22:26:45 +0100] "GET /robots.txt HTTP/1.1" 200 64 "-" "Mozilla/5.0 (compatible; ScoutJet; +http://www.scoutjet.com/)"
38.108.180.17 - - [27/Nov/2008:22:26:47 +0100] "GET /DgH/orginal/index.html HTTP/1.1" 200 1727 "-" "Mozilla/5.0 (compatible; ScoutJet; +http://www.scoutjet.com/)"
38.108.180.17 - - [27/Nov/2008:22:29:53 +0100] "GET /schubb/schubb-3.html HTTP/1.1" 200 17546 "-" "Mozilla/5.0 (compatible; ScoutJet; +http://www.scoutjet.com/)"
38.108.180.17 - - [27/Nov/2008:22:32:24 +0100] "GET /f-search.html HTTP/1.1" 200 11800 "-" "Mozilla/5.0 (compatible; ScoutJet; +http://www.scoutjet.com/)"
38.108.180.17 - - [27/Nov/2008:22:35:05 +0100] "GET /neon/left-one-new.html HTTP/1.1" 200 1483 "-" "Mozilla/5.0 (compatible; ScoutJet; +http://www.scoutjet.com/)"
38.108.180.17 - - [27/Nov/2008:22:38:22 +0100] "GET /logz.html HTTP/1.1" 404 2748 "-" "Mozilla/5.0 (compatible; ScoutJet; +http://www.scoutjet.com/)"
82.114.68.250 - - [27/Nov/2008:22:38:30 +0100] "GET / HTTP/1.1" 302 353 "http://www.google.com/search?client=safari&rls=en-us&q=zampa+di+leone&ie=UTF-8&oe=UTF-8" "Mozilla/5.0 (Macintosh; U; Intel Mac OS X 10_5_5; en-us) AppleWebKit/525.18 (KHTML, like Gecko) Version/3.1.2 Safari/525.20.1"
82.114.68.250 - - [27/Nov/2008:22:38:30 +0100] "GET /zampa/ HTTP/1.1" 200 7153 "http://www.google.com/search?client=safari&rls=en-us&q=zampa+di+leone&ie=UTF-8&oe=UTF-8" "Mozilla/5.0 (Macintosh; U; Intel Mac OS X 10_5_5; en-us) AppleWebKit/525.18 (KHTML, like Gecko) Version/3.1.2 Safari/525.20.1"
82.114.68.250 - - [27/Nov/2008:22:38:30 +0100] "GET /zampa/slike/zampa.gif HTTP/1.1" 200 5310 "http://www.various-euro.com/zampa/" "Mozilla/5.0 (Macintosh; U; Intel Mac OS X 10_5_5; en-us) AppleWebKit/525.18 (KHTML, like Gecko) Version/3.1.2 Safari/525.20.1"
82.114.68.250 - - [27/Nov/2008:22:38:31 +0100] "GET /zampa/slike/udupetu.gif HTTP/1.1" 200 4138 "http://www.various-euro.com/zampa/" "Mozilla/5.0 (Macintosh; U; Intel Mac OS X 10_5_5; en-us) AppleWebKit/525.18 (KHTML, like Gecko) Version/3.1.2 Safari/525.20.1"
82.114.68.250 - - [27/Nov/2008:22:38:31 +0100] "GET /zampa/slike/inthearse.gif HTTP/1.1" 200 4077 "http://www.various-euro.com/zampa/" "Mozilla/5.0 (Macintosh; U; Intel Mac OS X 10_5_5; en-us) AppleWebKit/525.18 (KHTML, like Gecko) Version/3.1.2 Safari/525.20.1"
82.114.68.250 - - [27/Nov/2008:22:38:31 +0100] "GET /favicon.ico HTTP/1.1" 404 2748 "http://www.various-euro.com/zampa/" "Mozilla/5.0 (Macintosh; U; Intel Mac OS X 10_5_5; en-us) AppleWebKit/525.18 (KHTML, like Gecko) Version/3.1.2 Safari/525.20.1"
38.108.180.17 - - [27/Nov/2008:22:39:35 +0100] "GET /zampa-lovers/index.html HTTP/1.1" 200 37790 "-" "Mozilla/5.0 (compatible; ScoutJet; +http://www.scoutjet.com/)"
67.195.37.113 - - [27/Nov/2008:22:43:50 +0100] "GET /neon/girlz2.html HTTP/1.0" 200 2937 "-" "Mozilla/5.0 (compatible; Yahoo! Slurp/3.0; http://help.yahoo.com/help/us/ysearch/slurp)"
193.252.149.16 - - [27/Nov/2008:23:07:00 +0100] "GET /bmpp/18start.html HTTP/1.1" 200 320 "-" "Mozilla/5.0 (Windows; U; Windows NT 5.1; fr; rv:1.8.1) VoilaBot BETA 1.2 (support.voilabot@orange-ftgroup.com)"
72.30.161.252 - - [27/Nov/2008:23:26:10 +0100] "GET /robots.txt HTTP/1.0" 200 64 "-" "Mozilla/5.0 (compatible; Yahoo! Slurp; http://help.yahoo.com/help/us/ysearch/slurp)"
72.30.161.252 - - [27/Nov/2008:23:26:11 +0100] "GET /bmpp/18.html HTTP/1.0" 200 4467 "-" "Mozilla/5.0 (compatible; Yahoo! Slurp; http://help.yahoo.com/help/us/ysearch/slurp)"
84.190.36.174 - - [27/Nov/2008:23:31:20 +0100] "GET /16cols.gif HTTP/1.1" 404 2748 "http://various-euro.com/f-zeug.html" "Mozilla/5.0 (X11; U; Linux i686; de; rv:1.9.0.4) Gecko/2008111318 Ubuntu/8.10 (intrepid) Firefox/3.0.4"
84.190.36.174 - - [27/Nov/2008:23:31:20 +0100] "GET /f-zeug.html HTTP/1.1" 200 47957 "http://various-euro.com/frame-menu.html" "Mozilla/5.0 (X11; U; Linux i686; de; rv:1.9.0.4) Gecko/2008111318 Ubuntu/8.10 (intrepid) Firefox/3.0.4"
84.190.36.174 - - [27/Nov/2008:23:34:47 +0100] "GET /16cols.gif HTTP/1.1" 404 2748 "http://various-euro.com/f-zeug.html" "Mozilla/5.0 (X11; U; Linux i686; de; rv:1.9.0.4) Gecko/2008111318 Ubuntu/8.10 (intrepid) Firefox/3.0.4"
84.190.36.174 - - [27/Nov/2008:23:34:47 +0100] "GET /f-zeug.html HTTP/1.1" 200 48203 "http://various-euro.com/frame-menu.html" "Mozilla/5.0 (X11; U; Linux i686; de; rv:1.9.0.4) Gecko/2008111318 Ubuntu/8.10 (intrepid) Firefox/3.0.4"
67.215.234.250 - - [27/Nov/2008:23:49:49 +0100] "HEAD / HTTP/1.1" 200 - "-" "swish-e http://swish-e.org/"
67.215.234.250 - - [27/Nov/2008:23:49:49 +0100] "GET / HTTP/1.1" 200 7869 "-" "swish-e http://swish-e.org/"
67.215.234.250 - - [27/Nov/2008:23:49:50 +0100] "HEAD /framez.html HTTP/1.1" 200 - "http://www.various-euro.com" "swish-e http://swish-e.org/"
67.215.234.250 - - [27/Nov/2008:23:49:50 +0100] "GET /framez.html HTTP/1.1" 200 3959 "http://www.various-euro.com" "swish-e http://swish-e.org/"
67.215.234.250 - - [27/Nov/2008:23:49:50 +0100] "HEAD /frame-menu.html HTTP/1.1" 200 - "http://www.various-euro.com/framez.html" "swish-e http://swish-e.org/"
67.215.234.250 - - [27/Nov/2008:23:49:50 +0100] "GET /frame-menu.html HTTP/1.1" 200 10536 "http://www.various-euro.com/framez.html" "swish-e http://swish-e.org/"
67.215.234.250 - - [27/Nov/2008:23:49:51 +0100] "HEAD /frame-inhalt.html HTTP/1.1" 200 - "http://www.various-euro.com/framez.html" "swish-e http://swish-e.org/"
67.215.234.250 - - [27/Nov/2008:23:49:51 +0100] "GET /frame-inhalt.html HTTP/1.1" 200 5418 "http://www.various-euro.com/framez.html" "swish-e http://swish-e.org/"
67.215.234.250 - - [27/Nov/2008:23:49:52 +0100] "HEAD /frame-unten.html HTTP/1.1" 200 - "http://www.various-euro.com/framez.html" "swish-e http://swish-e.org/"
67.215.234.250 - - [27/Nov/2008:23:49:52 +0100] "GET /frame-unten.html HTTP/1.1" 200 5308 "http://www.various-euro.com/framez.html" "swish-e http://swish-e.org/"
67.215.234.250 - - [27/Nov/2008:23:49:52 +0100] "HEAD /f-search.html HTTP/1.1" 200 - "http://www.various-euro.com/frame-menu.html" "swish-e http://swish-e.org/"
67.215.234.250 - - [27/Nov/2008:23:49:52 +0100] "GET /f-search.html HTTP/1.1" 200 11800 "http://www.various-euro.com/frame-menu.html" "swish-e http://swish-e.org/"
67.215.234.250 - - [27/Nov/2008:23:49:53 +0100] "HEAD /f-contact.html HTTP/1.1" 200 - "http://www.various-euro.com/frame-menu.html" "swish-e http://swish-e.org/"
67.215.234.250 - - [27/Nov/2008:23:49:53 +0100] "GET /f-contact.html HTTP/1.1" 200 6804 "http://www.various-euro.com/frame-menu.html" "swish-e http://swish-e.org/"
67.215.234.250 - - [27/Nov/2008:23:49:53 +0100] "HEAD /f-sponsor.html HTTP/1.1" 200 - "http://www.various-euro.com/frame-menu.html" "swish-e http://swish-e.org/"
67.215.234.250 - - [27/Nov/2008:23:49:53 +0100] "GET /f-sponsor.html HTTP/1.1" 200 8578 "http://www.various-euro.com/frame-menu.html" "swish-e http://swish-e.org/"
67.215.234.250 - - [27/Nov/2008:23:49:54 +0100] "HEAD /f-warez.html HTTP/1.1" 200 - "http://www.various-euro.com/frame-menu.html" "swish-e http://swish-e.org/"
67.215.234.250 - - [27/Nov/2008:23:49:54 +0100] "GET /f-warez.html HTTP/1.1" 200 10953 "http://www.various-euro.com/frame-menu.html" "swish-e http://swish-e.org/"
67.215.234.250 - - [27/Nov/2008:23:49:54 +0100] "HEAD /f-web.html HTTP/1.1" 200 - "http://www.various-euro.com/frame-menu.html" "swish-e http://swish-e.org/"
67.215.234.250 - - [27/Nov/2008:23:49:55 +0100] "GET /f-web.html HTTP/1.1" 200 13605 "http://www.various-euro.com/frame-menu.html" "swish-e http://swish-e.org/"
67.215.234.250 - - [27/Nov/2008:23:49:56 +0100] "HEAD /f-net.html HTTP/1.1" 200 - "http://www.various-euro.com/frame-menu.html" "swish-e http://swish-e.org/"
67.215.234.250 - - [27/Nov/2008:23:49:56 +0100] "GET /f-net.html HTTP/1.1" 200 9913 "http://www.various-euro.com/frame-menu.html" "swish-e http://swish-e.org/"
67.215.234.250 - - [27/Nov/2008:23:49:56 +0100] "HEAD /f-euro.html HTTP/1.1" 200 - "http://www.various-euro.com/frame-menu.html" "swish-e http://swish-e.org/"
67.215.234.250 - - [27/Nov/2008:23:49:56 +0100] "GET /f-euro.html HTTP/1.1" 200 12203 "http://www.various-euro.com/frame-menu.html" "swish-e http://swish-e.org/"
67.215.234.250 - - [27/Nov/2008:23:49:56 +0100] "HEAD /f-zeug.html HTTP/1.1" 200 - "http://www.various-euro.com/frame-menu.html" "swish-e http://swish-e.org/"
67.215.234.250 - - [27/Nov/2008:23:49:57 +0100] "GET /f-zeug.html HTTP/1.1" 200 48203 "http://www.various-euro.com/frame-menu.html" "swish-e http://swish-e.org/"
67.215.234.250 - - [27/Nov/2008:23:49:57 +0100] "HEAD /f-other.html HTTP/1.1" 200 - "http://www.various-euro.com/frame-menu.html" "swish-e http://swish-e.org/"
67.215.234.250 - - [27/Nov/2008:23:49:58 +0100] "GET /f-other.html HTTP/1.1" 200 33189 "http://www.various-euro.com/frame-menu.html" "swish-e http://swish-e.org/"
67.215.234.250 - - [27/Nov/2008:23:49:58 +0100] "HEAD /f-world.html HTTP/1.1" 200 - "http://www.various-euro.com/frame-menu.html" "swish-e http://swish-e.org/"
67.215.234.250 - - [27/Nov/2008:23:49:58 +0100] "GET /f-world.html HTTP/1.1" 200 35590 "http://www.various-euro.com/frame-menu.html" "swish-e http://swish-e.org/"
67.215.234.250 - - [27/Nov/2008:23:49:59 +0100] "HEAD /f-channel1.html HTTP/1.1" 200 - "http://www.various-euro.com/frame-menu.html" "swish-e http://swish-e.org/"
67.215.234.250 - - [27/Nov/2008:23:49:59 +0100] "GET /f-channel1.html HTTP/1.1" 200 8471 "http://www.various-euro.com/frame-menu.html" "swish-e http://swish-e.org/"
67.215.234.250 - - [27/Nov/2008:23:49:59 +0100] "HEAD /your_tour.html HTTP/1.1" 200 - "http://www.various-euro.com/frame-menu.html" "swish-e http://swish-e.org/"
67.215.234.250 - - [27/Nov/2008:23:49:59 +0100] "GET /your_tour.html HTTP/1.1" 200 31731 "http://www.various-euro.com/frame-menu.html" "swish-e http://swish-e.org/"
67.215.234.250 - - [27/Nov/2008:23:50:05 +0100] "HEAD /logs/ HTTP/1.1" 200 - "http://www.various-euro.com/frame-menu.html" "swish-e http://swish-e.org/"
67.215.234.250 - - [27/Nov/2008:23:50:05 +0100] "GET /logs/ HTTP/1.1" 200 10079 "http://www.various-euro.com/frame-menu.html" "swish-e http://swish-e.org/"
67.215.234.250 - - [27/Nov/2008:23:50:05 +0100] "HEAD /f-bannnerz.html HTTP/1.1" 200 - "http://www.various-euro.com/frame-menu.html" "swish-e http://swish-e.org/"
67.215.234.250 - - [27/Nov/2008:23:50:05 +0100] "GET /f-bannnerz.html HTTP/1.1" 200 12651 "http://www.various-euro.com/frame-menu.html" "swish-e http://swish-e.org/"
67.215.234.250 - - [27/Nov/2008:23:50:06 +0100] "HEAD /f-doku-brau.html HTTP/1.1" 200 - "http://www.various-euro.com/frame-menu.html" "swish-e http://swish-e.org/"
67.215.234.250 - - [27/Nov/2008:23:50:06 +0100] "GET /f-doku-brau.html HTTP/1.1" 200 7152 "http://www.various-euro.com/frame-menu.html" "swish-e http://swish-e.org/"
67.215.234.250 - - [27/Nov/2008:23:50:06 +0100] "HEAD /restate_copy.html HTTP/1.1" 200 - "http://www.various-euro.com/frame-menu.html" "swish-e http://swish-e.org/"
67.215.234.250 - - [27/Nov/2008:23:50:06 +0100] "GET /restate_copy.html HTTP/1.1" 200 97631 "http://www.various-euro.com/frame-menu.html" "swish-e http://swish-e.org/"
67.215.234.250 - - [27/Nov/2008:23:50:07 +0100] "HEAD /f-rez.html HTTP/1.1" 200 - "http://www.various-euro.com/frame-menu.html" "swish-e http://swish-e.org/"
67.215.234.250 - - [27/Nov/2008:23:50:08 +0100] "GET /f-rez.html HTTP/1.1" 200 9765 "http://www.various-euro.com/frame-menu.html" "swish-e http://swish-e.org/"
67.215.234.250 - - [27/Nov/2008:23:50:08 +0100] "HEAD /f-horrorkatze.html HTTP/1.1" 200 - "http://www.various-euro.com/frame-menu.html" "swish-e http://swish-e.org/"
67.215.234.250 - - [27/Nov/2008:23:50:08 +0100] "GET /f-horrorkatze.html HTTP/1.1" 200 7865 "http://www.various-euro.com/frame-menu.html" "swish-e http://swish-e.org/"
67.215.234.250 - - [27/Nov/2008:23:50:08 +0100] "HEAD /sendi_agent.html HTTP/1.1" 200 - "http://www.various-euro.com/frame-menu.html" "swish-e http://swish-e.org/"
67.215.234.250 - - [27/Nov/2008:23:50:08 +0100] "GET /sendi_agent.html HTTP/1.1" 200 6213 "http://www.various-euro.com/frame-menu.html" "swish-e http://swish-e.org/"
67.215.234.250 - - [27/Nov/2008:23:50:09 +0100] "HEAD /zampa-lovers/index.html HTTP/1.1" 200 - "http://www.various-euro.com/frame-menu.html" "swish-e http://swish-e.org/"
67.215.234.250 - - [27/Nov/2008:23:50:09 +0100] "GET /zampa-lovers/index.html HTTP/1.1" 200 37790 "http://www.various-euro.com/frame-menu.html" "swish-e http://swish-e.org/"
67.215.234.250 - - [27/Nov/2008:23:50:09 +0100] "HEAD /f-actions.html HTTP/1.1" 200 - "http://www.various-euro.com/frame-menu.html" "swish-e http://swish-e.org/"
67.215.234.250 - - [27/Nov/2008:23:50:10 +0100] "GET /f-actions.html HTTP/1.1" 200 10429 "http://www.various-euro.com/frame-menu.html" "swish-e http://swish-e.org/"
67.215.234.250 - - [27/Nov/2008:23:50:10 +0100] "HEAD /bmpp/euro_pal_1.html HTTP/1.1" 200 - "http://www.various-euro.com/frame-inhalt.html" "swish-e http://swish-e.org/"
67.215.234.250 - - [27/Nov/2008:23:50:10 +0100] "GET /bmpp/euro_pal_1.html HTTP/1.1" 200 18252 "http://www.various-euro.com/frame-inhalt.html" "swish-e http://swish-e.org/"
67.215.234.250 - - [27/Nov/2008:23:50:10 +0100] "HEAD /neon/euro.html HTTP/1.1" 200 - "http://www.various-euro.com/frame-inhalt.html" "swish-e http://swish-e.org/"
67.215.234.250 - - [27/Nov/2008:23:50:12 +0100] "GET /neon/euro.html HTTP/1.1" 200 2212 "http://www.various-euro.com/frame-inhalt.html" "swish-e http://swish-e.org/"
67.215.234.250 - - [27/Nov/2008:23:50:12 +0100] "HEAD /schubb/schubb-1.html HTTP/1.1" 200 - "http://www.various-euro.com/frame-inhalt.html" "swish-e http://swish-e.org/"
67.215.234.250 - - [27/Nov/2008:23:50:13 +0100] "GET /schubb/schubb-1.html HTTP/1.1" 200 9070 "http://www.various-euro.com/frame-inhalt.html" "swish-e http://swish-e.org/"
67.215.234.250 - - [27/Nov/2008:23:50:13 +0100] "HEAD /f-maintitle.html HTTP/1.1" 200 - "http://www.various-euro.com/frame-inhalt.html" "swish-e http://swish-e.org/"
67.215.234.250 - - [27/Nov/2008:23:50:13 +0100] "GET /f-maintitle.html HTTP/1.1" 200 5030 "http://www.various-euro.com/frame-inhalt.html" "swish-e http://swish-e.org/"
67.215.234.250 - - [27/Nov/2008:23:50:13 +0100] "HEAD /bmpp/euro_pal_111.html HTTP/1.1" 200 - "http://www.various-euro.com/frame-inhalt.html" "swish-e http://swish-e.org/"
67.215.234.250 - - [27/Nov/2008:23:50:14 +0100] "GET /bmpp/euro_pal_111.html HTTP/1.1" 200 2129 "http://www.various-euro.com/frame-inhalt.html" "swish-e http://swish-e.org/"
67.215.234.250 - - [27/Nov/2008:23:50:14 +0100] "HEAD /partnergegenberlin.html HTTP/1.1" 200 - "http://www.various-euro.com/frame-inhalt.html" "swish-e http://swish-e.org/"
67.215.234.250 - - [27/Nov/2008:23:50:14 +0100] "GET /partnergegenberlin.html HTTP/1.1" 200 5022 "http://www.various-euro.com/frame-inhalt.html" "swish-e http://swish-e.org/"
81.52.143.16 - - [27/Nov/2008:23:50:18 +0100] "GET /bmpp/18_x.html HTTP/1.1" 200 1100 "-" "Mozilla/5.0 (Windows; U; Windows NT 5.1; fr; rv:1.8.1) VoilaBot BETA 1.2 (support.voilabot@orange-ftgroup.com)"
72.30.161.252 - - [28/Nov/2008:00:02:00 +0100] "GET /f-actions.html HTTP/1.0" 200 10429 "-" "Mozilla/5.0 (compatible; Yahoo! Slurp; http://help.yahoo.com/help/us/ysearch/slurp)"
138.89.73.253 - - [28/Nov/2008:01:04:54 +0100] "GET / HTTP/1.0" 200 7869 "http://uheofpf.bravepages.com/unlawful-payday-loans-colorado.html" "Mozilla/5.0 (Windows; U; WinNT4.0; en-US; rv:1.2) Gecko/20021126"
194.149.110.153 - - [28/Nov/2008:01:37:03 +0100] "GET / HTTP/1.1" 302 353 "http://www.google.cz/search?q=zampa+di+leone&ie=utf-8&oe=utf-8&aq=t&rls=org.mozilla:en-US:official&client=firefox-a" "Mozilla/5.0 (Windows; U; Windows NT 5.1; en-US; rv:1.9.0.3) Gecko/2008092417 Firefox/3.0.3 (.NET CLR 3.5.30729)"
194.149.110.153 - - [28/Nov/2008:01:37:03 +0100] "GET /zampa/ HTTP/1.1" 200 7153 "http://www.google.cz/search?q=zampa+di+leone&ie=utf-8&oe=utf-8&aq=t&rls=org.mozilla:en-US:official&client=firefox-a" "Mozilla/5.0 (Windows; U; Windows NT 5.1; en-US; rv:1.9.0.3) Gecko/2008092417 Firefox/3.0.3 (.NET CLR 3.5.30729)"
194.149.110.153 - - [28/Nov/2008:01:37:04 +0100] "GET /zampa/slike/zampa.gif HTTP/1.1" 200 5310 "http://www.various-euro.com/zampa/" "Mozilla/5.0 (Windows; U; Windows NT 5.1; en-US; rv:1.9.0.3) Gecko/2008092417 Firefox/3.0.3 (.NET CLR 3.5.30729)"
194.149.110.153 - - [28/Nov/2008:01:37:04 +0100] "GET /zampa/slike/udupetu.gif HTTP/1.1" 200 4138 "http://www.various-euro.com/zampa/" "Mozilla/5.0 (Windows; U; Windows NT 5.1; en-US; rv:1.9.0.3) Gecko/2008092417 Firefox/3.0.3 (.NET CLR 3.5.30729)"
194.149.110.153 - - [28/Nov/2008:01:37:04 +0100] "GET /zampa/slike/inthearse.gif HTTP/1.1" 200 4077 "http://www.various-euro.com/zampa/" "Mozilla/5.0 (Windows; U; Windows NT 5.1; en-US; rv:1.9.0.3) Gecko/2008092417 Firefox/3.0.3 (.NET CLR 3.5.30729)"
194.149.110.153 - - [28/Nov/2008:01:37:05 +0100] "GET /favicon.ico HTTP/1.1" 404 2748 "-" "Mozilla/5.0 (Windows; U; Windows NT 5.1; en-US; rv:1.9.0.3) Gecko/2008092417 Firefox/3.0.3 (.NET CLR 3.5.30729)"
194.149.110.153 - - [28/Nov/2008:01:37:08 +0100] "GET /favicon.ico HTTP/1.1" 404 2748 "-" "Mozilla/5.0 (Windows; U; Windows NT 5.1; en-US; rv:1.9.0.3) Gecko/2008092417 Firefox/3.0.3 (.NET CLR 3.5.30729)"
194.149.110.153 - - [28/Nov/2008:01:37:46 +0100] "GET /zampa/montenegro/dajpare.html HTTP/1.1" 200 2503 "http://www.various-euro.com/zampa/" "Mozilla/5.0 (Windows; U; Windows NT 5.1; en-US; rv:1.9.0.3) Gecko/2008092417 Firefox/3.0.3 (.NET CLR 3.5.30729)"
194.149.110.153 - - [28/Nov/2008:01:37:46 +0100] "GET /zampa/montenegro/slike/BATAW.jpg HTTP/1.1" 200 2631 "http://www.various-euro.com/zampa/montenegro/dajpare.html" "Mozilla/5.0 (Windows; U; Windows NT 5.1; en-US; rv:1.9.0.3) Gecko/2008092417 Firefox/3.0.3 (.NET CLR 3.5.30729)"
194.149.110.153 - - [28/Nov/2008:01:37:47 +0100] "GET /zampa/montenegro/slike/SEKAW.jpg HTTP/1.1" 200 2786 "http://www.various-euro.com/zampa/montenegro/dajpare.html" "Mozilla/5.0 (Windows; U; Windows NT 5.1; en-US; rv:1.9.0.3) Gecko/2008092417 Firefox/3.0.3 (.NET CLR 3.5.30729)"
194.149.110.153 - - [28/Nov/2008:01:37:47 +0100] "GET /zampa/montenegro/slike/TESLAW.jpg HTTP/1.1" 200 3770 "http://www.various-euro.com/zampa/montenegro/dajpare.html" "Mozilla/5.0 (Windows; U; Windows NT 5.1; en-US; rv:1.9.0.3) Gecko/2008092417 Firefox/3.0.3 (.NET CLR 3.5.30729)"
194.149.110.153 - - [28/Nov/2008:01:37:47 +0100] "GET /zampa/montenegro/slike/ZMAJW.jpg HTTP/1.1" 200 4555 "http://www.various-euro.com/zampa/montenegro/dajpare.html" "Mozilla/5.0 (Windows; U; Windows NT 5.1; en-US; rv:1.9.0.3) Gecko/2008092417 Firefox/3.0.3 (.NET CLR 3.5.30729)"
194.149.110.153 - - [28/Nov/2008:01:37:47 +0100] "GET /zampa/montenegro/slike/MILOW.jpg HTTP/1.1" 200 3823 "http://www.various-euro.com/zampa/montenegro/dajpare.html" "Mozilla/5.0 (Windows; U; Windows NT 5.1; en-US; rv:1.9.0.3) Gecko/2008092417 Firefox/3.0.3 (.NET CLR 3.5.30729)"
66.249.71.217 - - [28/Nov/2008:01:53:26 +0100] "GET /framez-pal1.html HTTP/1.1" 200 4326 "-" "Mozilla/5.0 (compatible; Googlebot/2.1; +http://www.google.com/bot.html)"
74.6.18.253 - - [28/Nov/2008:02:45:33 +0100] "GET /robots.txt HTTP/1.0" 200 64 "-" "Mozilla/5.0 (compatible; Yahoo! Slurp; http://help.yahoo.com/help/us/ysearch/slurp)"
74.6.18.253 - - [28/Nov/2008:02:45:34 +0100] "GET /framez.html HTTP/1.0" 200 3959 "-" "Mozilla/5.0 (compatible; Yahoo! Slurp; http://help.yahoo.com/help/us/ysearch/slurp)"
74.6.18.253 - - [28/Nov/2008:02:45:35 +0100] "GET /frame-menu.html HTTP/1.0" 200 10536 "-" "Mozilla/5.0 (compatible; Yahoo! Slurp; http://help.yahoo.com/help/us/ysearch/slurp)"
74.6.18.253 - - [28/Nov/2008:02:45:36 +0100] "GET /frame-inhalt.html HTTP/1.0" 200 5418 "-" "Mozilla/5.0 (compatible; Yahoo! Slurp; http://help.yahoo.com/help/us/ysearch/slurp)"
74.6.18.253 - - [28/Nov/2008:02:45:37 +0100] "GET /frame-unten.html HTTP/1.0" 200 5308 "-" "Mozilla/5.0 (compatible; Yahoo! Slurp; http://help.yahoo.com/help/us/ysearch/slurp)"
81.52.143.15 - - [28/Nov/2008:02:46:56 +0100] "GET /warez.html HTTP/1.1" 200 9754 "-" "Mozilla/5.0 (Windows; U; Windows NT 5.1; fr; rv:1.8.1) VoilaBot BETA 1.2 (support.voilabot@orange-ftgroup.com)"
72.30.161.252 - - [28/Nov/2008:02:55:43 +0100] "GET /robots.txt HTTP/1.0" 200 64 "-" "Mozilla/5.0 (compatible; Yahoo! Slurp; http://help.yahoo.com/help/us/ysearch/slurp)"
72.30.161.252 - - [28/Nov/2008:02:55:44 +0100] "GET /zampa/montenegro/TESLAW.html HTTP/1.0" 200 861 "-" "Mozilla/5.0 (compatible; Yahoo! Slurp; http://help.yahoo.com/help/us/ysearch/slurp)"
81.52.143.16 - - [28/Nov/2008:03:10:11 +0100] "GET /frame-unten.html HTTP/1.1" 200 5308 "-" "Mozilla/5.0 (Windows; U; Windows NT 5.1; fr; rv:1.8.1) VoilaBot BETA 1.2 (support.voilabot@orange-ftgroup.com)"
81.52.143.26 - - [28/Nov/2008:03:47:58 +0100] "GET /robots.txt HTTP/1.1" 200 64 "-" "Mozilla/5.0 (Windows; U; Windows NT 5.1; fr; rv:1.8.1) VoilaBot BETA 1.2 (support.voilabot@orange-ftgroup.com)"
81.52.143.26 - - [28/Nov/2008:03:48:12 +0100] "GET /f-net.html HTTP/1.1" 200 9913 "-" "Mozilla/5.0 (Windows; U; Windows NT 5.1; fr; rv:1.8.1) VoilaBot BETA 1.2 (support.voilabot@orange-ftgroup.com)"
65.55.107.235 - - [28/Nov/2008:03:55:57 +0100] "GET /f-world.html HTTP/1.0" 200 35590 "http://search.live.com/results.aspx?q=various" "Mozilla/4.0 (compatible; MSIE 6.0; Windows NT 5.2; SV1; .NET CLR 1.1.4322)"
65.55.107.235 - - [28/Nov/2008:03:56:01 +0100] "GET /framez-world.html HTTP/1.0" 200 4325 "-" "Mozilla/4.0 (compatible; MSIE 6.0; Windows NT 5.2; SV1; .NET CLR 1.1.4322)"
65.55.107.235 - - [28/Nov/2008:03:56:01 +0100] "GET /frame-menu.html HTTP/1.0" 200 10536 "http://www.various-euro.com/framez-world.html" "Mozilla/4.0 (compatible; MSIE 6.0; Windows NT 5.2; SV1; .NET CLR 1.1.4322)"
65.55.107.235 - - [28/Nov/2008:03:56:02 +0100] "GET /frame-unten.html HTTP/1.0" 200 5308 "http://www.various-euro.com/framez-world.html" "Mozilla/4.0 (compatible; MSIE 6.0; Windows NT 5.2; SV1; .NET CLR 1.1.4322)"
65.55.107.235 - - [28/Nov/2008:03:56:01 +0100] "GET /f-world.html HTTP/1.0" 200 35590 "http://www.various-euro.com/framez-world.html" "Mozilla/4.0 (compatible; MSIE 6.0; Windows NT 5.2; SV1; .NET CLR 1.1.4322)"
65.55.107.235 - - [28/Nov/2008:03:56:02 +0100] "GET /style/various-euro.css HTTP/1.0" 200 3437 "http://www.various-euro.com/frame-menu.html" "Mozilla/4.0 (compatible; MSIE 6.0; Windows NT 5.2; SV1; .NET CLR 1.1.4322)"
88.131.106.6 - - [28/Nov/2008:03:57:10 +0100] "GET /robots.txt HTTP/1.0" 302 363 "-" "Speedy Spider (http://www.entireweb.com/about/search_tech/speedy_spider/)"
88.131.106.6 - - [28/Nov/2008:03:57:10 +0100] "GET / HTTP/1.0" 302 353 "-" "Speedy Spider (http://www.entireweb.com/about/search_tech/speedy_spider/)"
67.195.37.113 - - [28/Nov/2008:04:02:40 +0100] "GET /robots.txt HTTP/1.0" 200 64 "-" "Mozilla/5.0 (compatible; Yahoo! Slurp; http://help.yahoo.com/help/us/ysearch/slurp)"
67.195.37.113 - - [28/Nov/2008:04:02:41 +0100] "GET /frame-unten.html HTTP/1.0" 200 5308 "-" "Mozilla/5.0 (compatible; Yahoo! Slurp; http://help.yahoo.com/help/us/ysearch/slurp)"
66.235.124.7 - - [28/Nov/2008:04:02:53 +0100] "GET /robots.txt HTTP/1.0" 200 64 "-" "Mozilla/5.0 (compatible; Ask Jeeves/Teoma; +http://about.ask.com/en/docs/about/webmasters.shtml)"
66.235.124.7 - - [28/Nov/2008:04:02:53 +0100] "GET / HTTP/1.0" 200 7869 "-" "Mozilla/5.0 (compatible; Ask Jeeves/Teoma; +http://about.ask.com/en/docs/about/webmasters.shtml)"
66.235.124.61 - - [28/Nov/2008:04:02:56 +0100] "GET /framez_0.html HTTP/1.0" 200 12444 "-" "Mozilla/5.0 (compatible; Ask Jeeves/Teoma; +http://about.ask.com/en/docs/about/webmasters.shtml)"
81.52.143.26 - - [28/Nov/2008:04:07:19 +0100] "GET /warez.html HTTP/1.1" 200 9754 "-" "Mozilla/5.0 (Windows; U; Windows NT 5.1; fr; rv:1.8.1) VoilaBot BETA 1.2 (support.voilabot@orange-ftgroup.com)"
67.195.37.113 - - [28/Nov/2008:05:22:30 +0100] "GET /frame-inhalt.html HTTP/1.0" 200 5418 "-" "Mozilla/5.0 (compatible; Yahoo! Slurp/3.0; http://help.yahoo.com/help/us/ysearch/slurp)"
67.195.37.113 - - [28/Nov/2008:05:22:45 +0100] "GET /style/various-euro.css HTTP/1.0" 304 - "http://www.various-euro.com/frame-inhalt.html" "Mozilla/5.0 (compatible; Yahoo! Slurp/3.0; http://help.yahoo.com/help/us/ysearch/slurp)"
81.52.143.16 - - [28/Nov/2008:05:58:13 +0100] "GET /f-web.html HTTP/1.1" 200 13605 "-" "Mozilla/5.0 (Windows; U; Windows NT 5.1; fr; rv:1.8.1) VoilaBot BETA 1.2 (support.voilabot@orange-ftgroup.com)"
91.89.98.90 - - [28/Nov/2008:06:01:05 +0100] "GET / HTTP/1.0" 200 7869 "http://wodbree.741.com/ameriloan-cash-advance.html" "Mozilla/4.0 (compatible; MSIE 5.5; Windows NT 4.0; .NET CLR 1.0.2914)"
91.89.98.90 - - [28/Nov/2008:06:01:26 +0100] "GET / HTTP/1.0" 200 7869 "http://wodbree.741.com/ameriloan-cash-advance.html" "Mozilla/4.0 (compatible; MSIE 5.5; Windows NT 4.0; .NET CLR 1.0.2914)"
91.89.98.90 - - [28/Nov/2008:06:01:35 +0100] "GET / HTTP/1.0" 200 7869 "http://wodbree.741.com/ameriloan-cash-advance.html" "Mozilla/4.0 (compatible; MSIE 5.5; Windows NT 4.0; .NET CLR 1.0.2914)"
91.89.98.90 - - [28/Nov/2008:06:01:44 +0100] "GET / HTTP/1.0" 200 7869 "http://wodbree.741.com/ameriloan-cash-advance.html" "Mozilla/4.0 (compatible; MSIE 5.5; Windows NT 4.0; .NET CLR 1.0.2914)"
91.89.98.90 - - [28/Nov/2008:06:01:55 +0100] "GET / HTTP/1.0" 200 7869 "http://wodbree.741.com/ameriloan-cash-advance.html" "Mozilla/4.0 (compatible; MSIE 5.5; Windows NT 4.0; .NET CLR 1.0.2914)"
91.89.98.90 - - [28/Nov/2008:06:02:07 +0100] "GET / HTTP/1.0" 200 7869 "http://wodbree.741.com/ameriloan-cash-advance.html" "Mozilla/4.0 (compatible; MSIE 5.5; Windows NT 4.0; .NET CLR 1.0.2914)"
77.88.25.28 - - [28/Nov/2008:06:02:21 +0100] "GET /robots.txt HTTP/1.1" 200 64 "-" "Yandex/1.01.001 (compatible; Win16; I)"
77.88.25.28 - - [28/Nov/2008:06:02:21 +0100] "GET / HTTP/1.1" 200 7869 "-" "Yandex/1.01.001 (compatible; Win16; I)"
81.52.143.15 - - [28/Nov/2008:06:20:05 +0100] "GET /f-warez.html HTTP/1.1" 200 10953 "-" "Mozilla/5.0 (Windows; U; Windows NT 5.1; fr; rv:1.8.1) VoilaBot BETA 1.2 (support.voilabot@orange-ftgroup.com)"
74.6.17.177 - - [28/Nov/2008:07:34:29 +0100] "GET /robots.txt HTTP/1.0" 200 64 "-" "Mozilla/5.0 (compatible; Yahoo! Slurp; http://help.yahoo.com/help/us/ysearch/slurp)"
74.6.17.177 - - [28/Nov/2008:07:34:30 +0100] "GET /zampa/montenegro/SEKAW.html HTTP/1.0" 200 860 "-" "Mozilla/5.0 (compatible; Yahoo! Slurp; http://help.yahoo.com/help/us/ysearch/slurp)"
67.195.37.113 - - [28/Nov/2008:07:39:01 +0100] "GET /f-euro.html HTTP/1.0" 200 12203 "-" "Mozilla/5.0 (compatible; Yahoo! Slurp; http://help.yahoo.com/help/us/ysearch/slurp)"
193.252.149.16 - - [28/Nov/2008:07:54:25 +0100] "GET / HTTP/1.1" 200 7869 "-" "Mozilla/5.0 (Windows; U; Windows NT 5.1; fr; rv:1.8.1) VoilaBot BETA 1.2 (support.voilabot@orange-ftgroup.com)"
193.252.149.16 - - [28/Nov/2008:08:31:33 +0100] "GET /frame-inhalt.html HTTP/1.1" 200 5418 "-" "Mozilla/5.0 (Windows; U; Windows NT 5.1; fr; rv:1.8.1) VoilaBot BETA 1.2 (support.voilabot@orange-ftgroup.com)"
193.47.80.51 - - [28/Nov/2008:09:23:25 +0100] "GET /robots.txt HTTP/1.1" 200 64 "-" "Mozilla/5.0 (compatible; Exabot/3.0; +http://www.exabot.com/go/robot)"
193.47.80.51 - - [28/Nov/2008:09:23:25 +0100] "GET / HTTP/1.1" 200 7869 "-" "Mozilla/5.0 (compatible; Exabot/3.0; +http://www.exabot.com/go/robot)"
74.6.18.250 - - [28/Nov/2008:09:40:53 +0100] "GET /robots.txt HTTP/1.0" 200 64 "-" "Mozilla/5.0 (compatible; Yahoo! Slurp; http://help.yahoo.com/help/us/ysearch/slurp)"
74.6.18.250 - - [28/Nov/2008:09:40:54 +0100] "GET /f-euro.html HTTP/1.0" 200 12203 "-" "Mozilla/5.0 (compatible; Yahoo! Slurp; http://help.yahoo.com/help/us/ysearch/slurp)"
74.6.18.250 - - [28/Nov/2008:09:51:09 +0100] "GET /neon/sushi.html HTTP/1.0" 200 687 "-" "Mozilla/5.0 (compatible; Yahoo! Slurp; http://help.yahoo.com/help/us/ysearch/slurp)"
72.30.142.164 - - [28/Nov/2008:10:01:55 +0100] "GET /robots.txt HTTP/1.0" 200 64 "-" "Mozilla/5.0 (compatible; Yahoo! Slurp; http://help.yahoo.com/help/us/ysearch/slurp)"
72.30.142.164 - - [28/Nov/2008:10:01:55 +0100] "GET /logs/usage_200601.html HTTP/1.0" 200 109676 "-" "Mozilla/5.0 (compatible; Yahoo! Slurp/3.0; http://help.yahoo.com/help/us/ysearch/slurp)"
74.6.18.250 - - [28/Nov/2008:10:13:32 +0100] "GET /games/virtualcop/virtualcop.html HTTP/1.0" 200 4487 "-" "Mozilla/5.0 (compatible; Yahoo! Slurp; http://help.yahoo.com/help/us/ysearch/slurp)"
84.190.35.110 - - [28/Nov/2008:10:22:52 +0100] "GET /framez.html HTTP/1.1" 200 3959 "-" "Mozilla/5.0 (X11; U; Linux i686; de; rv:1.9.0.4) Gecko/2008111318 Ubuntu/8.10 (intrepid) Firefox/3.0.4"
84.190.35.110 - - [28/Nov/2008:10:22:53 +0100] "GET /frame-menu.html HTTP/1.1" 200 10536 "-" "Mozilla/5.0 (X11; U; Linux i686; de; rv:1.9.0.4) Gecko/2008111318 Ubuntu/8.10 (intrepid) Firefox/3.0.4"
84.190.35.110 - - [28/Nov/2008:10:22:53 +0100] "GET /ve-icon-2.ico HTTP/1.1" 200 2238 "-" "Mozilla/5.0 (X11; U; Linux i686; de; rv:1.9.0.4) Gecko/2008111318 Ubuntu/8.10 (intrepid) Firefox/3.0.4"
84.190.35.110 - - [28/Nov/2008:10:22:53 +0100] "GET /style/various-euro.css HTTP/1.1" 200 3437 "http://various-euro.com/framez.html" "Mozilla/5.0 (X11; U; Linux i686; de; rv:1.9.0.4) Gecko/2008111318 Ubuntu/8.10 (intrepid) Firefox/3.0.4"
84.190.35.110 - - [28/Nov/2008:10:22:53 +0100] "GET /frame-unten.html HTTP/1.1" 200 5308 "-" "Mozilla/5.0 (X11; U; Linux i686; de; rv:1.9.0.4) Gecko/2008111318 Ubuntu/8.10 (intrepid) Firefox/3.0.4"
84.190.35.110 - - [28/Nov/2008:10:22:53 +0100] "GET /f-zeug.html HTTP/1.1" 200 48203 "-" "Mozilla/5.0 (X11; U; Linux i686; de; rv:1.9.0.4) Gecko/2008111318 Ubuntu/8.10 (intrepid) Firefox/3.0.4"
84.190.35.110 - - [28/Nov/2008:10:22:55 +0100] "GET /16cols.gif HTTP/1.1" 404 2748 "http://various-euro.com/f-zeug.html" "Mozilla/5.0 (X11; U; Linux i686; de; rv:1.9.0.4) Gecko/2008111318 Ubuntu/8.10 (intrepid) Firefox/3.0.4"
84.190.35.110 - - [28/Nov/2008:10:22:54 +0100] "GET /bannerz/ve.jpg HTTP/1.1" 200 36912 "http://various-euro.com/frame-unten.html" "Mozilla/5.0 (X11; U; Linux i686; de; rv:1.9.0.4) Gecko/2008111318 Ubuntu/8.10 (intrepid) Firefox/3.0.4"
84.190.35.110 - - [28/Nov/2008:10:22:54 +0100] "GET /bannerz/various-euro-girl.jpg HTTP/1.1" 200 91514 "http://various-euro.com/frame-unten.html" "Mozilla/5.0 (X11; U; Linux i686; de; rv:1.9.0.4) Gecko/2008111318 Ubuntu/8.10 (intrepid) Firefox/3.0.4"
67.195.37.113 - - [28/Nov/2008:10:23:08 +0100] "GET /sendi_agent.html HTTP/1.0" 200 6213 "-" "Mozilla/5.0 (compatible; Yahoo! Slurp; http://help.yahoo.com/help/us/ysearch/slurp)"
58.30.184.41 - - [28/Nov/2008:10:32:51 +0100] "GET /favicon.ico HTTP/1.1" 404 2748 "-" "Mozilla/4.0 (compatible; GoogleToolbar 4.0.1606.6690-big; Windows XP 5.1; MSIE 6.0.2900.2180)"
58.30.184.41 - - [28/Nov/2008:10:32:51 +0100] "GET /favicon.gif HTTP/1.1" 404 2748 "-" "Mozilla/4.0 (compatible; GoogleToolbar 4.0.1606.6690-big; Windows XP 5.1; MSIE 6.0.2900.2180)"
193.252.149.16 - - [28/Nov/2008:10:42:49 +0100] "GET /framez.html HTTP/1.1" 200 3959 "-" "Mozilla/5.0 (Windows; U; Windows NT 5.1; fr; rv:1.8.1) VoilaBot BETA 1.2 (support.voilabot@orange-ftgroup.com)"
193.252.149.16 - - [28/Nov/2008:10:42:57 +0100] "GET /frame-menu.html HTTP/1.1" 200 10536 "-" "Mozilla/5.0 (Windows; U; Windows NT 5.1; fr; rv:1.8.1) VoilaBot BETA 1.2 (support.voilabot@orange-ftgroup.com)"
193.252.149.16 - - [28/Nov/2008:10:42:57 +0100] "GET /frame-unten.html HTTP/1.1" 200 5308 "-" "Mozilla/5.0 (Windows; U; Windows NT 5.1; fr; rv:1.8.1) VoilaBot BETA 1.2 (support.voilabot@orange-ftgroup.com)"
193.252.149.16 - - [28/Nov/2008:10:42:57 +0100] "GET /frame-inhalt.html HTTP/1.1" 200 5418 "-" "Mozilla/5.0 (Windows; U; Windows NT 5.1; fr; rv:1.8.1) VoilaBot BETA 1.2 (support.voilabot@orange-ftgroup.com)"
67.195.37.113 - - [28/Nov/2008:11:02:54 +0100] "GET /schubb/schubb-2.html HTTP/1.0" 200 16660 "-" "Mozilla/5.0 (compatible; Yahoo! Slurp; http://help.yahoo.com/help/us/ysearch/slurp)"
74.6.22.153 - - [28/Nov/2008:11:10:47 +0100] "GET /robots.txt HTTP/1.0" 200 64 "-" "Mozilla/5.0 (compatible; Yahoo! Slurp; http://help.yahoo.com/help/us/ysearch/slurp)"
74.6.22.153 - - [28/Nov/2008:11:10:48 +0100] "GET /DgH/watch/index.html HTTP/1.0" 200 2028 "-" "Mozilla/5.0 (compatible; Yahoo! Slurp; http://help.yahoo.com/help/us/ysearch/slurp)"
38.108.180.65 - - [28/Nov/2008:11:13:40 +0100] "GET /robots.txt HTTP/1.1" 200 64 "-" "Mozilla/5.0 (compatible; ScoutJet; +http://www.scoutjet.com/)"
38.108.180.65 - - [28/Nov/2008:11:13:42 +0100] "GET /bmpp/18.html HTTP/1.1" 200 4467 "-" "Mozilla/5.0 (compatible; ScoutJet; +http://www.scoutjet.com/)"
38.108.180.65 - - [28/Nov/2008:11:15:02 +0100] "GET /f-doku-brau.html HTTP/1.1" 200 7152 "-" "Mozilla/5.0 (compatible; ScoutJet; +http://www.scoutjet.com/)"
38.108.180.17 - - [28/Nov/2008:12:04:42 +0100] "GET /robots.txt HTTP/1.1" 200 64 "-" "Mozilla/5.0 (compatible; ScoutJet; +http://www.scoutjet.com/)"
38.108.180.17 - - [28/Nov/2008:12:04:44 +0100] "GET /schubb/schubb-4.html HTTP/1.1" 200 17746 "-" "Mozilla/5.0 (compatible; ScoutJet; +http://www.scoutjet.com/)"
66.249.71.217 - - [28/Nov/2008:12:05:56 +0100] "GET /robots.txt HTTP/1.1" 200 64 "-" "Mozilla/5.0 (compatible; Googlebot/2.1; +http://www.google.com/bot.html)"
66.249.71.217 - - [28/Nov/2008:12:05:56 +0100] "GET /logs/usage_200811.html HTTP/1.1" 404 2748 "-" "Mozilla/5.0 (compatible; Googlebot/2.1; +http://www.google.com/bot.html)"
38.108.180.17 - - [28/Nov/2008:12:07:30 +0100] "GET /DgH/watch/index.html HTTP/1.1" 200 2028 "-" "Mozilla/5.0 (compatible; ScoutJet; +http://www.scoutjet.com/)"
67.195.37.113 - - [28/Nov/2008:12:08:34 +0100] "GET /f-world.html HTTP/1.0" 200 35590 "-" "Mozilla/5.0 (compatible; Yahoo! Slurp/3.0; http://help.yahoo.com/help/us/ysearch/slurp)"
38.108.180.17 - - [28/Nov/2008:12:09:51 +0100] "GET /bmpp/18.html HTTP/1.1" 200 4467 "-" "Mozilla/5.0 (compatible; ScoutJet; +http://www.scoutjet.com/)"
38.108.180.17 - - [28/Nov/2008:12:11:18 +0100] "GET /neon/warning.html HTTP/1.1" 200 5134 "-" "Mozilla/5.0 (compatible; ScoutJet; +http://www.scoutjet.com/)"
38.108.180.17 - - [28/Nov/2008:12:13:45 +0100] "GET /neon/europa.html HTTP/1.1" 200 389 "-" "Mozilla/5.0 (compatible; ScoutJet; +http://www.scoutjet.com/)"
38.108.180.17 - - [28/Nov/2008:12:16:18 +0100] "GET /neon/girl-tv.html HTTP/1.1" 200 1717 "-" "Mozilla/5.0 (compatible; ScoutJet; +http://www.scoutjet.com/)"
66.235.124.7 - - [28/Nov/2008:12:30:56 +0100] "GET / HTTP/1.0" 200 7869 "-" "Mozilla/5.0 (compatible; Ask Jeeves/Teoma; +http://about.ask.com/en/docs/about/webmasters.shtml)"
