72.30.79.118 - - [21/Nov/2008:02:12:23 +0100] "GET /robots.txt HTTP/1.0" 200 64 "-" "Mozilla/5.0 (compatible; Yahoo! Slurp; http://help.yahoo.com/help/us/ysearch/slurp)"
72.30.79.118 - - [21/Nov/2008:02:12:23 +0100] "GET /logs/usage_200706.html HTTP/1.0" 200 107008 "-" "Mozilla/5.0 (compatible; Yahoo! Slurp; http://help.yahoo.com/help/us/ysearch/slurp)"
66.249.71.218 - - [21/Nov/2008:02:19:22 +0100] "GET /zampa-lovers/ HTTP/1.1" 200 37790 "-" "Mozilla/5.0 (compatible; Googlebot/2.1; +http://www.google.com/bot.html)"
72.30.79.118 - - [21/Nov/2008:02:38:22 +0100] "GET /logs/usage_200705.html HTTP/1.0" 200 109447 "-" "Mozilla/5.0 (compatible; Yahoo! Slurp; http://help.yahoo.com/help/us/ysearch/slurp)"
72.30.142.82 - - [21/Nov/2008:02:42:04 +0100] "GET /robots.txt HTTP/1.0" 200 64 "-" "Mozilla/5.0 (compatible; Yahoo! Slurp; http://help.yahoo.com/help/us/ysearch/slurp)"
72.30.142.82 - - [21/Nov/2008:02:42:04 +0100] "GET /framez.html HTTP/1.0" 200 3959 "-" "Mozilla/5.0 (compatible; Yahoo! Slurp; http://help.yahoo.com/help/us/ysearch/slurp)"
72.30.142.82 - - [21/Nov/2008:02:42:05 +0100] "GET /frame-menu.html HTTP/1.0" 200 10536 "-" "Mozilla/5.0 (compatible; Yahoo! Slurp; http://help.yahoo.com/help/us/ysearch/slurp)"
72.30.142.82 - - [21/Nov/2008:02:42:06 +0100] "GET /frame-inhalt.html HTTP/1.0" 200 5418 "-" "Mozilla/5.0 (compatible; Yahoo! Slurp; http://help.yahoo.com/help/us/ysearch/slurp)"
72.30.142.82 - - [21/Nov/2008:02:42:07 +0100] "GET /frame-unten.html HTTP/1.0" 200 5308 "-" "Mozilla/5.0 (compatible; Yahoo! Slurp; http://help.yahoo.com/help/us/ysearch/slurp)"
81.52.143.16 - - [21/Nov/2008:03:34:18 +0100] "GET /robots.txt HTTP/1.1" 200 64 "-" "Mozilla/5.0 (Windows; U; Windows NT 5.1; fr; rv:1.8.1) VoilaBot BETA 1.2 (support.voilabot@orange-ftgroup.com)"
81.52.143.16 - - [21/Nov/2008:03:34:24 +0100] "GET /neon/girlz2.html HTTP/1.1" 200 2937 "-" "Mozilla/5.0 (Windows; U; Windows NT 5.1; fr; rv:1.8.1) VoilaBot BETA 1.2 (support.voilabot@orange-ftgroup.com)"
72.30.87.119 - - [21/Nov/2008:03:40:06 +0100] "GET /robots.txt HTTP/1.0" 200 64 "-" "Mozilla/5.0 (compatible; Yahoo! Slurp; http://help.yahoo.com/help/us/ysearch/slurp)"
72.30.87.119 - - [21/Nov/2008:03:40:06 +0100] "GET /restate_copy.html HTTP/1.0" 200 97631 "-" "Mozilla/5.0 (compatible; Yahoo! Slurp; http://help.yahoo.com/help/us/ysearch/slurp)"
66.235.124.59 - - [21/Nov/2008:03:54:53 +0100] "GET /robots.txt HTTP/1.0" 200 64 "-" "Mozilla/5.0 (compatible; Ask Jeeves/Teoma; +http://about.ask.com/en/docs/about/webmasters.shtml)"
66.235.124.59 - - [21/Nov/2008:03:54:53 +0100] "GET /framez-zampa-lovers.html HTTP/1.0" 200 4322 "-" "Mozilla/5.0 (compatible; Ask Jeeves/Teoma; +http://about.ask.com/en/docs/about/webmasters.shtml)"
66.235.124.59 - - [21/Nov/2008:03:54:54 +0100] "GET /frame-menu.html HTTP/1.0" 200 10536 "-" "Mozilla/5.0 (compatible; Ask Jeeves/Teoma; +http://about.ask.com/en/docs/about/webmasters.shtml)"
66.235.124.59 - - [21/Nov/2008:03:54:54 +0100] "GET /zampa-lovers/index.html HTTP/1.0" 200 37790 "-" "Mozilla/5.0 (compatible; Ask Jeeves/Teoma; +http://about.ask.com/en/docs/about/webmasters.shtml)"
66.235.124.59 - - [21/Nov/2008:03:54:55 +0100] "GET /frame-unten.html HTTP/1.0" 200 5308 "-" "Mozilla/5.0 (compatible; Ask Jeeves/Teoma; +http://about.ask.com/en/docs/about/webmasters.shtml)"
66.249.71.4 - - [21/Nov/2008:04:28:31 +0100] "GET /robots.txt HTTP/1.1" 302 363 "-" "Mozilla/5.0 (compatible; Googlebot/2.1; +http://www.google.com/bot.html)"
66.249.71.219 - - [21/Nov/2008:04:28:32 +0100] "GET /zampa/robots.txt HTTP/1.1" 404 2748 "-" "Mozilla/5.0 (compatible; Googlebot/2.1; +http://www.google.com/bot.html)"
66.249.71.4 - - [21/Nov/2008:04:28:32 +0100] "GET /%3E%5D HTTP/1.1" 302 359 "-" "Mozilla/5.0 (compatible; Googlebot/2.1; +http://www.google.com/bot.html)"
66.249.71.219 - - [21/Nov/2008:04:28:32 +0100] "GET /zampa/%3E%5D HTTP/1.1" 404 2748 "-" "Mozilla/5.0 (compatible; Googlebot/2.1; +http://www.google.com/bot.html)"
66.249.71.4 - - [21/Nov/2008:04:28:36 +0100] "GET /%3E HTTP/1.1" 302 356 "-" "Mozilla/5.0 (compatible; Googlebot/2.1; +http://www.google.com/bot.html)"
66.249.71.219 - - [21/Nov/2008:04:28:37 +0100] "GET /zampa/%3E HTTP/1.1" 404 2748 "-" "Mozilla/5.0 (compatible; Googlebot/2.1; +http://www.google.com/bot.html)"
193.252.149.16 - - [21/Nov/2008:04:43:17 +0100] "GET /neon/channel.html HTTP/1.1" 200 1942 "-" "Mozilla/5.0 (Windows; U; Windows NT 5.1; fr; rv:1.8.1) VoilaBot BETA 1.2 (support.voilabot@orange-ftgroup.com)"
72.30.79.46 - - [21/Nov/2008:04:47:24 +0100] "GET /robots.txt HTTP/1.0" 200 64 "-" "Mozilla/5.0 (compatible; Yahoo! Slurp; http://help.yahoo.com/help/us/ysearch/slurp)"
72.30.79.46 - - [21/Nov/2008:04:47:29 +0100] "GET /logs/usage_200702.html HTTP/1.0" 200 107861 "-" "Mozilla/5.0 (compatible; Yahoo! Slurp; http://help.yahoo.com/help/us/ysearch/slurp)"
64.1.215.165 - - [21/Nov/2008:04:49:01 +0100] "GET /neon/europa.html HTTP/1.0" 200 389 "-" "Mozilla/5.0 (Twiceler-0.9 http://www.cuil.com/twiceler/robot.html)"
67.195.37.107 - - [21/Nov/2008:05:20:10 +0100] "GET /frame-inhalt.html HTTP/1.0" 200 5418 "-" "Mozilla/5.0 (compatible; Yahoo! Slurp/3.0; http://help.yahoo.com/help/us/ysearch/slurp)"
67.195.37.107 - - [21/Nov/2008:05:20:11 +0100] "GET /style/various-euro.css HTTP/1.0" 200 3437 "http://www.various-euro.com/frame-inhalt.html" "Mozilla/5.0 (compatible; Yahoo! Slurp/3.0; http://help.yahoo.com/help/us/ysearch/slurp)"
67.195.37.107 - - [21/Nov/2008:05:33:41 +0100] "GET /f-euro.html HTTP/1.0" 200 12203 "-" "Mozilla/5.0 (compatible; Yahoo! Slurp; http://help.yahoo.com/help/us/ysearch/slurp)"
193.252.149.16 - - [21/Nov/2008:05:47:20 +0100] "GET /DgH/ HTTP/1.1" 200 5024 "-" "Mozilla/5.0 (Windows; U; Windows NT 5.1; fr; rv:1.8.1) VoilaBot BETA 1.2 (support.voilabot@orange-ftgroup.com)"
72.30.78.235 - - [21/Nov/2008:05:51:12 +0100] "GET /robots.txt HTTP/1.0" 200 64 "-" "Mozilla/5.0 (compatible; Yahoo! Slurp; http://help.yahoo.com/help/us/ysearch/slurp)"
72.30.78.235 - - [21/Nov/2008:05:51:13 +0100] "GET /logs/usage_200703.html HTTP/1.0" 200 108444 "-" "Mozilla/5.0 (compatible; Yahoo! Slurp; http://help.yahoo.com/help/us/ysearch/slurp)"
209.19.170.51 - - [21/Nov/2008:06:06:05 +0100] "GET / HTTP/1.1" 200 7869 "-" "Mozilla/5.0 (X11; U; Linux i686; en-US; rv:1.6) Gecko/20040225 Firefox/0.8"
72.30.78.235 - - [21/Nov/2008:06:20:15 +0100] "GET /logs/usage_200709.html HTTP/1.0" 200 110974 "-" "Mozilla/5.0 (compatible; Yahoo! Slurp; http://help.yahoo.com/help/us/ysearch/slurp)"
81.52.143.26 - - [21/Nov/2008:06:23:18 +0100] "GET /neon/warning2.html HTTP/1.1" 200 997 "-" "Mozilla/5.0 (Windows; U; Windows NT 5.1; fr; rv:1.8.1) VoilaBot BETA 1.2 (support.voilabot@orange-ftgroup.com)"
202.89.38.115 - - [21/Nov/2008:06:23:38 +0100] "GET / HTTP/1.1" 200 7869 "-" "Mozilla/4.0 (compatible; MSIE 6.0; Windows NT 5.1; SV1)"
72.30.78.235 - - [21/Nov/2008:06:23:44 +0100] "GET /games/virtualcop/virtualcop.html HTTP/1.0" 200 4487 "-" "Mozilla/5.0 (compatible; Yahoo! Slurp; http://help.yahoo.com/help/us/ysearch/slurp)"
72.30.78.235 - - [21/Nov/2008:06:26:42 +0100] "GET /zampa/montenegro/SEKAW.html HTTP/1.0" 200 860 "-" "Mozilla/5.0 (compatible; Yahoo! Slurp; http://help.yahoo.com/help/us/ysearch/slurp)"
193.252.149.16 - - [21/Nov/2008:06:38:06 +0100] "GET /neon/sushi.html HTTP/1.1" 200 687 "-" "Mozilla/5.0 (Windows; U; Windows NT 5.1; fr; rv:1.8.1) VoilaBot BETA 1.2 (support.voilabot@orange-ftgroup.com)"
72.30.78.235 - - [21/Nov/2008:07:14:04 +0100] "GET /robots.txt HTTP/1.0" 200 64 "-" "Mozilla/5.0 (compatible; Yahoo! Slurp; http://help.yahoo.com/help/us/ysearch/slurp)"
67.195.37.107 - - [21/Nov/2008:07:20:31 +0100] "GET /zampa/montenegro/ZMAJW.html HTTP/1.0" 200 860 "-" "Mozilla/5.0 (compatible; Yahoo! Slurp; http://help.yahoo.com/help/us/ysearch/slurp)"
208.36.144.10 - - [21/Nov/2008:07:48:28 +0100] "GET /f-rez.html HTTP/1.0" 200 9765 "-" "Mozilla/5.0 (Twiceler-0.9 http://www.cuil.com/twiceler/robot.html)"
208.80.194.49 - - [21/Nov/2008:07:51:58 +0100] "GET / HTTP/1.0" 200 7869 "-" "Mozilla/4.0 (compatible; MSIE 6.0; Windows NT 5.1; {EA977ADD-F89E-CD12-4114-52C1061160B7}; .NET CLR 1.1.4322)"
208.80.194.49 - - [21/Nov/2008:07:51:58 +0100] "GET / HTTP/1.0" 200 7869 "-" "Mozilla/4.0 (compatible; MSIE 7.0; Windows NT 5.1; ZangoToolbar 4.8.3; IEMB3; IEMB3)"
72.30.78.235 - - [21/Nov/2008:07:54:37 +0100] "GET /logs/usage_200711.html HTTP/1.0" 200 109628 "-" "Mozilla/5.0 (compatible; Yahoo! Slurp; http://help.yahoo.com/help/us/ysearch/slurp)"
66.235.124.7 - - [21/Nov/2008:08:07:50 +0100] "GET /f-euro.html HTTP/1.0" 200 12203 "-" "Mozilla/5.0 (compatible; Ask Jeeves/Teoma; +http://about.ask.com/en/docs/about/webmasters.shtml)"
193.252.149.16 - - [21/Nov/2008:08:59:16 +0100] "GET /DgH/watch/index.html HTTP/1.1" 200 2028 "-" "Mozilla/5.0 (Windows; U; Windows NT 5.1; fr; rv:1.8.1) VoilaBot BETA 1.2 (support.voilabot@orange-ftgroup.com)"
72.30.78.235 - - [21/Nov/2008:09:22:42 +0100] "GET /f-euro.html HTTP/1.0" 200 12203 "-" "Mozilla/5.0 (compatible; Yahoo! Slurp; http://help.yahoo.com/help/us/ysearch/slurp)"
72.30.78.235 - - [21/Nov/2008:09:35:45 +0100] "GET /robots.txt HTTP/1.0" 200 64 "-" "Mozilla/5.0 (compatible; Yahoo! Slurp; http://help.yahoo.com/help/us/ysearch/slurp)"
193.252.149.15 - - [21/Nov/2008:09:39:41 +0100] "GET /robots.txt HTTP/1.1" 200 64 "-" "Mozilla/5.0 (Windows; U; Windows NT 5.1; fr; rv:1.8.1) VoilaBot BETA 1.2 (support.voilabot@orange-ftgroup.com)"
193.252.149.15 - - [21/Nov/2008:09:39:57 +0100] "GET /neon/code.html HTTP/1.1" 200 1109 "-" "Mozilla/5.0 (Windows; U; Windows NT 5.1; fr; rv:1.8.1) VoilaBot BETA 1.2 (support.voilabot@orange-ftgroup.com)"
91.7.209.241 - - [21/Nov/2008:10:06:44 +0100] "GET /schubb/schubb-3.html HTTP/1.0" 200 17546 "http://www.google.de/search?hl=de&q=surrealismus+lettl&start=120&sa=N" "Mozilla/4.0 (compatible; MSIE 7.0; Windows NT 5.1)"
91.7.209.241 - - [21/Nov/2008:10:06:44 +0100] "GET /schubb/schubb-3.gif HTTP/1.0" 200 2287 "http://www.various-euro.com/schubb/schubb-3.html" "Mozilla/4.0 (compatible; MSIE 7.0; Windows NT 5.1)"
91.7.209.241 - - [21/Nov/2008:10:06:44 +0100] "GET /ve-icon-2.ico HTTP/1.0" 200 2238 "-" "Mozilla/4.0 (compatible; MSIE 7.0; Windows NT 5.1)"
91.7.209.241 - - [21/Nov/2008:10:06:44 +0100] "GET /framez-schubb3.html HTTP/1.0" 200 4317 "-" "Mozilla/4.0 (compatible; MSIE 7.0; Windows NT 5.1)"
91.7.209.241 - - [21/Nov/2008:10:06:45 +0100] "GET /frame-menu.html HTTP/1.0" 200 10536 "http://www.various-euro.com/framez-schubb3.html" "Mozilla/4.0 (compatible; MSIE 7.0; Windows NT 5.1)"
91.7.209.241 - - [21/Nov/2008:10:06:45 +0100] "GET /frame-unten.html HTTP/1.0" 200 5308 "http://www.various-euro.com/framez-schubb3.html" "Mozilla/4.0 (compatible; MSIE 7.0; Windows NT 5.1)"
91.7.209.241 - - [21/Nov/2008:10:06:45 +0100] "GET /schubb/schubb-3.html HTTP/1.0" 200 17546 "http://www.various-euro.com/framez-schubb3.html" "Mozilla/4.0 (compatible; MSIE 7.0; Windows NT 5.1)"
91.7.209.241 - - [21/Nov/2008:10:06:45 +0100] "GET /style/various-euro.css HTTP/1.0" 200 3437 "http://www.various-euro.com/frame-menu.html" "Mozilla/4.0 (compatible; MSIE 7.0; Windows NT 5.1)"
91.7.209.241 - - [21/Nov/2008:10:06:45 +0100] "GET /bannerz/ve.jpg HTTP/1.0" 200 36912 "http://www.various-euro.com/frame-unten.html" "Mozilla/4.0 (compatible; MSIE 7.0; Windows NT 5.1)"
91.7.209.241 - - [21/Nov/2008:10:06:45 +0100] "GET /bannerz/various-euro-girl.jpg HTTP/1.0" 200 91514 "http://www.various-euro.com/frame-unten.html" "Mozilla/4.0 (compatible; MSIE 7.0; Windows NT 5.1)"
91.7.209.241 - - [21/Nov/2008:10:06:50 +0100] "GET /framez-schubb3.html HTTP/1.0" 200 4317 "-" "Mozilla/4.0 (compatible; MSIE 7.0; Windows NT 5.1)"
91.7.209.241 - - [21/Nov/2008:10:06:51 +0100] "GET /frame-menu.html HTTP/1.0" 200 10536 "http://www.various-euro.com/framez-schubb3.html" "Mozilla/4.0 (compatible; MSIE 7.0; Windows NT 5.1)"
91.7.209.241 - - [21/Nov/2008:10:06:51 +0100] "GET /frame-unten.html HTTP/1.0" 200 5308 "http://www.various-euro.com/framez-schubb3.html" "Mozilla/4.0 (compatible; MSIE 7.0; Windows NT 5.1)"
91.7.209.241 - - [21/Nov/2008:10:06:51 +0100] "GET /schubb/schubb-3.html HTTP/1.0" 200 17546 "http://www.various-euro.com/framez-schubb3.html" "Mozilla/4.0 (compatible; MSIE 7.0; Windows NT 5.1)"
91.7.209.241 - - [21/Nov/2008:10:06:52 +0100] "GET /framez-schubb3.html HTTP/1.0" 200 4317 "-" "Mozilla/4.0 (compatible; MSIE 7.0; Windows NT 5.1)"
91.7.209.241 - - [21/Nov/2008:10:06:53 +0100] "GET /frame-menu.html HTTP/1.0" 200 10536 "http://www.various-euro.com/framez-schubb3.html" "Mozilla/4.0 (compatible; MSIE 7.0; Windows NT 5.1)"
91.7.209.241 - - [21/Nov/2008:10:06:53 +0100] "GET /frame-unten.html HTTP/1.0" 200 5308 "http://www.various-euro.com/framez-schubb3.html" "Mozilla/4.0 (compatible; MSIE 7.0; Windows NT 5.1)"
91.7.209.241 - - [21/Nov/2008:10:06:53 +0100] "GET /schubb/schubb-3.html HTTP/1.0" 200 17546 "http://www.various-euro.com/framez-schubb3.html" "Mozilla/4.0 (compatible; MSIE 7.0; Windows NT 5.1)"
64.1.215.165 - - [21/Nov/2008:10:07:11 +0100] "GET /euro.html HTTP/1.0" 404 2748 "-" "Mozilla/5.0 (Twiceler-0.9 http://www.cuil.com/twiceler/robot.html)"
67.195.37.107 - - [21/Nov/2008:10:21:49 +0100] "GET /robots.txt HTTP/1.0" 200 64 "-" "Mozilla/5.0 (compatible; Yahoo! Slurp; http://help.yahoo.com/help/us/ysearch/slurp)"
67.195.37.107 - - [21/Nov/2008:10:21:49 +0100] "GET /bmpp/euro_pal_111.html HTTP/1.0" 200 2129 "-" "Mozilla/5.0 (compatible; Yahoo! Slurp; http://help.yahoo.com/help/us/ysearch/slurp)"
193.252.149.15 - - [21/Nov/2008:10:25:16 +0100] "GET /neon/slow-walk.html HTTP/1.1" 200 1640 "-" "Mozilla/5.0 (Windows; U; Windows NT 5.1; fr; rv:1.8.1) VoilaBot BETA 1.2 (support.voilabot@orange-ftgroup.com)"
64.1.215.165 - - [21/Nov/2008:10:48:01 +0100] "GET /zampa/lybia/index.html HTTP/1.0" 200 3036 "-" "Mozilla/5.0 (Twiceler-0.9 http://www.cuil.com/twiceler/robot.html)"
67.195.37.107 - - [21/Nov/2008:10:59:52 +0100] "GET /schubb/schubb-2.html HTTP/1.0" 200 16660 "-" "Mozilla/5.0 (compatible; Yahoo! Slurp; http://help.yahoo.com/help/us/ysearch/slurp)"
67.195.37.107 - - [21/Nov/2008:11:09:39 +0100] "GET /neon/biggtani.html HTTP/1.0" 200 1698 "-" "Mozilla/5.0 (compatible; Yahoo! Slurp; http://help.yahoo.com/help/us/ysearch/slurp)"
77.46.213.71 - - [21/Nov/2008:11:10:54 +0100] "GET /zampa-lovers/kralle.gif HTTP/1.1" 404 2748 "http://various-euro.com/zampa-lovers/index.html" "Mozilla/4.0 (compatible; MSIE 6.0; Windows NT 5.1; SV1; .NET CLR 2.0.50727)"
77.46.213.71 - - [21/Nov/2008:11:10:54 +0100] "GET /zampa-lovers/index.html HTTP/1.1" 200 37790 "http://search.bearshare.com/intl/webResults.html?q=knjiga%20senki&hl=en&o=10596&page=1&lr=1&src=hmp_intl" "Mozilla/4.0 (compatible; MSIE 6.0; Windows NT 5.1; SV1; .NET CLR 2.0.50727)"
77.46.213.71 - - [21/Nov/2008:11:10:54 +0100] "GET /zampa-lovers/DRAGAN_Z.JPG HTTP/1.1" 200 6850 "http://various-euro.com/zampa-lovers/index.html" "Mozilla/4.0 (compatible; MSIE 6.0; Windows NT 5.1; SV1; .NET CLR 2.0.50727)"
77.46.213.71 - - [21/Nov/2008:11:10:55 +0100] "GET /zampa-lovers/MILIZA_2.JPG HTTP/1.1" 200 22172 "http://various-euro.com/zampa-lovers/index.html" "Mozilla/4.0 (compatible; MSIE 6.0; Windows NT 5.1; SV1; .NET CLR 2.0.50727)"
77.46.213.71 - - [21/Nov/2008:11:10:57 +0100] "GET /zampa-lovers/ZAMPAMA2.MPG HTTP/1.1" 200 63492 "-" "Windows-Media-Player/9.00.00.3250"
77.46.213.71 - - [21/Nov/2008:11:10:55 +0100] "GET /zampa-lovers/zampa.gif HTTP/1.1" 200 460627 "http://various-euro.com/zampa-lovers/index.html" "Mozilla/4.0 (compatible; MSIE 6.0; Windows NT 5.1; SV1; .NET CLR 2.0.50727)"
77.46.213.71 - - [21/Nov/2008:11:10:59 +0100] "GET /zampa-lovers/WASISTMI1.MPG HTTP/1.1" 200 271221 "-" "Windows-Media-Player/9.00.00.3250"
77.46.213.71 - - [21/Nov/2008:11:11:01 +0100] "GET /zampa-lovers/ZAMPAMA2.MPG HTTP/1.1" 206 60955 "-" "Mozilla/4.0 (compatible; MSIE 6.0; Windows NT 5.1; SV1; .NET CLR 2.0.50727)"
77.46.213.71 - - [21/Nov/2008:11:11:02 +0100] "GET /zampa-lovers/ZAMPAMAS.MPG HTTP/1.1" 200 520196 "-" "Windows-Media-Player/9.00.00.3250"
77.46.213.71 - - [21/Nov/2008:11:11:02 +0100] "GET /zampa-lovers/WASISTMI1.MPG HTTP/1.1" 206 268687 "-" "Mozilla/4.0 (compatible; MSIE 6.0; Windows NT 5.1; SV1; .NET CLR 2.0.50727)"
77.46.213.71 - - [21/Nov/2008:11:11:03 +0100] "GET /zampa-lovers/ZAMPAMAS.MPG HTTP/1.1" 206 517662 "-" "Mozilla/4.0 (compatible; MSIE 6.0; Windows NT 5.1; SV1; .NET CLR 2.0.50727)"
77.46.213.71 - - [21/Nov/2008:11:11:18 +0100] "GET /zampa-lovers/MILIZA_3.JPG HTTP/1.1" 200 26924 "http://various-euro.com/zampa-lovers/index.html" "Mozilla/4.0 (compatible; MSIE 6.0; Windows NT 5.1; SV1; .NET CLR 2.0.50727)"
77.46.213.71 - - [21/Nov/2008:11:11:19 +0100] "GET /zampa-lovers/MILIZA_B.JPG HTTP/1.1" 200 10947 "http://various-euro.com/zampa-lovers/index.html" "Mozilla/4.0 (compatible; MSIE 6.0; Windows NT 5.1; SV1; .NET CLR 2.0.50727)"
77.46.213.71 - - [21/Nov/2008:11:11:20 +0100] "GET /zampa-lovers/MILIZA_4.JPG HTTP/1.1" 200 9946 "http://various-euro.com/zampa-lovers/index.html" "Mozilla/4.0 (compatible; MSIE 6.0; Windows NT 5.1; SV1; .NET CLR 2.0.50727)"
77.46.213.71 - - [21/Nov/2008:11:11:11 +0100] "GET /zampa-lovers/ZAMPAMAS.MPG HTTP/1.1" 200 520196 "-" "Mozilla/4.0 (compatible; MSIE 6.0; Windows NT 5.1; SV1; .NET CLR 2.0.50727)"
77.46.213.71 - - [21/Nov/2008:11:11:21 +0100] "GET /zampa-lovers/DRAGANZA.JPG HTTP/1.1" 200 18560 "http://various-euro.com/zampa-lovers/index.html" "Mozilla/4.0 (compatible; MSIE 6.0; Windows NT 5.1; SV1; .NET CLR 2.0.50727)"
77.46.213.71 - - [21/Nov/2008:11:11:22 +0100] "GET /zampa-lovers/1SEITEVE.GIF HTTP/1.1" 200 78726 "http://various-euro.com/zampa-lovers/index.html" "Mozilla/4.0 (compatible; MSIE 6.0; Windows NT 5.1; SV1; .NET CLR 2.0.50727)"
77.46.213.71 - - [21/Nov/2008:11:11:22 +0100] "GET /zampa-lovers/2SEITEVE.GIF HTTP/1.1" 200 83466 "http://various-euro.com/zampa-lovers/index.html" "Mozilla/4.0 (compatible; MSIE 6.0; Windows NT 5.1; SV1; .NET CLR 2.0.50727)"
64.1.215.165 - - [21/Nov/2008:11:34:56 +0100] "GET /3dsf3/sendi/hyperreality.html HTTP/1.0" 200 1436 "-" "Mozilla/5.0 (Twiceler-0.9 http://www.cuil.com/twiceler/robot.html)"
66.249.71.5 - - [21/Nov/2008:11:53:51 +0100] "GET / HTTP/1.1" 302 353 "-" "Mozilla/5.0 (compatible; Googlebot/2.1; +http://www.google.com/bot.html)"
66.249.71.219 - - [21/Nov/2008:11:53:52 +0100] "GET /zampa/ HTTP/1.1" 200 7153 "-" "Mozilla/5.0 (compatible; Googlebot/2.1; +http://www.google.com/bot.html)"
67.195.37.107 - - [21/Nov/2008:11:59:39 +0100] "GET /f-world.html HTTP/1.0" 200 35590 "-" "Mozilla/5.0 (compatible; Yahoo! Slurp/3.0; http://help.yahoo.com/help/us/ysearch/slurp)"
66.249.71.218 - - [21/Nov/2008:12:11:25 +0100] "GET /robots.txt HTTP/1.1" 200 64 "-" "Mozilla/5.0 (compatible; Googlebot/2.1; +http://www.google.com/bot.html)"
66.249.71.218 - - [21/Nov/2008:12:11:25 +0100] "GET /logs/usage_200811.html HTTP/1.1" 404 2748 "-" "Mozilla/5.0 (compatible; Googlebot/2.1; +http://www.google.com/bot.html)"
67.195.37.107 - - [21/Nov/2008:12:11:39 +0100] "GET /f-net.html HTTP/1.0" 200 9913 "-" "Mozilla/5.0 (compatible; Yahoo! Slurp; http://help.yahoo.com/help/us/ysearch/slurp)"
67.195.37.107 - - [21/Nov/2008:12:32:10 +0100] "GET /f-channel1.html HTTP/1.0" 200 8471 "-" "Mozilla/5.0 (compatible; Yahoo! Slurp; http://help.yahoo.com/help/us/ysearch/slurp)"
67.195.37.107 - - [21/Nov/2008:13:54:24 +0100] "GET /logs/usage_200702.html HTTP/1.0" 200 107861 "-" "Mozilla/5.0 (compatible; Yahoo! Slurp; http://help.yahoo.com/help/us/ysearch/slurp)"
67.195.37.107 - - [21/Nov/2008:13:57:55 +0100] "GET /zampa-lovers/ HTTP/1.0" 200 37790 "-" "Mozilla/5.0 (compatible; Yahoo! Slurp; http://help.yahoo.com/help/us/ysearch/slurp)"
67.195.37.107 - - [21/Nov/2008:14:01:15 +0100] "GET /DgH/rampe/index.html HTTP/1.0" 200 2056 "-" "Mozilla/5.0 (compatible; Yahoo! Slurp; http://help.yahoo.com/help/us/ysearch/slurp)"
72.30.79.107 - - [21/Nov/2008:14:02:28 +0100] "GET /robots.txt HTTP/1.0" 200 64 "-" "Mozilla/5.0 (compatible; Yahoo! Slurp; http://help.yahoo.com/help/us/ysearch/slurp)"
72.30.79.107 - - [21/Nov/2008:14:02:29 +0100] "GET /f-channel1.html HTTP/1.0" 200 8471 "-" "Mozilla/5.0 (compatible; Yahoo! Slurp; http://help.yahoo.com/help/us/ysearch/slurp)"
67.195.37.107 - - [21/Nov/2008:14:04:30 +0100] "GET /DgH/orginal/index.html HTTP/1.0" 200 1727 "-" "Mozilla/5.0 (compatible; Yahoo! Slurp; http://help.yahoo.com/help/us/ysearch/slurp)"
65.55.211.169 - - [21/Nov/2008:14:23:03 +0100] "GET /robots.txt HTTP/1.1" 200 64 "-" "msnbot/1.1 (+http://search.msn.com/msnbot.htm)"
65.55.211.169 - - [21/Nov/2008:14:23:03 +0100] "GET /3dsf3/sendi/sendisendi.html HTTP/1.1" 200 5118 "-" "msnbot/1.1 (+http://search.msn.com/msnbot.htm)"
72.30.79.107 - - [21/Nov/2008:14:31:23 +0100] "GET /robots.txt HTTP/1.0" 200 64 "-" "Mozilla/5.0 (compatible; Yahoo! Slurp; http://help.yahoo.com/help/us/ysearch/slurp)"
72.30.79.107 - - [21/Nov/2008:14:31:23 +0100] "GET /frame-inhalt.html HTTP/1.0" 200 5418 "-" "Mozilla/5.0 (compatible; Yahoo! Slurp; http://help.yahoo.com/help/us/ysearch/slurp)"
67.195.37.107 - - [21/Nov/2008:14:32:48 +0100] "GET /logs/usage_200711.html HTTP/1.0" 200 109628 "-" "Mozilla/5.0 (compatible; Yahoo! Slurp; http://help.yahoo.com/help/us/ysearch/slurp)"
67.195.37.107 - - [21/Nov/2008:14:48:38 +0100] "GET /logs/usage_200703.html HTTP/1.0" 200 108444 "-" "Mozilla/5.0 (compatible; Yahoo! Slurp; http://help.yahoo.com/help/us/ysearch/slurp)"
65.55.211.168 - - [21/Nov/2008:14:48:42 +0100] "GET /robots.txt HTTP/1.1" 200 64 "-" "msnbot/1.1 (+http://search.msn.com/msnbot.htm)"
65.55.211.168 - - [21/Nov/2008:14:48:44 +0100] "GET /zampa/montenegro/dajpare.html HTTP/1.1" 200 2503 "-" "msnbot/1.1 (+http://search.msn.com/msnbot.htm)"
65.55.211.168 - - [21/Nov/2008:15:01:33 +0100] "GET /f-bannnerz.html HTTP/1.1" 200 12651 "-" "msnbot/1.1 (+http://search.msn.com/msnbot.htm)"
67.195.37.107 - - [21/Nov/2008:15:07:19 +0100] "GET /logs/usage_200712.html HTTP/1.0" 200 92577 "-" "Mozilla/5.0 (compatible; Yahoo! Slurp; http://help.yahoo.com/help/us/ysearch/slurp)"
81.52.143.16 - - [21/Nov/2008:15:14:50 +0100] "GET /robots.txt HTTP/1.1" 200 64 "-" "Mozilla/5.0 (Windows; U; Windows NT 5.1; fr; rv:1.8.1) VoilaBot BETA 1.2 (support.voilabot@orange-ftgroup.com)"
81.52.143.16 - - [21/Nov/2008:15:15:03 +0100] "GET /schubb/schubb-2.html HTTP/1.1" 200 16660 "-" "Mozilla/5.0 (Windows; U; Windows NT 5.1; fr; rv:1.8.1) VoilaBot BETA 1.2 (support.voilabot@orange-ftgroup.com)"
67.195.37.107 - - [21/Nov/2008:15:24:53 +0100] "GET /logs/usage_200705.html HTTP/1.0" 200 109447 "-" "Mozilla/5.0 (compatible; Yahoo! Slurp; http://help.yahoo.com/help/us/ysearch/slurp)"
67.195.37.107 - - [21/Nov/2008:15:27:35 +0100] "GET /zampa/montenegro/ HTTP/1.0" 200 2651 "-" "Mozilla/5.0 (compatible; Yahoo! Slurp; http://help.yahoo.com/help/us/ysearch/slurp)"
72.30.81.182 - - [21/Nov/2008:15:34:19 +0100] "GET /robots.txt HTTP/1.0" 200 64 "-" "Mozilla/5.0 (compatible; Yahoo! Slurp; http://help.yahoo.com/help/us/ysearch/slurp)"
72.30.81.182 - - [21/Nov/2008:15:34:19 +0100] "GET /bmpp/18.html HTTP/1.0" 200 4467 "-" "Mozilla/5.0 (compatible; Yahoo! Slurp; http://help.yahoo.com/help/us/ysearch/slurp)"
67.195.37.107 - - [21/Nov/2008:15:50:53 +0100] "GET /logs/usage_200709.html HTTP/1.0" 200 110974 "-" "Mozilla/5.0 (compatible; Yahoo! Slurp; http://help.yahoo.com/help/us/ysearch/slurp)"
67.195.37.107 - - [21/Nov/2008:15:51:02 +0100] "GET /logs/usage_200701.html HTTP/1.0" 200 109268 "-" "Mozilla/5.0 (compatible; Yahoo! Slurp; http://help.yahoo.com/help/us/ysearch/slurp)"
90.184.136.199 - - [21/Nov/2008:15:54:57 +0100] "HEAD / HTTP/1.1" 200 - "-" "Mozilla/5.0 (Windows; U; Windows NT 5.1; en; rv:1.8.1.8) Gecko/20071008 Firefox/2.0.0.8"
67.195.37.107 - - [21/Nov/2008:15:56:37 +0100] "GET /logs/usage_200704.html HTTP/1.0" 200 108835 "-" "Mozilla/5.0 (compatible; Yahoo! Slurp; http://help.yahoo.com/help/us/ysearch/slurp)"
67.195.37.107 - - [21/Nov/2008:16:00:08 +0100] "GET /zampa/ HTTP/1.0" 200 7153 "-" "Mozilla/5.0 (compatible; Yahoo! Slurp; http://help.yahoo.com/help/us/ysearch/slurp)"
72.30.79.84 - - [21/Nov/2008:16:12:43 +0100] "GET /robots.txt HTTP/1.0" 200 64 "-" "Mozilla/5.0 (compatible; Yahoo! Slurp; http://help.yahoo.com/help/us/ysearch/slurp)"
72.30.79.84 - - [21/Nov/2008:16:12:44 +0100] "GET /DgH/orginal/index.html HTTP/1.0" 200 1727 "-" "Mozilla/5.0 (compatible; Yahoo! Slurp; http://help.yahoo.com/help/us/ysearch/slurp)"
72.30.79.84 - - [21/Nov/2008:16:14:37 +0100] "GET /logs/usage_200710.html HTTP/1.0" 200 110952 "-" "Mozilla/5.0 (compatible; Yahoo! Slurp; http://help.yahoo.com/help/us/ysearch/slurp)"
72.30.79.84 - - [21/Nov/2008:16:29:10 +0100] "GET /neon/biggtani.html HTTP/1.0" 200 1698 "-" "Mozilla/5.0 (compatible; Yahoo! Slurp; http://help.yahoo.com/help/us/ysearch/slurp)"
72.30.79.84 - - [21/Nov/2008:16:35:44 +0100] "GET / HTTP/1.0" 200 7869 "-" "Mozilla/5.0 (compatible; Yahoo! Slurp; http://help.yahoo.com/help/us/ysearch/slurp)"
65.55.211.166 - - [21/Nov/2008:17:10:14 +0100] "GET /robots.txt HTTP/1.1" 200 64 "-" "msnbot/1.1 (+http://search.msn.com/msnbot.htm)"
65.55.211.166 - - [21/Nov/2008:17:10:14 +0100] "GET /f-rez.html HTTP/1.1" 200 9765 "-" "msnbot/1.1 (+http://search.msn.com/msnbot.htm)"
64.1.215.165 - - [21/Nov/2008:17:11:38 +0100] "GET /3dsf3/sendi/catastrophe.html HTTP/1.0" 200 1322 "-" "Mozilla/5.0 (Twiceler-0.9 http://www.cuil.com/twiceler/robot.html)"
67.195.37.107 - - [21/Nov/2008:17:29:22 +0100] "GET /logs/usage_200710.html HTTP/1.0" 200 110952 "-" "Mozilla/5.0 (compatible; Yahoo! Slurp; http://help.yahoo.com/help/us/ysearch/slurp)"
72.30.142.108 - - [21/Nov/2008:17:31:30 +0100] "GET /robots.txt HTTP/1.0" 200 64 "-" "Mozilla/5.0 (compatible; Yahoo! Slurp; http://help.yahoo.com/help/us/ysearch/slurp)"
72.30.142.108 - - [21/Nov/2008:17:31:31 +0100] "GET /bmpp/euro_pal_1.html HTTP/1.0" 200 18252 "-" "Mozilla/5.0 (compatible; Yahoo! Slurp; http://help.yahoo.com/help/us/ysearch/slurp)"
67.195.37.107 - - [21/Nov/2008:17:36:15 +0100] "GET /logs/usage_200708.html HTTP/1.0" 200 111167 "-" "Mozilla/5.0 (compatible; Yahoo! Slurp; http://help.yahoo.com/help/us/ysearch/slurp)"
72.30.142.108 - - [21/Nov/2008:17:49:14 +0100] "GET /DgH/rampe/index.html HTTP/1.0" 200 2056 "-" "Mozilla/5.0 (compatible; Yahoo! Slurp; http://help.yahoo.com/help/us/ysearch/slurp)"
72.30.142.108 - - [21/Nov/2008:17:51:40 +0100] "GET /f-sponsor.html HTTP/1.0" 200 8578 "-" "Mozilla/5.0 (compatible; Yahoo! Slurp; http://help.yahoo.com/help/us/ysearch/slurp)"
72.54.14.114 - - [21/Nov/2008:18:08:21 +0100] "GET / HTTP/1.1" 200 7869 "-" "Mozilla/5.0 (Windows; U; Windows NT 5.2; en-US; rv:1.9.0.4) Gecko/2008102920 Firefox/3.0.4"
72.54.14.114 - - [21/Nov/2008:18:08:21 +0100] "GET /ve-icon-2.ico HTTP/1.1" 200 2238 "-" "Mozilla/5.0 (Windows; U; Windows NT 5.2; en-US; rv:1.9.0.4) Gecko/2008102920 Firefox/3.0.4"
72.54.14.114 - - [21/Nov/2008:18:08:21 +0100] "GET /style/various-euro.css HTTP/1.1" 200 3437 "http://www.various-euro.com/" "Mozilla/5.0 (Windows; U; Windows NT 5.2; en-US; rv:1.9.0.4) Gecko/2008102920 Firefox/3.0.4"
72.54.14.114 - - [21/Nov/2008:18:08:22 +0100] "GET /framez_0.html HTTP/1.1" 200 12444 "http://www.various-euro.com/" "Mozilla/5.0 (Windows; U; Windows NT 5.2; en-US; rv:1.9.0.4) Gecko/2008102920 Firefox/3.0.4"
72.54.14.114 - - [21/Nov/2008:18:08:24 +0100] "GET /framez.html HTTP/1.1" 200 3959 "http://www.various-euro.com/framez_0.html" "Mozilla/5.0 (Windows; U; Windows NT 5.2; en-US; rv:1.9.0.4) Gecko/2008102920 Firefox/3.0.4"
72.54.14.114 - - [21/Nov/2008:18:08:26 +0100] "GET /frame-menu.html HTTP/1.1" 200 10536 "http://www.various-euro.com/framez.html" "Mozilla/5.0 (Windows; U; Windows NT 5.2; en-US; rv:1.9.0.4) Gecko/2008102920 Firefox/3.0.4"
72.54.14.114 - - [21/Nov/2008:18:08:26 +0100] "GET /frame-inhalt.html HTTP/1.1" 200 5418 "http://www.various-euro.com/framez.html" "Mozilla/5.0 (Windows; U; Windows NT 5.2; en-US; rv:1.9.0.4) Gecko/2008102920 Firefox/3.0.4"
72.54.14.114 - - [21/Nov/2008:18:08:26 +0100] "GET /frame-unten.html HTTP/1.1" 200 5308 "http://www.various-euro.com/framez.html" "Mozilla/5.0 (Windows; U; Windows NT 5.2; en-US; rv:1.9.0.4) Gecko/2008102920 Firefox/3.0.4"
72.54.14.114 - - [21/Nov/2008:18:08:26 +0100] "GET /eurosign3.gif HTTP/1.1" 200 7879 "http://www.various-euro.com/frame-inhalt.html" "Mozilla/5.0 (Windows; U; Windows NT 5.2; en-US; rv:1.9.0.4) Gecko/2008102920 Firefox/3.0.4"
72.54.14.114 - - [21/Nov/2008:18:08:26 +0100] "GET /bannerz/neon_click_1.gif HTTP/1.1" 200 890 "http://www.various-euro.com/frame-inhalt.html" "Mozilla/5.0 (Windows; U; Windows NT 5.2; en-US; rv:1.9.0.4) Gecko/2008102920 Firefox/3.0.4"
72.54.14.114 - - [21/Nov/2008:18:08:26 +0100] "GET /bannerz/neon_click_3.gif HTTP/1.1" 200 240 "http://www.various-euro.com/frame-inhalt.html" "Mozilla/5.0 (Windows; U; Windows NT 5.2; en-US; rv:1.9.0.4) Gecko/2008102920 Firefox/3.0.4"
72.54.14.114 - - [21/Nov/2008:18:08:26 +0100] "GET /bannerz/neon_click_2.gif HTTP/1.1" 200 387 "http://www.various-euro.com/frame-inhalt.html" "Mozilla/5.0 (Windows; U; Windows NT 5.2; en-US; rv:1.9.0.4) Gecko/2008102920 Firefox/3.0.4"
72.54.14.114 - - [21/Nov/2008:18:08:26 +0100] "GET /bannerz/douwil.gif HTTP/1.1" 200 528 "http://www.various-euro.com/frame-inhalt.html" "Mozilla/5.0 (Windows; U; Windows NT 5.2; en-US; rv:1.9.0.4) Gecko/2008102920 Firefox/3.0.4"
72.54.14.114 - - [21/Nov/2008:18:08:26 +0100] "GET /bannerz/wet.gif HTTP/1.1" 200 18561 "http://www.various-euro.com/frame-inhalt.html" "Mozilla/5.0 (Windows; U; Windows NT 5.2; en-US; rv:1.9.0.4) Gecko/2008102920 Firefox/3.0.4"
72.54.14.114 - - [21/Nov/2008:18:08:26 +0100] "GET /bannerz/anti_black_small.gif HTTP/1.1" 200 1009 "http://www.various-euro.com/frame-inhalt.html" "Mozilla/5.0 (Windows; U; Windows NT 5.2; en-US; rv:1.9.0.4) Gecko/2008102920 Firefox/3.0.4"
72.54.14.114 - - [21/Nov/2008:18:08:26 +0100] "GET /bannerz/copyleft_black_small.gif HTTP/1.1" 200 1231 "http://www.various-euro.com/frame-inhalt.html" "Mozilla/5.0 (Windows; U; Windows NT 5.2; en-US; rv:1.9.0.4) Gecko/2008102920 Firefox/3.0.4"
72.54.14.114 - - [21/Nov/2008:18:08:27 +0100] "GET /bannerz/google/Logo_40blk.gif HTTP/1.1" 200 2308 "http://www.various-euro.com/frame-inhalt.html" "Mozilla/5.0 (Windows; U; Windows NT 5.2; en-US; rv:1.9.0.4) Gecko/2008102920 Firefox/3.0.4"
72.54.14.114 - - [21/Nov/2008:18:08:26 +0100] "GET /bannerz/goolag_468.jpg HTTP/1.1" 200 28285 "http://www.various-euro.com/frame-inhalt.html" "Mozilla/5.0 (Windows; U; Windows NT 5.2; en-US; rv:1.9.0.4) Gecko/2008102920 Firefox/3.0.4"
72.54.14.114 - - [21/Nov/2008:18:08:26 +0100] "GET /bannerz/ve.jpg HTTP/1.1" 200 36912 "http://www.various-euro.com/frame-unten.html" "Mozilla/5.0 (Windows; U; Windows NT 5.2; en-US; rv:1.9.0.4) Gecko/2008102920 Firefox/3.0.4"
72.54.14.114 - - [21/Nov/2008:18:08:26 +0100] "GET /bannerz/various-euro-girl.jpg HTTP/1.1" 200 91514 "http://www.various-euro.com/frame-unten.html" "Mozilla/5.0 (Windows; U; Windows NT 5.2; en-US; rv:1.9.0.4) Gecko/2008102920 Firefox/3.0.4"
65.55.211.164 - - [21/Nov/2008:18:09:50 +0100] "GET /robots.txt HTTP/1.1" 200 64 "-" "msnbot/1.1 (+http://search.msn.com/msnbot.htm)"
65.55.211.164 - - [21/Nov/2008:18:09:52 +0100] "GET /bmpp/18.html HTTP/1.1" 200 4467 "-" "msnbot/1.1 (+http://search.msn.com/msnbot.htm)"
65.55.211.175 - - [21/Nov/2008:18:25:33 +0100] "GET /robots.txt HTTP/1.1" 200 64 "-" "msnbot/1.1 (+http://search.msn.com/msnbot.htm)"
65.55.211.175 - - [21/Nov/2008:18:25:34 +0100] "GET /3dsf3/sendi/index.html HTTP/1.1" 200 1837 "-" "msnbot/1.1 (+http://search.msn.com/msnbot.htm)"
194.165.42.119 - - [21/Nov/2008:18:32:14 +0100] "GET /schubb/schubb-5.html HTTP/1.0" 200 72944 "-" "Opera/7.60 (Windows NT 5.2; U) [en] (IBM EVV/3.0/EAK01AG9/LE)"
64.1.215.165 - - [21/Nov/2008:18:43:12 +0100] "GET /3dsf3/sendi/connection.html HTTP/1.0" 200 1336 "-" "Mozilla/5.0 (Twiceler-0.9 http://www.cuil.com/twiceler/robot.html)"
217.17.103.107 - - [21/Nov/2008:19:04:20 +0100] "GET /framez-schubb5.html HTTP/1.1" 200 4330 "http://www.google.com/search?hl=en&q=EURO+TRUCK+SIMULATOR+BALCAN+MAP&btnG=Search" "Opera/9.62 (Windows NT 5.1; U; en) Presto/2.1.1"
217.17.103.107 - - [21/Nov/2008:19:04:20 +0100] "GET /frame-menu.html HTTP/1.1" 200 10536 "http://www.various-euro.com/framez-schubb5.html" "Opera/9.62 (Windows NT 5.1; U; en) Presto/2.1.1"
217.17.103.107 - - [21/Nov/2008:19:04:20 +0100] "GET /ve-icon-2.ico HTTP/1.1" 200 2238 "http://www.various-euro.com/framez-schubb5.html" "Opera/9.62 (Windows NT 5.1; U; en) Presto/2.1.1"
217.17.103.107 - - [21/Nov/2008:19:04:20 +0100] "GET /frame-unten.html HTTP/1.1" 200 5308 "http://www.various-euro.com/framez-schubb5.html" "Opera/9.62 (Windows NT 5.1; U; en) Presto/2.1.1"
217.17.103.107 - - [21/Nov/2008:19:04:20 +0100] "GET /style/various-euro.css HTTP/1.1" 200 3437 "http://www.various-euro.com/frame-menu.html" "Opera/9.62 (Windows NT 5.1; U; en) Presto/2.1.1"
217.17.103.107 - - [21/Nov/2008:19:04:21 +0100] "GET /schubb/schubb-5.gif HTTP/1.1" 200 342 "http://www.various-euro.com/schubb/schubb-5.html" "Opera/9.62 (Windows NT 5.1; U; en) Presto/2.1.1"
217.17.103.107 - - [21/Nov/2008:19:04:21 +0100] "GET /bannerz/ve.jpg HTTP/1.1" 200 36912 "http://www.various-euro.com/frame-unten.html" "Opera/9.62 (Windows NT 5.1; U; en) Presto/2.1.1"
217.17.103.107 - - [21/Nov/2008:19:04:20 +0100] "GET /schubb/schubb-5.html HTTP/1.1" 200 72944 "http://www.various-euro.com/framez-schubb5.html" "Opera/9.62 (Windows NT 5.1; U; en) Presto/2.1.1"
217.17.103.107 - - [21/Nov/2008:19:04:23 +0100] "GET /bannerz/various-euro-girl.jpg HTTP/1.1" 200 91514 "http://www.various-euro.com/frame-unten.html" "Opera/9.62 (Windows NT 5.1; U; en) Presto/2.1.1"
217.17.103.107 - - [21/Nov/2008:19:04:21 +0100] "GET /bannerz/various-euro-girl.jpg HTTP/1.1" 200 91514 "http://www.various-euro.com/frame-unten.html" "Opera/9.62 (Windows NT 5.1; U; en) Presto/2.1.1"
64.1.215.165 - - [21/Nov/2008:19:08:31 +0100] "GET /3dsf3/sendi/rituals.html HTTP/1.0" 200 1411 "-" "Mozilla/5.0 (Twiceler-0.9 http://www.cuil.com/twiceler/robot.html)"
67.195.37.107 - - [21/Nov/2008:19:17:20 +0100] "GET /logs/usage_200707.html HTTP/1.0" 200 110942 "-" "Mozilla/5.0 (compatible; Yahoo! Slurp; http://help.yahoo.com/help/us/ysearch/slurp)"
78.110.175.18 - - [21/Nov/2008:20:01:01 +0100] "GET /schubb/schubb-5.html HTTP/1.0" 200 72944 "-" "Mozilla/4.0 (compatible; MSIE 6.0; Windows NT 5.1; SV1; InfoPath.1)"
67.195.37.163 - - [21/Nov/2008:20:02:36 +0100] "GET /robots.txt HTTP/1.0" 200 64 "-" "Mozilla/5.0 (compatible; Yahoo! Slurp; http://help.yahoo.com/help/us/ysearch/slurp)"
67.195.37.163 - - [21/Nov/2008:20:02:37 +0100] "GET / HTTP/1.0" 200 7869 "-" "Mozilla/5.0 (compatible; Yahoo! Slurp/3.0; http://help.yahoo.com/help/us/ysearch/slurp)"
67.195.37.163 - - [21/Nov/2008:20:02:38 +0100] "GET /style/various-euro.css HTTP/1.0" 200 3437 "http://various-euro.com/" "Mozilla/5.0 (compatible; Yahoo! Slurp/3.0; http://help.yahoo.com/help/us/ysearch/slurp)"
72.30.142.108 - - [21/Nov/2008:20:04:03 +0100] "GET /logs/usage_200704.html HTTP/1.0" 200 108835 "-" "Mozilla/5.0 (compatible; Yahoo! Slurp; http://help.yahoo.com/help/us/ysearch/slurp)"
92.115.197.171 - - [21/Nov/2008:20:04:32 +0100] "GET /zampa/montenegro/contributions.html HTTP/1.0" 200 18843 "-" "Mozilla/4.0 (compatible; MSIE 6.0; Windows NT 5.1)"
66.235.124.7 - - [21/Nov/2008:20:05:50 +0100] "GET /robots.txt HTTP/1.0" 200 64 "-" "Mozilla/5.0 (compatible; Ask Jeeves/Teoma; +http://about.ask.com/en/docs/about/webmasters.shtml)"
66.235.124.7 - - [21/Nov/2008:20:05:50 +0100] "GET /framez-rez.html HTTP/1.0" 200 4323 "-" "Mozilla/5.0 (compatible; Ask Jeeves/Teoma; +http://about.ask.com/en/docs/about/webmasters.shtml)"
66.235.124.7 - - [21/Nov/2008:20:05:51 +0100] "GET /frame-menu.html HTTP/1.0" 200 10536 "-" "Mozilla/5.0 (compatible; Ask Jeeves/Teoma; +http://about.ask.com/en/docs/about/webmasters.shtml)"
66.235.124.7 - - [21/Nov/2008:20:05:51 +0100] "GET /f-rez.html HTTP/1.0" 200 9765 "-" "Mozilla/5.0 (compatible; Ask Jeeves/Teoma; +http://about.ask.com/en/docs/about/webmasters.shtml)"
66.235.124.7 - - [21/Nov/2008:20:05:51 +0100] "GET /frame-unten.html HTTP/1.0" 200 5308 "-" "Mozilla/5.0 (compatible; Ask Jeeves/Teoma; +http://about.ask.com/en/docs/about/webmasters.shtml)"
66.231.189.124 - - [21/Nov/2008:20:10:26 +0100] "GET /robots.txt HTTP/1.0" 200 64 "-" "Gigabot/3.0 (http://www.gigablast.com/spider.html)"
66.231.189.124 - - [21/Nov/2008:20:10:27 +0100] "GET /zampa/montenegro/ZMAJW.html HTTP/1.0" 200 860 "-" "Gigabot/3.0 (http://www.gigablast.com/spider.html)"
67.195.37.107 - - [21/Nov/2008:20:13:25 +0100] "GET /schubb/schubb-2.html HTTP/1.0" 200 16660 "-" "Mozilla/5.0 (compatible; Yahoo! Slurp/3.0; http://help.yahoo.com/help/us/ysearch/slurp)"
67.195.37.107 - - [21/Nov/2008:20:30:06 +0100] "GET /your_tour.html HTTP/1.0" 200 29760 "-" "Mozilla/5.0 (compatible; Yahoo! Slurp; http://help.yahoo.com/help/us/ysearch/slurp)"
38.100.8.50 - - [21/Nov/2008:20:34:39 +0100] "GET /robots.txt HTTP/1.1" 200 64 "-" "panscient.com"
38.100.8.50 - - [21/Nov/2008:20:34:39 +0100] "GET / HTTP/1.1" 200 7869 "-" "panscient.com"
38.100.8.50 - - [21/Nov/2008:20:34:41 +0100] "GET /framez.html HTTP/1.1" 200 3959 "-" "panscient.com"
38.100.8.50 - - [21/Nov/2008:20:34:42 +0100] "GET /frame-unten.html HTTP/1.1" 200 5308 "-" "panscient.com"
38.100.8.50 - - [21/Nov/2008:20:34:43 +0100] "GET /frame-menu.html HTTP/1.1" 200 10536 "-" "panscient.com"
38.100.8.50 - - [21/Nov/2008:20:34:44 +0100] "GET /robots.txt HTTP/1.1" 302 363 "-" "panscient.com"
38.100.8.50 - - [21/Nov/2008:20:34:44 +0100] "GET /zampa/robots.txt HTTP/1.1" 404 2748 "-" "panscient.com"
38.100.8.50 - - [21/Nov/2008:20:34:47 +0100] "GET /frame-inhalt.html HTTP/1.1" 200 5418 "-" "panscient.com"
38.100.8.50 - - [21/Nov/2008:20:34:48 +0100] "GET / HTTP/1.1" 302 353 "-" "panscient.com"
38.100.8.50 - - [21/Nov/2008:20:34:48 +0100] "GET /zampa/ HTTP/1.1" 200 7153 "-" "panscient.com"
38.100.8.50 - - [21/Nov/2008:20:34:49 +0100] "GET /your_tour.html HTTP/1.1" 200 31668 "-" "panscient.com"
38.100.8.50 - - [21/Nov/2008:20:34:51 +0100] "GET /zampa/montenegro/dajpare.html HTTP/1.1" 200 2503 "-" "panscient.com"
38.100.8.50 - - [21/Nov/2008:20:34:52 +0100] "GET /zampa/lybia/index.html HTTP/1.1" 200 3036 "-" "panscient.com"
38.100.8.50 - - [21/Nov/2008:20:34:56 +0100] "GET /f-sponsor.html HTTP/1.1" 200 8578 "-" "panscient.com"
38.100.8.50 - - [21/Nov/2008:20:34:58 +0100] "GET /restate_copy.html HTTP/1.1" 200 97631 "-" "panscient.com"
38.100.8.50 - - [21/Nov/2008:20:34:59 +0100] "GET /warez.html HTTP/1.1" 200 9754 "-" "panscient.com"
94.102.60.158 - - [21/Nov/2008:20:52:15 +0100] "GET /schubb/schubb-5.html HTTP/1.0" 200 72944 "-" "Opera/7.60 (Windows NT 5.2; U) [en] (IBM EVV/3.0/EAK01AG9/LE)"
194.165.42.121 - - [21/Nov/2008:20:52:33 +0100] "GET /schubb/schubb-5.html HTTP/1.0" 200 72944 "-" "Mozilla/4.0 (compatible; MSIE 6.0; Windows NT 5.1; SV1; .NET CLR 1.1.4322)"
67.195.37.107 - - [21/Nov/2008:21:27:01 +0100] "GET /schubb/schubb-3.html HTTP/1.0" 200 17546 "-" "Mozilla/5.0 (compatible; Yahoo! Slurp/3.0; http://help.yahoo.com/help/us/ysearch/slurp)"
67.195.37.107 - - [21/Nov/2008:21:31:07 +0100] "GET /schubb/schubb-4.html HTTP/1.0" 200 17746 "-" "Mozilla/5.0 (compatible; Yahoo! Slurp/3.0; http://help.yahoo.com/help/us/ysearch/slurp)"
217.167.142.165 - - [21/Nov/2008:21:35:51 +0100] "GET /favicon.ico HTTP/1.1" 404 2748 "-" "Mozilla/4.0 (compatible; GoogleToolbar 4.0.1306.3130-big; Windows 6.0; MSIE 7.0.6001.18000)"
217.167.142.165 - - [21/Nov/2008:21:35:52 +0100] "GET /favicon.gif HTTP/1.1" 404 2748 "-" "Mozilla/4.0 (compatible; GoogleToolbar 4.0.1306.3130-big; Windows 6.0; MSIE 7.0.6001.18000)"
72.30.79.29 - - [21/Nov/2008:21:42:56 +0100] "GET /robots.txt HTTP/1.0" 200 64 "-" "Mozilla/5.0 (compatible; Yahoo! Slurp; http://help.yahoo.com/help/us/ysearch/slurp)"
72.30.79.29 - - [21/Nov/2008:21:42:57 +0100] "GET /zampa/montenegro/ZMAJW.html HTTP/1.0" 200 860 "-" "Mozilla/5.0 (compatible; Yahoo! Slurp; http://help.yahoo.com/help/us/ysearch/slurp)"
72.30.79.29 - - [21/Nov/2008:21:44:44 +0100] "GET /neon/girlz2.html HTTP/1.0" 200 2937 "-" "Mozilla/5.0 (compatible; Yahoo! Slurp; http://help.yahoo.com/help/us/ysearch/slurp)"
72.30.79.29 - - [21/Nov/2008:21:44:52 +0100] "GET /f-rez.html HTTP/1.0" 200 9765 "-" "Mozilla/5.0 (compatible; Yahoo! Slurp; http://help.yahoo.com/help/us/ysearch/slurp)"
193.252.149.16 - - [21/Nov/2008:22:16:58 +0100] "GET /neon/girl-tv.html HTTP/1.1" 200 1717 "-" "Mozilla/5.0 (Windows; U; Windows NT 5.1; fr; rv:1.8.1) VoilaBot BETA 1.2 (support.voilabot@orange-ftgroup.com)"
67.195.37.107 - - [21/Nov/2008:22:33:28 +0100] "GET /robots.txt HTTP/1.0" 200 64 "-" "Mozilla/5.0 (compatible; Yahoo! Slurp; http://help.yahoo.com/help/us/ysearch/slurp)"
67.195.37.107 - - [21/Nov/2008:22:33:30 +0100] "GET /framez.html HTTP/1.0" 200 3959 "-" "Mozilla/5.0 (compatible; Yahoo! Slurp/3.0; http://help.yahoo.com/help/us/ysearch/slurp)"
67.195.37.107 - - [21/Nov/2008:22:33:31 +0100] "GET /style/various-euro.css HTTP/1.0" 304 - "http://www.various-euro.com/framez.html" "Mozilla/5.0 (compatible; Yahoo! Slurp/3.0; http://help.yahoo.com/help/us/ysearch/slurp)"
67.195.37.107 - - [21/Nov/2008:22:33:35 +0100] "GET /frame-menu.html HTTP/1.0" 200 10536 "http://www.various-euro.com/framez.html" "Mozilla/5.0 (compatible; Yahoo! Slurp/3.0; http://help.yahoo.com/help/us/ysearch/slurp)"
67.195.37.107 - - [21/Nov/2008:22:33:35 +0100] "GET /frame-inhalt.html HTTP/1.0" 200 5418 "http://www.various-euro.com/framez.html" "Mozilla/5.0 (compatible; Yahoo! Slurp/3.0; http://help.yahoo.com/help/us/ysearch/slurp)"
67.195.37.107 - - [21/Nov/2008:22:33:35 +0100] "GET /frame-unten.html HTTP/1.0" 200 5308 "http://www.various-euro.com/framez.html" "Mozilla/5.0 (compatible; Yahoo! Slurp/3.0; http://help.yahoo.com/help/us/ysearch/slurp)"
217.167.142.165 - - [21/Nov/2008:22:40:32 +0100] "GET /favicon.ico HTTP/1.1" 404 2748 "-" "Mozilla/4.0 (compatible; GoogleToolbar 4.0.1306.3130-big; Windows 6.0; MSIE 7.0.6001.18000)"
217.167.142.165 - - [21/Nov/2008:22:40:32 +0100] "GET /favicon.gif HTTP/1.1" 404 2748 "-" "Mozilla/4.0 (compatible; GoogleToolbar 4.0.1306.3130-big; Windows 6.0; MSIE 7.0.6001.18000)"
72.30.142.154 - - [21/Nov/2008:22:46:29 +0100] "GET /robots.txt HTTP/1.0" 200 64 "-" "Mozilla/5.0 (compatible; Yahoo! Slurp; http://help.yahoo.com/help/us/ysearch/slurp)"
72.30.142.154 - - [21/Nov/2008:22:46:30 +0100] "GET /f-web.html HTTP/1.0" 200 13605 "-" "Mozilla/5.0 (compatible; Yahoo! Slurp/3.0; http://help.yahoo.com/help/us/ysearch/slurp)"
67.195.37.107 - - [21/Nov/2008:22:50:25 +0100] "GET /schubb/schubb-3.html HTTP/1.0" 200 17546 "-" "Mozilla/5.0 (compatible; Yahoo! Slurp/3.0; http://help.yahoo.com/help/us/ysearch/slurp)"
217.167.142.165 - - [21/Nov/2008:22:58:54 +0100] "GET /favicon.ico HTTP/1.1" 404 2748 "-" "Mozilla/4.0 (compatible; GoogleToolbar 4.0.1306.3130-big; Windows 6.0; MSIE 7.0.6001.18000)"
217.167.142.165 - - [21/Nov/2008:22:58:54 +0100] "GET /favicon.gif HTTP/1.1" 404 2748 "-" "Mozilla/4.0 (compatible; GoogleToolbar 4.0.1306.3130-big; Windows 6.0; MSIE 7.0.6001.18000)"
66.249.71.217 - - [21/Nov/2008:23:02:54 +0100] "GET /schubb/schubb-2.html HTTP/1.1" 200 16660 "-" "Mozilla/5.0 (compatible; Googlebot/2.1; +http://www.google.com/bot.html)"
193.252.149.16 - - [21/Nov/2008:23:22:48 +0100] "GET /neon/biggtani.html HTTP/1.1" 200 1698 "-" "Mozilla/5.0 (Windows; U; Windows NT 5.1; fr; rv:1.8.1) VoilaBot BETA 1.2 (support.voilabot@orange-ftgroup.com)"
66.249.71.218 - - [21/Nov/2008:23:39:52 +0100] "GET /framez-schubb5.html HTTP/1.1" 200 4330 "-" "Mozilla/5.0 (compatible; Googlebot/2.1; +http://www.google.com/bot.html)"
66.249.71.219 - - [22/Nov/2008:00:37:36 +0100] "GET /frame-inhalt.html HTTP/1.1" 200 5418 "-" "Mozilla/5.0 (compatible; Googlebot/2.1; +http://www.google.com/bot.html)"
72.30.142.158 - - [22/Nov/2008:00:38:04 +0100] "GET /robots.txt HTTP/1.0" 200 64 "-" "Mozilla/5.0 (compatible; Yahoo! Slurp; http://help.yahoo.com/help/us/ysearch/slurp)"
72.30.142.158 - - [22/Nov/2008:00:38:05 +0100] "GET /f-warez.html HTTP/1.0" 200 10953 "-" "Mozilla/5.0 (compatible; Yahoo! Slurp; http://help.yahoo.com/help/us/ysearch/slurp)"
72.30.142.158 - - [22/Nov/2008:00:46:12 +0100] "GET /neon/sushi.html HTTP/1.0" 200 687 "-" "Mozilla/5.0 (compatible; Yahoo! Slurp; http://help.yahoo.com/help/us/ysearch/slurp)"
66.249.71.217 - - [22/Nov/2008:00:48:29 +0100] "GET / HTTP/1.1" 200 7869 "-" "Mozilla/5.0 (compatible; Googlebot/2.1; +http://www.google.com/bot.html)"
193.252.149.16 - - [22/Nov/2008:00:57:27 +0100] "GET /frame-inhalt.html HTTP/1.1" 200 5418 "-" "Mozilla/5.0 (Windows; U; Windows NT 5.1; fr; rv:1.8.1) VoilaBot BETA 1.2 (support.voilabot@orange-ftgroup.com)"
72.30.78.243 - - [22/Nov/2008:01:01:31 +0100] "GET /robots.txt HTTP/1.0" 200 64 "-" "Mozilla/5.0 (compatible; Yahoo! Slurp; http://help.yahoo.com/help/us/ysearch/slurp)"
72.30.78.243 - - [22/Nov/2008:01:01:32 +0100] "GET /zampa/montenegro/TESLAW.html HTTP/1.0" 200 861 "-" "Mozilla/5.0 (compatible; Yahoo! Slurp/3.0; http://help.yahoo.com/help/us/ysearch/slurp)"
212.175.132.176 - - [22/Nov/2008:01:07:28 +0100] "GET /framez.html HTTP/1.1" 200 3959 "http://www.google.com.tr/search?hl=tr&client=firefox-a&rls=org.mozilla:tr:official&hs=GFg&sa=X&oi=spell&resnum=0&ct=result&cd=1&q=euro+portal&spell=1" "Mozilla/5.0 (Windows; U; Windows NT 5.1; tr; rv:1.9.0.4) Gecko/2008102920 Firefox/3.0.4"
212.175.132.176 - - [22/Nov/2008:01:07:28 +0100] "GET /style/various-euro.css HTTP/1.1" 200 3437 "http://www.various-euro.com/framez.html" "Mozilla/5.0 (Windows; U; Windows NT 5.1; tr; rv:1.9.0.4) Gecko/2008102920 Firefox/3.0.4"
212.175.132.176 - - [22/Nov/2008:01:07:29 +0100] "GET /frame-menu.html HTTP/1.1" 200 10536 "http://www.various-euro.com/framez.html" "Mozilla/5.0 (Windows; U; Windows NT 5.1; tr; rv:1.9.0.4) Gecko/2008102920 Firefox/3.0.4"
212.175.132.176 - - [22/Nov/2008:01:07:29 +0100] "GET /frame-inhalt.html HTTP/1.1" 200 5418 "http://www.various-euro.com/framez.html" "Mozilla/5.0 (Windows; U; Windows NT 5.1; tr; rv:1.9.0.4) Gecko/2008102920 Firefox/3.0.4"
212.175.132.176 - - [22/Nov/2008:01:07:29 +0100] "GET /ve-icon-2.ico HTTP/1.1" 200 2238 "-" "Mozilla/5.0 (Windows; U; Windows NT 5.1; tr; rv:1.9.0.4) Gecko/2008102920 Firefox/3.0.4"
212.175.132.176 - - [22/Nov/2008:01:07:29 +0100] "GET /eurosign3.gif HTTP/1.1" 200 7879 "http://www.various-euro.com/frame-inhalt.html" "Mozilla/5.0 (Windows; U; Windows NT 5.1; tr; rv:1.9.0.4) Gecko/2008102920 Firefox/3.0.4"
212.175.132.176 - - [22/Nov/2008:01:07:29 +0100] "GET /bannerz/neon_click_3.gif HTTP/1.1" 200 240 "http://www.various-euro.com/frame-inhalt.html" "Mozilla/5.0 (Windows; U; Windows NT 5.1; tr; rv:1.9.0.4) Gecko/2008102920 Firefox/3.0.4"
212.175.132.176 - - [22/Nov/2008:01:07:30 +0100] "GET /bannerz/neon_click_1.gif HTTP/1.1" 200 890 "http://www.various-euro.com/frame-inhalt.html" "Mozilla/5.0 (Windows; U; Windows NT 5.1; tr; rv:1.9.0.4) Gecko/2008102920 Firefox/3.0.4"
212.175.132.176 - - [22/Nov/2008:01:07:30 +0100] "GET /bannerz/google/Logo_40blk.gif HTTP/1.1" 200 2308 "http://www.various-euro.com/frame-inhalt.html" "Mozilla/5.0 (Windows; U; Windows NT 5.1; tr; rv:1.9.0.4) Gecko/2008102920 Firefox/3.0.4"
212.175.132.176 - - [22/Nov/2008:01:07:30 +0100] "GET /bannerz/neon_click_2.gif HTTP/1.1" 200 387 "http://www.various-euro.com/frame-inhalt.html" "Mozilla/5.0 (Windows; U; Windows NT 5.1; tr; rv:1.9.0.4) Gecko/2008102920 Firefox/3.0.4"
212.175.132.176 - - [22/Nov/2008:01:07:30 +0100] "GET /bannerz/douwil.gif HTTP/1.1" 200 528 "http://www.various-euro.com/frame-inhalt.html" "Mozilla/5.0 (Windows; U; Windows NT 5.1; tr; rv:1.9.0.4) Gecko/2008102920 Firefox/3.0.4"
212.175.132.176 - - [22/Nov/2008:01:07:30 +0100] "GET /bannerz/anti_black_small.gif HTTP/1.1" 200 1009 "http://www.various-euro.com/frame-inhalt.html" "Mozilla/5.0 (Windows; U; Windows NT 5.1; tr; rv:1.9.0.4) Gecko/2008102920 Firefox/3.0.4"
212.175.132.176 - - [22/Nov/2008:01:07:30 +0100] "GET /bannerz/copyleft_black_small.gif HTTP/1.1" 200 1231 "http://www.various-euro.com/frame-inhalt.html" "Mozilla/5.0 (Windows; U; Windows NT 5.1; tr; rv:1.9.0.4) Gecko/2008102920 Firefox/3.0.4"
212.175.132.176 - - [22/Nov/2008:01:07:30 +0100] "GET /bannerz/wet.gif HTTP/1.1" 200 18561 "http://www.various-euro.com/frame-inhalt.html" "Mozilla/5.0 (Windows; U; Windows NT 5.1; tr; rv:1.9.0.4) Gecko/2008102920 Firefox/3.0.4"
212.175.132.176 - - [22/Nov/2008:01:07:29 +0100] "GET /bannerz/goolag_468.jpg HTTP/1.1" 200 28285 "http://www.various-euro.com/frame-inhalt.html" "Mozilla/5.0 (Windows; U; Windows NT 5.1; tr; rv:1.9.0.4) Gecko/2008102920 Firefox/3.0.4"
212.175.132.176 - - [22/Nov/2008:01:08:17 +0100] "GET / HTTP/1.1" 302 353 "http://www.various-euro.com/frame-menu.html" "Mozilla/5.0 (Windows; U; Windows NT 5.1; tr; rv:1.9.0.4) Gecko/2008102920 Firefox/3.0.4"
212.175.132.176 - - [22/Nov/2008:01:08:17 +0100] "GET /zampa/ HTTP/1.1" 200 7153 "http://www.various-euro.com/frame-menu.html" "Mozilla/5.0 (Windows; U; Windows NT 5.1; tr; rv:1.9.0.4) Gecko/2008102920 Firefox/3.0.4"
212.175.132.176 - - [22/Nov/2008:01:08:17 +0100] "GET /zampa/slike/zampa.gif HTTP/1.1" 200 5310 "http://www.various-euro.com/zampa/" "Mozilla/5.0 (Windows; U; Windows NT 5.1; tr; rv:1.9.0.4) Gecko/2008102920 Firefox/3.0.4"
212.175.132.176 - - [22/Nov/2008:01:08:17 +0100] "GET /zampa/slike/inthearse.gif HTTP/1.1" 200 4077 "http://www.various-euro.com/zampa/" "Mozilla/5.0 (Windows; U; Windows NT 5.1; tr; rv:1.9.0.4) Gecko/2008102920 Firefox/3.0.4"
212.175.132.176 - - [22/Nov/2008:01:08:17 +0100] "GET /zampa/slike/udupetu.gif HTTP/1.1" 200 4138 "http://www.various-euro.com/zampa/" "Mozilla/5.0 (Windows; U; Windows NT 5.1; tr; rv:1.9.0.4) Gecko/2008102920 Firefox/3.0.4"
212.175.132.176 - - [22/Nov/2008:01:08:22 +0100] "GET /f-horrorkatze.html HTTP/1.1" 200 7865 "http://www.various-euro.com/frame-menu.html" "Mozilla/5.0 (Windows; U; Windows NT 5.1; tr; rv:1.9.0.4) Gecko/2008102920 Firefox/3.0.4"
212.175.132.176 - - [22/Nov/2008:01:08:22 +0100] "GET /bannerz/horrorkatze/teGIFT.JPG HTTP/1.1" 200 4873 "http://www.various-euro.com/f-horrorkatze.html" "Mozilla/5.0 (Windows; U; Windows NT 5.1; tr; rv:1.9.0.4) Gecko/2008102920 Firefox/3.0.4"
