69.64.36.219 - - [01/Nov/2008:00:18:01 +0100] "GET /cgi-bin/adspro/dhtml.pl?page=advert_top.htm%7Ccat%20/etc/passwd%7C HTTP/1.1" 404 2748 "-" "Mozilla/5.0 (Windows; U; Windows NT 5.1; nl; rv:1.8) Gecko/20051107 Firefox/1.5"
66.249.71.217 - - [01/Nov/2008:00:22:52 +0100] "GET / HTTP/1.1" 200 7869 "-" "Mozilla/5.0 (compatible; Googlebot/2.1; +http://www.google.com/bot.html)"
72.30.78.248 - - [01/Nov/2008:00:25:46 +0100] "GET /robots.txt HTTP/1.0" 200 64 "-" "Mozilla/5.0 (compatible; Yahoo! Slurp; http://help.yahoo.com/help/us/ysearch/slurp)"
72.30.78.248 - - [01/Nov/2008:00:25:46 +0100] "GET /logs/usage_200705.html HTTP/1.0" 200 109447 "-" "Mozilla/5.0 (compatible; Yahoo! Slurp; http://help.yahoo.com/help/us/ysearch/slurp)"
72.30.78.248 - - [01/Nov/2008:00:42:08 +0100] "GET /neon/girlz2.html HTTP/1.0" 200 2937 "-" "Mozilla/5.0 (compatible; Yahoo! Slurp; http://help.yahoo.com/help/us/ysearch/slurp)"
67.195.37.107 - - [01/Nov/2008:01:36:16 +0100] "GET /bmpp/18.html HTTP/1.0" 200 4467 "-" "Mozilla/5.0 (compatible; Yahoo! Slurp; http://help.yahoo.com/help/us/ysearch/slurp)"
67.195.37.107 - - [01/Nov/2008:01:42:30 +0100] "GET /bmpp/18_x.html HTTP/1.0" 200 1100 "-" "Mozilla/5.0 (compatible; Yahoo! Slurp; http://help.yahoo.com/help/us/ysearch/slurp)"
67.195.37.107 - - [01/Nov/2008:01:45:31 +0100] "GET /neon/warning2.html HTTP/1.0" 200 997 "-" "Mozilla/5.0 (compatible; Yahoo! Slurp; http://help.yahoo.com/help/us/ysearch/slurp)"
67.195.37.107 - - [01/Nov/2008:01:46:39 +0100] "GET /neon/click.html HTTP/1.0" 200 521 "-" "Mozilla/5.0 (compatible; Yahoo! Slurp; http://help.yahoo.com/help/us/ysearch/slurp)"
72.30.78.248 - - [01/Nov/2008:01:53:07 +0100] "GET /logs/usage_200711.html HTTP/1.0" 200 109628 "-" "Mozilla/5.0 (compatible; Yahoo! Slurp; http://help.yahoo.com/help/us/ysearch/slurp)"
67.195.37.107 - - [01/Nov/2008:02:21:34 +0100] "GET /neon/large.html HTTP/1.0" 200 1547 "-" "Mozilla/5.0 (compatible; Yahoo! Slurp; http://help.yahoo.com/help/us/ysearch/slurp)"
67.195.37.107 - - [01/Nov/2008:02:24:00 +0100] "GET /neon/annniiii.html HTTP/1.0" 200 686 "-" "Mozilla/5.0 (compatible; Yahoo! Slurp; http://help.yahoo.com/help/us/ysearch/slurp)"
67.195.37.107 - - [01/Nov/2008:02:28:13 +0100] "GET /neon/sushi.html HTTP/1.0" 200 687 "-" "Mozilla/5.0 (compatible; Yahoo! Slurp; http://help.yahoo.com/help/us/ysearch/slurp)"
67.195.37.107 - - [01/Nov/2008:02:31:23 +0100] "GET /framez-girlz-neon.html HTTP/1.0" 200 4388 "-" "Mozilla/5.0 (compatible; Yahoo! Slurp; http://help.yahoo.com/help/us/ysearch/slurp)"
67.195.37.107 - - [01/Nov/2008:02:31:40 +0100] "GET /frame-menu.html HTTP/1.0" 200 10536 "-" "Mozilla/5.0 (compatible; Yahoo! Slurp; http://help.yahoo.com/help/us/ysearch/slurp)"
67.195.37.107 - - [01/Nov/2008:02:31:53 +0100] "GET /neon/girlz2.html HTTP/1.0" 200 2937 "-" "Mozilla/5.0 (compatible; Yahoo! Slurp; http://help.yahoo.com/help/us/ysearch/slurp)"
67.195.37.107 - - [01/Nov/2008:02:32:12 +0100] "GET /frame-unten.html HTTP/1.0" 200 5308 "-" "Mozilla/5.0 (compatible; Yahoo! Slurp; http://help.yahoo.com/help/us/ysearch/slurp)"
66.249.71.217 - - [01/Nov/2008:02:35:46 +0100] "GET /framez_0.html HTTP/1.1" 200 12444 "-" "Mozilla/5.0 (compatible; Googlebot/2.1; +http://www.google.com/bot.html)"
67.40.99.77 - - [01/Nov/2008:02:52:44 +0100] "GET / HTTP/1.1" 200 7869 "-" "-"
67.195.37.107 - - [01/Nov/2008:03:09:28 +0100] "GET /euro.html HTTP/1.0" 404 2748 "-" "Mozilla/5.0 (compatible; Yahoo! Slurp; http://help.yahoo.com/help/us/ysearch/slurp)"
72.30.65.38 - - [01/Nov/2008:03:22:27 +0100] "GET /robots.txt HTTP/1.0" 200 64 "-" "Mozilla/5.0 (compatible; Yahoo! Slurp; http://help.yahoo.com/help/us/ysearch/slurp)"
72.30.65.38 - - [01/Nov/2008:03:22:27 +0100] "GET /zampa-lovers/index.html HTTP/1.0" 200 37790 "-" "Mozilla/5.0 (compatible; Yahoo! Slurp; http://help.yahoo.com/help/us/ysearch/slurp)"
65.55.211.181 - - [01/Nov/2008:03:24:33 +0100] "GET /robots.txt HTTP/1.1" 200 64 "-" "msnbot/1.1 (+http://search.msn.com/msnbot.htm)"
65.55.211.181 - - [01/Nov/2008:03:24:34 +0100] "GET /logs/usage_200704.html HTTP/1.1" 200 108835 "-" "msnbot/1.1 (+http://search.msn.com/msnbot.htm)"
75.51.55.177 - - [01/Nov/2008:03:34:58 +0100] "GET /menueleiste.js HTTP/1.1" 404 2748 "http://www.various-euro.com/restate_copy.html" "Mozilla/4.0 (compatible; MSIE 7.0; Windows NT 6.0; WOW64; SLCC1; .NET CLR 2.0.50727; .NET CLR 3.0.04506; Media Center PC 5.0)"
75.51.55.177 - - [01/Nov/2008:03:34:59 +0100] "GET /bannerz/rebelle.gif HTTP/1.1" 200 6986 "http://www.various-euro.com/restate_copy.html" "Mozilla/4.0 (compatible; MSIE 7.0; Windows NT 6.0; WOW64; SLCC1; .NET CLR 2.0.50727; .NET CLR 3.0.04506; Media Center PC 5.0)"
75.51.55.177 - - [01/Nov/2008:03:34:58 +0100] "GET /restate_copy.html HTTP/1.1" 200 97631 "http://www.google.com/search?q=nascar+nosquint+sunglasses&rls=com.microsoft:*:IE-SearchBox&ie=UTF-8&oe=UTF-8&sourceid=ie7&rlz=1I7GWYE" "Mozilla/4.0 (compatible; MSIE 7.0; Windows NT 6.0; WOW64; SLCC1; .NET CLR 2.0.50727; .NET CLR 3.0.04506; Media Center PC 5.0)"
75.51.55.177 - - [01/Nov/2008:03:35:00 +0100] "GET /detonators.gif HTTP/1.1" 200 14892 "http://www.various-euro.com/restate_copy.html" "Mozilla/4.0 (compatible; MSIE 7.0; Windows NT 6.0; WOW64; SLCC1; .NET CLR 2.0.50727; .NET CLR 3.0.04506; Media Center PC 5.0)"
75.51.55.177 - - [01/Nov/2008:03:35:00 +0100] "GET /favicon.ico HTTP/1.1" 404 2748 "-" "Mozilla/4.0 (compatible; MSIE 7.0; Windows NT 6.0; WOW64; SLCC1; .NET CLR 2.0.50727; .NET CLR 3.0.04506; Media Center PC 5.0)"
75.51.55.177 - - [01/Nov/2008:03:35:00 +0100] "GET /framez-restate.html HTTP/1.1" 200 4328 "-" "Mozilla/4.0 (compatible; MSIE 7.0; Windows NT 6.0; WOW64; SLCC1; .NET CLR 2.0.50727; .NET CLR 3.0.04506; Media Center PC 5.0)"
75.51.55.177 - - [01/Nov/2008:03:35:01 +0100] "GET /frame-menu.html HTTP/1.1" 200 10536 "http://www.various-euro.com/framez-restate.html" "Mozilla/4.0 (compatible; MSIE 7.0; Windows NT 6.0; WOW64; SLCC1; .NET CLR 2.0.50727; .NET CLR 3.0.04506; Media Center PC 5.0)"
75.51.55.177 - - [01/Nov/2008:03:35:01 +0100] "GET /frame-unten.html HTTP/1.1" 200 5308 "http://www.various-euro.com/framez-restate.html" "Mozilla/4.0 (compatible; MSIE 7.0; Windows NT 6.0; WOW64; SLCC1; .NET CLR 2.0.50727; .NET CLR 3.0.04506; Media Center PC 5.0)"
75.51.55.177 - - [01/Nov/2008:03:35:01 +0100] "GET /style/various-euro.css HTTP/1.1" 200 3437 "http://www.various-euro.com/frame-menu.html" "Mozilla/4.0 (compatible; MSIE 7.0; Windows NT 6.0; WOW64; SLCC1; .NET CLR 2.0.50727; .NET CLR 3.0.04506; Media Center PC 5.0)"
75.51.55.177 - - [01/Nov/2008:03:35:01 +0100] "GET /bannerz/ve.jpg HTTP/1.1" 200 36912 "http://www.various-euro.com/frame-unten.html" "Mozilla/4.0 (compatible; MSIE 7.0; Windows NT 6.0; WOW64; SLCC1; .NET CLR 2.0.50727; .NET CLR 3.0.04506; Media Center PC 5.0)"
75.51.55.177 - - [01/Nov/2008:03:35:01 +0100] "GET /restate_copy.html HTTP/1.1" 200 97631 "http://www.various-euro.com/framez-restate.html" "Mozilla/4.0 (compatible; MSIE 7.0; Windows NT 6.0; WOW64; SLCC1; .NET CLR 2.0.50727; .NET CLR 3.0.04506; Media Center PC 5.0)"
75.51.55.177 - - [01/Nov/2008:03:35:02 +0100] "GET /bannerz/various-euro-girl.jpg HTTP/1.1" 200 91514 "http://www.various-euro.com/frame-unten.html" "Mozilla/4.0 (compatible; MSIE 7.0; Windows NT 6.0; WOW64; SLCC1; .NET CLR 2.0.50727; .NET CLR 3.0.04506; Media Center PC 5.0)"
75.51.55.177 - - [01/Nov/2008:03:35:03 +0100] "GET /menueleiste.js HTTP/1.1" 404 2748 "http://www.various-euro.com/restate_copy.html" "Mozilla/4.0 (compatible; MSIE 7.0; Windows NT 6.0; WOW64; SLCC1; .NET CLR 2.0.50727; .NET CLR 3.0.04506; Media Center PC 5.0)"
75.51.55.177 - - [01/Nov/2008:03:35:05 +0100] "GET /ve-icon-2.ico HTTP/1.1" 200 2238 "-" "Mozilla/4.0 (compatible; MSIE 7.0; Windows NT 6.0; WOW64; SLCC1; .NET CLR 2.0.50727; .NET CLR 3.0.04506; Media Center PC 5.0)"
75.51.55.177 - - [01/Nov/2008:03:35:18 +0100] "GET /menueleiste.js HTTP/1.1" 404 2748 "http://www.various-euro.com/restate_copy.html" "Mozilla/4.0 (compatible; MSIE 7.0; Windows NT 6.0; WOW64; SLCC1; .NET CLR 2.0.50727; .NET CLR 3.0.04506; Media Center PC 5.0)"
75.51.55.177 - - [01/Nov/2008:03:35:19 +0100] "GET /framez-restate.html HTTP/1.1" 200 4328 "-" "Mozilla/4.0 (compatible; MSIE 7.0; Windows NT 6.0; WOW64; SLCC1; .NET CLR 2.0.50727; .NET CLR 3.0.04506; Media Center PC 5.0)"
75.51.55.177 - - [01/Nov/2008:03:35:20 +0100] "GET /frame-menu.html HTTP/1.1" 200 10536 "http://www.various-euro.com/framez-restate.html" "Mozilla/4.0 (compatible; MSIE 7.0; Windows NT 6.0; WOW64; SLCC1; .NET CLR 2.0.50727; .NET CLR 3.0.04506; Media Center PC 5.0)"
75.51.55.177 - - [01/Nov/2008:03:35:20 +0100] "GET /frame-unten.html HTTP/1.1" 200 5308 "http://www.various-euro.com/framez-restate.html" "Mozilla/4.0 (compatible; MSIE 7.0; Windows NT 6.0; WOW64; SLCC1; .NET CLR 2.0.50727; .NET CLR 3.0.04506; Media Center PC 5.0)"
75.51.55.177 - - [01/Nov/2008:03:35:21 +0100] "GET /menueleiste.js HTTP/1.1" 404 2748 "http://www.various-euro.com/restate_copy.html" "Mozilla/4.0 (compatible; MSIE 7.0; Windows NT 6.0; WOW64; SLCC1; .NET CLR 2.0.50727; .NET CLR 3.0.04506; Media Center PC 5.0)"
75.51.55.177 - - [01/Nov/2008:03:35:20 +0100] "GET /restate_copy.html HTTP/1.1" 200 97631 "http://www.various-euro.com/framez-restate.html" "Mozilla/4.0 (compatible; MSIE 7.0; Windows NT 6.0; WOW64; SLCC1; .NET CLR 2.0.50727; .NET CLR 3.0.04506; Media Center PC 5.0)"
75.51.55.177 - - [01/Nov/2008:03:35:23 +0100] "GET /menueleiste.js HTTP/1.1" 404 2748 "http://www.various-euro.com/restate_copy.html" "Mozilla/4.0 (compatible; MSIE 7.0; Windows NT 6.0; WOW64; SLCC1; .NET CLR 2.0.50727; .NET CLR 3.0.04506; Media Center PC 5.0)"
75.51.55.177 - - [01/Nov/2008:03:35:24 +0100] "GET /framez-restate.html HTTP/1.1" 200 4328 "-" "Mozilla/4.0 (compatible; MSIE 7.0; Windows NT 6.0; WOW64; SLCC1; .NET CLR 2.0.50727; .NET CLR 3.0.04506; Media Center PC 5.0)"
75.51.55.177 - - [01/Nov/2008:03:35:24 +0100] "GET /frame-menu.html HTTP/1.1" 200 10536 "http://www.various-euro.com/framez-restate.html" "Mozilla/4.0 (compatible; MSIE 7.0; Windows NT 6.0; WOW64; SLCC1; .NET CLR 2.0.50727; .NET CLR 3.0.04506; Media Center PC 5.0)"
75.51.55.177 - - [01/Nov/2008:03:35:25 +0100] "GET /menueleiste.js HTTP/1.1" 404 2748 "http://www.various-euro.com/restate_copy.html" "Mozilla/4.0 (compatible; MSIE 7.0; Windows NT 6.0; WOW64; SLCC1; .NET CLR 2.0.50727; .NET CLR 3.0.04506; Media Center PC 5.0)"
75.51.55.177 - - [01/Nov/2008:03:35:25 +0100] "GET /framez-restate.html HTTP/1.1" 200 4328 "-" "Mozilla/4.0 (compatible; MSIE 7.0; Windows NT 6.0; WOW64; SLCC1; .NET CLR 2.0.50727; .NET CLR 3.0.04506; Media Center PC 5.0)"
75.51.55.177 - - [01/Nov/2008:03:35:26 +0100] "GET /menueleiste.js HTTP/1.1" 404 2748 "http://www.various-euro.com/restate_copy.html" "Mozilla/4.0 (compatible; MSIE 7.0; Windows NT 6.0; WOW64; SLCC1; .NET CLR 2.0.50727; .NET CLR 3.0.04506; Media Center PC 5.0)"
66.249.71.217 - - [01/Nov/2008:03:44:42 +0100] "GET /neon/code.html HTTP/1.1" 200 1109 "-" "Mozilla/5.0 (compatible; Googlebot/2.1; +http://www.google.com/bot.html)"
66.249.71.217 - - [01/Nov/2008:04:24:07 +0100] "GET /bmpp/18.html HTTP/1.1" 200 4467 "-" "Mozilla/5.0 (compatible; Googlebot/2.1; +http://www.google.com/bot.html)"
66.249.71.219 - - [01/Nov/2008:04:43:46 +0100] "GET /schubb/schubb-4.html HTTP/1.1" 200 17746 "-" "Mozilla/5.0 (compatible; Googlebot/2.1; +http://www.google.com/bot.html)"
67.195.37.107 - - [01/Nov/2008:04:51:34 +0100] "GET /schubb/schubb-3.html HTTP/1.0" 200 17546 "-" "Mozilla/5.0 (compatible; Yahoo! Slurp; http://help.yahoo.com/help/us/ysearch/slurp)"
69.228.181.146 - - [01/Nov/2008:04:54:03 +0100] "GET /schubb/schubb-5.html HTTP/1.1" 200 72944 "-" "Mozilla/4.0 (compatible; MSIE 6.0; Windows NT 5.1; SV1)"
69.228.181.146 - - [01/Nov/2008:04:54:16 +0100] "GET /frame-inhalt.html HTTP/1.1" 200 5418 "-" "Mozilla/4.0 (compatible; MSIE 6.0; Windows NT 5.1; SV1)"
72.30.87.84 - - [01/Nov/2008:04:54:23 +0100] "GET /robots.txt HTTP/1.0" 200 64 "-" "Mozilla/5.0 (compatible; Yahoo! Slurp; http://help.yahoo.com/help/us/ysearch/slurp)"
72.30.87.84 - - [01/Nov/2008:04:54:24 +0100] "GET /framez-rez.html HTTP/1.0" 200 4323 "-" "Mozilla/5.0 (compatible; Yahoo! Slurp; http://help.yahoo.com/help/us/ysearch/slurp)"
72.30.87.84 - - [01/Nov/2008:04:54:24 +0100] "GET /frame-menu.html HTTP/1.0" 200 10536 "-" "Mozilla/5.0 (compatible; Yahoo! Slurp; http://help.yahoo.com/help/us/ysearch/slurp)"
72.30.87.84 - - [01/Nov/2008:04:54:25 +0100] "GET /f-rez.html HTTP/1.0" 200 9765 "-" "Mozilla/5.0 (compatible; Yahoo! Slurp; http://help.yahoo.com/help/us/ysearch/slurp)"
72.30.87.84 - - [01/Nov/2008:04:54:25 +0100] "GET /frame-unten.html HTTP/1.0" 200 5308 "-" "Mozilla/5.0 (compatible; Yahoo! Slurp; http://help.yahoo.com/help/us/ysearch/slurp)"
67.195.37.107 - - [01/Nov/2008:04:59:48 +0100] "GET /neon/girlz3.html HTTP/1.0" 200 2479 "-" "Mozilla/5.0 (compatible; Yahoo! Slurp; http://help.yahoo.com/help/us/ysearch/slurp)"
66.249.71.217 - - [01/Nov/2008:05:13:19 +0100] "GET /framez-e-count.html HTTP/1.1" 200 4321 "-" "Mozilla/5.0 (compatible; Googlebot/2.1; +http://www.google.com/bot.html)"
72.30.87.84 - - [01/Nov/2008:05:13:46 +0100] "GET /your_tour.html HTTP/1.0" 200 29760 "-" "Mozilla/5.0 (compatible; Yahoo! Slurp; http://help.yahoo.com/help/us/ysearch/slurp)"
72.30.87.84 - - [01/Nov/2008:05:13:54 +0100] "GET /f-bannnerz.html HTTP/1.0" 200 12651 "-" "Mozilla/5.0 (compatible; Yahoo! Slurp; http://help.yahoo.com/help/us/ysearch/slurp)"
72.30.87.84 - - [01/Nov/2008:05:14:49 +0100] "GET /frame-inhalt.html HTTP/1.0" 200 5418 "-" "Mozilla/5.0 (compatible; Yahoo! Slurp; http://help.yahoo.com/help/us/ysearch/slurp)"
72.30.87.84 - - [01/Nov/2008:05:16:31 +0100] "GET /bmpp/euro_pal_111.html HTTP/1.0" 200 2129 "-" "Mozilla/5.0 (compatible; Yahoo! Slurp; http://help.yahoo.com/help/us/ysearch/slurp)"
67.195.37.107 - - [01/Nov/2008:05:36:27 +0100] "GET /f-bannnerz.html HTTP/1.0" 200 12651 "-" "Mozilla/5.0 (compatible; Yahoo! Slurp/3.0; http://help.yahoo.com/help/us/ysearch/slurp)"
65.55.211.163 - - [01/Nov/2008:05:39:05 +0100] "GET /robots.txt HTTP/1.1" 200 64 "-" "msnbot/1.1 (+http://search.msn.com/msnbot.htm)"
65.55.211.163 - - [01/Nov/2008:05:39:06 +0100] "GET /euro.html HTTP/1.1" 404 2748 "-" "msnbot/1.1 (+http://search.msn.com/msnbot.htm)"
66.235.124.7 - - [01/Nov/2008:05:49:54 +0100] "GET /f-channel1.html HTTP/1.0" 200 8471 "-" "Mozilla/5.0 (compatible; Ask Jeeves/Teoma; +http://about.ask.com/en/docs/about/webmasters.shtml)"
67.40.99.77 - - [01/Nov/2008:05:51:16 +0100] "GET / HTTP/1.1" 200 7869 "-" "-"
66.249.71.219 - - [01/Nov/2008:05:52:44 +0100] "GET /framez-world.html HTTP/1.1" 200 4325 "-" "Mozilla/5.0 (compatible; Googlebot/2.1; +http://www.google.com/bot.html)"
67.195.37.107 - - [01/Nov/2008:06:18:56 +0100] "GET /robots.txt HTTP/1.0" 200 64 "-" "Mozilla/5.0 (compatible; Yahoo! Slurp; http://help.yahoo.com/help/us/ysearch/slurp)"
67.195.37.107 - - [01/Nov/2008:06:18:56 +0100] "GET /zampa/lybia/index.html HTTP/1.0" 200 3036 "-" "Mozilla/5.0 (compatible; Yahoo! Slurp; http://help.yahoo.com/help/us/ysearch/slurp)"
65.55.211.171 - - [01/Nov/2008:06:24:06 +0100] "GET /robots.txt HTTP/1.1" 200 64 "-" "msnbot/1.1 (+http://search.msn.com/msnbot.htm)"
65.55.211.171 - - [01/Nov/2008:06:24:07 +0100] "GET /zampa/lybia/index.html HTTP/1.1" 200 3036 "-" "msnbot/1.1 (+http://search.msn.com/msnbot.htm)"
67.195.37.107 - - [01/Nov/2008:06:26:30 +0100] "GET /zampa/montenegro/index.html HTTP/1.0" 200 2651 "-" "Mozilla/5.0 (compatible; Yahoo! Slurp; http://help.yahoo.com/help/us/ysearch/slurp)"
75.149.250.97 - - [01/Nov/2008:06:29:51 +0100] "GET /robots.txt HTTP/1.0" 200 64 "-" "Isidorus/0.1.1 (news-bot; http://www.isidorus.com; crawler@isidorus.com)"
75.149.250.97 - - [01/Nov/2008:06:29:52 +0100] "GET / HTTP/1.0" 200 7869 "-" "Isidorus/0.1.1 (news-bot; http://www.isidorus.com; crawler@isidorus.com)"
72.30.65.59 - - [01/Nov/2008:06:32:09 +0100] "GET /robots.txt HTTP/1.0" 200 64 "-" "Mozilla/5.0 (compatible; Yahoo! Slurp; http://help.yahoo.com/help/us/ysearch/slurp)"
72.30.65.59 - - [01/Nov/2008:06:32:09 +0100] "GET /logs/usage_200712.html HTTP/1.0" 200 92577 "-" "Mozilla/5.0 (compatible; Yahoo! Slurp; http://help.yahoo.com/help/us/ysearch/slurp)"
72.30.65.59 - - [01/Nov/2008:06:34:25 +0100] "GET /f-actions.html HTTP/1.0" 200 10429 "-" "Mozilla/5.0 (compatible; Yahoo! Slurp; http://help.yahoo.com/help/us/ysearch/slurp)"
66.235.124.7 - - [01/Nov/2008:06:42:55 +0100] "GET /robots.txt HTTP/1.0" 200 64 "-" "Mozilla/5.0 (compatible; Ask Jeeves/Teoma; +http://about.ask.com/en/docs/about/webmasters.shtml)"
66.235.124.7 - - [01/Nov/2008:06:42:55 +0100] "GET /f-horrorkatze.html HTTP/1.0" 200 7865 "-" "Mozilla/5.0 (compatible; Ask Jeeves/Teoma; +http://about.ask.com/en/docs/about/webmasters.shtml)"
67.195.37.107 - - [01/Nov/2008:06:46:26 +0100] "GET /neon/girlz2.html HTTP/1.0" 200 2937 "-" "Mozilla/5.0 (compatible; Yahoo! Slurp; http://help.yahoo.com/help/us/ysearch/slurp)"
67.195.37.107 - - [01/Nov/2008:06:48:06 +0100] "GET /neon/slow-walk2.html HTTP/1.0" 200 1777 "-" "Mozilla/5.0 (compatible; Yahoo! Slurp; http://help.yahoo.com/help/us/ysearch/slurp)"
67.195.37.107 - - [01/Nov/2008:06:49:12 +0100] "GET /zampa/montenegro/dajpare.html HTTP/1.0" 200 2503 "-" "Mozilla/5.0 (compatible; Yahoo! Slurp; http://help.yahoo.com/help/us/ysearch/slurp)"
67.195.37.107 - - [01/Nov/2008:06:50:42 +0100] "GET /zampa/montenegro/ZMAJW.html HTTP/1.0" 200 860 "-" "Mozilla/5.0 (compatible; Yahoo! Slurp; http://help.yahoo.com/help/us/ysearch/slurp)"
67.195.37.107 - - [01/Nov/2008:06:51:05 +0100] "GET /zampa/montenegro/TESLAW.html HTTP/1.0" 200 861 "-" "Mozilla/5.0 (compatible; Yahoo! Slurp; http://help.yahoo.com/help/us/ysearch/slurp)"
67.195.37.107 - - [01/Nov/2008:06:51:15 +0100] "GET /zampa/montenegro/SEKAW.html HTTP/1.0" 200 860 "-" "Mozilla/5.0 (compatible; Yahoo! Slurp; http://help.yahoo.com/help/us/ysearch/slurp)"
67.195.37.107 - - [01/Nov/2008:06:52:57 +0100] "GET /zampa/montenegro/BATAW.html HTTP/1.0" 200 860 "-" "Mozilla/5.0 (compatible; Yahoo! Slurp; http://help.yahoo.com/help/us/ysearch/slurp)"
67.195.37.163 - - [01/Nov/2008:07:03:38 +0100] "GET /robots.txt HTTP/1.0" 200 64 "-" "Mozilla/5.0 (compatible; Yahoo! Slurp; http://help.yahoo.com/help/us/ysearch/slurp)"
67.195.37.163 - - [01/Nov/2008:07:03:39 +0100] "GET / HTTP/1.0" 200 7869 "-" "Mozilla/5.0 (compatible; Yahoo! Slurp; http://help.yahoo.com/help/us/ysearch/slurp)"
72.30.65.59 - - [01/Nov/2008:07:11:06 +0100] "GET /neon/code.html HTTP/1.0" 200 1109 "-" "Mozilla/5.0 (compatible; Yahoo! Slurp; http://help.yahoo.com/help/us/ysearch/slurp)"
67.195.37.107 - - [01/Nov/2008:07:43:27 +0100] "GET /framez-zampa-lovers.html HTTP/1.0" 200 4322 "-" "Mozilla/5.0 (compatible; Yahoo! Slurp; http://help.yahoo.com/help/us/ysearch/slurp)"
67.195.37.107 - - [01/Nov/2008:07:43:42 +0100] "GET /frame-menu.html HTTP/1.0" 200 10536 "-" "Mozilla/5.0 (compatible; Yahoo! Slurp; http://help.yahoo.com/help/us/ysearch/slurp)"
67.195.37.107 - - [01/Nov/2008:07:44:12 +0100] "GET /zampa-lovers/index.html HTTP/1.0" 200 37790 "-" "Mozilla/5.0 (compatible; Yahoo! Slurp; http://help.yahoo.com/help/us/ysearch/slurp)"
67.195.37.107 - - [01/Nov/2008:07:44:38 +0100] "GET /frame-unten.html HTTP/1.0" 200 5308 "-" "Mozilla/5.0 (compatible; Yahoo! Slurp; http://help.yahoo.com/help/us/ysearch/slurp)"
66.235.124.7 - - [01/Nov/2008:08:08:03 +0100] "GET /f-world.html HTTP/1.0" 200 35590 "-" "Mozilla/5.0 (compatible; Ask Jeeves/Teoma; +http://about.ask.com/en/docs/about/webmasters.shtml)"
72.30.65.59 - - [01/Nov/2008:08:18:31 +0100] "GET /f-net.html HTTP/1.0" 200 9913 "-" "Mozilla/5.0 (compatible; Yahoo! Slurp; http://help.yahoo.com/help/us/ysearch/slurp)"
65.55.211.173 - - [01/Nov/2008:08:33:10 +0100] "GET /robots.txt HTTP/1.1" 200 64 "-" "msnbot/1.1 (+http://search.msn.com/msnbot.htm)"
65.55.211.173 - - [01/Nov/2008:08:33:11 +0100] "GET /DgH/watch/index.html HTTP/1.1" 200 2028 "-" "msnbot/1.1 (+http://search.msn.com/msnbot.htm)"
72.30.65.59 - - [01/Nov/2008:08:37:24 +0100] "GET /bmpp/euro_pal_1.html HTTP/1.0" 200 18252 "-" "Mozilla/5.0 (compatible; Yahoo! Slurp; http://help.yahoo.com/help/us/ysearch/slurp)"
91.16.152.27 - - [01/Nov/2008:08:42:30 +0100] "GET /warez.html HTTP/1.1" 200 9754 "-" "Opera/9.50 (Windows NT 5.1; U; en)"
91.16.152.27 - - [01/Nov/2008:08:42:30 +0100] "GET /menueleiste.js HTTP/1.1" 404 2748 "-" "Opera/9.50 (Windows NT 5.1; U; en)"
91.16.152.27 - - [01/Nov/2008:08:42:30 +0100] "GET /bannerz/kmfms-banner.gif HTTP/1.1" 200 8484 "-" "Opera/9.50 (Windows NT 5.1; U; en)"
91.16.152.27 - - [01/Nov/2008:08:42:30 +0100] "GET /shoppingcart.gif HTTP/1.1" 200 1386 "-" "Opera/9.50 (Windows NT 5.1; U; en)"
91.16.152.27 - - [01/Nov/2008:08:42:30 +0100] "GET /astalavista.gif HTTP/1.1" 200 3887 "-" "Opera/9.50 (Windows NT 5.1; U; en)"
91.16.152.27 - - [01/Nov/2008:08:42:30 +0100] "GET /textz.gif HTTP/1.1" 200 871 "-" "Opera/9.50 (Windows NT 5.1; U; en)"
91.16.152.27 - - [01/Nov/2008:08:42:31 +0100] "GET /DgH001.jpg HTTP/1.1" 200 6960 "-" "Opera/9.50 (Windows NT 5.1; U; en)"
91.16.152.27 - - [01/Nov/2008:08:42:31 +0100] "GET /warezcrawler.jpg HTTP/1.1" 200 15588 "-" "Opera/9.50 (Windows NT 5.1; U; en)"
91.16.152.27 - - [01/Nov/2008:08:42:31 +0100] "GET /hsp.gif HTTP/1.1" 200 42603 "-" "Opera/9.50 (Windows NT 5.1; U; en)"
91.16.152.27 - - [01/Nov/2008:08:42:31 +0100] "GET /favicon.ico HTTP/1.1" 404 2748 "-" "Opera/9.50 (Windows NT 5.1; U; en)"
91.16.152.27 - - [01/Nov/2008:08:42:32 +0100] "GET /framez-warez.html HTTP/1.1" 200 4322 "-" "Opera/9.50 (Windows NT 5.1; U; en)"
91.16.152.27 - - [01/Nov/2008:08:42:32 +0100] "GET /ve-icon-2.ico HTTP/1.1" 200 2238 "-" "Opera/9.50 (Windows NT 5.1; U; en)"
91.16.152.27 - - [01/Nov/2008:08:42:33 +0100] "GET /frame-menu.html HTTP/1.1" 200 10536 "-" "Opera/9.50 (Windows NT 5.1; U; en)"
91.16.152.27 - - [01/Nov/2008:08:42:33 +0100] "GET /f-warez.html HTTP/1.1" 200 10953 "-" "Opera/9.50 (Windows NT 5.1; U; en)"
91.16.152.27 - - [01/Nov/2008:08:42:33 +0100] "GET /frame-unten.html HTTP/1.1" 200 5308 "-" "Opera/9.50 (Windows NT 5.1; U; en)"
91.16.152.27 - - [01/Nov/2008:08:42:33 +0100] "GET /style/various-euro.css HTTP/1.1" 200 3437 "-" "Opera/9.50 (Windows NT 5.1; U; en)"
91.16.152.27 - - [01/Nov/2008:08:42:33 +0100] "GET /bannerz/AgainstTCPA-Log01Banner.gif HTTP/1.1" 200 6186 "-" "Opera/9.50 (Windows NT 5.1; U; en)"
91.16.152.27 - - [01/Nov/2008:08:42:33 +0100] "GET /bannerz/AgainstTCPA-Log01Banner.gif HTTP/1.1" 200 6186 "-" "Opera/9.50 (Windows NT 5.1; U; en)"
91.16.152.27 - - [01/Nov/2008:08:42:33 +0100] "GET /bannerz/various-euro-girl.jpg HTTP/1.1" 200 91514 "-" "Opera/9.50 (Windows NT 5.1; U; en)"
91.16.152.27 - - [01/Nov/2008:08:42:33 +0100] "GET /bannerz/various-euro-girl.jpg HTTP/1.1" 200 91514 "-" "Opera/9.50 (Windows NT 5.1; U; en)"
91.16.152.27 - - [01/Nov/2008:08:42:33 +0100] "GET /bannerz/ve.jpg HTTP/1.1" 200 36912 "-" "Opera/9.50 (Windows NT 5.1; U; en)"
91.16.152.27 - - [01/Nov/2008:08:42:35 +0100] "GET /bannerz/quisse.gif HTTP/1.1" 200 2846 "-" "Opera/9.50 (Windows NT 5.1; U; en)"
208.36.144.6 - - [01/Nov/2008:09:59:46 +0100] "GET /robots.txt HTTP/1.0" 302 363 "-" "Mozilla/5.0 (Twiceler-0.9 http://www.cuil.com/twiceler/robot.html)"
67.195.37.107 - - [01/Nov/2008:10:11:28 +0100] "GET /zampa/wonderland/index.html HTTP/1.0" 200 2084 "-" "Mozilla/5.0 (compatible; Yahoo! Slurp; http://help.yahoo.com/help/us/ysearch/slurp)"
72.30.65.59 - - [01/Nov/2008:10:16:02 +0100] "GET /logs/usage_200701.html HTTP/1.0" 200 109268 "-" "Mozilla/5.0 (compatible; Yahoo! Slurp; http://help.yahoo.com/help/us/ysearch/slurp)"
72.30.65.59 - - [01/Nov/2008:10:21:18 +0100] "GET /schubb/schubb-1.html HTTP/1.0" 200 9070 "-" "Mozilla/5.0 (compatible; Yahoo! Slurp; http://help.yahoo.com/help/us/ysearch/slurp)"
72.30.65.59 - - [01/Nov/2008:10:25:14 +0100] "GET /schubb/schubb-3.html HTTP/1.0" 200 17546 "-" "Mozilla/5.0 (compatible; Yahoo! Slurp; http://help.yahoo.com/help/us/ysearch/slurp)"
67.195.37.107 - - [01/Nov/2008:10:36:26 +0100] "GET /neon/biggtani.html HTTP/1.0" 200 1698 "-" "Mozilla/5.0 (compatible; Yahoo! Slurp; http://help.yahoo.com/help/us/ysearch/slurp)"
72.30.65.59 - - [01/Nov/2008:10:41:38 +0100] "GET /robots.txt HTTP/1.0" 200 64 "-" "Mozilla/5.0 (compatible; Yahoo! Slurp; http://help.yahoo.com/help/us/ysearch/slurp)"
72.30.65.59 - - [01/Nov/2008:10:41:38 +0100] "GET /framez-girlz.html HTTP/1.0" 200 4271 "-" "Mozilla/5.0 (compatible; Yahoo! Slurp; http://help.yahoo.com/help/us/ysearch/slurp)"
72.30.65.59 - - [01/Nov/2008:10:41:39 +0100] "GET /frame-menu.html HTTP/1.0" 200 10536 "-" "Mozilla/5.0 (compatible; Yahoo! Slurp; http://help.yahoo.com/help/us/ysearch/slurp)"
72.30.65.59 - - [01/Nov/2008:10:41:41 +0100] "GET /neon/girlz2.html HTTP/1.0" 200 2937 "-" "Mozilla/5.0 (compatible; Yahoo! Slurp; http://help.yahoo.com/help/us/ysearch/slurp)"
72.30.65.59 - - [01/Nov/2008:10:41:41 +0100] "GET /frame-unten.html HTTP/1.0" 200 5308 "-" "Mozilla/5.0 (compatible; Yahoo! Slurp; http://help.yahoo.com/help/us/ysearch/slurp)"
72.30.65.59 - - [01/Nov/2008:10:46:24 +0100] "GET /rez/fisztfull.mp4 HTTP/1.0" 200 5973230 "-" "Mozilla/5.0 (compatible; Yahoo! Slurp; http://help.yahoo.com/help/us/ysearch/slurp)"
79.101.51.67 - - [01/Nov/2008:10:57:45 +0100] "GET /framez-zampa-lovers.html HTTP/1.1" 200 4322 "http://search.icq.com/search/results.php?q=RADOMIR+TIRNANIC&tb_ver=1.1.2&lng=en-US&ch_id=tb_ff" "Mozilla/5.0 (Windows; U; Windows NT 5.1; en-US; rv:1.9.0.3) Gecko/2008092417 Firefox/3.0.3"
79.101.51.67 - - [01/Nov/2008:10:57:45 +0100] "GET /ve-icon-2.ico HTTP/1.1" 200 2238 "-" "Mozilla/5.0 (Windows; U; Windows NT 5.1; en-US; rv:1.9.0.3) Gecko/2008092417 Firefox/3.0.3"
79.101.51.67 - - [01/Nov/2008:10:57:45 +0100] "GET /frame-menu.html HTTP/1.1" 200 10536 "http://www.various-euro.com/framez-zampa-lovers.html" "Mozilla/5.0 (Windows; U; Windows NT 5.1; en-US; rv:1.9.0.3) Gecko/2008092417 Firefox/3.0.3"
79.101.51.67 - - [01/Nov/2008:10:57:46 +0100] "GET /frame-unten.html HTTP/1.1" 200 5308 "http://www.various-euro.com/framez-zampa-lovers.html" "Mozilla/5.0 (Windows; U; Windows NT 5.1; en-US; rv:1.9.0.3) Gecko/2008092417 Firefox/3.0.3"
79.101.51.67 - - [01/Nov/2008:10:57:46 +0100] "GET /style/various-euro.css HTTP/1.1" 200 3437 "http://www.various-euro.com/frame-menu.html" "Mozilla/5.0 (Windows; U; Windows NT 5.1; en-US; rv:1.9.0.3) Gecko/2008092417 Firefox/3.0.3"
79.101.51.67 - - [01/Nov/2008:10:57:46 +0100] "GET /zampa-lovers/kralle.gif HTTP/1.1" 404 2748 "http://www.various-euro.com/zampa-lovers/index.html" "Mozilla/5.0 (Windows; U; Windows NT 5.1; en-US; rv:1.9.0.3) Gecko/2008092417 Firefox/3.0.3"
79.101.51.67 - - [01/Nov/2008:10:57:46 +0100] "GET /zampa-lovers/DRAGAN_Z.JPG HTTP/1.1" 200 6850 "http://www.various-euro.com/zampa-lovers/index.html" "Mozilla/5.0 (Windows; U; Windows NT 5.1; en-US; rv:1.9.0.3) Gecko/2008092417 Firefox/3.0.3"
79.101.51.67 - - [01/Nov/2008:10:57:46 +0100] "GET /zampa-lovers/ZAMPAMA2.MPG HTTP/1.1" 200 63492 "http://www.various-euro.com/zampa-lovers/index.html" "Mozilla/5.0 (Windows; U; Windows NT 5.1; en-US; rv:1.9.0.3) Gecko/2008092417 Firefox/3.0.3"
79.101.51.67 - - [01/Nov/2008:10:57:47 +0100] "GET /zampa-lovers/WASISTMI1.MPG HTTP/1.1" 200 271221 "http://www.various-euro.com/zampa-lovers/index.html" "Mozilla/5.0 (Windows; U; Windows NT 5.1; en-US; rv:1.9.0.3) Gecko/2008092417 Firefox/3.0.3"
79.101.51.67 - - [01/Nov/2008:10:57:47 +0100] "GET /zampa-lovers/MILIZA_4.JPG HTTP/1.1" 200 9946 "http://www.various-euro.com/zampa-lovers/index.html" "Mozilla/5.0 (Windows; U; Windows NT 5.1; en-US; rv:1.9.0.3) Gecko/2008092417 Firefox/3.0.3"
79.101.51.67 - - [01/Nov/2008:10:57:48 +0100] "GET /zampa-lovers/ZAMPAMAS.MPG HTTP/1.1" 200 520196 "http://www.various-euro.com/zampa-lovers/index.html" "Mozilla/5.0 (Windows; U; Windows NT 5.1; en-US; rv:1.9.0.3) Gecko/2008092417 Firefox/3.0.3"
79.101.51.67 - - [01/Nov/2008:10:57:46 +0100] "GET /zampa-lovers/MILIZA_2.JPG HTTP/1.1" 200 22172 "http://www.various-euro.com/zampa-lovers/index.html" "Mozilla/5.0 (Windows; U; Windows NT 5.1; en-US; rv:1.9.0.3) Gecko/2008092417 Firefox/3.0.3"
79.101.51.67 - - [01/Nov/2008:10:57:46 +0100] "GET /zampa-lovers/index.html HTTP/1.1" 200 37790 "http://www.various-euro.com/framez-zampa-lovers.html" "Mozilla/5.0 (Windows; U; Windows NT 5.1; en-US; rv:1.9.0.3) Gecko/2008092417 Firefox/3.0.3"
79.101.51.67 - - [01/Nov/2008:10:57:50 +0100] "GET /zampa-lovers/MILIZA_B.JPG HTTP/1.1" 200 10947 "http://www.various-euro.com/zampa-lovers/index.html" "Mozilla/5.0 (Windows; U; Windows NT 5.1; en-US; rv:1.9.0.3) Gecko/2008092417 Firefox/3.0.3"
79.101.51.67 - - [01/Nov/2008:10:57:49 +0100] "GET /zampa-lovers/DRAGANZA.JPG HTTP/1.1" 200 18560 "http://www.various-euro.com/zampa-lovers/index.html" "Mozilla/5.0 (Windows; U; Windows NT 5.1; en-US; rv:1.9.0.3) Gecko/2008092417 Firefox/3.0.3"
79.101.51.67 - - [01/Nov/2008:10:57:46 +0100] "GET /zampa-lovers/MILIZA_3.JPG HTTP/1.1" 200 26924 "http://www.various-euro.com/zampa-lovers/index.html" "Mozilla/5.0 (Windows; U; Windows NT 5.1; en-US; rv:1.9.0.3) Gecko/2008092417 Firefox/3.0.3"
79.101.51.67 - - [01/Nov/2008:10:57:52 +0100] "GET /zampa-lovers/Kralle.gif HTTP/1.1" 200 260 "http://www.various-euro.com/zampa-lovers/index.html" "Mozilla/5.0 (Windows; U; Windows NT 5.1; en-US; rv:1.9.0.3) Gecko/2008092417 Firefox/3.0.3"
79.101.51.67 - - [01/Nov/2008:10:57:52 +0100] "GET /zampa-lovers/zampa-2X2.gif HTTP/1.1" 200 6948 "http://www.various-euro.com/zampa-lovers/index.html" "Mozilla/5.0 (Windows; U; Windows NT 5.1; en-US; rv:1.9.0.3) Gecko/2008092417 Firefox/3.0.3"
79.101.51.67 - - [01/Nov/2008:10:57:53 +0100] "GET /zampa-lovers/zampamali.gif HTTP/1.1" 200 2617 "http://www.various-euro.com/zampa-lovers/index.html" "Mozilla/5.0 (Windows; U; Windows NT 5.1; en-US; rv:1.9.0.3) Gecko/2008092417 Firefox/3.0.3"
79.101.51.67 - - [01/Nov/2008:10:57:52 +0100] "GET /bannerz/ve.jpg HTTP/1.1" 200 36912 "http://www.various-euro.com/frame-unten.html" "Mozilla/5.0 (Windows; U; Windows NT 5.1; en-US; rv:1.9.0.3) Gecko/2008092417 Firefox/3.0.3"
79.101.51.67 - - [01/Nov/2008:10:57:51 +0100] "GET /zampa-lovers/2SEITEVE.GIF HTTP/1.1" 200 83466 "http://www.various-euro.com/zampa-lovers/index.html" "Mozilla/5.0 (Windows; U; Windows NT 5.1; en-US; rv:1.9.0.3) Gecko/2008092417 Firefox/3.0.3"
79.101.51.67 - - [01/Nov/2008:10:57:50 +0100] "GET /zampa-lovers/1SEITEVE.GIF HTTP/1.1" 200 78726 "http://www.various-euro.com/zampa-lovers/index.html" "Mozilla/5.0 (Windows; U; Windows NT 5.1; en-US; rv:1.9.0.3) Gecko/2008092417 Firefox/3.0.3"
79.101.51.67 - - [01/Nov/2008:10:57:52 +0100] "GET /bannerz/various-euro-girl.jpg HTTP/1.1" 200 91514 "http://www.various-euro.com/frame-unten.html" "Mozilla/5.0 (Windows; U; Windows NT 5.1; en-US; rv:1.9.0.3) Gecko/2008092417 Firefox/3.0.3"
79.101.51.67 - - [01/Nov/2008:10:57:53 +0100] "GET /zampa-lovers/zampa.gif HTTP/1.1" 200 460627 "http://www.various-euro.com/zampa-lovers/index.html" "Mozilla/5.0 (Windows; U; Windows NT 5.1; en-US; rv:1.9.0.3) Gecko/2008092417 Firefox/3.0.3"
208.80.194.33 - - [01/Nov/2008:11:01:06 +0100] "GET / HTTP/1.0" 200 7869 "-" "Mozilla/4.0 (compatible; MSIE 6.0; Windows NT 5.1; {E7AF4B93-6043-F321-EF0E-F26AA1738B1E}; .NET CLR 1.1.4322)"
208.80.194.33 - - [01/Nov/2008:11:01:06 +0100] "GET / HTTP/1.0" 200 7869 "-" "Mozilla/4.0 (compatible; MSIE 6.0; Windows NT 5.1; SV1; FunWebProducts; .NET CLR 1.0.3705; .NET CLR 1.1.4322; Media Center PC 4.0; MEGAUPLOAD 1.0; ZangoToolbar 4.8.3; SpamBlockerUtility 4.8.4; MSN 9.0;MSN 9.1; MSNbQ002; MSNmen-us; MSNcOTH)"
66.249.71.219 - - [01/Nov/2008:11:06:20 +0100] "GET /logs/usage_200811.html HTTP/1.1" 404 2748 "-" "Mozilla/5.0 (compatible; Googlebot/2.1; +http://www.google.com/bot.html)"
72.30.65.59 - - [01/Nov/2008:11:07:08 +0100] "GET /triple-double-u/ HTTP/1.0" 403 1223 "-" "Mozilla/5.0 (compatible; Yahoo! Slurp; http://help.yahoo.com/help/us/ysearch/slurp)"
72.30.65.59 - - [01/Nov/2008:11:21:04 +0100] "GET /f-warez.html HTTP/1.0" 200 10953 "-" "Mozilla/5.0 (compatible; Yahoo! Slurp; http://help.yahoo.com/help/us/ysearch/slurp)"
121.44.61.8 - - [01/Nov/2008:11:43:17 +0100] "GET / HTTP/1.1" 200 7869 "http://www.randomwebsite.com/" "Mozilla/5.0 (Macintosh; U; Intel Mac OS X 10.4; en-US; rv:1.9.0.3) Gecko/2008092414 Firefox/3.0.3"
121.44.61.8 - - [01/Nov/2008:11:43:18 +0100] "GET /style/various-euro.css HTTP/1.1" 200 3437 "http://www.various-euro.com/" "Mozilla/5.0 (Macintosh; U; Intel Mac OS X 10.4; en-US; rv:1.9.0.3) Gecko/2008092414 Firefox/3.0.3"
121.44.61.8 - - [01/Nov/2008:11:43:19 +0100] "GET /ve-icon-2.ico HTTP/1.1" 200 2238 "-" "Mozilla/5.0 (Macintosh; U; Intel Mac OS X 10.4; en-US; rv:1.9.0.3) Gecko/2008092414 Firefox/3.0.3"
74.6.22.89 - - [01/Nov/2008:12:14:42 +0100] "GET /robots.txt HTTP/1.0" 200 64 "-" "Mozilla/5.0 (compatible; Yahoo! Slurp; http://help.yahoo.com/help/us/ysearch/slurp)"
74.6.22.89 - - [01/Nov/2008:12:14:42 +0100] "GET /framez-rez.html HTTP/1.0" 200 4323 "-" "Mozilla/5.0 (compatible; Yahoo! Slurp; http://help.yahoo.com/help/us/ysearch/slurp)"
74.6.22.89 - - [01/Nov/2008:12:14:43 +0100] "GET /frame-menu.html HTTP/1.0" 200 10536 "-" "Mozilla/5.0 (compatible; Yahoo! Slurp; http://help.yahoo.com/help/us/ysearch/slurp)"
74.6.22.89 - - [01/Nov/2008:12:14:44 +0100] "GET /f-rez.html HTTP/1.0" 200 9765 "-" "Mozilla/5.0 (compatible; Yahoo! Slurp; http://help.yahoo.com/help/us/ysearch/slurp)"
74.6.22.89 - - [01/Nov/2008:12:14:44 +0100] "GET /frame-unten.html HTTP/1.0" 200 5308 "-" "Mozilla/5.0 (compatible; Yahoo! Slurp; http://help.yahoo.com/help/us/ysearch/slurp)"
65.55.211.165 - - [01/Nov/2008:12:41:31 +0100] "GET /robots.txt HTTP/1.1" 200 64 "-" "msnbot/1.1 (+http://search.msn.com/msnbot.htm)"
65.55.211.165 - - [01/Nov/2008:12:41:31 +0100] "GET /triple-double-u/ HTTP/1.1" 403 1223 "-" "msnbot/1.1 (+http://search.msn.com/msnbot.htm)"
66.231.189.124 - - [01/Nov/2008:13:07:07 +0100] "GET /robots.txt HTTP/1.0" 200 64 "-" "Gigabot/3.0 (http://www.gigablast.com/spider.html)"
65.55.211.164 - - [01/Nov/2008:13:09:48 +0100] "GET /robots.txt HTTP/1.1" 200 64 "-" "msnbot/1.1 (+http://search.msn.com/msnbot.htm)"
65.55.211.164 - - [01/Nov/2008:13:09:48 +0100] "GET /neon/slow-walk2.html HTTP/1.1" 200 1777 "-" "msnbot/1.1 (+http://search.msn.com/msnbot.htm)"
79.101.186.36 - - [01/Nov/2008:13:10:14 +0100] "GET / HTTP/1.1" 302 353 "-" "Mozilla/4.0 (compatible; MSIE 7.0; Windows NT 5.1; .NET CLR 1.1.4322)"
79.101.186.36 - - [01/Nov/2008:13:10:15 +0100] "GET /zampa/ HTTP/1.1" 200 7153 "-" "Mozilla/4.0 (compatible; MSIE 7.0; Windows NT 5.1; .NET CLR 1.1.4322)"
79.101.186.36 - - [01/Nov/2008:13:10:15 +0100] "GET /zampa/slike/zampa.gif HTTP/1.1" 200 5310 "http://www.various-euro.com/zampa/" "Mozilla/4.0 (compatible; MSIE 7.0; Windows NT 5.1; .NET CLR 1.1.4322)"
79.101.186.36 - - [01/Nov/2008:13:10:15 +0100] "GET /zampa/slike/udupetu.gif HTTP/1.1" 200 4138 "http://www.various-euro.com/zampa/" "Mozilla/4.0 (compatible; MSIE 7.0; Windows NT 5.1; .NET CLR 1.1.4322)"
79.101.186.36 - - [01/Nov/2008:13:10:15 +0100] "GET /zampa/slike/inthearse.gif HTTP/1.1" 200 4077 "http://www.various-euro.com/zampa/" "Mozilla/4.0 (compatible; MSIE 7.0; Windows NT 5.1; .NET CLR 1.1.4322)"
67.195.37.107 - - [01/Nov/2008:13:10:51 +0100] "GET /logs/usage_200706.html HTTP/1.0" 200 107008 "-" "Mozilla/5.0 (compatible; Yahoo! Slurp/3.0; http://help.yahoo.com/help/us/ysearch/slurp)"
72.30.79.123 - - [01/Nov/2008:13:29:38 +0100] "GET /robots.txt HTTP/1.0" 200 64 "-" "Mozilla/5.0 (compatible; Yahoo! Slurp; http://help.yahoo.com/help/us/ysearch/slurp)"
72.30.79.123 - - [01/Nov/2008:13:29:39 +0100] "GET /rez/fiszt.htm HTTP/1.0" 200 1487 "-" "Mozilla/5.0 (compatible; Yahoo! Slurp; http://help.yahoo.com/help/us/ysearch/slurp)"
72.30.79.123 - - [01/Nov/2008:14:19:14 +0100] "GET /robots.txt HTTP/1.0" 200 64 "-" "Mozilla/5.0 (compatible; Yahoo! Slurp; http://help.yahoo.com/help/us/ysearch/slurp)"
72.30.79.123 - - [01/Nov/2008:14:19:15 +0100] "GET /frame-unten.html HTTP/1.0" 200 5308 "-" "Mozilla/5.0 (compatible; Yahoo! Slurp; http://help.yahoo.com/help/us/ysearch/slurp)"
67.195.37.107 - - [01/Nov/2008:14:26:27 +0100] "GET /logs/usage_200706.html HTTP/1.0" 200 107008 "-" "Mozilla/5.0 (compatible; Yahoo! Slurp/3.0; http://help.yahoo.com/help/us/ysearch/slurp)"
66.231.189.124 - - [01/Nov/2008:14:38:26 +0100] "GET /framez-rez.html HTTP/1.0" 200 4323 "-" "Gigabot/3.0 (http://www.gigablast.com/spider.html)"
67.195.37.107 - - [01/Nov/2008:14:43:07 +0100] "GET /bmpp/euro_pal_111.html HTTP/1.0" 200 2129 "-" "Mozilla/5.0 (compatible; Yahoo! Slurp; http://help.yahoo.com/help/us/ysearch/slurp)"
67.195.37.107 - - [01/Nov/2008:15:51:23 +0100] "GET /warez.html HTTP/1.0" 200 9754 "-" "Mozilla/5.0 (compatible; Yahoo! Slurp; http://help.yahoo.com/help/us/ysearch/slurp)"
72.30.81.167 - - [01/Nov/2008:16:15:00 +0100] "GET /robots.txt HTTP/1.0" 200 64 "-" "Mozilla/5.0 (compatible; Yahoo! Slurp; http://help.yahoo.com/help/us/ysearch/slurp)"
72.30.81.167 - - [01/Nov/2008:16:15:00 +0100] "GET /f-maintitle.html HTTP/1.0" 200 5030 "-" "Mozilla/5.0 (compatible; Yahoo! Slurp; http://help.yahoo.com/help/us/ysearch/slurp)"
67.195.37.107 - - [01/Nov/2008:16:30:09 +0100] "GET /f-warez.html HTTP/1.0" 200 10953 "-" "Mozilla/5.0 (compatible; Yahoo! Slurp; http://help.yahoo.com/help/us/ysearch/slurp)"
72.30.81.167 - - [01/Nov/2008:16:30:44 +0100] "GET /f-doku-brau.html HTTP/1.0" 200 7152 "-" "Mozilla/5.0 (compatible; Yahoo! Slurp; http://help.yahoo.com/help/us/ysearch/slurp)"
72.30.81.167 - - [01/Nov/2008:16:35:19 +0100] "GET /sendi_agent.html HTTP/1.0" 200 6213 "-" "Mozilla/5.0 (compatible; Yahoo! Slurp; http://help.yahoo.com/help/us/ysearch/slurp)"
66.231.189.124 - - [01/Nov/2008:16:46:42 +0100] "GET /robots.txt HTTP/1.0" 302 363 "-" "Gigabot/3.0 (http://www.gigablast.com/spider.html)"
66.231.189.124 - - [01/Nov/2008:16:46:43 +0100] "GET / HTTP/1.0" 302 353 "-" "Gigabot/3.0 (http://www.gigablast.com/spider.html)"
65.55.211.169 - - [01/Nov/2008:16:49:08 +0100] "GET /robots.txt HTTP/1.1" 200 64 "-" "msnbot/1.1 (+http://search.msn.com/msnbot.htm)"
65.55.211.169 - - [01/Nov/2008:16:49:08 +0100] "GET /schubb/schubb-4.html HTTP/1.1" 200 17746 "-" "msnbot/1.1 (+http://search.msn.com/msnbot.htm)"
65.55.109.12 - - [01/Nov/2008:16:50:45 +0100] "GET /schubb/schubb-4.html HTTP/1.0" 200 17746 "http://search.live.com/results.aspx?q=schubb" "Mozilla/4.0 (compatible; MSIE 6.0; Windows NT 5.2; SV1; .NET CLR 1.1.4322)"
65.55.109.12 - - [01/Nov/2008:16:50:46 +0100] "GET /framez-schubb4.html HTTP/1.0" 200 4318 "-" "Mozilla/4.0 (compatible; MSIE 6.0; Windows NT 5.2; SV1; .NET CLR 1.1.4322)"
65.55.109.12 - - [01/Nov/2008:16:50:46 +0100] "GET /frame-unten.html HTTP/1.0" 200 5308 "http://www.various-euro.com/framez-schubb4.html" "Mozilla/4.0 (compatible; MSIE 6.0; Windows NT 5.2; SV1; .NET CLR 1.1.4322)"
65.55.109.12 - - [01/Nov/2008:16:50:46 +0100] "GET /frame-menu.html HTTP/1.0" 200 10536 "http://www.various-euro.com/framez-schubb4.html" "Mozilla/4.0 (compatible; MSIE 6.0; Windows NT 5.2; SV1; .NET CLR 1.1.4322)"
65.55.109.12 - - [01/Nov/2008:16:50:47 +0100] "GET /schubb/schubb-4.html HTTP/1.0" 200 17746 "http://www.various-euro.com/framez-schubb4.html" "Mozilla/4.0 (compatible; MSIE 6.0; Windows NT 5.2; SV1; .NET CLR 1.1.4322)"
65.55.109.12 - - [01/Nov/2008:16:50:47 +0100] "GET /style/various-euro.css HTTP/1.0" 200 3437 "http://www.various-euro.com/frame-menu.html" "Mozilla/4.0 (compatible; MSIE 6.0; Windows NT 5.2; SV1; .NET CLR 1.1.4322)"
67.195.37.107 - - [01/Nov/2008:16:51:02 +0100] "GET /robots.txt HTTP/1.0" 200 64 "-" "Mozilla/5.0 (compatible; Yahoo! Slurp; http://help.yahoo.com/help/us/ysearch/slurp)"
67.195.37.107 - - [01/Nov/2008:16:51:03 +0100] "GET /f-world.html HTTP/1.0" 200 35590 "-" "Mozilla/5.0 (compatible; Yahoo! Slurp; http://help.yahoo.com/help/us/ysearch/slurp)"
65.55.212.218 - - [01/Nov/2008:16:52:56 +0100] "GET /robots.txt HTTP/1.0" 200 64 "-" "msnbot-media/1.0 (+http://search.msn.com/msnbot.htm)"
65.55.212.218 - - [01/Nov/2008:16:52:56 +0100] "GET /logs/daily_usage_200701.png HTTP/1.0" 200 4085 "-" "msnbot-media/1.0 (+http://search.msn.com/msnbot.htm)"
65.55.212.218 - - [01/Nov/2008:16:52:58 +0100] "GET /logs/ctry_usage_200709.png HTTP/1.0" 200 5414 "-" "msnbot-media/1.0 (+http://search.msn.com/msnbot.htm)"
65.55.212.218 - - [01/Nov/2008:16:53:01 +0100] "GET /framez_0.html HTTP/1.0" 200 12444 "-" "msnbot-media/1.0 (+http://search.msn.com/msnbot.htm)"
65.55.212.218 - - [01/Nov/2008:16:53:29 +0100] "GET /f-other.html HTTP/1.0" 200 33189 "-" "msnbot-media/1.0 (+http://search.msn.com/msnbot.htm)"
65.55.212.218 - - [01/Nov/2008:16:53:37 +0100] "GET /ve-icon-2.ico HTTP/1.0" 200 2238 "-" "msnbot-media/1.0 (+http://search.msn.com/msnbot.htm)"
65.55.212.218 - - [01/Nov/2008:16:54:38 +0100] "GET /zampa-lovers/WASISTMI1.MPG HTTP/1.0" 200 271221 "-" "msnbot-media/1.0 (+http://search.msn.com/msnbot.htm)"
65.55.212.218 - - [01/Nov/2008:16:54:50 +0100] "GET /framez-rez.html HTTP/1.0" 200 4323 "-" "msnbot-media/1.0 (+http://search.msn.com/msnbot.htm)"
65.55.212.218 - - [01/Nov/2008:16:54:52 +0100] "GET /f-logz_old.html HTTP/1.0" 200 43773 "-" "msnbot-media/1.0 (+http://search.msn.com/msnbot.htm)"
65.55.212.218 - - [01/Nov/2008:16:54:56 +0100] "GET /f-euro.html HTTP/1.0" 200 12203 "-" "msnbot-media/1.0 (+http://search.msn.com/msnbot.htm)"
65.55.212.218 - - [01/Nov/2008:16:54:59 +0100] "GET /zampa-lovers/ HTTP/1.0" 200 37790 "-" "msnbot-media/1.0 (+http://search.msn.com/msnbot.htm)"
65.55.212.218 - - [01/Nov/2008:16:55:04 +0100] "GET /DgH/watch/ HTTP/1.0" 200 2028 "-" "msnbot-media/1.0 (+http://search.msn.com/msnbot.htm)"
65.55.212.218 - - [01/Nov/2008:16:55:05 +0100] "GET /triple-double-u/ HTTP/1.0" 403 1223 "-" "msnbot-media/1.0 (+http://search.msn.com/msnbot.htm)"
69.64.36.219 - - [01/Nov/2008:16:59:53 +0100] "GET /index.php?option=com_frontpage&Itemid=&mosConfig_absolute_path=http://www.milf2gilf.com/forums/skin_acp/IPB2_Standard/acp_skin_html/index.php/extreme/off.txt??? HTTP/1.1" 404 2748 "-" "Mozilla/4.0 (compatible; MSIE 6.0; America Online Browser 1.1; rev1.1; Windows NT 5.1;)"
65.55.212.218 - - [01/Nov/2008:17:02:54 +0100] "GET /logs/hourly_usage_200703.png HTTP/1.0" 200 2149 "-" "msnbot-media/1.0 (+http://search.msn.com/msnbot.htm)"
72.30.81.167 - - [01/Nov/2008:17:09:12 +0100] "GET /robots.txt HTTP/1.0" 200 64 "-" "Mozilla/5.0 (compatible; Yahoo! Slurp; http://help.yahoo.com/help/us/ysearch/slurp)"
72.30.81.167 - - [01/Nov/2008:17:09:13 +0100] "GET /f-other.html HTTP/1.0" 200 33189 "-" "Mozilla/5.0 (compatible; Yahoo! Slurp; http://help.yahoo.com/help/us/ysearch/slurp)"
72.30.81.167 - - [01/Nov/2008:17:53:53 +0100] "GET /rez/fisztred.mp4 HTTP/1.0" 200 1240981 "-" "Mozilla/5.0 (compatible; Yahoo! Slurp; http://help.yahoo.com/help/us/ysearch/slurp)"
65.55.211.164 - - [01/Nov/2008:18:20:38 +0100] "GET /neon/left-one-new.html HTTP/1.1" 200 1483 "-" "msnbot/1.1 (+http://search.msn.com/msnbot.htm)"
65.55.211.173 - - [01/Nov/2008:18:23:53 +0100] "GET /robots.txt HTTP/1.1" 200 64 "-" "msnbot/1.1 (+http://search.msn.com/msnbot.htm)"
65.55.211.173 - - [01/Nov/2008:18:23:54 +0100] "GET /schubb/schubb-5.html HTTP/1.1" 200 72944 "-" "msnbot/1.1 (+http://search.msn.com/msnbot.htm)"
65.55.109.138 - - [01/Nov/2008:18:24:50 +0100] "GET /schubb/schubb-5.html HTTP/1.0" 200 72944 "http://search.live.com/results.aspx?q=schubb" "Mozilla/4.0 (compatible; MSIE 6.0; Windows NT 5.2; SV1; .NET CLR 1.1.4322)"
65.55.109.138 - - [01/Nov/2008:18:24:51 +0100] "GET /framez-schubb5.html HTTP/1.0" 200 4330 "-" "Mozilla/4.0 (compatible; MSIE 6.0; Windows NT 5.2; SV1; .NET CLR 1.1.4322)"
65.55.109.138 - - [01/Nov/2008:18:24:51 +0100] "GET /frame-unten.html HTTP/1.0" 200 5308 "http://www.various-euro.com/framez-schubb5.html" "Mozilla/4.0 (compatible; MSIE 6.0; Windows NT 5.2; SV1; .NET CLR 1.1.4322)"
65.55.109.138 - - [01/Nov/2008:18:24:51 +0100] "GET /frame-menu.html HTTP/1.0" 200 10536 "http://www.various-euro.com/framez-schubb5.html" "Mozilla/4.0 (compatible; MSIE 6.0; Windows NT 5.2; SV1; .NET CLR 1.1.4322)"
65.55.109.138 - - [01/Nov/2008:18:24:52 +0100] "GET /style/various-euro.css HTTP/1.0" 200 3437 "http://www.various-euro.com/frame-menu.html" "Mozilla/4.0 (compatible; MSIE 6.0; Windows NT 5.2; SV1; .NET CLR 1.1.4322)"
65.55.109.138 - - [01/Nov/2008:18:24:51 +0100] "GET /schubb/schubb-5.html HTTP/1.0" 200 72944 "http://www.various-euro.com/framez-schubb5.html" "Mozilla/4.0 (compatible; MSIE 6.0; Windows NT 5.2; SV1; .NET CLR 1.1.4322)"
66.249.71.219 - - [01/Nov/2008:18:44:42 +0100] "GET /framez.html HTTP/1.1" 200 3959 "-" "Mozilla/5.0 (compatible; Googlebot/2.1; +http://www.google.com/bot.html)"
65.55.212.218 - - [01/Nov/2008:18:59:11 +0100] "GET /robots.txt HTTP/1.0" 200 64 "-" "msnbot-media/1.0 (+http://search.msn.com/msnbot.htm)"
65.55.212.218 - - [01/Nov/2008:18:59:12 +0100] "GET /logs/hourly_usage_200707.png HTTP/1.0" 200 2140 "-" "msnbot-media/1.0 (+http://search.msn.com/msnbot.htm)"
65.55.212.218 - - [01/Nov/2008:18:59:19 +0100] "GET /logs/hourly_usage_200710.png HTTP/1.0" 200 2249 "-" "msnbot-media/1.0 (+http://search.msn.com/msnbot.htm)"
65.55.212.218 - - [01/Nov/2008:18:59:27 +0100] "GET /zampa-lovers/ZAMPAMAS.MPG HTTP/1.0" 200 520196 "-" "msnbot-media/1.0 (+http://search.msn.com/msnbot.htm)"
67.195.37.107 - - [01/Nov/2008:19:00:52 +0100] "GET /neon/code.html HTTP/1.0" 200 1109 "-" "Mozilla/5.0 (compatible; Yahoo! Slurp/3.0; http://help.yahoo.com/help/us/ysearch/slurp)"
67.195.37.107 - - [01/Nov/2008:19:05:10 +0100] "GET /restate_copy.html HTTP/1.0" 200 97631 "-" "Mozilla/5.0 (compatible; Yahoo! Slurp/3.0; http://help.yahoo.com/help/us/ysearch/slurp)"
65.55.212.218 - - [01/Nov/2008:19:17:39 +0100] "GET /logs/daily_usage_200703.png HTTP/1.0" 200 4092 "-" "msnbot-media/1.0 (+http://search.msn.com/msnbot.htm)"
65.55.212.218 - - [01/Nov/2008:19:17:41 +0100] "GET /logs/ctry_usage_200705.png HTTP/1.0" 200 5308 "-" "msnbot-media/1.0 (+http://search.msn.com/msnbot.htm)"
65.55.212.218 - - [01/Nov/2008:19:19:05 +0100] "GET /zampa/montenegro/ HTTP/1.0" 200 2651 "-" "msnbot-media/1.0 (+http://search.msn.com/msnbot.htm)"
65.55.211.169 - - [01/Nov/2008:19:25:23 +0100] "GET /partnergegenberlin.html HTTP/1.1" 200 5022 "-" "msnbot/1.1 (+http://search.msn.com/msnbot.htm)"
65.55.212.218 - - [01/Nov/2008:19:30:28 +0100] "GET /logs/hourly_usage_200706.png HTTP/1.0" 200 2216 "-" "msnbot-media/1.0 (+http://search.msn.com/msnbot.htm)"
65.55.212.218 - - [01/Nov/2008:19:39:58 +0100] "GET /logs/hourly_usage_200708.png HTTP/1.0" 200 2234 "-" "msnbot-media/1.0 (+http://search.msn.com/msnbot.htm)"
65.55.212.218 - - [01/Nov/2008:19:48:37 +0100] "GET /logs/daily_usage_200704.png HTTP/1.0" 200 4118 "-" "msnbot-media/1.0 (+http://search.msn.com/msnbot.htm)"
65.55.212.218 - - [01/Nov/2008:19:48:40 +0100] "GET /logs/ctry_usage_200702.png HTTP/1.0" 200 5475 "-" "msnbot-media/1.0 (+http://search.msn.com/msnbot.htm)"
67.195.37.163 - - [01/Nov/2008:20:04:50 +0100] "GET /robots.txt HTTP/1.0" 200 64 "-" "Mozilla/5.0 (compatible; Yahoo! Slurp; http://help.yahoo.com/help/us/ysearch/slurp)"
67.195.37.163 - - [01/Nov/2008:20:04:51 +0100] "GET / HTTP/1.0" 200 7869 "-" "Mozilla/5.0 (compatible; Yahoo! Slurp/3.0; http://help.yahoo.com/help/us/ysearch/slurp)"
67.195.37.163 - - [01/Nov/2008:20:04:52 +0100] "GET /style/various-euro.css HTTP/1.0" 200 3437 "http://various-euro.com/" "Mozilla/5.0 (compatible; Yahoo! Slurp/3.0; http://help.yahoo.com/help/us/ysearch/slurp)"
66.249.71.218 - - [01/Nov/2008:20:13:52 +0100] "GET /framez-actions.html HTTP/1.1" 200 4322 "-" "Mozilla/5.0 (compatible; Googlebot/2.1; +http://www.google.com/bot.html)"
89.212.130.138 - - [01/Nov/2008:20:13:59 +0100] "GET / HTTP/1.1" 302 353 "http://www.google.si/search?hl=sl&client=firefox-a&channel=s&rls=org.mozilla%3Asl%3Aofficial&hs=K6L&q=zampa+di+leone&btnG=Iskanje&meta=" "Mozilla/5.0 (Windows; U; Windows NT 6.0; sl; rv:1.8.1.17) Gecko/20080829 Firefox/2.0.0.17"
89.212.130.138 - - [01/Nov/2008:20:13:59 +0100] "GET /zampa/ HTTP/1.1" 200 7153 "http://www.google.si/search?hl=sl&client=firefox-a&channel=s&rls=org.mozilla%3Asl%3Aofficial&hs=K6L&q=zampa+di+leone&btnG=Iskanje&meta=" "Mozilla/5.0 (Windows; U; Windows NT 6.0; sl; rv:1.8.1.17) Gecko/20080829 Firefox/2.0.0.17"
89.212.130.138 - - [01/Nov/2008:20:14:00 +0100] "GET /zampa/slike/zampa.gif HTTP/1.1" 200 5310 "http://www.various-euro.com/zampa/" "Mozilla/5.0 (Windows; U; Windows NT 6.0; sl; rv:1.8.1.17) Gecko/20080829 Firefox/2.0.0.17"
89.212.130.138 - - [01/Nov/2008:20:14:00 +0100] "GET /zampa/slike/udupetu.gif HTTP/1.1" 200 4138 "http://www.various-euro.com/zampa/" "Mozilla/5.0 (Windows; U; Windows NT 6.0; sl; rv:1.8.1.17) Gecko/20080829 Firefox/2.0.0.17"
89.212.130.138 - - [01/Nov/2008:20:14:00 +0100] "GET /zampa/slike/inthearse.gif HTTP/1.1" 200 4077 "http://www.various-euro.com/zampa/" "Mozilla/5.0 (Windows; U; Windows NT 6.0; sl; rv:1.8.1.17) Gecko/20080829 Firefox/2.0.0.17"
89.212.130.138 - - [01/Nov/2008:20:14:00 +0100] "GET /favicon.ico HTTP/1.1" 404 2748 "-" "Mozilla/5.0 (Windows; U; Windows NT 6.0; sl; rv:1.8.1.17) Gecko/20080829 Firefox/2.0.0.17"
89.212.130.138 - - [01/Nov/2008:20:23:46 +0100] "GET /zampa/ HTTP/1.1" 200 7153 "-" "Mozilla/5.0 (Windows; U; Windows NT 6.0; sl; rv:1.8.1.17) Gecko/20080829 Firefox/2.0.0.17"
89.212.130.138 - - [01/Nov/2008:20:23:50 +0100] "GET /zampa/slike/E2COPY.GIF HTTP/1.1" 200 10416 "http://www.various-euro.com/zampa/" "Mozilla/5.0 (Windows; U; Windows NT 6.0; sl; rv:1.8.1.17) Gecko/20080829 Firefox/2.0.0.17"
89.212.130.138 - - [01/Nov/2008:20:24:23 +0100] "GET /zampa/wonderland/index.html HTTP/1.1" 200 2084 "http://www.various-euro.com/zampa/" "Mozilla/5.0 (Windows; U; Windows NT 6.0; sl; rv:1.8.1.17) Gecko/20080829 Firefox/2.0.0.17"
89.212.130.138 - - [01/Nov/2008:20:24:23 +0100] "GET /zampa/wonderland/TWonder.gif HTTP/1.1" 200 76757 "http://www.various-euro.com/zampa/wonderland/index.html" "Mozilla/5.0 (Windows; U; Windows NT 6.0; sl; rv:1.8.1.17) Gecko/20080829 Firefox/2.0.0.17"
89.212.130.138 - - [01/Nov/2008:20:24:41 +0100] "GET /zampa/lybia/index.html HTTP/1.1" 200 3036 "http://www.various-euro.com/zampa/" "Mozilla/5.0 (Windows; U; Windows NT 6.0; sl; rv:1.8.1.17) Gecko/20080829 Firefox/2.0.0.17"
