77.105.29.36 - - [02/Nov/2008:21:55:24 +0100] "GET /zampa/favicon.ico HTTP/1.1" 404 2748 "-" "Mozilla/4.0 (compatible; GoogleToolbar 4.0.1601.5904-big; Windows XP 5.1; MSIE 6.0.2900.2180)"
77.105.29.36 - - [02/Nov/2008:21:55:24 +0100] "GET /favicon.gif HTTP/1.1" 302 364 "-" "Mozilla/4.0 (compatible; GoogleToolbar 4.0.1601.5904-big; Windows XP 5.1; MSIE 6.0.2900.2180)"
77.105.29.36 - - [02/Nov/2008:21:55:25 +0100] "GET /zampa/favicon.gif HTTP/1.1" 404 2748 "-" "Mozilla/4.0 (compatible; GoogleToolbar 4.0.1601.5904-big; Windows XP 5.1; MSIE 6.0.2900.2180)"
77.105.29.36 - - [02/Nov/2008:21:55:47 +0100] "GET /favicon.ico HTTP/1.1" 302 364 "-" "Mozilla/4.0 (compatible; GoogleToolbar 4.0.1601.5904-big; Windows XP 5.1; MSIE 6.0.2900.2180)"
77.105.29.36 - - [02/Nov/2008:21:55:48 +0100] "GET /zampa/favicon.ico HTTP/1.1" 404 2748 "-" "Mozilla/4.0 (compatible; GoogleToolbar 4.0.1601.5904-big; Windows XP 5.1; MSIE 6.0.2900.2180)"
77.105.29.36 - - [02/Nov/2008:21:55:49 +0100] "GET /favicon.gif HTTP/1.1" 302 364 "-" "Mozilla/4.0 (compatible; GoogleToolbar 4.0.1601.5904-big; Windows XP 5.1; MSIE 6.0.2900.2180)"
77.105.29.36 - - [02/Nov/2008:21:55:49 +0100] "GET /zampa/favicon.gif HTTP/1.1" 404 2748 "-" "Mozilla/4.0 (compatible; GoogleToolbar 4.0.1601.5904-big; Windows XP 5.1; MSIE 6.0.2900.2180)"
67.195.37.107 - - [02/Nov/2008:21:57:12 +0100] "GET /logz.html HTTP/1.0" 404 2748 "-" "Mozilla/5.0 (compatible; Yahoo! Slurp/3.0; http://help.yahoo.com/help/us/ysearch/slurp)"
65.55.211.163 - - [02/Nov/2008:22:14:05 +0100] "GET /robots.txt HTTP/1.1" 200 64 "-" "msnbot/1.1 (+http://search.msn.com/msnbot.htm)"
65.55.211.163 - - [02/Nov/2008:22:14:05 +0100] "GET /neon/girlz2.html HTTP/1.1" 200 2937 "-" "msnbot/1.1 (+http://search.msn.com/msnbot.htm)"
65.55.110.12 - - [02/Nov/2008:22:19:40 +0100] "GET /neon/girlz2.html HTTP/1.0" 200 2937 "http://search.live.com/results.aspx?q=girls" "Mozilla/4.0 (compatible; MSIE 6.0; Windows NT 5.2; SV1; .NET CLR 1.1.4322)"
65.55.110.12 - - [02/Nov/2008:22:19:41 +0100] "GET /framez-girlz.html HTTP/1.0" 200 4271 "-" "Mozilla/4.0 (compatible; MSIE 6.0; Windows NT 5.2; SV1; .NET CLR 1.1.4322)"
65.55.110.12 - - [02/Nov/2008:22:19:41 +0100] "GET /neon/girlz2.html HTTP/1.0" 200 2937 "http://www.various-euro.com/framez-girlz.html" "Mozilla/4.0 (compatible; MSIE 6.0; Windows NT 5.2; SV1; .NET CLR 1.1.4322)"
65.55.110.12 - - [02/Nov/2008:22:19:41 +0100] "GET /frame-menu.html HTTP/1.0" 200 10536 "http://www.various-euro.com/framez-girlz.html" "Mozilla/4.0 (compatible; MSIE 6.0; Windows NT 5.2; SV1; .NET CLR 1.1.4322)"
65.55.110.12 - - [02/Nov/2008:22:19:41 +0100] "GET /frame-unten.html HTTP/1.0" 200 5308 "http://www.various-euro.com/framez-girlz.html" "Mozilla/4.0 (compatible; MSIE 6.0; Windows NT 5.2; SV1; .NET CLR 1.1.4322)"
65.55.110.12 - - [02/Nov/2008:22:19:41 +0100] "GET /style/various-euro.css HTTP/1.0" 200 3437 "http://www.various-euro.com/frame-menu.html" "Mozilla/4.0 (compatible; MSIE 6.0; Windows NT 5.2; SV1; .NET CLR 1.1.4322)"
206.80.114.180 - - [02/Nov/2008:22:27:43 +0100] "GET / HTTP/1.1" 200 7869 "-" "Mozilla/4.0 (compatible; MSIE 6.0; MSIE 5.5; Windows NT 4.0) Opera 7.0 [en]"
66.249.71.218 - - [02/Nov/2008:22:32:11 +0100] "GET /logz.html HTTP/1.1" 404 2748 "-" "Mozilla/5.0 (compatible; Googlebot/2.1; +http://www.google.com/bot.html)"
66.249.71.218 - - [02/Nov/2008:22:32:12 +0100] "GET /euro.html HTTP/1.1" 404 2748 "-" "Mozilla/5.0 (compatible; Googlebot/2.1; +http://www.google.com/bot.html)"
66.249.71.218 - - [02/Nov/2008:22:32:12 +0100] "GET /channel1.html HTTP/1.1" 404 2748 "-" "Mozilla/5.0 (compatible; Googlebot/2.1; +http://www.google.com/bot.html)"
66.249.71.218 - - [02/Nov/2008:22:32:12 +0100] "GET /bannnerz.html HTTP/1.1" 404 2748 "-" "Mozilla/5.0 (compatible; Googlebot/2.1; +http://www.google.com/bot.html)"
66.249.71.218 - - [02/Nov/2008:22:32:13 +0100] "GET /logz_old.html HTTP/1.1" 404 2748 "-" "Mozilla/5.0 (compatible; Googlebot/2.1; +http://www.google.com/bot.html)"
66.249.71.218 - - [02/Nov/2008:22:32:13 +0100] "GET /tour1_new.html HTTP/1.1" 404 2748 "-" "Mozilla/5.0 (compatible; Googlebot/2.1; +http://www.google.com/bot.html)"
66.249.71.218 - - [02/Nov/2008:22:32:14 +0100] "GET /web.html HTTP/1.1" 404 2748 "-" "Mozilla/5.0 (compatible; Googlebot/2.1; +http://www.google.com/bot.html)"
66.249.71.218 - - [02/Nov/2008:22:38:05 +0100] "GET /net.html HTTP/1.1" 404 2748 "-" "Mozilla/5.0 (compatible; Googlebot/2.1; +http://www.google.com/bot.html)"
66.249.71.219 - - [02/Nov/2008:22:43:40 +0100] "GET /contact.html HTTP/1.1" 404 2748 "-" "Mozilla/5.0 (compatible; Googlebot/2.1; +http://www.google.com/bot.html)"
66.249.71.217 - - [02/Nov/2008:22:44:02 +0100] "GET /framez-zampa-lovers.html HTTP/1.1" 200 4322 "-" "Mozilla/5.0 (compatible; Googlebot/2.1; +http://www.google.com/bot.html)"
65.55.211.171 - - [02/Nov/2008:23:07:54 +0100] "GET /robots.txt HTTP/1.1" 200 64 "-" "msnbot/1.1 (+http://search.msn.com/msnbot.htm)"
65.55.211.171 - - [02/Nov/2008:23:07:54 +0100] "GET / HTTP/1.1" 200 7869 "-" "msnbot/1.1 (+http://search.msn.com/msnbot.htm)"
65.55.109.65 - - [02/Nov/2008:23:09:42 +0100] "GET / HTTP/1.0" 200 7869 "http://search.live.com/results.aspx?q=various" "Mozilla/4.0 (compatible; MSIE 6.0; Windows NT 5.2; SV1; .NET CLR 1.1.4322)"
65.55.109.65 - - [02/Nov/2008:23:09:42 +0100] "GET /style/various-euro.css HTTP/1.0" 200 3437 "http://www.various-euro.com/" "Mozilla/4.0 (compatible; MSIE 6.0; Windows NT 5.2; SV1; .NET CLR 1.1.4322)"
65.55.109.65 - - [02/Nov/2008:23:09:43 +0100] "GET /framez_0.html HTTP/1.0" 200 12444 "-" "Mozilla/4.0 (compatible; MSIE 6.0; Windows NT 5.2; SV1; .NET CLR 1.1.4322)"
65.55.109.65 - - [02/Nov/2008:23:09:44 +0100] "GET /framez.html HTTP/1.0" 200 3959 "-" "Mozilla/4.0 (compatible; MSIE 6.0; Windows NT 5.2; SV1; .NET CLR 1.1.4322)"
65.55.109.65 - - [02/Nov/2008:23:09:45 +0100] "GET /style/various-euro.css HTTP/1.0" 200 3437 "http://www.various-euro.com/framez.html" "Mozilla/4.0 (compatible; MSIE 6.0; Windows NT 5.2; SV1; .NET CLR 1.1.4322)"
65.55.109.65 - - [02/Nov/2008:23:09:45 +0100] "GET /frame-menu.html HTTP/1.0" 200 10536 "http://www.various-euro.com/framez.html" "Mozilla/4.0 (compatible; MSIE 6.0; Windows NT 5.2; SV1; .NET CLR 1.1.4322)"
65.55.109.65 - - [02/Nov/2008:23:09:45 +0100] "GET /frame-inhalt.html HTTP/1.0" 200 5418 "http://www.various-euro.com/framez.html" "Mozilla/4.0 (compatible; MSIE 6.0; Windows NT 5.2; SV1; .NET CLR 1.1.4322)"
65.55.109.65 - - [02/Nov/2008:23:09:46 +0100] "GET /style/various-euro.css HTTP/1.0" 200 3437 "http://www.various-euro.com/frame-menu.html" "Mozilla/4.0 (compatible; MSIE 6.0; Windows NT 5.2; SV1; .NET CLR 1.1.4322)"
65.55.109.65 - - [02/Nov/2008:23:09:46 +0100] "GET /frame-unten.html HTTP/1.0" 200 5308 "http://www.various-euro.com/framez.html" "Mozilla/4.0 (compatible; MSIE 6.0; Windows NT 5.2; SV1; .NET CLR 1.1.4322)"
66.235.124.7 - - [02/Nov/2008:23:16:55 +0100] "GET /robots.txt HTTP/1.0" 200 64 "-" "Mozilla/5.0 (compatible; Ask Jeeves/Teoma; +http://about.ask.com/en/docs/about/webmasters.shtml)"
66.235.124.7 - - [02/Nov/2008:23:16:55 +0100] "GET /f-logz_old.html HTTP/1.0" 200 43773 "-" "Mozilla/5.0 (compatible; Ask Jeeves/Teoma; +http://about.ask.com/en/docs/about/webmasters.shtml)"
65.214.45.100 - - [02/Nov/2008:23:51:40 +0100] "GET /neon/girlz2.html HTTP/1.0" 200 2937 "-" "Mozilla/5.0 (compatible; Ask Jeeves/Teoma; +http://about.ask.com/en/docs/about/webmasters.shtml)"
65.214.45.100 - - [02/Nov/2008:23:51:41 +0100] "GET /framez-girlz.html HTTP/1.0" 200 4271 "-" "Mozilla/5.0 (compatible; Ask Jeeves/Teoma; +http://about.ask.com/en/docs/about/webmasters.shtml)"
65.214.45.100 - - [02/Nov/2008:23:51:41 +0100] "GET /frame-menu.html HTTP/1.0" 200 10536 "-" "Mozilla/5.0 (compatible; Ask Jeeves/Teoma; +http://about.ask.com/en/docs/about/webmasters.shtml)"
65.214.45.100 - - [02/Nov/2008:23:51:41 +0100] "GET /neon/girlz2.html HTTP/1.0" 200 2937 "-" "Mozilla/5.0 (compatible; Ask Jeeves/Teoma; +http://about.ask.com/en/docs/about/webmasters.shtml)"
65.214.45.100 - - [02/Nov/2008:23:51:42 +0100] "GET /frame-unten.html HTTP/1.0" 200 5308 "-" "Mozilla/5.0 (compatible; Ask Jeeves/Teoma; +http://about.ask.com/en/docs/about/webmasters.shtml)"
65.214.45.100 - - [02/Nov/2008:23:51:47 +0100] "GET /framez.html HTTP/1.0" 200 3959 "-" "Mozilla/5.0 (compatible; Ask Jeeves/Teoma; +http://about.ask.com/en/docs/about/webmasters.shtml)"
65.214.45.100 - - [02/Nov/2008:23:51:47 +0100] "GET /framez.html HTTP/1.0" 200 3959 "-" "Mozilla/5.0 (compatible; Ask Jeeves/Teoma; +http://about.ask.com/en/docs/about/webmasters.shtml)"
65.214.45.100 - - [02/Nov/2008:23:51:48 +0100] "GET /frame-inhalt.html HTTP/1.0" 200 5418 "-" "Mozilla/5.0 (compatible; Ask Jeeves/Teoma; +http://about.ask.com/en/docs/about/webmasters.shtml)"
72.30.161.215 - - [02/Nov/2008:23:57:10 +0100] "GET /logs/ HTTP/1.0" 200 10079 "-" "Mozilla/5.0 (compatible; Yahoo! Slurp; http://help.yahoo.com/help/us/ysearch/slurp)"
67.195.37.107 - - [03/Nov/2008:00:08:21 +0100] "GET /f-net.html HTTP/1.0" 200 9913 "-" "Mozilla/5.0 (compatible; Yahoo! Slurp/3.0; http://help.yahoo.com/help/us/ysearch/slurp)"
72.30.161.215 - - [03/Nov/2008:00:17:02 +0100] "GET /sendi_agent.html HTTP/1.0" 200 6213 "-" "Mozilla/5.0 (compatible; Yahoo! Slurp; http://help.yahoo.com/help/us/ysearch/slurp)"
82.99.30.38 - - [03/Nov/2008:00:22:32 +0100] "GET / HTTP/1.0" 200 7869 "-" "Mozilla/4.0 (compatible; MSIE 6.0; Windows NT 5.1)"
64.1.215.165 - - [03/Nov/2008:00:37:00 +0100] "GET /robots.txt HTTP/1.0" 200 64 "-" "Mozilla/5.0 (Twiceler-0.9 http://www.cuil.com/twiceler/robot.html)"
66.249.71.217 - - [03/Nov/2008:00:44:34 +0100] "GET /robots.txt HTTP/1.1" 200 64 "-" "Googlebot-Image/1.0"
72.30.161.215 - - [03/Nov/2008:00:59:57 +0100] "GET /robots.txt HTTP/1.0" 200 64 "-" "Mozilla/5.0 (compatible; Yahoo! Slurp; http://help.yahoo.com/help/us/ysearch/slurp)"
72.30.161.215 - - [03/Nov/2008:00:59:57 +0100] "GET /logs/usage_200703.html HTTP/1.0" 200 108444 "-" "Mozilla/5.0 (compatible; Yahoo! Slurp; http://help.yahoo.com/help/us/ysearch/slurp)"
67.195.37.107 - - [03/Nov/2008:01:28:32 +0100] "GET /f-warez.html HTTP/1.0" 200 10953 "-" "Mozilla/5.0 (compatible; Yahoo! Slurp/3.0; http://help.yahoo.com/help/us/ysearch/slurp)"
65.55.211.168 - - [03/Nov/2008:01:50:43 +0100] "GET /robots.txt HTTP/1.1" 200 64 "-" "msnbot/1.1 (+http://search.msn.com/msnbot.htm)"
65.55.211.168 - - [03/Nov/2008:01:50:43 +0100] "GET /frame-menu.html HTTP/1.1" 200 10536 "-" "msnbot/1.1 (+http://search.msn.com/msnbot.htm)"
72.30.161.215 - - [03/Nov/2008:02:45:59 +0100] "GET /neon/channel.html HTTP/1.0" 200 1942 "-" "Mozilla/5.0 (compatible; Yahoo! Slurp; http://help.yahoo.com/help/us/ysearch/slurp)"
80.242.123.41 - - [03/Nov/2008:02:46:02 +0100] "GET /zampa-lovers/index.html HTTP/1.1" 200 37790 "-" "Mozilla/4.0 (compatible; MSIE 6.0; Windows NT 5.1;1813)"
80.242.123.41 - - [03/Nov/2008:02:52:09 +0100] "GET /zampa-lovers/index.html HTTP/1.1" 200 37790 "-" "Mozilla/4.0 (compatible; MSIE 6.0; Windows NT 5.1;1813)"
67.195.37.107 - - [03/Nov/2008:03:38:01 +0100] "GET /search.html HTTP/1.0" 200 1440 "-" "Mozilla/5.0 (compatible; Yahoo! Slurp; http://help.yahoo.com/help/us/ysearch/slurp)"
72.30.161.215 - - [03/Nov/2008:03:39:05 +0100] "GET /neon/warning2.html HTTP/1.0" 200 997 "-" "Mozilla/5.0 (compatible; Yahoo! Slurp; http://help.yahoo.com/help/us/ysearch/slurp)"
208.80.194.40 - - [03/Nov/2008:03:45:42 +0100] "GET / HTTP/1.0" 200 7869 "-" "Mozilla/4.0 (compatible; MSIE 7.0; Windows NT 5.1; ezn73ie5-1; .NET CLR 1.1.4322)"
208.80.194.40 - - [03/Nov/2008:03:45:42 +0100] "GET / HTTP/1.0" 200 7869 "-" "Mozilla/4.0 (compatible; MSIE 6.0; Windows NT 5.1; SP/6.35/1.01/ONLINE; SV1; .NET CLR 1.1.4322; InfoPath.1)"
67.195.37.107 - - [03/Nov/2008:03:53:00 +0100] "GET /partnergegenberlin.html HTTP/1.0" 200 5022 "-" "Mozilla/5.0 (compatible; Yahoo! Slurp; http://help.yahoo.com/help/us/ysearch/slurp)"
67.195.37.107 - - [03/Nov/2008:03:54:58 +0100] "GET /games/virtualcop/virtualcop.html HTTP/1.0" 200 4487 "-" "Mozilla/5.0 (compatible; Yahoo! Slurp; http://help.yahoo.com/help/us/ysearch/slurp)"
72.30.161.215 - - [03/Nov/2008:04:02:22 +0100] "GET /zampa/montenegro/index.html HTTP/1.0" 200 2651 "-" "Mozilla/5.0 (compatible; Yahoo! Slurp; http://help.yahoo.com/help/us/ysearch/slurp)"
72.30.161.215 - - [03/Nov/2008:04:19:39 +0100] "GET /logs/usage_200707.html HTTP/1.0" 200 110942 "-" "Mozilla/5.0 (compatible; Yahoo! Slurp; http://help.yahoo.com/help/us/ysearch/slurp)"
72.30.161.215 - - [03/Nov/2008:05:00:29 +0100] "GET /schubb/schubb-2.html HTTP/1.0" 200 16660 "-" "Mozilla/5.0 (compatible; Yahoo! Slurp; http://help.yahoo.com/help/us/ysearch/slurp)"
72.30.161.215 - - [03/Nov/2008:05:02:40 +0100] "GET /framez-rez.html HTTP/1.0" 200 4323 "-" "Mozilla/5.0 (compatible; Yahoo! Slurp; http://help.yahoo.com/help/us/ysearch/slurp)"
72.30.161.215 - - [03/Nov/2008:05:02:48 +0100] "GET /frame-menu.html HTTP/1.0" 200 10536 "-" "Mozilla/5.0 (compatible; Yahoo! Slurp; http://help.yahoo.com/help/us/ysearch/slurp)"
72.30.161.215 - - [03/Nov/2008:05:02:58 +0100] "GET /f-rez.html HTTP/1.0" 200 9765 "-" "Mozilla/5.0 (compatible; Yahoo! Slurp; http://help.yahoo.com/help/us/ysearch/slurp)"
72.30.161.215 - - [03/Nov/2008:05:03:06 +0100] "GET /frame-unten.html HTTP/1.0" 200 5308 "-" "Mozilla/5.0 (compatible; Yahoo! Slurp; http://help.yahoo.com/help/us/ysearch/slurp)"
82.99.30.30 - - [03/Nov/2008:05:23:19 +0100] "GET /frame-menu.html HTTP/1.0" 200 10536 "-" "Mozilla/4.0 (compatible; MSIE 6.0; Windows NT 5.1)"
72.30.161.215 - - [03/Nov/2008:05:27:33 +0100] "GET /logs/usage_200710.html HTTP/1.0" 200 110952 "-" "Mozilla/5.0 (compatible; Yahoo! Slurp; http://help.yahoo.com/help/us/ysearch/slurp)"
72.30.161.215 - - [03/Nov/2008:05:29:28 +0100] "GET /frame-inhalt.html HTTP/1.0" 200 5418 "-" "Mozilla/5.0 (compatible; Yahoo! Slurp; http://help.yahoo.com/help/us/ysearch/slurp)"
72.30.161.215 - - [03/Nov/2008:05:30:16 +0100] "GET /f-contact.html HTTP/1.0" 200 6804 "-" "Mozilla/5.0 (compatible; Yahoo! Slurp; http://help.yahoo.com/help/us/ysearch/slurp)"
67.195.37.107 - - [03/Nov/2008:05:40:05 +0100] "GET /web.html HTTP/1.0" 404 2748 "-" "Mozilla/5.0 (compatible; Yahoo! Slurp; http://help.yahoo.com/help/us/ysearch/slurp)"
72.30.161.215 - - [03/Nov/2008:06:10:09 +0100] "GET /framez-rez.html HTTP/1.0" 200 4323 "-" "Mozilla/5.0 (compatible; Yahoo! Slurp; http://help.yahoo.com/help/us/ysearch/slurp)"
72.30.161.215 - - [03/Nov/2008:06:10:09 +0100] "GET /frame-menu.html HTTP/1.0" 200 10536 "-" "Mozilla/5.0 (compatible; Yahoo! Slurp; http://help.yahoo.com/help/us/ysearch/slurp)"
72.30.161.215 - - [03/Nov/2008:06:10:11 +0100] "GET /f-rez.html HTTP/1.0" 200 9765 "-" "Mozilla/5.0 (compatible; Yahoo! Slurp; http://help.yahoo.com/help/us/ysearch/slurp)"
72.30.161.215 - - [03/Nov/2008:06:10:12 +0100] "GET /frame-unten.html HTTP/1.0" 200 5308 "-" "Mozilla/5.0 (compatible; Yahoo! Slurp; http://help.yahoo.com/help/us/ysearch/slurp)"
74.6.22.102 - - [03/Nov/2008:06:19:00 +0100] "GET /robots.txt HTTP/1.0" 200 64 "-" "Mozilla/5.0 (compatible; Yahoo! Slurp; http://help.yahoo.com/help/us/ysearch/slurp)"
74.6.22.102 - - [03/Nov/2008:06:19:01 +0100] "GET /partnergegenberlin.html HTTP/1.0" 200 5022 "-" "Mozilla/5.0 (compatible; Yahoo! Slurp; http://help.yahoo.com/help/us/ysearch/slurp)"
82.99.30.36 - - [03/Nov/2008:06:30:58 +0100] "GET /f-rez.html HTTP/1.0" 200 9765 "-" "Mozilla/4.0 (compatible; MSIE 6.0; Windows NT 5.1)"
65.55.211.173 - - [03/Nov/2008:06:36:59 +0100] "GET /f-world.html HTTP/1.1" 200 35590 "-" "msnbot/1.1 (+http://search.msn.com/msnbot.htm)"
65.55.211.167 - - [03/Nov/2008:06:38:03 +0100] "GET /robots.txt HTTP/1.1" 200 64 "-" "msnbot/1.1 (+http://search.msn.com/msnbot.htm)"
65.55.211.167 - - [03/Nov/2008:06:38:03 +0100] "GET /f-euro.html HTTP/1.1" 200 12203 "-" "msnbot/1.1 (+http://search.msn.com/msnbot.htm)"
74.6.22.102 - - [03/Nov/2008:06:40:55 +0100] "GET /bannnerz.html HTTP/1.0" 404 2748 "-" "Mozilla/5.0 (compatible; Yahoo! Slurp; http://help.yahoo.com/help/us/ysearch/slurp)"
65.55.109.11 - - [03/Nov/2008:06:41:29 +0100] "GET /f-euro.html HTTP/1.0" 200 12203 "http://search.live.com/results.aspx?q=various" "Mozilla/4.0 (compatible; MSIE 6.0; Windows NT 5.2; SV1; .NET CLR 1.1.4322)"
65.55.109.11 - - [03/Nov/2008:06:41:30 +0100] "GET /framez-euro.html HTTP/1.0" 200 4319 "-" "Mozilla/4.0 (compatible; MSIE 6.0; Windows NT 5.2; SV1; .NET CLR 1.1.4322)"
65.55.109.11 - - [03/Nov/2008:06:41:30 +0100] "GET /frame-menu.html HTTP/1.0" 200 10536 "http://www.various-euro.com/framez-euro.html" "Mozilla/4.0 (compatible; MSIE 6.0; Windows NT 5.2; SV1; .NET CLR 1.1.4322)"
65.55.109.11 - - [03/Nov/2008:06:41:31 +0100] "GET /frame-unten.html HTTP/1.0" 200 5308 "http://www.various-euro.com/framez-euro.html" "Mozilla/4.0 (compatible; MSIE 6.0; Windows NT 5.2; SV1; .NET CLR 1.1.4322)"
65.55.109.11 - - [03/Nov/2008:06:41:30 +0100] "GET /f-euro.html HTTP/1.0" 200 12203 "http://www.various-euro.com/framez-euro.html" "Mozilla/4.0 (compatible; MSIE 6.0; Windows NT 5.2; SV1; .NET CLR 1.1.4322)"
65.55.109.11 - - [03/Nov/2008:06:41:31 +0100] "GET /style/various-euro.css HTTP/1.0" 200 3437 "http://www.various-euro.com/frame-menu.html" "Mozilla/4.0 (compatible; MSIE 6.0; Windows NT 5.2; SV1; .NET CLR 1.1.4322)"
67.195.37.107 - - [03/Nov/2008:06:52:09 +0100] "GET /robots.txt HTTP/1.0" 200 64 "-" "Mozilla/5.0 (compatible; Yahoo! Slurp; http://help.yahoo.com/help/us/ysearch/slurp)"
67.195.37.107 - - [03/Nov/2008:06:52:09 +0100] "GET /logs/ HTTP/1.0" 200 10079 "-" "Mozilla/5.0 (compatible; Yahoo! Slurp/3.0; http://help.yahoo.com/help/us/ysearch/slurp)"
67.195.37.107 - - [03/Nov/2008:06:52:30 +0100] "GET /framez_0.html HTTP/1.0" 200 12444 "-" "Mozilla/5.0 (compatible; Yahoo! Slurp; http://help.yahoo.com/help/us/ysearch/slurp)"
220.181.61.192 - - [03/Nov/2008:06:56:50 +0100] "GET / HTTP/1.1" 200 7869 "-" "Sogou web spider/4.0(+http://www.sogou.com/docs/help/webmasters.htm#07)"
82.99.30.39 - - [03/Nov/2008:07:23:27 +0100] "GET /frame-unten.html HTTP/1.0" 200 5308 "-" "Mozilla/4.0 (compatible; MSIE 6.0; Windows NT 5.1)"
203.131.250.55 - - [03/Nov/2008:07:33:20 +0100] "GET /robots.txt HTTP/1.1" 200 64 "-" "ichiro/3.0 (http://help.goo.ne.jp/door/crawler.html)"
203.131.250.55 - - [03/Nov/2008:07:34:04 +0100] "GET / HTTP/1.1" 200 7869 "-" "ichiro/3.0 (http://help.goo.ne.jp/door/crawler.html)"
65.55.211.171 - - [03/Nov/2008:07:56:27 +0100] "GET /zampa/ HTTP/1.1" 200 7153 "-" "msnbot/1.1 (+http://search.msn.com/msnbot.htm)"
65.55.211.171 - - [03/Nov/2008:08:03:13 +0100] "GET /f-maintitle.html HTTP/1.1" 200 5030 "-" "msnbot/1.1 (+http://search.msn.com/msnbot.htm)"
65.55.211.180 - - [03/Nov/2008:08:26:40 +0100] "GET /robots.txt HTTP/1.1" 200 64 "-" "msnbot/1.1 (+http://search.msn.com/msnbot.htm)"
65.55.211.180 - - [03/Nov/2008:08:26:41 +0100] "GET /3dsf3/sendi/receiver.html HTTP/1.1" 200 1402 "-" "msnbot/1.1 (+http://search.msn.com/msnbot.htm)"
91.205.124.4 - - [03/Nov/2008:08:27:23 +0100] "GET /robots.txt HTTP/1.1" 200 64 "-" "Yanga WorldSearch Bot v1.1/beta (http://www.yanga.co.uk/)"
91.205.124.4 - - [03/Nov/2008:08:27:23 +0100] "GET /framez-rez.html HTTP/1.1" 200 4323 "-" "Yanga WorldSearch Bot v1.1/beta (http://www.yanga.co.uk/)"
74.6.22.102 - - [03/Nov/2008:08:28:58 +0100] "GET /f-net.html HTTP/1.0" 200 9913 "-" "Mozilla/5.0 (compatible; Yahoo! Slurp; http://help.yahoo.com/help/us/ysearch/slurp)"
65.55.211.172 - - [03/Nov/2008:08:51:08 +0100] "GET /robots.txt HTTP/1.1" 200 64 "-" "msnbot/1.1 (+http://search.msn.com/msnbot.htm)"
65.55.211.172 - - [03/Nov/2008:08:51:09 +0100] "GET /neon/sushi.html HTTP/1.1" 200 687 "-" "msnbot/1.1 (+http://search.msn.com/msnbot.htm)"
67.195.37.107 - - [03/Nov/2008:08:57:19 +0100] "GET /framez.html HTTP/1.0" 200 3959 "-" "Mozilla/5.0 (compatible; Yahoo! Slurp/3.0; http://help.yahoo.com/help/us/ysearch/slurp)"
67.195.37.107 - - [03/Nov/2008:08:57:20 +0100] "GET /style/various-euro.css HTTP/1.0" 200 3437 "http://www.various-euro.com/framez.html" "Mozilla/5.0 (compatible; Yahoo! Slurp/3.0; http://help.yahoo.com/help/us/ysearch/slurp)"
67.195.37.107 - - [03/Nov/2008:08:57:20 +0100] "GET /frame-menu.html HTTP/1.0" 200 10536 "http://www.various-euro.com/framez.html" "Mozilla/5.0 (compatible; Yahoo! Slurp/3.0; http://help.yahoo.com/help/us/ysearch/slurp)"
67.195.37.107 - - [03/Nov/2008:08:57:20 +0100] "GET /frame-unten.html HTTP/1.0" 200 5308 "http://www.various-euro.com/framez.html" "Mozilla/5.0 (compatible; Yahoo! Slurp/3.0; http://help.yahoo.com/help/us/ysearch/slurp)"
67.195.37.107 - - [03/Nov/2008:08:57:20 +0100] "GET /frame-inhalt.html HTTP/1.0" 200 5418 "http://www.various-euro.com/framez.html" "Mozilla/5.0 (compatible; Yahoo! Slurp/3.0; http://help.yahoo.com/help/us/ysearch/slurp)"
65.55.211.181 - - [03/Nov/2008:09:05:32 +0100] "GET /neon/code.html HTTP/1.1" 200 1109 "-" "msnbot/1.1 (+http://search.msn.com/msnbot.htm)"
67.195.37.107 - - [03/Nov/2008:09:08:04 +0100] "GET /bannnerz.html HTTP/1.0" 404 2748 "-" "Mozilla/5.0 (compatible; Yahoo! Slurp; http://help.yahoo.com/help/us/ysearch/slurp)"
74.6.22.102 - - [03/Nov/2008:10:03:20 +0100] "GET /f-logz_old.html HTTP/1.0" 200 43773 "-" "Mozilla/5.0 (compatible; Yahoo! Slurp; http://help.yahoo.com/help/us/ysearch/slurp)"
67.195.37.107 - - [03/Nov/2008:10:24:26 +0100] "GET /logs/usage_200707.html HTTP/1.0" 200 110942 "-" "Mozilla/5.0 (compatible; Yahoo! Slurp/3.0; http://help.yahoo.com/help/us/ysearch/slurp)"
74.6.22.102 - - [03/Nov/2008:10:27:30 +0100] "GET /schubb/schubb-1.html HTTP/1.0" 200 9070 "-" "Mozilla/5.0 (compatible; Yahoo! Slurp; http://help.yahoo.com/help/us/ysearch/slurp)"
208.36.144.6 - - [03/Nov/2008:10:32:07 +0100] "GET /robots.txt HTTP/1.0" 302 363 "-" "Mozilla/5.0 (Twiceler-0.9 http://www.cuil.com/twiceler/robot.html)"
67.195.37.107 - - [03/Nov/2008:10:47:07 +0100] "GET /f-doku-brau.html HTTP/1.0" 200 7152 "-" "Mozilla/5.0 (compatible; Yahoo! Slurp/3.0; http://help.yahoo.com/help/us/ysearch/slurp)"
74.6.22.102 - - [03/Nov/2008:11:26:56 +0100] "GET /f-warez.html HTTP/1.0" 200 10953 "-" "Mozilla/5.0 (compatible; Yahoo! Slurp; http://help.yahoo.com/help/us/ysearch/slurp)"
66.249.71.218 - - [03/Nov/2008:12:06:52 +0100] "GET /logs/usage_200811.html HTTP/1.1" 404 2748 "-" "Mozilla/5.0 (compatible; Googlebot/2.1; +http://www.google.com/bot.html)"
67.195.37.107 - - [03/Nov/2008:12:26:58 +0100] "GET /f-logz_old.html HTTP/1.0" 200 43773 "-" "Mozilla/5.0 (compatible; Yahoo! Slurp/3.0; http://help.yahoo.com/help/us/ysearch/slurp)"
65.55.211.181 - - [03/Nov/2008:12:50:22 +0100] "GET /robots.txt HTTP/1.1" 200 64 "-" "msnbot/1.1 (+http://search.msn.com/msnbot.htm)"
65.55.211.181 - - [03/Nov/2008:12:50:23 +0100] "GET /frame-inhalt.html HTTP/1.1" 200 5418 "-" "msnbot/1.1 (+http://search.msn.com/msnbot.htm)"
65.55.110.162 - - [03/Nov/2008:12:57:32 +0100] "GET /frame-inhalt.html HTTP/1.0" 200 5418 "http://search.live.com/results.aspx?q=various" "Mozilla/4.0 (compatible; MSIE 6.0; Windows NT 5.2; SV1; .NET CLR 1.1.4322)"
65.55.110.162 - - [03/Nov/2008:12:57:32 +0100] "GET /style/various-euro.css HTTP/1.0" 200 3437 "http://www.various-euro.com/frame-inhalt.html" "Mozilla/4.0 (compatible; MSIE 6.0; Windows NT 5.2; SV1; .NET CLR 1.1.4322)"
65.55.110.162 - - [03/Nov/2008:12:57:33 +0100] "GET /framez.html HTTP/1.0" 200 3959 "-" "Mozilla/4.0 (compatible; MSIE 6.0; Windows NT 5.2; SV1; .NET CLR 1.1.4322)"
65.55.110.162 - - [03/Nov/2008:12:57:33 +0100] "GET /style/various-euro.css HTTP/1.0" 200 3437 "http://www.various-euro.com/framez.html" "Mozilla/4.0 (compatible; MSIE 6.0; Windows NT 5.2; SV1; .NET CLR 1.1.4322)"
65.55.110.162 - - [03/Nov/2008:12:57:34 +0100] "GET /frame-inhalt.html HTTP/1.0" 200 5418 "http://www.various-euro.com/framez.html" "Mozilla/4.0 (compatible; MSIE 6.0; Windows NT 5.2; SV1; .NET CLR 1.1.4322)"
65.55.110.162 - - [03/Nov/2008:12:57:34 +0100] "GET /frame-menu.html HTTP/1.0" 200 10536 "http://www.various-euro.com/framez.html" "Mozilla/4.0 (compatible; MSIE 6.0; Windows NT 5.2; SV1; .NET CLR 1.1.4322)"
65.55.110.162 - - [03/Nov/2008:12:57:34 +0100] "GET /frame-unten.html HTTP/1.0" 200 5308 "http://www.various-euro.com/framez.html" "Mozilla/4.0 (compatible; MSIE 6.0; Windows NT 5.2; SV1; .NET CLR 1.1.4322)"
65.55.110.162 - - [03/Nov/2008:12:57:34 +0100] "GET /style/various-euro.css HTTP/1.0" 200 3437 "http://www.various-euro.com/frame-inhalt.html" "Mozilla/4.0 (compatible; MSIE 6.0; Windows NT 5.2; SV1; .NET CLR 1.1.4322)"
65.55.211.174 - - [03/Nov/2008:13:04:39 +0100] "GET /robots.txt HTTP/1.1" 200 64 "-" "msnbot/1.1 (+http://search.msn.com/msnbot.htm)"
65.55.211.174 - - [03/Nov/2008:13:04:39 +0100] "GET /framez-girlz-neon.html HTTP/1.1" 200 4388 "-" "msnbot/1.1 (+http://search.msn.com/msnbot.htm)"
65.55.211.174 - - [03/Nov/2008:13:07:14 +0100] "GET /robots.txt HTTP/1.1" 200 64 "-" "msnbot/1.0 (+http://search.msn.com/msnbot.htm)"
65.55.211.174 - - [03/Nov/2008:13:07:14 +0100] "GET /frame-menu.html HTTP/1.1" 200 10536 "-" "msnbot/1.0 (+http://search.msn.com/msnbot.htm)"
65.55.211.174 - - [03/Nov/2008:13:07:15 +0100] "GET /neon/girlz2.html HTTP/1.1" 200 2937 "-" "msnbot/1.0 (+http://search.msn.com/msnbot.htm)"
65.55.211.174 - - [03/Nov/2008:13:07:15 +0100] "GET /frame-unten.html HTTP/1.1" 200 5308 "-" "msnbot/1.0 (+http://search.msn.com/msnbot.htm)"
65.55.109.170 - - [03/Nov/2008:13:09:05 +0100] "GET /framez-girlz-neon.html HTTP/1.0" 200 4388 "http://search.live.com/results.aspx?q=various" "Mozilla/4.0 (compatible; MSIE 6.0; Windows NT 5.2; SV1; .NET CLR 1.1.4322)"
65.55.109.170 - - [03/Nov/2008:13:09:05 +0100] "GET /neon/girlz2.html HTTP/1.0" 200 2937 "http://www.various-euro.com/framez-girlz-neon.html" "Mozilla/4.0 (compatible; MSIE 6.0; Windows NT 5.2; SV1; .NET CLR 1.1.4322)"
65.55.109.170 - - [03/Nov/2008:13:09:05 +0100] "GET /frame-menu.html HTTP/1.0" 200 10536 "http://www.various-euro.com/framez-girlz-neon.html" "Mozilla/4.0 (compatible; MSIE 6.0; Windows NT 5.2; SV1; .NET CLR 1.1.4322)"
65.55.109.170 - - [03/Nov/2008:13:09:05 +0100] "GET /frame-unten.html HTTP/1.0" 200 5308 "http://www.various-euro.com/framez-girlz-neon.html" "Mozilla/4.0 (compatible; MSIE 6.0; Windows NT 5.2; SV1; .NET CLR 1.1.4322)"
65.55.109.170 - - [03/Nov/2008:13:09:06 +0100] "GET /style/various-euro.css HTTP/1.0" 200 3437 "http://www.various-euro.com/frame-menu.html" "Mozilla/4.0 (compatible; MSIE 6.0; Windows NT 5.2; SV1; .NET CLR 1.1.4322)"
67.195.37.107 - - [03/Nov/2008:13:41:47 +0100] "GET /f-bannnerz.html HTTP/1.0" 200 12651 "-" "Mozilla/5.0 (compatible; Yahoo! Slurp; http://help.yahoo.com/help/us/ysearch/slurp)"
65.55.211.171 - - [03/Nov/2008:13:44:33 +0100] "GET /robots.txt HTTP/1.1" 200 64 "-" "msnbot/1.1 (+http://search.msn.com/msnbot.htm)"
65.55.211.171 - - [03/Nov/2008:13:44:33 +0100] "GET /f-contact.html HTTP/1.1" 200 6804 "-" "msnbot/1.1 (+http://search.msn.com/msnbot.htm)"
66.235.124.7 - - [03/Nov/2008:13:53:41 +0100] "GET /robots.txt HTTP/1.0" 200 64 "-" "Mozilla/5.0 (compatible; Ask Jeeves/Teoma; +http://about.ask.com/en/docs/about/webmasters.shtml)"
66.235.124.7 - - [03/Nov/2008:13:53:42 +0100] "GET /framez.html HTTP/1.0" 200 3959 "-" "Mozilla/5.0 (compatible; Ask Jeeves/Teoma; +http://about.ask.com/en/docs/about/webmasters.shtml)"
66.235.124.7 - - [03/Nov/2008:13:53:42 +0100] "GET /frame-menu.html HTTP/1.0" 200 10536 "-" "Mozilla/5.0 (compatible; Ask Jeeves/Teoma; +http://about.ask.com/en/docs/about/webmasters.shtml)"
66.235.124.7 - - [03/Nov/2008:13:53:42 +0100] "GET /frame-inhalt.html HTTP/1.0" 200 5418 "-" "Mozilla/5.0 (compatible; Ask Jeeves/Teoma; +http://about.ask.com/en/docs/about/webmasters.shtml)"
66.235.124.7 - - [03/Nov/2008:13:53:42 +0100] "GET /frame-unten.html HTTP/1.0" 200 5308 "-" "Mozilla/5.0 (compatible; Ask Jeeves/Teoma; +http://about.ask.com/en/docs/about/webmasters.shtml)"
67.195.37.107 - - [03/Nov/2008:13:57:56 +0100] "GET /ve-icon-2.ico HTTP/1.0" 200 2238 "-" "Mozilla/5.0 (compatible; Yahoo! Slurp; http://help.yahoo.com/help/us/ysearch/slurp)"
82.99.30.24 - - [03/Nov/2008:14:13:53 +0100] "GET /framez.html HTTP/1.0" 200 3959 "-" "Mozilla/4.0 (compatible; MSIE 6.0; Windows NT 5.1)"
67.195.37.107 - - [03/Nov/2008:14:18:14 +0100] "GET /f-channel1.html HTTP/1.0" 200 8471 "-" "Mozilla/5.0 (compatible; Yahoo! Slurp; http://help.yahoo.com/help/us/ysearch/slurp)"
67.195.37.107 - - [03/Nov/2008:14:41:06 +0100] "GET /frame-inhalt.html HTTP/1.0" 200 5418 "-" "Mozilla/5.0 (compatible; Yahoo! Slurp; http://help.yahoo.com/help/us/ysearch/slurp)"
67.195.37.107 - - [03/Nov/2008:14:44:06 +0100] "GET /neon/europa.html HTTP/1.0" 200 389 "-" "Mozilla/5.0 (compatible; Yahoo! Slurp; http://help.yahoo.com/help/us/ysearch/slurp)"
74.6.22.102 - - [03/Nov/2008:14:51:48 +0100] "GET /robots.txt HTTP/1.0" 200 64 "-" "Mozilla/5.0 (compatible; Yahoo! Slurp; http://help.yahoo.com/help/us/ysearch/slurp)"
74.6.22.102 - - [03/Nov/2008:14:51:49 +0100] "GET /neon/slow-walk-old.html HTTP/1.0" 200 1647 "-" "Mozilla/5.0 (compatible; Yahoo! Slurp; http://help.yahoo.com/help/us/ysearch/slurp)"
67.195.37.107 - - [03/Nov/2008:14:57:53 +0100] "GET /bmpp/euro_pal_111.html HTTP/1.0" 200 2129 "-" "Mozilla/5.0 (compatible; Yahoo! Slurp; http://help.yahoo.com/help/us/ysearch/slurp)"
74.6.22.102 - - [03/Nov/2008:15:01:18 +0100] "GET /zampa/ HTTP/1.0" 200 7153 "-" "Mozilla/5.0 (compatible; Yahoo! Slurp; http://help.yahoo.com/help/us/ysearch/slurp)"
65.55.211.181 - - [03/Nov/2008:15:19:17 +0100] "GET /restate_copy.html HTTP/1.1" 200 97631 "-" "msnbot/1.1 (+http://search.msn.com/msnbot.htm)"
77.29.207.88 - - [03/Nov/2008:15:44:19 +0100] "GET /zampa-lovers/kralle.gif HTTP/1.1" 404 2748 "http://various-euro.com/zampa-lovers/index.html" "Mozilla/5.0 (Windows; U; Windows NT 5.1; mk; rv:1.8.1.17) Gecko/20080829 Firefox/2.0.0.17"
77.29.207.88 - - [03/Nov/2008:15:44:19 +0100] "GET /zampa-lovers/zampa.ICO HTTP/1.1" 200 7134 "-" "Mozilla/5.0 (Windows; U; Windows NT 5.1; mk; rv:1.8.1.17) Gecko/20080829 Firefox/2.0.0.17"
77.29.207.88 - - [03/Nov/2008:15:44:18 +0100] "GET /zampa-lovers/index.html HTTP/1.1" 200 37790 "http://search.bearshare.com/intl/webResults.html?q=daj%20biznis&hl=en&o=10596&page=1&lr=1&src=hmp_intl" "Mozilla/5.0 (Windows; U; Windows NT 5.1; mk; rv:1.8.1.17) Gecko/20080829 Firefox/2.0.0.17"
77.29.207.88 - - [03/Nov/2008:15:44:19 +0100] "GET /zampa-lovers/DRAGAN_Z.JPG HTTP/1.1" 200 6850 "http://various-euro.com/zampa-lovers/index.html" "Mozilla/5.0 (Windows; U; Windows NT 5.1; mk; rv:1.8.1.17) Gecko/20080829 Firefox/2.0.0.17"
77.29.207.88 - - [03/Nov/2008:15:44:19 +0100] "GET /zampa-lovers/MILIZA_2.JPG HTTP/1.1" 200 22172 "http://various-euro.com/zampa-lovers/index.html" "Mozilla/5.0 (Windows; U; Windows NT 5.1; mk; rv:1.8.1.17) Gecko/20080829 Firefox/2.0.0.17"
77.29.207.88 - - [03/Nov/2008:15:44:19 +0100] "GET /zampa-lovers/MILIZA_B.JPG HTTP/1.1" 200 10947 "http://various-euro.com/zampa-lovers/index.html" "Mozilla/5.0 (Windows; U; Windows NT 5.1; mk; rv:1.8.1.17) Gecko/20080829 Firefox/2.0.0.17"
77.29.207.88 - - [03/Nov/2008:15:44:19 +0100] "GET /zampa-lovers/MILIZA_4.JPG HTTP/1.1" 200 9946 "http://various-euro.com/zampa-lovers/index.html" "Mozilla/5.0 (Windows; U; Windows NT 5.1; mk; rv:1.8.1.17) Gecko/20080829 Firefox/2.0.0.17"
77.29.207.88 - - [03/Nov/2008:15:44:19 +0100] "GET /zampa-lovers/MILIZA_3.JPG HTTP/1.1" 200 26924 "http://various-euro.com/zampa-lovers/index.html" "Mozilla/5.0 (Windows; U; Windows NT 5.1; mk; rv:1.8.1.17) Gecko/20080829 Firefox/2.0.0.17"
77.29.207.88 - - [03/Nov/2008:15:44:19 +0100] "GET /zampa-lovers/DRAGANZA.JPG HTTP/1.1" 200 18560 "http://various-euro.com/zampa-lovers/index.html" "Mozilla/5.0 (Windows; U; Windows NT 5.1; mk; rv:1.8.1.17) Gecko/20080829 Firefox/2.0.0.17"
77.29.207.88 - - [03/Nov/2008:15:44:19 +0100] "GET /zampa-lovers/1SEITEVE.GIF HTTP/1.1" 200 78726 "http://various-euro.com/zampa-lovers/index.html" "Mozilla/5.0 (Windows; U; Windows NT 5.1; mk; rv:1.8.1.17) Gecko/20080829 Firefox/2.0.0.17"
77.29.207.88 - - [03/Nov/2008:15:44:19 +0100] "GET /zampa-lovers/2SEITEVE.GIF HTTP/1.1" 200 83466 "http://various-euro.com/zampa-lovers/index.html" "Mozilla/5.0 (Windows; U; Windows NT 5.1; mk; rv:1.8.1.17) Gecko/20080829 Firefox/2.0.0.17"
77.29.207.88 - - [03/Nov/2008:15:44:20 +0100] "GET /zampa-lovers/Kralle.gif HTTP/1.1" 200 260 "http://various-euro.com/zampa-lovers/index.html" "Mozilla/5.0 (Windows; U; Windows NT 5.1; mk; rv:1.8.1.17) Gecko/20080829 Firefox/2.0.0.17"
77.29.207.88 - - [03/Nov/2008:15:44:20 +0100] "GET /zampa-lovers/zampa-2X2.gif HTTP/1.1" 200 6948 "http://various-euro.com/zampa-lovers/index.html" "Mozilla/5.0 (Windows; U; Windows NT 5.1; mk; rv:1.8.1.17) Gecko/20080829 Firefox/2.0.0.17"
77.29.207.88 - - [03/Nov/2008:15:44:20 +0100] "GET /zampa-lovers/zampamali.gif HTTP/1.1" 200 2617 "http://various-euro.com/zampa-lovers/index.html" "Mozilla/5.0 (Windows; U; Windows NT 5.1; mk; rv:1.8.1.17) Gecko/20080829 Firefox/2.0.0.17"
77.29.207.88 - - [03/Nov/2008:15:44:20 +0100] "GET /framez-zampa-lovers.html HTTP/1.1" 200 4322 "http://various-euro.com/zampa-lovers/index.html" "Mozilla/5.0 (Windows; U; Windows NT 5.1; mk; rv:1.8.1.17) Gecko/20080829 Firefox/2.0.0.17"
77.29.207.88 - - [03/Nov/2008:15:44:20 +0100] "GET /ve-icon-2.ico HTTP/1.1" 200 2238 "-" "Mozilla/5.0 (Windows; U; Windows NT 5.1; mk; rv:1.8.1.17) Gecko/20080829 Firefox/2.0.0.17"
77.29.207.88 - - [03/Nov/2008:15:44:20 +0100] "GET /frame-menu.html HTTP/1.1" 200 10536 "http://various-euro.com/framez-zampa-lovers.html" "Mozilla/5.0 (Windows; U; Windows NT 5.1; mk; rv:1.8.1.17) Gecko/20080829 Firefox/2.0.0.17"
77.29.207.88 - - [03/Nov/2008:15:44:21 +0100] "GET /zampa-lovers/index.html HTTP/1.1" 200 37790 "http://various-euro.com/framez-zampa-lovers.html" "Mozilla/5.0 (Windows; U; Windows NT 5.1; mk; rv:1.8.1.17) Gecko/20080829 Firefox/2.0.0.17"
77.29.207.88 - - [03/Nov/2008:15:44:20 +0100] "GET /zampa-lovers/zampa.gif HTTP/1.1" 200 460627 "http://various-euro.com/zampa-lovers/index.html" "Mozilla/5.0 (Windows; U; Windows NT 5.1; mk; rv:1.8.1.17) Gecko/20080829 Firefox/2.0.0.17"
77.29.207.88 - - [03/Nov/2008:15:44:21 +0100] "GET /frame-unten.html HTTP/1.1" 200 5308 "http://various-euro.com/framez-zampa-lovers.html" "Mozilla/5.0 (Windows; U; Windows NT 5.1; mk; rv:1.8.1.17) Gecko/20080829 Firefox/2.0.0.17"
77.29.207.88 - - [03/Nov/2008:15:44:21 +0100] "GET /style/various-euro.css HTTP/1.1" 200 3437 "http://various-euro.com/frame-menu.html" "Mozilla/5.0 (Windows; U; Windows NT 5.1; mk; rv:1.8.1.17) Gecko/20080829 Firefox/2.0.0.17"
77.29.207.88 - - [03/Nov/2008:15:44:21 +0100] "GET /zampa-lovers/kralle.gif HTTP/1.1" 404 2748 "http://various-euro.com/zampa-lovers/index.html" "Mozilla/5.0 (Windows; U; Windows NT 5.1; mk; rv:1.8.1.17) Gecko/20080829 Firefox/2.0.0.17"
77.29.207.88 - - [03/Nov/2008:15:44:21 +0100] "GET /bannerz/ve.jpg HTTP/1.1" 200 36912 "http://various-euro.com/frame-unten.html" "Mozilla/5.0 (Windows; U; Windows NT 5.1; mk; rv:1.8.1.17) Gecko/20080829 Firefox/2.0.0.17"
77.29.207.88 - - [03/Nov/2008:15:44:21 +0100] "GET /bannerz/various-euro-girl.jpg HTTP/1.1" 200 91514 "http://various-euro.com/frame-unten.html" "Mozilla/5.0 (Windows; U; Windows NT 5.1; mk; rv:1.8.1.17) Gecko/20080829 Firefox/2.0.0.17"
77.29.207.88 - - [03/Nov/2008:15:44:21 +0100] "GET /zampa-lovers/zampa.gif HTTP/1.1" 206 190251 "http://various-euro.com/zampa-lovers/index.html" "Mozilla/5.0 (Windows; U; Windows NT 5.1; mk; rv:1.8.1.17) Gecko/20080829 Firefox/2.0.0.17"
91.205.124.4 - - [03/Nov/2008:16:06:56 +0100] "GET /frame-menu.html HTTP/1.1" 200 10536 "-" "Yanga WorldSearch Bot v1.1/beta (http://www.yanga.co.uk/)"
91.205.124.4 - - [03/Nov/2008:16:07:13 +0100] "GET /frame-unten.html HTTP/1.1" 200 5308 "-" "Yanga WorldSearch Bot v1.1/beta (http://www.yanga.co.uk/)"
91.205.124.4 - - [03/Nov/2008:16:07:14 +0100] "GET /bannerz/ve.jpg HTTP/1.1" 200 36912 "-" "Yanga WorldSearch Bot v1.1/beta (http://www.yanga.co.uk/)"
82.99.30.59 - - [03/Nov/2008:16:21:42 +0100] "GET / HTTP/1.0" 200 7869 "-" "Mozilla/4.0 (compatible; MSIE 6.0; Windows NT 5.1)"
216.199.76.239 - - [03/Nov/2008:16:22:54 +0100] "GET /restate_copy.html HTTP/1.1" 200 97631 "-" "Mozilla/5.0 (Windows; U; Windows NT 6.0; en-US; rv:1.8.1.11) Gecko/20071127 Firefox/2.0.0.11"
74.6.22.102 - - [03/Nov/2008:16:27:39 +0100] "GET /f-maintitle.html HTTP/1.0" 200 5030 "-" "Mozilla/5.0 (compatible; Yahoo! Slurp; http://help.yahoo.com/help/us/ysearch/slurp)"
74.6.22.102 - - [03/Nov/2008:16:46:42 +0100] "GET /logs/usage_200701.html HTTP/1.0" 200 109268 "-" "Mozilla/5.0 (compatible; Yahoo! Slurp; http://help.yahoo.com/help/us/ysearch/slurp)"
67.195.37.107 - - [03/Nov/2008:16:59:18 +0100] "GET /f-contact.html HTTP/1.0" 200 6804 "-" "Mozilla/5.0 (compatible; Yahoo! Slurp/3.0; http://help.yahoo.com/help/us/ysearch/slurp)"
67.195.37.107 - - [03/Nov/2008:17:02:55 +0100] "GET /f-sponsor.html HTTP/1.0" 200 8578 "-" "Mozilla/5.0 (compatible; Yahoo! Slurp/3.0; http://help.yahoo.com/help/us/ysearch/slurp)"
82.99.30.73 - - [03/Nov/2008:17:09:21 +0100] "GET /frame-inhalt.html HTTP/1.0" 200 5418 "-" "Mozilla/4.0 (compatible; MSIE 6.0; Windows NT 5.1)"
81.52.143.15 - - [03/Nov/2008:17:17:38 +0100] "GET /robots.txt HTTP/1.1" 200 64 "-" "Mozilla/5.0 (Windows; U; Windows NT 5.1; fr; rv:1.8.1) VoilaBot BETA 1.2 (support.voilabot@orange-ftgroup.com)"
81.52.143.15 - - [03/Nov/2008:17:17:40 +0100] "GET /warez.html HTTP/1.1" 200 9754 "-" "Mozilla/5.0 (Windows; U; Windows NT 5.1; fr; rv:1.8.1) VoilaBot BETA 1.2 (support.voilabot@orange-ftgroup.com)"
74.6.22.102 - - [03/Nov/2008:17:19:18 +0100] "GET /f-other.html HTTP/1.0" 200 33189 "-" "Mozilla/5.0 (compatible; Yahoo! Slurp; http://help.yahoo.com/help/us/ysearch/slurp)"
82.99.30.20 - - [03/Nov/2008:17:19:38 +0100] "GET /f-search.html HTTP/1.0" 200 11800 "-" "Mozilla/4.0 (compatible; MSIE 6.0; Windows NT 5.1)"
82.99.30.41 - - [03/Nov/2008:17:26:05 +0100] "GET /f-contact.html HTTP/1.0" 200 6804 "-" "Mozilla/4.0 (compatible; MSIE 6.0; Windows NT 5.1)"
67.195.37.107 - - [03/Nov/2008:17:31:28 +0100] "GET /robots.txt HTTP/1.0" 200 64 "-" "Mozilla/5.0 (compatible; Yahoo! Slurp; http://help.yahoo.com/help/us/ysearch/slurp)"
67.195.37.107 - - [03/Nov/2008:17:31:29 +0100] "GET /triple-double-u/ HTTP/1.0" 403 1223 "-" "Mozilla/5.0 (compatible; Yahoo! Slurp/3.0; http://help.yahoo.com/help/us/ysearch/slurp)"
82.99.30.71 - - [03/Nov/2008:17:51:33 +0100] "GET /f-sponsor.html HTTP/1.0" 200 8578 "-" "Mozilla/4.0 (compatible; MSIE 6.0; Windows NT 5.1)"
67.195.37.107 - - [03/Nov/2008:18:04:28 +0100] "GET /schubb/schubb-1.html HTTP/1.0" 200 9070 "-" "Mozilla/5.0 (compatible; Yahoo! Slurp/3.0; http://help.yahoo.com/help/us/ysearch/slurp)"
74.6.22.102 - - [03/Nov/2008:18:05:00 +0100] "GET /f-world.html HTTP/1.0" 200 35590 "-" "Mozilla/5.0 (compatible; Yahoo! Slurp; http://help.yahoo.com/help/us/ysearch/slurp)"
209.19.152.66 - - [03/Nov/2008:18:06:52 +0100] "GET /restate_copy.html HTTP/1.1" 200 97631 "-" "Mozilla/5.0 (compatible; Konqueror/3.1; Linux; en)"
65.55.232.23 - - [03/Nov/2008:18:08:10 +0100] "GET /robots.txt HTTP/1.1" 200 64 "-" "msnbot/1.1 (+http://search.msn.com/msnbot.htm)"
65.55.232.23 - - [03/Nov/2008:18:08:12 +0100] "GET /framez.html HTTP/1.1" 200 3959 "-" "msnbot/1.1 (+http://search.msn.com/msnbot.htm)"
65.55.232.23 - - [03/Nov/2008:18:11:54 +0100] "GET /robots.txt HTTP/1.1" 200 64 "-" "msnbot/1.0 (+http://search.msn.com/msnbot.htm)"
65.55.232.23 - - [03/Nov/2008:18:11:54 +0100] "GET /frame-menu.html HTTP/1.1" 200 10536 "-" "msnbot/1.0 (+http://search.msn.com/msnbot.htm)"
65.55.232.23 - - [03/Nov/2008:18:11:55 +0100] "GET /frame-inhalt.html HTTP/1.1" 200 5418 "-" "msnbot/1.0 (+http://search.msn.com/msnbot.htm)"
65.55.232.23 - - [03/Nov/2008:18:11:55 +0100] "GET /frame-unten.html HTTP/1.1" 200 5308 "-" "msnbot/1.0 (+http://search.msn.com/msnbot.htm)"
65.55.211.170 - - [03/Nov/2008:18:22:19 +0100] "GET /robots.txt HTTP/1.1" 200 64 "-" "msnbot/1.1 (+http://search.msn.com/msnbot.htm)"
65.55.211.170 - - [03/Nov/2008:18:22:19 +0100] "GET /logs/usage_200710.html HTTP/1.1" 200 110952 "-" "msnbot/1.1 (+http://search.msn.com/msnbot.htm)"
66.249.71.219 - - [03/Nov/2008:18:52:52 +0100] "GET /zampa-lovers/ HTTP/1.1" 200 37790 "-" "Mozilla/5.0 (compatible; Googlebot/2.1; +http://www.google.com/bot.html)"
74.6.22.102 - - [03/Nov/2008:18:53:49 +0100] "GET / HTTP/1.0" 200 7869 "-" "Mozilla/5.0 (compatible; Yahoo! Slurp; http://help.yahoo.com/help/us/ysearch/slurp)"
83.254.23.139 - - [03/Nov/2008:18:57:32 +0100] "GET /schubb/schubb-1.html HTTP/1.1" 200 9070 "http://www.google.com/search?hl=sv&rls=PCTA,PCTA:2006-21,PCTA:en&q=schubb&start=30&sa=N" "Mozilla/4.0 (compatible; MSIE 6.0; Windows NT 5.1; SV1)"
83.254.23.139 - - [03/Nov/2008:18:57:32 +0100] "GET /schubb/schubb-1.gif HTTP/1.1" 200 11222 "http://www.various-euro.com/schubb/schubb-1.html" "Mozilla/4.0 (compatible; MSIE 6.0; Windows NT 5.1; SV1)"
83.254.23.139 - - [03/Nov/2008:18:57:33 +0100] "GET /framez-schubb.html HTTP/1.1" 200 4324 "-" "Mozilla/4.0 (compatible; MSIE 6.0; Windows NT 5.1; SV1)"
83.254.23.139 - - [03/Nov/2008:18:57:33 +0100] "GET /frame-menu.html HTTP/1.1" 200 10536 "http://www.various-euro.com/framez-schubb.html" "Mozilla/4.0 (compatible; MSIE 6.0; Windows NT 5.1; SV1)"
83.254.23.139 - - [03/Nov/2008:18:57:33 +0100] "GET /schubb/schubb-1.html HTTP/1.1" 200 9070 "http://www.various-euro.com/framez-schubb.html" "Mozilla/4.0 (compatible; MSIE 6.0; Windows NT 5.1; SV1)"
83.254.23.139 - - [03/Nov/2008:18:57:34 +0100] "GET /frame-unten.html HTTP/1.1" 200 5308 "http://www.various-euro.com/framez-schubb.html" "Mozilla/4.0 (compatible; MSIE 6.0; Windows NT 5.1; SV1)"
83.254.23.139 - - [03/Nov/2008:18:57:34 +0100] "GET /style/various-euro.css HTTP/1.1" 200 3437 "http://www.various-euro.com/frame-menu.html" "Mozilla/4.0 (compatible; MSIE 6.0; Windows NT 5.1; SV1)"
83.254.23.139 - - [03/Nov/2008:18:57:34 +0100] "GET /bannerz/ve.jpg HTTP/1.1" 200 36912 "http://www.various-euro.com/frame-unten.html" "Mozilla/4.0 (compatible; MSIE 6.0; Windows NT 5.1; SV1)"
83.254.23.139 - - [03/Nov/2008:18:57:34 +0100] "GET /bannerz/various-euro-girl.jpg HTTP/1.1" 200 91514 "http://www.various-euro.com/frame-unten.html" "Mozilla/4.0 (compatible; MSIE 6.0; Windows NT 5.1; SV1)"
83.254.23.139 - - [03/Nov/2008:18:57:37 +0100] "GET /framez-schubb.html HTTP/1.1" 200 4324 "-" "Mozilla/4.0 (compatible; MSIE 6.0; Windows NT 5.1; SV1)"
83.254.23.139 - - [03/Nov/2008:18:57:37 +0100] "GET /frame-menu.html HTTP/1.1" 200 10536 "http://www.various-euro.com/framez-schubb.html" "Mozilla/4.0 (compatible; MSIE 6.0; Windows NT 5.1; SV1)"
83.254.23.139 - - [03/Nov/2008:18:57:37 +0100] "GET /schubb/schubb-1.html HTTP/1.1" 200 9070 "http://www.various-euro.com/framez-schubb.html" "Mozilla/4.0 (compatible; MSIE 6.0; Windows NT 5.1; SV1)"
83.254.23.139 - - [03/Nov/2008:18:57:37 +0100] "GET /frame-unten.html HTTP/1.1" 200 5308 "http://www.various-euro.com/framez-schubb.html" "Mozilla/4.0 (compatible; MSIE 6.0; Windows NT 5.1; SV1)"
83.254.23.139 - - [03/Nov/2008:18:57:38 +0100] "GET /framez-schubb.html HTTP/1.1" 200 4324 "-" "Mozilla/4.0 (compatible; MSIE 6.0; Windows NT 5.1; SV1)"
83.254.23.139 - - [03/Nov/2008:18:57:39 +0100] "GET /frame-menu.html HTTP/1.1" 200 10536 "http://www.various-euro.com/framez-schubb.html" "Mozilla/4.0 (compatible; MSIE 6.0; Windows NT 5.1; SV1)"
83.254.23.139 - - [03/Nov/2008:18:57:39 +0100] "GET /schubb/schubb-1.html HTTP/1.1" 200 9070 "http://www.various-euro.com/framez-schubb.html" "Mozilla/4.0 (compatible; MSIE 6.0; Windows NT 5.1; SV1)"
83.254.23.139 - - [03/Nov/2008:18:57:40 +0100] "GET /framez-schubb.html HTTP/1.1" 200 4324 "-" "Mozilla/4.0 (compatible; MSIE 6.0; Windows NT 5.1; SV1)"
83.254.23.139 - - [03/Nov/2008:18:57:41 +0100] "GET /frame-menu.html HTTP/1.1" 200 10536 "http://www.various-euro.com/framez-schubb.html" "Mozilla/4.0 (compatible; MSIE 6.0; Windows NT 5.1; SV1)"
83.254.23.139 - - [03/Nov/2008:18:57:41 +0100] "GET /schubb/schubb-1.html HTTP/1.1" 200 9070 "http://www.various-euro.com/framez-schubb.html" "Mozilla/4.0 (compatible; MSIE 6.0; Windows NT 5.1; SV1)"
83.254.23.139 - - [03/Nov/2008:18:57:41 +0100] "GET /schubb/schubb-1.html HTTP/1.1" 200 9070 "http://www.google.com/search?hl=sv&rls=PCTA,PCTA:2006-21,PCTA:en&q=schubb&start=30&sa=N" "Mozilla/4.0 (compatible; MSIE 6.0; Windows NT 5.1; SV1)"
83.254.23.139 - - [03/Nov/2008:18:57:41 +0100] "GET /framez-schubb.html HTTP/1.1" 200 4324 "-" "Mozilla/4.0 (compatible; MSIE 6.0; Windows NT 5.1; SV1)"
83.254.23.139 - - [03/Nov/2008:18:57:42 +0100] "GET /frame-menu.html HTTP/1.1" 200 10536 "http://www.various-euro.com/framez-schubb.html" "Mozilla/4.0 (compatible; MSIE 6.0; Windows NT 5.1; SV1)"
83.254.23.139 - - [03/Nov/2008:18:57:42 +0100] "GET /schubb/schubb-1.html HTTP/1.1" 200 9070 "http://www.various-euro.com/framez-schubb.html" "Mozilla/4.0 (compatible; MSIE 6.0; Windows NT 5.1; SV1)"
83.254.23.139 - - [03/Nov/2008:18:57:42 +0100] "GET /frame-unten.html HTTP/1.1" 200 5308 "http://www.various-euro.com/framez-schubb.html" "Mozilla/4.0 (compatible; MSIE 6.0; Windows NT 5.1; SV1)"
67.195.37.107 - - [03/Nov/2008:19:20:40 +0100] "GET /logs/usage_200711.html HTTP/1.0" 200 109628 "-" "Mozilla/5.0 (compatible; Yahoo! Slurp/3.0; http://help.yahoo.com/help/us/ysearch/slurp)"
67.195.37.107 - - [03/Nov/2008:19:28:01 +0100] "GET /neon/euro.html HTTP/1.0" 200 2212 "-" "Mozilla/5.0 (compatible; Yahoo! Slurp/3.0; http://help.yahoo.com/help/us/ysearch/slurp)"
67.195.37.107 - - [03/Nov/2008:19:29:20 +0100] "GET /neon/click.html HTTP/1.0" 200 521 "-" "Mozilla/5.0 (compatible; Yahoo! Slurp/3.0; http://help.yahoo.com/help/us/ysearch/slurp)"
209.19.170.55 - - [03/Nov/2008:19:29:33 +0100] "GET / HTTP/1.0" 200 7869 "-" "Mozilla/5.0 (X11; U; Linux i686; en-US; rv:1.84b4) Gecko/20050908 Firefox/1.4"
67.195.37.107 - - [03/Nov/2008:19:29:59 +0100] "GET /bmpp/18.html HTTP/1.0" 200 4467 "-" "Mozilla/5.0 (compatible; Yahoo! Slurp/3.0; http://help.yahoo.com/help/us/ysearch/slurp)"
67.195.37.107 - - [03/Nov/2008:19:30:08 +0100] "GET /neon/warning2.html HTTP/1.0" 200 997 "-" "Mozilla/5.0 (compatible; Yahoo! Slurp/3.0; http://help.yahoo.com/help/us/ysearch/slurp)"
67.195.37.107 - - [03/Nov/2008:19:31:53 +0100] "GET /neon/channel.html HTTP/1.0" 200 1942 "-" "Mozilla/5.0 (compatible; Yahoo! Slurp/3.0; http://help.yahoo.com/help/us/ysearch/slurp)"
67.195.37.107 - - [03/Nov/2008:19:34:59 +0100] "GET /bmpp/18_x.html HTTP/1.0" 200 1100 "-" "Mozilla/5.0 (compatible; Yahoo! Slurp/3.0; http://help.yahoo.com/help/us/ysearch/slurp)"
66.235.124.7 - - [03/Nov/2008:20:09:39 +0100] "GET /robots.txt HTTP/1.0" 302 363 "-" "Mozilla/5.0 (compatible; Ask Jeeves/Teoma; +http://about.ask.com/en/docs/about/webmasters.shtml)"
66.235.124.7 - - [03/Nov/2008:20:09:39 +0100] "GET /zampa/robots.txt HTTP/1.0" 404 2748 "-" "Mozilla/5.0 (compatible; Ask Jeeves/Teoma; +http://about.ask.com/en/docs/about/webmasters.shtml)"
66.235.124.7 - - [03/Nov/2008:20:09:39 +0100] "GET / HTTP/1.0" 302 353 "-" "Mozilla/5.0 (compatible; Ask Jeeves/Teoma; +http://about.ask.com/en/docs/about/webmasters.shtml)"
66.235.124.7 - - [03/Nov/2008:20:09:40 +0100] "GET /zampa/ HTTP/1.0" 200 7153 "-" "Mozilla/5.0 (compatible; Ask Jeeves/Teoma; +http://about.ask.com/en/docs/about/webmasters.shtml)"
193.252.149.16 - - [03/Nov/2008:20:09:56 +0100] "GET /robots.txt HTTP/1.1" 200 64 "-" "Mozilla/5.0 (Windows; U; Windows NT 5.1; fr; rv:1.8.1) VoilaBot BETA 1.2 (support.voilabot@orange-ftgroup.com)"
193.252.149.16 - - [03/Nov/2008:20:10:00 +0100] "GET /frame-inhalt.html HTTP/1.1" 200 5418 "-" "Mozilla/5.0 (Windows; U; Windows NT 5.1; fr; rv:1.8.1) VoilaBot BETA 1.2 (support.voilabot@orange-ftgroup.com)"
81.52.143.16 - - [03/Nov/2008:20:17:11 +0100] "GET /robots.txt HTTP/1.1" 200 64 "-" "Mozilla/5.0 (Windows; U; Windows NT 5.1; fr; rv:1.8.1) VoilaBot BETA 1.2 (support.voilabot@orange-ftgroup.com)"
81.52.143.16 - - [03/Nov/2008:20:17:19 +0100] "GET /f-web.html HTTP/1.1" 200 13605 "-" "Mozilla/5.0 (Windows; U; Windows NT 5.1; fr; rv:1.8.1) VoilaBot BETA 1.2 (support.voilabot@orange-ftgroup.com)"
65.55.211.173 - - [03/Nov/2008:20:40:50 +0100] "GET /robots.txt HTTP/1.1" 200 64 "-" "msnbot/1.1 (+http://search.msn.com/msnbot.htm)"
65.55.211.173 - - [03/Nov/2008:20:40:50 +0100] "GET /schubb/schubb-5.html HTTP/1.1" 200 72944 "-" "msnbot/1.1 (+http://search.msn.com/msnbot.htm)"
65.55.211.180 - - [03/Nov/2008:20:43:54 +0100] "GET /robots.txt HTTP/1.1" 200 64 "-" "msnbot/1.1 (+http://search.msn.com/msnbot.htm)"
65.55.211.180 - - [03/Nov/2008:20:43:54 +0100] "GET /f-horrorkatze.html HTTP/1.1" 200 7865 "-" "msnbot/1.1 (+http://search.msn.com/msnbot.htm)"
65.55.109.85 - - [03/Nov/2008:20:46:57 +0100] "GET /f-horrorkatze.html HTTP/1.0" 200 7865 "http://search.live.com/results.aspx?q=horrorkatze" "Mozilla/4.0 (compatible; MSIE 6.0; Windows NT 5.2; SV1; .NET CLR 1.1.4322)"
65.55.109.85 - - [03/Nov/2008:20:46:58 +0100] "GET /bannerz/horrorkatze/struct-fotoalbum.mpg HTTP/1.0" 200 25146 "-" "Windows-Media-Player/10.00.00.3700"
65.55.109.85 - - [03/Nov/2008:20:46:58 +0100] "GET /bannerz/horrorkatze/kontext-inform.mpg HTTP/1.0" 200 96263 "-" "Windows-Media-Player/10.00.00.3700"
65.55.109.85 - - [03/Nov/2008:20:46:59 +0100] "GET /bannerz/horrorkatze/struct-fotoalbum.mpg HTTP/1.0" 200 25146 "-" "Windows-Media-Player/10.00.00.3700"
65.55.109.85 - - [03/Nov/2008:20:46:59 +0100] "GET /sound/KEYWEST.MID HTTP/1.0" 404 2748 "-" "Windows-Media-Player/10.00.00.3700"
65.55.109.85 - - [03/Nov/2008:20:46:59 +0100] "GET /bannerz/horrorkatze/kontext-inform.mpg HTTP/1.0" 200 96263 "-" "Windows-Media-Player/10.00.00.3700"
67.195.37.107 - - [03/Nov/2008:20:55:47 +0100] "GET /neon/euro.html HTTP/1.0" 200 2212 "-" "Mozilla/5.0 (compatible; Yahoo! Slurp/3.0; http://help.yahoo.com/help/us/ysearch/slurp)"
77.28.137.5 - - [03/Nov/2008:21:03:43 +0100] "GET /zampa-lovers/zampa.ICO HTTP/1.1" 200 7134 "-" "Mozilla/5.0 (Windows; U; Windows NT 5.1; en-US; rv:1.8.1.17) Gecko/20080829 Firefox/2.0.0.17"
77.28.137.5 - - [03/Nov/2008:21:03:42 +0100] "GET /zampa-lovers/index.html HTTP/1.1" 200 37790 "http://search.live.com/results.aspx?FORM=IEFM1&q=BIOGRAFIJA+NA+TONI+ZEN" "Mozilla/5.0 (Windows; U; Windows NT 5.1; en-US; rv:1.8.1.17) Gecko/20080829 Firefox/2.0.0.17"
