93.138.100.119 - - [04/Nov/2008:19:23:07 +0100] "GET /zampa-lovers/MILIZA_B.JPG HTTP/1.1" 200 10947 "http://various-euro.com/zampa-lovers/index.html" "Mozilla/4.0 (compatible; MSIE 6.0; Windows NT 5.1; SV1)"
93.138.100.119 - - [04/Nov/2008:19:23:07 +0100] "GET /zampa-lovers/MILIZA_4.JPG HTTP/1.1" 200 9946 "http://various-euro.com/zampa-lovers/index.html" "Mozilla/4.0 (compatible; MSIE 6.0; Windows NT 5.1; SV1)"
93.138.100.119 - - [04/Nov/2008:19:23:07 +0100] "GET /zampa-lovers/DRAGANZA.JPG HTTP/1.1" 200 18560 "http://various-euro.com/zampa-lovers/index.html" "Mozilla/4.0 (compatible; MSIE 6.0; Windows NT 5.1; SV1)"
93.138.100.119 - - [04/Nov/2008:19:23:08 +0100] "GET /zampa-lovers/1SEITEVE.GIF HTTP/1.1" 200 78726 "http://various-euro.com/zampa-lovers/index.html" "Mozilla/4.0 (compatible; MSIE 6.0; Windows NT 5.1; SV1)"
93.138.100.119 - - [04/Nov/2008:19:23:08 +0100] "GET /zampa-lovers/2SEITEVE.GIF HTTP/1.1" 200 83466 "http://various-euro.com/zampa-lovers/index.html" "Mozilla/4.0 (compatible; MSIE 6.0; Windows NT 5.1; SV1)"
93.138.100.119 - - [04/Nov/2008:19:23:09 +0100] "GET /zampa-lovers/Kralle.gif HTTP/1.1" 200 260 "http://various-euro.com/zampa-lovers/index.html" "Mozilla/4.0 (compatible; MSIE 6.0; Windows NT 5.1; SV1)"
93.138.100.119 - - [04/Nov/2008:19:23:09 +0100] "GET /zampa-lovers/zampa-2X2.gif HTTP/1.1" 200 6948 "http://various-euro.com/zampa-lovers/index.html" "Mozilla/4.0 (compatible; MSIE 6.0; Windows NT 5.1; SV1)"
93.138.100.119 - - [04/Nov/2008:19:23:09 +0100] "GET /zampa-lovers/zampamali.gif HTTP/1.1" 200 2617 "http://various-euro.com/zampa-lovers/index.html" "Mozilla/4.0 (compatible; MSIE 6.0; Windows NT 5.1; SV1)"
93.138.100.119 - - [04/Nov/2008:19:23:09 +0100] "GET /framez-zampa-lovers.html HTTP/1.1" 200 4322 "-" "Mozilla/4.0 (compatible; MSIE 6.0; Windows NT 5.1; SV1)"
93.138.100.119 - - [04/Nov/2008:19:23:02 +0100] "GET /zampa-lovers/WASISTMI1.MPG HTTP/1.1" 206 268687 "-" "Mozilla/4.0 (compatible; MSIE 6.0; Windows NT 5.1; SV1)"
93.138.100.119 - - [04/Nov/2008:19:23:09 +0100] "GET /frame-menu.html HTTP/1.1" 200 10536 "http://various-euro.com/framez-zampa-lovers.html" "Mozilla/4.0 (compatible; MSIE 6.0; Windows NT 5.1; SV1)"
93.138.100.119 - - [04/Nov/2008:19:23:09 +0100] "GET /frame-unten.html HTTP/1.1" 200 5308 "http://various-euro.com/framez-zampa-lovers.html" "Mozilla/4.0 (compatible; MSIE 6.0; Windows NT 5.1; SV1)"
93.138.100.119 - - [04/Nov/2008:19:23:09 +0100] "GET /style/various-euro.css HTTP/1.1" 200 3437 "http://various-euro.com/frame-menu.html" "Mozilla/4.0 (compatible; MSIE 6.0; Windows NT 5.1; SV1)"
93.138.100.119 - - [04/Nov/2008:19:23:09 +0100] "GET /zampa-lovers/index.html HTTP/1.1" 200 37790 "http://various-euro.com/framez-zampa-lovers.html" "Mozilla/4.0 (compatible; MSIE 6.0; Windows NT 5.1; SV1)"
93.138.100.119 - - [04/Nov/2008:19:23:09 +0100] "GET /bannerz/ve.jpg HTTP/1.1" 200 36912 "http://various-euro.com/frame-unten.html" "Mozilla/4.0 (compatible; MSIE 6.0; Windows NT 5.1; SV1)"
93.138.100.119 - - [04/Nov/2008:19:23:10 +0100] "GET /zampa-lovers/WASISTMI1.MPG HTTP/1.1" 206 102047 "http://various-euro.com/zampa-lovers/index.html" "Windows-Media-Player/10.00.00.4058"
93.138.100.119 - - [04/Nov/2008:19:23:10 +0100] "GET /zampa-lovers/kralle.gif HTTP/1.1" 404 2748 "http://various-euro.com/zampa-lovers/index.html" "Mozilla/4.0 (compatible; MSIE 6.0; Windows NT 5.1; SV1)"
93.138.100.119 - - [04/Nov/2008:19:23:10 +0100] "GET /bannerz/various-euro-girl.jpg HTTP/1.1" 200 91514 "http://various-euro.com/frame-unten.html" "Mozilla/4.0 (compatible; MSIE 6.0; Windows NT 5.1; SV1)"
93.138.100.119 - - [04/Nov/2008:19:23:11 +0100] "GET /zampa-lovers/WASISTMI1.MPG HTTP/1.1" 206 88048 "-" "Mozilla/4.0 (compatible; MSIE 6.0; Windows NT 5.1; SV1)"
81.52.143.16 - - [04/Nov/2008:19:30:58 +0100] "GET /bmpp/18_x.html HTTP/1.1" 200 1100 "-" "Mozilla/5.0 (Windows; U; Windows NT 5.1; fr; rv:1.8.1) VoilaBot BETA 1.2 (support.voilabot@orange-ftgroup.com)"
67.195.37.107 - - [04/Nov/2008:20:14:20 +0100] "GET /f-euro.html HTTP/1.0" 200 12203 "-" "Mozilla/5.0 (compatible; Yahoo! Slurp/3.0; http://help.yahoo.com/help/us/ysearch/slurp)"
67.195.37.107 - - [04/Nov/2008:20:16:59 +0100] "GET /DgH/rampe/index.html HTTP/1.0" 200 2056 "-" "Mozilla/5.0 (compatible; Yahoo! Slurp/3.0; http://help.yahoo.com/help/us/ysearch/slurp)"
67.195.37.107 - - [04/Nov/2008:20:17:00 +0100] "GET /DgH/rampe/pict/Rampe.mp3 HTTP/1.0" 200 8295 "http://www.various-euro.com/DgH/rampe/index.html" "Mozilla/5.0 (compatible; Yahoo! Slurp/3.0; http://help.yahoo.com/help/us/ysearch/slurp)"
74.6.17.182 - - [04/Nov/2008:20:52:57 +0100] "GET /games/virtualcop/virtualcop.html HTTP/1.0" 200 4487 "-" "Mozilla/5.0 (compatible; Yahoo! Slurp; http://help.yahoo.com/help/us/ysearch/slurp)"
145.24.143.39 - - [04/Nov/2008:20:56:47 +0100] "GET / HTTP/1.1" 302 353 "http://www.google.com/search?q=zampa+di+leone&ie=utf-8&oe=utf-8&aq=t&rls=org.mozilla:it:official&client=firefox-a" "Mozilla/5.0 (Macintosh; U; PPC Mac OS X Mach-O; it; rv:1.8.1.17) Gecko/20080829 Firefox/2.0.0.17"
145.24.143.39 - - [04/Nov/2008:20:56:47 +0100] "GET /zampa/ HTTP/1.1" 200 7153 "http://www.google.com/search?q=zampa+di+leone&ie=utf-8&oe=utf-8&aq=t&rls=org.mozilla:it:official&client=firefox-a" "Mozilla/5.0 (Macintosh; U; PPC Mac OS X Mach-O; it; rv:1.8.1.17) Gecko/20080829 Firefox/2.0.0.17"
145.24.143.39 - - [04/Nov/2008:20:56:48 +0100] "GET /zampa/slike/udupetu.gif HTTP/1.1" 200 4138 "http://www.various-euro.com/zampa/" "Mozilla/5.0 (Macintosh; U; PPC Mac OS X Mach-O; it; rv:1.8.1.17) Gecko/20080829 Firefox/2.0.0.17"
145.24.143.39 - - [04/Nov/2008:20:56:48 +0100] "GET /zampa/slike/inthearse.gif HTTP/1.1" 200 4077 "http://www.various-euro.com/zampa/" "Mozilla/5.0 (Macintosh; U; PPC Mac OS X Mach-O; it; rv:1.8.1.17) Gecko/20080829 Firefox/2.0.0.17"
145.24.143.39 - - [04/Nov/2008:20:56:50 +0100] "GET /zampa/slike/zampa.gif HTTP/1.1" 200 5310 "http://www.various-euro.com/zampa/" "Mozilla/5.0 (Macintosh; U; PPC Mac OS X Mach-O; it; rv:1.8.1.17) Gecko/20080829 Firefox/2.0.0.17"
145.24.143.39 - - [04/Nov/2008:20:56:50 +0100] "GET /favicon.ico HTTP/1.1" 404 2748 "-" "Mozilla/5.0 (Macintosh; U; PPC Mac OS X Mach-O; it; rv:1.8.1.17) Gecko/20080829 Firefox/2.0.0.17"
145.24.143.39 - - [04/Nov/2008:20:56:51 +0100] "GET /zampa/montenegro/index.html HTTP/1.1" 200 2651 "http://www.various-euro.com/zampa/" "Mozilla/5.0 (Macintosh; U; PPC Mac OS X Mach-O; it; rv:1.8.1.17) Gecko/20080829 Firefox/2.0.0.17"
145.24.143.39 - - [04/Nov/2008:20:56:52 +0100] "GET /zampa/montenegro/slike/plakat.jpg HTTP/1.1" 200 47879 "http://www.various-euro.com/zampa/montenegro/index.html" "Mozilla/5.0 (Macintosh; U; PPC Mac OS X Mach-O; it; rv:1.8.1.17) Gecko/20080829 Firefox/2.0.0.17"
145.24.143.39 - - [04/Nov/2008:21:09:53 +0100] "GET /favicon.ico HTTP/1.1" 404 2748 "-" "Mozilla/5.0 (Macintosh; U; PPC Mac OS X Mach-O; it; rv:1.8.1.17) Gecko/20080829 Firefox/2.0.0.17"
67.78.169.98 - - [04/Nov/2008:21:22:39 +0100] "GET / HTTP/1.1" 200 7869 "http://www.randomwebsite.com/" "Mozilla/4.0 (compatible; MSIE 7.0; Windows NT 5.2; .NET CLR 1.1.4322; .NET CLR 2.0.50727; .NET CLR 3.0.04506.30; .NET CLR 3.0.04506.648; InfoPath.2)"
67.78.169.98 - - [04/Nov/2008:21:22:39 +0100] "GET /style/various-euro.css HTTP/1.1" 200 3437 "http://www.various-euro.com/" "Mozilla/4.0 (compatible; MSIE 7.0; Windows NT 5.2; .NET CLR 1.1.4322; .NET CLR 2.0.50727; .NET CLR 3.0.04506.30; .NET CLR 3.0.04506.648; InfoPath.2)"
67.78.169.98 - - [04/Nov/2008:21:22:40 +0100] "GET /framez_0.html HTTP/1.1" 200 12444 "-" "Mozilla/4.0 (compatible; MSIE 7.0; Windows NT 5.2; .NET CLR 1.1.4322; .NET CLR 2.0.50727; .NET CLR 3.0.04506.30; .NET CLR 3.0.04506.648; InfoPath.2)"
67.78.169.98 - - [04/Nov/2008:21:22:41 +0100] "GET /ve-icon-2.ico HTTP/1.1" 200 2238 "-" "Mozilla/4.0 (compatible; MSIE 7.0; Windows NT 5.2; .NET CLR 1.1.4322; .NET CLR 2.0.50727; .NET CLR 3.0.04506.30; .NET CLR 3.0.04506.648; InfoPath.2)"
67.78.169.98 - - [04/Nov/2008:21:22:47 +0100] "GET /framez.html HTTP/1.1" 200 3959 "-" "Mozilla/4.0 (compatible; MSIE 7.0; Windows NT 5.2; .NET CLR 1.1.4322; .NET CLR 2.0.50727; .NET CLR 3.0.04506.30; .NET CLR 3.0.04506.648; InfoPath.2)"
67.78.169.98 - - [04/Nov/2008:21:22:47 +0100] "GET /frame-menu.html HTTP/1.1" 200 10536 "http://www.various-euro.com/framez.html" "Mozilla/4.0 (compatible; MSIE 7.0; Windows NT 5.2; .NET CLR 1.1.4322; .NET CLR 2.0.50727; .NET CLR 3.0.04506.30; .NET CLR 3.0.04506.648; InfoPath.2)"
67.78.169.98 - - [04/Nov/2008:21:22:47 +0100] "GET /frame-inhalt.html HTTP/1.1" 200 5418 "http://www.various-euro.com/framez.html" "Mozilla/4.0 (compatible; MSIE 7.0; Windows NT 5.2; .NET CLR 1.1.4322; .NET CLR 2.0.50727; .NET CLR 3.0.04506.30; .NET CLR 3.0.04506.648; InfoPath.2)"
67.78.169.98 - - [04/Nov/2008:21:22:47 +0100] "GET /frame-unten.html HTTP/1.1" 200 5308 "http://www.various-euro.com/framez.html" "Mozilla/4.0 (compatible; MSIE 7.0; Windows NT 5.2; .NET CLR 1.1.4322; .NET CLR 2.0.50727; .NET CLR 3.0.04506.30; .NET CLR 3.0.04506.648; InfoPath.2)"
67.78.169.98 - - [04/Nov/2008:21:22:47 +0100] "GET /bannerz/neon_click_3.gif HTTP/1.1" 200 240 "http://www.various-euro.com/frame-inhalt.html" "Mozilla/4.0 (compatible; MSIE 7.0; Windows NT 5.2; .NET CLR 1.1.4322; .NET CLR 2.0.50727; .NET CLR 3.0.04506.30; .NET CLR 3.0.04506.648; InfoPath.2)"
67.78.169.98 - - [04/Nov/2008:21:22:48 +0100] "GET /eurosign3.gif HTTP/1.1" 200 7879 "http://www.various-euro.com/frame-inhalt.html" "Mozilla/4.0 (compatible; MSIE 7.0; Windows NT 5.2; .NET CLR 1.1.4322; .NET CLR 2.0.50727; .NET CLR 3.0.04506.30; .NET CLR 3.0.04506.648; InfoPath.2)"
67.78.169.98 - - [04/Nov/2008:21:22:47 +0100] "GET /bannerz/goolag_468.jpg HTTP/1.1" 200 28285 "http://www.various-euro.com/frame-inhalt.html" "Mozilla/4.0 (compatible; MSIE 7.0; Windows NT 5.2; .NET CLR 1.1.4322; .NET CLR 2.0.50727; .NET CLR 3.0.04506.30; .NET CLR 3.0.04506.648; InfoPath.2)"
67.78.169.98 - - [04/Nov/2008:21:22:48 +0100] "GET /bannerz/neon_click_1.gif HTTP/1.1" 200 890 "http://www.various-euro.com/frame-inhalt.html" "Mozilla/4.0 (compatible; MSIE 7.0; Windows NT 5.2; .NET CLR 1.1.4322; .NET CLR 2.0.50727; .NET CLR 3.0.04506.30; .NET CLR 3.0.04506.648; InfoPath.2)"
67.78.169.98 - - [04/Nov/2008:21:22:48 +0100] "GET /bannerz/google/Logo_40blk.gif HTTP/1.1" 200 2308 "http://www.various-euro.com/frame-inhalt.html" "Mozilla/4.0 (compatible; MSIE 7.0; Windows NT 5.2; .NET CLR 1.1.4322; .NET CLR 2.0.50727; .NET CLR 3.0.04506.30; .NET CLR 3.0.04506.648; InfoPath.2)"
67.78.169.98 - - [04/Nov/2008:21:22:48 +0100] "GET /bannerz/wet.gif HTTP/1.1" 200 18561 "http://www.various-euro.com/frame-inhalt.html" "Mozilla/4.0 (compatible; MSIE 7.0; Windows NT 5.2; .NET CLR 1.1.4322; .NET CLR 2.0.50727; .NET CLR 3.0.04506.30; .NET CLR 3.0.04506.648; InfoPath.2)"
67.78.169.98 - - [04/Nov/2008:21:22:48 +0100] "GET /bannerz/neon_click_2.gif HTTP/1.1" 200 387 "http://www.various-euro.com/frame-inhalt.html" "Mozilla/4.0 (compatible; MSIE 7.0; Windows NT 5.2; .NET CLR 1.1.4322; .NET CLR 2.0.50727; .NET CLR 3.0.04506.30; .NET CLR 3.0.04506.648; InfoPath.2)"
67.78.169.98 - - [04/Nov/2008:21:22:48 +0100] "GET /bannerz/douwil.gif HTTP/1.1" 200 528 "http://www.various-euro.com/frame-inhalt.html" "Mozilla/4.0 (compatible; MSIE 7.0; Windows NT 5.2; .NET CLR 1.1.4322; .NET CLR 2.0.50727; .NET CLR 3.0.04506.30; .NET CLR 3.0.04506.648; InfoPath.2)"
67.78.169.98 - - [04/Nov/2008:21:22:48 +0100] "GET /bannerz/anti_black_small.gif HTTP/1.1" 200 1009 "http://www.various-euro.com/frame-inhalt.html" "Mozilla/4.0 (compatible; MSIE 7.0; Windows NT 5.2; .NET CLR 1.1.4322; .NET CLR 2.0.50727; .NET CLR 3.0.04506.30; .NET CLR 3.0.04506.648; InfoPath.2)"
67.78.169.98 - - [04/Nov/2008:21:22:49 +0100] "GET /bannerz/copyleft_black_small.gif HTTP/1.1" 200 1231 "http://www.various-euro.com/frame-inhalt.html" "Mozilla/4.0 (compatible; MSIE 7.0; Windows NT 5.2; .NET CLR 1.1.4322; .NET CLR 2.0.50727; .NET CLR 3.0.04506.30; .NET CLR 3.0.04506.648; InfoPath.2)"
67.78.169.98 - - [04/Nov/2008:21:22:49 +0100] "GET /bannerz/ve.jpg HTTP/1.1" 200 36912 "http://www.various-euro.com/frame-unten.html" "Mozilla/4.0 (compatible; MSIE 7.0; Windows NT 5.2; .NET CLR 1.1.4322; .NET CLR 2.0.50727; .NET CLR 3.0.04506.30; .NET CLR 3.0.04506.648; InfoPath.2)"
67.78.169.98 - - [04/Nov/2008:21:22:49 +0100] "GET /bannerz/various-euro-girl.jpg HTTP/1.1" 200 91514 "http://www.various-euro.com/frame-unten.html" "Mozilla/4.0 (compatible; MSIE 7.0; Windows NT 5.2; .NET CLR 1.1.4322; .NET CLR 2.0.50727; .NET CLR 3.0.04506.30; .NET CLR 3.0.04506.648; InfoPath.2)"
67.78.169.98 - - [04/Nov/2008:21:22:54 +0100] "GET /favicon.ico HTTP/1.1" 404 2748 "-" "Mozilla/4.0 (compatible; MSIE 7.0; Windows NT 5.2; .NET CLR 1.1.4322; .NET CLR 2.0.50727; .NET CLR 3.0.04506.30; .NET CLR 3.0.04506.648; InfoPath.2)"
74.6.17.182 - - [04/Nov/2008:21:31:44 +0100] "GET /f-doku-brau.html HTTP/1.0" 200 7152 "-" "Mozilla/5.0 (compatible; Yahoo! Slurp; http://help.yahoo.com/help/us/ysearch/slurp)"
81.52.143.26 - - [04/Nov/2008:21:44:07 +0100] "GET /neon/left-one-new.html HTTP/1.1" 200 1483 "-" "Mozilla/5.0 (Windows; U; Windows NT 5.1; fr; rv:1.8.1) VoilaBot BETA 1.2 (support.voilabot@orange-ftgroup.com)"
74.6.17.182 - - [04/Nov/2008:22:10:58 +0100] "GET /zampa/montenegro/ZMAJW.html HTTP/1.0" 200 860 "-" "Mozilla/5.0 (compatible; Yahoo! Slurp; http://help.yahoo.com/help/us/ysearch/slurp)"
74.6.17.182 - - [04/Nov/2008:23:17:20 +0100] "GET /DgH/watch/ HTTP/1.0" 200 2028 "-" "Mozilla/5.0 (compatible; Yahoo! Slurp; http://help.yahoo.com/help/us/ysearch/slurp)"
72.14.220.136 - - [04/Nov/2008:23:37:06 +0100] "GET /framez-zampa-lovers.html HTTP/1.0" 200 4322 "http://www.mysearch.com/search/GGweb.jhtml?pg=GGmain&action=click&searchfor=Svrsavanje&pn=10&tpr=jrel3&ss=sub&st=site&ptnrS=CP&ct=PN" "Mozilla/4.0 (compatible; MSIE 6.0; Windows NT 5.0; Google Wireless Transcoder;)"
72.14.220.136 - - [04/Nov/2008:23:37:06 +0100] "GET /frame-menu.html HTTP/1.0" 200 10536 "http://www.various-euro.com/framez-zampa-lovers.html" "Mozilla/4.0 (compatible; MSIE 6.0; Windows NT 5.0; Google Wireless Transcoder;)"
72.14.220.136 - - [04/Nov/2008:23:37:06 +0100] "GET /frame-unten.html HTTP/1.0" 200 5308 "http://www.various-euro.com/framez-zampa-lovers.html" "Mozilla/4.0 (compatible; MSIE 6.0; Windows NT 5.0; Google Wireless Transcoder;)"
72.14.220.136 - - [04/Nov/2008:23:37:06 +0100] "GET /zampa-lovers/index.html HTTP/1.0" 200 37790 "http://www.various-euro.com/framez-zampa-lovers.html" "Mozilla/4.0 (compatible; MSIE 6.0; Windows NT 5.0; Google Wireless Transcoder;)"
72.14.220.136 - - [04/Nov/2008:23:37:07 +0100] "GET /framez.html HTTP/1.0" 200 3959 "http://www.various-euro.com/frame-menu.html" "Mozilla/4.0 (compatible; MSIE 6.0; Windows NT 5.0; Google Wireless Transcoder;)"
72.14.220.136 - - [04/Nov/2008:23:37:07 +0100] "GET /frame-inhalt.html HTTP/1.0" 200 5418 "http://www.various-euro.com/framez.html" "Mozilla/4.0 (compatible; MSIE 6.0; Windows NT 5.0; Google Wireless Transcoder;)"
72.14.193.2 - - [04/Nov/2008:23:37:07 +0100] "GET /bannerz/neon_click_1.gif HTTP/1.1" 200 890 "-" "Mozilla/4.0 (compatible; MSIE 6.0; Windows NT 5.0;Google Wireless Transcoder;)"
72.14.193.2 - - [04/Nov/2008:23:37:07 +0100] "GET /bannerz/neon_click_2.gif HTTP/1.1" 200 387 "-" "Mozilla/4.0 (compatible; MSIE 6.0; Windows NT 5.0;Google Wireless Transcoder;)"
72.14.193.2 - - [04/Nov/2008:23:37:07 +0100] "GET /bannerz/copyleft_black_small.gif HTTP/1.1" 200 1231 "-" "Mozilla/4.0 (compatible; MSIE 6.0; Windows NT 5.0;Google Wireless Transcoder;)"
72.14.193.2 - - [04/Nov/2008:23:37:07 +0100] "GET /eurosign3.gif HTTP/1.1" 200 7879 "-" "Mozilla/4.0 (compatible; MSIE 6.0; Windows NT 5.0;Google Wireless Transcoder;)"
72.14.193.2 - - [04/Nov/2008:23:37:07 +0100] "GET /zampa-lovers/MILIZA_3.JPG HTTP/1.1" 200 26924 "-" "Mozilla/4.0 (compatible; MSIE 6.0; Windows NT 5.0;Google Wireless Transcoder;)"
72.14.193.2 - - [04/Nov/2008:23:37:07 +0100] "GET /zampa-lovers/MILIZA_2.JPG HTTP/1.1" 200 22172 "-" "Mozilla/4.0 (compatible; MSIE 6.0; Windows NT 5.0;Google Wireless Transcoder;)"
72.14.193.2 - - [04/Nov/2008:23:37:08 +0100] "GET /zampa-lovers/DRAGANZA.JPG HTTP/1.1" 200 18560 "-" "Mozilla/4.0 (compatible; MSIE 6.0; Windows NT 5.0;Google Wireless Transcoder;)"
72.14.193.2 - - [04/Nov/2008:23:37:08 +0100] "GET /zampa-lovers/Kralle.gif HTTP/1.1" 200 260 "-" "Mozilla/4.0 (compatible; MSIE 6.0; Windows NT 5.0;Google Wireless Transcoder;)"
72.14.193.2 - - [04/Nov/2008:23:37:08 +0100] "GET /bannerz/ve.jpg HTTP/1.1" 200 36912 "-" "Mozilla/4.0 (compatible; MSIE 6.0; Windows NT 5.0;Google Wireless Transcoder;)"
72.14.193.2 - - [04/Nov/2008:23:37:08 +0100] "GET /zampa-lovers/zampamali.gif HTTP/1.1" 200 2617 "-" "Mozilla/4.0 (compatible; MSIE 6.0; Windows NT 5.0;Google Wireless Transcoder;)"
72.14.193.2 - - [04/Nov/2008:23:37:08 +0100] "GET /zampa-lovers/2SEITEVE.GIF HTTP/1.1" 200 83466 "-" "Mozilla/4.0 (compatible; MSIE 6.0; Windows NT 5.0;Google Wireless Transcoder;)"
72.14.193.2 - - [04/Nov/2008:23:37:08 +0100] "GET /bannerz/various-euro-girl.jpg HTTP/1.1" 200 91514 "-" "Mozilla/4.0 (compatible; MSIE 6.0; Windows NT 5.0;Google Wireless Transcoder;)"
72.14.193.2 - - [04/Nov/2008:23:37:08 +0100] "GET /zampa-lovers/1SEITEVE.GIF HTTP/1.1" 200 78726 "-" "Mozilla/4.0 (compatible; MSIE 6.0; Windows NT 5.0;Google Wireless Transcoder;)"
72.14.193.2 - - [04/Nov/2008:23:37:08 +0100] "GET /zampa-lovers/zampa-2X2.gif HTTP/1.1" 200 6948 "-" "Mozilla/4.0 (compatible; MSIE 6.0; Windows NT 5.0;Google Wireless Transcoder;)"
72.14.193.2 - - [04/Nov/2008:23:37:08 +0100] "GET /bannerz/anti_black_small.gif HTTP/1.1" 200 1009 "-" "Mozilla/4.0 (compatible; MSIE 6.0; Windows NT 5.0;Google Wireless Transcoder;)"
72.14.193.2 - - [04/Nov/2008:23:37:09 +0100] "GET /bannerz/google/Logo_40blk.gif HTTP/1.1" 200 2308 "-" "Mozilla/4.0 (compatible; MSIE 6.0; Windows NT 5.0;Google Wireless Transcoder;)"
72.14.193.2 - - [04/Nov/2008:23:37:09 +0100] "GET /zampa-lovers/DRAGAN_Z.JPG HTTP/1.1" 200 6850 "-" "Mozilla/4.0 (compatible; MSIE 6.0; Windows NT 5.0;Google Wireless Transcoder;)"
72.14.193.2 - - [04/Nov/2008:23:37:10 +0100] "GET /bannerz/neon_click_3.gif HTTP/1.1" 200 240 "-" "Mozilla/4.0 (compatible; MSIE 6.0; Windows NT 5.0;Google Wireless Transcoder;)"
72.14.193.2 - - [04/Nov/2008:23:37:10 +0100] "GET /zampa-lovers/MILIZA_4.JPG HTTP/1.1" 200 9946 "-" "Mozilla/4.0 (compatible; MSIE 6.0; Windows NT 5.0;Google Wireless Transcoder;)"
72.14.193.2 - - [04/Nov/2008:23:37:10 +0100] "GET /bannerz/wet.gif HTTP/1.1" 200 18561 "-" "Mozilla/4.0 (compatible; MSIE 6.0; Windows NT 5.0;Google Wireless Transcoder;)"
72.14.193.2 - - [04/Nov/2008:23:37:10 +0100] "GET /bannerz/goolag_468.jpg HTTP/1.1" 200 28285 "-" "Mozilla/4.0 (compatible; MSIE 6.0; Windows NT 5.0;Google Wireless Transcoder;)"
72.14.193.2 - - [04/Nov/2008:23:37:11 +0100] "GET /zampa-lovers/MILIZA_B.JPG HTTP/1.1" 200 10947 "-" "Mozilla/4.0 (compatible; MSIE 6.0; Windows NT 5.0;Google Wireless Transcoder;)"
72.14.193.2 - - [04/Nov/2008:23:37:11 +0100] "GET /bannerz/douwil.gif HTTP/1.1" 200 528 "-" "Mozilla/4.0 (compatible; MSIE 6.0; Windows NT 5.0;Google Wireless Transcoder;)"
72.14.220.136 - - [04/Nov/2008:23:37:38 +0100] "GET /framez-zampa-lovers.html HTTP/1.0" 200 4322 "http://www.various-euro.com/framez-zampa-lovers.html" "Mozilla/4.0 (compatible; MSIE 6.0; Windows NT 5.0; Google Wireless Transcoder;)"
72.14.220.136 - - [04/Nov/2008:23:37:38 +0100] "GET /frame-menu.html HTTP/1.0" 200 10536 "http://www.various-euro.com/framez-zampa-lovers.html" "Mozilla/4.0 (compatible; MSIE 6.0; Windows NT 5.0; Google Wireless Transcoder;)"
72.14.220.136 - - [04/Nov/2008:23:37:38 +0100] "GET /frame-unten.html HTTP/1.0" 200 5308 "http://www.various-euro.com/framez-zampa-lovers.html" "Mozilla/4.0 (compatible; MSIE 6.0; Windows NT 5.0; Google Wireless Transcoder;)"
72.14.220.136 - - [04/Nov/2008:23:37:38 +0100] "GET /zampa-lovers/index.html HTTP/1.0" 200 37790 "http://www.various-euro.com/framez-zampa-lovers.html" "Mozilla/4.0 (compatible; MSIE 6.0; Windows NT 5.0; Google Wireless Transcoder;)"
72.14.220.136 - - [04/Nov/2008:23:37:39 +0100] "GET /framez.html HTTP/1.0" 200 3959 "http://www.various-euro.com/frame-menu.html" "Mozilla/4.0 (compatible; MSIE 6.0; Windows NT 5.0; Google Wireless Transcoder;)"
72.14.220.136 - - [04/Nov/2008:23:37:39 +0100] "GET /frame-inhalt.html HTTP/1.0" 200 5418 "http://www.various-euro.com/framez.html" "Mozilla/4.0 (compatible; MSIE 6.0; Windows NT 5.0; Google Wireless Transcoder;)"
72.14.220.136 - - [04/Nov/2008:23:38:10 +0100] "GET /framez-zampa-lovers.html HTTP/1.0" 200 4322 "http://www.mysearch.com/search/GGweb.jhtml?pg=GGmain&action=click&searchfor=Svrsavanje&pn=10&tpr=jrel3&ss=sub&st=site&ptnrS=CP&ct=PN" "Mozilla/4.0 (compatible; MSIE 6.0; Windows NT 5.0; Google Wireless Transcoder;)"
72.14.220.136 - - [04/Nov/2008:23:38:11 +0100] "GET /frame-menu.html HTTP/1.0" 200 10536 "http://www.various-euro.com/framez-zampa-lovers.html" "Mozilla/4.0 (compatible; MSIE 6.0; Windows NT 5.0; Google Wireless Transcoder;)"
72.14.220.136 - - [04/Nov/2008:23:38:11 +0100] "GET /zampa-lovers/index.html HTTP/1.0" 200 37790 "http://www.various-euro.com/framez-zampa-lovers.html" "Mozilla/4.0 (compatible; MSIE 6.0; Windows NT 5.0; Google Wireless Transcoder;)"
72.14.220.136 - - [04/Nov/2008:23:38:11 +0100] "GET /frame-unten.html HTTP/1.0" 200 5308 "http://www.various-euro.com/framez-zampa-lovers.html" "Mozilla/4.0 (compatible; MSIE 6.0; Windows NT 5.0; Google Wireless Transcoder;)"
72.14.220.136 - - [04/Nov/2008:23:38:11 +0100] "GET /framez.html HTTP/1.0" 200 3959 "http://www.various-euro.com/frame-menu.html" "Mozilla/4.0 (compatible; MSIE 6.0; Windows NT 5.0; Google Wireless Transcoder;)"
72.14.220.136 - - [04/Nov/2008:23:38:11 +0100] "GET /frame-inhalt.html HTTP/1.0" 200 5418 "http://www.various-euro.com/framez.html" "Mozilla/4.0 (compatible; MSIE 6.0; Windows NT 5.0; Google Wireless Transcoder;)"
72.14.220.136 - - [04/Nov/2008:23:38:43 +0100] "GET /framez-zampa-lovers.html HTTP/1.0" 200 4322 "http://www.mysearch.com/search/GGweb.jhtml?pg=GGmain&action=click&searchfor=Svrsavanje&pn=10&tpr=jrel3&ss=sub&st=site&ptnrS=CP&ct=PN" "Mozilla/4.0 (compatible; MSIE 6.0; Windows NT 5.0; Google Wireless Transcoder;)"
72.14.220.136 - - [04/Nov/2008:23:38:43 +0100] "GET /frame-unten.html HTTP/1.0" 200 5308 "http://www.various-euro.com/framez-zampa-lovers.html" "Mozilla/4.0 (compatible; MSIE 6.0; Windows NT 5.0; Google Wireless Transcoder;)"
72.14.220.136 - - [04/Nov/2008:23:38:43 +0100] "GET /frame-menu.html HTTP/1.0" 200 10536 "http://www.various-euro.com/framez-zampa-lovers.html" "Mozilla/4.0 (compatible; MSIE 6.0; Windows NT 5.0; Google Wireless Transcoder;)"
72.14.220.136 - - [04/Nov/2008:23:38:43 +0100] "GET /zampa-lovers/index.html HTTP/1.0" 200 37790 "http://www.various-euro.com/framez-zampa-lovers.html" "Mozilla/4.0 (compatible; MSIE 6.0; Windows NT 5.0; Google Wireless Transcoder;)"
72.14.220.136 - - [04/Nov/2008:23:38:43 +0100] "GET /framez.html HTTP/1.0" 200 3959 "http://www.various-euro.com/frame-menu.html" "Mozilla/4.0 (compatible; MSIE 6.0; Windows NT 5.0; Google Wireless Transcoder;)"
72.14.220.136 - - [04/Nov/2008:23:38:43 +0100] "GET /frame-inhalt.html HTTP/1.0" 200 5418 "http://www.various-euro.com/framez.html" "Mozilla/4.0 (compatible; MSIE 6.0; Windows NT 5.0; Google Wireless Transcoder;)"
74.6.17.182 - - [04/Nov/2008:23:46:46 +0100] "GET /f-web.html HTTP/1.0" 200 13605 "-" "Mozilla/5.0 (compatible; Yahoo! Slurp; http://help.yahoo.com/help/us/ysearch/slurp)"
193.252.149.16 - - [04/Nov/2008:23:59:48 +0100] "GET /robots.txt HTTP/1.1" 200 64 "-" "Mozilla/5.0 (Windows; U; Windows NT 5.1; fr; rv:1.8.1) VoilaBot BETA 1.2 (support.voilabot@orange-ftgroup.com)"
193.252.149.16 - - [04/Nov/2008:23:59:54 +0100] "GET /neon/large.html HTTP/1.1" 200 1547 "-" "Mozilla/5.0 (Windows; U; Windows NT 5.1; fr; rv:1.8.1) VoilaBot BETA 1.2 (support.voilabot@orange-ftgroup.com)"
208.36.144.10 - - [05/Nov/2008:00:02:24 +0100] "GET /robots.txt HTTP/1.0" 200 64 "-" "Mozilla/5.0 (Twiceler-0.9 http://www.cuil.com/twiceler/robot.html)"
72.14.199.117 - - [05/Nov/2008:00:06:25 +0100] "GET /framez-rez.html HTTP/1.1" 200 4323 "-" "DoCoMo/2.0 N905i(c100;TB;W24H16) (compatible; Googlebot-Mobile/2.1; +http://www.google.com/bot.html)"
74.6.17.182 - - [05/Nov/2008:00:06:42 +0100] "GET /neon/left-one-new.html HTTP/1.0" 200 1483 "-" "Mozilla/5.0 (compatible; Yahoo! Slurp; http://help.yahoo.com/help/us/ysearch/slurp)"
82.99.30.22 - - [05/Nov/2008:00:08:26 +0100] "GET /f-other.html HTTP/1.0" 200 33189 "-" "Mozilla/4.0 (compatible; MSIE 6.0; Windows NT 5.1)"
82.99.30.7 - - [05/Nov/2008:00:13:16 +0100] "GET /f-world.html HTTP/1.0" 200 35590 "-" "Mozilla/4.0 (compatible; MSIE 6.0; Windows NT 5.1)"
82.99.30.57 - - [05/Nov/2008:00:16:00 +0100] "GET /f-channel1.html HTTP/1.0" 200 8471 "-" "Mozilla/4.0 (compatible; MSIE 6.0; Windows NT 5.1)"
82.99.30.27 - - [05/Nov/2008:00:17:47 +0100] "GET /your_tour.html HTTP/1.0" 200 31698 "-" "Mozilla/4.0 (compatible; MSIE 6.0; Windows NT 5.1)"
82.99.30.57 - - [05/Nov/2008:00:19:17 +0100] "GET /logs/ HTTP/1.0" 200 10079 "-" "Mozilla/4.0 (compatible; MSIE 6.0; Windows NT 5.1)"
74.6.17.182 - - [05/Nov/2008:00:21:57 +0100] "GET /sendi_agent.html HTTP/1.0" 200 6213 "-" "Mozilla/5.0 (compatible; Yahoo! Slurp; http://help.yahoo.com/help/us/ysearch/slurp)"
82.99.30.11 - - [05/Nov/2008:00:33:07 +0100] "GET /DgH/rampe/index.html HTTP/1.0" 200 2056 "-" "Mozilla/4.0 (compatible; MSIE 6.0; Windows NT 5.1)"
82.99.30.15 - - [05/Nov/2008:00:40:10 +0100] "GET /DgH/orginal/index.html HTTP/1.0" 200 1727 "-" "Mozilla/4.0 (compatible; MSIE 6.0; Windows NT 5.1)"
82.99.30.2 - - [05/Nov/2008:00:43:57 +0100] "GET /DgH/bull/index.html HTTP/1.0" 200 1915 "-" "Mozilla/4.0 (compatible; MSIE 6.0; Windows NT 5.1)"
82.99.30.61 - - [05/Nov/2008:00:46:20 +0100] "GET /DgH/watch/index.html HTTP/1.0" 200 2028 "-" "Mozilla/4.0 (compatible; MSIE 6.0; Windows NT 5.1)"
81.52.143.16 - - [05/Nov/2008:01:37:31 +0100] "GET /schubb/schubb-2.html HTTP/1.1" 200 16660 "-" "Mozilla/5.0 (Windows; U; Windows NT 5.1; fr; rv:1.8.1) VoilaBot BETA 1.2 (support.voilabot@orange-ftgroup.com)"
74.6.17.182 - - [05/Nov/2008:01:37:33 +0100] "GET /robots.txt HTTP/1.0" 200 64 "-" "Mozilla/5.0 (compatible; Yahoo! Slurp; http://help.yahoo.com/help/us/ysearch/slurp)"
74.6.17.182 - - [05/Nov/2008:01:37:33 +0100] "GET /logs/usage_200703.html HTTP/1.0" 200 108444 "-" "Mozilla/5.0 (compatible; Yahoo! Slurp; http://help.yahoo.com/help/us/ysearch/slurp)"
67.195.37.107 - - [05/Nov/2008:01:49:36 +0100] "GET /f-rez.html HTTP/1.0" 200 9765 "-" "Mozilla/5.0 (compatible; Yahoo! Slurp/3.0; http://help.yahoo.com/help/us/ysearch/slurp)"
67.195.37.107 - - [05/Nov/2008:02:00:51 +0100] "GET /bmpp/euro_pal_1.html HTTP/1.0" 200 18252 "-" "Mozilla/5.0 (compatible; Yahoo! Slurp/3.0; http://help.yahoo.com/help/us/ysearch/slurp)"
67.195.37.107 - - [05/Nov/2008:02:07:42 +0100] "GET / HTTP/1.0" 200 7869 "-" "Mozilla/5.0 (compatible; Yahoo! Slurp; http://help.yahoo.com/help/us/ysearch/slurp)"
81.52.143.26 - - [05/Nov/2008:02:09:44 +0100] "GET /bmpp/18asi_2.html HTTP/1.1" 200 8674 "-" "Mozilla/5.0 (Windows; U; Windows NT 5.1; fr; rv:1.8.1) VoilaBot BETA 1.2 (support.voilabot@orange-ftgroup.com)"
64.1.215.165 - - [05/Nov/2008:02:23:41 +0100] "GET /robots.txt HTTP/1.0" 200 64 "-" "Mozilla/5.0 (Twiceler-0.9 http://www.cuil.com/twiceler/robot.html)"
74.6.17.182 - - [05/Nov/2008:02:26:03 +0100] "GET /f-world.html HTTP/1.0" 200 35590 "-" "Mozilla/5.0 (compatible; Yahoo! Slurp; http://help.yahoo.com/help/us/ysearch/slurp)"
67.195.37.107 - - [05/Nov/2008:03:07:53 +0100] "GET /f-horrorkatze.html HTTP/1.0" 200 7865 "-" "Mozilla/5.0 (compatible; Yahoo! Slurp/3.0; http://help.yahoo.com/help/us/ysearch/slurp)"
81.52.143.16 - - [05/Nov/2008:03:23:34 +0100] "GET /robots.txt HTTP/1.1" 200 64 "-" "Mozilla/5.0 (Windows; U; Windows NT 5.1; fr; rv:1.8.1) VoilaBot BETA 1.2 (support.voilabot@orange-ftgroup.com)"
81.52.143.16 - - [05/Nov/2008:03:23:36 +0100] "GET /neon/girlz2.html HTTP/1.1" 200 2937 "-" "Mozilla/5.0 (Windows; U; Windows NT 5.1; fr; rv:1.8.1) VoilaBot BETA 1.2 (support.voilabot@orange-ftgroup.com)"
74.6.17.182 - - [05/Nov/2008:03:25:52 +0100] "GET /DgH/bull/index.html HTTP/1.0" 200 1915 "-" "Mozilla/5.0 (compatible; Yahoo! Slurp; http://help.yahoo.com/help/us/ysearch/slurp)"
81.52.143.15 - - [05/Nov/2008:03:58:58 +0100] "GET /robots.txt HTTP/1.1" 200 64 "-" "Mozilla/5.0 (Windows; U; Windows NT 5.1; fr; rv:1.8.1) VoilaBot BETA 1.2 (support.voilabot@orange-ftgroup.com)"
81.52.143.15 - - [05/Nov/2008:03:59:08 +0100] "GET /bmpp/euro_pal_1.html HTTP/1.1" 200 18252 "-" "Mozilla/5.0 (Windows; U; Windows NT 5.1; fr; rv:1.8.1) VoilaBot BETA 1.2 (support.voilabot@orange-ftgroup.com)"
67.195.37.107 - - [05/Nov/2008:04:22:17 +0100] "GET /f-search.html HTTP/1.0" 200 11800 "-" "Mozilla/5.0 (compatible; Yahoo! Slurp/3.0; http://help.yahoo.com/help/us/ysearch/slurp)"
67.195.37.107 - - [05/Nov/2008:04:22:48 +0100] "GET /zampa/montenegro/SEKAW.html HTTP/1.0" 200 860 "-" "Mozilla/5.0 (compatible; Yahoo! Slurp/3.0; http://help.yahoo.com/help/us/ysearch/slurp)"
74.6.17.174 - - [05/Nov/2008:04:25:51 +0100] "GET /robots.txt HTTP/1.0" 200 64 "-" "Mozilla/5.0 (compatible; Yahoo! Slurp; http://help.yahoo.com/help/us/ysearch/slurp)"
74.6.17.174 - - [05/Nov/2008:04:25:51 +0100] "GET /logs/usage_200707.html HTTP/1.0" 200 110942 "-" "Mozilla/5.0 (compatible; Yahoo! Slurp; http://help.yahoo.com/help/us/ysearch/slurp)"
74.6.17.174 - - [05/Nov/2008:04:43:44 +0100] "GET /f-zeug.html HTTP/1.0" 200 45338 "-" "Mozilla/5.0 (compatible; Yahoo! Slurp; http://help.yahoo.com/help/us/ysearch/slurp)"
195.245.119.76 - - [05/Nov/2008:04:50:10 +0100] "GET /framez-schubb5.html HTTP/1.0" 200 4330 "-" "Mozilla/5.0 (Windows NT 5.1; U; en) Opera 8.00"
195.245.119.76 - - [05/Nov/2008:04:50:11 +0100] "GET /frame-menu.html HTTP/1.0" 200 10536 "-" "Mozilla/5.0 (Windows NT 5.1; U; en) Opera 8.00"
195.245.119.76 - - [05/Nov/2008:04:50:11 +0100] "GET /schubb/schubb-5.html HTTP/1.0" 200 72944 "-" "Mozilla/5.0 (Windows NT 5.1; U; en) Opera 8.00"
195.245.119.76 - - [05/Nov/2008:04:50:12 +0100] "GET /frame-unten.html HTTP/1.0" 200 5308 "-" "Mozilla/5.0 (Windows NT 5.1; U; en) Opera 8.00"
74.6.17.174 - - [05/Nov/2008:05:08:47 +0100] "GET /schubb/schubb-2.html HTTP/1.0" 200 16660 "-" "Mozilla/5.0 (compatible; Yahoo! Slurp; http://help.yahoo.com/help/us/ysearch/slurp)"
67.195.37.107 - - [05/Nov/2008:05:10:08 +0100] "GET /robots.txt HTTP/1.0" 200 64 "-" "Mozilla/5.0 (compatible; Yahoo! Slurp; http://help.yahoo.com/help/us/ysearch/slurp)"
67.195.37.107 - - [05/Nov/2008:05:10:09 +0100] "GET /zampa/montenegro/SEKAW.html HTTP/1.0" 200 860 "-" "Mozilla/5.0 (compatible; Yahoo! Slurp/3.0; http://help.yahoo.com/help/us/ysearch/slurp)"
65.55.211.164 - - [05/Nov/2008:05:21:21 +0100] "GET /robots.txt HTTP/1.1" 200 64 "-" "msnbot/1.1 (+http://search.msn.com/msnbot.htm)"
65.55.211.164 - - [05/Nov/2008:05:21:21 +0100] "GET /bannnerz.html HTTP/1.1" 404 2748 "-" "msnbot/1.1 (+http://search.msn.com/msnbot.htm)"
74.6.17.174 - - [05/Nov/2008:05:31:11 +0100] "GET /framez.html HTTP/1.0" 200 3959 "-" "Mozilla/5.0 (compatible; Yahoo! Slurp; http://help.yahoo.com/help/us/ysearch/slurp)"
74.6.17.174 - - [05/Nov/2008:05:31:12 +0100] "GET /frame-menu.html HTTP/1.0" 200 10536 "-" "Mozilla/5.0 (compatible; Yahoo! Slurp; http://help.yahoo.com/help/us/ysearch/slurp)"
74.6.17.174 - - [05/Nov/2008:05:31:16 +0100] "GET /frame-inhalt.html HTTP/1.0" 200 5418 "-" "Mozilla/5.0 (compatible; Yahoo! Slurp; http://help.yahoo.com/help/us/ysearch/slurp)"
74.6.17.174 - - [05/Nov/2008:05:31:20 +0100] "GET /frame-unten.html HTTP/1.0" 200 5308 "-" "Mozilla/5.0 (compatible; Yahoo! Slurp; http://help.yahoo.com/help/us/ysearch/slurp)"
74.6.17.174 - - [05/Nov/2008:05:34:52 +0100] "GET /f-horrorkatze.html HTTP/1.0" 200 7865 "-" "Mozilla/5.0 (compatible; Yahoo! Slurp; http://help.yahoo.com/help/us/ysearch/slurp)"
74.6.17.174 - - [05/Nov/2008:05:35:13 +0100] "GET /f-search.html HTTP/1.0" 200 11800 "-" "Mozilla/5.0 (compatible; Yahoo! Slurp; http://help.yahoo.com/help/us/ysearch/slurp)"
67.195.37.107 - - [05/Nov/2008:06:08:25 +0100] "GET /frame-inhalt.html HTTP/1.0" 200 5418 "-" "Mozilla/5.0 (compatible; Yahoo! Slurp/3.0; http://help.yahoo.com/help/us/ysearch/slurp)"
67.195.37.107 - - [05/Nov/2008:06:08:26 +0100] "GET /style/various-euro.css HTTP/1.0" 200 3437 "http://www.various-euro.com/frame-inhalt.html" "Mozilla/5.0 (compatible; Yahoo! Slurp/3.0; http://help.yahoo.com/help/us/ysearch/slurp)"
74.6.17.174 - - [05/Nov/2008:06:25:37 +0100] "GET /partnergegenberlin.html HTTP/1.0" 200 5022 "-" "Mozilla/5.0 (compatible; Yahoo! Slurp; http://help.yahoo.com/help/us/ysearch/slurp)"
65.55.211.169 - - [05/Nov/2008:06:49:32 +0100] "GET /robots.txt HTTP/1.1" 200 64 "-" "msnbot/1.1 (+http://search.msn.com/msnbot.htm)"
65.55.211.169 - - [05/Nov/2008:06:49:32 +0100] "GET /neon/channel.html HTTP/1.1" 200 1942 "-" "msnbot/1.1 (+http://search.msn.com/msnbot.htm)"
74.6.17.174 - - [05/Nov/2008:06:52:17 +0100] "GET /logs/usage_200705.html HTTP/1.0" 200 109447 "-" "Mozilla/5.0 (compatible; Yahoo! Slurp; http://help.yahoo.com/help/us/ysearch/slurp)"
193.252.149.15 - - [05/Nov/2008:06:57:30 +0100] "GET /neon/euro.html HTTP/1.1" 200 2212 "-" "Mozilla/5.0 (Windows; U; Windows NT 5.1; fr; rv:1.8.1) VoilaBot BETA 1.2 (support.voilabot@orange-ftgroup.com)"
74.6.17.174 - - [05/Nov/2008:06:58:37 +0100] "GET /bmpp/euro_pal_111.html HTTP/1.0" 200 2129 "-" "Mozilla/5.0 (compatible; Yahoo! Slurp; http://help.yahoo.com/help/us/ysearch/slurp)"
204.255.43.27 - - [05/Nov/2008:06:58:54 +0100] "GET / HTTP/1.1" 200 7869 "-" "Mozilla/4.0 (compatible; MSIE 6.0; Windows NT 5.2; SV1; .NET CLR 1.1.4322)"
74.6.17.174 - - [05/Nov/2008:07:12:34 +0100] "GET /zampa-lovers/ HTTP/1.0" 200 37790 "-" "Mozilla/5.0 (compatible; Yahoo! Slurp; http://help.yahoo.com/help/us/ysearch/slurp)"
193.252.149.15 - - [05/Nov/2008:07:19:59 +0100] "GET /bmpp/euro_pal_111.html HTTP/1.1" 200 2129 "-" "Mozilla/5.0 (Windows; U; Windows NT 5.1; fr; rv:1.8.1) VoilaBot BETA 1.2 (support.voilabot@orange-ftgroup.com)"
65.55.211.173 - - [05/Nov/2008:07:23:36 +0100] "GET /robots.txt HTTP/1.1" 200 64 "-" "msnbot/1.1 (+http://search.msn.com/msnbot.htm)"
65.55.211.173 - - [05/Nov/2008:07:23:37 +0100] "GET /neon/annniiii.html HTTP/1.1" 200 686 "-" "msnbot/1.1 (+http://search.msn.com/msnbot.htm)"
65.55.211.168 - - [05/Nov/2008:07:25:15 +0100] "GET /robots.txt HTTP/1.1" 200 64 "-" "msnbot/1.1 (+http://search.msn.com/msnbot.htm)"
65.55.211.168 - - [05/Nov/2008:07:25:15 +0100] "GET /f-zeug.html HTTP/1.1" 200 45338 "-" "msnbot/1.1 (+http://search.msn.com/msnbot.htm)"
209.19.170.60 - - [05/Nov/2008:07:45:41 +0100] "GET /restate_copy.html HTTP/1.1" 200 97631 "-" "Mozilla/5.0 (Windows; U; Win 9x 4.90; en-US; rv:1.0.1) Gecko/20020823 Netscape/7.0"
82.99.30.11 - - [05/Nov/2008:08:10:38 +0100] "GET /zampa/montenegro/index.html HTTP/1.0" 200 2651 "-" "Mozilla/4.0 (compatible; MSIE 6.0; Windows NT 5.1)"
82.99.30.10 - - [05/Nov/2008:08:15:01 +0100] "GET /zampa/lybia/index.html HTTP/1.0" 200 3036 "-" "Mozilla/4.0 (compatible; MSIE 6.0; Windows NT 5.1)"
82.99.30.23 - - [05/Nov/2008:08:17:37 +0100] "GET /zampa/wonderland/index.html HTTP/1.0" 200 2084 "-" "Mozilla/4.0 (compatible; MSIE 6.0; Windows NT 5.1)"
66.235.124.7 - - [05/Nov/2008:08:19:43 +0100] "GET /robots.txt HTTP/1.0" 200 64 "-" "Mozilla/5.0 (compatible; Ask Jeeves/Teoma; +http://about.ask.com/en/docs/about/webmasters.shtml)"
66.235.124.7 - - [05/Nov/2008:08:19:43 +0100] "GET / HTTP/1.0" 200 7869 "-" "Mozilla/5.0 (compatible; Ask Jeeves/Teoma; +http://about.ask.com/en/docs/about/webmasters.shtml)"
82.99.30.71 - - [05/Nov/2008:08:19:54 +0100] "GET /zampa/montenegro/dajpare.html HTTP/1.0" 200 2503 "-" "Mozilla/4.0 (compatible; MSIE 6.0; Windows NT 5.1)"
67.195.37.107 - - [05/Nov/2008:08:48:49 +0100] "GET / HTTP/1.0" 200 7869 "-" "Mozilla/5.0 (compatible; Yahoo! Slurp/3.0; http://help.yahoo.com/help/us/ysearch/slurp)"
67.195.37.107 - - [05/Nov/2008:08:48:50 +0100] "GET /style/various-euro.css HTTP/1.0" 304 - "http://www.various-euro.com/" "Mozilla/5.0 (compatible; Yahoo! Slurp/3.0; http://help.yahoo.com/help/us/ysearch/slurp)"
74.6.17.174 - - [05/Nov/2008:09:11:35 +0100] "GET /frame-unten.html HTTP/1.0" 200 5308 "-" "Mozilla/5.0 (compatible; Yahoo! Slurp; http://help.yahoo.com/help/us/ysearch/slurp)"
74.6.17.174 - - [05/Nov/2008:09:14:45 +0100] "GET /restate_copy.html HTTP/1.0" 200 97631 "-" "Mozilla/5.0 (compatible; Yahoo! Slurp; http://help.yahoo.com/help/us/ysearch/slurp)"
198.87.2.45 - - [05/Nov/2008:09:41:23 +0100] "GET / HTTP/1.1" 302 353 "http://www.keywordspy.com/keyword-research/zampa.various-euro.com" "Mozilla/4.0 (compatible; MSIE 7.0; Windows NT 5.1; Alexa Toolbar)"
198.87.2.45 - - [05/Nov/2008:09:41:24 +0100] "GET /zampa/ HTTP/1.1" 200 7153 "http://www.keywordspy.com/keyword-research/zampa.various-euro.com" "Mozilla/4.0 (compatible; MSIE 7.0; Windows NT 5.1; Alexa Toolbar)"
198.87.2.45 - - [05/Nov/2008:09:41:24 +0100] "GET / HTTP/1.1" 302 353 "http://www.keywordspy.com/keyword-research/zampa.various-euro.com" "Mozilla/4.0 (compatible; MSIE 7.0; Windows NT 5.1; Alexa Toolbar)"
198.87.2.45 - - [05/Nov/2008:09:41:24 +0100] "GET /zampa/ HTTP/1.1" 200 7153 "http://www.keywordspy.com/keyword-research/zampa.various-euro.com" "Mozilla/4.0 (compatible; MSIE 7.0; Windows NT 5.1; Alexa Toolbar)"
198.87.2.45 - - [05/Nov/2008:09:41:24 +0100] "GET / HTTP/1.1" 302 353 "http://www.keywordspy.com/keyword-research/zampa.various-euro.com" "Mozilla/4.0 (compatible; MSIE 7.0; Windows NT 5.1; Alexa Toolbar)"
198.87.2.45 - - [05/Nov/2008:09:41:25 +0100] "GET /zampa/ HTTP/1.1" 200 7153 "http://www.keywordspy.com/keyword-research/zampa.various-euro.com" "Mozilla/4.0 (compatible; MSIE 7.0; Windows NT 5.1; Alexa Toolbar)"
193.252.149.16 - - [05/Nov/2008:09:43:50 +0100] "GET /DgH/ HTTP/1.1" 200 5024 "-" "Mozilla/5.0 (Windows; U; Windows NT 5.1; fr; rv:1.8.1) VoilaBot BETA 1.2 (support.voilabot@orange-ftgroup.com)"
193.252.149.16 - - [05/Nov/2008:09:50:51 +0100] "GET /neon/sushi.html HTTP/1.1" 200 687 "-" "Mozilla/5.0 (Windows; U; Windows NT 5.1; fr; rv:1.8.1) VoilaBot BETA 1.2 (support.voilabot@orange-ftgroup.com)"
66.249.71.218 - - [05/Nov/2008:09:54:44 +0100] "GET /robots.txt HTTP/1.1" 200 64 "-" "Mozilla/5.0 (compatible; Googlebot/2.1; +http://www.google.com/bot.html)"
66.249.71.218 - - [05/Nov/2008:09:54:44 +0100] "GET /zampa-lovers/ HTTP/1.1" 200 37790 "-" "Mozilla/5.0 (compatible; Googlebot/2.1; +http://www.google.com/bot.html)"
67.195.37.107 - - [05/Nov/2008:10:21:43 +0100] "GET /f-maintitle.html HTTP/1.0" 200 5030 "-" "Mozilla/5.0 (compatible; Yahoo! Slurp; http://help.yahoo.com/help/us/ysearch/slurp)"
74.6.17.174 - - [05/Nov/2008:10:23:33 +0100] "GET /DgH/watch/index.html HTTP/1.0" 200 2028 "-" "Mozilla/5.0 (compatible; Yahoo! Slurp; http://help.yahoo.com/help/us/ysearch/slurp)"
66.235.124.7 - - [05/Nov/2008:10:57:35 +0100] "GET /robots.txt HTTP/1.0" 200 64 "-" "Mozilla/5.0 (compatible; Ask Jeeves/Teoma; +http://about.ask.com/en/docs/about/webmasters.shtml)"
66.235.124.7 - - [05/Nov/2008:10:57:35 +0100] "GET /zampa-lovers/index.html HTTP/1.0" 200 37790 "-" "Mozilla/5.0 (compatible; Ask Jeeves/Teoma; +http://about.ask.com/en/docs/about/webmasters.shtml)"
208.36.144.6 - - [05/Nov/2008:11:03:21 +0100] "GET /robots.txt HTTP/1.0" 302 363 "-" "Mozilla/5.0 (Twiceler-0.9 http://www.cuil.com/twiceler/robot.html)"
65.55.211.175 - - [05/Nov/2008:12:00:40 +0100] "GET /robots.txt HTTP/1.1" 200 64 "-" "msnbot/1.1 (+http://search.msn.com/msnbot.htm)"
65.55.211.175 - - [05/Nov/2008:12:00:40 +0100] "GET /neon/europa.html HTTP/1.1" 200 389 "-" "msnbot/1.1 (+http://search.msn.com/msnbot.htm)"
202.179.180.45 - - [05/Nov/2008:12:06:45 +0100] "GET /robots.txt HTTP/1.1" 302 363 "-" "Mozilla/4.0 (compatible; NaverBot/1.0; http://help.naver.com/delete_main.asp)"
202.179.180.45 - - [05/Nov/2008:12:06:46 +0100] "GET / HTTP/1.1" 302 353 "-" "Mozilla/4.0 (compatible; NaverBot/1.0; http://help.naver.com/delete_main.asp)"
66.249.71.218 - - [05/Nov/2008:12:14:04 +0100] "GET /logs/usage_200811.html HTTP/1.1" 404 2748 "-" "Mozilla/5.0 (compatible; Googlebot/2.1; +http://www.google.com/bot.html)"
67.195.37.107 - - [05/Nov/2008:12:26:50 +0100] "GET /neon/code.html HTTP/1.0" 200 1109 "-" "Mozilla/5.0 (compatible; Yahoo! Slurp; http://help.yahoo.com/help/us/ysearch/slurp)"
91.193.130.50 - - [05/Nov/2008:13:01:56 +0100] "HEAD /c99.php HTTP/1.1" 404 - "-" "Mozilla/5.0 (Windows; U; Windows NT 5.1; en; rv:1.8.1.8) Gecko/20071008 Firefox/2.0.0.8"
74.6.17.174 - - [05/Nov/2008:13:35:56 +0100] "GET /warez.html HTTP/1.0" 200 9754 "-" "Mozilla/5.0 (compatible; Yahoo! Slurp; http://help.yahoo.com/help/us/ysearch/slurp)"
74.6.17.174 - - [05/Nov/2008:13:43:15 +0100] "GET /f-rez.html HTTP/1.0" 200 9765 "-" "Mozilla/5.0 (compatible; Yahoo! Slurp; http://help.yahoo.com/help/us/ysearch/slurp)"
98.206.234.72 - - [05/Nov/2008:13:54:02 +0100] "GET /framez.html HTTP/1.1" 200 3959 "http://www.google.com/search?sourceid=navclient&ie=UTF-8&rlz=1T4ADBS_enUS264US264&q=euro+portal" "Mozilla/4.0 (compatible; MSIE 7.0; Windows NT 5.1)"
98.206.234.72 - - [05/Nov/2008:13:54:03 +0100] "GET /style/various-euro.css HTTP/1.1" 200 3437 "http://www.various-euro.com/framez.html" "Mozilla/4.0 (compatible; MSIE 7.0; Windows NT 5.1)"
98.206.234.72 - - [05/Nov/2008:13:54:03 +0100] "GET /frame-menu.html HTTP/1.1" 200 10536 "http://www.various-euro.com/framez.html" "Mozilla/4.0 (compatible; MSIE 7.0; Windows NT 5.1)"
98.206.234.72 - - [05/Nov/2008:13:54:03 +0100] "GET /frame-inhalt.html HTTP/1.1" 200 5418 "http://www.various-euro.com/framez.html" "Mozilla/4.0 (compatible; MSIE 7.0; Windows NT 5.1)"
98.206.234.72 - - [05/Nov/2008:13:54:03 +0100] "GET /frame-unten.html HTTP/1.1" 200 5308 "http://www.various-euro.com/framez.html" "Mozilla/4.0 (compatible; MSIE 7.0; Windows NT 5.1)"
98.206.234.72 - - [05/Nov/2008:13:54:04 +0100] "GET /bannerz/neon_click_3.gif HTTP/1.1" 200 240 "http://www.various-euro.com/frame-inhalt.html" "Mozilla/4.0 (compatible; MSIE 7.0; Windows NT 5.1)"
98.206.234.72 - - [05/Nov/2008:13:54:04 +0100] "GET /eurosign3.gif HTTP/1.1" 200 7879 "http://www.various-euro.com/frame-inhalt.html" "Mozilla/4.0 (compatible; MSIE 7.0; Windows NT 5.1)"
98.206.234.72 - - [05/Nov/2008:13:54:04 +0100] "GET /bannerz/goolag_468.jpg HTTP/1.1" 200 28285 "http://www.various-euro.com/frame-inhalt.html" "Mozilla/4.0 (compatible; MSIE 7.0; Windows NT 5.1)"
98.206.234.72 - - [05/Nov/2008:13:54:04 +0100] "GET /bannerz/wet.gif HTTP/1.1" 200 18561 "http://www.various-euro.com/frame-inhalt.html" "Mozilla/4.0 (compatible; MSIE 7.0; Windows NT 5.1)"
98.206.234.72 - - [05/Nov/2008:13:54:04 +0100] "GET /bannerz/neon_click_1.gif HTTP/1.1" 200 890 "http://www.various-euro.com/frame-inhalt.html" "Mozilla/4.0 (compatible; MSIE 7.0; Windows NT 5.1)"
98.206.234.72 - - [05/Nov/2008:13:54:05 +0100] "GET /bannerz/google/Logo_40blk.gif HTTP/1.1" 200 2308 "http://www.various-euro.com/frame-inhalt.html" "Mozilla/4.0 (compatible; MSIE 7.0; Windows NT 5.1)"
98.206.234.72 - - [05/Nov/2008:13:54:05 +0100] "GET /bannerz/neon_click_2.gif HTTP/1.1" 200 387 "http://www.various-euro.com/frame-inhalt.html" "Mozilla/4.0 (compatible; MSIE 7.0; Windows NT 5.1)"
98.206.234.72 - - [05/Nov/2008:13:54:05 +0100] "GET /bannerz/douwil.gif HTTP/1.1" 200 528 "http://www.various-euro.com/frame-inhalt.html" "Mozilla/4.0 (compatible; MSIE 7.0; Windows NT 5.1)"
98.206.234.72 - - [05/Nov/2008:13:54:05 +0100] "GET /bannerz/anti_black_small.gif HTTP/1.1" 200 1009 "http://www.various-euro.com/frame-inhalt.html" "Mozilla/4.0 (compatible; MSIE 7.0; Windows NT 5.1)"
98.206.234.72 - - [05/Nov/2008:13:54:05 +0100] "GET /bannerz/copyleft_black_small.gif HTTP/1.1" 200 1231 "http://www.various-euro.com/frame-inhalt.html" "Mozilla/4.0 (compatible; MSIE 7.0; Windows NT 5.1)"
98.206.234.72 - - [05/Nov/2008:13:54:05 +0100] "GET /bannerz/ve.jpg HTTP/1.1" 200 36912 "http://www.various-euro.com/frame-unten.html" "Mozilla/4.0 (compatible; MSIE 7.0; Windows NT 5.1)"
98.206.234.72 - - [05/Nov/2008:13:54:05 +0100] "GET /bannerz/various-euro-girl.jpg HTTP/1.1" 200 91514 "http://www.various-euro.com/frame-unten.html" "Mozilla/4.0 (compatible; MSIE 7.0; Windows NT 5.1)"
98.206.234.72 - - [05/Nov/2008:13:54:06 +0100] "GET /ve-icon-2.ico HTTP/1.1" 200 2238 "-" "Mozilla/4.0 (compatible; MSIE 7.0; Windows NT 5.1)"
74.6.17.174 - - [05/Nov/2008:14:11:41 +0100] "GET /bmpp/WS_FTP.LOG HTTP/1.0" 200 1352 "-" "Mozilla/5.0 (compatible; Yahoo! Slurp; http://help.yahoo.com/help/us/ysearch/slurp)"
67.195.37.107 - - [05/Nov/2008:15:01:46 +0100] "GET /logs/usage_200710.html HTTP/1.0" 200 110952 "-" "Mozilla/5.0 (compatible; Yahoo! Slurp/3.0; http://help.yahoo.com/help/us/ysearch/slurp)"
67.195.37.107 - - [05/Nov/2008:15:07:19 +0100] "GET /bmpp/euro_pal_111.html HTTP/1.0" 200 2129 "-" "Mozilla/5.0 (compatible; Yahoo! Slurp; http://help.yahoo.com/help/us/ysearch/slurp)"
212.114.209.250 - - [05/Nov/2008:15:46:23 +0100] "GET /robots.txt HTTP/1.1" 200 64 "-" "Semager/1.3 http://www.semager.de/blog/semager-bots/"
212.114.209.250 - - [05/Nov/2008:15:46:23 +0100] "GET /neon/girlz3.html HTTP/1.1" 200 2479 "-" "Semager/1.3 http://www.semager.de/blog/semager-bots/"
74.6.22.172 - - [05/Nov/2008:16:14:12 +0100] "GET /robots.txt HTTP/1.0" 302 363 "-" "Mozilla/5.0 (compatible; Yahoo! Slurp; http://help.yahoo.com/help/us/ysearch/slurp)"
74.6.22.172 - - [05/Nov/2008:16:14:13 +0100] "GET /zampa/robots.txt HTTP/1.0" 404 2748 "-" "Mozilla/5.0 (compatible; Yahoo! Slurp; http://help.yahoo.com/help/us/ysearch/slurp)"
74.6.22.172 - - [05/Nov/2008:16:14:13 +0100] "GET / HTTP/1.0" 302 353 "-" "Mozilla/5.0 (compatible; Yahoo! Slurp; http://help.yahoo.com/help/us/ysearch/slurp)"
74.6.17.174 - - [05/Nov/2008:16:14:14 +0100] "GET /zampa/ HTTP/1.0" 200 7153 "-" "Mozilla/5.0 (compatible; Yahoo! Slurp; http://help.yahoo.com/help/us/ysearch/slurp)"
65.55.211.172 - - [05/Nov/2008:16:31:03 +0100] "GET /robots.txt HTTP/1.1" 200 64 "-" "msnbot/1.1 (+http://search.msn.com/msnbot.htm)"
65.55.211.172 - - [05/Nov/2008:16:31:04 +0100] "GET /neon/large.html HTTP/1.1" 200 1547 "-" "msnbot/1.1 (+http://search.msn.com/msnbot.htm)"
66.235.124.7 - - [05/Nov/2008:16:34:31 +0100] "GET /neon/girlz2.html HTTP/1.0" 200 2937 "-" "Mozilla/5.0 (compatible; Ask Jeeves/Teoma; +http://about.ask.com/en/docs/about/webmasters.shtml)"
67.195.37.107 - - [05/Nov/2008:16:38:13 +0100] "GET /f-search.html HTTP/1.0" 200 11800 "-" "Mozilla/5.0 (compatible; Yahoo! Slurp; http://help.yahoo.com/help/us/ysearch/slurp)"
74.6.17.174 - - [05/Nov/2008:16:40:07 +0100] "GET /neon/left-one.html HTTP/1.0" 200 1712 "-" "Mozilla/5.0 (compatible; Yahoo! Slurp; http://help.yahoo.com/help/us/ysearch/slurp)"
67.195.37.107 - - [05/Nov/2008:16:51:30 +0100] "GET /robots.txt HTTP/1.0" 200 64 "-" "Mozilla/5.0 (compatible; Yahoo! Slurp; http://help.yahoo.com/help/us/ysearch/slurp)"
67.195.37.107 - - [05/Nov/2008:16:51:31 +0100] "GET /f-horrorkatze.html HTTP/1.0" 200 7865 "-" "Mozilla/5.0 (compatible; Yahoo! Slurp; http://help.yahoo.com/help/us/ysearch/slurp)"
67.195.37.107 - - [05/Nov/2008:17:13:29 +0100] "GET /your_tour.html HTTP/1.0" 200 29760 "-" "Mozilla/5.0 (compatible; Yahoo! Slurp; http://help.yahoo.com/help/us/ysearch/slurp)"
66.235.124.7 - - [05/Nov/2008:17:18:22 +0100] "GET /restate_copy.html HTTP/1.0" 200 97631 "-" "Mozilla/5.0 (compatible; Ask Jeeves/Teoma; +http://about.ask.com/en/docs/about/webmasters.shtml)"
66.235.124.7 - - [05/Nov/2008:17:18:23 +0100] "GET /menueleiste.js HTTP/1.0" 404 2748 "-" "Mozilla/5.0 (compatible; Ask Jeeves/Teoma; +http://about.ask.com/en/docs/about/webmasters.shtml)"
81.52.143.16 - - [05/Nov/2008:17:24:48 +0100] "GET /schubb/schubb-1.html HTTP/1.1" 200 9070 "-" "Mozilla/5.0 (Windows; U; Windows NT 5.1; fr; rv:1.8.1) VoilaBot BETA 1.2 (support.voilabot@orange-ftgroup.com)"
74.6.17.173 - - [05/Nov/2008:17:36:58 +0100] "GET /robots.txt HTTP/1.0" 200 64 "-" "Mozilla/5.0 (compatible; Yahoo! Slurp; http://help.yahoo.com/help/us/ysearch/slurp)"
74.6.17.173 - - [05/Nov/2008:17:36:58 +0100] "GET /f-euro.html HTTP/1.0" 200 12203 "-" "Mozilla/5.0 (compatible; Yahoo! Slurp; http://help.yahoo.com/help/us/ysearch/slurp)"
74.6.17.173 - - [05/Nov/2008:18:03:15 +0100] "GET /robots.txt HTTP/1.0" 200 64 "-" "Mozilla/5.0 (compatible; Yahoo! Slurp; http://help.yahoo.com/help/us/ysearch/slurp)"
74.6.17.173 - - [05/Nov/2008:18:03:15 +0100] "GET /neon/euro.html HTTP/1.0" 200 2212 "-" "Mozilla/5.0 (compatible; Yahoo! Slurp; http://help.yahoo.com/help/us/ysearch/slurp)"
74.6.17.173 - - [05/Nov/2008:18:06:30 +0100] "GET /neon/girlz2.html HTTP/1.0" 200 2937 "-" "Mozilla/5.0 (compatible; Yahoo! Slurp; http://help.yahoo.com/help/us/ysearch/slurp)"
74.6.17.173 - - [05/Nov/2008:18:24:24 +0100] "GET /logs/usage_200701.html HTTP/1.0" 200 109268 "-" "Mozilla/5.0 (compatible; Yahoo! Slurp; http://help.yahoo.com/help/us/ysearch/slurp)"
66.235.124.7 - - [05/Nov/2008:18:24:59 +0100] "GET / HTTP/1.0" 200 7869 "-" "Mozilla/5.0 (compatible; Ask Jeeves/Teoma; +http://about.ask.com/en/docs/about/webmasters.shtml)"
193.252.149.15 - - [05/Nov/2008:18:29:06 +0100] "GET /neon/slow-walk.html HTTP/1.1" 200 1640 "-" "Mozilla/5.0 (Windows; U; Windows NT 5.1; fr; rv:1.8.1) VoilaBot BETA 1.2 (support.voilabot@orange-ftgroup.com)"
74.6.17.173 - - [05/Nov/2008:18:31:15 +0100] "GET /logs/usage_200712.html HTTP/1.0" 200 92577 "-" "Mozilla/5.0 (compatible; Yahoo! Slurp; http://help.yahoo.com/help/us/ysearch/slurp)"
67.195.37.107 - - [05/Nov/2008:18:47:13 +0100] "GET /zampa/wonderland/index.html HTTP/1.0" 200 2084 "-" "Mozilla/5.0 (compatible; Yahoo! Slurp/3.0; http://help.yahoo.com/help/us/ysearch/slurp)"
74.6.17.173 - - [05/Nov/2008:19:07:15 +0100] "GET /your_tour.html HTTP/1.0" 200 29760 "-" "Mozilla/5.0 (compatible; Yahoo! Slurp; http://help.yahoo.com/help/us/ysearch/slurp)"
74.6.17.173 - - [05/Nov/2008:19:10:43 +0100] "GET /bmpp/euro_pal_1.html HTTP/1.0" 200 18252 "-" "Mozilla/5.0 (compatible; Yahoo! Slurp; http://help.yahoo.com/help/us/ysearch/slurp)"
