74.6.17.173 - - [05/Nov/2008:19:38:24 +0100] "GET /schubb/hs~schubb-1.html HTTP/1.0" 200 7568 "-" "Mozilla/5.0 (compatible; Yahoo! Slurp; http://help.yahoo.com/help/us/ysearch/slurp)"
65.49.14.100 - - [05/Nov/2008:19:49:11 +0100] "GET /neon/girl-tv.html HTTP/1.0" 200 1717 "http://www.google.com/search?hl=fa&q=eurogirl+tv&lr=" "Mozilla/4.0 (compatible; MSIE 6.0; Windows NT 5.1; SV1), DynaWeb http://www.dit-inc.us/disclaimer.php"
65.49.14.100 - - [05/Nov/2008:19:49:13 +0100] "GET /neon/dollar-shadow.jpg HTTP/1.0" 200 3045 "http://www.various-euro.com/neon/girl-tv.html" "Mozilla/4.0 (compatible; MSIE 6.0; Windows NT 5.1; SV1), DynaWeb http://www.dit-inc.us/disclaimer.php"
65.49.14.100 - - [05/Nov/2008:19:49:13 +0100] "GET /neon/girl-tv.gif HTTP/1.0" 200 15982 "http://www.various-euro.com/neon/girl-tv.html" "Mozilla/4.0 (compatible; MSIE 6.0; Windows NT 5.1; SV1), DynaWeb http://www.dit-inc.us/disclaimer.php"
65.49.14.100 - - [05/Nov/2008:19:49:24 +0100] "GET /neon/girlz2.html HTTP/1.0" 200 2937 "http://www.various-euro.com/neon/girl-tv.html" "Mozilla/4.0 (compatible; MSIE 6.0; Windows NT 5.1; SV1), DynaWeb http://www.dit-inc.us/disclaimer.php"
65.49.14.100 - - [05/Nov/2008:19:49:25 +0100] "GET /vgirls/button1.gif HTTP/1.0" 200 9099 "http://www.various-euro.com/neon/girlz2.html" "Mozilla/4.0 (compatible; MSIE 6.0; Windows NT 5.1; SV1), DynaWeb http://www.dit-inc.us/disclaimer.php"
65.49.14.100 - - [05/Nov/2008:19:49:27 +0100] "GET /vgirls/wm_02.gif HTTP/1.0" 200 36891 "http://www.various-euro.com/neon/girlz2.html" "Mozilla/4.0 (compatible; MSIE 6.0; Windows NT 5.1; SV1), DynaWeb http://www.dit-inc.us/disclaimer.php"
65.49.14.100 - - [05/Nov/2008:19:49:28 +0100] "GET /vgirls/button10.gif HTTP/1.0" 200 15687 "http://www.various-euro.com/neon/girlz2.html" "Mozilla/4.0 (compatible; MSIE 6.0; Windows NT 5.1; SV1), DynaWeb http://www.dit-inc.us/disclaimer.php"
65.49.14.100 - - [05/Nov/2008:19:49:31 +0100] "GET /vgirls/virtua4.gif HTTP/1.0" 200 12643 "http://www.various-euro.com/neon/girlz2.html" "Mozilla/4.0 (compatible; MSIE 6.0; Windows NT 5.1; SV1), DynaWeb http://www.dit-inc.us/disclaimer.php"
65.49.14.100 - - [05/Nov/2008:19:49:35 +0100] "GET /vgirls/button3.gif HTTP/1.0" 200 9634 "http://www.various-euro.com/neon/girlz2.html" "Mozilla/4.0 (compatible; MSIE 6.0; Windows NT 5.1; SV1), DynaWeb http://www.dit-inc.us/disclaimer.php"
65.49.14.100 - - [05/Nov/2008:19:49:38 +0100] "GET /vgirls/dora_01.gif HTTP/1.0" 200 15465 "http://www.various-euro.com/neon/girlz2.html" "Mozilla/4.0 (compatible; MSIE 6.0; Windows NT 5.1; SV1), DynaWeb http://www.dit-inc.us/disclaimer.php"
65.49.14.100 - - [05/Nov/2008:19:49:38 +0100] "GET /vgirls/shaina_big.gif HTTP/1.0" 200 16169 "http://www.various-euro.com/neon/girlz2.html" "Mozilla/4.0 (compatible; MSIE 6.0; Windows NT 5.1; SV1), DynaWeb http://www.dit-inc.us/disclaimer.php"
65.49.14.100 - - [05/Nov/2008:19:49:45 +0100] "GET /framez-girlz.html HTTP/1.0" 200 4271 "-" "Mozilla/4.0 (compatible; MSIE 6.0; Windows NT 5.1; SV1), DynaWeb http://www.dit-inc.us/disclaimer.php"
65.49.14.100 - - [05/Nov/2008:19:49:47 +0100] "GET /frame-menu.html HTTP/1.0" 200 10536 "http://www.various-euro.com/framez-girlz.html" "Mozilla/4.0 (compatible; MSIE 6.0; Windows NT 5.1; SV1), DynaWeb http://www.dit-inc.us/disclaimer.php"
65.49.14.100 - - [05/Nov/2008:19:49:49 +0100] "GET /frame-unten.html HTTP/1.0" 200 5308 "http://www.various-euro.com/framez-girlz.html" "Mozilla/4.0 (compatible; MSIE 6.0; Windows NT 5.1; SV1), DynaWeb http://www.dit-inc.us/disclaimer.php"
65.49.14.100 - - [05/Nov/2008:19:49:49 +0100] "GET /style/various-euro.css HTTP/1.0" 200 3437 "http://www.various-euro.com/frame-menu.html" "Mozilla/4.0 (compatible; MSIE 6.0; Windows NT 5.1; SV1), DynaWeb http://www.dit-inc.us/disclaimer.php"
65.49.14.100 - - [05/Nov/2008:19:49:50 +0100] "GET /bannerz/ve.jpg HTTP/1.0" 200 36912 "http://www.various-euro.com/frame-unten.html" "Mozilla/4.0 (compatible; MSIE 6.0; Windows NT 5.1; SV1), DynaWeb http://www.dit-inc.us/disclaimer.php"
65.49.14.100 - - [05/Nov/2008:19:49:52 +0100] "GET /bannerz/various-euro-girl.jpg HTTP/1.0" 200 91514 "http://www.various-euro.com/frame-unten.html" "Mozilla/4.0 (compatible; MSIE 6.0; Windows NT 5.1; SV1), DynaWeb http://www.dit-inc.us/disclaimer.php"
209.19.170.59 - - [05/Nov/2008:20:05:51 +0100] "GET / HTTP/1.1" 200 7869 "-" "Mozilla/5.0 (Windows; U; Windows NT 5.0; en-US; rv:0.9.4) Gecko/20011128 Netscape6/6.2.1"
74.6.17.173 - - [05/Nov/2008:20:25:16 +0100] "GET /zampa/montenegro/SEKAW.html HTTP/1.0" 200 860 "-" "Mozilla/5.0 (compatible; Yahoo! Slurp; http://help.yahoo.com/help/us/ysearch/slurp)"
205.209.170.11 - - [05/Nov/2008:20:51:33 +0100] "GET /robots.txt HTTP/1.0" 200 64 "http://majestic12.co.uk/bot.php?I=24B04A4B5E-C01A1D91F7AB5C2E-various-euro_com" "Mozilla/5.0 (compatible; MJ12bot/v1.2.3; http://www.majestic12.co.uk/bot.php?+)"
205.209.170.11 - - [05/Nov/2008:20:51:34 +0100] "GET / HTTP/1.1" 200 7869 "-" "Mozilla/5.0 (compatible; MJ12bot/v1.2.3; http://www.majestic12.co.uk/bot.php?+)"
205.209.170.11 - - [05/Nov/2008:20:51:35 +0100] "GET /robots.txt HTTP/1.0" 200 64 "http://majestic12.co.uk/bot.php?I=24B04A4B5E-C01A1D91F7AB5C2E-www_various-euro_com" "Mozilla/5.0 (compatible; MJ12bot/v1.2.3; http://www.majestic12.co.uk/bot.php?+)"
205.209.170.11 - - [05/Nov/2008:20:51:37 +0100] "GET / HTTP/1.1" 200 7869 "-" "Mozilla/5.0 (compatible; MJ12bot/v1.2.3; http://www.majestic12.co.uk/bot.php?+)"
67.195.37.107 - - [05/Nov/2008:20:59:46 +0100] "GET /zampa HTTP/1.0" 301 375 "-" "Mozilla/5.0 (compatible; Yahoo! Slurp; http://help.yahoo.com/help/us/ysearch/slurp)"
67.195.37.107 - - [05/Nov/2008:21:00:01 +0100] "GET /zampa/ HTTP/1.0" 200 7153 "-" "Mozilla/5.0 (compatible; Yahoo! Slurp; http://help.yahoo.com/help/us/ysearch/slurp)"
79.175.76.239 - - [05/Nov/2008:21:08:28 +0100] "GET /zampa-lovers/kralle.gif HTTP/1.1" 404 2748 "http://various-euro.com/zampa-lovers/index.html" "Mozilla/5.0 (Windows; U; Windows NT 5.1; en-US; rv:1.9.0.3) Gecko/2008092417 Firefox/3.0.3"
79.175.76.239 - - [05/Nov/2008:21:08:28 +0100] "GET /zampa-lovers/DRAGAN_Z.JPG HTTP/1.1" 200 6850 "http://various-euro.com/zampa-lovers/index.html" "Mozilla/5.0 (Windows; U; Windows NT 5.1; en-US; rv:1.9.0.3) Gecko/2008092417 Firefox/3.0.3"
79.175.76.239 - - [05/Nov/2008:21:08:27 +0100] "GET /zampa-lovers/index.html HTTP/1.1" 200 37790 "http://search.bearshare.com/intl/webResults.html?q=radne%20masine&hl=en&o=10596&page=1&lr=1&src=hmp_intl" "Mozilla/5.0 (Windows; U; Windows NT 5.1; en-US; rv:1.9.0.3) Gecko/2008092417 Firefox/3.0.3"
79.175.76.239 - - [05/Nov/2008:21:08:28 +0100] "GET /zampa-lovers/MILIZA_B.JPG HTTP/1.1" 200 10947 "http://various-euro.com/zampa-lovers/index.html" "Mozilla/5.0 (Windows; U; Windows NT 5.1; en-US; rv:1.9.0.3) Gecko/2008092417 Firefox/3.0.3"
79.175.76.239 - - [05/Nov/2008:21:08:28 +0100] "GET /zampa-lovers/zampa.ICO HTTP/1.1" 200 7134 "-" "Mozilla/5.0 (Windows; U; Windows NT 5.1; en-US; rv:1.9.0.3) Gecko/2008092417 Firefox/3.0.3"
79.175.76.239 - - [05/Nov/2008:21:08:28 +0100] "GET /zampa-lovers/MILIZA_3.JPG HTTP/1.1" 200 26924 "http://various-euro.com/zampa-lovers/index.html" "Mozilla/5.0 (Windows; U; Windows NT 5.1; en-US; rv:1.9.0.3) Gecko/2008092417 Firefox/3.0.3"
79.175.76.239 - - [05/Nov/2008:21:08:28 +0100] "GET /zampa-lovers/MILIZA_2.JPG HTTP/1.1" 200 22172 "http://various-euro.com/zampa-lovers/index.html" "Mozilla/5.0 (Windows; U; Windows NT 5.1; en-US; rv:1.9.0.3) Gecko/2008092417 Firefox/3.0.3"
79.175.76.239 - - [05/Nov/2008:21:08:29 +0100] "GET /zampa-lovers/ZAMPAMA2.MPG HTTP/1.1" 200 63492 "http://various-euro.com/zampa-lovers/index.html" "Mozilla/5.0 (Windows; U; Windows NT 5.1; en-US; rv:1.9.0.3) Gecko/2008092417 Firefox/3.0.3"
79.175.76.239 - - [05/Nov/2008:21:08:30 +0100] "GET /zampa-lovers/MILIZA_4.JPG HTTP/1.1" 200 9946 "http://various-euro.com/zampa-lovers/index.html" "Mozilla/5.0 (Windows; U; Windows NT 5.1; en-US; rv:1.9.0.3) Gecko/2008092417 Firefox/3.0.3"
79.175.76.239 - - [05/Nov/2008:21:08:29 +0100] "GET /zampa-lovers/DRAGANZA.JPG HTTP/1.1" 200 18560 "http://various-euro.com/zampa-lovers/index.html" "Mozilla/5.0 (Windows; U; Windows NT 5.1; en-US; rv:1.9.0.3) Gecko/2008092417 Firefox/3.0.3"
79.175.76.239 - - [05/Nov/2008:21:08:29 +0100] "GET /zampa-lovers/ZAMPAMAS.MPG HTTP/1.1" 200 520196 "http://various-euro.com/zampa-lovers/index.html" "Mozilla/5.0 (Windows; U; Windows NT 5.1; en-US; rv:1.9.0.3) Gecko/2008092417 Firefox/3.0.3"
79.175.76.239 - - [05/Nov/2008:21:08:31 +0100] "GET /zampa-lovers/zampamali.gif HTTP/1.1" 200 2617 "http://various-euro.com/zampa-lovers/index.html" "Mozilla/5.0 (Windows; U; Windows NT 5.1; en-US; rv:1.9.0.3) Gecko/2008092417 Firefox/3.0.3"
79.175.76.239 - - [05/Nov/2008:21:08:31 +0100] "GET /zampa-lovers/Kralle.gif HTTP/1.1" 200 260 "http://various-euro.com/zampa-lovers/index.html" "Mozilla/5.0 (Windows; U; Windows NT 5.1; en-US; rv:1.9.0.3) Gecko/2008092417 Firefox/3.0.3"
79.175.76.239 - - [05/Nov/2008:21:08:31 +0100] "GET /zampa-lovers/zampa-2X2.gif HTTP/1.1" 200 6948 "http://various-euro.com/zampa-lovers/index.html" "Mozilla/5.0 (Windows; U; Windows NT 5.1; en-US; rv:1.9.0.3) Gecko/2008092417 Firefox/3.0.3"
79.175.76.239 - - [05/Nov/2008:21:08:29 +0100] "GET /zampa-lovers/WASISTMI1.MPG HTTP/1.1" 200 271221 "http://various-euro.com/zampa-lovers/index.html" "Mozilla/5.0 (Windows; U; Windows NT 5.1; en-US; rv:1.9.0.3) Gecko/2008092417 Firefox/3.0.3"
79.175.76.239 - - [05/Nov/2008:21:08:30 +0100] "GET /zampa-lovers/1SEITEVE.GIF HTTP/1.1" 200 78726 "http://various-euro.com/zampa-lovers/index.html" "Mozilla/5.0 (Windows; U; Windows NT 5.1; en-US; rv:1.9.0.3) Gecko/2008092417 Firefox/3.0.3"
79.175.76.239 - - [05/Nov/2008:21:08:30 +0100] "GET /zampa-lovers/2SEITEVE.GIF HTTP/1.1" 200 83466 "http://various-euro.com/zampa-lovers/index.html" "Mozilla/5.0 (Windows; U; Windows NT 5.1; en-US; rv:1.9.0.3) Gecko/2008092417 Firefox/3.0.3"
79.175.76.239 - - [05/Nov/2008:21:08:32 +0100] "GET /zampa-lovers/zampa.gif HTTP/1.1" 200 460627 "http://various-euro.com/zampa-lovers/index.html" "Mozilla/5.0 (Windows; U; Windows NT 5.1; en-US; rv:1.9.0.3) Gecko/2008092417 Firefox/3.0.3"
79.175.76.239 - - [05/Nov/2008:21:08:39 +0100] "GET /framez-zampa-lovers.html HTTP/1.1" 200 4322 "http://various-euro.com/zampa-lovers/index.html" "Mozilla/5.0 (Windows; U; Windows NT 5.1; en-US; rv:1.9.0.3) Gecko/2008092417 Firefox/3.0.3"
79.175.76.239 - - [05/Nov/2008:21:08:40 +0100] "GET /frame-menu.html HTTP/1.1" 200 10536 "http://various-euro.com/framez-zampa-lovers.html" "Mozilla/5.0 (Windows; U; Windows NT 5.1; en-US; rv:1.9.0.3) Gecko/2008092417 Firefox/3.0.3"
79.175.76.239 - - [05/Nov/2008:21:08:40 +0100] "GET /frame-unten.html HTTP/1.1" 200 5308 "http://various-euro.com/framez-zampa-lovers.html" "Mozilla/5.0 (Windows; U; Windows NT 5.1; en-US; rv:1.9.0.3) Gecko/2008092417 Firefox/3.0.3"
79.175.76.239 - - [05/Nov/2008:21:08:40 +0100] "GET /ve-icon-2.ico HTTP/1.1" 200 2238 "-" "Mozilla/5.0 (Windows; U; Windows NT 5.1; en-US; rv:1.9.0.3) Gecko/2008092417 Firefox/3.0.3"
79.175.76.239 - - [05/Nov/2008:21:08:40 +0100] "GET /bannerz/various-euro-girl.jpg HTTP/1.1" 200 91514 "http://various-euro.com/frame-unten.html" "Mozilla/5.0 (Windows; U; Windows NT 5.1; en-US; rv:1.9.0.3) Gecko/2008092417 Firefox/3.0.3"
79.175.76.239 - - [05/Nov/2008:21:08:40 +0100] "GET /style/various-euro.css HTTP/1.1" 200 3437 "http://various-euro.com/frame-menu.html" "Mozilla/5.0 (Windows; U; Windows NT 5.1; en-US; rv:1.9.0.3) Gecko/2008092417 Firefox/3.0.3"
79.175.76.239 - - [05/Nov/2008:21:08:41 +0100] "GET /zampa-lovers/kralle.gif HTTP/1.1" 404 2748 "http://various-euro.com/zampa-lovers/index.html" "Mozilla/5.0 (Windows; U; Windows NT 5.1; en-US; rv:1.9.0.3) Gecko/2008092417 Firefox/3.0.3"
79.175.76.239 - - [05/Nov/2008:21:08:40 +0100] "GET /bannerz/ve.jpg HTTP/1.1" 200 36912 "http://various-euro.com/frame-unten.html" "Mozilla/5.0 (Windows; U; Windows NT 5.1; en-US; rv:1.9.0.3) Gecko/2008092417 Firefox/3.0.3"
79.175.76.239 - - [05/Nov/2008:21:08:40 +0100] "GET /zampa-lovers/index.html HTTP/1.1" 200 37790 "http://various-euro.com/framez-zampa-lovers.html" "Mozilla/5.0 (Windows; U; Windows NT 5.1; en-US; rv:1.9.0.3) Gecko/2008092417 Firefox/3.0.3"
79.175.76.239 - - [05/Nov/2008:21:08:41 +0100] "GET /zampa-lovers/ZAMPAMA2.MPG HTTP/1.1" 206 63492 "http://various-euro.com/zampa-lovers/index.html" "Mozilla/5.0 (Windows; U; Windows NT 5.1; en-US; rv:1.9.0.3) Gecko/2008092417 Firefox/3.0.3"
79.175.76.239 - - [05/Nov/2008:21:08:41 +0100] "GET /zampa-lovers/WASISTMI1.MPG HTTP/1.1" 206 271221 "http://various-euro.com/zampa-lovers/index.html" "Mozilla/5.0 (Windows; U; Windows NT 5.1; en-US; rv:1.9.0.3) Gecko/2008092417 Firefox/3.0.3"
79.175.76.239 - - [05/Nov/2008:21:08:42 +0100] "GET /zampa-lovers/ZAMPAMAS.MPG HTTP/1.1" 206 520196 "http://various-euro.com/zampa-lovers/index.html" "Mozilla/5.0 (Windows; U; Windows NT 5.1; en-US; rv:1.9.0.3) Gecko/2008092417 Firefox/3.0.3"
79.175.76.239 - - [05/Nov/2008:21:09:18 +0100] "GET /f-bannnerz.html HTTP/1.1" 200 12651 "http://various-euro.com/frame-menu.html" "Mozilla/5.0 (Windows; U; Windows NT 5.1; en-US; rv:1.9.0.3) Gecko/2008092417 Firefox/3.0.3"
79.175.76.239 - - [05/Nov/2008:21:09:19 +0100] "GET /bannerz/sound/blood-Sound002.mid HTTP/1.1" 200 9960 "http://various-euro.com/f-bannnerz.html" "Mozilla/5.0 (Windows; U; Windows NT 5.1; en-US; rv:1.9.0.3) Gecko/2008092417 Firefox/3.0.3"
79.175.76.239 - - [05/Nov/2008:21:09:19 +0100] "GET /bannerz/gg1.gif HTTP/1.1" 200 30485 "http://various-euro.com/f-bannnerz.html" "Mozilla/5.0 (Windows; U; Windows NT 5.1; en-US; rv:1.9.0.3) Gecko/2008092417 Firefox/3.0.3"
79.175.76.239 - - [05/Nov/2008:21:09:19 +0100] "GET /bannerz/ve-campaign-strip-2.jpg HTTP/1.1" 200 54302 "http://various-euro.com/f-bannnerz.html" "Mozilla/5.0 (Windows; U; Windows NT 5.1; en-US; rv:1.9.0.3) Gecko/2008092417 Firefox/3.0.3"
79.175.76.239 - - [05/Nov/2008:21:09:20 +0100] "GET /bannerz/ve-girl.gif HTTP/1.1" 200 61791 "http://various-euro.com/f-bannnerz.html" "Mozilla/5.0 (Windows; U; Windows NT 5.1; en-US; rv:1.9.0.3) Gecko/2008092417 Firefox/3.0.3"
79.175.76.239 - - [05/Nov/2008:21:09:20 +0100] "GET /bannerz/ve-campaign-strip-1.jpg HTTP/1.1" 200 61295 "http://various-euro.com/f-bannnerz.html" "Mozilla/5.0 (Windows; U; Windows NT 5.1; en-US; rv:1.9.0.3) Gecko/2008092417 Firefox/3.0.3"
79.175.76.239 - - [05/Nov/2008:21:09:19 +0100] "GET /bannerz/aani_2.gif HTTP/1.1" 200 49981 "http://various-euro.com/f-bannnerz.html" "Mozilla/5.0 (Windows; U; Windows NT 5.1; en-US; rv:1.9.0.3) Gecko/2008092417 Firefox/3.0.3"
79.175.76.239 - - [05/Nov/2008:21:09:38 +0100] "GET /zampa-lovers/kralle.gif HTTP/1.1" 404 2748 "http://various-euro.com/zampa-lovers/index.html" "Mozilla/5.0 (Windows; U; Windows NT 5.1; en-US; rv:1.9.0.3) Gecko/2008092417 Firefox/3.0.3"
65.55.211.164 - - [05/Nov/2008:21:15:10 +0100] "GET /robots.txt HTTP/1.1" 200 64 "-" "msnbot/1.1 (+http://search.msn.com/msnbot.htm)"
65.55.211.164 - - [05/Nov/2008:21:15:11 +0100] "GET /logz.html HTTP/1.1" 404 2748 "-" "msnbot/1.1 (+http://search.msn.com/msnbot.htm)"
85.182.63.185 - - [05/Nov/2008:21:31:42 +0100] "GET /zampa/ HTTP/1.1" 200 7153 "http://www.angelfire.com/psy/zampa-di-leone-zampa/" "Mozilla/5.0 (Windows; U; Windows NT 5.1; de; rv:1.8.1.17) Gecko/20080829 Firefox/2.0.0.17"
85.182.63.185 - - [05/Nov/2008:21:31:42 +0100] "GET /zampa/montenegro/index.html HTTP/1.1" 200 2651 "http://www.angelfire.com/psy/zampa-di-leone-zampa/" "Mozilla/5.0 (Windows; U; Windows NT 5.1; de; rv:1.8.1.17) Gecko/20080829 Firefox/2.0.0.17"
85.182.63.185 - - [05/Nov/2008:21:31:42 +0100] "GET /zampa/slike/zampa.gif HTTP/1.1" 200 5310 "http://www.various-euro.com/zampa/" "Mozilla/5.0 (Windows; U; Windows NT 5.1; de; rv:1.8.1.17) Gecko/20080829 Firefox/2.0.0.17"
85.182.63.185 - - [05/Nov/2008:21:31:42 +0100] "GET /zampa/slike/udupetu.gif HTTP/1.1" 200 4138 "http://www.various-euro.com/zampa/" "Mozilla/5.0 (Windows; U; Windows NT 5.1; de; rv:1.8.1.17) Gecko/20080829 Firefox/2.0.0.17"
85.182.63.185 - - [05/Nov/2008:21:31:42 +0100] "GET /zampa/slike/inthearse.gif HTTP/1.1" 200 4077 "http://www.various-euro.com/zampa/" "Mozilla/5.0 (Windows; U; Windows NT 5.1; de; rv:1.8.1.17) Gecko/20080829 Firefox/2.0.0.17"
85.182.63.185 - - [05/Nov/2008:21:31:43 +0100] "GET /zampa/montenegro/slike/plakat.jpg HTTP/1.1" 200 47879 "http://www.various-euro.com/zampa/montenegro/index.html" "Mozilla/5.0 (Windows; U; Windows NT 5.1; de; rv:1.8.1.17) Gecko/20080829 Firefox/2.0.0.17"
193.252.149.15 - - [05/Nov/2008:21:59:02 +0100] "GET /neon/code.html HTTP/1.1" 200 1109 "-" "Mozilla/5.0 (Windows; U; Windows NT 5.1; fr; rv:1.8.1) VoilaBot BETA 1.2 (support.voilabot@orange-ftgroup.com)"
74.6.17.173 - - [05/Nov/2008:22:00:38 +0100] "GET / HTTP/1.0" 200 7869 "-" "Mozilla/5.0 (compatible; Yahoo! Slurp; http://help.yahoo.com/help/us/ysearch/slurp)"
67.195.37.107 - - [05/Nov/2008:22:09:03 +0100] "GET /schubb/schubb-3.html HTTP/1.0" 200 17546 "-" "Mozilla/5.0 (compatible; Yahoo! Slurp/3.0; http://help.yahoo.com/help/us/ysearch/slurp)"
74.6.17.173 - - [05/Nov/2008:22:16:53 +0100] "GET /neon/warning2.html HTTP/1.0" 200 997 "-" "Mozilla/5.0 (compatible; Yahoo! Slurp; http://help.yahoo.com/help/us/ysearch/slurp)"
66.235.124.7 - - [05/Nov/2008:22:25:13 +0100] "GET /robots.txt HTTP/1.0" 200 64 "-" "Mozilla/5.0 (compatible; Ask Jeeves/Teoma; +http://about.ask.com/en/docs/about/webmasters.shtml)"
66.235.124.7 - - [05/Nov/2008:22:25:13 +0100] "GET /framez-rez.html HTTP/1.0" 200 4323 "-" "Mozilla/5.0 (compatible; Ask Jeeves/Teoma; +http://about.ask.com/en/docs/about/webmasters.shtml)"
66.235.124.7 - - [05/Nov/2008:22:25:14 +0100] "GET /frame-menu.html HTTP/1.0" 200 10536 "-" "Mozilla/5.0 (compatible; Ask Jeeves/Teoma; +http://about.ask.com/en/docs/about/webmasters.shtml)"
66.235.124.7 - - [05/Nov/2008:22:25:14 +0100] "GET /f-rez.html HTTP/1.0" 200 9765 "-" "Mozilla/5.0 (compatible; Ask Jeeves/Teoma; +http://about.ask.com/en/docs/about/webmasters.shtml)"
66.235.124.7 - - [05/Nov/2008:22:25:14 +0100] "GET /frame-unten.html HTTP/1.0" 200 5308 "-" "Mozilla/5.0 (compatible; Ask Jeeves/Teoma; +http://about.ask.com/en/docs/about/webmasters.shtml)"
82.99.30.27 - - [05/Nov/2008:22:32:04 +0100] "GET /f-bannnerz.html HTTP/1.0" 200 12651 "-" "Mozilla/4.0 (compatible; MSIE 6.0; Windows NT 5.1)"
82.99.30.37 - - [05/Nov/2008:22:34:48 +0100] "GET /f-doku-brau.html HTTP/1.0" 200 7152 "-" "Mozilla/4.0 (compatible; MSIE 6.0; Windows NT 5.1)"
82.99.30.50 - - [05/Nov/2008:22:36:33 +0100] "GET /restate_copy.html HTTP/1.0" 200 97631 "-" "Mozilla/4.0 (compatible; MSIE 6.0; Windows NT 5.1)"
67.195.37.107 - - [05/Nov/2008:22:38:59 +0100] "GET /f-actions.html HTTP/1.0" 200 10429 "-" "Mozilla/5.0 (compatible; Yahoo! Slurp/3.0; http://help.yahoo.com/help/us/ysearch/slurp)"
82.99.30.47 - - [05/Nov/2008:22:39:00 +0100] "GET /f-horrorkatze.html HTTP/1.0" 200 7865 "-" "Mozilla/4.0 (compatible; MSIE 6.0; Windows NT 5.1)"
82.99.30.18 - - [05/Nov/2008:22:52:04 +0100] "GET /bmpp/euro_pal_1.html HTTP/1.0" 200 18252 "-" "Mozilla/4.0 (compatible; MSIE 6.0; Windows NT 5.1)"
82.99.30.49 - - [05/Nov/2008:22:54:53 +0100] "GET /neon/euro.html HTTP/1.0" 200 2212 "-" "Mozilla/4.0 (compatible; MSIE 6.0; Windows NT 5.1)"
82.99.30.4 - - [05/Nov/2008:22:56:54 +0100] "GET /schubb/schubb-1.html HTTP/1.0" 200 9070 "-" "Mozilla/4.0 (compatible; MSIE 6.0; Windows NT 5.1)"
66.235.124.7 - - [05/Nov/2008:22:58:02 +0100] "GET / HTTP/1.0" 200 7869 "-" "Mozilla/5.0 (compatible; Ask Jeeves/Teoma; +http://about.ask.com/en/docs/about/webmasters.shtml)"
82.99.30.62 - - [05/Nov/2008:22:58:21 +0100] "GET /f-maintitle.html HTTP/1.0" 200 5030 "-" "Mozilla/4.0 (compatible; MSIE 6.0; Windows NT 5.1)"
82.99.30.66 - - [05/Nov/2008:22:59:40 +0100] "GET /bmpp/euro_pal_111.html HTTP/1.0" 200 2129 "-" "Mozilla/4.0 (compatible; MSIE 6.0; Windows NT 5.1)"
91.16.175.72 - - [05/Nov/2008:23:07:02 +0100] "GET /warez.html HTTP/1.1" 200 9754 "-" "Opera/9.50 (Windows NT 5.1; U; en)"
91.16.175.72 - - [05/Nov/2008:23:07:02 +0100] "GET /menueleiste.js HTTP/1.1" 404 2748 "-" "Opera/9.50 (Windows NT 5.1; U; en)"
91.16.175.72 - - [05/Nov/2008:23:07:03 +0100] "GET /bannerz/kmfms-banner.gif HTTP/1.1" 200 8484 "-" "Opera/9.50 (Windows NT 5.1; U; en)"
91.16.175.72 - - [05/Nov/2008:23:07:03 +0100] "GET /shoppingcart.gif HTTP/1.1" 200 1386 "-" "Opera/9.50 (Windows NT 5.1; U; en)"
91.16.175.72 - - [05/Nov/2008:23:07:03 +0100] "GET /astalavista.gif HTTP/1.1" 200 3887 "-" "Opera/9.50 (Windows NT 5.1; U; en)"
91.16.175.72 - - [05/Nov/2008:23:07:03 +0100] "GET /textz.gif HTTP/1.1" 200 871 "-" "Opera/9.50 (Windows NT 5.1; U; en)"
91.16.175.72 - - [05/Nov/2008:23:07:03 +0100] "GET /DgH001.jpg HTTP/1.1" 200 6960 "-" "Opera/9.50 (Windows NT 5.1; U; en)"
91.16.175.72 - - [05/Nov/2008:23:07:03 +0100] "GET /warezcrawler.jpg HTTP/1.1" 200 15588 "-" "Opera/9.50 (Windows NT 5.1; U; en)"
91.16.175.72 - - [05/Nov/2008:23:07:03 +0100] "GET /hsp.gif HTTP/1.1" 200 42603 "-" "Opera/9.50 (Windows NT 5.1; U; en)"
91.16.175.72 - - [05/Nov/2008:23:07:04 +0100] "GET /favicon.ico HTTP/1.1" 404 2748 "-" "Opera/9.50 (Windows NT 5.1; U; en)"
91.16.175.72 - - [05/Nov/2008:23:07:04 +0100] "GET /framez-warez.html HTTP/1.1" 200 4322 "-" "Opera/9.50 (Windows NT 5.1; U; en)"
91.16.175.72 - - [05/Nov/2008:23:07:04 +0100] "GET /ve-icon-2.ico HTTP/1.1" 200 2238 "-" "Opera/9.50 (Windows NT 5.1; U; en)"
91.16.175.72 - - [05/Nov/2008:23:07:04 +0100] "GET /frame-menu.html HTTP/1.1" 200 10536 "-" "Opera/9.50 (Windows NT 5.1; U; en)"
91.16.175.72 - - [05/Nov/2008:23:07:04 +0100] "GET /f-warez.html HTTP/1.1" 200 10953 "-" "Opera/9.50 (Windows NT 5.1; U; en)"
91.16.175.72 - - [05/Nov/2008:23:07:04 +0100] "GET /frame-unten.html HTTP/1.1" 200 5308 "-" "Opera/9.50 (Windows NT 5.1; U; en)"
91.16.175.72 - - [05/Nov/2008:23:07:04 +0100] "GET /style/various-euro.css HTTP/1.1" 200 3437 "-" "Opera/9.50 (Windows NT 5.1; U; en)"
91.16.175.72 - - [05/Nov/2008:23:07:04 +0100] "GET /bannerz/AgainstTCPA-Log01Banner.gif HTTP/1.1" 200 6186 "-" "Opera/9.50 (Windows NT 5.1; U; en)"
91.16.175.72 - - [05/Nov/2008:23:07:04 +0100] "GET /bannerz/AgainstTCPA-Log01Banner.gif HTTP/1.1" 200 6186 "-" "Opera/9.50 (Windows NT 5.1; U; en)"
91.16.175.72 - - [05/Nov/2008:23:07:04 +0100] "GET /bannerz/various-euro-girl.jpg HTTP/1.1" 200 91514 "-" "Opera/9.50 (Windows NT 5.1; U; en)"
91.16.175.72 - - [05/Nov/2008:23:07:04 +0100] "GET /bannerz/ve.jpg HTTP/1.1" 200 36912 "-" "Opera/9.50 (Windows NT 5.1; U; en)"
91.16.175.72 - - [05/Nov/2008:23:07:04 +0100] "GET /bannerz/various-euro-girl.jpg HTTP/1.1" 200 91514 "-" "Opera/9.50 (Windows NT 5.1; U; en)"
91.16.175.72 - - [05/Nov/2008:23:07:06 +0100] "GET /bannerz/quisse.gif HTTP/1.1" 200 2846 "-" "Opera/9.50 (Windows NT 5.1; U; en)"
67.195.37.107 - - [05/Nov/2008:23:09:48 +0100] "GET /schubb/schubb-2.html HTTP/1.0" 200 16660 "-" "Mozilla/5.0 (compatible; Yahoo! Slurp; http://help.yahoo.com/help/us/ysearch/slurp)"
65.55.211.166 - - [05/Nov/2008:23:18:17 +0100] "GET /robots.txt HTTP/1.1" 302 363 "-" "msnbot/1.1 (+http://search.msn.com/msnbot.htm)"
65.55.211.166 - - [05/Nov/2008:23:18:19 +0100] "GET /zampa/robots.txt HTTP/1.1" 404 2748 "-" "msnbot/1.1 (+http://search.msn.com/msnbot.htm)"
65.55.211.166 - - [05/Nov/2008:23:18:19 +0100] "GET / HTTP/1.1" 302 353 "-" "msnbot/1.1 (+http://search.msn.com/msnbot.htm)"
65.55.211.166 - - [05/Nov/2008:23:24:13 +0100] "GET /robots.txt HTTP/1.1" 200 64 "-" "msnbot/1.1 (+http://search.msn.com/msnbot.htm)"
65.55.211.166 - - [05/Nov/2008:23:24:13 +0100] "GET /zampa/ HTTP/1.1" 200 7153 "-" "msnbot/1.1 (+http://search.msn.com/msnbot.htm)"
66.235.124.61 - - [05/Nov/2008:23:36:50 +0100] "GET /robots.txt HTTP/1.0" 200 64 "-" "Mozilla/5.0 (compatible; Ask Jeeves/Teoma; +http://about.ask.com/en/docs/about/webmasters.shtml)"
66.235.124.61 - - [05/Nov/2008:23:36:51 +0100] "GET /framez-zampa-lovers.html HTTP/1.0" 200 4322 "-" "Mozilla/5.0 (compatible; Ask Jeeves/Teoma; +http://about.ask.com/en/docs/about/webmasters.shtml)"
66.235.124.61 - - [05/Nov/2008:23:36:51 +0100] "GET /frame-menu.html HTTP/1.0" 200 10536 "-" "Mozilla/5.0 (compatible; Ask Jeeves/Teoma; +http://about.ask.com/en/docs/about/webmasters.shtml)"
66.235.124.61 - - [05/Nov/2008:23:36:51 +0100] "GET /zampa-lovers/index.html HTTP/1.0" 200 37790 "-" "Mozilla/5.0 (compatible; Ask Jeeves/Teoma; +http://about.ask.com/en/docs/about/webmasters.shtml)"
66.235.124.61 - - [05/Nov/2008:23:36:52 +0100] "GET /frame-unten.html HTTP/1.0" 200 5308 "-" "Mozilla/5.0 (compatible; Ask Jeeves/Teoma; +http://about.ask.com/en/docs/about/webmasters.shtml)"
66.235.124.61 - - [05/Nov/2008:23:43:58 +0100] "GET /framez.html HTTP/1.0" 200 3959 "-" "Mozilla/5.0 (compatible; Ask Jeeves/Teoma; +http://about.ask.com/en/docs/about/webmasters.shtml)"
66.235.124.61 - - [05/Nov/2008:23:43:58 +0100] "GET /framez.html HTTP/1.0" 200 3959 "-" "Mozilla/5.0 (compatible; Ask Jeeves/Teoma; +http://about.ask.com/en/docs/about/webmasters.shtml)"
66.235.124.61 - - [05/Nov/2008:23:43:59 +0100] "GET /frame-inhalt.html HTTP/1.0" 200 5418 "-" "Mozilla/5.0 (compatible; Ask Jeeves/Teoma; +http://about.ask.com/en/docs/about/webmasters.shtml)"
208.80.194.41 - - [05/Nov/2008:23:51:45 +0100] "GET / HTTP/1.0" 200 7869 "-" "Mozilla/4.0 (compatible; MSIE 7.0; Windows NT 5.1; {ECC51147-BFF3-1307-0728-D218011E2DB3})"
208.80.194.41 - - [05/Nov/2008:23:51:45 +0100] "GET / HTTP/1.0" 200 7869 "-" "Mozilla/4.0 (compatible; MSIE 7.0; Windows NT 5.1; Supplied by blueyonder; FunWebProducts)"
74.6.17.173 - - [06/Nov/2008:00:14:19 +0100] "GET /DgH/ HTTP/1.0" 200 5024 "-" "Mozilla/5.0 (compatible; Yahoo! Slurp; http://help.yahoo.com/help/us/ysearch/slurp)"
74.6.17.173 - - [06/Nov/2008:00:18:44 +0100] "GET /neon/sushi.html HTTP/1.0" 200 687 "-" "Mozilla/5.0 (compatible; Yahoo! Slurp; http://help.yahoo.com/help/us/ysearch/slurp)"
74.6.17.173 - - [06/Nov/2008:00:24:15 +0100] "GET /neon/click.html HTTP/1.0" 200 521 "-" "Mozilla/5.0 (compatible; Yahoo! Slurp; http://help.yahoo.com/help/us/ysearch/slurp)"
81.52.143.26 - - [06/Nov/2008:00:51:04 +0100] "GET /neon/warning2.html HTTP/1.1" 200 997 "-" "Mozilla/5.0 (Windows; U; Windows NT 5.1; fr; rv:1.8.1) VoilaBot BETA 1.2 (support.voilabot@orange-ftgroup.com)"
67.195.37.107 - - [06/Nov/2008:01:03:03 +0100] "GET /zampa HTTP/1.0" 301 375 "-" "Mozilla/5.0 (compatible; Yahoo! Slurp/3.0; http://help.yahoo.com/help/us/ysearch/slurp)"
67.195.37.107 - - [06/Nov/2008:01:03:12 +0100] "GET /zampa/ HTTP/1.0" 200 7153 "-" "Mozilla/5.0 (compatible; Yahoo! Slurp/3.0; http://help.yahoo.com/help/us/ysearch/slurp)"
74.6.17.173 - - [06/Nov/2008:01:31:25 +0100] "GET /logs/ HTTP/1.0" 200 10079 "-" "Mozilla/5.0 (compatible; Yahoo! Slurp; http://help.yahoo.com/help/us/ysearch/slurp)"
67.195.37.107 - - [06/Nov/2008:01:32:46 +0100] "GET / HTTP/1.0" 200 7869 "-" "Mozilla/5.0 (compatible; Yahoo! Slurp/3.0; http://help.yahoo.com/help/us/ysearch/slurp)"
67.195.37.107 - - [06/Nov/2008:01:32:47 +0100] "GET /style/various-euro.css HTTP/1.0" 200 3437 "http://www.various-euro.com/" "Mozilla/5.0 (compatible; Yahoo! Slurp/3.0; http://help.yahoo.com/help/us/ysearch/slurp)"
74.6.17.173 - - [06/Nov/2008:01:43:08 +0100] "GET /neon/channel.html HTTP/1.0" 200 1942 "-" "Mozilla/5.0 (compatible; Yahoo! Slurp; http://help.yahoo.com/help/us/ysearch/slurp)"
74.6.17.173 - - [06/Nov/2008:02:47:34 +0100] "GET /world.html HTTP/1.0" 200 16295 "-" "Mozilla/5.0 (compatible; Yahoo! Slurp; http://help.yahoo.com/help/us/ysearch/slurp)"
67.195.37.107 - - [06/Nov/2008:03:02:13 +0100] "GET /zampa-lovers/index.html HTTP/1.0" 200 37790 "-" "Mozilla/5.0 (compatible; Yahoo! Slurp; http://help.yahoo.com/help/us/ysearch/slurp)"
74.6.17.173 - - [06/Nov/2008:03:47:04 +0100] "GET /f-search.html HTTP/1.0" 200 11800 "-" "Mozilla/5.0 (compatible; Yahoo! Slurp; http://help.yahoo.com/help/us/ysearch/slurp)"
74.6.17.173 - - [06/Nov/2008:04:43:43 +0100] "GET /logs/usage_200709.html HTTP/1.0" 200 110974 "-" "Mozilla/5.0 (compatible; Yahoo! Slurp; http://help.yahoo.com/help/us/ysearch/slurp)"
193.252.149.16 - - [06/Nov/2008:04:54:20 +0100] "GET /neon/girl-tv.html HTTP/1.1" 200 1717 "-" "Mozilla/5.0 (Windows; U; Windows NT 5.1; fr; rv:1.8.1) VoilaBot BETA 1.2 (support.voilabot@orange-ftgroup.com)"
193.252.149.15 - - [06/Nov/2008:05:04:55 +0100] "GET /neon/slow-walk2.html HTTP/1.1" 200 1777 "-" "Mozilla/5.0 (Windows; U; Windows NT 5.1; fr; rv:1.8.1) VoilaBot BETA 1.2 (support.voilabot@orange-ftgroup.com)"
67.195.37.107 - - [06/Nov/2008:05:20:34 +0100] "GET /zampa/lybia/index.html HTTP/1.0" 200 3036 "-" "Mozilla/5.0 (compatible; Yahoo! Slurp/3.0; http://help.yahoo.com/help/us/ysearch/slurp)"
74.6.17.157 - - [06/Nov/2008:05:20:47 +0100] "GET /robots.txt HTTP/1.0" 200 64 "-" "Mozilla/5.0 (compatible; Yahoo! Slurp; http://help.yahoo.com/help/us/ysearch/slurp)"
74.6.17.157 - - [06/Nov/2008:05:20:47 +0100] "GET /bmpp/18.html HTTP/1.0" 200 4467 "-" "Mozilla/5.0 (compatible; Yahoo! Slurp; http://help.yahoo.com/help/us/ysearch/slurp)"
74.6.17.157 - - [06/Nov/2008:05:38:18 +0100] "GET /f-channel1.html HTTP/1.0" 200 8471 "-" "Mozilla/5.0 (compatible; Yahoo! Slurp; http://help.yahoo.com/help/us/ysearch/slurp)"
74.6.17.157 - - [06/Nov/2008:05:39:56 +0100] "GET /logs/usage_200710.html HTTP/1.0" 200 110952 "-" "Mozilla/5.0 (compatible; Yahoo! Slurp; http://help.yahoo.com/help/us/ysearch/slurp)"
74.6.17.157 - - [06/Nov/2008:05:43:30 +0100] "GET /frame-inhalt.html HTTP/1.0" 200 5418 "-" "Mozilla/5.0 (compatible; Yahoo! Slurp; http://help.yahoo.com/help/us/ysearch/slurp)"
119.63.193.62 - - [06/Nov/2008:06:45:26 +0100] "GET /robots.txt HTTP/1.1" 200 64 "-" "Baiduspider+(+http://www.baidu.com/search/spider_jp.html)"
193.252.149.15 - - [06/Nov/2008:07:45:18 +0100] "GET /neon/europa.html HTTP/1.1" 200 389 "-" "Mozilla/5.0 (Windows; U; Windows NT 5.1; fr; rv:1.8.1) VoilaBot BETA 1.2 (support.voilabot@orange-ftgroup.com)"
119.63.193.43 - - [06/Nov/2008:07:53:21 +0100] "GET / HTTP/1.1" 200 7869 "-" "Baiduspider+(+http://help.baidu.jp/system/05.html)"
66.235.124.7 - - [06/Nov/2008:08:10:39 +0100] "GET / HTTP/1.0" 200 7869 "-" "Mozilla/5.0 (compatible; Ask Jeeves/Teoma; +http://about.ask.com/en/docs/about/webmasters.shtml)"
74.6.17.157 - - [06/Nov/2008:08:12:44 +0100] "GET /framez-rez.html HTTP/1.0" 200 4323 "-" "Mozilla/5.0 (compatible; Yahoo! Slurp; http://help.yahoo.com/help/us/ysearch/slurp)"
74.6.17.157 - - [06/Nov/2008:08:12:45 +0100] "GET /frame-menu.html HTTP/1.0" 200 10536 "-" "Mozilla/5.0 (compatible; Yahoo! Slurp; http://help.yahoo.com/help/us/ysearch/slurp)"
74.6.17.157 - - [06/Nov/2008:08:12:46 +0100] "GET /f-rez.html HTTP/1.0" 200 9765 "-" "Mozilla/5.0 (compatible; Yahoo! Slurp; http://help.yahoo.com/help/us/ysearch/slurp)"
74.6.17.157 - - [06/Nov/2008:08:12:46 +0100] "GET /frame-unten.html HTTP/1.0" 200 5308 "-" "Mozilla/5.0 (compatible; Yahoo! Slurp; http://help.yahoo.com/help/us/ysearch/slurp)"
220.181.61.232 - - [06/Nov/2008:08:21:35 +0100] "GET /robots.txt HTTP/1.1" 200 64 "-" "-"
220.181.61.232 - - [06/Nov/2008:08:21:45 +0100] "GET /framez.html HTTP/1.1" 200 3959 "-" "Sogou web spider/4.0(+http://www.sogou.com/docs/help/webmasters.htm#07)"
74.6.17.157 - - [06/Nov/2008:08:26:27 +0100] "GET /logs/usage_200601.html HTTP/1.0" 200 109676 "-" "Mozilla/5.0 (compatible; Yahoo! Slurp; http://help.yahoo.com/help/us/ysearch/slurp)"
74.6.17.157 - - [06/Nov/2008:08:36:19 +0100] "GET /f-net.html HTTP/1.0" 200 9913 "-" "Mozilla/5.0 (compatible; Yahoo! Slurp; http://help.yahoo.com/help/us/ysearch/slurp)"
67.195.37.163 - - [06/Nov/2008:09:03:18 +0100] "GET /robots.txt HTTP/1.0" 200 64 "-" "Mozilla/5.0 (compatible; Yahoo! Slurp; http://help.yahoo.com/help/us/ysearch/slurp)"
67.195.37.163 - - [06/Nov/2008:09:03:18 +0100] "GET / HTTP/1.0" 200 7869 "-" "Mozilla/5.0 (compatible; Yahoo! Slurp; http://help.yahoo.com/help/us/ysearch/slurp)"
82.99.30.28 - - [06/Nov/2008:09:09:05 +0100] "GET /zampa/montenegro/contributions.html HTTP/1.0" 200 18843 "-" "Mozilla/4.0 (compatible; MSIE 6.0; Windows NT 5.1)"
82.99.30.71 - - [06/Nov/2008:09:14:02 +0100] "GET /zampa/montenegro/BATAW.html HTTP/1.0" 200 860 "-" "Mozilla/4.0 (compatible; MSIE 6.0; Windows NT 5.1)"
82.99.30.42 - - [06/Nov/2008:09:17:14 +0100] "GET /zampa/montenegro/SEKAW.html HTTP/1.0" 200 860 "-" "Mozilla/4.0 (compatible; MSIE 6.0; Windows NT 5.1)"
82.99.30.4 - - [06/Nov/2008:09:19:26 +0100] "GET /zampa/montenegro/TESLAW.html HTTP/1.0" 200 861 "-" "Mozilla/4.0 (compatible; MSIE 6.0; Windows NT 5.1)"
82.99.30.73 - - [06/Nov/2008:09:21:16 +0100] "GET /zampa/montenegro/ZMAJW.html HTTP/1.0" 200 860 "-" "Mozilla/4.0 (compatible; MSIE 6.0; Windows NT 5.1)"
81.52.143.15 - - [06/Nov/2008:09:30:16 +0100] "GET /DgH/orginal/index.html HTTP/1.1" 200 1727 "-" "Mozilla/5.0 (Windows; U; Windows NT 5.1; fr; rv:1.8.1) VoilaBot BETA 1.2 (support.voilabot@orange-ftgroup.com)"
202.179.180.54 - - [06/Nov/2008:09:58:32 +0100] "GET /robots.txt HTTP/1.1" 200 64 "-" "Mozilla/4.0 (compatible; NaverBot/1.0; http://help.naver.com/delete_main.asp)"
202.179.180.54 - - [06/Nov/2008:09:58:33 +0100] "GET / HTTP/1.1" 200 7869 "-" "Mozilla/4.0 (compatible; NaverBot/1.0; http://help.naver.com/delete_main.asp)"
74.6.17.157 - - [06/Nov/2008:10:36:23 +0100] "GET /robots.txt HTTP/1.0" 200 64 "-" "Mozilla/5.0 (compatible; Yahoo! Slurp; http://help.yahoo.com/help/us/ysearch/slurp)"
74.6.17.157 - - [06/Nov/2008:10:36:24 +0100] "GET /schubb/schubb-1.html HTTP/1.0" 200 9070 "-" "Mozilla/5.0 (compatible; Yahoo! Slurp; http://help.yahoo.com/help/us/ysearch/slurp)"
193.252.149.16 - - [06/Nov/2008:10:46:29 +0100] "GET /DgH/rampe/index.html HTTP/1.1" 200 2056 "-" "Mozilla/5.0 (Windows; U; Windows NT 5.1; fr; rv:1.8.1) VoilaBot BETA 1.2 (support.voilabot@orange-ftgroup.com)"
189.7.126.26 - - [06/Nov/2008:10:55:42 +0100] "GET / HTTP/1.1" 200 7869 "-" "User-Agent: Mozilla/4.0 (compatible; MSIE 7.0; Windows NT 6.0; SLCC1; .NET CLR 2.0.50727; Media Center PC 5.0; .NET CLR 3.0.04506)"
74.6.17.157 - - [06/Nov/2008:10:58:19 +0100] "GET /zampa/montenegro/BATAW.html HTTP/1.0" 200 860 "-" "Mozilla/5.0 (compatible; Yahoo! Slurp; http://help.yahoo.com/help/us/ysearch/slurp)"
67.195.37.107 - - [06/Nov/2008:11:05:34 +0100] "GET /robots.txt HTTP/1.0" 200 64 "-" "Mozilla/5.0 (compatible; Yahoo! Slurp; http://help.yahoo.com/help/us/ysearch/slurp)"
67.195.37.107 - - [06/Nov/2008:11:05:35 +0100] "GET /neon/girlz3.html HTTP/1.0" 200 2479 "-" "Mozilla/5.0 (compatible; Yahoo! Slurp/3.0; http://help.yahoo.com/help/us/ysearch/slurp)"
74.6.17.157 - - [06/Nov/2008:11:07:18 +0100] "GET /sendi-agent/Interfiction-sendi.mpg HTTP/1.0" 200 13300252 "-" "Mozilla/5.0 (compatible; Yahoo! Slurp; http://help.yahoo.com/help/us/ysearch/slurp)"
74.6.17.157 - - [06/Nov/2008:11:08:21 +0100] "GET /channel1.html HTTP/1.0" 404 2748 "-" "Mozilla/5.0 (compatible; Yahoo! Slurp; http://help.yahoo.com/help/us/ysearch/slurp)"
208.36.144.6 - - [06/Nov/2008:11:18:59 +0100] "GET /robots.txt HTTP/1.0" 302 363 "-" "Mozilla/5.0 (Twiceler-0.9 http://www.cuil.com/twiceler/robot.html)"
193.252.149.16 - - [06/Nov/2008:11:35:31 +0100] "GET /DgH/watch/index.html HTTP/1.1" 200 2028 "-" "Mozilla/5.0 (Windows; U; Windows NT 5.1; fr; rv:1.8.1) VoilaBot BETA 1.2 (support.voilabot@orange-ftgroup.com)"
80.131.64.90 - - [06/Nov/2008:11:37:43 +0100] "GET / HTTP/1.1" 200 7869 "http://www.modukit.com/" "Opera/9.62 (Windows NT 5.1; U; de) Presto/2.1.1"
80.131.64.90 - - [06/Nov/2008:11:37:43 +0100] "GET /ve-icon-2.ico HTTP/1.1" 200 2238 "http://www.various-euro.com/" "Opera/9.62 (Windows NT 5.1; U; de) Presto/2.1.1"
80.131.64.90 - - [06/Nov/2008:11:37:43 +0100] "GET /style/various-euro.css HTTP/1.1" 200 3437 "http://www.various-euro.com/" "Opera/9.62 (Windows NT 5.1; U; de) Presto/2.1.1"
80.131.64.90 - - [06/Nov/2008:11:37:51 +0100] "GET /framez_0.html HTTP/1.1" 200 12444 "http://www.various-euro.com/" "Opera/9.62 (Windows NT 5.1; U; de) Presto/2.1.1"
80.131.64.90 - - [06/Nov/2008:11:37:54 +0100] "GET /framez.html HTTP/1.1" 200 3959 "http://www.various-euro.com/framez_0.html" "Opera/9.62 (Windows NT 5.1; U; de) Presto/2.1.1"
80.131.64.90 - - [06/Nov/2008:11:37:54 +0100] "GET /frame-menu.html HTTP/1.1" 200 10536 "http://www.various-euro.com/framez.html" "Opera/9.62 (Windows NT 5.1; U; de) Presto/2.1.1"
80.131.64.90 - - [06/Nov/2008:11:37:54 +0100] "GET /frame-inhalt.html HTTP/1.1" 200 5418 "http://www.various-euro.com/framez.html" "Opera/9.62 (Windows NT 5.1; U; de) Presto/2.1.1"
80.131.64.90 - - [06/Nov/2008:11:37:54 +0100] "GET /frame-unten.html HTTP/1.1" 200 5308 "http://www.various-euro.com/framez.html" "Opera/9.62 (Windows NT 5.1; U; de) Presto/2.1.1"
80.131.64.90 - - [06/Nov/2008:11:37:55 +0100] "GET /bannerz/neon_click_3.gif HTTP/1.1" 200 240 "http://www.various-euro.com/frame-inhalt.html" "Opera/9.62 (Windows NT 5.1; U; de) Presto/2.1.1"
80.131.64.90 - - [06/Nov/2008:11:37:54 +0100] "GET /bannerz/ve.jpg HTTP/1.1" 200 36912 "http://www.various-euro.com/frame-unten.html" "Opera/9.62 (Windows NT 5.1; U; de) Presto/2.1.1"
80.131.64.90 - - [06/Nov/2008:11:37:55 +0100] "GET /bannerz/goolag_468.jpg HTTP/1.1" 200 28285 "http://www.various-euro.com/frame-inhalt.html" "Opera/9.62 (Windows NT 5.1; U; de) Presto/2.1.1"
80.131.64.90 - - [06/Nov/2008:11:37:55 +0100] "GET /bannerz/google/Logo_40blk.gif HTTP/1.1" 200 2308 "http://www.various-euro.com/frame-inhalt.html" "Opera/9.62 (Windows NT 5.1; U; de) Presto/2.1.1"
80.131.64.90 - - [06/Nov/2008:11:37:55 +0100] "GET /bannerz/copyleft_black_small.gif HTTP/1.1" 200 1231 "http://www.various-euro.com/frame-inhalt.html" "Opera/9.62 (Windows NT 5.1; U; de) Presto/2.1.1"
80.131.64.90 - - [06/Nov/2008:11:37:55 +0100] "GET /bannerz/wet.gif HTTP/1.1" 200 18561 "http://www.various-euro.com/frame-inhalt.html" "Opera/9.62 (Windows NT 5.1; U; de) Presto/2.1.1"
80.131.64.90 - - [06/Nov/2008:11:37:55 +0100] "GET /bannerz/anti_black_small.gif HTTP/1.1" 200 1009 "http://www.various-euro.com/frame-inhalt.html" "Opera/9.62 (Windows NT 5.1; U; de) Presto/2.1.1"
80.131.64.90 - - [06/Nov/2008:11:37:55 +0100] "GET /eurosign3.gif HTTP/1.1" 200 7879 "http://www.various-euro.com/frame-inhalt.html" "Opera/9.62 (Windows NT 5.1; U; de) Presto/2.1.1"
80.131.64.90 - - [06/Nov/2008:11:37:55 +0100] "GET /bannerz/neon_click_2.gif HTTP/1.1" 200 387 "http://www.various-euro.com/frame-inhalt.html" "Opera/9.62 (Windows NT 5.1; U; de) Presto/2.1.1"
80.131.64.90 - - [06/Nov/2008:11:37:56 +0100] "GET /bannerz/douwil.gif HTTP/1.1" 200 528 "http://www.various-euro.com/frame-inhalt.html" "Opera/9.62 (Windows NT 5.1; U; de) Presto/2.1.1"
80.131.64.90 - - [06/Nov/2008:11:37:56 +0100] "GET /bannerz/neon_click_1.gif HTTP/1.1" 200 890 "http://www.various-euro.com/frame-inhalt.html" "Opera/9.62 (Windows NT 5.1; U; de) Presto/2.1.1"
80.131.64.90 - - [06/Nov/2008:11:37:54 +0100] "GET /bannerz/various-euro-girl.jpg HTTP/1.1" 200 91514 "http://www.various-euro.com/frame-unten.html" "Opera/9.62 (Windows NT 5.1; U; de) Presto/2.1.1"
80.131.64.90 - - [06/Nov/2008:11:37:56 +0100] "GET /bannerz/neon_click_1.gif HTTP/1.1" 200 890 "http://www.various-euro.com/frame-inhalt.html" "Opera/9.62 (Windows NT 5.1; U; de) Presto/2.1.1"
80.131.64.90 - - [06/Nov/2008:11:37:56 +0100] "GET /bannerz/douwil.gif HTTP/1.1" 200 528 "http://www.various-euro.com/frame-inhalt.html" "Opera/9.62 (Windows NT 5.1; U; de) Presto/2.1.1"
74.6.17.157 - - [06/Nov/2008:11:40:41 +0100] "GET /f-warez.html HTTP/1.0" 200 10953 "-" "Mozilla/5.0 (compatible; Yahoo! Slurp; http://help.yahoo.com/help/us/ysearch/slurp)"
84.190.37.120 - - [06/Nov/2008:12:08:58 +0100] "GET / HTTP/1.1" 200 7869 "http://www.interfiction.org/cms/abstracts-cv/karsten-asshauer/" "Mozilla/5.0 (X11; U; Linux i686; de; rv:1.9.0.3) Gecko/2008092510 Ubuntu/8.04 (hardy) Firefox/3.0.3"
84.190.37.120 - - [06/Nov/2008:12:08:59 +0100] "GET /ve-icon-2.ico HTTP/1.1" 200 2238 "-" "Mozilla/5.0 (X11; U; Linux i686; de; rv:1.9.0.3) Gecko/2008092510 Ubuntu/8.04 (hardy) Firefox/3.0.3"
84.190.37.120 - - [06/Nov/2008:12:08:59 +0100] "GET /style/various-euro.css HTTP/1.1" 200 3437 "http://www.various-euro.com/" "Mozilla/5.0 (X11; U; Linux i686; de; rv:1.9.0.3) Gecko/2008092510 Ubuntu/8.04 (hardy) Firefox/3.0.3"
84.190.37.120 - - [06/Nov/2008:12:08:59 +0100] "GET /framez_0.html HTTP/1.1" 200 12444 "http://www.various-euro.com/" "Mozilla/5.0 (X11; U; Linux i686; de; rv:1.9.0.3) Gecko/2008092510 Ubuntu/8.04 (hardy) Firefox/3.0.3"
66.249.71.219 - - [06/Nov/2008:12:09:46 +0100] "GET /robots.txt HTTP/1.1" 200 64 "-" "Mozilla/5.0 (compatible; Googlebot/2.1; +http://www.google.com/bot.html)"
66.249.71.219 - - [06/Nov/2008:12:09:46 +0100] "GET /logs/usage_200811.html HTTP/1.1" 404 2748 "-" "Mozilla/5.0 (compatible; Googlebot/2.1; +http://www.google.com/bot.html)"
78.3.245.90 - - [06/Nov/2008:12:18:10 +0100] "GET /framez-zampa-lovers.html HTTP/1.1" 200 4322 "http://www.google.com/search?hl=en&q=igre+gde+ima+seksa&start=10&sa=N" "Mozilla/5.0 (Windows; U; Windows NT 5.1; en-US; rv:1.9.0.3) Gecko/2008092417 Firefox/3.0.3"
78.3.245.90 - - [06/Nov/2008:12:18:10 +0100] "GET /ve-icon-2.ico HTTP/1.1" 200 2238 "-" "Mozilla/5.0 (Windows; U; Windows NT 5.1; en-US; rv:1.9.0.3) Gecko/2008092417 Firefox/3.0.3"
78.3.245.90 - - [06/Nov/2008:12:18:10 +0100] "GET /frame-menu.html HTTP/1.1" 200 10536 "http://www.various-euro.com/framez-zampa-lovers.html" "Mozilla/5.0 (Windows; U; Windows NT 5.1; en-US; rv:1.9.0.3) Gecko/2008092417 Firefox/3.0.3"
78.3.245.90 - - [06/Nov/2008:12:18:10 +0100] "GET /frame-unten.html HTTP/1.1" 200 5308 "http://www.various-euro.com/framez-zampa-lovers.html" "Mozilla/5.0 (Windows; U; Windows NT 5.1; en-US; rv:1.9.0.3) Gecko/2008092417 Firefox/3.0.3"
78.3.245.90 - - [06/Nov/2008:12:18:10 +0100] "GET /style/various-euro.css HTTP/1.1" 200 3437 "http://www.various-euro.com/frame-menu.html" "Mozilla/5.0 (Windows; U; Windows NT 5.1; en-US; rv:1.9.0.3) Gecko/2008092417 Firefox/3.0.3"
78.3.245.90 - - [06/Nov/2008:12:18:11 +0100] "GET /zampa-lovers/kralle.gif HTTP/1.1" 404 2748 "http://www.various-euro.com/zampa-lovers/index.html" "Mozilla/5.0 (Windows; U; Windows NT 5.1; en-US; rv:1.9.0.3) Gecko/2008092417 Firefox/3.0.3"
78.3.245.90 - - [06/Nov/2008:12:18:11 +0100] "GET /zampa-lovers/DRAGAN_Z.JPG HTTP/1.1" 200 6850 "http://www.various-euro.com/zampa-lovers/index.html" "Mozilla/5.0 (Windows; U; Windows NT 5.1; en-US; rv:1.9.0.3) Gecko/2008092417 Firefox/3.0.3"
78.3.245.90 - - [06/Nov/2008:12:18:11 +0100] "GET /zampa-lovers/ZAMPAMA2.MPG HTTP/1.1" 200 63492 "http://www.various-euro.com/zampa-lovers/index.html" "Mozilla/5.0 (Windows; U; Windows NT 5.1; en-US; rv:1.9.0.3) Gecko/2008092417 Firefox/3.0.3"
78.3.245.90 - - [06/Nov/2008:12:18:10 +0100] "GET /zampa-lovers/index.html HTTP/1.1" 200 37790 "http://www.various-euro.com/framez-zampa-lovers.html" "Mozilla/5.0 (Windows; U; Windows NT 5.1; en-US; rv:1.9.0.3) Gecko/2008092417 Firefox/3.0.3"
78.3.245.90 - - [06/Nov/2008:12:18:11 +0100] "GET /zampa-lovers/ZAMPAMAS.MPG HTTP/1.1" 200 520196 "http://www.various-euro.com/zampa-lovers/index.html" "Mozilla/5.0 (Windows; U; Windows NT 5.1; en-US; rv:1.9.0.3) Gecko/2008092417 Firefox/3.0.3"
78.3.245.90 - - [06/Nov/2008:12:18:11 +0100] "GET /zampa-lovers/MILIZA_B.JPG HTTP/1.1" 200 10947 "http://www.various-euro.com/zampa-lovers/index.html" "Mozilla/5.0 (Windows; U; Windows NT 5.1; en-US; rv:1.9.0.3) Gecko/2008092417 Firefox/3.0.3"
78.3.245.90 - - [06/Nov/2008:12:18:11 +0100] "GET /zampa-lovers/WASISTMI1.MPG HTTP/1.1" 200 271221 "http://www.various-euro.com/zampa-lovers/index.html" "Mozilla/5.0 (Windows; U; Windows NT 5.1; en-US; rv:1.9.0.3) Gecko/2008092417 Firefox/3.0.3"
78.3.245.90 - - [06/Nov/2008:12:18:11 +0100] "GET /zampa-lovers/MILIZA_4.JPG HTTP/1.1" 200 9946 "http://www.various-euro.com/zampa-lovers/index.html" "Mozilla/5.0 (Windows; U; Windows NT 5.1; en-US; rv:1.9.0.3) Gecko/2008092417 Firefox/3.0.3"
78.3.245.90 - - [06/Nov/2008:12:18:11 +0100] "GET /zampa-lovers/MILIZA_3.JPG HTTP/1.1" 200 26924 "http://www.various-euro.com/zampa-lovers/index.html" "Mozilla/5.0 (Windows; U; Windows NT 5.1; en-US; rv:1.9.0.3) Gecko/2008092417 Firefox/3.0.3"
78.3.245.90 - - [06/Nov/2008:12:18:11 +0100] "GET /zampa-lovers/Kralle.gif HTTP/1.1" 200 260 "http://www.various-euro.com/zampa-lovers/index.html" "Mozilla/5.0 (Windows; U; Windows NT 5.1; en-US; rv:1.9.0.3) Gecko/2008092417 Firefox/3.0.3"
78.3.245.90 - - [06/Nov/2008:12:18:11 +0100] "GET /zampa-lovers/1SEITEVE.GIF HTTP/1.1" 200 78726 "http://www.various-euro.com/zampa-lovers/index.html" "Mozilla/5.0 (Windows; U; Windows NT 5.1; en-US; rv:1.9.0.3) Gecko/2008092417 Firefox/3.0.3"
78.3.245.90 - - [06/Nov/2008:12:18:11 +0100] "GET /zampa-lovers/DRAGANZA.JPG HTTP/1.1" 200 18560 "http://www.various-euro.com/zampa-lovers/index.html" "Mozilla/5.0 (Windows; U; Windows NT 5.1; en-US; rv:1.9.0.3) Gecko/2008092417 Firefox/3.0.3"
78.3.245.90 - - [06/Nov/2008:12:18:12 +0100] "GET /zampa-lovers/zampa-2X2.gif HTTP/1.1" 200 6948 "http://www.various-euro.com/zampa-lovers/index.html" "Mozilla/5.0 (Windows; U; Windows NT 5.1; en-US; rv:1.9.0.3) Gecko/2008092417 Firefox/3.0.3"
78.3.245.90 - - [06/Nov/2008:12:18:11 +0100] "GET /zampa-lovers/2SEITEVE.GIF HTTP/1.1" 200 83466 "http://www.various-euro.com/zampa-lovers/index.html" "Mozilla/5.0 (Windows; U; Windows NT 5.1; en-US; rv:1.9.0.3) Gecko/2008092417 Firefox/3.0.3"
78.3.245.90 - - [06/Nov/2008:12:18:12 +0100] "GET /bannerz/ve.jpg HTTP/1.1" 200 36912 "http://www.various-euro.com/frame-unten.html" "Mozilla/5.0 (Windows; U; Windows NT 5.1; en-US; rv:1.9.0.3) Gecko/2008092417 Firefox/3.0.3"
78.3.245.90 - - [06/Nov/2008:12:18:12 +0100] "GET /zampa-lovers/zampamali.gif HTTP/1.1" 200 2617 "http://www.various-euro.com/zampa-lovers/index.html" "Mozilla/5.0 (Windows; U; Windows NT 5.1; en-US; rv:1.9.0.3) Gecko/2008092417 Firefox/3.0.3"
78.3.245.90 - - [06/Nov/2008:12:18:12 +0100] "GET /bannerz/various-euro-girl.jpg HTTP/1.1" 200 91514 "http://www.various-euro.com/frame-unten.html" "Mozilla/5.0 (Windows; U; Windows NT 5.1; en-US; rv:1.9.0.3) Gecko/2008092417 Firefox/3.0.3"
78.3.245.90 - - [06/Nov/2008:12:18:12 +0100] "GET /zampa-lovers/zampa.gif HTTP/1.1" 200 460627 "http://www.various-euro.com/zampa-lovers/index.html" "Mozilla/5.0 (Windows; U; Windows NT 5.1; en-US; rv:1.9.0.3) Gecko/2008092417 Firefox/3.0.3"
78.3.245.90 - - [06/Nov/2008:12:18:11 +0100] "GET /zampa-lovers/MILIZA_2.JPG HTTP/1.1" 200 22172 "http://www.various-euro.com/zampa-lovers/index.html" "Mozilla/5.0 (Windows; U; Windows NT 5.1; en-US; rv:1.9.0.3) Gecko/2008092417 Firefox/3.0.3"
77.105.60.141 - - [06/Nov/2008:12:31:26 +0100] "GET / HTTP/1.1" 302 353 "http://www.google.com/search?q=zampa+di+leone&ie=utf-8&oe=utf-8&aq=t&rls=org.mozilla:sr:official&client=firefox-a" "Mozilla/5.0 (Windows; U; Windows NT 6.0; sr; rv:1.9.0.3) Gecko/2008092417 Firefox/3.0.3"
77.105.60.141 - - [06/Nov/2008:12:31:26 +0100] "GET /zampa/ HTTP/1.1" 200 7153 "http://www.google.com/search?q=zampa+di+leone&ie=utf-8&oe=utf-8&aq=t&rls=org.mozilla:sr:official&client=firefox-a" "Mozilla/5.0 (Windows; U; Windows NT 6.0; sr; rv:1.9.0.3) Gecko/2008092417 Firefox/3.0.3"
77.105.60.141 - - [06/Nov/2008:12:31:26 +0100] "GET /zampa/slike/zampa.gif HTTP/1.1" 200 5310 "http://www.various-euro.com/zampa/" "Mozilla/5.0 (Windows; U; Windows NT 6.0; sr; rv:1.9.0.3) Gecko/2008092417 Firefox/3.0.3"
77.105.60.141 - - [06/Nov/2008:12:31:27 +0100] "GET /zampa/slike/udupetu.gif HTTP/1.1" 200 4138 "http://www.various-euro.com/zampa/" "Mozilla/5.0 (Windows; U; Windows NT 6.0; sr; rv:1.9.0.3) Gecko/2008092417 Firefox/3.0.3"
77.105.60.141 - - [06/Nov/2008:12:31:27 +0100] "GET /zampa/slike/inthearse.gif HTTP/1.1" 200 4077 "http://www.various-euro.com/zampa/" "Mozilla/5.0 (Windows; U; Windows NT 6.0; sr; rv:1.9.0.3) Gecko/2008092417 Firefox/3.0.3"
77.105.60.141 - - [06/Nov/2008:12:31:27 +0100] "GET /favicon.ico HTTP/1.1" 404 2748 "-" "Mozilla/5.0 (Windows; U; Windows NT 6.0; sr; rv:1.9.0.3) Gecko/2008092417 Firefox/3.0.3"
77.105.60.141 - - [06/Nov/2008:12:31:30 +0100] "GET /favicon.ico HTTP/1.1" 404 2748 "-" "Mozilla/5.0 (Windows; U; Windows NT 6.0; sr; rv:1.9.0.3) Gecko/2008092417 Firefox/3.0.3"
74.6.17.157 - - [06/Nov/2008:13:19:29 +0100] "GET /neon/lips.html HTTP/1.0" 200 1640 "-" "Mozilla/5.0 (compatible; Yahoo! Slurp; http://help.yahoo.com/help/us/ysearch/slurp)"
193.252.149.15 - - [06/Nov/2008:13:20:35 +0100] "GET /DgH/bull/index.html HTTP/1.1" 200 1915 "-" "Mozilla/5.0 (Windows; U; Windows NT 5.1; fr; rv:1.8.1) VoilaBot BETA 1.2 (support.voilabot@orange-ftgroup.com)"
61.247.221.41 - - [06/Nov/2008:13:21:45 +0100] "GET /robots.txt HTTP/1.1" 200 64 "-" "Yeti/1.0 (NHN Corp.; http://help.naver.com/robots/)"
61.247.221.41 - - [06/Nov/2008:13:21:46 +0100] "GET /bannerz/various-euro-girl.jpg HTTP/1.1" 200 91514 "-" "Yeti/1.0 (NHN Corp.; http://help.naver.com/robots/)"
74.6.17.157 - - [06/Nov/2008:13:40:40 +0100] "GET /f-sponsor.html HTTP/1.0" 200 8578 "-" "Mozilla/5.0 (compatible; Yahoo! Slurp; http://help.yahoo.com/help/us/ysearch/slurp)"
74.6.17.157 - - [06/Nov/2008:13:53:40 +0100] "GET /logs/usage_200702.html HTTP/1.0" 200 107861 "-" "Mozilla/5.0 (compatible; Yahoo! Slurp; http://help.yahoo.com/help/us/ysearch/slurp)"
66.235.124.61 - - [06/Nov/2008:14:02:33 +0100] "GET /robots.txt HTTP/1.0" 200 64 "-" "Mozilla/5.0 (compatible; Ask Jeeves/Teoma; +http://about.ask.com/en/docs/about/webmasters.shtml)"
66.235.124.61 - - [06/Nov/2008:14:02:33 +0100] "GET /framez-girlz.html HTTP/1.0" 200 4271 "-" "Mozilla/5.0 (compatible; Ask Jeeves/Teoma; +http://about.ask.com/en/docs/about/webmasters.shtml)"
66.235.124.61 - - [06/Nov/2008:14:02:33 +0100] "GET /frame-menu.html HTTP/1.0" 200 10536 "-" "Mozilla/5.0 (compatible; Ask Jeeves/Teoma; +http://about.ask.com/en/docs/about/webmasters.shtml)"
66.235.124.61 - - [06/Nov/2008:14:02:34 +0100] "GET /neon/girlz2.html HTTP/1.0" 200 2937 "-" "Mozilla/5.0 (compatible; Ask Jeeves/Teoma; +http://about.ask.com/en/docs/about/webmasters.shtml)"
66.235.124.61 - - [06/Nov/2008:14:02:34 +0100] "GET /frame-unten.html HTTP/1.0" 200 5308 "-" "Mozilla/5.0 (compatible; Ask Jeeves/Teoma; +http://about.ask.com/en/docs/about/webmasters.shtml)"
