122.166.44.155 - - [12/Nov/2008:13:02:29 +0100] "GET /frame-menu.html HTTP/1.1" 200 10536 "http://www.various-euro.com/framez-world.html" "Mozilla/5.0 (Windows; U; Windows NT 5.1; en-US; rv:1.9.0.3) Gecko/2008092417 Firefox/3.0.3"
122.166.44.155 - - [12/Nov/2008:13:02:29 +0100] "GET /frame-unten.html HTTP/1.1" 200 5308 "http://www.various-euro.com/framez-world.html" "Mozilla/5.0 (Windows; U; Windows NT 5.1; en-US; rv:1.9.0.3) Gecko/2008092417 Firefox/3.0.3"
122.166.44.155 - - [12/Nov/2008:13:02:29 +0100] "GET /style/various-euro.css HTTP/1.1" 200 3437 "http://www.various-euro.com/frame-menu.html" "Mozilla/5.0 (Windows; U; Windows NT 5.1; en-US; rv:1.9.0.3) Gecko/2008092417 Firefox/3.0.3"
122.166.44.155 - - [12/Nov/2008:13:02:29 +0100] "GET /bannerz/ve.jpg HTTP/1.1" 200 36912 "http://www.various-euro.com/frame-unten.html" "Mozilla/5.0 (Windows; U; Windows NT 5.1; en-US; rv:1.9.0.3) Gecko/2008092417 Firefox/3.0.3"
122.166.44.155 - - [12/Nov/2008:13:02:29 +0100] "GET /f-world.html HTTP/1.1" 200 35590 "http://www.various-euro.com/framez-world.html" "Mozilla/5.0 (Windows; U; Windows NT 5.1; en-US; rv:1.9.0.3) Gecko/2008092417 Firefox/3.0.3"
122.166.44.155 - - [12/Nov/2008:13:02:30 +0100] "GET /bannerz/various-euro-girl.jpg HTTP/1.1" 200 91514 "http://www.various-euro.com/frame-unten.html" "Mozilla/5.0 (Windows; U; Windows NT 5.1; en-US; rv:1.9.0.3) Gecko/2008092417 Firefox/3.0.3"
122.166.44.155 - - [12/Nov/2008:13:02:36 +0100] "GET /ve-icon-2.ico HTTP/1.1" 200 2238 "-" "Mozilla/5.0 (Windows; U; Windows NT 5.1; en-US; rv:1.9.0.3) Gecko/2008092417 Firefox/3.0.3"
66.249.71.219 - - [12/Nov/2008:13:04:44 +0100] "GET /bmpp/euro_pal_1.html HTTP/1.1" 200 18252 "-" "Mozilla/5.0 (compatible; Googlebot/2.1; +http://www.google.com/bot.html)"
66.249.71.219 - - [12/Nov/2008:13:04:44 +0100] "GET /3dsf3/sendi/ HTTP/1.1" 200 1837 "-" "Mozilla/5.0 (compatible; Googlebot/2.1; +http://www.google.com/bot.html)"
64.170.173.163 - - [12/Nov/2008:13:22:51 +0100] "GET /zampa/lybia/index.html HTTP/1.1" 200 3036 "http://www.google.com/search?hl=en&client=firefox-a&rls=org.mozilla:en-US:official&hs=RHu&q=technic+to+teleport&start=10&sa=N" "Mozilla/5.0 (Windows; U; Windows NT 5.1; en-US; rv:1.9.0.3) Gecko/2008092417 Firefox/2.0.0.12;MEGAUPLOAD 1.0"
64.170.173.163 - - [12/Nov/2008:13:22:52 +0100] "GET /zampa/lybia/slike/tele.jpg HTTP/1.1" 200 28022 "http://www.various-euro.com/zampa/lybia/index.html" "Mozilla/5.0 (Windows; U; Windows NT 5.1; en-US; rv:1.9.0.3) Gecko/2008092417 Firefox/2.0.0.12;MEGAUPLOAD 1.0"
64.170.173.163 - - [12/Nov/2008:13:22:53 +0100] "GET /favicon.ico HTTP/1.1" 404 2748 "-" "Mozilla/5.0 (Windows; U; Windows NT 5.1; en-US; rv:1.9.0.3) Gecko/2008092417 Firefox/2.0.0.12;MEGAUPLOAD 1.0"
64.170.173.163 - - [12/Nov/2008:13:22:56 +0100] "GET /favicon.ico HTTP/1.1" 404 2748 "-" "Mozilla/5.0 (Windows; U; Windows NT 5.1; en-US; rv:1.9.0.3) Gecko/2008092417 Firefox/2.0.0.12;MEGAUPLOAD 1.0"
118.71.104.186 - - [12/Nov/2008:13:27:44 +0100] "GET /favicon.ico HTTP/1.1" 404 2748 "-" "Mozilla/5.0 (Windows; U; Windows NT 6.0; en-US; rv:1.9.0.3) Gecko/2008092417 Firefox/3.0.3"
74.6.18.219 - - [12/Nov/2008:13:32:55 +0100] "GET /euro.html HTTP/1.0" 404 2748 "-" "Mozilla/5.0 (compatible; Yahoo! Slurp; http://help.yahoo.com/help/us/ysearch/slurp)"
74.6.18.219 - - [12/Nov/2008:13:37:15 +0100] "GET /warez.html HTTP/1.0" 200 9754 "-" "Mozilla/5.0 (compatible; Yahoo! Slurp; http://help.yahoo.com/help/us/ysearch/slurp)"
65.55.211.172 - - [12/Nov/2008:13:47:56 +0100] "GET /robots.txt HTTP/1.1" 200 64 "-" "msnbot/1.1 (+http://search.msn.com/msnbot.htm)"
65.55.211.172 - - [12/Nov/2008:13:47:56 +0100] "GET /3dsf3/sendi/communication.html HTTP/1.1" 200 1331 "-" "msnbot/1.1 (+http://search.msn.com/msnbot.htm)"
65.55.211.173 - - [12/Nov/2008:13:53:51 +0100] "GET /robots.txt HTTP/1.1" 200 64 "-" "msnbot/1.1 (+http://search.msn.com/msnbot.htm)"
65.55.211.173 - - [12/Nov/2008:13:53:51 +0100] "GET /neon/euro.html HTTP/1.1" 200 2212 "-" "msnbot/1.1 (+http://search.msn.com/msnbot.htm)"
220.181.61.232 - - [12/Nov/2008:14:42:19 +0100] "GET / HTTP/1.1" 302 353 "-" "Sogou web spider/4.0(+http://www.sogou.com/docs/help/webmasters.htm#07)"
220.181.61.232 - - [12/Nov/2008:14:42:29 +0100] "GET /robots.txt HTTP/1.1" 302 363 "-" "-"
67.195.37.107 - - [12/Nov/2008:15:04:10 +0100] "GET /logs/usage_200710.html HTTP/1.0" 200 110952 "-" "Mozilla/5.0 (compatible; Yahoo! Slurp/3.0; http://help.yahoo.com/help/us/ysearch/slurp)"
66.231.189.124 - - [12/Nov/2008:15:04:28 +0100] "GET /robots.txt HTTP/1.0" 200 64 "-" "Gigabot/3.0 (http://www.gigablast.com/spider.html)"
66.231.189.124 - - [12/Nov/2008:15:04:28 +0100] "GET /f-other.html HTTP/1.0" 200 33189 "-" "Gigabot/3.0 (http://www.gigablast.com/spider.html)"
74.125.16.2 - - [12/Nov/2008:15:13:47 +0100] "GET /schubb/schubb-4.html HTTP/1.1" 200 17746 "http://www.google.com/search?q=www.various-euro.com" "Mozilla/5.0 (Windows; U; Windows NT 5.1; en-US; rv:1.8.0.7) Gecko/20060909 Firefox/1.5.0.7"
74.125.16.2 - - [12/Nov/2008:15:14:17 +0100] "GET /schubb/schubb-2.html HTTP/1.1" 200 16660 "http://www.google.com/search?q=www.various-euro.com" "Mozilla/5.0 (Windows; U; Windows NT 5.1; en-US; rv:1.8.0.7) Gecko/20060909 Firefox/1.5.0.7"
65.55.211.173 - - [12/Nov/2008:15:21:37 +0100] "GET /f-net.html HTTP/1.1" 200 9913 "-" "msnbot/1.1 (+http://search.msn.com/msnbot.htm)"
74.6.18.219 - - [12/Nov/2008:16:04:20 +0100] "GET /neon/warning2..html HTTP/1.0" 200 456 "-" "Mozilla/5.0 (compatible; Yahoo! Slurp; http://help.yahoo.com/help/us/ysearch/slurp)"
74.6.18.219 - - [12/Nov/2008:16:17:21 +0100] "GET /robots.txt HTTP/1.0" 200 64 "-" "Mozilla/5.0 (compatible; Yahoo! Slurp; http://help.yahoo.com/help/us/ysearch/slurp)"
219.234.81.41 - - [12/Nov/2008:16:27:06 +0100] "GET / HTTP/1.1" 200 7869 "-" "Sogou develop spider/4.0(+http://www.sogou.com/docs/help/webmasters.htm#07)"
219.234.81.41 - - [12/Nov/2008:16:27:09 +0100] "GET / HTTP/1.1" 200 7869 "-" "Sogou develop spider/4.0(+http://www.sogou.com/docs/help/webmasters.htm#07)"
219.234.81.41 - - [12/Nov/2008:16:27:14 +0100] "GET / HTTP/1.1" 200 7869 "-" "Sogou develop spider/4.0(+http://www.sogou.com/docs/help/webmasters.htm#07)"
67.195.37.107 - - [12/Nov/2008:16:43:04 +0100] "GET /f-search.html HTTP/1.0" 200 11800 "-" "Mozilla/5.0 (compatible; Yahoo! Slurp; http://help.yahoo.com/help/us/ysearch/slurp)"
74.6.22.173 - - [12/Nov/2008:17:02:29 +0100] "GET /robots.txt HTTP/1.0" 200 64 "-" "Mozilla/5.0 (compatible; Yahoo! Slurp; http://help.yahoo.com/help/us/ysearch/slurp)"
74.6.22.173 - - [12/Nov/2008:17:02:31 +0100] "GET /schubb/schubb-2.html HTTP/1.0" 200 16660 "-" "Mozilla/5.0 (compatible; Yahoo! Slurp; http://help.yahoo.com/help/us/ysearch/slurp)"
65.55.211.175 - - [12/Nov/2008:17:06:39 +0100] "GET /robots.txt HTTP/1.1" 200 64 "-" "msnbot/1.1 (+http://search.msn.com/msnbot.htm)"
65.55.211.175 - - [12/Nov/2008:17:06:40 +0100] "GET /neon/girlz3.html HTTP/1.1" 200 2479 "-" "msnbot/1.1 (+http://search.msn.com/msnbot.htm)"
65.55.211.181 - - [12/Nov/2008:17:10:18 +0100] "GET /robots.txt HTTP/1.1" 200 64 "-" "msnbot/1.1 (+http://search.msn.com/msnbot.htm)"
65.55.211.181 - - [12/Nov/2008:17:10:19 +0100] "GET /framez-girlz.html HTTP/1.1" 200 4271 "-" "msnbot/1.1 (+http://search.msn.com/msnbot.htm)"
66.235.124.7 - - [12/Nov/2008:17:22:09 +0100] "GET / HTTP/1.0" 200 7869 "-" "Mozilla/5.0 (compatible; Ask Jeeves/Teoma; +http://about.ask.com/en/docs/about/webmasters.shtml)"
74.6.22.173 - - [12/Nov/2008:17:31:58 +0100] "GET /zampa/wonderland/index.html HTTP/1.0" 200 2084 "-" "Mozilla/5.0 (compatible; Yahoo! Slurp; http://help.yahoo.com/help/us/ysearch/slurp)"
67.195.37.107 - - [12/Nov/2008:17:38:40 +0100] "GET /f-horrorkatze.html HTTP/1.0" 200 7865 "-" "Mozilla/5.0 (compatible; Yahoo! Slurp; http://help.yahoo.com/help/us/ysearch/slurp)"
65.55.211.181 - - [12/Nov/2008:17:42:08 +0100] "GET /robots.txt HTTP/1.1" 200 64 "-" "msnbot/1.0 (+http://search.msn.com/msnbot.htm)"
65.55.211.181 - - [12/Nov/2008:17:42:09 +0100] "GET /frame-menu.html HTTP/1.1" 200 10536 "-" "msnbot/1.0 (+http://search.msn.com/msnbot.htm)"
65.55.211.181 - - [12/Nov/2008:17:42:10 +0100] "GET /neon/girlz2.html HTTP/1.1" 200 2937 "-" "msnbot/1.0 (+http://search.msn.com/msnbot.htm)"
65.55.211.181 - - [12/Nov/2008:17:42:10 +0100] "GET /frame-unten.html HTTP/1.1" 200 5308 "-" "msnbot/1.0 (+http://search.msn.com/msnbot.htm)"
67.195.37.107 - - [12/Nov/2008:18:30:45 +0100] "GET /robots.txt HTTP/1.0" 200 64 "-" "Mozilla/5.0 (compatible; Yahoo! Slurp; http://help.yahoo.com/help/us/ysearch/slurp)"
67.195.37.107 - - [12/Nov/2008:18:30:45 +0100] "GET /f-world.html HTTP/1.0" 200 35590 "-" "Mozilla/5.0 (compatible; Yahoo! Slurp/3.0; http://help.yahoo.com/help/us/ysearch/slurp)"
82.99.30.13 - - [12/Nov/2008:18:54:51 +0100] "GET /3dsf3/sendi/animals.html HTTP/1.0" 200 1422 "-" "Mozilla/4.0 (compatible; MSIE 6.0; Windows NT 5.1)"
82.99.30.13 - - [12/Nov/2008:18:58:44 +0100] "GET /3dsf3/sendi/sacrifice.html HTTP/1.0" 200 1309 "-" "Mozilla/4.0 (compatible; MSIE 6.0; Windows NT 5.1)"
82.99.30.55 - - [12/Nov/2008:19:00:40 +0100] "GET /3dsf3/sendi/rituals.html HTTP/1.0" 200 1411 "-" "Mozilla/4.0 (compatible; MSIE 6.0; Windows NT 5.1)"
82.99.30.24 - - [12/Nov/2008:19:01:54 +0100] "GET /3dsf3/sendi/hyperreality.html HTTP/1.0" 200 1436 "-" "Mozilla/4.0 (compatible; MSIE 6.0; Windows NT 5.1)"
82.99.30.44 - - [12/Nov/2008:19:02:55 +0100] "GET /3dsf3/sendi/connection.html HTTP/1.0" 200 1336 "-" "Mozilla/4.0 (compatible; MSIE 6.0; Windows NT 5.1)"
208.80.194.30 - - [12/Nov/2008:19:03:09 +0100] "GET / HTTP/1.0" 200 7869 "-" "Mozilla/4.0 (compatible; MSIE 6.0; Windows NT 5.1; SV1; .NET CLR 1.1.4322; SpamBlockerUtility 4.7.1; .NET CLR 2.0.50727)"
208.80.194.30 - - [12/Nov/2008:19:03:09 +0100] "GET / HTTP/1.0" 200 7869 "-" "Mozilla/4.0 (compatible; MSIE 6.0; Windows NT 5.0; VZ_IE6; .NET CLR 1.1.4322; .NET CLR 2.0.50727)"
82.99.30.9 - - [12/Nov/2008:19:08:01 +0100] "GET /menue.html HTTP/1.0" 404 2748 "-" "Mozilla/4.0 (compatible; MSIE 6.0; Windows NT 5.1)"
91.205.124.4 - - [12/Nov/2008:19:09:43 +0100] "GET /robots.txt HTTP/1.1" 200 64 "-" "Yanga WorldSearch Bot v1.1/beta (http://www.yanga.co.uk/)"
91.205.124.4 - - [12/Nov/2008:19:09:43 +0100] "GET /framez-rez.html HTTP/1.1" 200 4323 "-" "Yanga WorldSearch Bot v1.1/beta (http://www.yanga.co.uk/)"
82.99.30.50 - - [12/Nov/2008:19:10:09 +0100] "GET /euro.html HTTP/1.0" 404 2748 "-" "Mozilla/4.0 (compatible; MSIE 6.0; Windows NT 5.1)"
82.99.30.65 - - [12/Nov/2008:19:13:24 +0100] "GET /web.html HTTP/1.0" 404 2748 "-" "Mozilla/4.0 (compatible; MSIE 6.0; Windows NT 5.1)"
82.99.30.62 - - [12/Nov/2008:19:16:16 +0100] "GET /logz_old.html HTTP/1.0" 404 2748 "-" "Mozilla/4.0 (compatible; MSIE 6.0; Windows NT 5.1)"
82.99.30.23 - - [12/Nov/2008:19:17:56 +0100] "GET /bannnerz.html HTTP/1.0" 404 2748 "-" "Mozilla/4.0 (compatible; MSIE 6.0; Windows NT 5.1)"
82.99.30.11 - - [12/Nov/2008:19:22:12 +0100] "GET /net.html HTTP/1.0" 404 2748 "-" "Mozilla/4.0 (compatible; MSIE 6.0; Windows NT 5.1)"
67.195.37.107 - - [12/Nov/2008:19:23:48 +0100] "GET /bmpp/euro_pal_111.html HTTP/1.0" 200 2129 "-" "Mozilla/5.0 (compatible; Yahoo! Slurp/3.0; http://help.yahoo.com/help/us/ysearch/slurp)"
74.6.22.173 - - [12/Nov/2008:19:24:35 +0100] "GET /logs/usage_200703.html HTTP/1.0" 200 108444 "-" "Mozilla/5.0 (compatible; Yahoo! Slurp; http://help.yahoo.com/help/us/ysearch/slurp)"
82.99.30.70 - - [12/Nov/2008:19:24:42 +0100] "GET /logs/usage_200703.html HTTP/1.0" 200 108444 "-" "Mozilla/4.0 (compatible; MSIE 6.0; Windows NT 5.1)"
82.99.30.26 - - [12/Nov/2008:19:25:51 +0100] "GET /logs/usage_200702.html HTTP/1.0" 200 107861 "-" "Mozilla/4.0 (compatible; MSIE 6.0; Windows NT 5.1)"
82.99.30.46 - - [12/Nov/2008:19:28:42 +0100] "GET /logs/usage_200701.html HTTP/1.0" 200 109268 "-" "Mozilla/4.0 (compatible; MSIE 6.0; Windows NT 5.1)"
82.99.30.50 - - [12/Nov/2008:19:30:47 +0100] "GET /neon/warning.html HTTP/1.0" 200 5134 "-" "Mozilla/4.0 (compatible; MSIE 6.0; Windows NT 5.1)"
82.99.30.25 - - [12/Nov/2008:19:31:58 +0100] "GET /bmpp/18_x.html HTTP/1.0" 200 1100 "-" "Mozilla/4.0 (compatible; MSIE 6.0; Windows NT 5.1)"
82.99.30.29 - - [12/Nov/2008:19:32:44 +0100] "GET /framez_0.html HTTP/1.0" 200 12444 "-" "Mozilla/4.0 (compatible; MSIE 6.0; Windows NT 5.1)"
82.99.30.37 - - [12/Nov/2008:19:41:14 +0100] "GET /neon/biggtani.html HTTP/1.0" 200 1698 "-" "Mozilla/4.0 (compatible; MSIE 6.0; Windows NT 5.1)"
88.191.97.89 - - [12/Nov/2008:20:14:55 +0100] "GET /robots.txt HTTP/1.0" 200 64 "http://www.various-euro.com/" "Mozilla/4.0 (compatible; MSIE 6.0; Windows NT 5.1)"
74.6.22.173 - - [12/Nov/2008:20:30:10 +0100] "GET /zampa/montenegro/SEKAW.html HTTP/1.0" 200 860 "-" "Mozilla/5.0 (compatible; Yahoo! Slurp; http://help.yahoo.com/help/us/ysearch/slurp)"
67.195.37.107 - - [12/Nov/2008:20:30:17 +0100] "GET /neon/code.html HTTP/1.0" 200 1109 "-" "Mozilla/5.0 (compatible; Yahoo! Slurp/3.0; http://help.yahoo.com/help/us/ysearch/slurp)"
65.55.211.173 - - [12/Nov/2008:20:35:29 +0100] "GET /schubb/schubb-1.html HTTP/1.1" 200 9070 "-" "msnbot/1.1 (+http://search.msn.com/msnbot.htm)"
74.6.17.185 - - [12/Nov/2008:20:39:29 +0100] "GET /robots.txt HTTP/1.0" 302 363 "-" "Mozilla/5.0 (compatible; Yahoo! Slurp; http://help.yahoo.com/help/us/ysearch/slurp)"
74.6.17.185 - - [12/Nov/2008:20:39:29 +0100] "GET /zampa/robots.txt HTTP/1.0" 404 2748 "-" "Mozilla/5.0 (compatible; Yahoo! Slurp; http://help.yahoo.com/help/us/ysearch/slurp)"
74.6.17.185 - - [12/Nov/2008:20:39:30 +0100] "GET / HTTP/1.0" 302 353 "-" "Mozilla/5.0 (compatible; Yahoo! Slurp; http://help.yahoo.com/help/us/ysearch/slurp)"
74.6.22.173 - - [12/Nov/2008:20:39:30 +0100] "GET /zampa/ HTTP/1.0" 200 7153 "-" "Mozilla/5.0 (compatible; Yahoo! Slurp; http://help.yahoo.com/help/us/ysearch/slurp)"
79.85.225.189 - - [12/Nov/2008:20:48:38 +0100] "GET / HTTP/1.1" 200 7869 "http://lovecounter.38degres.net/" "Mozilla/5.0 (Windows; U; Windows NT 5.1; fr; rv:1.9.0.3) Gecko/2008092417 Firefox/3.0.3"
79.85.225.189 - - [12/Nov/2008:20:48:38 +0100] "GET /ve-icon-2.ico HTTP/1.1" 200 2238 "-" "Mozilla/5.0 (Windows; U; Windows NT 5.1; fr; rv:1.9.0.3) Gecko/2008092417 Firefox/3.0.3"
79.85.225.189 - - [12/Nov/2008:20:48:38 +0100] "GET /style/various-euro.css HTTP/1.1" 200 3437 "http://www.various-euro.com/" "Mozilla/5.0 (Windows; U; Windows NT 5.1; fr; rv:1.9.0.3) Gecko/2008092417 Firefox/3.0.3"
79.85.225.189 - - [12/Nov/2008:20:48:38 +0100] "GET /framez_0.html HTTP/1.1" 200 12444 "http://www.various-euro.com/" "Mozilla/5.0 (Windows; U; Windows NT 5.1; fr; rv:1.9.0.3) Gecko/2008092417 Firefox/3.0.3"
79.85.225.189 - - [12/Nov/2008:20:48:41 +0100] "GET /framez.html HTTP/1.1" 200 3959 "http://www.various-euro.com/framez_0.html" "Mozilla/5.0 (Windows; U; Windows NT 5.1; fr; rv:1.9.0.3) Gecko/2008092417 Firefox/3.0.3"
79.85.225.189 - - [12/Nov/2008:20:48:41 +0100] "GET /frame-menu.html HTTP/1.1" 200 10536 "http://www.various-euro.com/framez.html" "Mozilla/5.0 (Windows; U; Windows NT 5.1; fr; rv:1.9.0.3) Gecko/2008092417 Firefox/3.0.3"
79.85.225.189 - - [12/Nov/2008:20:48:41 +0100] "GET /frame-unten.html HTTP/1.1" 200 5308 "http://www.various-euro.com/framez.html" "Mozilla/5.0 (Windows; U; Windows NT 5.1; fr; rv:1.9.0.3) Gecko/2008092417 Firefox/3.0.3"
79.85.225.189 - - [12/Nov/2008:20:48:41 +0100] "GET /frame-inhalt.html HTTP/1.1" 200 5418 "http://www.various-euro.com/framez.html" "Mozilla/5.0 (Windows; U; Windows NT 5.1; fr; rv:1.9.0.3) Gecko/2008092417 Firefox/3.0.3"
79.85.225.189 - - [12/Nov/2008:20:48:41 +0100] "GET /bannerz/ve.jpg HTTP/1.1" 200 36912 "http://www.various-euro.com/frame-unten.html" "Mozilla/5.0 (Windows; U; Windows NT 5.1; fr; rv:1.9.0.3) Gecko/2008092417 Firefox/3.0.3"
79.85.225.189 - - [12/Nov/2008:20:48:41 +0100] "GET /bannerz/various-euro-girl.jpg HTTP/1.1" 200 91514 "http://www.various-euro.com/frame-unten.html" "Mozilla/5.0 (Windows; U; Windows NT 5.1; fr; rv:1.9.0.3) Gecko/2008092417 Firefox/3.0.3"
79.85.225.189 - - [12/Nov/2008:20:48:42 +0100] "GET /bannerz/neon_click_3.gif HTTP/1.1" 200 240 "http://www.various-euro.com/frame-inhalt.html" "Mozilla/5.0 (Windows; U; Windows NT 5.1; fr; rv:1.9.0.3) Gecko/2008092417 Firefox/3.0.3"
79.85.225.189 - - [12/Nov/2008:20:48:42 +0100] "GET /eurosign3.gif HTTP/1.1" 200 7879 "http://www.various-euro.com/frame-inhalt.html" "Mozilla/5.0 (Windows; U; Windows NT 5.1; fr; rv:1.9.0.3) Gecko/2008092417 Firefox/3.0.3"
79.85.225.189 - - [12/Nov/2008:20:48:42 +0100] "GET /bannerz/neon_click_1.gif HTTP/1.1" 200 890 "http://www.various-euro.com/frame-inhalt.html" "Mozilla/5.0 (Windows; U; Windows NT 5.1; fr; rv:1.9.0.3) Gecko/2008092417 Firefox/3.0.3"
79.85.225.189 - - [12/Nov/2008:20:48:42 +0100] "GET /bannerz/neon_click_2.gif HTTP/1.1" 200 387 "http://www.various-euro.com/frame-inhalt.html" "Mozilla/5.0 (Windows; U; Windows NT 5.1; fr; rv:1.9.0.3) Gecko/2008092417 Firefox/3.0.3"
79.85.225.189 - - [12/Nov/2008:20:48:42 +0100] "GET /bannerz/goolag_468.jpg HTTP/1.1" 200 28285 "http://www.various-euro.com/frame-inhalt.html" "Mozilla/5.0 (Windows; U; Windows NT 5.1; fr; rv:1.9.0.3) Gecko/2008092417 Firefox/3.0.3"
79.85.225.189 - - [12/Nov/2008:20:48:43 +0100] "GET /bannerz/douwil.gif HTTP/1.1" 200 528 "http://www.various-euro.com/frame-inhalt.html" "Mozilla/5.0 (Windows; U; Windows NT 5.1; fr; rv:1.9.0.3) Gecko/2008092417 Firefox/3.0.3"
79.85.225.189 - - [12/Nov/2008:20:48:43 +0100] "GET /bannerz/google/Logo_40blk.gif HTTP/1.1" 200 2308 "http://www.various-euro.com/frame-inhalt.html" "Mozilla/5.0 (Windows; U; Windows NT 5.1; fr; rv:1.9.0.3) Gecko/2008092417 Firefox/3.0.3"
79.85.225.189 - - [12/Nov/2008:20:48:43 +0100] "GET /bannerz/copyleft_black_small.gif HTTP/1.1" 200 1231 "http://www.various-euro.com/frame-inhalt.html" "Mozilla/5.0 (Windows; U; Windows NT 5.1; fr; rv:1.9.0.3) Gecko/2008092417 Firefox/3.0.3"
79.85.225.189 - - [12/Nov/2008:20:48:43 +0100] "GET /bannerz/anti_black_small.gif HTTP/1.1" 200 1009 "http://www.various-euro.com/frame-inhalt.html" "Mozilla/5.0 (Windows; U; Windows NT 5.1; fr; rv:1.9.0.3) Gecko/2008092417 Firefox/3.0.3"
79.85.225.189 - - [12/Nov/2008:20:48:43 +0100] "GET /bannerz/wet.gif HTTP/1.1" 200 18561 "http://www.various-euro.com/frame-inhalt.html" "Mozilla/5.0 (Windows; U; Windows NT 5.1; fr; rv:1.9.0.3) Gecko/2008092417 Firefox/3.0.3"
74.6.22.173 - - [12/Nov/2008:21:51:36 +0100] "GET /neon/girlz2.html HTTP/1.0" 200 2937 "-" "Mozilla/5.0 (compatible; Yahoo! Slurp; http://help.yahoo.com/help/us/ysearch/slurp)"
65.55.211.173 - - [12/Nov/2008:22:10:29 +0100] "GET /robots.txt HTTP/1.1" 200 64 "-" "msnbot/1.1 (+http://search.msn.com/msnbot.htm)"
65.55.211.173 - - [12/Nov/2008:22:10:29 +0100] "GET /f-actions.html HTTP/1.1" 200 10429 "-" "msnbot/1.1 (+http://search.msn.com/msnbot.htm)"
64.1.215.165 - - [12/Nov/2008:22:45:20 +0100] "GET /robots.txt HTTP/1.0" 200 64 "-" "Mozilla/5.0 (Twiceler-0.9 http://www.cuil.com/twiceler/robot.html)"
208.36.144.10 - - [12/Nov/2008:23:00:46 +0100] "GET /robots.txt HTTP/1.0" 200 64 "-" "Mozilla/5.0 (Twiceler-0.9 http://www.cuil.com/twiceler/robot.html)"
67.195.37.107 - - [12/Nov/2008:23:11:58 +0100] "GET /schubb/schubb-2.html HTTP/1.0" 200 16660 "-" "Mozilla/5.0 (compatible; Yahoo! Slurp; http://help.yahoo.com/help/us/ysearch/slurp)"
66.249.71.218 - - [12/Nov/2008:23:32:43 +0100] "GET /logs/ HTTP/1.1" 200 10079 "-" "Mozilla/5.0 (compatible; Googlebot/2.1; +http://www.google.com/bot.html)"
66.249.71.219 - - [13/Nov/2008:00:14:57 +0100] "GET /robots.txt HTTP/1.1" 200 64 "-" "Mozilla/5.0 (compatible; Googlebot/2.1; +http://www.google.com/bot.html)"
66.249.71.219 - - [13/Nov/2008:00:14:58 +0100] "GET /net.html HTTP/1.1" 404 2748 "-" "Mozilla/5.0 (compatible; Googlebot/2.1; +http://www.google.com/bot.html)"
66.249.71.217 - - [13/Nov/2008:00:21:59 +0100] "GET /robots.txt HTTP/1.1" 200 64 "-" "Mozilla/5.0 (compatible; Googlebot/2.1; +http://www.google.com/bot.html)"
66.249.71.218 - - [13/Nov/2008:00:29:54 +0100] "GET /framez.html HTTP/1.1" 200 3959 "-" "Mozilla/5.0 (compatible; Googlebot/2.1; +http://www.google.com/bot.html)"
66.249.71.219 - - [13/Nov/2008:00:32:36 +0100] "GET / HTTP/1.1" 200 7869 "-" "Mozilla/5.0 (compatible; Googlebot/2.1; +http://www.google.com/bot.html)"
65.55.211.164 - - [13/Nov/2008:00:40:50 +0100] "GET /robots.txt HTTP/1.1" 200 64 "-" "msnbot/1.1 (+http://search.msn.com/msnbot.htm)"
65.55.211.164 - - [13/Nov/2008:00:40:50 +0100] "GET /framez_0.html HTTP/1.1" 200 12444 "-" "msnbot/1.1 (+http://search.msn.com/msnbot.htm)"
193.252.149.15 - - [13/Nov/2008:00:45:53 +0100] "GET /f-channel1.html HTTP/1.1" 200 8471 "-" "Mozilla/5.0 (Windows; U; Windows NT 5.1; fr; rv:1.8.1) VoilaBot BETA 1.2 (support.voilabot@orange-ftgroup.com)"
81.52.143.16 - - [13/Nov/2008:01:00:57 +0100] "GET /frame-unten.html HTTP/1.1" 200 5308 "-" "Mozilla/5.0 (Windows; U; Windows NT 5.1; fr; rv:1.8.1) VoilaBot BETA 1.2 (support.voilabot@orange-ftgroup.com)"
65.55.211.181 - - [13/Nov/2008:01:17:09 +0100] "GET /robots.txt HTTP/1.1" 200 64 "-" "msnbot/1.1 (+http://search.msn.com/msnbot.htm)"
65.55.211.181 - - [13/Nov/2008:01:17:10 +0100] "GET /bmpp/euro_pal_111.html HTTP/1.1" 200 2129 "-" "msnbot/1.1 (+http://search.msn.com/msnbot.htm)"
65.55.109.234 - - [13/Nov/2008:01:18:09 +0100] "GET /bmpp/euro_pal_111.html HTTP/1.0" 200 2129 "-" "Mozilla/4.0 (compatible; MSIE 6.0; Windows NT 5.2; SV1; .NET CLR 1.1.4322)"
65.55.109.234 - - [13/Nov/2008:01:18:09 +0100] "GET /framez-pal111.html HTTP/1.0" 200 4328 "-" "Mozilla/4.0 (compatible; MSIE 6.0; Windows NT 5.2; SV1; .NET CLR 1.1.4322)"
65.55.109.234 - - [13/Nov/2008:01:18:09 +0100] "GET /bmpp/euro_pal_111.html HTTP/1.0" 200 2129 "http://www.various-euro.com/framez-pal111.html" "Mozilla/4.0 (compatible; MSIE 6.0; Windows NT 5.2; SV1; .NET CLR 1.1.4322)"
65.55.109.234 - - [13/Nov/2008:01:18:09 +0100] "GET /frame-menu.html HTTP/1.0" 200 10536 "http://www.various-euro.com/framez-pal111.html" "Mozilla/4.0 (compatible; MSIE 6.0; Windows NT 5.2; SV1; .NET CLR 1.1.4322)"
65.55.109.234 - - [13/Nov/2008:01:18:09 +0100] "GET /frame-unten.html HTTP/1.0" 200 5308 "http://www.various-euro.com/framez-pal111.html" "Mozilla/4.0 (compatible; MSIE 6.0; Windows NT 5.2; SV1; .NET CLR 1.1.4322)"
65.55.109.234 - - [13/Nov/2008:01:18:09 +0100] "GET /style/various-euro.css HTTP/1.0" 200 3437 "http://www.various-euro.com/frame-menu.html" "Mozilla/4.0 (compatible; MSIE 6.0; Windows NT 5.2; SV1; .NET CLR 1.1.4322)"
65.55.211.181 - - [13/Nov/2008:01:21:44 +0100] "GET /DgH/ HTTP/1.1" 200 5024 "-" "msnbot/1.1 (+http://search.msn.com/msnbot.htm)"
66.249.71.218 - - [13/Nov/2008:01:28:52 +0100] "GET /f-search.html HTTP/1.1" 200 11800 "-" "Mozilla/5.0 (compatible; Googlebot/2.1; +http://www.google.com/bot.html)"
74.6.22.173 - - [13/Nov/2008:01:35:24 +0100] "GET /logs/usage_200707.html HTTP/1.0" 200 110942 "-" "Mozilla/5.0 (compatible; Yahoo! Slurp; http://help.yahoo.com/help/us/ysearch/slurp)"
81.52.143.26 - - [13/Nov/2008:01:35:43 +0100] "GET /f-net.html HTTP/1.1" 200 9913 "-" "Mozilla/5.0 (Windows; U; Windows NT 5.1; fr; rv:1.8.1) VoilaBot BETA 1.2 (support.voilabot@orange-ftgroup.com)"
66.249.71.218 - - [13/Nov/2008:01:52:12 +0100] "GET /frame-menu.html HTTP/1.1" 200 10536 "-" "Mozilla/5.0 (compatible; Googlebot/2.1; +http://www.google.com/bot.html)"
66.249.71.219 - - [13/Nov/2008:01:56:44 +0100] "GET /frame-inhalt.html HTTP/1.1" 200 5418 "-" "Mozilla/5.0 (compatible; Googlebot/2.1; +http://www.google.com/bot.html)"
66.249.71.5 - - [13/Nov/2008:02:02:04 +0100] "GET /robots.txt HTTP/1.1" 302 363 "-" "Mozilla/5.0 (compatible; Googlebot/2.1; +http://www.google.com/bot.html)"
66.249.71.217 - - [13/Nov/2008:02:02:04 +0100] "GET /zampa/robots.txt HTTP/1.1" 404 2748 "-" "Mozilla/5.0 (compatible; Googlebot/2.1; +http://www.google.com/bot.html)"
66.249.71.5 - - [13/Nov/2008:02:02:04 +0100] "GET / HTTP/1.1" 302 353 "-" "Mozilla/5.0 (compatible; Googlebot/2.1; +http://www.google.com/bot.html)"
66.249.71.217 - - [13/Nov/2008:02:02:04 +0100] "GET /zampa/ HTTP/1.1" 200 7153 "-" "Mozilla/5.0 (compatible; Googlebot/2.1; +http://www.google.com/bot.html)"
66.249.71.218 - - [13/Nov/2008:02:06:16 +0100] "GET /frame-unten.html HTTP/1.1" 200 5308 "-" "Mozilla/5.0 (compatible; Googlebot/2.1; +http://www.google.com/bot.html)"
66.249.71.217 - - [13/Nov/2008:02:09:10 +0100] "GET /framez.html HTTP/1.1" 200 3959 "-" "Mozilla/5.0 (compatible; Googlebot/2.1; +http://www.google.com/bot.html)"
66.249.71.219 - - [13/Nov/2008:02:16:23 +0100] "GET /framez-schubb3.html HTTP/1.1" 200 4317 "-" "Mozilla/5.0 (compatible; Googlebot/2.1; +http://www.google.com/bot.html)"
193.252.149.16 - - [13/Nov/2008:02:30:45 +0100] "GET / HTTP/1.1" 200 7869 "-" "Mozilla/5.0 (Windows; U; Windows NT 5.1; fr; rv:1.8.1) VoilaBot BETA 1.2 (support.voilabot@orange-ftgroup.com)"
67.195.37.107 - - [13/Nov/2008:03:04:21 +0100] "GET /zampa-lovers/index.html HTTP/1.0" 200 37790 "-" "Mozilla/5.0 (compatible; Yahoo! Slurp; http://help.yahoo.com/help/us/ysearch/slurp)"
74.6.22.173 - - [13/Nov/2008:03:08:30 +0100] "GET /robots.txt HTTP/1.0" 200 64 "-" "Mozilla/5.0 (compatible; Yahoo! Slurp; http://help.yahoo.com/help/us/ysearch/slurp)"
74.6.22.173 - - [13/Nov/2008:03:08:31 +0100] "GET / HTTP/1.0" 200 7869 "-" "Mozilla/5.0 (compatible; Yahoo! Slurp; http://help.yahoo.com/help/us/ysearch/slurp)"
173.3.3.17 - - [13/Nov/2008:03:09:37 +0100] "GET /bmpp/18.html HTTP/1.1" 200 4467 "http://www.google.com/search?hl=en&q=you+must+be+18+years+of+age" "Mozilla/4.0 (compatible; MSIE 7.0; Windows NT 6.0; WOW64; SLCC1; .NET CLR 2.0.50727; .NET CLR 3.0.04506; Media Center PC 5.0; Zune 3.0)"
173.3.3.17 - - [13/Nov/2008:03:09:37 +0100] "GET /bmpp/Bilder/18_02.png HTTP/1.1" 200 289 "http://www.various-euro.com/bmpp/18.html" "Mozilla/4.0 (compatible; MSIE 7.0; Windows NT 6.0; WOW64; SLCC1; .NET CLR 2.0.50727; .NET CLR 3.0.04506; Media Center PC 5.0; Zune 3.0)"
173.3.3.17 - - [13/Nov/2008:03:09:37 +0100] "GET /bmpp/Bilder/18_01.png HTTP/1.1" 200 1118 "http://www.various-euro.com/bmpp/18.html" "Mozilla/4.0 (compatible; MSIE 7.0; Windows NT 6.0; WOW64; SLCC1; .NET CLR 2.0.50727; .NET CLR 3.0.04506; Media Center PC 5.0; Zune 3.0)"
173.3.3.17 - - [13/Nov/2008:03:09:37 +0100] "GET /bmpp/Bilder/18_03.png HTTP/1.1" 200 574 "http://www.various-euro.com/bmpp/18.html" "Mozilla/4.0 (compatible; MSIE 7.0; Windows NT 6.0; WOW64; SLCC1; .NET CLR 2.0.50727; .NET CLR 3.0.04506; Media Center PC 5.0; Zune 3.0)"
173.3.3.17 - - [13/Nov/2008:03:09:38 +0100] "GET /bmpp/Bilder/18_04.png HTTP/1.1" 200 289 "http://www.various-euro.com/bmpp/18.html" "Mozilla/4.0 (compatible; MSIE 7.0; Windows NT 6.0; WOW64; SLCC1; .NET CLR 2.0.50727; .NET CLR 3.0.04506; Media Center PC 5.0; Zune 3.0)"
173.3.3.17 - - [13/Nov/2008:03:09:38 +0100] "GET /bmpp/Bilder/18_05.png HTTP/1.1" 200 407 "http://www.various-euro.com/bmpp/18.html" "Mozilla/4.0 (compatible; MSIE 7.0; Windows NT 6.0; WOW64; SLCC1; .NET CLR 2.0.50727; .NET CLR 3.0.04506; Media Center PC 5.0; Zune 3.0)"
173.3.3.17 - - [13/Nov/2008:03:09:38 +0100] "GET /bmpp/Bilder/18_06.png HTTP/1.1" 200 289 "http://www.various-euro.com/bmpp/18.html" "Mozilla/4.0 (compatible; MSIE 7.0; Windows NT 6.0; WOW64; SLCC1; .NET CLR 2.0.50727; .NET CLR 3.0.04506; Media Center PC 5.0; Zune 3.0)"
173.3.3.17 - - [13/Nov/2008:03:09:38 +0100] "GET /bmpp/Bilder/18_07.png HTTP/1.1" 200 417 "http://www.various-euro.com/bmpp/18.html" "Mozilla/4.0 (compatible; MSIE 7.0; Windows NT 6.0; WOW64; SLCC1; .NET CLR 2.0.50727; .NET CLR 3.0.04506; Media Center PC 5.0; Zune 3.0)"
173.3.3.17 - - [13/Nov/2008:03:09:38 +0100] "GET /bmpp/Bilder/18_08.png HTTP/1.1" 200 289 "http://www.various-euro.com/bmpp/18.html" "Mozilla/4.0 (compatible; MSIE 7.0; Windows NT 6.0; WOW64; SLCC1; .NET CLR 2.0.50727; .NET CLR 3.0.04506; Media Center PC 5.0; Zune 3.0)"
173.3.3.17 - - [13/Nov/2008:03:09:38 +0100] "GET /bmpp/Bilder/18_09.png HTTP/1.1" 200 417 "http://www.various-euro.com/bmpp/18.html" "Mozilla/4.0 (compatible; MSIE 7.0; Windows NT 6.0; WOW64; SLCC1; .NET CLR 2.0.50727; .NET CLR 3.0.04506; Media Center PC 5.0; Zune 3.0)"
173.3.3.17 - - [13/Nov/2008:03:09:38 +0100] "GET /bmpp/Bilder/18_10.png HTTP/1.1" 200 270 "http://www.various-euro.com/bmpp/18.html" "Mozilla/4.0 (compatible; MSIE 7.0; Windows NT 6.0; WOW64; SLCC1; .NET CLR 2.0.50727; .NET CLR 3.0.04506; Media Center PC 5.0; Zune 3.0)"
173.3.3.17 - - [13/Nov/2008:03:09:38 +0100] "GET /bmpp/Bilder/18_11.png HTTP/1.1" 200 233 "http://www.various-euro.com/bmpp/18.html" "Mozilla/4.0 (compatible; MSIE 7.0; Windows NT 6.0; WOW64; SLCC1; .NET CLR 2.0.50727; .NET CLR 3.0.04506; Media Center PC 5.0; Zune 3.0)"
173.3.3.17 - - [13/Nov/2008:03:09:38 +0100] "GET /bmpp/Bilder/18_12.png HTTP/1.1" 200 595 "http://www.various-euro.com/bmpp/18.html" "Mozilla/4.0 (compatible; MSIE 7.0; Windows NT 6.0; WOW64; SLCC1; .NET CLR 2.0.50727; .NET CLR 3.0.04506; Media Center PC 5.0; Zune 3.0)"
173.3.3.17 - - [13/Nov/2008:03:09:38 +0100] "GET /bmpp/Bilder/18_13.png HTTP/1.1" 200 282 "http://www.various-euro.com/bmpp/18.html" "Mozilla/4.0 (compatible; MSIE 7.0; Windows NT 6.0; WOW64; SLCC1; .NET CLR 2.0.50727; .NET CLR 3.0.04506; Media Center PC 5.0; Zune 3.0)"
173.3.3.17 - - [13/Nov/2008:03:09:38 +0100] "GET /bmpp/Bilder/18_14.png HTTP/1.1" 200 609 "http://www.various-euro.com/bmpp/18.html" "Mozilla/4.0 (compatible; MSIE 7.0; Windows NT 6.0; WOW64; SLCC1; .NET CLR 2.0.50727; .NET CLR 3.0.04506; Media Center PC 5.0; Zune 3.0)"
173.3.3.17 - - [13/Nov/2008:03:09:38 +0100] "GET /bmpp/Bilder/18_15.png HTTP/1.1" 200 524 "http://www.various-euro.com/bmpp/18.html" "Mozilla/4.0 (compatible; MSIE 7.0; Windows NT 6.0; WOW64; SLCC1; .NET CLR 2.0.50727; .NET CLR 3.0.04506; Media Center PC 5.0; Zune 3.0)"
173.3.3.17 - - [13/Nov/2008:03:09:38 +0100] "GET /bmpp/Bilder/18_16.png HTTP/1.1" 200 499 "http://www.various-euro.com/bmpp/18.html" "Mozilla/4.0 (compatible; MSIE 7.0; Windows NT 6.0; WOW64; SLCC1; .NET CLR 2.0.50727; .NET CLR 3.0.04506; Media Center PC 5.0; Zune 3.0)"
173.3.3.17 - - [13/Nov/2008:03:09:39 +0100] "GET /bmpp/Bilder/18_17.png HTTP/1.1" 200 958 "http://www.various-euro.com/bmpp/18.html" "Mozilla/4.0 (compatible; MSIE 7.0; Windows NT 6.0; WOW64; SLCC1; .NET CLR 2.0.50727; .NET CLR 3.0.04506; Media Center PC 5.0; Zune 3.0)"
173.3.3.17 - - [13/Nov/2008:03:09:39 +0100] "GET /bmpp/Bilder/18_18.png HTTP/1.1" 200 453 "http://www.various-euro.com/bmpp/18.html" "Mozilla/4.0 (compatible; MSIE 7.0; Windows NT 6.0; WOW64; SLCC1; .NET CLR 2.0.50727; .NET CLR 3.0.04506; Media Center PC 5.0; Zune 3.0)"
173.3.3.17 - - [13/Nov/2008:03:09:39 +0100] "GET /bmpp/Bilder/18_19.png HTTP/1.1" 200 277 "http://www.various-euro.com/bmpp/18.html" "Mozilla/4.0 (compatible; MSIE 7.0; Windows NT 6.0; WOW64; SLCC1; .NET CLR 2.0.50727; .NET CLR 3.0.04506; Media Center PC 5.0; Zune 3.0)"
173.3.3.17 - - [13/Nov/2008:03:09:39 +0100] "GET /bmpp/Bilder/18_20.png HTTP/1.1" 200 252 "http://www.various-euro.com/bmpp/18.html" "Mozilla/4.0 (compatible; MSIE 7.0; Windows NT 6.0; WOW64; SLCC1; .NET CLR 2.0.50727; .NET CLR 3.0.04506; Media Center PC 5.0; Zune 3.0)"
173.3.3.17 - - [13/Nov/2008:03:09:39 +0100] "GET /bmpp/Bilder/18_21.png HTTP/1.1" 200 253 "http://www.various-euro.com/bmpp/18.html" "Mozilla/4.0 (compatible; MSIE 7.0; Windows NT 6.0; WOW64; SLCC1; .NET CLR 2.0.50727; .NET CLR 3.0.04506; Media Center PC 5.0; Zune 3.0)"
173.3.3.17 - - [13/Nov/2008:03:09:39 +0100] "GET /bmpp/Bilder/18_22.png HTTP/1.1" 200 430 "http://www.various-euro.com/bmpp/18.html" "Mozilla/4.0 (compatible; MSIE 7.0; Windows NT 6.0; WOW64; SLCC1; .NET CLR 2.0.50727; .NET CLR 3.0.04506; Media Center PC 5.0; Zune 3.0)"
173.3.3.17 - - [13/Nov/2008:03:09:39 +0100] "GET /bmpp/Bilder/18_23.png HTTP/1.1" 200 454 "http://www.various-euro.com/bmpp/18.html" "Mozilla/4.0 (compatible; MSIE 7.0; Windows NT 6.0; WOW64; SLCC1; .NET CLR 2.0.50727; .NET CLR 3.0.04506; Media Center PC 5.0; Zune 3.0)"
173.3.3.17 - - [13/Nov/2008:03:09:39 +0100] "GET /bmpp/Bilder/18_24.png HTTP/1.1" 200 353 "http://www.various-euro.com/bmpp/18.html" "Mozilla/4.0 (compatible; MSIE 7.0; Windows NT 6.0; WOW64; SLCC1; .NET CLR 2.0.50727; .NET CLR 3.0.04506; Media Center PC 5.0; Zune 3.0)"
173.3.3.17 - - [13/Nov/2008:03:09:39 +0100] "GET /bmpp/Bilder/18_25.png HTTP/1.1" 200 827 "http://www.various-euro.com/bmpp/18.html" "Mozilla/4.0 (compatible; MSIE 7.0; Windows NT 6.0; WOW64; SLCC1; .NET CLR 2.0.50727; .NET CLR 3.0.04506; Media Center PC 5.0; Zune 3.0)"
173.3.3.17 - - [13/Nov/2008:03:09:39 +0100] "GET /bmpp/Bilder/18_26.png HTTP/1.1" 200 880 "http://www.various-euro.com/bmpp/18.html" "Mozilla/4.0 (compatible; MSIE 7.0; Windows NT 6.0; WOW64; SLCC1; .NET CLR 2.0.50727; .NET CLR 3.0.04506; Media Center PC 5.0; Zune 3.0)"
173.3.3.17 - - [13/Nov/2008:03:09:39 +0100] "GET /bmpp/Bilder/18_27.png HTTP/1.1" 200 854 "http://www.various-euro.com/bmpp/18.html" "Mozilla/4.0 (compatible; MSIE 7.0; Windows NT 6.0; WOW64; SLCC1; .NET CLR 2.0.50727; .NET CLR 3.0.04506; Media Center PC 5.0; Zune 3.0)"
173.3.3.17 - - [13/Nov/2008:03:09:39 +0100] "GET /bmpp/Bilder/18_28.png HTTP/1.1" 200 721 "http://www.various-euro.com/bmpp/18.html" "Mozilla/4.0 (compatible; MSIE 7.0; Windows NT 6.0; WOW64; SLCC1; .NET CLR 2.0.50727; .NET CLR 3.0.04506; Media Center PC 5.0; Zune 3.0)"
173.3.3.17 - - [13/Nov/2008:03:09:39 +0100] "GET /bmpp/Bilder/18_29.png HTTP/1.1" 200 564 "http://www.various-euro.com/bmpp/18.html" "Mozilla/4.0 (compatible; MSIE 7.0; Windows NT 6.0; WOW64; SLCC1; .NET CLR 2.0.50727; .NET CLR 3.0.04506; Media Center PC 5.0; Zune 3.0)"
173.3.3.17 - - [13/Nov/2008:03:09:39 +0100] "GET /bmpp/Bilder/18_30.png HTTP/1.1" 200 233 "http://www.various-euro.com/bmpp/18.html" "Mozilla/4.0 (compatible; MSIE 7.0; Windows NT 6.0; WOW64; SLCC1; .NET CLR 2.0.50727; .NET CLR 3.0.04506; Media Center PC 5.0; Zune 3.0)"
173.3.3.17 - - [13/Nov/2008:03:09:40 +0100] "GET /bmpp/Bilder/18_31.png HTTP/1.1" 200 402 "http://www.various-euro.com/bmpp/18.html" "Mozilla/4.0 (compatible; MSIE 7.0; Windows NT 6.0; WOW64; SLCC1; .NET CLR 2.0.50727; .NET CLR 3.0.04506; Media Center PC 5.0; Zune 3.0)"
173.3.3.17 - - [13/Nov/2008:03:09:40 +0100] "GET /bmpp/Bilder/18_32.png HTTP/1.1" 200 374 "http://www.various-euro.com/bmpp/18.html" "Mozilla/4.0 (compatible; MSIE 7.0; Windows NT 6.0; WOW64; SLCC1; .NET CLR 2.0.50727; .NET CLR 3.0.04506; Media Center PC 5.0; Zune 3.0)"
173.3.3.17 - - [13/Nov/2008:03:09:40 +0100] "GET /bmpp/Bilder/18_33.png HTTP/1.1" 200 398 "http://www.various-euro.com/bmpp/18.html" "Mozilla/4.0 (compatible; MSIE 7.0; Windows NT 6.0; WOW64; SLCC1; .NET CLR 2.0.50727; .NET CLR 3.0.04506; Media Center PC 5.0; Zune 3.0)"
173.3.3.17 - - [13/Nov/2008:03:09:40 +0100] "GET /bmpp/Bilder/18_34.png HTTP/1.1" 200 573 "http://www.various-euro.com/bmpp/18.html" "Mozilla/4.0 (compatible; MSIE 7.0; Windows NT 6.0; WOW64; SLCC1; .NET CLR 2.0.50727; .NET CLR 3.0.04506; Media Center PC 5.0; Zune 3.0)"
173.3.3.17 - - [13/Nov/2008:03:09:40 +0100] "GET /bmpp/Bilder/18_35.png HTTP/1.1" 200 691 "http://www.various-euro.com/bmpp/18.html" "Mozilla/4.0 (compatible; MSIE 7.0; Windows NT 6.0; WOW64; SLCC1; .NET CLR 2.0.50727; .NET CLR 3.0.04506; Media Center PC 5.0; Zune 3.0)"
173.3.3.17 - - [13/Nov/2008:03:09:40 +0100] "GET /bmpp/Bilder/18_36.png HTTP/1.1" 200 557 "http://www.various-euro.com/bmpp/18.html" "Mozilla/4.0 (compatible; MSIE 7.0; Windows NT 6.0; WOW64; SLCC1; .NET CLR 2.0.50727; .NET CLR 3.0.04506; Media Center PC 5.0; Zune 3.0)"
173.3.3.17 - - [13/Nov/2008:03:09:40 +0100] "GET /bmpp/Bilder/18_37.png HTTP/1.1" 200 239 "http://www.various-euro.com/bmpp/18.html" "Mozilla/4.0 (compatible; MSIE 7.0; Windows NT 6.0; WOW64; SLCC1; .NET CLR 2.0.50727; .NET CLR 3.0.04506; Media Center PC 5.0; Zune 3.0)"
173.3.3.17 - - [13/Nov/2008:03:09:40 +0100] "GET /bmpp/Bilder/18_38.png HTTP/1.1" 200 509 "http://www.various-euro.com/bmpp/18.html" "Mozilla/4.0 (compatible; MSIE 7.0; Windows NT 6.0; WOW64; SLCC1; .NET CLR 2.0.50727; .NET CLR 3.0.04506; Media Center PC 5.0; Zune 3.0)"
173.3.3.17 - - [13/Nov/2008:03:09:40 +0100] "GET /bmpp/Bilder/18_39.png HTTP/1.1" 200 733 "http://www.various-euro.com/bmpp/18.html" "Mozilla/4.0 (compatible; MSIE 7.0; Windows NT 6.0; WOW64; SLCC1; .NET CLR 2.0.50727; .NET CLR 3.0.04506; Media Center PC 5.0; Zune 3.0)"
173.3.3.17 - - [13/Nov/2008:03:09:41 +0100] "GET /bmpp/Bilder/18_40.png HTTP/1.1" 200 506 "http://www.various-euro.com/bmpp/18.html" "Mozilla/4.0 (compatible; MSIE 7.0; Windows NT 6.0; WOW64; SLCC1; .NET CLR 2.0.50727; .NET CLR 3.0.04506; Media Center PC 5.0; Zune 3.0)"
173.3.3.17 - - [13/Nov/2008:03:09:41 +0100] "GET /bmpp/Bilder/18_41.png HTTP/1.1" 200 334 "http://www.various-euro.com/bmpp/18.html" "Mozilla/4.0 (compatible; MSIE 7.0; Windows NT 6.0; WOW64; SLCC1; .NET CLR 2.0.50727; .NET CLR 3.0.04506; Media Center PC 5.0; Zune 3.0)"
173.3.3.17 - - [13/Nov/2008:03:09:41 +0100] "GET /bmpp/Bilder/18_42.png HTTP/1.1" 200 286 "http://www.various-euro.com/bmpp/18.html" "Mozilla/4.0 (compatible; MSIE 7.0; Windows NT 6.0; WOW64; SLCC1; .NET CLR 2.0.50727; .NET CLR 3.0.04506; Media Center PC 5.0; Zune 3.0)"
173.3.3.17 - - [13/Nov/2008:03:09:41 +0100] "GET /bmpp/Bilder/18_43.png HTTP/1.1" 200 280 "http://www.various-euro.com/bmpp/18.html" "Mozilla/4.0 (compatible; MSIE 7.0; Windows NT 6.0; WOW64; SLCC1; .NET CLR 2.0.50727; .NET CLR 3.0.04506; Media Center PC 5.0; Zune 3.0)"
173.3.3.17 - - [13/Nov/2008:03:09:41 +0100] "GET /favicon.ico HTTP/1.1" 404 2748 "-" "Mozilla/4.0 (compatible; MSIE 7.0; Windows NT 6.0; WOW64; SLCC1; .NET CLR 2.0.50727; .NET CLR 3.0.04506; Media Center PC 5.0; Zune 3.0)"
66.235.124.61 - - [13/Nov/2008:03:15:56 +0100] "GET /robots.txt HTTP/1.0" 200 64 "-" "Mozilla/5.0 (compatible; Ask Jeeves/Teoma; +http://about.ask.com/en/docs/about/webmasters.shtml)"
66.235.124.61 - - [13/Nov/2008:03:15:56 +0100] "GET /framez-zampa-lovers.html HTTP/1.0" 200 4322 "-" "Mozilla/5.0 (compatible; Ask Jeeves/Teoma; +http://about.ask.com/en/docs/about/webmasters.shtml)"
66.235.124.61 - - [13/Nov/2008:03:15:56 +0100] "GET /frame-menu.html HTTP/1.0" 200 10536 "-" "Mozilla/5.0 (compatible; Ask Jeeves/Teoma; +http://about.ask.com/en/docs/about/webmasters.shtml)"
66.235.124.61 - - [13/Nov/2008:03:15:56 +0100] "GET /zampa-lovers/index.html HTTP/1.0" 200 37790 "-" "Mozilla/5.0 (compatible; Ask Jeeves/Teoma; +http://about.ask.com/en/docs/about/webmasters.shtml)"
66.235.124.61 - - [13/Nov/2008:03:15:57 +0100] "GET /frame-unten.html HTTP/1.0" 200 5308 "-" "Mozilla/5.0 (compatible; Ask Jeeves/Teoma; +http://about.ask.com/en/docs/about/webmasters.shtml)"
67.195.37.107 - - [13/Nov/2008:03:23:56 +0100] "GET /f-actions.html HTTP/1.0" 200 10429 "-" "Mozilla/5.0 (compatible; Yahoo! Slurp/3.0; http://help.yahoo.com/help/us/ysearch/slurp)"
66.235.124.61 - - [13/Nov/2008:03:23:58 +0100] "GET /framez.html HTTP/1.0" 200 3959 "-" "Mozilla/5.0 (compatible; Ask Jeeves/Teoma; +http://about.ask.com/en/docs/about/webmasters.shtml)"
66.235.124.61 - - [13/Nov/2008:03:23:59 +0100] "GET /framez.html HTTP/1.0" 200 3959 "-" "Mozilla/5.0 (compatible; Ask Jeeves/Teoma; +http://about.ask.com/en/docs/about/webmasters.shtml)"
66.235.124.61 - - [13/Nov/2008:03:23:59 +0100] "GET /frame-inhalt.html HTTP/1.0" 200 5418 "-" "Mozilla/5.0 (compatible; Ask Jeeves/Teoma; +http://about.ask.com/en/docs/about/webmasters.shtml)"
81.52.143.26 - - [13/Nov/2008:03:30:34 +0100] "GET /robots.txt HTTP/1.1" 200 64 "-" "Mozilla/5.0 (Windows; U; Windows NT 5.1; fr; rv:1.8.1) VoilaBot BETA 1.2 (support.voilabot@orange-ftgroup.com)"
81.52.143.26 - - [13/Nov/2008:03:30:44 +0100] "GET /warez.html HTTP/1.1" 200 9754 "-" "Mozilla/5.0 (Windows; U; Windows NT 5.1; fr; rv:1.8.1) VoilaBot BETA 1.2 (support.voilabot@orange-ftgroup.com)"
193.252.149.16 - - [13/Nov/2008:03:32:13 +0100] "GET /framez.html HTTP/1.1" 200 3959 "-" "Mozilla/5.0 (Windows; U; Windows NT 5.1; fr; rv:1.8.1) VoilaBot BETA 1.2 (support.voilabot@orange-ftgroup.com)"
193.252.149.16 - - [13/Nov/2008:03:32:31 +0100] "GET /frame-inhalt.html HTTP/1.1" 200 5418 "-" "Mozilla/5.0 (Windows; U; Windows NT 5.1; fr; rv:1.8.1) VoilaBot BETA 1.2 (support.voilabot@orange-ftgroup.com)"
193.252.149.16 - - [13/Nov/2008:03:32:31 +0100] "GET /frame-menu.html HTTP/1.1" 200 10536 "-" "Mozilla/5.0 (Windows; U; Windows NT 5.1; fr; rv:1.8.1) VoilaBot BETA 1.2 (support.voilabot@orange-ftgroup.com)"
193.252.149.16 - - [13/Nov/2008:03:32:31 +0100] "GET /frame-unten.html HTTP/1.1" 200 5308 "-" "Mozilla/5.0 (Windows; U; Windows NT 5.1; fr; rv:1.8.1) VoilaBot BETA 1.2 (support.voilabot@orange-ftgroup.com)"
74.6.22.173 - - [13/Nov/2008:03:38:12 +0100] "GET /world.html HTTP/1.0" 200 16295 "-" "Mozilla/5.0 (compatible; Yahoo! Slurp; http://help.yahoo.com/help/us/ysearch/slurp)"
65.55.211.171 - - [13/Nov/2008:03:48:57 +0100] "GET /robots.txt HTTP/1.1" 200 64 "-" "msnbot/1.1 (+http://search.msn.com/msnbot.htm)"
65.55.211.171 - - [13/Nov/2008:03:48:57 +0100] "GET / HTTP/1.1" 200 7869 "-" "msnbot/1.1 (+http://search.msn.com/msnbot.htm)"
67.195.37.107 - - [13/Nov/2008:03:55:46 +0100] "GET /schubb/schubb-5.html HTTP/1.0" 200 72944 "-" "Mozilla/5.0 (compatible; Yahoo! Slurp/3.0; http://help.yahoo.com/help/us/ysearch/slurp)"
67.195.37.107 - - [13/Nov/2008:03:56:46 +0100] "GET / HTTP/1.0" 200 7869 "-" "Mozilla/5.0 (compatible; Yahoo! Slurp/3.0; http://help.yahoo.com/help/us/ysearch/slurp)"
67.195.37.107 - - [13/Nov/2008:03:56:48 +0100] "GET /style/various-euro.css HTTP/1.0" 200 3437 "http://www.various-euro.com/" "Mozilla/5.0 (compatible; Yahoo! Slurp/3.0; http://help.yahoo.com/help/us/ysearch/slurp)"
81.52.143.15 - - [13/Nov/2008:03:57:18 +0100] "GET /warez.html HTTP/1.1" 200 9754 "-" "Mozilla/5.0 (Windows; U; Windows NT 5.1; fr; rv:1.8.1) VoilaBot BETA 1.2 (support.voilabot@orange-ftgroup.com)"
81.52.143.15 - - [13/Nov/2008:04:03:08 +0100] "GET /f-warez.html HTTP/1.1" 200 10953 "-" "Mozilla/5.0 (Windows; U; Windows NT 5.1; fr; rv:1.8.1) VoilaBot BETA 1.2 (support.voilabot@orange-ftgroup.com)"
193.252.149.16 - - [13/Nov/2008:04:51:30 +0100] "GET /frame-inhalt.html HTTP/1.1" 200 5418 "-" "Mozilla/5.0 (Windows; U; Windows NT 5.1; fr; rv:1.8.1) VoilaBot BETA 1.2 (support.voilabot@orange-ftgroup.com)"
65.55.211.168 - - [13/Nov/2008:05:09:28 +0100] "GET /robots.txt HTTP/1.1" 200 64 "-" "msnbot/1.1 (+http://search.msn.com/msnbot.htm)"
65.55.211.168 - - [13/Nov/2008:05:09:31 +0100] "GET /frame-menu.html HTTP/1.1" 200 10536 "-" "msnbot/1.1 (+http://search.msn.com/msnbot.htm)"
212.34.175.72 - - [13/Nov/2008:05:11:24 +0100] "GET /robots.txt HTTP/1.1" 200 64 "-" "gonzo1[P] +http://www.suchen.de/faq.html"
212.34.175.72 - - [13/Nov/2008:05:11:32 +0100] "GET / HTTP/1.1" 200 7869 "-" "gonzo1[P] +http://www.suchen.de/faq.html"
212.34.175.72 - - [13/Nov/2008:05:12:34 +0100] "GET /ielocation HTTP/1.1" 404 2748 "http://various-euro.com/" "gonzo1[P] +http://www.suchen.de/faq.html"
212.34.175.72 - - [13/Nov/2008:05:13:34 +0100] "GET /nslocation HTTP/1.1" 404 2748 "http://various-euro.com/" "gonzo1[P] +http://www.suchen.de/faq.html"
212.34.175.72 - - [13/Nov/2008:05:14:33 +0100] "GET /nonelocation HTTP/1.1" 404 2748 "http://various-euro.com/" "gonzo1[P] +http://www.suchen.de/faq.html"
212.34.175.72 - - [13/Nov/2008:05:15:33 +0100] "GET /framez.html HTTP/1.1" 200 3959 "http://various-euro.com/" "gonzo1[P] +http://www.suchen.de/faq.html"
74.6.17.181 - - [13/Nov/2008:05:15:55 +0100] "GET /robots.txt HTTP/1.0" 200 64 "-" "Mozilla/5.0 (compatible; Yahoo! Slurp; http://help.yahoo.com/help/us/ysearch/slurp)"
74.6.17.181 - - [13/Nov/2008:05:15:56 +0100] "GET /logs/usage_200706.html HTTP/1.0" 200 107008 "-" "Mozilla/5.0 (compatible; Yahoo! Slurp; http://help.yahoo.com/help/us/ysearch/slurp)"
212.34.175.72 - - [13/Nov/2008:05:16:35 +0100] "GET /frame-unten.html HTTP/1.1" 200 5308 "http://various-euro.com/framez.html" "gonzo1[P] +http://www.suchen.de/faq.html"
212.34.175.72 - - [13/Nov/2008:05:17:36 +0100] "GET /frame-inhalt.html HTTP/1.1" 200 5418 "http://various-euro.com/framez.html" "gonzo1[P] +http://www.suchen.de/faq.html"
212.34.175.72 - - [13/Nov/2008:05:18:36 +0100] "GET /frame-menu.html HTTP/1.1" 200 10536 "http://various-euro.com/framez.html" "gonzo1[P] +http://www.suchen.de/faq.html"
212.34.175.72 - - [13/Nov/2008:05:19:38 +0100] "GET /bmpp/euro_pal_1.html HTTP/1.1" 200 18252 "http://various-euro.com/frame-inhalt.html" "gonzo1[P] +http://www.suchen.de/faq.html"
212.34.175.72 - - [13/Nov/2008:05:20:43 +0100] "GET /neon/euro.html HTTP/1.1" 200 2212 "http://various-euro.com/frame-inhalt.html" "gonzo1[P] +http://www.suchen.de/faq.html"
212.34.175.72 - - [13/Nov/2008:05:21:42 +0100] "GET /schubb/schubb-1.html HTTP/1.1" 200 9070 "http://various-euro.com/frame-inhalt.html" "gonzo1[P] +http://www.suchen.de/faq.html"
212.34.175.72 - - [13/Nov/2008:05:22:42 +0100] "GET /f-maintitle.html HTTP/1.1" 200 5030 "http://various-euro.com/frame-inhalt.html" "gonzo1[P] +http://www.suchen.de/faq.html"
212.34.175.72 - - [13/Nov/2008:05:23:42 +0100] "GET /bmpp/euro_pal_111.html HTTP/1.1" 200 2129 "http://various-euro.com/frame-inhalt.html" "gonzo1[P] +http://www.suchen.de/faq.html"
202.179.180.45 - - [13/Nov/2008:05:24:43 +0100] "GET /robots.txt HTTP/1.1" 200 64 "-" "Mozilla/4.0 (compatible; NaverBot/1.0; http://help.naver.com/delete_main.asp)"
212.34.175.72 - - [13/Nov/2008:05:24:43 +0100] "GET /partnergegenberlin.html HTTP/1.1" 200 5022 "http://various-euro.com/frame-inhalt.html" "gonzo1[P] +http://www.suchen.de/faq.html"
202.179.180.45 - - [13/Nov/2008:05:24:43 +0100] "GET / HTTP/1.1" 200 7869 "-" "Mozilla/4.0 (compatible; NaverBot/1.0; http://help.naver.com/delete_main.asp)"
212.34.175.72 - - [13/Nov/2008:05:25:44 +0100] "GET /f-search.html HTTP/1.1" 200 11800 "http://various-euro.com/frame-menu.html" "gonzo1[P] +http://www.suchen.de/faq.html"
212.34.175.72 - - [13/Nov/2008:05:26:43 +0100] "GET /f-contact.html HTTP/1.1" 200 6804 "http://various-euro.com/frame-menu.html" "gonzo1[P] +http://www.suchen.de/faq.html"
212.34.175.72 - - [13/Nov/2008:05:27:44 +0100] "GET /f-sponsor.html HTTP/1.1" 200 8578 "http://various-euro.com/frame-menu.html" "gonzo1[P] +http://www.suchen.de/faq.html"
212.34.175.72 - - [13/Nov/2008:05:28:43 +0100] "GET /f-warez.html HTTP/1.1" 200 10953 "http://various-euro.com/frame-menu.html" "gonzo1[P] +http://www.suchen.de/faq.html"
212.34.175.72 - - [13/Nov/2008:05:29:44 +0100] "GET /f-web.html HTTP/1.1" 200 13605 "http://various-euro.com/frame-menu.html" "gonzo1[P] +http://www.suchen.de/faq.html"
212.34.175.72 - - [13/Nov/2008:05:30:44 +0100] "GET /f-net.html HTTP/1.1" 200 9913 "http://various-euro.com/frame-menu.html" "gonzo1[P] +http://www.suchen.de/faq.html"
212.34.175.72 - - [13/Nov/2008:05:31:44 +0100] "GET /f-euro.html HTTP/1.1" 200 12203 "http://various-euro.com/frame-menu.html" "gonzo1[P] +http://www.suchen.de/faq.html"
212.34.175.72 - - [13/Nov/2008:05:32:44 +0100] "GET /f-zeug.html HTTP/1.1" 200 45338 "http://various-euro.com/frame-menu.html" "gonzo1[P] +http://www.suchen.de/faq.html"
212.34.175.72 - - [13/Nov/2008:05:33:44 +0100] "GET /f-other.html HTTP/1.1" 200 33189 "http://various-euro.com/frame-menu.html" "gonzo1[P] +http://www.suchen.de/faq.html"
81.52.143.16 - - [13/Nov/2008:05:33:49 +0100] "GET /f-web.html HTTP/1.1" 200 13605 "-" "Mozilla/5.0 (Windows; U; Windows NT 5.1; fr; rv:1.8.1) VoilaBot BETA 1.2 (support.voilabot@orange-ftgroup.com)"
212.34.175.72 - - [13/Nov/2008:05:34:44 +0100] "GET /f-world.html HTTP/1.1" 200 35590 "http://various-euro.com/frame-menu.html" "gonzo1[P] +http://www.suchen.de/faq.html"
212.34.175.72 - - [13/Nov/2008:05:35:44 +0100] "GET /f-channel1.html HTTP/1.1" 200 8471 "http://various-euro.com/frame-menu.html" "gonzo1[P] +http://www.suchen.de/faq.html"
212.34.175.72 - - [13/Nov/2008:05:36:45 +0100] "GET /your_tour.html HTTP/1.1" 200 31740 "http://various-euro.com/frame-menu.html" "gonzo1[P] +http://www.suchen.de/faq.html"
212.34.175.72 - - [13/Nov/2008:05:37:45 +0100] "GET /f-bannnerz.html HTTP/1.1" 200 12651 "http://various-euro.com/frame-menu.html" "gonzo1[P] +http://www.suchen.de/faq.html"
66.249.71.217 - - [13/Nov/2008:05:38:11 +0100] "GET /framez-schubb.html HTTP/1.1" 200 4324 "-" "Mozilla/5.0 (compatible; Googlebot/2.1; +http://www.google.com/bot.html)"
212.34.175.72 - - [13/Nov/2008:05:38:50 +0100] "GET /f-doku-brau.html HTTP/1.1" 200 7152 "http://various-euro.com/frame-menu.html" "gonzo1[P] +http://www.suchen.de/faq.html"
212.34.175.72 - - [13/Nov/2008:05:39:49 +0100] "GET /restate_copy.html HTTP/1.1" 200 97631 "http://various-euro.com/frame-menu.html" "gonzo1[P] +http://www.suchen.de/faq.html"
212.34.175.72 - - [13/Nov/2008:05:40:50 +0100] "GET /f-rez.html HTTP/1.1" 200 9765 "http://various-euro.com/frame-menu.html" "gonzo1[P] +http://www.suchen.de/faq.html"
212.34.175.72 - - [13/Nov/2008:05:41:50 +0100] "GET /f-horrorkatze.html HTTP/1.1" 200 7865 "http://various-euro.com/frame-menu.html" "gonzo1[P] +http://www.suchen.de/faq.html"
212.34.175.72 - - [13/Nov/2008:05:42:51 +0100] "GET /sendi_agent.html HTTP/1.1" 200 6213 "http://various-euro.com/frame-menu.html" "gonzo1[P] +http://www.suchen.de/faq.html"
212.34.175.72 - - [13/Nov/2008:05:43:51 +0100] "GET /3dsf3/sendi/sendisendi.html HTTP/1.1" 200 5118 "http://various-euro.com/sendi_agent.html" "gonzo1[P] +http://www.suchen.de/faq.html"
212.34.175.72 - - [13/Nov/2008:05:44:51 +0100] "GET /3dsf3/sendi/index.html HTTP/1.1" 200 1837 "http://various-euro.com/sendi_agent.html" "gonzo1[P] +http://www.suchen.de/faq.html"
212.34.175.72 - - [13/Nov/2008:05:45:51 +0100] "GET /zampa-lovers/index.html HTTP/1.1" 200 37790 "http://various-euro.com/frame-menu.html" "gonzo1[P] +http://www.suchen.de/faq.html"
212.34.175.72 - - [13/Nov/2008:05:46:51 +0100] "GET /f-actions.html HTTP/1.1" 200 10429 "http://various-euro.com/frame-menu.html" "gonzo1[P] +http://www.suchen.de/faq.html"
212.34.175.72 - - [13/Nov/2008:05:47:51 +0100] "GET /neon/channel.html HTTP/1.1" 200 1942 "http://various-euro.com/neon/euro.html" "gonzo1[P] +http://www.suchen.de/faq.html"
212.34.175.72 - - [13/Nov/2008:05:48:51 +0100] "GET /neon/warning2.html HTTP/1.1" 200 997 "http://various-euro.com/neon/euro.html" "gonzo1[P] +http://www.suchen.de/faq.html"
212.34.175.72 - - [13/Nov/2008:05:49:51 +0100] "GET /neon/europa.html HTTP/1.1" 200 389 "http://various-euro.com/neon/euro.html" "gonzo1[P] +http://www.suchen.de/faq.html"
