72.30.81.168 - - [25/Nov/2008:10:41:55 +0100] "GET /frame-menu.html HTTP/1.0" 200 10536 "http://www.various-euro.com/framez-rez.html" "Mozilla/5.0 (compatible; Yahoo! Slurp/3.0; http://help.yahoo.com/help/us/ysearch/slurp)"
72.30.81.168 - - [25/Nov/2008:10:41:55 +0100] "GET /frame-unten.html HTTP/1.0" 200 5308 "http://www.various-euro.com/framez-rez.html" "Mozilla/5.0 (compatible; Yahoo! Slurp/3.0; http://help.yahoo.com/help/us/ysearch/slurp)"
72.30.81.168 - - [25/Nov/2008:10:41:56 +0100] "GET /style/various-euro.css HTTP/1.0" 200 3437 "http://www.various-euro.com/frame-menu.html" "Mozilla/5.0 (compatible; Yahoo! Slurp/3.0; http://help.yahoo.com/help/us/ysearch/slurp)"
72.14.193.131 - - [25/Nov/2008:11:11:38 +0100] "GET /framez.html HTTP/1.1" 200 3959 "http://translate.google.com/translate?hl=es&sl=en&u=http://www.various-euro.com/framez.html&sa=X&oi=translate&resnum=6&ct=result&prev=/search%3Fq%3Deuro-portal.net%26hl%3Des%26rls%3Dcom.microsoft:*:IE-SearchBox%26rlz%3D1I7DAES%26sa%3DX" "Mozilla/4.0 (compatible; MSIE 7.0; Windows NT 6.0; SLCC1; .NET CLR 2.0.50727; Media Center PC 5.0; .NET CLR 3.0.04506),gzip(gfe) (via translate.google.com)"
83.59.199.76 - - [25/Nov/2008:11:11:40 +0100] "GET /style/various-euro.css HTTP/1.1" 200 3437 "http://66.102.9.104/translate_c?hl=es&sl=en&u=http://www.various-euro.com/framez.html&prev=/search%3Fq%3Deuro-portal.net%26hl%3Des%26rls%3Dcom.microsoft:*:IE-SearchBox%26rlz%3D1I7DAES%26sa%3DX&usg=ALkJrhgWojeSpzMeF4bgj-l8MAjYW56NTA" "Mozilla/4.0 (compatible; MSIE 7.0; Windows NT 6.0; SLCC1; .NET CLR 2.0.50727; Media Center PC 5.0; .NET CLR 3.0.04506)"
72.14.193.131 - - [25/Nov/2008:11:11:40 +0100] "GET /frame-menu.html HTTP/1.1" 200 10536 "http://66.102.9.104/translate_c?hl=es&sl=en&u=http://www.various-euro.com/framez.html&prev=/search%3Fq%3Deuro-portal.net%26hl%3Des%26rls%3Dcom.microsoft:*:IE-SearchBox%26rlz%3D1I7DAES%26sa%3DX&usg=ALkJrhgWojeSpzMeF4bgj-l8MAjYW56NTA" "Mozilla/4.0 (compatible; MSIE 7.0; Windows NT 6.0; SLCC1; .NET CLR 2.0.50727; Media Center PC 5.0; .NET CLR 3.0.04506),gzip(gfe) (via translate.google.com)"
72.14.193.131 - - [25/Nov/2008:11:11:40 +0100] "GET /frame-inhalt.html HTTP/1.1" 200 5418 "http://66.102.9.104/translate_c?hl=es&sl=en&u=http://www.various-euro.com/framez.html&prev=/search%3Fq%3Deuro-portal.net%26hl%3Des%26rls%3Dcom.microsoft:*:IE-SearchBox%26rlz%3D1I7DAES%26sa%3DX&usg=ALkJrhgWojeSpzMeF4bgj-l8MAjYW56NTA" "Mozilla/4.0 (compatible; MSIE 7.0; Windows NT 6.0; SLCC1; .NET CLR 2.0.50727; Media Center PC 5.0; .NET CLR 3.0.04506),gzip(gfe) (via translate.google.com)"
72.14.193.2 - - [25/Nov/2008:11:11:41 +0100] "GET /frame-unten.html HTTP/1.1" 200 5308 "http://66.102.9.104/translate_c?hl=es&sl=en&u=http://www.various-euro.com/framez.html&prev=/search%3Fq%3Deuro-portal.net%26hl%3Des%26rls%3Dcom.microsoft:*:IE-SearchBox%26rlz%3D1I7DAES%26sa%3DX&usg=ALkJrhgWojeSpzMeF4bgj-l8MAjYW56NTA" "Mozilla/4.0 (compatible; MSIE 7.0; Windows NT 6.0; SLCC1; .NET CLR 2.0.50727; Media Center PC 5.0; .NET CLR 3.0.04506),gzip(gfe) (via translate.google.com)"
83.59.199.76 - - [25/Nov/2008:11:11:41 +0100] "GET /bannerz/neon_click_3.gif HTTP/1.1" 200 240 "http://66.102.9.104/translate_c?hl=es&sl=en&u=http://www.various-euro.com/frame-inhalt.html&prev=/search%3Fq%3Deuro-portal.net%26hl%3Des%26rls%3Dcom.microsoft:*:IE-SearchBox%26rlz%3D1I7DAES%26sa%3DX&usg=ALkJrhjGWKEAKxqWf3beMSbwn7QMS6TFGw" "Mozilla/4.0 (compatible; MSIE 7.0; Windows NT 6.0; SLCC1; .NET CLR 2.0.50727; Media Center PC 5.0; .NET CLR 3.0.04506)"
83.59.199.76 - - [25/Nov/2008:11:11:41 +0100] "GET /eurosign3.gif HTTP/1.1" 200 7879 "http://66.102.9.104/translate_c?hl=es&sl=en&u=http://www.various-euro.com/frame-inhalt.html&prev=/search%3Fq%3Deuro-portal.net%26hl%3Des%26rls%3Dcom.microsoft:*:IE-SearchBox%26rlz%3D1I7DAES%26sa%3DX&usg=ALkJrhjGWKEAKxqWf3beMSbwn7QMS6TFGw" "Mozilla/4.0 (compatible; MSIE 7.0; Windows NT 6.0; SLCC1; .NET CLR 2.0.50727; Media Center PC 5.0; .NET CLR 3.0.04506)"
83.59.199.76 - - [25/Nov/2008:11:11:42 +0100] "GET /bannerz/neon_click_1.gif HTTP/1.1" 200 890 "http://66.102.9.104/translate_c?hl=es&sl=en&u=http://www.various-euro.com/frame-inhalt.html&prev=/search%3Fq%3Deuro-portal.net%26hl%3Des%26rls%3Dcom.microsoft:*:IE-SearchBox%26rlz%3D1I7DAES%26sa%3DX&usg=ALkJrhjGWKEAKxqWf3beMSbwn7QMS6TFGw" "Mozilla/4.0 (compatible; MSIE 7.0; Windows NT 6.0; SLCC1; .NET CLR 2.0.50727; Media Center PC 5.0; .NET CLR 3.0.04506)"
83.59.199.76 - - [25/Nov/2008:11:11:42 +0100] "GET /bannerz/wet.gif HTTP/1.1" 200 18561 "http://66.102.9.104/translate_c?hl=es&sl=en&u=http://www.various-euro.com/frame-inhalt.html&prev=/search%3Fq%3Deuro-portal.net%26hl%3Des%26rls%3Dcom.microsoft:*:IE-SearchBox%26rlz%3D1I7DAES%26sa%3DX&usg=ALkJrhjGWKEAKxqWf3beMSbwn7QMS6TFGw" "Mozilla/4.0 (compatible; MSIE 7.0; Windows NT 6.0; SLCC1; .NET CLR 2.0.50727; Media Center PC 5.0; .NET CLR 3.0.04506)"
83.59.199.76 - - [25/Nov/2008:11:11:41 +0100] "GET /bannerz/goolag_468.jpg HTTP/1.1" 200 28285 "http://66.102.9.104/translate_c?hl=es&sl=en&u=http://www.various-euro.com/frame-inhalt.html&prev=/search%3Fq%3Deuro-portal.net%26hl%3Des%26rls%3Dcom.microsoft:*:IE-SearchBox%26rlz%3D1I7DAES%26sa%3DX&usg=ALkJrhjGWKEAKxqWf3beMSbwn7QMS6TFGw" "Mozilla/4.0 (compatible; MSIE 7.0; Windows NT 6.0; SLCC1; .NET CLR 2.0.50727; Media Center PC 5.0; .NET CLR 3.0.04506)"
83.59.199.76 - - [25/Nov/2008:11:11:42 +0100] "GET /bannerz/google/Logo_40blk.gif HTTP/1.1" 200 2308 "http://66.102.9.104/translate_c?hl=es&sl=en&u=http://www.various-euro.com/frame-inhalt.html&prev=/search%3Fq%3Deuro-portal.net%26hl%3Des%26rls%3Dcom.microsoft:*:IE-SearchBox%26rlz%3D1I7DAES%26sa%3DX&usg=ALkJrhjGWKEAKxqWf3beMSbwn7QMS6TFGw" "Mozilla/4.0 (compatible; MSIE 7.0; Windows NT 6.0; SLCC1; .NET CLR 2.0.50727; Media Center PC 5.0; .NET CLR 3.0.04506)"
83.59.199.76 - - [25/Nov/2008:11:11:42 +0100] "GET /bannerz/neon_click_2.gif HTTP/1.1" 200 387 "http://66.102.9.104/translate_c?hl=es&sl=en&u=http://www.various-euro.com/frame-inhalt.html&prev=/search%3Fq%3Deuro-portal.net%26hl%3Des%26rls%3Dcom.microsoft:*:IE-SearchBox%26rlz%3D1I7DAES%26sa%3DX&usg=ALkJrhjGWKEAKxqWf3beMSbwn7QMS6TFGw" "Mozilla/4.0 (compatible; MSIE 7.0; Windows NT 6.0; SLCC1; .NET CLR 2.0.50727; Media Center PC 5.0; .NET CLR 3.0.04506)"
83.59.199.76 - - [25/Nov/2008:11:11:42 +0100] "GET /bannerz/douwil.gif HTTP/1.1" 200 528 "http://66.102.9.104/translate_c?hl=es&sl=en&u=http://www.various-euro.com/frame-inhalt.html&prev=/search%3Fq%3Deuro-portal.net%26hl%3Des%26rls%3Dcom.microsoft:*:IE-SearchBox%26rlz%3D1I7DAES%26sa%3DX&usg=ALkJrhjGWKEAKxqWf3beMSbwn7QMS6TFGw" "Mozilla/4.0 (compatible; MSIE 7.0; Windows NT 6.0; SLCC1; .NET CLR 2.0.50727; Media Center PC 5.0; .NET CLR 3.0.04506)"
83.59.199.76 - - [25/Nov/2008:11:11:42 +0100] "GET /bannerz/anti_black_small.gif HTTP/1.1" 200 1009 "http://66.102.9.104/translate_c?hl=es&sl=en&u=http://www.various-euro.com/frame-inhalt.html&prev=/search%3Fq%3Deuro-portal.net%26hl%3Des%26rls%3Dcom.microsoft:*:IE-SearchBox%26rlz%3D1I7DAES%26sa%3DX&usg=ALkJrhjGWKEAKxqWf3beMSbwn7QMS6TFGw" "Mozilla/4.0 (compatible; MSIE 7.0; Windows NT 6.0; SLCC1; .NET CLR 2.0.50727; Media Center PC 5.0; .NET CLR 3.0.04506)"
83.59.199.76 - - [25/Nov/2008:11:11:43 +0100] "GET /bannerz/copyleft_black_small.gif HTTP/1.1" 200 1231 "http://66.102.9.104/translate_c?hl=es&sl=en&u=http://www.various-euro.com/frame-inhalt.html&prev=/search%3Fq%3Deuro-portal.net%26hl%3Des%26rls%3Dcom.microsoft:*:IE-SearchBox%26rlz%3D1I7DAES%26sa%3DX&usg=ALkJrhjGWKEAKxqWf3beMSbwn7QMS6TFGw" "Mozilla/4.0 (compatible; MSIE 7.0; Windows NT 6.0; SLCC1; .NET CLR 2.0.50727; Media Center PC 5.0; .NET CLR 3.0.04506)"
83.59.199.76 - - [25/Nov/2008:11:11:43 +0100] "GET /bannerz/ve.jpg HTTP/1.1" 200 36912 "http://66.102.9.104/translate_c?hl=es&sl=en&u=http://www.various-euro.com/frame-unten.html&prev=/search%3Fq%3Deuro-portal.net%26hl%3Des%26rls%3Dcom.microsoft:*:IE-SearchBox%26rlz%3D1I7DAES%26sa%3DX&usg=ALkJrhic55B3IYO8kZPIjHH3RvcUGo0yIw" "Mozilla/4.0 (compatible; MSIE 7.0; Windows NT 6.0; SLCC1; .NET CLR 2.0.50727; Media Center PC 5.0; .NET CLR 3.0.04506)"
83.59.199.76 - - [25/Nov/2008:11:11:43 +0100] "GET /bannerz/various-euro-girl.jpg HTTP/1.1" 200 91514 "http://66.102.9.104/translate_c?hl=es&sl=en&u=http://www.various-euro.com/frame-unten.html&prev=/search%3Fq%3Deuro-portal.net%26hl%3Des%26rls%3Dcom.microsoft:*:IE-SearchBox%26rlz%3D1I7DAES%26sa%3DX&usg=ALkJrhic55B3IYO8kZPIjHH3RvcUGo0yIw" "Mozilla/4.0 (compatible; MSIE 7.0; Windows NT 6.0; SLCC1; .NET CLR 2.0.50727; Media Center PC 5.0; .NET CLR 3.0.04506)"
72.14.193.2 - - [25/Nov/2008:11:16:00 +0100] "GET /f-maintitle.html HTTP/1.1" 200 5030 "http://66.102.9.104/translate_c?hl=es&sl=en&u=http://www.various-euro.com/frame-inhalt.html&prev=/search%3Fq%3Deuro-portal.net%26hl%3Des%26rls%3Dcom.microsoft:*:IE-SearchBox%26rlz%3D1I7DAES%26sa%3DX&usg=ALkJrhjGWKEAKxqWf3beMSbwn7QMS6TFGw" "Mozilla/4.0 (compatible; MSIE 7.0; Windows NT 6.0; SLCC1; .NET CLR 2.0.50727; Media Center PC 5.0; .NET CLR 3.0.04506),gzip(gfe) (via translate.google.com)"
83.59.199.76 - - [25/Nov/2008:11:16:01 +0100] "GET /bannerz/world.gif HTTP/1.1" 200 18220 "http://66.102.9.104/translate_c?hl=es&sl=en&u=http://www.various-euro.com/f-maintitle.html&prev=/search%3Fq%3Deuro-portal.net%26hl%3Des%26rls%3Dcom.microsoft:*:IE-SearchBox%26rlz%3D1I7DAES%26sa%3DX&usg=ALkJrhhwPPFZeENAU6wjwtcmTRVwhfFu6g" "Mozilla/4.0 (compatible; MSIE 7.0; Windows NT 6.0; SLCC1; .NET CLR 2.0.50727; Media Center PC 5.0; .NET CLR 3.0.04506)"
83.59.199.76 - - [25/Nov/2008:11:16:01 +0100] "GET /bannerz/main-1.gif HTTP/1.1" 200 5550 "http://66.102.9.104/translate_c?hl=es&sl=en&u=http://www.various-euro.com/f-maintitle.html&prev=/search%3Fq%3Deuro-portal.net%26hl%3Des%26rls%3Dcom.microsoft:*:IE-SearchBox%26rlz%3D1I7DAES%26sa%3DX&usg=ALkJrhhwPPFZeENAU6wjwtcmTRVwhfFu6g" "Mozilla/4.0 (compatible; MSIE 7.0; Windows NT 6.0; SLCC1; .NET CLR 2.0.50727; Media Center PC 5.0; .NET CLR 3.0.04506)"
83.59.199.76 - - [25/Nov/2008:11:16:01 +0100] "GET /bannerz/kulturserver-emaf.gif HTTP/1.1" 200 11411 "http://66.102.9.104/translate_c?hl=es&sl=en&u=http://www.various-euro.com/f-maintitle.html&prev=/search%3Fq%3Deuro-portal.net%26hl%3Des%26rls%3Dcom.microsoft:*:IE-SearchBox%26rlz%3D1I7DAES%26sa%3DX&usg=ALkJrhhwPPFZeENAU6wjwtcmTRVwhfFu6g" "Mozilla/4.0 (compatible; MSIE 7.0; Windows NT 6.0; SLCC1; .NET CLR 2.0.50727; Media Center PC 5.0; .NET CLR 3.0.04506)"
83.59.199.76 - - [25/Nov/2008:11:16:02 +0100] "GET /bannerz/main-2.gif HTTP/1.1" 200 13802 "http://66.102.9.104/translate_c?hl=es&sl=en&u=http://www.various-euro.com/f-maintitle.html&prev=/search%3Fq%3Deuro-portal.net%26hl%3Des%26rls%3Dcom.microsoft:*:IE-SearchBox%26rlz%3D1I7DAES%26sa%3DX&usg=ALkJrhhwPPFZeENAU6wjwtcmTRVwhfFu6g" "Mozilla/4.0 (compatible; MSIE 7.0; Windows NT 6.0; SLCC1; .NET CLR 2.0.50727; Media Center PC 5.0; .NET CLR 3.0.04506)"
83.59.199.76 - - [25/Nov/2008:11:16:02 +0100] "GET /bannerz/main-4.gif HTTP/1.1" 200 10995 "http://66.102.9.104/translate_c?hl=es&sl=en&u=http://www.various-euro.com/f-maintitle.html&prev=/search%3Fq%3Deuro-portal.net%26hl%3Des%26rls%3Dcom.microsoft:*:IE-SearchBox%26rlz%3D1I7DAES%26sa%3DX&usg=ALkJrhhwPPFZeENAU6wjwtcmTRVwhfFu6g" "Mozilla/4.0 (compatible; MSIE 7.0; Windows NT 6.0; SLCC1; .NET CLR 2.0.50727; Media Center PC 5.0; .NET CLR 3.0.04506)"
83.59.199.76 - - [25/Nov/2008:11:16:02 +0100] "GET /bannerz/main-3.gif HTTP/1.1" 200 12767 "http://66.102.9.104/translate_c?hl=es&sl=en&u=http://www.various-euro.com/f-maintitle.html&prev=/search%3Fq%3Deuro-portal.net%26hl%3Des%26rls%3Dcom.microsoft:*:IE-SearchBox%26rlz%3D1I7DAES%26sa%3DX&usg=ALkJrhhwPPFZeENAU6wjwtcmTRVwhfFu6g" "Mozilla/4.0 (compatible; MSIE 7.0; Windows NT 6.0; SLCC1; .NET CLR 2.0.50727; Media Center PC 5.0; .NET CLR 3.0.04506)"
83.59.199.76 - - [25/Nov/2008:11:16:02 +0100] "GET /bannerz/bankcreditcard.jpg HTTP/1.1" 200 4220 "http://66.102.9.104/translate_c?hl=es&sl=en&u=http://www.various-euro.com/f-maintitle.html&prev=/search%3Fq%3Deuro-portal.net%26hl%3Des%26rls%3Dcom.microsoft:*:IE-SearchBox%26rlz%3D1I7DAES%26sa%3DX&usg=ALkJrhhwPPFZeENAU6wjwtcmTRVwhfFu6g" "Mozilla/4.0 (compatible; MSIE 7.0; Windows NT 6.0; SLCC1; .NET CLR 2.0.50727; Media Center PC 5.0; .NET CLR 3.0.04506)"
83.59.199.76 - - [25/Nov/2008:11:16:02 +0100] "GET /bannerz/ah_0023_rotate_double.gif HTTP/1.1" 200 12054 "http://66.102.9.104/translate_c?hl=es&sl=en&u=http://www.various-euro.com/f-maintitle.html&prev=/search%3Fq%3Deuro-portal.net%26hl%3Des%26rls%3Dcom.microsoft:*:IE-SearchBox%26rlz%3D1I7DAES%26sa%3DX&usg=ALkJrhhwPPFZeENAU6wjwtcmTRVwhfFu6g" "Mozilla/4.0 (compatible; MSIE 7.0; Windows NT 6.0; SLCC1; .NET CLR 2.0.50727; Media Center PC 5.0; .NET CLR 3.0.04506)"
72.30.142.177 - - [25/Nov/2008:11:23:22 +0100] "GET /robots.txt HTTP/1.0" 200 64 "-" "Mozilla/5.0 (compatible; Yahoo! Slurp; http://help.yahoo.com/help/us/ysearch/slurp)"
72.30.142.177 - - [25/Nov/2008:11:23:23 +0100] "GET /logs/usage_200707.html HTTP/1.0" 200 110942 "-" "Mozilla/5.0 (compatible; Yahoo! Slurp; http://help.yahoo.com/help/us/ysearch/slurp)"
66.235.124.7 - - [25/Nov/2008:11:39:54 +0100] "GET /robots.txt HTTP/1.0" 200 64 "-" "Mozilla/5.0 (compatible; Ask Jeeves/Teoma; +http://about.ask.com/en/docs/about/webmasters.shtml)"
66.235.124.7 - - [25/Nov/2008:11:39:54 +0100] "GET / HTTP/1.0" 200 7869 "-" "Mozilla/5.0 (compatible; Ask Jeeves/Teoma; +http://about.ask.com/en/docs/about/webmasters.shtml)"
66.249.71.217 - - [25/Nov/2008:12:05:34 +0100] "GET /logs/usage_200811.html HTTP/1.1" 404 2748 "-" "Mozilla/5.0 (compatible; Googlebot/2.1; +http://www.google.com/bot.html)"
67.195.37.163 - - [25/Nov/2008:12:24:26 +0100] "GET /robots.txt HTTP/1.0" 200 64 "-" "Mozilla/5.0 (compatible; Yahoo! Slurp; http://help.yahoo.com/help/us/ysearch/slurp)"
67.195.37.163 - - [25/Nov/2008:12:24:26 +0100] "GET / HTTP/1.0" 200 7869 "-" "Mozilla/5.0 (compatible; Yahoo! Slurp/3.0; http://help.yahoo.com/help/us/ysearch/slurp)"
67.195.37.163 - - [25/Nov/2008:12:24:27 +0100] "GET /style/various-euro.css HTTP/1.0" 200 3437 "http://various-euro.com/" "Mozilla/5.0 (compatible; Yahoo! Slurp/3.0; http://help.yahoo.com/help/us/ysearch/slurp)"
65.55.211.166 - - [25/Nov/2008:14:12:58 +0100] "GET /robots.txt HTTP/1.1" 200 64 "-" "msnbot/1.1 (+http://search.msn.com/msnbot.htm)"
65.55.211.166 - - [25/Nov/2008:14:12:59 +0100] "GET /f-logz_old.html HTTP/1.1" 200 43773 "-" "msnbot/1.1 (+http://search.msn.com/msnbot.htm)"
67.195.37.113 - - [25/Nov/2008:14:13:55 +0100] "GET /robots.txt HTTP/1.0" 200 64 "-" "Mozilla/5.0 (compatible; Yahoo! Slurp; http://help.yahoo.com/help/us/ysearch/slurp)"
67.195.37.113 - - [25/Nov/2008:14:13:55 +0100] "GET /neon/warning2.html HTTP/1.0" 200 997 "-" "Mozilla/5.0 (compatible; Yahoo! Slurp/3.0; http://help.yahoo.com/help/us/ysearch/slurp)"
67.195.37.113 - - [25/Nov/2008:14:16:43 +0100] "GET /neon/large.html HTTP/1.0" 200 1547 "-" "Mozilla/5.0 (compatible; Yahoo! Slurp/3.0; http://help.yahoo.com/help/us/ysearch/slurp)"
67.195.37.113 - - [25/Nov/2008:14:19:04 +0100] "GET /neon/annniiii.html HTTP/1.0" 200 686 "-" "Mozilla/5.0 (compatible; Yahoo! Slurp/3.0; http://help.yahoo.com/help/us/ysearch/slurp)"
72.30.65.38 - - [25/Nov/2008:14:24:28 +0100] "GET /robots.txt HTTP/1.0" 200 64 "-" "Mozilla/5.0 (compatible; Yahoo! Slurp; http://help.yahoo.com/help/us/ysearch/slurp)"
72.30.65.38 - - [25/Nov/2008:14:24:29 +0100] "GET /f-web.html HTTP/1.0" 200 13605 "-" "Mozilla/5.0 (compatible; Yahoo! Slurp; http://help.yahoo.com/help/us/ysearch/slurp)"
114.111.36.31 - - [25/Nov/2008:14:25:44 +0100] "GET /robots.txt HTTP/1.1" 200 64 "-" "Mozilla/4.0 (compatible; NaverBot/1.0; http://help.naver.com/delete_main.asp)"
114.111.36.31 - - [25/Nov/2008:14:25:45 +0100] "GET /zampa-lovers HTTP/1.1" 301 382 "-" "Mozilla/4.0 (compatible; NaverBot/1.0; http://help.naver.com/delete_main.asp)"
114.111.36.31 - - [25/Nov/2008:14:25:46 +0100] "GET /zampa-lovers/ HTTP/1.1" 200 37790 "-" "Mozilla/4.0 (compatible; NaverBot/1.0; http://help.naver.com/delete_main.asp)"
72.30.65.38 - - [25/Nov/2008:14:34:57 +0100] "GET /neon/girlz2.html HTTP/1.0" 200 2937 "-" "Mozilla/5.0 (compatible; Yahoo! Slurp; http://help.yahoo.com/help/us/ysearch/slurp)"
216.62.63.209 - - [25/Nov/2008:14:36:15 +0100] "GET /zampa/montenegro/contributions.html HTTP/1.1" 200 18843 "-" "soymtLmo8axmuwuhaqvoi cLdkoygbyysgtx8ki"
66.249.71.218 - - [25/Nov/2008:14:52:32 +0100] "GET /robots.txt HTTP/1.1" 200 64 "-" "Mozilla/5.0 (compatible; Googlebot/2.1; +http://www.google.com/bot.html)"
66.249.71.218 - - [25/Nov/2008:14:52:32 +0100] "GET / HTTP/1.1" 200 7869 "-" "Mozilla/5.0 (compatible; Googlebot/2.1; +http://www.google.com/bot.html)"
72.30.65.38 - - [25/Nov/2008:14:54:30 +0100] "GET /zampa/montenegro/dajpare.html HTTP/1.0" 200 2503 "-" "Mozilla/5.0 (compatible; Yahoo! Slurp; http://help.yahoo.com/help/us/ysearch/slurp)"
67.195.37.113 - - [25/Nov/2008:14:57:35 +0100] "GET /DgH/bull/index.html HTTP/1.0" 200 1915 "-" "Mozilla/5.0 (compatible; Yahoo! Slurp; http://help.yahoo.com/help/us/ysearch/slurp)"
72.30.65.38 - - [25/Nov/2008:14:59:02 +0100] "GET /zampa/lybia/index.html HTTP/1.0" 200 3036 "-" "Mozilla/5.0 (compatible; Yahoo! Slurp; http://help.yahoo.com/help/us/ysearch/slurp)"
67.195.37.113 - - [25/Nov/2008:15:05:31 +0100] "GET /logs/usage_200705.html HTTP/1.0" 200 109447 "-" "Mozilla/5.0 (compatible; Yahoo! Slurp/3.0; http://help.yahoo.com/help/us/ysearch/slurp)"
38.108.180.65 - - [25/Nov/2008:15:25:47 +0100] "GET /robots.txt HTTP/1.1" 200 64 "-" "Mozilla/5.0 (compatible; ScoutJet; +http://www.scoutjet.com/)"
38.108.180.65 - - [25/Nov/2008:15:25:49 +0100] "GET /zampa-lovers/index.html HTTP/1.1" 200 37790 "-" "Mozilla/5.0 (compatible; ScoutJet; +http://www.scoutjet.com/)"
38.108.180.65 - - [25/Nov/2008:15:28:44 +0100] "GET /f-world.html HTTP/1.1" 200 35590 "-" "Mozilla/5.0 (compatible; ScoutJet; +http://www.scoutjet.com/)"
67.195.37.113 - - [25/Nov/2008:15:55:03 +0100] "GET /robots.txt HTTP/1.0" 200 64 "-" "Mozilla/5.0 (compatible; Yahoo! Slurp; http://help.yahoo.com/help/us/ysearch/slurp)"
67.195.37.113 - - [25/Nov/2008:15:55:03 +0100] "GET /neon/warning2.html HTTP/1.0" 200 997 "-" "Mozilla/5.0 (compatible; Yahoo! Slurp/3.0; http://help.yahoo.com/help/us/ysearch/slurp)"
67.195.37.113 - - [25/Nov/2008:15:56:50 +0100] "GET /neon/large.html HTTP/1.0" 200 1547 "-" "Mozilla/5.0 (compatible; Yahoo! Slurp/3.0; http://help.yahoo.com/help/us/ysearch/slurp)"
67.195.37.113 - - [25/Nov/2008:16:01:43 +0100] "GET /f-web.html HTTP/1.0" 200 13605 "-" "Mozilla/5.0 (compatible; Yahoo! Slurp/3.0; http://help.yahoo.com/help/us/ysearch/slurp)"
67.195.37.113 - - [25/Nov/2008:16:20:25 +0100] "GET /logs/usage_200712.html HTTP/1.0" 200 92577 "-" "Mozilla/5.0 (compatible; Yahoo! Slurp/3.0; http://help.yahoo.com/help/us/ysearch/slurp)"
72.30.142.171 - - [25/Nov/2008:17:52:47 +0100] "GET /robots.txt HTTP/1.0" 200 64 "-" "Mozilla/5.0 (compatible; Yahoo! Slurp; http://help.yahoo.com/help/us/ysearch/slurp)"
72.30.142.171 - - [25/Nov/2008:17:52:50 +0100] "GET /f-rez.html HTTP/1.0" 200 9765 "-" "Mozilla/5.0 (compatible; Yahoo! Slurp; http://help.yahoo.com/help/us/ysearch/slurp)"
72.30.142.171 - - [25/Nov/2008:17:55:30 +0100] "GET /f-logz_old.html HTTP/1.0" 200 43773 "-" "Mozilla/5.0 (compatible; Yahoo! Slurp; http://help.yahoo.com/help/us/ysearch/slurp)"
38.108.180.17 - - [25/Nov/2008:17:58:59 +0100] "GET /robots.txt HTTP/1.1" 200 64 "-" "Mozilla/5.0 (compatible; ScoutJet; +http://www.scoutjet.com/)"
38.108.180.17 - - [25/Nov/2008:17:59:03 +0100] "GET /schubb/schubb-1.html HTTP/1.1" 200 9070 "-" "Mozilla/5.0 (compatible; ScoutJet; +http://www.scoutjet.com/)"
38.108.180.17 - - [25/Nov/2008:18:01:34 +0100] "GET /neon/girlz3.html HTTP/1.1" 200 2479 "-" "Mozilla/5.0 (compatible; ScoutJet; +http://www.scoutjet.com/)"
38.108.180.17 - - [25/Nov/2008:18:03:44 +0100] "GET /logz_old.html HTTP/1.1" 404 2748 "-" "Mozilla/5.0 (compatible; ScoutJet; +http://www.scoutjet.com/)"
38.108.180.17 - - [25/Nov/2008:18:04:54 +0100] "GET /web.html HTTP/1.1" 404 2748 "-" "Mozilla/5.0 (compatible; ScoutJet; +http://www.scoutjet.com/)"
38.108.180.17 - - [25/Nov/2008:18:06:04 +0100] "GET /bmpp/euro_pal_1.html HTTP/1.1" 200 18252 "-" "Mozilla/5.0 (compatible; ScoutJet; +http://www.scoutjet.com/)"
38.108.180.17 - - [25/Nov/2008:18:08:21 +0100] "GET /contact.html HTTP/1.1" 404 2748 "-" "Mozilla/5.0 (compatible; ScoutJet; +http://www.scoutjet.com/)"
67.195.37.113 - - [25/Nov/2008:18:14:53 +0100] "GET / HTTP/1.0" 200 7869 "-" "Mozilla/5.0 (compatible; Yahoo! Slurp; http://help.yahoo.com/help/us/ysearch/slurp)"
72.30.142.171 - - [25/Nov/2008:18:21:57 +0100] "GET / HTTP/1.0" 200 7869 "-" "Mozilla/5.0 (compatible; Yahoo! Slurp; http://help.yahoo.com/help/us/ysearch/slurp)"
216.145.18.157 - - [25/Nov/2008:19:05:37 +0100] "GET / HTTP/1.1" 200 7869 "-" "Mozilla/4.7 [en] (Win95; U)"
67.195.37.159 - - [25/Nov/2008:19:07:24 +0100] "GET /robots.txt HTTP/1.0" 302 363 "-" "Mozilla/5.0 (compatible; Yahoo! Slurp; http://help.yahoo.com/help/us/ysearch/slurp)"
67.195.37.159 - - [25/Nov/2008:19:07:24 +0100] "GET /zampa/robots.txt HTTP/1.0" 404 2748 "-" "Mozilla/5.0 (compatible; Yahoo! Slurp; http://help.yahoo.com/help/us/ysearch/slurp)"
67.195.37.159 - - [25/Nov/2008:19:07:25 +0100] "GET / HTTP/1.0" 302 353 "-" "Mozilla/5.0 (compatible; Yahoo! Slurp/3.0; http://help.yahoo.com/help/us/ysearch/slurp)"
67.195.37.113 - - [25/Nov/2008:19:07:35 +0100] "GET /zampa/ HTTP/1.0" 200 7153 "-" "Mozilla/5.0 (compatible; Yahoo! Slurp/3.0; http://help.yahoo.com/help/us/ysearch/slurp)"
67.195.37.113 - - [25/Nov/2008:19:11:15 +0100] "GET /f-web.html HTTP/1.0" 200 13605 "-" "Mozilla/5.0 (compatible; Yahoo! Slurp/3.0; http://help.yahoo.com/help/us/ysearch/slurp)"
67.195.37.113 - - [25/Nov/2008:19:16:00 +0100] "GET /framez-rez.html HTTP/1.0" 200 4323 "-" "Mozilla/5.0 (compatible; Yahoo! Slurp/3.0; http://help.yahoo.com/help/us/ysearch/slurp)"
67.195.37.113 - - [25/Nov/2008:19:16:01 +0100] "GET /frame-menu.html HTTP/1.0" 200 10536 "http://www.various-euro.com/framez-rez.html" "Mozilla/5.0 (compatible; Yahoo! Slurp/3.0; http://help.yahoo.com/help/us/ysearch/slurp)"
67.195.37.113 - - [25/Nov/2008:19:16:02 +0100] "GET /frame-unten.html HTTP/1.0" 200 5308 "http://www.various-euro.com/framez-rez.html" "Mozilla/5.0 (compatible; Yahoo! Slurp/3.0; http://help.yahoo.com/help/us/ysearch/slurp)"
67.195.37.113 - - [25/Nov/2008:19:16:02 +0100] "GET /f-rez.html HTTP/1.0" 200 9765 "http://www.various-euro.com/framez-rez.html" "Mozilla/5.0 (compatible; Yahoo! Slurp/3.0; http://help.yahoo.com/help/us/ysearch/slurp)"
67.195.37.113 - - [25/Nov/2008:19:16:02 +0100] "GET /style/various-euro.css HTTP/1.0" 200 3437 "http://www.various-euro.com/frame-menu.html" "Mozilla/5.0 (compatible; Yahoo! Slurp/3.0; http://help.yahoo.com/help/us/ysearch/slurp)"
67.195.37.113 - - [25/Nov/2008:19:26:59 +0100] "GET /your_tour.html HTTP/1.0" 200 29760 "-" "Mozilla/5.0 (compatible; Yahoo! Slurp/3.0; http://help.yahoo.com/help/us/ysearch/slurp)"
67.195.37.113 - - [25/Nov/2008:19:26:59 +0100] "GET /anon.css HTTP/1.0" 404 2748 "http://www.various-euro.com/your_tour.html" "Mozilla/5.0 (compatible; Yahoo! Slurp/3.0; http://help.yahoo.com/help/us/ysearch/slurp)"
67.195.37.159 - - [25/Nov/2008:19:31:41 +0100] "GET / HTTP/1.0" 302 353 "-" "Mozilla/5.0 (compatible; Yahoo! Slurp/3.0; http://help.yahoo.com/help/us/ysearch/slurp)"
67.195.37.113 - - [25/Nov/2008:19:35:20 +0100] "GET /anon.css HTTP/1.0" 404 2748 "http://www.various-euro.com/your_tour.html" "Mozilla/5.0 (compatible; Yahoo! Slurp/3.0; http://help.yahoo.com/help/us/ysearch/slurp)"
67.195.37.113 - - [25/Nov/2008:19:37:37 +0100] "GET /neon/warning2.html HTTP/1.0" 200 997 "-" "Mozilla/5.0 (compatible; Yahoo! Slurp/3.0; http://help.yahoo.com/help/us/ysearch/slurp)"
67.195.37.113 - - [25/Nov/2008:19:39:44 +0100] "GET /neon/large.html HTTP/1.0" 200 1547 "-" "Mozilla/5.0 (compatible; Yahoo! Slurp/3.0; http://help.yahoo.com/help/us/ysearch/slurp)"
72.30.78.233 - - [25/Nov/2008:20:04:52 +0100] "GET /robots.txt HTTP/1.0" 200 64 "-" "Mozilla/5.0 (compatible; Yahoo! Slurp; http://help.yahoo.com/help/us/ysearch/slurp)"
72.30.78.233 - - [25/Nov/2008:20:04:53 +0100] "GET /framez_0.html HTTP/1.0" 200 12444 "-" "Mozilla/5.0 (compatible; Yahoo! Slurp; http://help.yahoo.com/help/us/ysearch/slurp)"
72.30.78.233 - - [25/Nov/2008:20:06:21 +0100] "GET /restate_copy.html HTTP/1.0" 200 97631 "-" "Mozilla/5.0 (compatible; Yahoo! Slurp; http://help.yahoo.com/help/us/ysearch/slurp)"
67.195.37.113 - - [25/Nov/2008:20:40:22 +0100] "GET /f-contact.html HTTP/1.0" 200 6804 "-" "Mozilla/5.0 (compatible; Yahoo! Slurp/3.0; http://help.yahoo.com/help/us/ysearch/slurp)"
67.195.37.113 - - [25/Nov/2008:20:56:03 +0100] "GET /zampa HTTP/1.0" 301 375 "-" "Mozilla/5.0 (compatible; Yahoo! Slurp/3.0; http://help.yahoo.com/help/us/ysearch/slurp)"
67.195.37.113 - - [25/Nov/2008:20:56:12 +0100] "GET /zampa/ HTTP/1.0" 200 7153 "-" "Mozilla/5.0 (compatible; Yahoo! Slurp/3.0; http://help.yahoo.com/help/us/ysearch/slurp)"
67.195.37.113 - - [25/Nov/2008:20:59:42 +0100] "GET /zampa/lybia/index.html HTTP/1.0" 200 3036 "-" "Mozilla/5.0 (compatible; Yahoo! Slurp/3.0; http://help.yahoo.com/help/us/ysearch/slurp)"
67.195.37.113 - - [25/Nov/2008:21:22:47 +0100] "GET /sendi_agent.html HTTP/1.0" 200 6213 "-" "Mozilla/5.0 (compatible; Yahoo! Slurp/3.0; http://help.yahoo.com/help/us/ysearch/slurp)"
67.195.37.113 - - [25/Nov/2008:21:22:48 +0100] "GET /3dsf3/sendi/index.html HTTP/1.0" 200 1837 "http://www.various-euro.com/sendi_agent.html" "Mozilla/5.0 (compatible; Yahoo! Slurp/3.0; http://help.yahoo.com/help/us/ysearch/slurp)"
67.195.37.113 - - [25/Nov/2008:21:22:48 +0100] "GET /3dsf3/sendi/sendisendi.html HTTP/1.0" 200 5118 "http://www.various-euro.com/sendi_agent.html" "Mozilla/5.0 (compatible; Yahoo! Slurp/3.0; http://help.yahoo.com/help/us/ysearch/slurp)"
67.195.37.113 - - [25/Nov/2008:21:22:49 +0100] "GET /3dsf3/sendi/formate.css HTTP/1.0" 200 474 "http://www.various-euro.com/3dsf3/sendi/index.html" "Mozilla/5.0 (compatible; Yahoo! Slurp/3.0; http://help.yahoo.com/help/us/ysearch/slurp)"
67.195.37.113 - - [25/Nov/2008:21:22:49 +0100] "GET /3dsf3/sendi/formate.css HTTP/1.0" 200 474 "http://www.various-euro.com/3dsf3/sendi/sendisendi.html" "Mozilla/5.0 (compatible; Yahoo! Slurp/3.0; http://help.yahoo.com/help/us/ysearch/slurp)"
67.195.37.113 - - [25/Nov/2008:21:35:17 +0100] "GET /f-web.html HTTP/1.0" 200 13605 "-" "Mozilla/5.0 (compatible; Yahoo! Slurp/3.0; http://help.yahoo.com/help/us/ysearch/slurp)"
72.30.78.233 - - [25/Nov/2008:21:41:18 +0100] "GET /neon/large.html HTTP/1.0" 200 1547 "-" "Mozilla/5.0 (compatible; Yahoo! Slurp; http://help.yahoo.com/help/us/ysearch/slurp)"
67.195.37.113 - - [25/Nov/2008:21:55:54 +0100] "GET /neon/warning2.html HTTP/1.0" 200 997 "-" "Mozilla/5.0 (compatible; Yahoo! Slurp/3.0; http://help.yahoo.com/help/us/ysearch/slurp)"
67.195.37.113 - - [25/Nov/2008:21:58:39 +0100] "GET /neon/large.html HTTP/1.0" 200 1547 "-" "Mozilla/5.0 (compatible; Yahoo! Slurp/3.0; http://help.yahoo.com/help/us/ysearch/slurp)"
67.195.37.113 - - [25/Nov/2008:22:32:01 +0100] "GET /zampa HTTP/1.0" 301 375 "-" "Mozilla/5.0 (compatible; Yahoo! Slurp/3.0; http://help.yahoo.com/help/us/ysearch/slurp)"
67.195.37.113 - - [25/Nov/2008:22:32:10 +0100] "GET /zampa/ HTTP/1.0" 200 7153 "-" "Mozilla/5.0 (compatible; Yahoo! Slurp/3.0; http://help.yahoo.com/help/us/ysearch/slurp)"
72.30.78.233 - - [25/Nov/2008:23:02:27 +0100] "GET /zampa/montenegro/MILOW.html HTTP/1.0" 200 860 "-" "Mozilla/5.0 (compatible; Yahoo! Slurp; http://help.yahoo.com/help/us/ysearch/slurp)"
81.52.143.15 - - [25/Nov/2008:23:07:08 +0100] "GET /robots.txt HTTP/1.1" 200 64 "-" "Mozilla/5.0 (Windows; U; Windows NT 5.1; fr; rv:1.8.1) VoilaBot BETA 1.2 (support.voilabot@orange-ftgroup.com)"
81.52.143.15 - - [25/Nov/2008:23:07:18 +0100] "GET /warez.html HTTP/1.1" 200 9754 "-" "Mozilla/5.0 (Windows; U; Windows NT 5.1; fr; rv:1.8.1) VoilaBot BETA 1.2 (support.voilabot@orange-ftgroup.com)"
72.30.78.233 - - [25/Nov/2008:23:10:18 +0100] "GET /schubb/schubb-1.html HTTP/1.0" 200 9070 "-" "Mozilla/5.0 (compatible; Yahoo! Slurp; http://help.yahoo.com/help/us/ysearch/slurp)"
72.30.78.233 - - [25/Nov/2008:23:28:51 +0100] "GET /f-zeug.html HTTP/1.0" 200 45338 "-" "Mozilla/5.0 (compatible; Yahoo! Slurp; http://help.yahoo.com/help/us/ysearch/slurp)"
67.195.37.113 - - [25/Nov/2008:23:33:34 +0100] "GET /restate_copy.html HTTP/1.0" 200 97631 "-" "Mozilla/5.0 (compatible; Yahoo! Slurp/3.0; http://help.yahoo.com/help/us/ysearch/slurp)"
193.252.149.15 - - [26/Nov/2008:00:21:40 +0100] "GET /f-channel1.html HTTP/1.1" 200 8471 "-" "Mozilla/5.0 (Windows; U; Windows NT 5.1; fr; rv:1.8.1) VoilaBot BETA 1.2 (support.voilabot@orange-ftgroup.com)"
67.195.37.113 - - [26/Nov/2008:00:22:04 +0100] "GET /f-web.html HTTP/1.0" 200 13605 "-" "Mozilla/5.0 (compatible; Yahoo! Slurp; http://help.yahoo.com/help/us/ysearch/slurp)"
66.249.71.219 - - [26/Nov/2008:00:44:18 +0100] "GET /neon/europa.html HTTP/1.1" 200 389 "-" "Mozilla/5.0 (compatible; Googlebot/2.1; +http://www.google.com/bot.html)"
208.80.194.31 - - [26/Nov/2008:00:52:03 +0100] "GET / HTTP/1.0" 200 7869 "-" "Mozilla/4.0 (compatible; MSIE 6.0; Windows NT 5.0; Guidant; .NET CLR 1.0.3705; .NET CLR 1.1.4322; .NET CLR 2.0.50727; InfoPath.1)"
208.80.194.31 - - [26/Nov/2008:00:52:03 +0100] "GET / HTTP/1.0" 200 7869 "-" "Mozilla/4.0 (compatible; MSIE 7.0; Windows NT 5.1; FunWebProducts; .NET CLR 2.0.50727; Windows-Media-Player/10.00.00.3990)"
72.30.78.233 - - [26/Nov/2008:01:00:09 +0100] "GET /neon/left-one-new.html HTTP/1.0" 200 1483 "-" "Mozilla/5.0 (compatible; Yahoo! Slurp; http://help.yahoo.com/help/us/ysearch/slurp)"
72.30.78.233 - - [26/Nov/2008:01:07:30 +0100] "GET /robots.txt HTTP/1.0" 200 64 "-" "Mozilla/5.0 (compatible; Yahoo! Slurp; http://help.yahoo.com/help/us/ysearch/slurp)"
75.33.10.190 - - [26/Nov/2008:01:36:40 +0100] "GET / HTTP/1.1" 200 7869 "-" "Mozilla/5.0 (Windows; U; Windows NT 6.0; en-US; rv:1.9.0.4) Gecko/2008102920 Firefox/3.0.4"
81.52.143.26 - - [26/Nov/2008:01:54:05 +0100] "GET /robots.txt HTTP/1.1" 200 64 "-" "Mozilla/5.0 (Windows; U; Windows NT 5.1; fr; rv:1.8.1) VoilaBot BETA 1.2 (support.voilabot@orange-ftgroup.com)"
81.52.143.26 - - [26/Nov/2008:01:54:23 +0100] "GET /neon/annniiii.html HTTP/1.1" 200 686 "-" "Mozilla/5.0 (Windows; U; Windows NT 5.1; fr; rv:1.8.1) VoilaBot BETA 1.2 (support.voilabot@orange-ftgroup.com)"
66.249.71.218 - - [26/Nov/2008:02:00:29 +0100] "GET /f-world.html HTTP/1.1" 200 35590 "-" "Mozilla/5.0 (compatible; Googlebot/2.1; +http://www.google.com/bot.html)"
66.249.71.218 - - [26/Nov/2008:02:07:06 +0100] "GET /neon/click.html HTTP/1.1" 200 521 "-" "Mozilla/5.0 (compatible; Googlebot/2.1; +http://www.google.com/bot.html)"
66.235.124.7 - - [26/Nov/2008:02:07:54 +0100] "GET /robots.txt HTTP/1.0" 200 64 "-" "Mozilla/5.0 (compatible; Ask Jeeves/Teoma; +http://about.ask.com/en/docs/about/webmasters.shtml)"
66.235.124.7 - - [26/Nov/2008:02:07:54 +0100] "GET /framez-schubb4.html HTTP/1.0" 200 4318 "-" "Mozilla/5.0 (compatible; Ask Jeeves/Teoma; +http://about.ask.com/en/docs/about/webmasters.shtml)"
66.235.124.7 - - [26/Nov/2008:02:07:54 +0100] "GET /frame-menu.html HTTP/1.0" 200 10536 "-" "Mozilla/5.0 (compatible; Ask Jeeves/Teoma; +http://about.ask.com/en/docs/about/webmasters.shtml)"
66.235.124.7 - - [26/Nov/2008:02:07:55 +0100] "GET /schubb/schubb-4.html HTTP/1.0" 200 17746 "-" "Mozilla/5.0 (compatible; Ask Jeeves/Teoma; +http://about.ask.com/en/docs/about/webmasters.shtml)"
66.235.124.7 - - [26/Nov/2008:02:07:55 +0100] "GET /frame-unten.html HTTP/1.0" 200 5308 "-" "Mozilla/5.0 (compatible; Ask Jeeves/Teoma; +http://about.ask.com/en/docs/about/webmasters.shtml)"
67.195.37.113 - - [26/Nov/2008:02:13:56 +0100] "GET /f-rez.html HTTP/1.0" 200 9765 "-" "Mozilla/5.0 (compatible; Yahoo! Slurp; http://help.yahoo.com/help/us/ysearch/slurp)"
38.108.180.65 - - [26/Nov/2008:02:41:35 +0100] "GET /robots.txt HTTP/1.1" 200 64 "-" "Mozilla/5.0 (compatible; ScoutJet; +http://www.scoutjet.com/)"
38.108.180.65 - - [26/Nov/2008:02:41:36 +0100] "GET /partnergegenberlin.html HTTP/1.1" 200 5022 "-" "Mozilla/5.0 (compatible; ScoutJet; +http://www.scoutjet.com/)"
38.108.180.65 - - [26/Nov/2008:02:43:57 +0100] "GET /f-channel1.html HTTP/1.1" 200 8471 "-" "Mozilla/5.0 (compatible; ScoutJet; +http://www.scoutjet.com/)"
193.47.80.51 - - [26/Nov/2008:02:54:16 +0100] "GET /robots.txt HTTP/1.1" 200 64 "-" "Mozilla/5.0 (compatible; Exabot/3.0; +http://www.exabot.com/go/robot)"
193.47.80.51 - - [26/Nov/2008:02:54:16 +0100] "GET / HTTP/1.1" 200 7869 "-" "Mozilla/5.0 (compatible; Exabot/3.0; +http://www.exabot.com/go/robot)"
193.252.149.15 - - [26/Nov/2008:03:00:48 +0100] "GET /f-bannnerz.html HTTP/1.1" 200 12651 "-" "Mozilla/5.0 (Windows; U; Windows NT 5.1; fr; rv:1.8.1) VoilaBot BETA 1.2 (support.voilabot@orange-ftgroup.com)"
67.195.37.113 - - [26/Nov/2008:03:09:22 +0100] "GET /robots.txt HTTP/1.0" 200 64 "-" "Mozilla/5.0 (compatible; Yahoo! Slurp; http://help.yahoo.com/help/us/ysearch/slurp)"
67.195.37.113 - - [26/Nov/2008:03:09:23 +0100] "GET /f-euro.html HTTP/1.0" 200 12203 "-" "Mozilla/5.0 (compatible; Yahoo! Slurp/3.0; http://help.yahoo.com/help/us/ysearch/slurp)"
193.47.80.51 - - [26/Nov/2008:03:18:47 +0100] "GET /robots.txt HTTP/1.1" 302 363 "-" "Mozilla/5.0 (compatible; Exabot/3.0; +http://www.exabot.com/go/robot)"
193.47.80.51 - - [26/Nov/2008:03:18:48 +0100] "GET /zampa/robots.txt HTTP/1.1" 404 2748 "-" "Mozilla/5.0 (compatible; Exabot/3.0; +http://www.exabot.com/go/robot)"
193.47.80.51 - - [26/Nov/2008:03:18:48 +0100] "GET / HTTP/1.1" 302 353 "-" "Mozilla/5.0 (compatible; Exabot/3.0; +http://www.exabot.com/go/robot)"
72.30.78.233 - - [26/Nov/2008:03:25:11 +0100] "GET /robots.txt HTTP/1.0" 200 64 "-" "Mozilla/5.0 (compatible; Yahoo! Slurp; http://help.yahoo.com/help/us/ysearch/slurp)"
72.30.78.233 - - [26/Nov/2008:03:25:12 +0100] "GET /neon/europa.html HTTP/1.0" 200 389 "-" "Mozilla/5.0 (compatible; Yahoo! Slurp; http://help.yahoo.com/help/us/ysearch/slurp)"
66.249.71.217 - - [26/Nov/2008:03:29:39 +0100] "GET /f-euro.html HTTP/1.1" 200 12203 "-" "Mozilla/5.0 (compatible; Googlebot/2.1; +http://www.google.com/bot.html)"
72.30.78.233 - - [26/Nov/2008:03:37:16 +0100] "GET /logs/usage_200706.html HTTP/1.0" 200 107008 "-" "Mozilla/5.0 (compatible; Yahoo! Slurp; http://help.yahoo.com/help/us/ysearch/slurp)"
67.195.37.113 - - [26/Nov/2008:03:38:24 +0100] "GET /DgH/rampe/index.html HTTP/1.0" 200 2056 "-" "Mozilla/5.0 (compatible; Yahoo! Slurp/3.0; http://help.yahoo.com/help/us/ysearch/slurp)"
67.195.37.113 - - [26/Nov/2008:03:38:25 +0100] "GET /DgH/rampe/pict/Rampe.mp3 HTTP/1.0" 200 8295 "http://www.various-euro.com/DgH/rampe/index.html" "Mozilla/5.0 (compatible; Yahoo! Slurp/3.0; http://help.yahoo.com/help/us/ysearch/slurp)"
67.195.37.113 - - [26/Nov/2008:04:03:13 +0100] "GET /neon/girl-tv.html HTTP/1.0" 200 1717 "-" "Mozilla/5.0 (compatible; Yahoo! Slurp/3.0; http://help.yahoo.com/help/us/ysearch/slurp)"
72.30.78.233 - - [26/Nov/2008:04:04:14 +0100] "GET /logs/usage_200703.html HTTP/1.0" 200 108444 "-" "Mozilla/5.0 (compatible; Yahoo! Slurp; http://help.yahoo.com/help/us/ysearch/slurp)"
72.30.79.54 - - [26/Nov/2008:04:22:37 +0100] "GET /robots.txt HTTP/1.0" 200 64 "-" "Mozilla/5.0 (compatible; Yahoo! Slurp; http://help.yahoo.com/help/us/ysearch/slurp)"
72.30.79.54 - - [26/Nov/2008:04:22:38 +0100] "GET /logs/usage_200612.html HTTP/1.0" 200 109590 "-" "Mozilla/5.0 (compatible; Yahoo! Slurp/3.0; http://help.yahoo.com/help/us/ysearch/slurp)"
72.30.78.233 - - [26/Nov/2008:04:55:52 +0100] "GET /f-world.html HTTP/1.0" 200 35590 "-" "Mozilla/5.0 (compatible; Yahoo! Slurp; http://help.yahoo.com/help/us/ysearch/slurp)"
67.195.37.113 - - [26/Nov/2008:05:33:35 +0100] "GET /neon/girl-tv.html HTTP/1.0" 200 1717 "-" "Mozilla/5.0 (compatible; Yahoo! Slurp/3.0; http://help.yahoo.com/help/us/ysearch/slurp)"
77.88.25.28 - - [26/Nov/2008:05:44:54 +0100] "GET /robots.txt HTTP/1.1" 200 64 "-" "Yandex/1.01.001 (compatible; Win16; I)"
77.88.25.28 - - [26/Nov/2008:05:44:54 +0100] "GET / HTTP/1.1" 200 7869 "-" "Yandex/1.01.001 (compatible; Win16; I)"
67.195.37.113 - - [26/Nov/2008:05:50:04 +0100] "GET /f-zeug.html HTTP/1.0" 200 45338 "-" "Mozilla/5.0 (compatible; Yahoo! Slurp/3.0; http://help.yahoo.com/help/us/ysearch/slurp)"
67.195.37.113 - - [26/Nov/2008:05:52:00 +0100] "GET /logs/usage_200704.html HTTP/1.0" 200 108835 "-" "Mozilla/5.0 (compatible; Yahoo! Slurp/3.0; http://help.yahoo.com/help/us/ysearch/slurp)"
193.252.149.16 - - [26/Nov/2008:07:18:10 +0100] "GET /world.html HTTP/1.1" 200 16295 "-" "Mozilla/5.0 (Windows; U; Windows NT 5.1; fr; rv:1.8.1) VoilaBot BETA 1.2 (support.voilabot@orange-ftgroup.com)"
66.249.71.219 - - [26/Nov/2008:07:28:26 +0100] "GET /framez-rez.html HTTP/1.1" 200 4323 "-" "Mozilla/5.0 (compatible; Googlebot/2.1; +http://www.google.com/bot.html)"
67.195.37.113 - - [26/Nov/2008:07:28:42 +0100] "GET /DgH/orginal/index.html HTTP/1.0" 200 1727 "-" "Mozilla/5.0 (compatible; Yahoo! Slurp/3.0; http://help.yahoo.com/help/us/ysearch/slurp)"
67.195.37.113 - - [26/Nov/2008:07:59:28 +0100] "GET / HTTP/1.0" 200 7869 "-" "Mozilla/5.0 (compatible; Yahoo! Slurp; http://help.yahoo.com/help/us/ysearch/slurp)"
67.195.37.113 - - [26/Nov/2008:08:02:04 +0100] "GET /f-doku-brau.html HTTP/1.0" 200 7152 "-" "Mozilla/5.0 (compatible; Yahoo! Slurp/3.0; http://help.yahoo.com/help/us/ysearch/slurp)"
66.235.124.7 - - [26/Nov/2008:08:18:06 +0100] "GET /robots.txt HTTP/1.0" 200 64 "-" "Mozilla/5.0 (compatible; Ask Jeeves/Teoma; +http://about.ask.com/en/docs/about/webmasters.shtml)"
66.235.124.7 - - [26/Nov/2008:08:18:06 +0100] "GET /zampa-lovers/index.html HTTP/1.0" 200 37790 "-" "Mozilla/5.0 (compatible; Ask Jeeves/Teoma; +http://about.ask.com/en/docs/about/webmasters.shtml)"
66.235.124.61 - - [26/Nov/2008:08:18:11 +0100] "GET /framez-zampa-lovers.html HTTP/1.0" 200 4322 "-" "Mozilla/5.0 (compatible; Ask Jeeves/Teoma; +http://about.ask.com/en/docs/about/webmasters.shtml)"
66.235.124.61 - - [26/Nov/2008:08:18:11 +0100] "GET /frame-menu.html HTTP/1.0" 200 10536 "-" "Mozilla/5.0 (compatible; Ask Jeeves/Teoma; +http://about.ask.com/en/docs/about/webmasters.shtml)"
66.235.124.61 - - [26/Nov/2008:08:18:11 +0100] "GET /zampa-lovers/index.html HTTP/1.0" 200 37790 "-" "Mozilla/5.0 (compatible; Ask Jeeves/Teoma; +http://about.ask.com/en/docs/about/webmasters.shtml)"
66.235.124.61 - - [26/Nov/2008:08:18:12 +0100] "GET /frame-unten.html HTTP/1.0" 200 5308 "-" "Mozilla/5.0 (compatible; Ask Jeeves/Teoma; +http://about.ask.com/en/docs/about/webmasters.shtml)"
66.235.124.61 - - [26/Nov/2008:08:18:13 +0100] "GET /framez.html HTTP/1.0" 200 3959 "-" "Mozilla/5.0 (compatible; Ask Jeeves/Teoma; +http://about.ask.com/en/docs/about/webmasters.shtml)"
66.235.124.61 - - [26/Nov/2008:08:18:13 +0100] "GET /framez.html HTTP/1.0" 200 3959 "-" "Mozilla/5.0 (compatible; Ask Jeeves/Teoma; +http://about.ask.com/en/docs/about/webmasters.shtml)"
66.235.124.61 - - [26/Nov/2008:08:18:13 +0100] "GET /frame-inhalt.html HTTP/1.0" 200 5418 "-" "Mozilla/5.0 (compatible; Ask Jeeves/Teoma; +http://about.ask.com/en/docs/about/webmasters.shtml)"
81.52.143.26 - - [26/Nov/2008:08:18:52 +0100] "GET /neon/left-one-new.html HTTP/1.1" 200 1483 "-" "Mozilla/5.0 (Windows; U; Windows NT 5.1; fr; rv:1.8.1) VoilaBot BETA 1.2 (support.voilabot@orange-ftgroup.com)"
72.14.220.136 - - [26/Nov/2008:08:22:04 +0100] "GET /zampa-lovers/ HTTP/1.0" 200 37790 "-" "Mozilla/4.0 (compatible; MSIE 6.0; Windows NT 5.0; Google Wireless Transcoder;)"
72.14.220.136 - - [26/Nov/2008:08:22:04 +0100] "GET /framez-zampa-lovers.html HTTP/1.0" 200 4322 "http://www.various-euro.com/zampa-lovers/" "Mozilla/4.0 (compatible; MSIE 6.0; Windows NT 5.0; Google Wireless Transcoder;)"
72.14.220.136 - - [26/Nov/2008:08:22:04 +0100] "GET /frame-menu.html HTTP/1.0" 200 10536 "http://www.various-euro.com/framez-zampa-lovers.html" "Mozilla/4.0 (compatible; MSIE 6.0; Windows NT 5.0; Google Wireless Transcoder;)"
72.14.220.136 - - [26/Nov/2008:08:22:04 +0100] "GET /frame-unten.html HTTP/1.0" 200 5308 "http://www.various-euro.com/framez-zampa-lovers.html" "Mozilla/4.0 (compatible; MSIE 6.0; Windows NT 5.0; Google Wireless Transcoder;)"
72.14.220.136 - - [26/Nov/2008:08:22:04 +0100] "GET /zampa-lovers/index.html HTTP/1.0" 200 37790 "http://www.various-euro.com/framez-zampa-lovers.html" "Mozilla/4.0 (compatible; MSIE 6.0; Windows NT 5.0; Google Wireless Transcoder;)"
72.14.220.136 - - [26/Nov/2008:08:22:05 +0100] "GET /framez.html HTTP/1.0" 200 3959 "http://www.various-euro.com/frame-menu.html" "Mozilla/4.0 (compatible; MSIE 6.0; Windows NT 5.0; Google Wireless Transcoder;)"
72.14.220.136 - - [26/Nov/2008:08:22:05 +0100] "GET /frame-inhalt.html HTTP/1.0" 200 5418 "http://www.various-euro.com/framez.html" "Mozilla/4.0 (compatible; MSIE 6.0; Windows NT 5.0; Google Wireless Transcoder;)"
72.14.193.2 - - [26/Nov/2008:08:22:05 +0100] "GET /bannerz/anti_black_small.gif HTTP/1.1" 200 1009 "-" "Mozilla/4.0 (compatible; MSIE 6.0; Windows NT 5.0;Google Wireless Transcoder;)"
72.14.193.2 - - [26/Nov/2008:08:22:05 +0100] "GET /bannerz/neon_click_1.gif HTTP/1.1" 200 890 "-" "Mozilla/4.0 (compatible; MSIE 6.0; Windows NT 5.0;Google Wireless Transcoder;)"
65.55.165.15 - - [26/Nov/2008:08:23:42 +0100] "GET /zampa/ HTTP/1.0" 200 7153 "http://www.angelfire.com/psy/zampa-di-leone-zampa/" "Mozilla/4.0 (compatible; MSIE 6.0; Windows NT 5.2; SV1; .NET CLR 1.1.4322)"
65.55.165.15 - - [26/Nov/2008:08:23:42 +0100] "GET /zampa/montenegro/index.html HTTP/1.0" 200 2651 "http://www.angelfire.com/psy/zampa-di-leone-zampa/" "Mozilla/4.0 (compatible; MSIE 6.0; Windows NT 5.2; SV1; .NET CLR 1.1.4322)"
72.30.87.106 - - [26/Nov/2008:08:42:56 +0100] "GET /robots.txt HTTP/1.0" 200 64 "-" "Mozilla/5.0 (compatible; Yahoo! Slurp; http://help.yahoo.com/help/us/ysearch/slurp)"
72.30.87.106 - - [26/Nov/2008:08:42:58 +0100] "GET /DgH/watch/ HTTP/1.0" 200 2028 "-" "Mozilla/5.0 (compatible; Yahoo! Slurp; http://help.yahoo.com/help/us/ysearch/slurp)"
72.30.87.106 - - [26/Nov/2008:08:44:26 +0100] "GET /DgH/bull/index.html HTTP/1.0" 200 1915 "-" "Mozilla/5.0 (compatible; Yahoo! Slurp; http://help.yahoo.com/help/us/ysearch/slurp)"
81.52.143.16 - - [26/Nov/2008:08:46:06 +0100] "GET /schubb/schubb-2.html HTTP/1.1" 200 16660 "-" "Mozilla/5.0 (Windows; U; Windows NT 5.1; fr; rv:1.8.1) VoilaBot BETA 1.2 (support.voilabot@orange-ftgroup.com)"
66.249.71.6 - - [26/Nov/2008:08:57:58 +0100] "GET /robots.txt HTTP/1.1" 302 363 "-" "Mozilla/5.0 (compatible; Googlebot/2.1; +http://www.google.com/bot.html)"
66.249.71.217 - - [26/Nov/2008:08:57:59 +0100] "GET /zampa/robots.txt HTTP/1.1" 404 2748 "-" "Mozilla/5.0 (compatible; Googlebot/2.1; +http://www.google.com/bot.html)"
66.249.71.6 - - [26/Nov/2008:08:57:59 +0100] "GET / HTTP/1.1" 302 353 "-" "Mozilla/5.0 (compatible; Googlebot/2.1; +http://www.google.com/bot.html)"
66.249.71.217 - - [26/Nov/2008:08:57:59 +0100] "GET /zampa/ HTTP/1.1" 200 7153 "-" "Mozilla/5.0 (compatible; Googlebot/2.1; +http://www.google.com/bot.html)"
75.127.124.105 - - [26/Nov/2008:09:16:34 +0100] "GET / HTTP/1.1" 200 7869 "-" "Mozilla/4.0 (compatible; MSIE 5.0; Windows NT)"
38.108.180.17 - - [26/Nov/2008:09:19:45 +0100] "GET /robots.txt HTTP/1.1" 200 64 "-" "Mozilla/5.0 (compatible; ScoutJet; +http://www.scoutjet.com/)"
38.108.180.17 - - [26/Nov/2008:09:19:47 +0100] "GET /channel1.html HTTP/1.1" 404 2748 "-" "Mozilla/5.0 (compatible; ScoutJet; +http://www.scoutjet.com/)"
38.108.180.17 - - [26/Nov/2008:09:21:14 +0100] "GET /search.html HTTP/1.1" 200 1440 "-" "Mozilla/5.0 (compatible; ScoutJet; +http://www.scoutjet.com/)"
38.108.180.17 - - [26/Nov/2008:09:23:38 +0100] "GET /tour1_new.html HTTP/1.1" 404 2748 "-" "Mozilla/5.0 (compatible; ScoutJet; +http://www.scoutjet.com/)"
66.249.71.217 - - [26/Nov/2008:09:24:05 +0100] "GET /robots.txt HTTP/1.1" 200 64 "-" "Mozilla/5.0 (compatible; Googlebot/2.1; +http://www.google.com/bot.html)"
66.249.71.217 - - [26/Nov/2008:09:24:05 +0100] "GET /zampa-lovers/ HTTP/1.1" 200 37790 "-" "Mozilla/5.0 (compatible; Googlebot/2.1; +http://www.google.com/bot.html)"
38.108.180.17 - - [26/Nov/2008:09:25:06 +0100] "GET /euro.html HTTP/1.1" 404 2748 "-" "Mozilla/5.0 (compatible; ScoutJet; +http://www.scoutjet.com/)"
72.30.87.106 - - [26/Nov/2008:09:26:22 +0100] "GET /logs/usage_200711.html HTTP/1.0" 200 109628 "-" "Mozilla/5.0 (compatible; Yahoo! Slurp; http://help.yahoo.com/help/us/ysearch/slurp)"
38.108.180.17 - - [26/Nov/2008:09:26:35 +0100] "GET /net.html HTTP/1.1" 404 2748 "-" "Mozilla/5.0 (compatible; ScoutJet; +http://www.scoutjet.com/)"
38.108.180.17 - - [26/Nov/2008:09:27:58 +0100] "GET /f-horrorkatze.html HTTP/1.1" 200 7865 "-" "Mozilla/5.0 (compatible; ScoutJet; +http://www.scoutjet.com/)"
67.195.37.113 - - [26/Nov/2008:09:44:25 +0100] "GET /partnergegenberlin.html HTTP/1.0" 200 5022 "-" "Mozilla/5.0 (compatible; Yahoo! Slurp/3.0; http://help.yahoo.com/help/us/ysearch/slurp)"
67.195.37.113 - - [26/Nov/2008:09:46:53 +0100] "GET /games/virtualcop/virtualcop.html HTTP/1.0" 200 4487 "-" "Mozilla/5.0 (compatible; Yahoo! Slurp/3.0; http://help.yahoo.com/help/us/ysearch/slurp)"
66.249.71.218 - - [26/Nov/2008:09:57:39 +0100] "GET /zampa/montenegro/contributions.html HTTP/1.1" 200 18843 "-" "Mozilla/5.0 (compatible; Googlebot/2.1; +http://www.google.com/bot.html)"
38.113.234.181 - - [26/Nov/2008:10:05:21 +0100] "GET /robots.txt HTTP/1.1" 200 64 "-" "voyager/2.0 (http://www.kosmix.com/html/crawler.html)"
67.195.37.113 - - [26/Nov/2008:10:09:21 +0100] "GET /f-zeug.html HTTP/1.0" 200 45338 "-" "Mozilla/5.0 (compatible; Yahoo! Slurp/3.0; http://help.yahoo.com/help/us/ysearch/slurp)"
66.249.71.217 - - [26/Nov/2008:10:42:26 +0100] "GET /3dsf3/sendi/index.html HTTP/1.1" 200 1837 "-" "Mozilla/5.0 (compatible; Googlebot/2.1; +http://www.google.com/bot.html)"
124.254.63.118 - - [26/Nov/2008:10:51:22 +0100] "GET / HTTP/1.1" 200 7869 "-" "Mozilla/5.0 (Windows; U; Windows NT 5.1; zh-CN; rv:1.8.1.6) Gecko/20070725 Firefox/2.0.0.6"
72.30.142.161 - - [26/Nov/2008:11:40:58 +0100] "GET /robots.txt HTTP/1.0" 200 64 "-" "Mozilla/5.0 (compatible; Yahoo! Slurp; http://help.yahoo.com/help/us/ysearch/slurp)"
72.30.142.161 - - [26/Nov/2008:11:41:00 +0100] "GET /neon/girlz3.html HTTP/1.0" 200 2479 "-" "Mozilla/5.0 (compatible; Yahoo! Slurp; http://help.yahoo.com/help/us/ysearch/slurp)"
72.30.142.161 - - [26/Nov/2008:11:46:52 +0100] "GET /logs/ HTTP/1.0" 200 10079 "-" "Mozilla/5.0 (compatible; Yahoo! Slurp; http://help.yahoo.com/help/us/ysearch/slurp)"
66.249.71.218 - - [26/Nov/2008:12:06:04 +0100] "GET /logs/usage_200811.html HTTP/1.1" 404 2748 "-" "Mozilla/5.0 (compatible; Googlebot/2.1; +http://www.google.com/bot.html)"
67.195.37.113 - - [26/Nov/2008:12:13:24 +0100] "GET /schubb/schubb-1.html HTTP/1.0" 200 9070 "-" "Mozilla/5.0 (compatible; Yahoo! Slurp/3.0; http://help.yahoo.com/help/us/ysearch/slurp)"
72.30.142.161 - - [26/Nov/2008:12:20:16 +0100] "GET /logs/usage_200710.html HTTP/1.0" 200 110952 "-" "Mozilla/5.0 (compatible; Yahoo! Slurp; http://help.yahoo.com/help/us/ysearch/slurp)"
67.195.37.113 - - [26/Nov/2008:12:23:13 +0100] "GET /framez.html HTTP/1.0" 200 3959 "-" "Mozilla/5.0 (compatible; Yahoo! Slurp; http://help.yahoo.com/help/us/ysearch/slurp)"
67.195.37.113 - - [26/Nov/2008:12:23:27 +0100] "GET /frame-menu.html HTTP/1.0" 200 10536 "-" "Mozilla/5.0 (compatible; Yahoo! Slurp; http://help.yahoo.com/help/us/ysearch/slurp)"
67.195.37.113 - - [26/Nov/2008:12:23:40 +0100] "GET /frame-inhalt.html HTTP/1.0" 200 5418 "-" "Mozilla/5.0 (compatible; Yahoo! Slurp; http://help.yahoo.com/help/us/ysearch/slurp)"
67.195.37.113 - - [26/Nov/2008:12:23:52 +0100] "GET /frame-unten.html HTTP/1.0" 200 5308 "-" "Mozilla/5.0 (compatible; Yahoo! Slurp; http://help.yahoo.com/help/us/ysearch/slurp)"
77.105.49.193 - - [26/Nov/2008:12:34:22 +0100] "GET / HTTP/1.1" 302 353 "http://koracnikola.blogspot.com/" "Mozilla/5.0 (Windows; U; Windows NT 5.1; en-US; rv:1.9.0.4) Gecko/2008102920 Firefox/3.0.4"
77.105.49.193 - - [26/Nov/2008:12:34:23 +0100] "GET /zampa/ HTTP/1.1" 200 7153 "http://koracnikola.blogspot.com/" "Mozilla/5.0 (Windows; U; Windows NT 5.1; en-US; rv:1.9.0.4) Gecko/2008102920 Firefox/3.0.4"
77.105.49.193 - - [26/Nov/2008:12:34:23 +0100] "GET /zampa/slike/zampa.gif HTTP/1.1" 200 5310 "http://www.various-euro.com/zampa/" "Mozilla/5.0 (Windows; U; Windows NT 5.1; en-US; rv:1.9.0.4) Gecko/2008102920 Firefox/3.0.4"
77.105.49.193 - - [26/Nov/2008:12:34:23 +0100] "GET /zampa/slike/udupetu.gif HTTP/1.1" 200 4138 "http://www.various-euro.com/zampa/" "Mozilla/5.0 (Windows; U; Windows NT 5.1; en-US; rv:1.9.0.4) Gecko/2008102920 Firefox/3.0.4"
77.105.49.193 - - [26/Nov/2008:12:34:23 +0100] "GET /zampa/slike/inthearse.gif HTTP/1.1" 200 4077 "http://www.various-euro.com/zampa/" "Mozilla/5.0 (Windows; U; Windows NT 5.1; en-US; rv:1.9.0.4) Gecko/2008102920 Firefox/3.0.4"
77.105.49.193 - - [26/Nov/2008:12:34:23 +0100] "GET /favicon.ico HTTP/1.1" 404 2748 "-" "Mozilla/5.0 (Windows; U; Windows NT 5.1; en-US; rv:1.9.0.4) Gecko/2008102920 Firefox/3.0.4"
77.105.49.193 - - [26/Nov/2008:12:34:26 +0100] "GET /favicon.ico HTTP/1.1" 404 2748 "-" "Mozilla/5.0 (Windows; U; Windows NT 5.1; en-US; rv:1.9.0.4) Gecko/2008102920 Firefox/3.0.4"
67.195.37.113 - - [26/Nov/2008:12:53:26 +0100] "GET /bmpp/euro_pal_111.html HTTP/1.0" 200 2129 "-" "Mozilla/5.0 (compatible; Yahoo! Slurp/3.0; http://help.yahoo.com/help/us/ysearch/slurp)"
72.30.161.253 - - [26/Nov/2008:13:42:21 +0100] "GET /robots.txt HTTP/1.0" 200 64 "-" "Mozilla/5.0 (compatible; Yahoo! Slurp; http://help.yahoo.com/help/us/ysearch/slurp)"
72.30.161.253 - - [26/Nov/2008:13:42:22 +0100] "GET /warez.html HTTP/1.0" 200 9754 "-" "Mozilla/5.0 (compatible; Yahoo! Slurp; http://help.yahoo.com/help/us/ysearch/slurp)"
193.252.149.16 - - [26/Nov/2008:13:42:29 +0100] "GET /robots.txt HTTP/1.1" 200 64 "-" "Mozilla/5.0 (Windows; U; Windows NT 5.1; fr; rv:1.8.1) VoilaBot BETA 1.2 (support.voilabot@orange-ftgroup.com)"
193.252.149.16 - - [26/Nov/2008:13:42:35 +0100] "GET /neon/sushi.html HTTP/1.1" 200 687 "-" "Mozilla/5.0 (Windows; U; Windows NT 5.1; fr; rv:1.8.1) VoilaBot BETA 1.2 (support.voilabot@orange-ftgroup.com)"
