74.6.8.100 - - [13/Dec/2008:16:00:44 +0100] "GET /bmpp/18.html HTTP/1.0" 200 4467 "-" "Mozilla/5.0 (compatible; Yahoo! Slurp/3.0; http://help.yahoo.com/help/us/ysearch/slurp)"
81.52.143.15 - - [13/Dec/2008:16:06:56 +0100] "GET /bmpp/euro_pal_1.html HTTP/1.1" 200 18252 "-" "Mozilla/5.0 (Windows; U; Windows NT 5.1; fr; rv:1.8.1) VoilaBot BETA 1.2 (support.voilabot@orange-ftgroup.com)"
68.142.212.219 - - [13/Dec/2008:16:22:43 +0100] "GET /robots.txt HTTP/1.0" 200 64 "-" "Mozilla/5.0 (Yahoo-MMCrawler/4.0; mailto:vertical-crawl-support@yahoo-inc.com)"
68.142.212.219 - - [13/Dec/2008:16:22:44 +0100] "GET /zampa-lovers/1SEITEVE.GIF HTTP/1.0" 200 78726 "-" "Mozilla/5.0 (Yahoo-MMCrawler/4.0; mailto:vertical-crawl-support@yahoo-inc.com)"
78.38.255.141 - - [13/Dec/2008:16:24:04 +0100] "GET / HTTP/1.1" 200 7869 "-" "Mozilla/5.0 (Windows; U; Windows NT 5.2; en-US; rv:1.8.1.12) Gecko/20080201 Firefox/2.0.0.12"
67.195.37.107 - - [13/Dec/2008:16:26:16 +0100] "GET /tour1_new.html HTTP/1.0" 404 2748 "-" "Mozilla/5.0 (compatible; Yahoo! Slurp; http://help.yahoo.com/help/us/ysearch/slurp)"
66.231.189.124 - - [13/Dec/2008:16:48:47 +0100] "GET /robots.txt HTTP/1.0" 200 64 "-" "Gigabot/3.0 (http://www.gigablast.com/spider.html)"
67.195.37.107 - - [13/Dec/2008:17:04:25 +0100] "GET /net.html HTTP/1.0" 404 2748 "-" "Mozilla/5.0 (compatible; Yahoo! Slurp; http://help.yahoo.com/help/us/ysearch/slurp)"
67.195.37.107 - - [13/Dec/2008:17:18:46 +0100] "GET /neon/channel.html HTTP/1.0" 200 1942 "-" "Mozilla/5.0 (compatible; Yahoo! Slurp/3.0; http://help.yahoo.com/help/us/ysearch/slurp)"
72.54.14.114 - - [13/Dec/2008:17:30:54 +0100] "GET / HTTP/1.1" 200 7869 "-" "Mozilla/5.0 (Windows; U; Windows NT 6.0; en-US; rv:1.9.0.4) Gecko/2008102920 Firefox/3.0.4"
72.54.14.114 - - [13/Dec/2008:17:30:54 +0100] "GET /ve-icon-2.ico HTTP/1.1" 200 2238 "-" "Mozilla/5.0 (Windows; U; Windows NT 6.0; en-US; rv:1.9.0.4) Gecko/2008102920 Firefox/3.0.4"
72.54.14.114 - - [13/Dec/2008:17:30:55 +0100] "GET /style/various-euro.css HTTP/1.1" 200 3437 "http://www.various-euro.com/" "Mozilla/5.0 (Windows; U; Windows NT 6.0; en-US; rv:1.9.0.4) Gecko/2008102920 Firefox/3.0.4"
72.54.14.114 - - [13/Dec/2008:17:30:55 +0100] "GET /framez_0.html HTTP/1.1" 200 12444 "http://www.various-euro.com/" "Mozilla/5.0 (Windows; U; Windows NT 6.0; en-US; rv:1.9.0.4) Gecko/2008102920 Firefox/3.0.4"
72.54.14.114 - - [13/Dec/2008:17:30:58 +0100] "GET /framez.html HTTP/1.1" 200 3959 "http://www.various-euro.com/framez_0.html" "Mozilla/5.0 (Windows; U; Windows NT 6.0; en-US; rv:1.9.0.4) Gecko/2008102920 Firefox/3.0.4"
72.54.14.114 - - [13/Dec/2008:17:30:59 +0100] "GET /frame-menu.html HTTP/1.1" 200 10536 "http://www.various-euro.com/framez.html" "Mozilla/5.0 (Windows; U; Windows NT 6.0; en-US; rv:1.9.0.4) Gecko/2008102920 Firefox/3.0.4"
72.54.14.114 - - [13/Dec/2008:17:30:59 +0100] "GET /frame-inhalt.html HTTP/1.1" 200 5418 "http://www.various-euro.com/framez.html" "Mozilla/5.0 (Windows; U; Windows NT 6.0; en-US; rv:1.9.0.4) Gecko/2008102920 Firefox/3.0.4"
72.54.14.114 - - [13/Dec/2008:17:30:59 +0100] "GET /frame-unten.html HTTP/1.1" 200 5308 "http://www.various-euro.com/framez.html" "Mozilla/5.0 (Windows; U; Windows NT 6.0; en-US; rv:1.9.0.4) Gecko/2008102920 Firefox/3.0.4"
72.54.14.114 - - [13/Dec/2008:17:30:59 +0100] "GET /bannerz/neon_click_3.gif HTTP/1.1" 200 240 "http://www.various-euro.com/frame-inhalt.html" "Mozilla/5.0 (Windows; U; Windows NT 6.0; en-US; rv:1.9.0.4) Gecko/2008102920 Firefox/3.0.4"
72.54.14.114 - - [13/Dec/2008:17:30:59 +0100] "GET /eurosign3.gif HTTP/1.1" 200 7879 "http://www.various-euro.com/frame-inhalt.html" "Mozilla/5.0 (Windows; U; Windows NT 6.0; en-US; rv:1.9.0.4) Gecko/2008102920 Firefox/3.0.4"
72.54.14.114 - - [13/Dec/2008:17:30:59 +0100] "GET /bannerz/neon_click_2.gif HTTP/1.1" 200 387 "http://www.various-euro.com/frame-inhalt.html" "Mozilla/5.0 (Windows; U; Windows NT 6.0; en-US; rv:1.9.0.4) Gecko/2008102920 Firefox/3.0.4"
72.54.14.114 - - [13/Dec/2008:17:30:59 +0100] "GET /bannerz/goolag_468.jpg HTTP/1.1" 200 28285 "http://www.various-euro.com/frame-inhalt.html" "Mozilla/5.0 (Windows; U; Windows NT 6.0; en-US; rv:1.9.0.4) Gecko/2008102920 Firefox/3.0.4"
72.54.14.114 - - [13/Dec/2008:17:31:00 +0100] "GET /bannerz/neon_click_1.gif HTTP/1.1" 200 890 "http://www.various-euro.com/frame-inhalt.html" "Mozilla/5.0 (Windows; U; Windows NT 6.0; en-US; rv:1.9.0.4) Gecko/2008102920 Firefox/3.0.4"
72.54.14.114 - - [13/Dec/2008:17:31:00 +0100] "GET /bannerz/google/Logo_40blk.gif HTTP/1.1" 200 2308 "http://www.various-euro.com/frame-inhalt.html" "Mozilla/5.0 (Windows; U; Windows NT 6.0; en-US; rv:1.9.0.4) Gecko/2008102920 Firefox/3.0.4"
72.54.14.114 - - [13/Dec/2008:17:31:00 +0100] "GET /bannerz/douwil.gif HTTP/1.1" 200 528 "http://www.various-euro.com/frame-inhalt.html" "Mozilla/5.0 (Windows; U; Windows NT 6.0; en-US; rv:1.9.0.4) Gecko/2008102920 Firefox/3.0.4"
72.54.14.114 - - [13/Dec/2008:17:31:00 +0100] "GET /bannerz/anti_black_small.gif HTTP/1.1" 200 1009 "http://www.various-euro.com/frame-inhalt.html" "Mozilla/5.0 (Windows; U; Windows NT 6.0; en-US; rv:1.9.0.4) Gecko/2008102920 Firefox/3.0.4"
72.54.14.114 - - [13/Dec/2008:17:31:00 +0100] "GET /bannerz/copyleft_black_small.gif HTTP/1.1" 200 1231 "http://www.various-euro.com/frame-inhalt.html" "Mozilla/5.0 (Windows; U; Windows NT 6.0; en-US; rv:1.9.0.4) Gecko/2008102920 Firefox/3.0.4"
72.54.14.114 - - [13/Dec/2008:17:31:00 +0100] "GET /bannerz/wet.gif HTTP/1.1" 200 18561 "http://www.various-euro.com/frame-inhalt.html" "Mozilla/5.0 (Windows; U; Windows NT 6.0; en-US; rv:1.9.0.4) Gecko/2008102920 Firefox/3.0.4"
72.54.14.114 - - [13/Dec/2008:17:31:00 +0100] "GET /bannerz/ve.jpg HTTP/1.1" 200 36912 "http://www.various-euro.com/frame-unten.html" "Mozilla/5.0 (Windows; U; Windows NT 6.0; en-US; rv:1.9.0.4) Gecko/2008102920 Firefox/3.0.4"
72.54.14.114 - - [13/Dec/2008:17:31:00 +0100] "GET /bannerz/various-euro-girl.jpg HTTP/1.1" 200 91514 "http://www.various-euro.com/frame-unten.html" "Mozilla/5.0 (Windows; U; Windows NT 6.0; en-US; rv:1.9.0.4) Gecko/2008102920 Firefox/3.0.4"
67.195.37.107 - - [13/Dec/2008:17:43:53 +0100] "GET /your_tour.html HTTP/1.0" 200 29760 "-" "Mozilla/5.0 (compatible; Yahoo! Slurp; http://help.yahoo.com/help/us/ysearch/slurp)"
67.195.37.107 - - [13/Dec/2008:18:03:55 +0100] "GET /f-bannnerz.html HTTP/1.0" 200 12651 "-" "Mozilla/5.0 (compatible; Yahoo! Slurp/3.0; http://help.yahoo.com/help/us/ysearch/slurp)"
65.55.211.181 - - [13/Dec/2008:18:09:04 +0100] "GET /robots.txt HTTP/1.1" 200 64 "-" "msnbot/1.1 (+http://search.msn.com/msnbot.htm)"
65.55.211.181 - - [13/Dec/2008:18:09:04 +0100] "GET /restate_copy.html HTTP/1.1" 200 97631 "-" "msnbot/1.1 (+http://search.msn.com/msnbot.htm)"
65.55.109.125 - - [13/Dec/2008:18:10:44 +0100] "GET /menueleiste.js HTTP/1.0" 404 2748 "http://www.various-euro.com/restate_copy.html" "Mozilla/4.0 (compatible; MSIE 6.0; Windows NT 5.2; SV1; .NET CLR 1.1.4322)"
65.55.109.125 - - [13/Dec/2008:18:10:44 +0100] "GET /restate_copy.html HTTP/1.0" 200 97631 "http://search.live.com/results.aspx?q=restate" "Mozilla/4.0 (compatible; MSIE 6.0; Windows NT 5.2; SV1; .NET CLR 1.1.4322)"
65.55.109.125 - - [13/Dec/2008:18:10:45 +0100] "GET /framez-restate.html HTTP/1.0" 200 4328 "-" "Mozilla/4.0 (compatible; MSIE 6.0; Windows NT 5.2; SV1; .NET CLR 1.1.4322)"
65.55.109.125 - - [13/Dec/2008:18:10:46 +0100] "GET /frame-menu.html HTTP/1.0" 200 10536 "http://www.various-euro.com/framez-restate.html" "Mozilla/4.0 (compatible; MSIE 6.0; Windows NT 5.2; SV1; .NET CLR 1.1.4322)"
65.55.109.125 - - [13/Dec/2008:18:10:46 +0100] "GET /frame-unten.html HTTP/1.0" 200 5308 "http://www.various-euro.com/framez-restate.html" "Mozilla/4.0 (compatible; MSIE 6.0; Windows NT 5.2; SV1; .NET CLR 1.1.4322)"
65.55.109.125 - - [13/Dec/2008:18:10:46 +0100] "GET /style/various-euro.css HTTP/1.0" 200 3437 "http://www.various-euro.com/frame-menu.html" "Mozilla/4.0 (compatible; MSIE 6.0; Windows NT 5.2; SV1; .NET CLR 1.1.4322)"
65.55.109.125 - - [13/Dec/2008:18:10:46 +0100] "GET /menueleiste.js HTTP/1.0" 404 2748 "http://www.various-euro.com/restate_copy.html" "Mozilla/4.0 (compatible; MSIE 6.0; Windows NT 5.2; SV1; .NET CLR 1.1.4322)"
65.55.109.125 - - [13/Dec/2008:18:10:46 +0100] "GET /restate_copy.html HTTP/1.0" 200 97631 "http://www.various-euro.com/framez-restate.html" "Mozilla/4.0 (compatible; MSIE 6.0; Windows NT 5.2; SV1; .NET CLR 1.1.4322)"
68.142.212.219 - - [13/Dec/2008:18:38:40 +0100] "GET /zampa-lovers/MILIZA_3.JPG HTTP/1.0" 200 26924 "-" "Mozilla/5.0 (Yahoo-MMCrawler/4.0; mailto:vertical-crawl-support@yahoo-inc.com)"
119.63.193.56 - - [13/Dec/2008:18:42:41 +0100] "GET /robots.txt HTTP/1.1" 200 64 "-" "Baiduspider+(+http://www.baidu.com/search/spider_jp.html)"
207.70.25.60 - - [13/Dec/2008:18:44:31 +0100] "GET / HTTP/1.1" 200 7869 "-" "Mozilla/4.7 [en] (Win95; U)"
74.6.8.100 - - [13/Dec/2008:19:23:26 +0100] "GET /logs/usage_200512.html HTTP/1.0" 200 109566 "-" "Mozilla/5.0 (compatible; Yahoo! Slurp; http://help.yahoo.com/help/us/ysearch/slurp)"
74.6.8.100 - - [13/Dec/2008:19:47:38 +0100] "GET /f-search.html HTTP/1.0" 200 11800 "-" "Mozilla/5.0 (compatible; Yahoo! Slurp; http://help.yahoo.com/help/us/ysearch/slurp)"
78.38.255.141 - - [13/Dec/2008:21:32:48 +0100] "GET / HTTP/1.1" 200 7869 "-" "Mozilla/5.0 (Windows; U; Windows NT 5.2; en-US; rv:1.8.1.12) Gecko/20080201 Firefox/2.0.0.12"
65.55.211.180 - - [13/Dec/2008:21:36:54 +0100] "GET /robots.txt HTTP/1.1" 200 64 "-" "msnbot/1.1 (+http://search.msn.com/msnbot.htm)"
65.55.211.180 - - [13/Dec/2008:21:36:54 +0100] "GET /f-warez.html HTTP/1.1" 200 10953 "-" "msnbot/1.1 (+http://search.msn.com/msnbot.htm)"
74.6.8.100 - - [13/Dec/2008:21:50:25 +0100] "GET /robots.txt HTTP/1.0" 200 64 "-" "Mozilla/5.0 (compatible; Yahoo! Slurp; http://help.yahoo.com/help/us/ysearch/slurp)"
74.6.8.100 - - [13/Dec/2008:21:50:26 +0100] "GET /logs/usage_200705.html HTTP/1.0" 200 109447 "-" "Mozilla/5.0 (compatible; Yahoo! Slurp; http://help.yahoo.com/help/us/ysearch/slurp)"
65.55.211.171 - - [13/Dec/2008:21:57:21 +0100] "GET /robots.txt HTTP/1.1" 200 64 "-" "msnbot/1.1 (+http://search.msn.com/msnbot.htm)"
65.55.211.171 - - [13/Dec/2008:21:57:21 +0100] "GET /f-maintitle.html HTTP/1.1" 200 5030 "-" "msnbot/1.1 (+http://search.msn.com/msnbot.htm)"
91.185.103.218 - - [13/Dec/2008:21:59:09 +0100] "GET / HTTP/1.1" 302 353 "http://www.google.com/search?client=firefox-a&rls=org.mozilla%3Aen-US%3Aofficial&channel=s&hl=en&q=zampa+di+leone&btnG=Google+Search" "Mozilla/5.0 (Windows; U; Windows NT 5.1; en-US; rv:1.9.0.4) Gecko/2008102920 Firefox/3.0.4"
91.185.103.218 - - [13/Dec/2008:21:59:09 +0100] "GET /zampa/ HTTP/1.1" 200 7153 "http://www.google.com/search?client=firefox-a&rls=org.mozilla%3Aen-US%3Aofficial&channel=s&hl=en&q=zampa+di+leone&btnG=Google+Search" "Mozilla/5.0 (Windows; U; Windows NT 5.1; en-US; rv:1.9.0.4) Gecko/2008102920 Firefox/3.0.4"
91.185.103.218 - - [13/Dec/2008:21:59:09 +0100] "GET /zampa/slike/zampa.gif HTTP/1.1" 200 5310 "http://www.various-euro.com/zampa/" "Mozilla/5.0 (Windows; U; Windows NT 5.1; en-US; rv:1.9.0.4) Gecko/2008102920 Firefox/3.0.4"
91.185.103.218 - - [13/Dec/2008:21:59:09 +0100] "GET /zampa/slike/inthearse.gif HTTP/1.1" 200 4077 "http://www.various-euro.com/zampa/" "Mozilla/5.0 (Windows; U; Windows NT 5.1; en-US; rv:1.9.0.4) Gecko/2008102920 Firefox/3.0.4"
91.185.103.218 - - [13/Dec/2008:21:59:09 +0100] "GET /zampa/slike/udupetu.gif HTTP/1.1" 200 4138 "http://www.various-euro.com/zampa/" "Mozilla/5.0 (Windows; U; Windows NT 5.1; en-US; rv:1.9.0.4) Gecko/2008102920 Firefox/3.0.4"
91.185.103.218 - - [13/Dec/2008:21:59:12 +0100] "GET /favicon.ico HTTP/1.1" 404 2748 "-" "Mozilla/5.0 (Windows; U; Windows NT 5.1; en-US; rv:1.9.0.4) Gecko/2008102920 Firefox/3.0.4"
91.185.103.218 - - [13/Dec/2008:21:59:15 +0100] "GET /favicon.ico HTTP/1.1" 404 2748 "-" "Mozilla/5.0 (Windows; U; Windows NT 5.1; en-US; rv:1.9.0.4) Gecko/2008102920 Firefox/3.0.4"
91.185.103.218 - - [13/Dec/2008:22:00:25 +0100] "GET /zampa/slike/E2COPY.GIF HTTP/1.1" 200 10416 "http://www.various-euro.com/zampa/" "Mozilla/5.0 (Windows; U; Windows NT 5.1; en-US; rv:1.9.0.4) Gecko/2008102920 Firefox/3.0.4"
91.185.103.218 - - [13/Dec/2008:22:00:39 +0100] "GET /zampa/slike/E3VAMPIR.GIF HTTP/1.1" 200 52553 "http://www.various-euro.com/zampa/" "Mozilla/5.0 (Windows; U; Windows NT 5.1; en-US; rv:1.9.0.4) Gecko/2008102920 Firefox/3.0.4"
91.185.103.218 - - [13/Dec/2008:22:02:04 +0100] "GET /zampa/slike/E4IRWIN.GIF HTTP/1.1" 200 53174 "http://www.various-euro.com/zampa/" "Mozilla/5.0 (Windows; U; Windows NT 5.1; en-US; rv:1.9.0.4) Gecko/2008102920 Firefox/3.0.4"
74.6.8.100 - - [13/Dec/2008:22:03:14 +0100] "GET /f-actions.html HTTP/1.0" 200 10429 "-" "Mozilla/5.0 (compatible; Yahoo! Slurp; http://help.yahoo.com/help/us/ysearch/slurp)"
91.185.103.218 - - [13/Dec/2008:22:03:22 +0100] "GET /zampa/slike/E5UROSTO.GIF HTTP/1.1" 200 42690 "http://www.various-euro.com/zampa/" "Mozilla/5.0 (Windows; U; Windows NT 5.1; en-US; rv:1.9.0.4) Gecko/2008102920 Firefox/3.0.4"
91.185.103.218 - - [13/Dec/2008:22:04:22 +0100] "GET /zampa/slike/E6BIENNI.GIF HTTP/1.1" 200 33736 "http://www.various-euro.com/zampa/" "Mozilla/5.0 (Windows; U; Windows NT 5.1; en-US; rv:1.9.0.4) Gecko/2008102920 Firefox/3.0.4"
91.185.103.218 - - [13/Dec/2008:22:05:06 +0100] "GET /zampa/slike/E7MEDIAA.GIF HTTP/1.1" 200 44716 "http://www.various-euro.com/zampa/" "Mozilla/5.0 (Windows; U; Windows NT 5.1; en-US; rv:1.9.0.4) Gecko/2008102920 Firefox/3.0.4"
91.185.103.218 - - [13/Dec/2008:22:05:55 +0100] "GET /zampa/slike/E8CURATO.GIF HTTP/1.1" 200 15386 "http://www.various-euro.com/zampa/" "Mozilla/5.0 (Windows; U; Windows NT 5.1; en-US; rv:1.9.0.4) Gecko/2008102920 Firefox/3.0.4"
84.114.151.89 - - [13/Dec/2008:22:34:34 +0100] "GET /zampa/ HTTP/1.1" 200 7153 "-" "Opera/9.62 (Macintosh; Intel Mac OS X; U; en) Presto/2.1.1"
84.114.151.89 - - [13/Dec/2008:22:34:34 +0100] "GET /zampa/slike/zampa.gif HTTP/1.1" 200 5310 "http://www.various-euro.com/zampa/" "Opera/9.62 (Macintosh; Intel Mac OS X; U; en) Presto/2.1.1"
84.114.151.89 - - [13/Dec/2008:22:34:34 +0100] "GET /zampa/slike/udupetu.gif HTTP/1.1" 200 4138 "http://www.various-euro.com/zampa/" "Opera/9.62 (Macintosh; Intel Mac OS X; U; en) Presto/2.1.1"
84.114.151.89 - - [13/Dec/2008:22:34:34 +0100] "GET /zampa/slike/inthearse.gif HTTP/1.1" 200 4077 "http://www.various-euro.com/zampa/" "Opera/9.62 (Macintosh; Intel Mac OS X; U; en) Presto/2.1.1"
84.114.151.89 - - [13/Dec/2008:22:34:34 +0100] "GET /favicon.ico HTTP/1.1" 404 2748 "http://www.various-euro.com/zampa/" "Opera/9.62 (Macintosh; Intel Mac OS X; U; en) Presto/2.1.1"
84.114.151.89 - - [13/Dec/2008:22:34:47 +0100] "GET /zampa/slike/E3VAMPIR.GIF HTTP/1.1" 200 52553 "http://www.various-euro.com/zampa/" "Opera/9.62 (Macintosh; Intel Mac OS X; U; en) Presto/2.1.1"
84.114.151.89 - - [13/Dec/2008:22:35:20 +0100] "GET /zampa/slike/E6BIENNI.GIF HTTP/1.1" 200 33736 "http://www.various-euro.com/zampa/" "Opera/9.62 (Macintosh; Intel Mac OS X; U; en) Presto/2.1.1"
84.114.151.89 - - [13/Dec/2008:22:36:39 +0100] "GET /zampa/slike/E7MEDIAA.GIF HTTP/1.1" 200 44716 "http://www.various-euro.com/zampa/" "Opera/9.62 (Macintosh; Intel Mac OS X; U; en) Presto/2.1.1"
66.249.65.169 - - [13/Dec/2008:23:05:08 +0100] "GET /robots.txt HTTP/1.1" 302 363 "-" "Googlebot-Image/1.0"
66.249.65.169 - - [13/Dec/2008:23:05:09 +0100] "GET /zampa/robots.txt HTTP/1.1" 404 2748 "-" "Googlebot-Image/1.0"
66.249.65.169 - - [13/Dec/2008:23:05:09 +0100] "GET /montenegro/slike/plakat.jpg HTTP/1.1" 302 380 "-" "Googlebot-Image/1.0"
74.6.8.100 - - [13/Dec/2008:23:28:40 +0100] "GET /schubb/schubb-1.html HTTP/1.0" 200 9070 "-" "Mozilla/5.0 (compatible; Yahoo! Slurp; http://help.yahoo.com/help/us/ysearch/slurp)"
68.142.212.219 - - [13/Dec/2008:23:33:37 +0100] "GET /bannerz/army_graphics_package/m24-n.gif HTTP/1.0" 200 5038 "-" "Mozilla/5.0 (Yahoo-MMCrawler/4.0; mailto:vertical-crawl-support@yahoo-inc.com)"
74.6.8.100 - - [13/Dec/2008:23:40:03 +0100] "GET /DgH/bull/ HTTP/1.0" 200 1915 "-" "Mozilla/5.0 (compatible; Yahoo! Slurp; http://help.yahoo.com/help/us/ysearch/slurp)"
193.252.149.16 - - [14/Dec/2008:00:26:02 +0100] "GET /world.html HTTP/1.1" 200 16295 "-" "Mozilla/5.0 (Windows; U; Windows NT 5.1; fr; rv:1.8.1) VoilaBot BETA 1.2 (support.voilabot@orange-ftgroup.com)"
81.52.143.15 - - [14/Dec/2008:00:31:08 +0100] "GET /robots.txt HTTP/1.1" 200 64 "-" "Mozilla/5.0 (Windows; U; Windows NT 5.1; fr; rv:1.8.1) VoilaBot BETA 1.2 (support.voilabot@orange-ftgroup.com)"
81.52.143.15 - - [14/Dec/2008:00:31:26 +0100] "GET /warez.html HTTP/1.1" 200 9754 "-" "Mozilla/5.0 (Windows; U; Windows NT 5.1; fr; rv:1.8.1) VoilaBot BETA 1.2 (support.voilabot@orange-ftgroup.com)"
193.252.149.16 - - [14/Dec/2008:00:49:25 +0100] "GET / HTTP/1.1" 200 7869 "-" "Mozilla/5.0 (Windows; U; Windows NT 5.1; fr; rv:1.8.1) VoilaBot BETA 1.2 (support.voilabot@orange-ftgroup.com)"
66.249.65.169 - - [14/Dec/2008:01:32:03 +0100] "GET /DgH/ HTTP/1.1" 200 5024 "-" "Mozilla/5.0 (compatible; Googlebot/2.1; +http://www.google.com/bot.html)"
67.195.37.107 - - [14/Dec/2008:01:54:28 +0100] "GET /robots.txt HTTP/1.0" 200 64 "-" "Mozilla/5.0 (compatible; Yahoo! Slurp; http://help.yahoo.com/help/us/ysearch/slurp)"
67.195.37.107 - - [14/Dec/2008:01:54:28 +0100] "GET /web.html HTTP/1.0" 404 2748 "-" "Mozilla/5.0 (compatible; Yahoo! Slurp/3.0; http://help.yahoo.com/help/us/ysearch/slurp)"
67.195.37.107 - - [14/Dec/2008:02:26:52 +0100] "GET /web.html HTTP/1.0" 404 2748 "-" "Mozilla/5.0 (compatible; Yahoo! Slurp/3.0; http://help.yahoo.com/help/us/ysearch/slurp)"
74.6.8.100 - - [14/Dec/2008:02:36:39 +0100] "GET /f-net.html HTTP/1.0" 200 9913 "-" "Mozilla/5.0 (compatible; Yahoo! Slurp; http://help.yahoo.com/help/us/ysearch/slurp)"
74.6.8.100 - - [14/Dec/2008:02:38:25 +0100] "GET /frame-inhalt.html HTTP/1.0" 200 5418 "-" "Mozilla/5.0 (compatible; Yahoo! Slurp; http://help.yahoo.com/help/us/ysearch/slurp)"
66.249.65.169 - - [14/Dec/2008:03:46:13 +0100] "GET /framez.html HTTP/1.1" 200 3959 "-" "Mozilla/5.0 (compatible; Googlebot/2.1; +http://www.google.com/bot.html)"
67.195.37.107 - - [14/Dec/2008:03:47:00 +0100] "GET /DgH/bull/ HTTP/1.0" 200 1915 "-" "Mozilla/5.0 (compatible; Yahoo! Slurp; http://help.yahoo.com/help/us/ysearch/slurp)"
74.6.8.100 - - [14/Dec/2008:03:57:37 +0100] "GET /neon/biggtani.html HTTP/1.0" 200 1698 "-" "Mozilla/5.0 (compatible; Yahoo! Slurp; http://help.yahoo.com/help/us/ysearch/slurp)"
81.52.143.26 - - [14/Dec/2008:04:10:30 +0100] "GET /f-net.html HTTP/1.1" 200 9913 "-" "Mozilla/5.0 (Windows; U; Windows NT 5.1; fr; rv:1.8.1) VoilaBot BETA 1.2 (support.voilabot@orange-ftgroup.com)"
79.66.133.67 - - [14/Dec/2008:04:21:14 +0100] "GET / HTTP/1.1" 200 7869 "-" "Mozilla/5.0 (Windows; U; Windows NT 5.1; en-US; rv:1.9.1b2) Gecko/20081201 Firefox/3.1b2"
79.66.133.67 - - [14/Dec/2008:04:21:15 +0100] "GET /style/various-euro.css HTTP/1.1" 200 3437 "http://www.various-euro.com/" "Mozilla/5.0 (Windows; U; Windows NT 5.1; en-US; rv:1.9.1b2) Gecko/20081201 Firefox/3.1b2"
79.66.133.67 - - [14/Dec/2008:04:21:15 +0100] "GET /favicon.ico HTTP/1.1" 404 2748 "-" "Mozilla/5.0 (Windows; U; Windows NT 5.1; en-US; rv:1.9.1b2) Gecko/20081201 Firefox/3.1b2"
74.6.8.100 - - [14/Dec/2008:04:25:32 +0100] "GET /f-zeug.html HTTP/1.0" 200 48203 "-" "Mozilla/5.0 (compatible; Yahoo! Slurp; http://help.yahoo.com/help/us/ysearch/slurp)"
84.73.67.146 - - [14/Dec/2008:04:28:47 +0100] "GET /robots.txt HTTP/1.1" 200 64 "-" "Mozilla/5.0 (Windows; U; Windows NT 5.1; de; rv:1.8.1.18) Gecko/20081029 Firefox/2.0.0.18"
193.252.149.16 - - [14/Dec/2008:04:41:19 +0100] "GET /robots.txt HTTP/1.1" 200 64 "-" "Mozilla/5.0 (Windows; U; Windows NT 5.1; fr; rv:1.8.1) VoilaBot BETA 1.2 (support.voilabot@orange-ftgroup.com)"
193.252.149.16 - - [14/Dec/2008:04:41:27 +0100] "GET /frame-inhalt.html HTTP/1.1" 200 5418 "-" "Mozilla/5.0 (Windows; U; Windows NT 5.1; fr; rv:1.8.1) VoilaBot BETA 1.2 (support.voilabot@orange-ftgroup.com)"
81.52.143.16 - - [14/Dec/2008:05:04:23 +0100] "GET /frame-unten.html HTTP/1.1" 200 5308 "-" "Mozilla/5.0 (Windows; U; Windows NT 5.1; fr; rv:1.8.1) VoilaBot BETA 1.2 (support.voilabot@orange-ftgroup.com)"
74.6.22.177 - - [14/Dec/2008:05:25:24 +0100] "GET /robots.txt HTTP/1.0" 200 64 "-" "Mozilla/5.0 (compatible; Yahoo! Slurp; http://help.yahoo.com/help/us/ysearch/slurp)"
74.6.22.177 - - [14/Dec/2008:05:25:25 +0100] "GET /f-warez.html HTTP/1.0" 200 10953 "-" "Mozilla/5.0 (compatible; Yahoo! Slurp; http://help.yahoo.com/help/us/ysearch/slurp)"
67.215.234.250 - - [14/Dec/2008:05:34:50 +0100] "HEAD / HTTP/1.1" 200 - "-" "swish-e http://swish-e.org/"
67.215.234.250 - - [14/Dec/2008:05:34:50 +0100] "GET / HTTP/1.1" 200 7869 "-" "swish-e http://swish-e.org/"
67.215.234.250 - - [14/Dec/2008:05:34:51 +0100] "HEAD /framez.html HTTP/1.1" 200 - "http://www.various-euro.com" "swish-e http://swish-e.org/"
67.215.234.250 - - [14/Dec/2008:05:34:51 +0100] "GET /framez.html HTTP/1.1" 200 3959 "http://www.various-euro.com" "swish-e http://swish-e.org/"
67.215.234.250 - - [14/Dec/2008:05:34:52 +0100] "HEAD /frame-menu.html HTTP/1.1" 200 - "http://www.various-euro.com/framez.html" "swish-e http://swish-e.org/"
67.215.234.250 - - [14/Dec/2008:05:34:52 +0100] "GET /frame-menu.html HTTP/1.1" 200 10536 "http://www.various-euro.com/framez.html" "swish-e http://swish-e.org/"
67.215.234.250 - - [14/Dec/2008:05:34:53 +0100] "HEAD /frame-inhalt.html HTTP/1.1" 200 - "http://www.various-euro.com/framez.html" "swish-e http://swish-e.org/"
67.215.234.250 - - [14/Dec/2008:05:34:53 +0100] "GET /frame-inhalt.html HTTP/1.1" 200 5418 "http://www.various-euro.com/framez.html" "swish-e http://swish-e.org/"
67.215.234.250 - - [14/Dec/2008:05:34:53 +0100] "HEAD /frame-unten.html HTTP/1.1" 200 - "http://www.various-euro.com/framez.html" "swish-e http://swish-e.org/"
67.215.234.250 - - [14/Dec/2008:05:34:53 +0100] "GET /frame-unten.html HTTP/1.1" 200 5308 "http://www.various-euro.com/framez.html" "swish-e http://swish-e.org/"
67.215.234.250 - - [14/Dec/2008:05:34:53 +0100] "HEAD /f-search.html HTTP/1.1" 200 - "http://www.various-euro.com/frame-menu.html" "swish-e http://swish-e.org/"
67.215.234.250 - - [14/Dec/2008:05:34:54 +0100] "GET /f-search.html HTTP/1.1" 200 11800 "http://www.various-euro.com/frame-menu.html" "swish-e http://swish-e.org/"
67.215.234.250 - - [14/Dec/2008:05:34:55 +0100] "HEAD /f-contact.html HTTP/1.1" 200 - "http://www.various-euro.com/frame-menu.html" "swish-e http://swish-e.org/"
67.215.234.250 - - [14/Dec/2008:05:34:55 +0100] "GET /f-contact.html HTTP/1.1" 200 6804 "http://www.various-euro.com/frame-menu.html" "swish-e http://swish-e.org/"
67.215.234.250 - - [14/Dec/2008:05:34:55 +0100] "HEAD /f-sponsor.html HTTP/1.1" 200 - "http://www.various-euro.com/frame-menu.html" "swish-e http://swish-e.org/"
67.215.234.250 - - [14/Dec/2008:05:34:56 +0100] "GET /f-sponsor.html HTTP/1.1" 200 8578 "http://www.various-euro.com/frame-menu.html" "swish-e http://swish-e.org/"
67.215.234.250 - - [14/Dec/2008:05:34:56 +0100] "HEAD /f-warez.html HTTP/1.1" 200 - "http://www.various-euro.com/frame-menu.html" "swish-e http://swish-e.org/"
67.215.234.250 - - [14/Dec/2008:05:34:56 +0100] "GET /f-warez.html HTTP/1.1" 200 10953 "http://www.various-euro.com/frame-menu.html" "swish-e http://swish-e.org/"
67.215.234.250 - - [14/Dec/2008:05:34:57 +0100] "HEAD /f-web.html HTTP/1.1" 200 - "http://www.various-euro.com/frame-menu.html" "swish-e http://swish-e.org/"
67.215.234.250 - - [14/Dec/2008:05:34:57 +0100] "GET /f-web.html HTTP/1.1" 200 13605 "http://www.various-euro.com/frame-menu.html" "swish-e http://swish-e.org/"
67.215.234.250 - - [14/Dec/2008:05:34:58 +0100] "HEAD /f-net.html HTTP/1.1" 200 - "http://www.various-euro.com/frame-menu.html" "swish-e http://swish-e.org/"
67.215.234.250 - - [14/Dec/2008:05:34:58 +0100] "GET /f-net.html HTTP/1.1" 200 9913 "http://www.various-euro.com/frame-menu.html" "swish-e http://swish-e.org/"
67.215.234.250 - - [14/Dec/2008:05:34:59 +0100] "HEAD /f-euro.html HTTP/1.1" 200 - "http://www.various-euro.com/frame-menu.html" "swish-e http://swish-e.org/"
67.215.234.250 - - [14/Dec/2008:05:34:59 +0100] "GET /f-euro.html HTTP/1.1" 200 12203 "http://www.various-euro.com/frame-menu.html" "swish-e http://swish-e.org/"
67.215.234.250 - - [14/Dec/2008:05:34:59 +0100] "HEAD /f-zeug.html HTTP/1.1" 200 - "http://www.various-euro.com/frame-menu.html" "swish-e http://swish-e.org/"
67.215.234.250 - - [14/Dec/2008:05:35:00 +0100] "GET /f-zeug.html HTTP/1.1" 200 48203 "http://www.various-euro.com/frame-menu.html" "swish-e http://swish-e.org/"
67.215.234.250 - - [14/Dec/2008:05:35:01 +0100] "HEAD /f-other.html HTTP/1.1" 200 - "http://www.various-euro.com/frame-menu.html" "swish-e http://swish-e.org/"
67.215.234.250 - - [14/Dec/2008:05:35:01 +0100] "GET /f-other.html HTTP/1.1" 200 33189 "http://www.various-euro.com/frame-menu.html" "swish-e http://swish-e.org/"
67.215.234.250 - - [14/Dec/2008:05:35:02 +0100] "HEAD /f-world.html HTTP/1.1" 200 - "http://www.various-euro.com/frame-menu.html" "swish-e http://swish-e.org/"
67.215.234.250 - - [14/Dec/2008:05:35:02 +0100] "GET /f-world.html HTTP/1.1" 200 35590 "http://www.various-euro.com/frame-menu.html" "swish-e http://swish-e.org/"
67.215.234.250 - - [14/Dec/2008:05:35:03 +0100] "HEAD /f-channel1.html HTTP/1.1" 200 - "http://www.various-euro.com/frame-menu.html" "swish-e http://swish-e.org/"
67.215.234.250 - - [14/Dec/2008:05:35:03 +0100] "GET /f-channel1.html HTTP/1.1" 200 8471 "http://www.various-euro.com/frame-menu.html" "swish-e http://swish-e.org/"
67.215.234.250 - - [14/Dec/2008:05:35:03 +0100] "HEAD /your_tour.html HTTP/1.1" 200 - "http://www.various-euro.com/frame-menu.html" "swish-e http://swish-e.org/"
67.215.234.250 - - [14/Dec/2008:05:35:08 +0100] "HEAD /logs/ HTTP/1.1" 200 - "http://www.various-euro.com/frame-menu.html" "swish-e http://swish-e.org/"
67.215.234.250 - - [14/Dec/2008:05:35:09 +0100] "GET /logs/ HTTP/1.1" 200 10079 "http://www.various-euro.com/frame-menu.html" "swish-e http://swish-e.org/"
67.215.234.250 - - [14/Dec/2008:05:35:09 +0100] "HEAD /f-bannnerz.html HTTP/1.1" 200 - "http://www.various-euro.com/frame-menu.html" "swish-e http://swish-e.org/"
67.215.234.250 - - [14/Dec/2008:05:35:09 +0100] "GET /f-bannnerz.html HTTP/1.1" 200 12651 "http://www.various-euro.com/frame-menu.html" "swish-e http://swish-e.org/"
67.215.234.250 - - [14/Dec/2008:05:35:10 +0100] "HEAD /f-doku-brau.html HTTP/1.1" 200 - "http://www.various-euro.com/frame-menu.html" "swish-e http://swish-e.org/"
67.215.234.250 - - [14/Dec/2008:05:35:10 +0100] "GET /f-doku-brau.html HTTP/1.1" 200 7152 "http://www.various-euro.com/frame-menu.html" "swish-e http://swish-e.org/"
67.215.234.250 - - [14/Dec/2008:05:35:10 +0100] "HEAD /restate_copy.html HTTP/1.1" 200 - "http://www.various-euro.com/frame-menu.html" "swish-e http://swish-e.org/"
67.215.234.250 - - [14/Dec/2008:05:35:10 +0100] "GET /restate_copy.html HTTP/1.1" 200 97631 "http://www.various-euro.com/frame-menu.html" "swish-e http://swish-e.org/"
67.215.234.250 - - [14/Dec/2008:05:35:11 +0100] "HEAD /f-rez.html HTTP/1.1" 200 - "http://www.various-euro.com/frame-menu.html" "swish-e http://swish-e.org/"
67.215.234.250 - - [14/Dec/2008:05:35:12 +0100] "GET /f-rez.html HTTP/1.1" 200 9765 "http://www.various-euro.com/frame-menu.html" "swish-e http://swish-e.org/"
67.215.234.250 - - [14/Dec/2008:05:35:12 +0100] "HEAD /f-horrorkatze.html HTTP/1.1" 200 - "http://www.various-euro.com/frame-menu.html" "swish-e http://swish-e.org/"
67.215.234.250 - - [14/Dec/2008:05:35:12 +0100] "GET /f-horrorkatze.html HTTP/1.1" 200 7865 "http://www.various-euro.com/frame-menu.html" "swish-e http://swish-e.org/"
67.215.234.250 - - [14/Dec/2008:05:35:12 +0100] "HEAD /sendi_agent.html HTTP/1.1" 200 - "http://www.various-euro.com/frame-menu.html" "swish-e http://swish-e.org/"
67.215.234.250 - - [14/Dec/2008:05:35:13 +0100] "GET /sendi_agent.html HTTP/1.1" 200 6213 "http://www.various-euro.com/frame-menu.html" "swish-e http://swish-e.org/"
67.215.234.250 - - [14/Dec/2008:05:35:13 +0100] "HEAD /zampa-lovers/index.html HTTP/1.1" 200 - "http://www.various-euro.com/frame-menu.html" "swish-e http://swish-e.org/"
67.215.234.250 - - [14/Dec/2008:05:35:13 +0100] "GET /zampa-lovers/index.html HTTP/1.1" 200 37790 "http://www.various-euro.com/frame-menu.html" "swish-e http://swish-e.org/"
67.215.234.250 - - [14/Dec/2008:05:35:13 +0100] "HEAD /f-actions.html HTTP/1.1" 200 - "http://www.various-euro.com/frame-menu.html" "swish-e http://swish-e.org/"
67.215.234.250 - - [14/Dec/2008:05:35:14 +0100] "GET /f-actions.html HTTP/1.1" 200 10429 "http://www.various-euro.com/frame-menu.html" "swish-e http://swish-e.org/"
67.215.234.250 - - [14/Dec/2008:05:35:14 +0100] "HEAD /bmpp/euro_pal_1.html HTTP/1.1" 200 - "http://www.various-euro.com/frame-inhalt.html" "swish-e http://swish-e.org/"
67.215.234.250 - - [14/Dec/2008:05:35:14 +0100] "GET /bmpp/euro_pal_1.html HTTP/1.1" 200 18252 "http://www.various-euro.com/frame-inhalt.html" "swish-e http://swish-e.org/"
67.215.234.250 - - [14/Dec/2008:05:35:15 +0100] "HEAD /neon/euro.html HTTP/1.1" 200 - "http://www.various-euro.com/frame-inhalt.html" "swish-e http://swish-e.org/"
67.215.234.250 - - [14/Dec/2008:05:35:15 +0100] "GET /neon/euro.html HTTP/1.1" 200 2212 "http://www.various-euro.com/frame-inhalt.html" "swish-e http://swish-e.org/"
67.215.234.250 - - [14/Dec/2008:05:35:15 +0100] "HEAD /schubb/schubb-1.html HTTP/1.1" 200 - "http://www.various-euro.com/frame-inhalt.html" "swish-e http://swish-e.org/"
67.215.234.250 - - [14/Dec/2008:05:35:15 +0100] "GET /schubb/schubb-1.html HTTP/1.1" 200 9070 "http://www.various-euro.com/frame-inhalt.html" "swish-e http://swish-e.org/"
67.215.234.250 - - [14/Dec/2008:05:35:17 +0100] "HEAD /f-maintitle.html HTTP/1.1" 200 - "http://www.various-euro.com/frame-inhalt.html" "swish-e http://swish-e.org/"
67.215.234.250 - - [14/Dec/2008:05:35:17 +0100] "GET /f-maintitle.html HTTP/1.1" 200 5030 "http://www.various-euro.com/frame-inhalt.html" "swish-e http://swish-e.org/"
67.215.234.250 - - [14/Dec/2008:05:35:17 +0100] "HEAD /bmpp/euro_pal_111.html HTTP/1.1" 200 - "http://www.various-euro.com/frame-inhalt.html" "swish-e http://swish-e.org/"
67.215.234.250 - - [14/Dec/2008:05:35:17 +0100] "GET /bmpp/euro_pal_111.html HTTP/1.1" 200 2129 "http://www.various-euro.com/frame-inhalt.html" "swish-e http://swish-e.org/"
67.215.234.250 - - [14/Dec/2008:05:35:18 +0100] "HEAD /partnergegenberlin.html HTTP/1.1" 200 - "http://www.various-euro.com/frame-inhalt.html" "swish-e http://swish-e.org/"
67.215.234.250 - - [14/Dec/2008:05:35:18 +0100] "GET /partnergegenberlin.html HTTP/1.1" 200 5022 "http://www.various-euro.com/frame-inhalt.html" "swish-e http://swish-e.org/"
67.215.234.250 - - [14/Dec/2008:05:35:03 +0100] "GET /your_tour.html HTTP/1.1" 200 7732 "http://www.various-euro.com/frame-menu.html" "swish-e http://swish-e.org/"
67.195.37.107 - - [14/Dec/2008:05:49:23 +0100] "GET /f-euro.html HTTP/1.0" 200 12203 "-" "Mozilla/5.0 (compatible; Yahoo! Slurp; http://help.yahoo.com/help/us/ysearch/slurp)"
74.6.22.177 - - [14/Dec/2008:05:53:53 +0100] "GET /neon/walk-more.html HTTP/1.0" 200 1689 "-" "Mozilla/5.0 (compatible; Yahoo! Slurp; http://help.yahoo.com/help/us/ysearch/slurp)"
81.52.143.15 - - [14/Dec/2008:06:04:28 +0100] "GET /f-maintitle.html HTTP/1.1" 200 5030 "-" "Mozilla/5.0 (Windows; U; Windows NT 5.1; fr; rv:1.8.1) VoilaBot BETA 1.2 (support.voilabot@orange-ftgroup.com)"
193.252.149.15 - - [14/Dec/2008:06:05:28 +0100] "GET /f-bannnerz.html HTTP/1.1" 200 12651 "-" "Mozilla/5.0 (Windows; U; Windows NT 5.1; fr; rv:1.8.1) VoilaBot BETA 1.2 (support.voilabot@orange-ftgroup.com)"
66.249.65.169 - - [14/Dec/2008:06:22:39 +0100] "GET /framez-dbrau.html HTTP/1.1" 200 4313 "-" "Mozilla/5.0 (compatible; Googlebot/2.1; +http://www.google.com/bot.html)"
81.52.143.26 - - [14/Dec/2008:06:35:11 +0100] "GET /robots.txt HTTP/1.1" 200 64 "-" "Mozilla/5.0 (Windows; U; Windows NT 5.1; fr; rv:1.8.1) VoilaBot BETA 1.2 (support.voilabot@orange-ftgroup.com)"
81.52.143.26 - - [14/Dec/2008:06:35:13 +0100] "GET /warez.html HTTP/1.1" 200 9754 "-" "Mozilla/5.0 (Windows; U; Windows NT 5.1; fr; rv:1.8.1) VoilaBot BETA 1.2 (support.voilabot@orange-ftgroup.com)"
74.6.22.177 - - [14/Dec/2008:06:36:56 +0100] "GET /robots.txt HTTP/1.0" 200 64 "-" "Mozilla/5.0 (compatible; Yahoo! Slurp; http://help.yahoo.com/help/us/ysearch/slurp)"
74.6.22.177 - - [14/Dec/2008:06:36:56 +0100] "GET /logs/usage_200701.html HTTP/1.0" 200 109268 "-" "Mozilla/5.0 (compatible; Yahoo! Slurp; http://help.yahoo.com/help/us/ysearch/slurp)"
66.249.65.169 - - [14/Dec/2008:07:23:12 +0100] "GET /framez-schubb4.html HTTP/1.1" 200 4318 "-" "Mozilla/5.0 (compatible; Googlebot/2.1; +http://www.google.com/bot.html)"
208.36.144.10 - - [14/Dec/2008:07:47:27 +0100] "GET /robots.txt HTTP/1.0" 200 64 "-" "Mozilla/5.0 (Twiceler-0.9 http://www.cuil.com/twiceler/robot.html)"
67.195.37.107 - - [14/Dec/2008:07:57:54 +0100] "GET /f-other.html HTTP/1.0" 200 33189 "-" "Mozilla/5.0 (compatible; Yahoo! Slurp/3.0; http://help.yahoo.com/help/us/ysearch/slurp)"
81.52.143.15 - - [14/Dec/2008:08:42:22 +0100] "GET /f-warez.html HTTP/1.1" 200 10953 "-" "Mozilla/5.0 (Windows; U; Windows NT 5.1; fr; rv:1.8.1) VoilaBot BETA 1.2 (support.voilabot@orange-ftgroup.com)"
74.6.22.177 - - [14/Dec/2008:09:08:32 +0100] "GET /neon/onlytttt.html HTTP/1.0" 200 1536 "-" "Mozilla/5.0 (compatible; Yahoo! Slurp; http://help.yahoo.com/help/us/ysearch/slurp)"
81.52.143.16 - - [14/Dec/2008:09:19:15 +0100] "GET /bmpp/18.html HTTP/1.1" 200 4467 "-" "Mozilla/5.0 (Windows; U; Windows NT 5.1; fr; rv:1.8.1) VoilaBot BETA 1.2 (support.voilabot@orange-ftgroup.com)"
208.223.208.181 - - [14/Dec/2008:09:23:38 +0100] "GET / HTTP/1.0" 302 353 "-" "Mozilla/4.0 (compatible; MSIE 6.0; Windows NT 5.0)"
208.223.208.181 - - [14/Dec/2008:09:23:38 +0100] "GET /zampa/ HTTP/1.0" 200 7153 "-" "Mozilla/4.0 (compatible; MSIE 6.0; Windows NT 5.0)"
74.6.22.177 - - [14/Dec/2008:09:24:36 +0100] "GET /zampa/lybia/index.html HTTP/1.0" 200 3036 "-" "Mozilla/5.0 (compatible; Yahoo! Slurp; http://help.yahoo.com/help/us/ysearch/slurp)"
193.252.149.16 - - [14/Dec/2008:09:53:23 +0100] "GET /robots.txt HTTP/1.1" 200 64 "-" "Mozilla/5.0 (Windows; U; Windows NT 5.1; fr; rv:1.8.1) VoilaBot BETA 1.2 (support.voilabot@orange-ftgroup.com)"
193.252.149.16 - - [14/Dec/2008:09:53:27 +0100] "GET /framez.html HTTP/1.1" 200 3959 "-" "Mozilla/5.0 (Windows; U; Windows NT 5.1; fr; rv:1.8.1) VoilaBot BETA 1.2 (support.voilabot@orange-ftgroup.com)"
193.252.149.16 - - [14/Dec/2008:09:53:52 +0100] "GET /frame-unten.html HTTP/1.1" 200 5308 "-" "Mozilla/5.0 (Windows; U; Windows NT 5.1; fr; rv:1.8.1) VoilaBot BETA 1.2 (support.voilabot@orange-ftgroup.com)"
193.252.149.16 - - [14/Dec/2008:09:53:53 +0100] "GET /frame-inhalt.html HTTP/1.1" 200 5418 "-" "Mozilla/5.0 (Windows; U; Windows NT 5.1; fr; rv:1.8.1) VoilaBot BETA 1.2 (support.voilabot@orange-ftgroup.com)"
193.252.149.16 - - [14/Dec/2008:09:53:53 +0100] "GET /frame-menu.html HTTP/1.1" 200 10536 "-" "Mozilla/5.0 (Windows; U; Windows NT 5.1; fr; rv:1.8.1) VoilaBot BETA 1.2 (support.voilabot@orange-ftgroup.com)"
67.195.37.107 - - [14/Dec/2008:09:54:23 +0100] "GET /f-logz_old.html HTTP/1.0" 200 43773 "-" "Mozilla/5.0 (compatible; Yahoo! Slurp; http://help.yahoo.com/help/us/ysearch/slurp)"
66.249.65.169 - - [14/Dec/2008:10:13:33 +0100] "GET /framez-zeug.html HTTP/1.1" 200 4311 "-" "Mozilla/5.0 (compatible; Googlebot/2.1; +http://www.google.com/bot.html)"
67.195.37.107 - - [14/Dec/2008:10:20:56 +0100] "GET /DgH/watch/index.html HTTP/1.0" 200 2028 "-" "Mozilla/5.0 (compatible; Yahoo! Slurp/3.0; http://help.yahoo.com/help/us/ysearch/slurp)"
67.195.37.107 - - [14/Dec/2008:10:20:57 +0100] "GET /DgH/watch/pict/Watch.mp3 HTTP/1.0" 200 29938 "http://www.various-euro.com/DgH/watch/index.html" "Mozilla/5.0 (compatible; Yahoo! Slurp/3.0; http://help.yahoo.com/help/us/ysearch/slurp)"
74.6.22.177 - - [14/Dec/2008:10:30:52 +0100] "GET /zampa/montenegro/SEKAW.html HTTP/1.0" 200 860 "-" "Mozilla/5.0 (compatible; Yahoo! Slurp; http://help.yahoo.com/help/us/ysearch/slurp)"
67.195.37.107 - - [14/Dec/2008:10:57:26 +0100] "GET /robots.txt HTTP/1.0" 200 64 "-" "Mozilla/5.0 (compatible; Yahoo! Slurp; http://help.yahoo.com/help/us/ysearch/slurp)"
67.195.37.107 - - [14/Dec/2008:10:57:27 +0100] "GET /schubb/schubb-1.html HTTP/1.0" 200 9070 "-" "Mozilla/5.0 (compatible; Yahoo! Slurp/3.0; http://help.yahoo.com/help/us/ysearch/slurp)"
67.195.37.107 - - [14/Dec/2008:11:08:01 +0100] "GET /logs/usage_200707.html HTTP/1.0" 200 110942 "-" "Mozilla/5.0 (compatible; Yahoo! Slurp/3.0; http://help.yahoo.com/help/us/ysearch/slurp)"
65.55.211.167 - - [14/Dec/2008:11:22:11 +0100] "GET /robots.txt HTTP/1.1" 200 64 "-" "msnbot/1.1 (+http://search.msn.com/msnbot.htm)"
65.55.211.167 - - [14/Dec/2008:11:22:14 +0100] "GET /f-other.html HTTP/1.1" 200 33189 "-" "msnbot/1.1 (+http://search.msn.com/msnbot.htm)"
72.30.78.230 - - [14/Dec/2008:12:01:21 +0100] "GET /robots.txt HTTP/1.0" 200 64 "-" "Mozilla/5.0 (compatible; Yahoo! Slurp; http://help.yahoo.com/help/us/ysearch/slurp)"
72.30.78.230 - - [14/Dec/2008:12:01:21 +0100] "GET /logs/usage_200611.html HTTP/1.0" 200 107934 "-" "Mozilla/5.0 (compatible; Yahoo! Slurp; http://help.yahoo.com/help/us/ysearch/slurp)"
66.249.65.169 - - [14/Dec/2008:12:06:49 +0100] "GET /logs/usage_200812.html HTTP/1.1" 404 2748 "-" "Mozilla/5.0 (compatible; Googlebot/2.1; +http://www.google.com/bot.html)"
66.249.65.169 - - [14/Dec/2008:12:07:20 +0100] "GET /f-zeug.html HTTP/1.1" 200 48203 "-" "Mozilla/5.0 (compatible; Googlebot/2.1; +http://www.google.com/bot.html)"
67.195.37.107 - - [14/Dec/2008:12:15:01 +0100] "GET /DgH/orginal/index.html HTTP/1.0" 200 1727 "-" "Mozilla/5.0 (compatible; Yahoo! Slurp; http://help.yahoo.com/help/us/ysearch/slurp)"
66.249.65.169 - - [14/Dec/2008:12:22:11 +0100] "GET /robots.txt HTTP/1.1" 200 64 "-" "Mozilla/5.0 (compatible; Googlebot/2.1; +http://www.google.com/bot.html)"
66.249.65.169 - - [14/Dec/2008:12:22:11 +0100] "GET /schubb/schubb-4.html HTTP/1.1" 200 17746 "-" "Mozilla/5.0 (compatible; Googlebot/2.1; +http://www.google.com/bot.html)"
67.195.37.107 - - [14/Dec/2008:12:40:14 +0100] "GET /zampa/montenegro/SEKAW.html HTTP/1.0" 200 860 "-" "Mozilla/5.0 (compatible; Yahoo! Slurp/3.0; http://help.yahoo.com/help/us/ysearch/slurp)"
64.1.215.165 - - [14/Dec/2008:12:48:16 +0100] "GET /robots.txt HTTP/1.0" 200 64 "-" "Mozilla/5.0 (Twiceler-0.9 http://www.cuil.com/twiceler/robot.html)"
79.175.98.91 - - [14/Dec/2008:13:18:43 +0100] "GET /framez-zampa-lovers.html HTTP/1.1" 200 4322 "http://www.google.com/search?hl=en&q=Raselov+sud" "Mozilla/4.0 (compatible; MSIE 6.0; Windows NT 5.1; SV1; .NET CLR 2.0.50727)"
79.175.98.91 - - [14/Dec/2008:13:18:43 +0100] "GET /frame-menu.html HTTP/1.1" 200 10536 "http://www.various-euro.com/framez-zampa-lovers.html" "Mozilla/4.0 (compatible; MSIE 6.0; Windows NT 5.1; SV1; .NET CLR 2.0.50727)"
79.175.98.91 - - [14/Dec/2008:13:18:43 +0100] "GET /zampa-lovers/index.html HTTP/1.1" 200 37790 "http://www.various-euro.com/framez-zampa-lovers.html" "Mozilla/4.0 (compatible; MSIE 6.0; Windows NT 5.1; SV1; .NET CLR 2.0.50727)"
79.175.98.91 - - [14/Dec/2008:13:18:43 +0100] "GET /frame-unten.html HTTP/1.1" 200 5308 "http://www.various-euro.com/framez-zampa-lovers.html" "Mozilla/4.0 (compatible; MSIE 6.0; Windows NT 5.1; SV1; .NET CLR 2.0.50727)"
79.175.98.91 - - [14/Dec/2008:13:18:44 +0100] "GET /zampa-lovers/kralle.gif HTTP/1.1" 404 2748 "http://www.various-euro.com/zampa-lovers/index.html" "Mozilla/4.0 (compatible; MSIE 6.0; Windows NT 5.1; SV1; .NET CLR 2.0.50727)"
79.175.98.91 - - [14/Dec/2008:13:18:44 +0100] "GET /zampa-lovers/ZAMPAMA2.MPG HTTP/1.1" 200 63492 "-" "Windows-Media-Player/9.00.00.3354"
79.175.98.91 - - [14/Dec/2008:13:18:44 +0100] "GET /zampa-lovers/WASISTMI1.MPG HTTP/1.1" 200 271221 "-" "Windows-Media-Player/9.00.00.3354"
79.175.98.91 - - [14/Dec/2008:13:18:45 +0100] "GET /zampa-lovers/ZAMPAMAS.MPG HTTP/1.1" 200 520196 "-" "Windows-Media-Player/9.00.00.3354"
79.175.98.91 - - [14/Dec/2008:13:18:45 +0100] "GET /zampa-lovers/ZAMPAMA2.MPG HTTP/1.1" 206 59671 "-" "Mozilla/4.0 (compatible; MSIE 6.0; Windows NT 5.1; SV1; .NET CLR 2.0.50727)"
79.175.98.91 - - [14/Dec/2008:13:18:46 +0100] "GET /zampa-lovers/WASISTMI1.MPG HTTP/1.1" 206 267403 "-" "Mozilla/4.0 (compatible; MSIE 6.0; Windows NT 5.1; SV1; .NET CLR 2.0.50727)"
79.175.98.91 - - [14/Dec/2008:13:18:49 +0100] "GET /zampa-lovers/ZAMPAMA2.smi HTTP/1.1" 404 2748 "-" "Windows-Media-Player/9.00.00.3354"
79.175.98.91 - - [14/Dec/2008:13:18:49 +0100] "GET /zampa-lovers/WASISTMI1.smi HTTP/1.1" 404 2748 "-" "Windows-Media-Player/9.00.00.3354"
79.175.98.91 - - [14/Dec/2008:13:18:50 +0100] "GET /zampa-lovers/ZAMPAMAS.smi HTTP/1.1" 404 2748 "-" "Windows-Media-Player/9.00.00.3354"
79.175.98.91 - - [14/Dec/2008:13:18:50 +0100] "GET /zampa-lovers/ZAMPAMA2.MPG HTTP/1.1" 304 - "-" "Mozilla/4.0 (compatible; MSIE 6.0; Windows NT 5.1; SV1; .NET CLR 2.0.50727)"
79.175.98.91 - - [14/Dec/2008:13:18:46 +0100] "GET /zampa-lovers/ZAMPAMAS.MPG HTTP/1.1" 206 516378 "-" "Mozilla/4.0 (compatible; MSIE 6.0; Windows NT 5.1; SV1; .NET CLR 2.0.50727)"
79.175.98.91 - - [14/Dec/2008:13:18:50 +0100] "GET /zampa-lovers/zampa.gif HTTP/1.1" 200 460627 "http://www.various-euro.com/zampa-lovers/index.html" "Mozilla/4.0 (compatible; MSIE 6.0; Windows NT 5.1; SV1; .NET CLR 2.0.50727)"
79.175.98.91 - - [14/Dec/2008:13:18:56 +0100] "GET /zampa-lovers/WASISTMI1.MPG HTTP/1.1" 304 - "-" "Mozilla/4.0 (compatible; MSIE 6.0; Windows NT 5.1; SV1; .NET CLR 2.0.50727)"
79.175.98.91 - - [14/Dec/2008:13:18:56 +0100] "GET /zampa-lovers/DRAGAN_Z.JPG HTTP/1.1" 200 6850 "http://www.various-euro.com/zampa-lovers/index.html" "Mozilla/4.0 (compatible; MSIE 6.0; Windows NT 5.1; SV1; .NET CLR 2.0.50727)"
79.175.98.91 - - [14/Dec/2008:13:18:56 +0100] "GET /zampa-lovers/MILIZA_2.JPG HTTP/1.1" 200 22172 "http://www.various-euro.com/zampa-lovers/index.html" "Mozilla/4.0 (compatible; MSIE 6.0; Windows NT 5.1; SV1; .NET CLR 2.0.50727)"
79.175.98.91 - - [14/Dec/2008:13:18:56 +0100] "GET /zampa-lovers/MILIZA_3.JPG HTTP/1.1" 200 26924 "http://www.various-euro.com/zampa-lovers/index.html" "Mozilla/4.0 (compatible; MSIE 6.0; Windows NT 5.1; SV1; .NET CLR 2.0.50727)"
79.175.98.91 - - [14/Dec/2008:13:18:57 +0100] "GET /zampa-lovers/MILIZA_B.JPG HTTP/1.1" 200 10947 "http://www.various-euro.com/zampa-lovers/index.html" "Mozilla/4.0 (compatible; MSIE 6.0; Windows NT 5.1; SV1; .NET CLR 2.0.50727)"
79.175.98.91 - - [14/Dec/2008:13:18:57 +0100] "GET /zampa-lovers/MILIZA_4.JPG HTTP/1.1" 200 9946 "http://www.various-euro.com/zampa-lovers/index.html" "Mozilla/4.0 (compatible; MSIE 6.0; Windows NT 5.1; SV1; .NET CLR 2.0.50727)"
79.175.98.91 - - [14/Dec/2008:13:18:57 +0100] "GET /zampa-lovers/DRAGANZA.JPG HTTP/1.1" 200 18560 "http://www.various-euro.com/zampa-lovers/index.html" "Mozilla/4.0 (compatible; MSIE 6.0; Windows NT 5.1; SV1; .NET CLR 2.0.50727)"
79.175.98.91 - - [14/Dec/2008:13:18:52 +0100] "GET /zampa-lovers/ZAMPAMAS.MPG HTTP/1.1" 200 520196 "-" "Mozilla/4.0 (compatible; MSIE 6.0; Windows NT 5.1; SV1; .NET CLR 2.0.50727)"
79.175.98.91 - - [14/Dec/2008:13:18:58 +0100] "GET /zampa-lovers/1SEITEVE.GIF HTTP/1.1" 200 78726 "http://www.various-euro.com/zampa-lovers/index.html" "Mozilla/4.0 (compatible; MSIE 6.0; Windows NT 5.1; SV1; .NET CLR 2.0.50727)"
79.175.98.91 - - [14/Dec/2008:13:18:59 +0100] "GET /zampa-lovers/Kralle.gif HTTP/1.1" 200 260 "http://www.various-euro.com/zampa-lovers/index.html" "Mozilla/4.0 (compatible; MSIE 6.0; Windows NT 5.1; SV1; .NET CLR 2.0.50727)"
79.175.98.91 - - [14/Dec/2008:13:18:59 +0100] "GET /zampa-lovers/zampa-2X2.gif HTTP/1.1" 200 6948 "http://www.various-euro.com/zampa-lovers/index.html" "Mozilla/4.0 (compatible; MSIE 6.0; Windows NT 5.1; SV1; .NET CLR 2.0.50727)"
79.175.98.91 - - [14/Dec/2008:13:18:59 +0100] "GET /zampa-lovers/zampamali.gif HTTP/1.1" 200 2617 "http://www.various-euro.com/zampa-lovers/index.html" "Mozilla/4.0 (compatible; MSIE 6.0; Windows NT 5.1; SV1; .NET CLR 2.0.50727)"
79.175.98.91 - - [14/Dec/2008:13:18:59 +0100] "GET /zampa-lovers/2SEITEVE.GIF HTTP/1.1" 200 83466 "http://www.various-euro.com/zampa-lovers/index.html" "Mozilla/4.0 (compatible; MSIE 6.0; Windows NT 5.1; SV1; .NET CLR 2.0.50727)"
79.175.98.91 - - [14/Dec/2008:13:18:59 +0100] "GET /bannerz/ve.jpg HTTP/1.1" 200 36912 "http://www.various-euro.com/frame-unten.html" "Mozilla/4.0 (compatible; MSIE 6.0; Windows NT 5.1; SV1; .NET CLR 2.0.50727)"
79.175.98.91 - - [14/Dec/2008:13:19:00 +0100] "GET /bannerz/various-euro-girl.jpg HTTP/1.1" 200 91514 "http://www.various-euro.com/frame-unten.html" "Mozilla/4.0 (compatible; MSIE 6.0; Windows NT 5.1; SV1; .NET CLR 2.0.50727)"
79.175.98.91 - - [14/Dec/2008:13:19:00 +0100] "GET /style/various-euro.css HTTP/1.1" 200 3437 "http://www.various-euro.com/frame-menu.html" "Mozilla/4.0 (compatible; MSIE 6.0; Windows NT 5.1; SV1; .NET CLR 2.0.50727)"
65.55.211.171 - - [14/Dec/2008:13:37:50 +0100] "GET /robots.txt HTTP/1.1" 200 64 "-" "msnbot/1.1 (+http://search.msn.com/msnbot.htm)"
65.55.211.171 - - [14/Dec/2008:13:37:50 +0100] "GET /f-sponsor.html HTTP/1.1" 200 8578 "-" "msnbot/1.1 (+http://search.msn.com/msnbot.htm)"
70.242.134.164 - - [14/Dec/2008:13:42:14 +0100] "POST http://various-euro.com/phpinfo.php HTTP/1.0" 404 2748 "http://various-euro.com/phpinfo.php" "Mozilla/4.0 (compatible; MSIE 6.0; Windows NT 5.1)"
67.195.37.180 - - [14/Dec/2008:13:52:43 +0100] "GET /robots.txt HTTP/1.0" 200 64 "-" "Mozilla/5.0 (compatible; Yahoo! Slurp; http://help.yahoo.com/help/us/ysearch/slurp)"
67.195.37.180 - - [14/Dec/2008:13:52:44 +0100] "GET / HTTP/1.0" 200 7869 "-" "Mozilla/5.0 (compatible; Yahoo! Slurp; http://help.yahoo.com/help/us/ysearch/slurp)"
67.195.37.107 - - [14/Dec/2008:14:35:08 +0100] "GET /restate_copy.html HTTP/1.0" 200 97631 "-" "Mozilla/5.0 (compatible; Yahoo! Slurp; http://help.yahoo.com/help/us/ysearch/slurp)"
208.223.208.181 - - [14/Dec/2008:16:07:37 +0100] "GET /montenegro/index.html HTTP/1.0" 302 374 "-" "Mozilla/4.0 (compatible; MSIE 6.0; Windows NT 5.0)"
208.223.208.181 - - [14/Dec/2008:16:07:37 +0100] "GET /lybia/index.html HTTP/1.0" 302 369 "-" "Mozilla/4.0 (compatible; MSIE 6.0; Windows NT 5.0)"
208.223.208.181 - - [14/Dec/2008:16:07:37 +0100] "GET /wonderland/index.html HTTP/1.0" 302 374 "-" "Mozilla/4.0 (compatible; MSIE 6.0; Windows NT 5.0)"
208.223.208.181 - - [14/Dec/2008:16:07:37 +0100] "GET /montenegro/dajpare.html HTTP/1.0" 302 376 "-" "Mozilla/4.0 (compatible; MSIE 6.0; Windows NT 5.0)"
208.223.208.181 - - [14/Dec/2008:16:07:37 +0100] "GET /zampa/lybia/index.html HTTP/1.0" 200 3036 "-" "Mozilla/4.0 (compatible; MSIE 6.0; Windows NT 5.0)"
208.223.208.181 - - [14/Dec/2008:16:07:37 +0100] "GET /zampa/montenegro/index.html HTTP/1.0" 200 2651 "-" "Mozilla/4.0 (compatible; MSIE 6.0; Windows NT 5.0)"
208.223.208.181 - - [14/Dec/2008:16:07:37 +0100] "GET /zampa/montenegro/dajpare.html HTTP/1.0" 200 2503 "-" "Mozilla/4.0 (compatible; MSIE 6.0; Windows NT 5.0)"
208.223.208.181 - - [14/Dec/2008:16:07:37 +0100] "GET /zampa/wonderland/index.html HTTP/1.0" 200 2084 "-" "Mozilla/4.0 (compatible; MSIE 6.0; Windows NT 5.0)"
65.55.104.166 - - [14/Dec/2008:16:29:25 +0100] "GET /robots.txt HTTP/1.1" 200 64 "-" "msnbot/1.1 (+http://search.msn.com/msnbot.htm)"
65.55.104.166 - - [14/Dec/2008:16:29:25 +0100] "GET / HTTP/1.1" 200 7869 "-" "msnbot/1.1 (+http://search.msn.com/msnbot.htm)"
65.55.232.43 - - [14/Dec/2008:16:30:25 +0100] "GET / HTTP/1.0" 200 7869 "http://search.live.com/results.aspx?q=various" "Mozilla/4.0 (compatible; MSIE 6.0; Windows NT 5.2; SV1; .NET CLR 1.1.4322)"
65.55.232.43 - - [14/Dec/2008:16:30:26 +0100] "GET /style/various-euro.css HTTP/1.0" 200 3437 "http://www.various-euro.com/" "Mozilla/4.0 (compatible; MSIE 6.0; Windows NT 5.2; SV1; .NET CLR 1.1.4322)"
65.55.232.43 - - [14/Dec/2008:16:30:26 +0100] "GET /framez_0.html HTTP/1.0" 200 12444 "-" "Mozilla/4.0 (compatible; MSIE 6.0; Windows NT 5.2; SV1; .NET CLR 1.1.4322)"
65.55.232.43 - - [14/Dec/2008:16:30:29 +0100] "GET /framez.html HTTP/1.0" 200 3959 "-" "Mozilla/4.0 (compatible; MSIE 6.0; Windows NT 5.2; SV1; .NET CLR 1.1.4322)"
65.55.232.43 - - [14/Dec/2008:16:30:30 +0100] "GET /style/various-euro.css HTTP/1.0" 200 3437 "http://www.various-euro.com/framez.html" "Mozilla/4.0 (compatible; MSIE 6.0; Windows NT 5.2; SV1; .NET CLR 1.1.4322)"
65.55.232.43 - - [14/Dec/2008:16:30:30 +0100] "GET /frame-menu.html HTTP/1.0" 200 10536 "http://www.various-euro.com/framez.html" "Mozilla/4.0 (compatible; MSIE 6.0; Windows NT 5.2; SV1; .NET CLR 1.1.4322)"
65.55.232.43 - - [14/Dec/2008:16:30:30 +0100] "GET /frame-inhalt.html HTTP/1.0" 200 5418 "http://www.various-euro.com/framez.html" "Mozilla/4.0 (compatible; MSIE 6.0; Windows NT 5.2; SV1; .NET CLR 1.1.4322)"
65.55.232.43 - - [14/Dec/2008:16:30:31 +0100] "GET /frame-unten.html HTTP/1.0" 200 5308 "http://www.various-euro.com/framez.html" "Mozilla/4.0 (compatible; MSIE 6.0; Windows NT 5.2; SV1; .NET CLR 1.1.4322)"
65.55.232.43 - - [14/Dec/2008:16:30:31 +0100] "GET /style/various-euro.css HTTP/1.0" 200 3437 "http://www.various-euro.com/frame-menu.html" "Mozilla/4.0 (compatible; MSIE 6.0; Windows NT 5.2; SV1; .NET CLR 1.1.4322)"
41.207.20.136 - - [14/Dec/2008:16:40:59 +0100] "GET /restate_copy.html HTTP/1.1" 200 97631 "http://www.google.com/search?hl=en&q=stone+%40bancorp.ru&start=40&sa=N" "Mozilla/4.0 (compatible; MSIE 6.0; Windows NT 5.1; SV1; InfoPath.1; .NET CLR 2.0.50727)"
41.207.20.136 - - [14/Dec/2008:16:41:02 +0100] "GET /menueleiste.js HTTP/1.1" 404 2748 "http://www.various-euro.com/restate_copy.html" "Mozilla/4.0 (compatible; MSIE 6.0; Windows NT 5.1; SV1; InfoPath.1; .NET CLR 2.0.50727)"
41.207.20.136 - - [14/Dec/2008:16:41:03 +0100] "GET /detonators.gif HTTP/1.1" 200 14892 "http://www.various-euro.com/restate_copy.html" "Mozilla/4.0 (compatible; MSIE 6.0; Windows NT 5.1; SV1; InfoPath.1; .NET CLR 2.0.50727)"
41.207.20.136 - - [14/Dec/2008:16:41:04 +0100] "GET /favicon.ico HTTP/1.1" 404 2748 "-" "Mozilla/4.0 (compatible; MSIE 6.0; Windows NT 5.1; SV1; InfoPath.1; .NET CLR 2.0.50727)"
