65.55.211.181 - - [02/Dec/2008:02:19:10 +0100] "GET /neon/girl-tv.html HTTP/1.1" 200 1717 "-" "msnbot/1.1 (+http://search.msn.com/msnbot.htm)"
65.55.211.181 - - [02/Dec/2008:02:29:27 +0100] "GET /frame-unten.html HTTP/1.1" 200 5308 "-" "msnbot/1.1 (+http://search.msn.com/msnbot.htm)"
67.195.37.113 - - [02/Dec/2008:02:37:27 +0100] "GET /zampa-lovers/index.html HTTP/1.0" 200 37790 "-" "Mozilla/5.0 (compatible; Yahoo! Slurp/3.0; http://help.yahoo.com/help/us/ysearch/slurp)"
67.195.37.113 - - [02/Dec/2008:03:37:02 +0100] "GET /f-sponsor.html HTTP/1.0" 200 8578 "-" "Mozilla/5.0 (compatible; Yahoo! Slurp; http://help.yahoo.com/help/us/ysearch/slurp)"
66.249.71.219 - - [02/Dec/2008:04:15:14 +0100] "GET / HTTP/1.1" 200 7869 "-" "Mozilla/5.0 (compatible; Googlebot/2.1; +http://www.google.com/bot.html)"
67.195.37.113 - - [02/Dec/2008:04:36:13 +0100] "GET /frame-inhalt.html HTTP/1.0" 200 5418 "-" "Mozilla/5.0 (compatible; Yahoo! Slurp; http://help.yahoo.com/help/us/ysearch/slurp)"
72.30.87.98 - - [02/Dec/2008:04:51:36 +0100] "GET /robots.txt HTTP/1.0" 200 64 "-" "Mozilla/5.0 (compatible; Yahoo! Slurp; http://help.yahoo.com/help/us/ysearch/slurp)"
72.30.87.98 - - [02/Dec/2008:04:51:37 +0100] "GET / HTTP/1.0" 200 7869 "-" "Mozilla/5.0 (compatible; Yahoo! Slurp; http://help.yahoo.com/help/us/ysearch/slurp)"
65.55.211.173 - - [02/Dec/2008:05:11:16 +0100] "GET /robots.txt HTTP/1.1" 200 64 "-" "msnbot/1.1 (+http://search.msn.com/msnbot.htm)"
65.55.211.173 - - [02/Dec/2008:05:11:20 +0100] "GET /schubb/schubb-5.html HTTP/1.1" 200 72944 "-" "msnbot/1.1 (+http://search.msn.com/msnbot.htm)"
65.55.211.172 - - [02/Dec/2008:05:15:41 +0100] "GET /robots.txt HTTP/1.1" 200 64 "-" "msnbot/1.1 (+http://search.msn.com/msnbot.htm)"
65.55.211.172 - - [02/Dec/2008:05:15:42 +0100] "GET /news.html HTTP/1.1" 404 2748 "-" "msnbot/1.1 (+http://search.msn.com/msnbot.htm)"
71.229.93.226 - - [02/Dec/2008:05:20:28 +0100] "GET /bmpp/18.html HTTP/1.1" 200 4467 "-" "Mozilla/5.0 (Windows; U; Windows NT 5.1; en-US; rv:1.9.0.4) Gecko/2008102920 NET_mmhpset"
71.229.93.226 - - [02/Dec/2008:05:20:28 +0100] "GET /bmpp/Bilder/18_05.png HTTP/1.1" 200 407 "http://www.various-euro.com/bmpp/18.html" "Mozilla/5.0 (Windows; U; Windows NT 5.1; en-US; rv:1.9.0.4) Gecko/2008102920 NET_mmhpset"
71.229.93.226 - - [02/Dec/2008:05:20:28 +0100] "GET /bmpp/Bilder/18_06.png HTTP/1.1" 200 289 "http://www.various-euro.com/bmpp/18.html" "Mozilla/5.0 (Windows; U; Windows NT 5.1; en-US; rv:1.9.0.4) Gecko/2008102920 NET_mmhpset"
71.229.93.226 - - [02/Dec/2008:05:20:28 +0100] "GET /bmpp/Bilder/18_09.png HTTP/1.1" 200 417 "http://www.various-euro.com/bmpp/18.html" "Mozilla/5.0 (Windows; U; Windows NT 5.1; en-US; rv:1.9.0.4) Gecko/2008102920 NET_mmhpset"
71.229.93.226 - - [02/Dec/2008:05:20:28 +0100] "GET /bmpp/Bilder/18_01.png HTTP/1.1" 200 1118 "http://www.various-euro.com/bmpp/18.html" "Mozilla/5.0 (Windows; U; Windows NT 5.1; en-US; rv:1.9.0.4) Gecko/2008102920 NET_mmhpset"
71.229.93.226 - - [02/Dec/2008:05:20:28 +0100] "GET /bmpp/Bilder/18_02.png HTTP/1.1" 200 289 "http://www.various-euro.com/bmpp/18.html" "Mozilla/5.0 (Windows; U; Windows NT 5.1; en-US; rv:1.9.0.4) Gecko/2008102920 NET_mmhpset"
71.229.93.226 - - [02/Dec/2008:05:20:28 +0100] "GET /bmpp/Bilder/18_03.png HTTP/1.1" 200 574 "http://www.various-euro.com/bmpp/18.html" "Mozilla/5.0 (Windows; U; Windows NT 5.1; en-US; rv:1.9.0.4) Gecko/2008102920 NET_mmhpset"
71.229.93.226 - - [02/Dec/2008:05:20:28 +0100] "GET /bmpp/Bilder/18_04.png HTTP/1.1" 200 289 "http://www.various-euro.com/bmpp/18.html" "Mozilla/5.0 (Windows; U; Windows NT 5.1; en-US; rv:1.9.0.4) Gecko/2008102920 NET_mmhpset"
71.229.93.226 - - [02/Dec/2008:05:20:28 +0100] "GET /bmpp/Bilder/18_08.png HTTP/1.1" 200 289 "http://www.various-euro.com/bmpp/18.html" "Mozilla/5.0 (Windows; U; Windows NT 5.1; en-US; rv:1.9.0.4) Gecko/2008102920 NET_mmhpset"
71.229.93.226 - - [02/Dec/2008:05:20:28 +0100] "GET /bmpp/Bilder/18_07.png HTTP/1.1" 200 417 "http://www.various-euro.com/bmpp/18.html" "Mozilla/5.0 (Windows; U; Windows NT 5.1; en-US; rv:1.9.0.4) Gecko/2008102920 NET_mmhpset"
71.229.93.226 - - [02/Dec/2008:05:20:28 +0100] "GET /bmpp/Bilder/18_15.png HTTP/1.1" 200 524 "http://www.various-euro.com/bmpp/18.html" "Mozilla/5.0 (Windows; U; Windows NT 5.1; en-US; rv:1.9.0.4) Gecko/2008102920 NET_mmhpset"
71.229.93.226 - - [02/Dec/2008:05:20:29 +0100] "GET /bmpp/Bilder/18_16.png HTTP/1.1" 200 499 "http://www.various-euro.com/bmpp/18.html" "Mozilla/5.0 (Windows; U; Windows NT 5.1; en-US; rv:1.9.0.4) Gecko/2008102920 NET_mmhpset"
71.229.93.226 - - [02/Dec/2008:05:20:29 +0100] "GET /bmpp/Bilder/18_17.png HTTP/1.1" 200 958 "http://www.various-euro.com/bmpp/18.html" "Mozilla/5.0 (Windows; U; Windows NT 5.1; en-US; rv:1.9.0.4) Gecko/2008102920 NET_mmhpset"
71.229.93.226 - - [02/Dec/2008:05:20:29 +0100] "GET /bmpp/Bilder/18_18.png HTTP/1.1" 200 453 "http://www.various-euro.com/bmpp/18.html" "Mozilla/5.0 (Windows; U; Windows NT 5.1; en-US; rv:1.9.0.4) Gecko/2008102920 NET_mmhpset"
71.229.93.226 - - [02/Dec/2008:05:20:29 +0100] "GET /bmpp/Bilder/18_19.png HTTP/1.1" 200 277 "http://www.various-euro.com/bmpp/18.html" "Mozilla/5.0 (Windows; U; Windows NT 5.1; en-US; rv:1.9.0.4) Gecko/2008102920 NET_mmhpset"
71.229.93.226 - - [02/Dec/2008:05:20:29 +0100] "GET /bmpp/Bilder/18_20.png HTTP/1.1" 200 252 "http://www.various-euro.com/bmpp/18.html" "Mozilla/5.0 (Windows; U; Windows NT 5.1; en-US; rv:1.9.0.4) Gecko/2008102920 NET_mmhpset"
71.229.93.226 - - [02/Dec/2008:05:20:29 +0100] "GET /bmpp/Bilder/18_21.png HTTP/1.1" 200 253 "http://www.various-euro.com/bmpp/18.html" "Mozilla/5.0 (Windows; U; Windows NT 5.1; en-US; rv:1.9.0.4) Gecko/2008102920 NET_mmhpset"
71.229.93.226 - - [02/Dec/2008:05:20:29 +0100] "GET /bmpp/Bilder/18_22.png HTTP/1.1" 200 430 "http://www.various-euro.com/bmpp/18.html" "Mozilla/5.0 (Windows; U; Windows NT 5.1; en-US; rv:1.9.0.4) Gecko/2008102920 NET_mmhpset"
71.229.93.226 - - [02/Dec/2008:05:20:29 +0100] "GET /bmpp/Bilder/18_23.png HTTP/1.1" 200 454 "http://www.various-euro.com/bmpp/18.html" "Mozilla/5.0 (Windows; U; Windows NT 5.1; en-US; rv:1.9.0.4) Gecko/2008102920 NET_mmhpset"
71.229.93.226 - - [02/Dec/2008:05:20:29 +0100] "GET /bmpp/Bilder/18_24.png HTTP/1.1" 200 353 "http://www.various-euro.com/bmpp/18.html" "Mozilla/5.0 (Windows; U; Windows NT 5.1; en-US; rv:1.9.0.4) Gecko/2008102920 NET_mmhpset"
71.229.93.226 - - [02/Dec/2008:05:20:29 +0100] "GET /bmpp/Bilder/18_25.png HTTP/1.1" 200 827 "http://www.various-euro.com/bmpp/18.html" "Mozilla/5.0 (Windows; U; Windows NT 5.1; en-US; rv:1.9.0.4) Gecko/2008102920 NET_mmhpset"
71.229.93.226 - - [02/Dec/2008:05:20:29 +0100] "GET /bmpp/Bilder/18_26.png HTTP/1.1" 200 880 "http://www.various-euro.com/bmpp/18.html" "Mozilla/5.0 (Windows; U; Windows NT 5.1; en-US; rv:1.9.0.4) Gecko/2008102920 NET_mmhpset"
71.229.93.226 - - [02/Dec/2008:05:20:29 +0100] "GET /bmpp/Bilder/18_27.png HTTP/1.1" 200 854 "http://www.various-euro.com/bmpp/18.html" "Mozilla/5.0 (Windows; U; Windows NT 5.1; en-US; rv:1.9.0.4) Gecko/2008102920 NET_mmhpset"
71.229.93.226 - - [02/Dec/2008:05:20:29 +0100] "GET /bmpp/Bilder/18_28.png HTTP/1.1" 200 721 "http://www.various-euro.com/bmpp/18.html" "Mozilla/5.0 (Windows; U; Windows NT 5.1; en-US; rv:1.9.0.4) Gecko/2008102920 NET_mmhpset"
71.229.93.226 - - [02/Dec/2008:05:20:29 +0100] "GET /bmpp/Bilder/18_29.png HTTP/1.1" 200 564 "http://www.various-euro.com/bmpp/18.html" "Mozilla/5.0 (Windows; U; Windows NT 5.1; en-US; rv:1.9.0.4) Gecko/2008102920 NET_mmhpset"
71.229.93.226 - - [02/Dec/2008:05:20:29 +0100] "GET /bmpp/Bilder/18_30.png HTTP/1.1" 200 233 "http://www.various-euro.com/bmpp/18.html" "Mozilla/5.0 (Windows; U; Windows NT 5.1; en-US; rv:1.9.0.4) Gecko/2008102920 NET_mmhpset"
71.229.93.226 - - [02/Dec/2008:05:20:29 +0100] "GET /bmpp/Bilder/18_32.png HTTP/1.1" 200 374 "http://www.various-euro.com/bmpp/18.html" "Mozilla/5.0 (Windows; U; Windows NT 5.1; en-US; rv:1.9.0.4) Gecko/2008102920 NET_mmhpset"
71.229.93.226 - - [02/Dec/2008:05:20:29 +0100] "GET /bmpp/Bilder/18_33.png HTTP/1.1" 200 398 "http://www.various-euro.com/bmpp/18.html" "Mozilla/5.0 (Windows; U; Windows NT 5.1; en-US; rv:1.9.0.4) Gecko/2008102920 NET_mmhpset"
71.229.93.226 - - [02/Dec/2008:05:20:29 +0100] "GET /bmpp/Bilder/18_34.png HTTP/1.1" 200 573 "http://www.various-euro.com/bmpp/18.html" "Mozilla/5.0 (Windows; U; Windows NT 5.1; en-US; rv:1.9.0.4) Gecko/2008102920 NET_mmhpset"
71.229.93.226 - - [02/Dec/2008:05:20:29 +0100] "GET /bmpp/Bilder/18_31.png HTTP/1.1" 200 402 "http://www.various-euro.com/bmpp/18.html" "Mozilla/5.0 (Windows; U; Windows NT 5.1; en-US; rv:1.9.0.4) Gecko/2008102920 NET_mmhpset"
71.229.93.226 - - [02/Dec/2008:05:20:29 +0100] "GET /bmpp/Bilder/18_35.png HTTP/1.1" 200 691 "http://www.various-euro.com/bmpp/18.html" "Mozilla/5.0 (Windows; U; Windows NT 5.1; en-US; rv:1.9.0.4) Gecko/2008102920 NET_mmhpset"
71.229.93.226 - - [02/Dec/2008:05:20:29 +0100] "GET /bmpp/Bilder/18_36.png HTTP/1.1" 200 557 "http://www.various-euro.com/bmpp/18.html" "Mozilla/5.0 (Windows; U; Windows NT 5.1; en-US; rv:1.9.0.4) Gecko/2008102920 NET_mmhpset"
71.229.93.226 - - [02/Dec/2008:05:20:29 +0100] "GET /bmpp/Bilder/18_37.png HTTP/1.1" 200 239 "http://www.various-euro.com/bmpp/18.html" "Mozilla/5.0 (Windows; U; Windows NT 5.1; en-US; rv:1.9.0.4) Gecko/2008102920 NET_mmhpset"
71.229.93.226 - - [02/Dec/2008:05:20:29 +0100] "GET /bmpp/Bilder/18_38.png HTTP/1.1" 200 509 "http://www.various-euro.com/bmpp/18.html" "Mozilla/5.0 (Windows; U; Windows NT 5.1; en-US; rv:1.9.0.4) Gecko/2008102920 NET_mmhpset"
71.229.93.226 - - [02/Dec/2008:05:20:29 +0100] "GET /bmpp/Bilder/18_39.png HTTP/1.1" 200 733 "http://www.various-euro.com/bmpp/18.html" "Mozilla/5.0 (Windows; U; Windows NT 5.1; en-US; rv:1.9.0.4) Gecko/2008102920 NET_mmhpset"
71.229.93.226 - - [02/Dec/2008:05:20:29 +0100] "GET /bmpp/Bilder/18_40.png HTTP/1.1" 200 506 "http://www.various-euro.com/bmpp/18.html" "Mozilla/5.0 (Windows; U; Windows NT 5.1; en-US; rv:1.9.0.4) Gecko/2008102920 NET_mmhpset"
71.229.93.226 - - [02/Dec/2008:05:20:29 +0100] "GET /bmpp/Bilder/18_10.png HTTP/1.1" 200 270 "http://www.various-euro.com/bmpp/18.html" "Mozilla/5.0 (Windows; U; Windows NT 5.1; en-US; rv:1.9.0.4) Gecko/2008102920 NET_mmhpset"
71.229.93.226 - - [02/Dec/2008:05:20:29 +0100] "GET /bmpp/Bilder/18_41.png HTTP/1.1" 200 334 "http://www.various-euro.com/bmpp/18.html" "Mozilla/5.0 (Windows; U; Windows NT 5.1; en-US; rv:1.9.0.4) Gecko/2008102920 NET_mmhpset"
71.229.93.226 - - [02/Dec/2008:05:20:29 +0100] "GET /bmpp/Bilder/18_42.png HTTP/1.1" 200 286 "http://www.various-euro.com/bmpp/18.html" "Mozilla/5.0 (Windows; U; Windows NT 5.1; en-US; rv:1.9.0.4) Gecko/2008102920 NET_mmhpset"
71.229.93.226 - - [02/Dec/2008:05:20:29 +0100] "GET /bmpp/Bilder/18_43.png HTTP/1.1" 200 280 "http://www.various-euro.com/bmpp/18.html" "Mozilla/5.0 (Windows; U; Windows NT 5.1; en-US; rv:1.9.0.4) Gecko/2008102920 NET_mmhpset"
71.229.93.226 - - [02/Dec/2008:05:20:30 +0100] "GET /bmpp/Bilder/18_11.png HTTP/1.1" 200 233 "http://www.various-euro.com/bmpp/18.html" "Mozilla/5.0 (Windows; U; Windows NT 5.1; en-US; rv:1.9.0.4) Gecko/2008102920 NET_mmhpset"
71.229.93.226 - - [02/Dec/2008:05:20:30 +0100] "GET /bmpp/Bilder/18_12.png HTTP/1.1" 200 595 "http://www.various-euro.com/bmpp/18.html" "Mozilla/5.0 (Windows; U; Windows NT 5.1; en-US; rv:1.9.0.4) Gecko/2008102920 NET_mmhpset"
71.229.93.226 - - [02/Dec/2008:05:20:31 +0100] "GET /bmpp/Bilder/18_13.png HTTP/1.1" 200 282 "http://www.various-euro.com/bmpp/18.html" "Mozilla/5.0 (Windows; U; Windows NT 5.1; en-US; rv:1.9.0.4) Gecko/2008102920 NET_mmhpset"
71.229.93.226 - - [02/Dec/2008:05:20:31 +0100] "GET /bmpp/Bilder/18_14.png HTTP/1.1" 200 609 "http://www.various-euro.com/bmpp/18.html" "Mozilla/5.0 (Windows; U; Windows NT 5.1; en-US; rv:1.9.0.4) Gecko/2008102920 NET_mmhpset"
71.229.93.226 - - [02/Dec/2008:05:20:32 +0100] "GET /favicon.ico HTTP/1.1" 404 2748 "-" "Mozilla/5.0 (Windows; U; Windows NT 5.1; en-US; rv:1.9.0.4) Gecko/2008102920 NET_mmhpset"
71.229.93.226 - - [02/Dec/2008:05:20:33 +0100] "GET /bmpp/18.html HTTP/1.1" 200 4467 "-" "Mozilla/5.0 (Windows; U; Windows NT 5.1; en-US; rv:1.9.0.4) Gecko/2008102920 NET_mmhpset"
71.229.93.226 - - [02/Dec/2008:05:20:33 +0100] "GET /bmpp/18.html HTTP/1.1" 200 4467 "-" "Mozilla/5.0 (Windows; U; Windows NT 5.1; en-US; rv:1.9.0.4) Gecko/2008102920 NET_mmhpset"
71.229.93.226 - - [02/Dec/2008:05:20:34 +0100] "GET /favicon.ico HTTP/1.1" 404 2748 "-" "Mozilla/5.0 (Windows; U; Windows NT 5.1; en-US; rv:1.9.0.4) Gecko/2008102920 NET_mmhpset"
71.229.93.226 - - [02/Dec/2008:05:20:35 +0100] "GET /favicon.ico HTTP/1.1" 404 2748 "-" "Mozilla/5.0 (Windows; U; Windows NT 5.1; en-US; rv:1.9.0.4) Gecko/2008102920 NET_mmhpset"
71.229.93.226 - - [02/Dec/2008:05:20:36 +0100] "GET /favicon.ico HTTP/1.1" 404 2748 "-" "Mozilla/5.0 (Windows; U; Windows NT 5.1; en-US; rv:1.9.0.4) Gecko/2008102920 NET_mmhpset"
119.63.193.43 - - [02/Dec/2008:05:27:18 +0100] "GET / HTTP/1.1" 200 7869 "-" "Baiduspider+(+http://help.baidu.jp/system/05.html)"
66.249.71.217 - - [02/Dec/2008:05:55:52 +0100] "GET /framez_0.html HTTP/1.1" 200 12444 "-" "Mozilla/5.0 (compatible; Googlebot/2.1; +http://www.google.com/bot.html)"
77.88.25.28 - - [02/Dec/2008:06:14:55 +0100] "GET /robots.txt HTTP/1.1" 200 64 "-" "Yandex/1.01.001 (compatible; Win16; I)"
77.88.25.28 - - [02/Dec/2008:06:14:55 +0100] "GET / HTTP/1.1" 200 7869 "-" "Yandex/1.01.001 (compatible; Win16; I)"
65.55.211.174 - - [02/Dec/2008:06:15:41 +0100] "GET /robots.txt HTTP/1.1" 200 64 "-" "msnbot/1.1 (+http://search.msn.com/msnbot.htm)"
65.55.211.174 - - [02/Dec/2008:06:15:43 +0100] "GET /zampa/montenegro/TESLAW.html HTTP/1.1" 200 861 "-" "msnbot/1.1 (+http://search.msn.com/msnbot.htm)"
66.249.71.219 - - [02/Dec/2008:06:22:13 +0100] "GET /zampa/montenegro/contributions.html HTTP/1.1" 200 18843 "-" "Mozilla/5.0 (compatible; Googlebot/2.1; +http://www.google.com/bot.html)"
72.30.81.181 - - [02/Dec/2008:06:32:41 +0100] "GET /robots.txt HTTP/1.0" 200 64 "-" "Mozilla/5.0 (compatible; Yahoo! Slurp; http://help.yahoo.com/help/us/ysearch/slurp)"
72.30.81.181 - - [02/Dec/2008:06:32:49 +0100] "GET /zampa/montenegro/index.html HTTP/1.0" 200 2651 "-" "Mozilla/5.0 (compatible; Yahoo! Slurp; http://help.yahoo.com/help/us/ysearch/slurp)"
131.107.65.41 - - [02/Dec/2008:06:34:40 +0100] "GET /robots.txt HTTP/1.1" 200 64 "-" "MSR-ISRCCrawler"
131.107.65.41 - - [02/Dec/2008:06:34:41 +0100] "GET /restate_copy.html HTTP/1.1" 200 97631 "-" "MSR-ISRCCrawler"
131.107.65.41 - - [02/Dec/2008:06:36:52 +0100] "GET /robots.txt HTTP/1.1" 200 64 "-" "MSR-ISRCCrawler"
193.252.149.15 - - [02/Dec/2008:06:38:11 +0100] "GET /neon/euro.html HTTP/1.1" 200 2212 "-" "Mozilla/5.0 (Windows; U; Windows NT 5.1; fr; rv:1.8.1) VoilaBot BETA 1.2 (support.voilabot@orange-ftgroup.com)"
131.107.65.41 - - [02/Dec/2008:06:38:48 +0100] "GET /menueleiste.js HTTP/1.1" 404 2748 "-" "MSR-ISRCCrawler"
131.107.65.41 - - [02/Dec/2008:06:43:32 +0100] "GET /framez-restate.html HTTP/1.1" 200 4328 "-" "MSR-ISRCCrawler"
193.252.149.15 - - [02/Dec/2008:06:44:58 +0100] "GET /f-bannnerz.html HTTP/1.1" 200 12651 "-" "Mozilla/5.0 (Windows; U; Windows NT 5.1; fr; rv:1.8.1) VoilaBot BETA 1.2 (support.voilabot@orange-ftgroup.com)"
131.107.65.41 - - [02/Dec/2008:07:05:17 +0100] "GET /frame-menu.html HTTP/1.1" 200 10536 "-" "MSR-ISRCCrawler"
131.107.65.41 - - [02/Dec/2008:07:05:20 +0100] "GET /frame-unten.html HTTP/1.1" 200 5308 "-" "MSR-ISRCCrawler"
208.80.194.48 - - [02/Dec/2008:07:10:47 +0100] "GET / HTTP/1.0" 200 7869 "-" "Mozilla/4.0 (compatible; MSIE 6.0; Windows NT 5.1; FunWebProducts-MyWay)"
208.80.194.48 - - [02/Dec/2008:07:10:47 +0100] "GET / HTTP/1.0" 200 7869 "-" "Mozilla/4.0 (compatible; MSIE 6.0; Windows NT 5.0; {A8F2F9AB-F087-4EA7-8282-347AB37A6251}; .NET CLR 1.0.3705)"
131.107.65.41 - - [02/Dec/2008:07:42:25 +0100] "GET /robots.txt HTTP/1.1" 200 64 "-" "MSR-ISRCCrawler"
131.107.65.41 - - [02/Dec/2008:07:42:27 +0100] "GET /restate_copy.html HTTP/1.1" 200 97631 "-" "MSR-ISRCCrawler"
119.63.193.62 - - [02/Dec/2008:07:43:07 +0100] "GET /robots.txt HTTP/1.1" 200 64 "-" "Baiduspider+(+http://www.baidu.com/search/spider_jp.html)"
131.107.65.41 - - [02/Dec/2008:07:48:38 +0100] "GET /framez-restate.html HTTP/1.1" 200 4328 "-" "MSR-ISRCCrawler"
66.249.71.217 - - [02/Dec/2008:08:02:39 +0100] "GET /f-rez.html HTTP/1.1" 200 9765 "-" "Mozilla/5.0 (compatible; Googlebot/2.1; +http://www.google.com/bot.html)"
193.252.149.15 - - [02/Dec/2008:08:04:37 +0100] "GET /robots.txt HTTP/1.1" 200 64 "-" "Mozilla/5.0 (Windows; U; Windows NT 5.1; fr; rv:1.8.1) VoilaBot BETA 1.2 (support.voilabot@orange-ftgroup.com)"
193.252.149.15 - - [02/Dec/2008:08:04:39 +0100] "GET /bmpp/euro_pal_111.html HTTP/1.1" 200 2129 "-" "Mozilla/5.0 (Windows; U; Windows NT 5.1; fr; rv:1.8.1) VoilaBot BETA 1.2 (support.voilabot@orange-ftgroup.com)"
72.30.142.154 - - [02/Dec/2008:08:13:02 +0100] "GET /robots.txt HTTP/1.0" 200 64 "-" "Mozilla/5.0 (compatible; Yahoo! Slurp; http://help.yahoo.com/help/us/ysearch/slurp)"
72.30.142.154 - - [02/Dec/2008:08:13:02 +0100] "GET / HTTP/1.0" 200 7869 "-" "Mozilla/5.0 (compatible; Yahoo! Slurp; http://help.yahoo.com/help/us/ysearch/slurp)"
66.249.71.218 - - [02/Dec/2008:08:16:58 +0100] "GET /framez-zeug.html HTTP/1.1" 200 4311 "-" "Mozilla/5.0 (compatible; Googlebot/2.1; +http://www.google.com/bot.html)"
193.252.149.16 - - [02/Dec/2008:08:18:12 +0100] "GET /world.html HTTP/1.1" 200 16295 "-" "Mozilla/5.0 (Windows; U; Windows NT 5.1; fr; rv:1.8.1) VoilaBot BETA 1.2 (support.voilabot@orange-ftgroup.com)"
66.249.71.219 - - [02/Dec/2008:08:24:08 +0100] "GET /bmpp/18.html HTTP/1.1" 200 4467 "-" "Mozilla/5.0 (compatible; Googlebot/2.1; +http://www.google.com/bot.html)"
67.195.37.113 - - [02/Dec/2008:08:30:21 +0100] "GET /logs/ HTTP/1.0" 200 10079 "-" "Mozilla/5.0 (compatible; Yahoo! Slurp/3.0; http://help.yahoo.com/help/us/ysearch/slurp)"
67.195.37.113 - - [02/Dec/2008:08:38:37 +0100] "GET /logs/usage_200711.html HTTP/1.0" 200 109628 "-" "Mozilla/5.0 (compatible; Yahoo! Slurp/3.0; http://help.yahoo.com/help/us/ysearch/slurp)"
65.55.211.174 - - [02/Dec/2008:08:41:25 +0100] "GET /robots.txt HTTP/1.1" 200 64 "-" "msnbot/1.1 (+http://search.msn.com/msnbot.htm)"
65.55.211.174 - - [02/Dec/2008:08:41:25 +0100] "GET /zampa/montenegro/TESLAW.html HTTP/1.1" 200 861 "-" "msnbot/1.1 (+http://search.msn.com/msnbot.htm)"
131.107.65.41 - - [02/Dec/2008:08:55:01 +0100] "GET /robots.txt HTTP/1.1" 200 64 "-" "MSR-ISRCCrawler"
131.107.65.41 - - [02/Dec/2008:08:55:02 +0100] "GET /restate_copy.html HTTP/1.1" 200 97631 "-" "MSR-ISRCCrawler"
72.30.81.181 - - [02/Dec/2008:08:56:10 +0100] "GET /games/virtualcop/virtualcop.html HTTP/1.0" 200 4487 "-" "Mozilla/5.0 (compatible; Yahoo! Slurp; http://help.yahoo.com/help/us/ysearch/slurp)"
131.107.65.41 - - [02/Dec/2008:08:59:42 +0100] "GET /robots.txt HTTP/1.1" 200 64 "-" "MSR-ISRCCrawler"
131.107.65.41 - - [02/Dec/2008:09:01:30 +0100] "GET /menueleiste.js HTTP/1.1" 404 2748 "-" "MSR-ISRCCrawler"
131.107.65.41 - - [02/Dec/2008:09:05:41 +0100] "GET /framez-restate.html HTTP/1.1" 200 4328 "-" "MSR-ISRCCrawler"
131.107.65.41 - - [02/Dec/2008:09:05:44 +0100] "GET /frame-menu.html HTTP/1.1" 200 10536 "-" "MSR-ISRCCrawler"
131.107.65.41 - - [02/Dec/2008:09:05:45 +0100] "GET /style/various-euro.css HTTP/1.1" 200 3437 "-" "MSR-ISRCCrawler"
131.107.65.41 - - [02/Dec/2008:09:05:46 +0100] "GET /frame-unten.html HTTP/1.1" 200 5308 "-" "MSR-ISRCCrawler"
66.249.71.217 - - [02/Dec/2008:09:09:29 +0100] "GET /f-logz_old.html HTTP/1.1" 200 43773 "-" "Mozilla/5.0 (compatible; Googlebot/2.1; +http://www.google.com/bot.html)"
38.108.180.65 - - [02/Dec/2008:09:14:58 +0100] "GET /robots.txt HTTP/1.1" 200 64 "-" "Mozilla/5.0 (compatible; ScoutJet; +http://www.scoutjet.com/)"
38.108.180.65 - - [02/Dec/2008:09:14:59 +0100] "GET /sendi_agent.html HTTP/1.1" 200 6213 "-" "Mozilla/5.0 (compatible; ScoutJet; +http://www.scoutjet.com/)"
38.108.180.65 - - [02/Dec/2008:09:15:02 +0100] "GET /favicon.ico HTTP/1.1" 404 2748 "-" "Mozilla/5.0 (compatible; ScoutJet; +http://www.scoutjet.com/)"
38.108.180.65 - - [02/Dec/2008:09:18:24 +0100] "GET /games/virtualcop/virtualcop.html HTTP/1.1" 200 4487 "-" "Mozilla/5.0 (compatible; ScoutJet; +http://www.scoutjet.com/)"
64.1.215.165 - - [02/Dec/2008:09:27:41 +0100] "GET /robots.txt HTTP/1.0" 200 64 "-" "Mozilla/5.0 (Twiceler-0.9 http://www.cuil.com/twiceler/robot.html)"
67.195.37.113 - - [02/Dec/2008:10:03:11 +0100] "GET /neon/channel.html HTTP/1.0" 200 1942 "-" "Mozilla/5.0 (compatible; Yahoo! Slurp/3.0; http://help.yahoo.com/help/us/ysearch/slurp)"
67.195.37.113 - - [02/Dec/2008:10:04:29 +0100] "GET /neon/europa.html HTTP/1.0" 200 389 "-" "Mozilla/5.0 (compatible; Yahoo! Slurp/3.0; http://help.yahoo.com/help/us/ysearch/slurp)"
131.107.65.41 - - [02/Dec/2008:10:07:54 +0100] "GET /robots.txt HTTP/1.1" 200 64 "-" "MSR-ISRCCrawler"
131.107.65.41 - - [02/Dec/2008:10:07:55 +0100] "GET /restate_copy.html HTTP/1.1" 200 97631 "-" "MSR-ISRCCrawler"
131.107.65.41 - - [02/Dec/2008:10:08:17 +0100] "GET /robots.txt HTTP/1.1" 200 64 "-" "MSR-ISRCCrawler"
91.7.202.31 - - [02/Dec/2008:10:10:58 +0100] "GET /guests/index.php?page=../../../../../../../../..etc/passwd%00 HTTP/1.1" 404 2748 "http://various-euro.com/guests/index.php?page=../../../../../../../../..etc/passwd%00" "Mozilla/4.0 (compatible; MSIE 6.0; Windows NT 5.1)"
91.7.202.31 - - [02/Dec/2008:10:10:59 +0100] "GET /index.php?show=showarticles&file=../../../../../../../../etc/passwd%00 HTTP/1.1" 404 2748 "http://various-euro.com/index.php?show=showarticles&file=../../../../../../../../etc/passwd%00" "Mozilla/4.0 (compatible; MSIE 6.0; Windows NT 5.1)"
91.7.202.31 - - [02/Dec/2008:10:11:02 +0100] "GET /index.php?show=showarticles&file=../../../../../../../../etc/passwd HTTP/1.1" 404 2748 "http://various-euro.com/index.php?show=showarticles&file=../../../../../../../../etc/passwd" "Mozilla/4.0 (compatible; MSIE 6.0; Windows NT 5.1)"
91.7.202.31 - - [02/Dec/2008:10:11:03 +0100] "GET /cgi-bin/index.php?show=showarticles&file=../../../../../../../../etc/passwd HTTP/1.1" 404 2748 "http://various-euro.com/cgi-bin/index.php?show=showarticles&file=../../../../../../../../etc/passwd" "Mozilla/4.0 (compatible; MSIE 6.0; Windows NT 5.1)"
91.7.202.31 - - [02/Dec/2008:10:11:03 +0100] "GET /index.php?page=../../../../../../../../../etc/passwd%00 HTTP/1.1" 404 2748 "http://various-euro.com/index.php?page=../../../../../../../../../etc/passwd%00" "Mozilla/4.0 (compatible; MSIE 6.0; Windows NT 5.1)"
91.7.202.31 - - [02/Dec/2008:10:11:03 +0100] "GET /showcase.php?set=../../../../../../../../../etc/passwd%00 HTTP/1.1" 404 2748 "http://various-euro.com/showcase.php?set=../../../../../../../../../etc/passwd%00" "Mozilla/4.0 (compatible; MSIE 6.0; Windows NT 5.1)"
131.107.65.41 - - [02/Dec/2008:10:11:04 +0100] "GET /framez-restate.html HTTP/1.1" 200 4328 "-" "MSR-ISRCCrawler"
91.7.202.31 - - [02/Dec/2008:10:11:05 +0100] "GET /cgi-bin/showcase.php?set=../../../../../../../../../etc/passwd%00 HTTP/1.1" 404 2748 "http://various-euro.com/cgi-bin/showcase.php?set=../../../../../../../../../etc/passwd%00" "Mozilla/4.0 (compatible; MSIE 6.0; Windows NT 5.1)"
91.7.202.31 - - [02/Dec/2008:10:11:05 +0100] "GET /tour/showImage.php?t=e&img=../../../../../../../../etc/passwd HTTP/1.1" 404 2748 "http://various-euro.com/tour/showImage.php?t=e&img=../../../../../../../../etc/passwd" "Mozilla/4.0 (compatible; MSIE 6.0; Windows NT 5.1)"
91.7.202.31 - - [02/Dec/2008:10:11:07 +0100] "GET /guests/index.php?page=../../../../../../../../..etc/passwd%00 HTTP/1.1" 404 2748 "http://various-euro.com/guests/index.php?page=../../../../../../../../..etc/passwd%00" "Mozilla/4.0 (compatible; MSIE 6.0; Windows NT 5.1)"
91.7.202.31 - - [02/Dec/2008:10:11:11 +0100] "GET /cgi-bin/index.php?show=showarticles&file=../../../../../../../../etc/passwd%00 HTTP/1.1" 404 2748 "http://various-euro.com/cgi-bin/index.php?show=showarticles&file=../../../../../../../../etc/passwd%00" "Mozilla/4.0 (compatible; MSIE 6.0; Windows NT 5.1)"
131.107.65.41 - - [02/Dec/2008:10:11:15 +0100] "GET /framez-restate.html HTTP/1.1" 200 4328 "-" "MSR-ISRCCrawler"
131.107.65.41 - - [02/Dec/2008:10:15:12 +0100] "GET /frame-menu.html HTTP/1.1" 200 10536 "-" "MSR-ISRCCrawler"
131.107.65.41 - - [02/Dec/2008:10:15:14 +0100] "GET /frame-unten.html HTTP/1.1" 200 5308 "-" "MSR-ISRCCrawler"
131.107.65.41 - - [02/Dec/2008:10:15:16 +0100] "GET /style/various-euro.css HTTP/1.1" 200 3437 "-" "MSR-ISRCCrawler"
82.105.11.60 - - [02/Dec/2008:10:20:12 +0100] "GET / HTTP/1.1" 302 353 "http://www.google.it/search?hl=it&q=zampe+di+leone&btnG=Cerca+con+Google&meta=" "Mozilla/4.0 (compatible; MSIE 7.0; Windows NT 5.1; .NET CLR 1.1.4322; .NET CLR 2.0.50727)"
82.105.11.60 - - [02/Dec/2008:10:20:12 +0100] "GET /zampa/ HTTP/1.1" 200 7153 "http://www.google.it/search?hl=it&q=zampe+di+leone&btnG=Cerca+con+Google&meta=" "Mozilla/4.0 (compatible; MSIE 7.0; Windows NT 5.1; .NET CLR 1.1.4322; .NET CLR 2.0.50727)"
82.105.11.60 - - [02/Dec/2008:10:20:13 +0100] "GET /zampa/slike/udupetu.gif HTTP/1.1" 200 4138 "http://www.various-euro.com/zampa/" "Mozilla/4.0 (compatible; MSIE 7.0; Windows NT 5.1; .NET CLR 1.1.4322; .NET CLR 2.0.50727)"
82.105.11.60 - - [02/Dec/2008:10:20:13 +0100] "GET /zampa/slike/zampa.gif HTTP/1.1" 200 5310 "http://www.various-euro.com/zampa/" "Mozilla/4.0 (compatible; MSIE 7.0; Windows NT 5.1; .NET CLR 1.1.4322; .NET CLR 2.0.50727)"
82.105.11.60 - - [02/Dec/2008:10:20:13 +0100] "GET /zampa/slike/inthearse.gif HTTP/1.1" 200 4077 "http://www.various-euro.com/zampa/" "Mozilla/4.0 (compatible; MSIE 7.0; Windows NT 5.1; .NET CLR 1.1.4322; .NET CLR 2.0.50727)"
82.105.11.60 - - [02/Dec/2008:10:20:13 +0100] "GET /favicon.ico HTTP/1.1" 404 2748 "-" "Mozilla/4.0 (compatible; MSIE 7.0; Windows NT 5.1; .NET CLR 1.1.4322; .NET CLR 2.0.50727)"
65.55.165.114 - - [02/Dec/2008:10:20:57 +0100] "GET / HTTP/1.0" 200 7869 "http://kickme.to/ve" "Mozilla/4.0 (compatible; MSIE 6.0; Windows NT 5.2; SV1; .NET CLR 1.1.4322)"
65.55.165.114 - - [02/Dec/2008:10:20:57 +0100] "GET /style/various-euro.css HTTP/1.0" 200 3437 "http://www.various-euro.com/" "Mozilla/4.0 (compatible; MSIE 6.0; Windows NT 5.2; SV1; .NET CLR 1.1.4322)"
65.55.165.114 - - [02/Dec/2008:10:20:57 +0100] "GET / HTTP/1.0" 200 7869 "-" "Mozilla/4.0 (compatible; MSIE 6.0; Windows NT 5.2; SV1; .NET CLR 1.1.4322)"
65.55.165.114 - - [02/Dec/2008:10:20:57 +0100] "GET /style/various-euro.css HTTP/1.0" 200 3437 "http://www.various-euro.com/" "Mozilla/4.0 (compatible; MSIE 6.0; Windows NT 5.2; SV1; .NET CLR 1.1.4322)"
65.55.165.114 - - [02/Dec/2008:10:20:58 +0100] "GET /framez_0.html HTTP/1.0" 200 12444 "-" "Mozilla/4.0 (compatible; MSIE 6.0; Windows NT 5.2; SV1; .NET CLR 1.1.4322)"
65.55.165.114 - - [02/Dec/2008:10:20:59 +0100] "GET /framez.html HTTP/1.0" 200 3959 "-" "Mozilla/4.0 (compatible; MSIE 6.0; Windows NT 5.2; SV1; .NET CLR 1.1.4322)"
65.55.165.114 - - [02/Dec/2008:10:21:00 +0100] "GET /style/various-euro.css HTTP/1.0" 200 3437 "http://www.various-euro.com/framez.html" "Mozilla/4.0 (compatible; MSIE 6.0; Windows NT 5.2; SV1; .NET CLR 1.1.4322)"
65.55.165.114 - - [02/Dec/2008:10:21:00 +0100] "GET /frame-menu.html HTTP/1.0" 200 10536 "http://www.various-euro.com/framez.html" "Mozilla/4.0 (compatible; MSIE 6.0; Windows NT 5.2; SV1; .NET CLR 1.1.4322)"
65.55.165.114 - - [02/Dec/2008:10:21:01 +0100] "GET /frame-inhalt.html HTTP/1.0" 200 5418 "http://www.various-euro.com/framez.html" "Mozilla/4.0 (compatible; MSIE 6.0; Windows NT 5.2; SV1; .NET CLR 1.1.4322)"
65.55.165.114 - - [02/Dec/2008:10:21:01 +0100] "GET /frame-unten.html HTTP/1.0" 200 5308 "http://www.various-euro.com/framez.html" "Mozilla/4.0 (compatible; MSIE 6.0; Windows NT 5.2; SV1; .NET CLR 1.1.4322)"
65.55.165.114 - - [02/Dec/2008:10:21:01 +0100] "GET /style/various-euro.css HTTP/1.0" 200 3437 "http://www.various-euro.com/frame-menu.html" "Mozilla/4.0 (compatible; MSIE 6.0; Windows NT 5.2; SV1; .NET CLR 1.1.4322)"
84.20.227.251 - - [02/Dec/2008:10:29:16 +0100] "GET / HTTP/1.1" 302 353 "http://www.google.com/search?q=Zampa+di+Leone&ie=utf-8&oe=utf-8&aq=t&rls=org.mozilla:pt-BR:official&client=firefox-a" "Mozilla/5.0 (Windows; U; Windows NT 5.1; pt-BR; rv:1.9.0.4) Gecko/2008102920 Firefox/3.0.4"
84.20.227.251 - - [02/Dec/2008:10:29:16 +0100] "GET /zampa/ HTTP/1.1" 200 7153 "http://www.google.com/search?q=Zampa+di+Leone&ie=utf-8&oe=utf-8&aq=t&rls=org.mozilla:pt-BR:official&client=firefox-a" "Mozilla/5.0 (Windows; U; Windows NT 5.1; pt-BR; rv:1.9.0.4) Gecko/2008102920 Firefox/3.0.4"
84.20.227.251 - - [02/Dec/2008:10:29:16 +0100] "GET /zampa/slike/zampa.gif HTTP/1.1" 200 5310 "http://www.various-euro.com/zampa/" "Mozilla/5.0 (Windows; U; Windows NT 5.1; pt-BR; rv:1.9.0.4) Gecko/2008102920 Firefox/3.0.4"
84.20.227.251 - - [02/Dec/2008:10:29:16 +0100] "GET /zampa/slike/udupetu.gif HTTP/1.1" 200 4138 "http://www.various-euro.com/zampa/" "Mozilla/5.0 (Windows; U; Windows NT 5.1; pt-BR; rv:1.9.0.4) Gecko/2008102920 Firefox/3.0.4"
84.20.227.251 - - [02/Dec/2008:10:29:16 +0100] "GET /zampa/slike/inthearse.gif HTTP/1.1" 200 4077 "http://www.various-euro.com/zampa/" "Mozilla/5.0 (Windows; U; Windows NT 5.1; pt-BR; rv:1.9.0.4) Gecko/2008102920 Firefox/3.0.4"
84.20.227.251 - - [02/Dec/2008:10:29:16 +0100] "GET /favicon.ico HTTP/1.1" 404 2748 "-" "Mozilla/5.0 (Windows; U; Windows NT 5.1; pt-BR; rv:1.9.0.4) Gecko/2008102920 Firefox/3.0.4"
84.20.227.251 - - [02/Dec/2008:10:29:20 +0100] "GET /favicon.ico HTTP/1.1" 404 2748 "-" "Mozilla/5.0 (Windows; U; Windows NT 5.1; pt-BR; rv:1.9.0.4) Gecko/2008102920 Firefox/3.0.4"
67.195.37.113 - - [02/Dec/2008:10:29:28 +0100] "GET /logs/usage_200709.html HTTP/1.0" 200 110974 "-" "Mozilla/5.0 (compatible; Yahoo! Slurp/3.0; http://help.yahoo.com/help/us/ysearch/slurp)"
67.195.37.113 - - [02/Dec/2008:10:29:38 +0100] "GET /logs/usage_200701.html HTTP/1.0" 200 109268 "-" "Mozilla/5.0 (compatible; Yahoo! Slurp/3.0; http://help.yahoo.com/help/us/ysearch/slurp)"
84.20.227.251 - - [02/Dec/2008:10:29:55 +0100] "GET /zampa/slike/S1TITEL.GIF HTTP/1.1" 200 15244 "http://www.various-euro.com/zampa/" "Mozilla/5.0 (Windows; U; Windows NT 5.1; pt-BR; rv:1.9.0.4) Gecko/2008102920 Firefox/3.0.4"
72.30.81.181 - - [02/Dec/2008:10:33:16 +0100] "GET /f-zeug.html HTTP/1.0" 200 48203 "-" "Mozilla/5.0 (compatible; Yahoo! Slurp; http://help.yahoo.com/help/us/ysearch/slurp)"
72.30.81.181 - - [02/Dec/2008:10:54:16 +0100] "GET /framez-e-count.html HTTP/1.0" 200 4321 "-" "Mozilla/5.0 (compatible; Yahoo! Slurp/3.0; http://help.yahoo.com/help/us/ysearch/slurp)"
72.30.81.181 - - [02/Dec/2008:10:54:17 +0100] "GET /frame-menu.html HTTP/1.0" 200 10536 "http://www.various-euro.com/framez-e-count.html" "Mozilla/5.0 (compatible; Yahoo! Slurp/3.0; http://help.yahoo.com/help/us/ysearch/slurp)"
72.30.81.181 - - [02/Dec/2008:10:54:17 +0100] "GET /frame-unten.html HTTP/1.0" 200 5308 "http://www.various-euro.com/framez-e-count.html" "Mozilla/5.0 (compatible; Yahoo! Slurp/3.0; http://help.yahoo.com/help/us/ysearch/slurp)"
72.30.81.181 - - [02/Dec/2008:10:54:17 +0100] "GET /e-counter.html HTTP/1.0" 200 4047 "http://www.various-euro.com/framez-e-count.html" "Mozilla/5.0 (compatible; Yahoo! Slurp/3.0; http://help.yahoo.com/help/us/ysearch/slurp)"
72.30.81.181 - - [02/Dec/2008:10:54:17 +0100] "GET /style/various-euro.css HTTP/1.0" 200 3437 "http://www.various-euro.com/frame-menu.html" "Mozilla/5.0 (compatible; Yahoo! Slurp/3.0; http://help.yahoo.com/help/us/ysearch/slurp)"
72.30.81.181 - - [02/Dec/2008:11:00:20 +0100] "GET /logs/usage_200603.html HTTP/1.0" 200 109800 "-" "Mozilla/5.0 (compatible; Yahoo! Slurp; http://help.yahoo.com/help/us/ysearch/slurp)"
65.55.211.171 - - [02/Dec/2008:11:09:22 +0100] "GET /robots.txt HTTP/1.1" 200 64 "-" "msnbot/1.1 (+http://search.msn.com/msnbot.htm)"
65.55.211.171 - - [02/Dec/2008:11:09:22 +0100] "GET /f-maintitle.html HTTP/1.1" 200 5030 "-" "msnbot/1.1 (+http://search.msn.com/msnbot.htm)"
131.107.65.41 - - [02/Dec/2008:11:19:53 +0100] "GET /robots.txt HTTP/1.1" 200 64 "-" "MSR-ISRCCrawler"
131.107.65.41 - - [02/Dec/2008:11:19:54 +0100] "GET /restate_copy.html HTTP/1.1" 200 97631 "-" "MSR-ISRCCrawler"
194.8.74.235 - - [02/Dec/2008:11:22:58 +0100] "GET /restate_copy.html HTTP/1.1" 200 97631 "-" "Mozilla/4.0 (compatible; MSIE 6.0; Windows NT 5.1; SV1)"
194.8.74.235 - - [02/Dec/2008:11:22:58 +0100] "GET /menue.html HTTP/1.1" 404 2748 "-" "Mozilla/4.0 (compatible; MSIE 6.0; Windows NT 5.1; SV1)"
194.8.74.235 - - [02/Dec/2008:11:22:58 +0100] "GET /euro.html HTTP/1.1" 404 2748 "-" "Mozilla/4.0 (compatible; MSIE 6.0; Windows NT 5.1; SV1)"
194.8.74.235 - - [02/Dec/2008:11:22:59 +0100] "GET /warez.html HTTP/1.1" 200 9754 "-" "Mozilla/4.0 (compatible; MSIE 6.0; Windows NT 5.1; SV1)"
194.8.74.235 - - [02/Dec/2008:11:23:06 +0100] "GET /web.html HTTP/1.1" 404 2748 "-" "Mozilla/4.0 (compatible; MSIE 6.0; Windows NT 5.1; SV1)"
194.8.74.235 - - [02/Dec/2008:11:23:06 +0100] "GET /net.html HTTP/1.1" 404 2748 "-" "Mozilla/4.0 (compatible; MSIE 6.0; Windows NT 5.1; SV1)"
194.8.74.235 - - [02/Dec/2008:11:23:06 +0100] "GET /world.html HTTP/1.1" 200 16295 "-" "Mozilla/4.0 (compatible; MSIE 6.0; Windows NT 5.1; SV1)"
194.8.74.235 - - [02/Dec/2008:11:23:06 +0100] "GET /channel1.html HTTP/1.1" 404 2748 "-" "Mozilla/4.0 (compatible; MSIE 6.0; Windows NT 5.1; SV1)"
194.8.74.235 - - [02/Dec/2008:11:23:06 +0100] "GET /search.html HTTP/1.1" 200 1440 "-" "Mozilla/4.0 (compatible; MSIE 6.0; Windows NT 5.1; SV1)"
194.8.74.235 - - [02/Dec/2008:11:23:11 +0100] "GET /contact.html HTTP/1.1" 404 2748 "-" "Mozilla/4.0 (compatible; MSIE 6.0; Windows NT 5.1; SV1)"
194.8.74.235 - - [02/Dec/2008:11:23:47 +0100] "GET /tour1_new.html HTTP/1.1" 404 2748 "-" "Mozilla/4.0 (compatible; MSIE 6.0; Windows NT 5.1; SV1)"
194.8.74.235 - - [02/Dec/2008:11:23:47 +0100] "GET /logz.html HTTP/1.1" 404 2748 "-" "Mozilla/4.0 (compatible; MSIE 6.0; Windows NT 5.1; SV1)"
194.8.74.235 - - [02/Dec/2008:11:23:47 +0100] "GET /logz_old.html HTTP/1.1" 404 2748 "-" "Mozilla/4.0 (compatible; MSIE 6.0; Windows NT 5.1; SV1)"
194.8.74.235 - - [02/Dec/2008:11:23:48 +0100] "GET /bannnerz.html HTTP/1.1" 404 2748 "-" "Mozilla/4.0 (compatible; MSIE 6.0; Windows NT 5.1; SV1)"
65.55.211.166 - - [02/Dec/2008:11:36:40 +0100] "GET /robots.txt HTTP/1.1" 302 363 "-" "msnbot/1.1 (+http://search.msn.com/msnbot.htm)"
65.55.211.166 - - [02/Dec/2008:11:36:40 +0100] "GET /zampa/robots.txt HTTP/1.1" 404 2748 "-" "msnbot/1.1 (+http://search.msn.com/msnbot.htm)"
65.55.211.166 - - [02/Dec/2008:11:36:40 +0100] "GET / HTTP/1.1" 302 353 "-" "msnbot/1.1 (+http://search.msn.com/msnbot.htm)"
65.55.211.166 - - [02/Dec/2008:11:38:37 +0100] "GET /robots.txt HTTP/1.1" 200 64 "-" "msnbot/1.1 (+http://search.msn.com/msnbot.htm)"
65.55.211.166 - - [02/Dec/2008:11:38:38 +0100] "GET /zampa/ HTTP/1.1" 200 7153 "-" "msnbot/1.1 (+http://search.msn.com/msnbot.htm)"
65.55.110.12 - - [02/Dec/2008:11:40:50 +0100] "GET / HTTP/1.0" 302 353 "http://search.live.com/results.aspx?q=zampa" "Mozilla/4.0 (compatible; MSIE 6.0; Windows NT 5.2; SV1; .NET CLR 1.1.4322)"
65.55.110.12 - - [02/Dec/2008:11:40:50 +0100] "GET /zampa/ HTTP/1.0" 200 7153 "http://search.live.com/results.aspx?q=zampa" "Mozilla/4.0 (compatible; MSIE 6.0; Windows NT 5.2; SV1; .NET CLR 1.1.4322)"
65.55.211.164 - - [02/Dec/2008:11:42:34 +0100] "GET /robots.txt HTTP/1.1" 200 64 "-" "msnbot/1.1 (+http://search.msn.com/msnbot.htm)"
65.55.211.164 - - [02/Dec/2008:11:42:34 +0100] "GET /framez_0.html HTTP/1.1" 200 12444 "-" "msnbot/1.1 (+http://search.msn.com/msnbot.htm)"
96.252.221.231 - - [02/Dec/2008:11:45:00 +0100] "GET /neon/click.html HTTP/1.1" 200 521 "http://www.google.com/search?hl=en&q=EUROS+ADULT&start=10&sa=N" "Mozilla/4.0 (compatible; MSIE 7.0; Windows NT 5.1; .NET CLR 1.1.4322; .NET CLR 2.0.50727)"
96.252.221.231 - - [02/Dec/2008:11:45:01 +0100] "GET /neon/blacksatin.jpg HTTP/1.1" 200 5695 "http://www.various-euro.com/neon/click.html" "Mozilla/4.0 (compatible; MSIE 7.0; Windows NT 5.1; .NET CLR 1.1.4322; .NET CLR 2.0.50727)"
96.252.221.231 - - [02/Dec/2008:11:45:01 +0100] "GET /neon/clicktoenter.gif HTTP/1.1" 200 16302 "http://www.various-euro.com/neon/click.html" "Mozilla/4.0 (compatible; MSIE 7.0; Windows NT 5.1; .NET CLR 1.1.4322; .NET CLR 2.0.50727)"
96.252.221.231 - - [02/Dec/2008:11:45:01 +0100] "GET /vgirls/hyg1.gif HTTP/1.1" 200 29672 "http://www.various-euro.com/neon/click.html" "Mozilla/4.0 (compatible; MSIE 7.0; Windows NT 5.1; .NET CLR 1.1.4322; .NET CLR 2.0.50727)"
96.252.221.231 - - [02/Dec/2008:11:45:02 +0100] "GET /favicon.ico HTTP/1.1" 404 2748 "-" "Mozilla/4.0 (compatible; MSIE 7.0; Windows NT 5.1; .NET CLR 1.1.4322; .NET CLR 2.0.50727)"
65.55.211.171 - - [02/Dec/2008:11:58:57 +0100] "GET /f-contact.html HTTP/1.1" 200 6804 "-" "msnbot/1.1 (+http://search.msn.com/msnbot.htm)"
66.249.71.219 - - [02/Dec/2008:12:08:35 +0100] "GET /logs/usage_200812.html HTTP/1.1" 404 2748 "-" "Mozilla/5.0 (compatible; Googlebot/2.1; +http://www.google.com/bot.html)"
121.34.20.41 - - [02/Dec/2008:12:13:28 +0100] "GET / HTTP/1.1" 302 353 "-" "Mozilla/4.0 (compatible; MSIE 6.0; Windows 2000)"
121.34.20.41 - - [02/Dec/2008:12:13:30 +0100] "GET /zampa/ HTTP/1.1" 200 7153 "-" "Mozilla/4.0 (compatible; MSIE 6.0; Windows 2000)"
121.34.20.41 - - [02/Dec/2008:12:13:38 +0100] "GET / HTTP/1.1" 200 7869 "-" "Mozilla/4.0 (compatible; MSIE 6.0; Windows 2000)"
67.195.37.113 - - [02/Dec/2008:12:27:26 +0100] "GET /bmpp/euro_pal_111.html HTTP/1.0" 200 2129 "-" "Mozilla/5.0 (compatible; Yahoo! Slurp; http://help.yahoo.com/help/us/ysearch/slurp)"
131.107.65.41 - - [02/Dec/2008:12:30:50 +0100] "GET /robots.txt HTTP/1.1" 200 64 "-" "MSR-ISRCCrawler"
131.107.65.41 - - [02/Dec/2008:12:30:51 +0100] "GET /restate_copy.html HTTP/1.1" 200 97631 "-" "MSR-ISRCCrawler"
131.107.65.41 - - [02/Dec/2008:12:33:48 +0100] "GET /robots.txt HTTP/1.1" 200 64 "-" "MSR-ISRCCrawler"
72.30.81.181 - - [02/Dec/2008:12:35:51 +0100] "GET /neon/behindd.html HTTP/1.0" 200 476 "-" "Mozilla/5.0 (compatible; Yahoo! Slurp; http://help.yahoo.com/help/us/ysearch/slurp)"
131.107.65.41 - - [02/Dec/2008:12:36:04 +0100] "GET /framez-restate.html HTTP/1.1" 200 4328 "-" "MSR-ISRCCrawler"
131.107.65.41 - - [02/Dec/2008:12:36:07 +0100] "GET /framez-restate.html HTTP/1.1" 200 4328 "-" "MSR-ISRCCrawler"
131.107.65.41 - - [02/Dec/2008:12:37:42 +0100] "GET /frame-menu.html HTTP/1.1" 200 10536 "-" "MSR-ISRCCrawler"
131.107.65.41 - - [02/Dec/2008:12:37:44 +0100] "GET /frame-unten.html HTTP/1.1" 200 5308 "-" "MSR-ISRCCrawler"
213.150.1.87 - - [02/Dec/2008:12:40:46 +0100] "GET /zampa/ HTTP/1.0" 200 7153 "http://www.angelfire.com/psy/zampa-di-leone-zampa/" "Mozilla/4.0 (compatible; MSIE 7.0; Windows NT 5.1; .NET CLR 1.1.4322; .NET CLR 2.0.50727; .NET CLR 3.0.04506.648; .NET CLR 3.5.21022; SD)"
213.150.1.87 - - [02/Dec/2008:12:40:47 +0100] "GET /zampa/montenegro/index.html HTTP/1.0" 200 2651 "http://www.angelfire.com/psy/zampa-di-leone-zampa/" "Mozilla/4.0 (compatible; MSIE 7.0; Windows NT 5.1; .NET CLR 1.1.4322; .NET CLR 2.0.50727; .NET CLR 3.0.04506.648; .NET CLR 3.5.21022; SD)"
213.150.1.87 - - [02/Dec/2008:12:40:47 +0100] "GET /zampa/slike/zampa.gif HTTP/1.0" 200 5310 "http://www.various-euro.com/zampa/" "Mozilla/4.0 (compatible; MSIE 7.0; Windows NT 5.1; .NET CLR 1.1.4322; .NET CLR 2.0.50727; .NET CLR 3.0.04506.648; .NET CLR 3.5.21022; SD)"
213.150.1.87 - - [02/Dec/2008:12:40:47 +0100] "GET /zampa/slike/inthearse.gif HTTP/1.0" 200 4077 "http://www.various-euro.com/zampa/" "Mozilla/4.0 (compatible; MSIE 7.0; Windows NT 5.1; .NET CLR 1.1.4322; .NET CLR 2.0.50727; .NET CLR 3.0.04506.648; .NET CLR 3.5.21022; SD)"
213.150.1.87 - - [02/Dec/2008:12:40:47 +0100] "GET /zampa/slike/udupetu.gif HTTP/1.0" 200 4138 "http://www.various-euro.com/zampa/" "Mozilla/4.0 (compatible; MSIE 7.0; Windows NT 5.1; .NET CLR 1.1.4322; .NET CLR 2.0.50727; .NET CLR 3.0.04506.648; .NET CLR 3.5.21022; SD)"
213.150.1.87 - - [02/Dec/2008:12:40:47 +0100] "GET /zampa/montenegro/slike/plakat.jpg HTTP/1.0" 200 47879 "http://www.various-euro.com/zampa/montenegro/index.html" "Mozilla/4.0 (compatible; MSIE 7.0; Windows NT 5.1; .NET CLR 1.1.4322; .NET CLR 2.0.50727; .NET CLR 3.0.04506.648; .NET CLR 3.5.21022; SD)"
213.150.1.77 - - [02/Dec/2008:12:43:15 +0100] "GET / HTTP/1.0" 302 353 "http://www.angelfire.com/psy/zampa-di-leone-zampa/" "Mozilla/4.0 (compatible; MSIE 7.0; Windows NT 5.1; .NET CLR 1.1.4322; .NET CLR 2.0.50727; .NET CLR 3.0.04506.648; .NET CLR 3.5.21022; SD)"
213.150.1.87 - - [02/Dec/2008:12:43:15 +0100] "GET /favicon.ico HTTP/1.0" 404 2748 "-" "Mozilla/4.0 (compatible; MSIE 7.0; Windows NT 5.1; .NET CLR 1.1.4322; .NET CLR 2.0.50727; .NET CLR 3.0.04506.648; .NET CLR 3.5.21022; SD)"
213.150.1.87 - - [02/Dec/2008:12:43:43 +0100] "GET /zampa/slike/E1TITEL.GIF HTTP/1.0" 200 16284 "http://www.various-euro.com/zampa/" "Mozilla/4.0 (compatible; MSIE 7.0; Windows NT 5.1; .NET CLR 1.1.4322; .NET CLR 2.0.50727; .NET CLR 3.0.04506.648; .NET CLR 3.5.21022; SD)"
213.150.1.87 - - [02/Dec/2008:12:43:52 +0100] "GET /zampa/slike/E2COPY.GIF HTTP/1.0" 200 10416 "http://www.various-euro.com/zampa/" "Mozilla/4.0 (compatible; MSIE 7.0; Windows NT 5.1; .NET CLR 1.1.4322; .NET CLR 2.0.50727; .NET CLR 3.0.04506.648; .NET CLR 3.5.21022; SD)"
213.150.1.87 - - [02/Dec/2008:12:44:06 +0100] "GET /zampa/slike/E3VAMPIR.GIF HTTP/1.0" 200 52553 "http://www.various-euro.com/zampa/" "Mozilla/4.0 (compatible; MSIE 7.0; Windows NT 5.1; .NET CLR 1.1.4322; .NET CLR 2.0.50727; .NET CLR 3.0.04506.648; .NET CLR 3.5.21022; SD)"
213.150.1.87 - - [02/Dec/2008:12:44:51 +0100] "GET /zampa/slike/E4IRWIN.GIF HTTP/1.0" 200 53174 "http://www.various-euro.com/zampa/" "Mozilla/4.0 (compatible; MSIE 7.0; Windows NT 5.1; .NET CLR 1.1.4322; .NET CLR 2.0.50727; .NET CLR 3.0.04506.648; .NET CLR 3.5.21022; SD)"
213.150.1.87 - - [02/Dec/2008:12:45:02 +0100] "GET /zampa/slike/E5UROSTO.GIF HTTP/1.0" 200 42690 "http://www.various-euro.com/zampa/" "Mozilla/4.0 (compatible; MSIE 7.0; Windows NT 5.1; .NET CLR 1.1.4322; .NET CLR 2.0.50727; .NET CLR 3.0.04506.648; .NET CLR 3.5.21022; SD)"
213.150.1.87 - - [02/Dec/2008:12:45:19 +0100] "GET /zampa/slike/E6BIENNI.GIF HTTP/1.0" 200 33736 "http://www.various-euro.com/zampa/" "Mozilla/4.0 (compatible; MSIE 7.0; Windows NT 5.1; .NET CLR 1.1.4322; .NET CLR 2.0.50727; .NET CLR 3.0.04506.648; .NET CLR 3.5.21022; SD)"
213.150.1.87 - - [02/Dec/2008:12:45:42 +0100] "GET /zampa/slike/E7MEDIAA.GIF HTTP/1.0" 200 44716 "http://www.various-euro.com/zampa/" "Mozilla/4.0 (compatible; MSIE 7.0; Windows NT 5.1; .NET CLR 1.1.4322; .NET CLR 2.0.50727; .NET CLR 3.0.04506.648; .NET CLR 3.5.21022; SD)"
213.150.1.87 - - [02/Dec/2008:12:46:16 +0100] "GET /zampa/slike/E8CURATO.GIF HTTP/1.0" 200 15386 "http://www.various-euro.com/zampa/" "Mozilla/4.0 (compatible; MSIE 7.0; Windows NT 5.1; .NET CLR 1.1.4322; .NET CLR 2.0.50727; .NET CLR 3.0.04506.648; .NET CLR 3.5.21022; SD)"
213.150.1.77 - - [02/Dec/2008:12:47:37 +0100] "GET / HTTP/1.0" 302 353 "http://www.angelfire.com/psy/zampa-di-leone-zampa/" "Mozilla/4.0 (compatible; MSIE 7.0; Windows NT 5.1; .NET CLR 1.1.4322; .NET CLR 2.0.50727; .NET CLR 3.0.04506.648; .NET CLR 3.5.21022; SD)"
193.198.50.10 - - [02/Dec/2008:12:49:55 +0100] "GET / HTTP/1.1" 200 7869 "http://www.modukit.com/" "Mozilla/5.0 (Macintosh; U; Intel Mac OS X 10.5; en-US; rv:1.9.0.4) Gecko/2008102920 Firefox/3.0.4"
193.198.50.10 - - [02/Dec/2008:12:49:55 +0100] "GET /style/various-euro.css HTTP/1.1" 200 3437 "http://www.various-euro.com/" "Mozilla/5.0 (Macintosh; U; Intel Mac OS X 10.5; en-US; rv:1.9.0.4) Gecko/2008102920 Firefox/3.0.4"
193.198.50.10 - - [02/Dec/2008:12:49:55 +0100] "GET /ve-icon-2.ico HTTP/1.1" 200 2238 "-" "Mozilla/5.0 (Macintosh; U; Intel Mac OS X 10.5; en-US; rv:1.9.0.4) Gecko/2008102920 Firefox/3.0.4"
193.198.50.10 - - [02/Dec/2008:12:49:55 +0100] "GET /framez_0.html HTTP/1.1" 200 12444 "http://www.various-euro.com/" "Mozilla/5.0 (Macintosh; U; Intel Mac OS X 10.5; en-US; rv:1.9.0.4) Gecko/2008102920 Firefox/3.0.4"
193.198.50.10 - - [02/Dec/2008:12:49:58 +0100] "GET /framez.html HTTP/1.1" 200 3959 "http://www.various-euro.com/framez_0.html" "Mozilla/5.0 (Macintosh; U; Intel Mac OS X 10.5; en-US; rv:1.9.0.4) Gecko/2008102920 Firefox/3.0.4"
193.198.50.10 - - [02/Dec/2008:12:49:58 +0100] "GET /frame-menu.html HTTP/1.1" 200 10536 "http://www.various-euro.com/framez.html" "Mozilla/5.0 (Macintosh; U; Intel Mac OS X 10.5; en-US; rv:1.9.0.4) Gecko/2008102920 Firefox/3.0.4"
193.198.50.10 - - [02/Dec/2008:12:49:58 +0100] "GET /frame-unten.html HTTP/1.1" 200 5308 "http://www.various-euro.com/framez.html" "Mozilla/5.0 (Macintosh; U; Intel Mac OS X 10.5; en-US; rv:1.9.0.4) Gecko/2008102920 Firefox/3.0.4"
193.198.50.10 - - [02/Dec/2008:12:49:58 +0100] "GET /frame-inhalt.html HTTP/1.1" 200 5418 "http://www.various-euro.com/framez.html" "Mozilla/5.0 (Macintosh; U; Intel Mac OS X 10.5; en-US; rv:1.9.0.4) Gecko/2008102920 Firefox/3.0.4"
193.198.50.10 - - [02/Dec/2008:12:49:58 +0100] "GET /bannerz/neon_click_3.gif HTTP/1.1" 200 240 "http://www.various-euro.com/frame-inhalt.html" "Mozilla/5.0 (Macintosh; U; Intel Mac OS X 10.5; en-US; rv:1.9.0.4) Gecko/2008102920 Firefox/3.0.4"
193.198.50.10 - - [02/Dec/2008:12:49:58 +0100] "GET /bannerz/ve.jpg HTTP/1.1" 200 36912 "http://www.various-euro.com/frame-unten.html" "Mozilla/5.0 (Macintosh; U; Intel Mac OS X 10.5; en-US; rv:1.9.0.4) Gecko/2008102920 Firefox/3.0.4"
193.198.50.10 - - [02/Dec/2008:12:49:58 +0100] "GET /bannerz/neon_click_1.gif HTTP/1.1" 200 890 "http://www.various-euro.com/frame-inhalt.html" "Mozilla/5.0 (Macintosh; U; Intel Mac OS X 10.5; en-US; rv:1.9.0.4) Gecko/2008102920 Firefox/3.0.4"
193.198.50.10 - - [02/Dec/2008:12:49:58 +0100] "GET /eurosign3.gif HTTP/1.1" 200 7879 "http://www.various-euro.com/frame-inhalt.html" "Mozilla/5.0 (Macintosh; U; Intel Mac OS X 10.5; en-US; rv:1.9.0.4) Gecko/2008102920 Firefox/3.0.4"
193.198.50.10 - - [02/Dec/2008:12:49:58 +0100] "GET /bannerz/neon_click_2.gif HTTP/1.1" 200 387 "http://www.various-euro.com/frame-inhalt.html" "Mozilla/5.0 (Macintosh; U; Intel Mac OS X 10.5; en-US; rv:1.9.0.4) Gecko/2008102920 Firefox/3.0.4"
193.198.50.10 - - [02/Dec/2008:12:49:58 +0100] "GET /bannerz/wet.gif HTTP/1.1" 200 18561 "http://www.various-euro.com/frame-inhalt.html" "Mozilla/5.0 (Macintosh; U; Intel Mac OS X 10.5; en-US; rv:1.9.0.4) Gecko/2008102920 Firefox/3.0.4"
193.198.50.10 - - [02/Dec/2008:12:49:58 +0100] "GET /bannerz/goolag_468.jpg HTTP/1.1" 200 28285 "http://www.various-euro.com/frame-inhalt.html" "Mozilla/5.0 (Macintosh; U; Intel Mac OS X 10.5; en-US; rv:1.9.0.4) Gecko/2008102920 Firefox/3.0.4"
193.198.50.10 - - [02/Dec/2008:12:49:58 +0100] "GET /bannerz/douwil.gif HTTP/1.1" 200 528 "http://www.various-euro.com/frame-inhalt.html" "Mozilla/5.0 (Macintosh; U; Intel Mac OS X 10.5; en-US; rv:1.9.0.4) Gecko/2008102920 Firefox/3.0.4"
193.198.50.10 - - [02/Dec/2008:12:49:58 +0100] "GET /bannerz/copyleft_black_small.gif HTTP/1.1" 200 1231 "http://www.various-euro.com/frame-inhalt.html" "Mozilla/5.0 (Macintosh; U; Intel Mac OS X 10.5; en-US; rv:1.9.0.4) Gecko/2008102920 Firefox/3.0.4"
193.198.50.10 - - [02/Dec/2008:12:49:58 +0100] "GET /bannerz/anti_black_small.gif HTTP/1.1" 200 1009 "http://www.various-euro.com/frame-inhalt.html" "Mozilla/5.0 (Macintosh; U; Intel Mac OS X 10.5; en-US; rv:1.9.0.4) Gecko/2008102920 Firefox/3.0.4"
193.198.50.10 - - [02/Dec/2008:12:49:58 +0100] "GET /bannerz/google/Logo_40blk.gif HTTP/1.1" 200 2308 "http://www.various-euro.com/frame-inhalt.html" "Mozilla/5.0 (Macintosh; U; Intel Mac OS X 10.5; en-US; rv:1.9.0.4) Gecko/2008102920 Firefox/3.0.4"
193.198.50.10 - - [02/Dec/2008:12:49:58 +0100] "GET /bannerz/various-euro-girl.jpg HTTP/1.1" 200 91514 "http://www.various-euro.com/frame-unten.html" "Mozilla/5.0 (Macintosh; U; Intel Mac OS X 10.5; en-US; rv:1.9.0.4) Gecko/2008102920 Firefox/3.0.4"
72.30.81.181 - - [02/Dec/2008:13:23:49 +0100] "GET /robots.txt HTTP/1.0" 200 64 "-" "Mozilla/5.0 (compatible; Yahoo! Slurp; http://help.yahoo.com/help/us/ysearch/slurp)"
72.30.81.181 - - [02/Dec/2008:13:23:49 +0100] "GET /schubb/schubb-5.html HTTP/1.0" 200 72944 "-" "Mozilla/5.0 (compatible; Yahoo! Slurp; http://help.yahoo.com/help/us/ysearch/slurp)"
72.30.81.181 - - [02/Dec/2008:13:23:52 +0100] "GET /contact.html HTTP/1.0" 404 2748 "-" "Mozilla/5.0 (compatible; Yahoo! Slurp; http://help.yahoo.com/help/us/ysearch/slurp)"
131.107.65.41 - - [02/Dec/2008:13:43:30 +0100] "GET /robots.txt HTTP/1.1" 200 64 "-" "MSR-ISRCCrawler"
131.107.65.41 - - [02/Dec/2008:13:43:31 +0100] "GET /restate_copy.html HTTP/1.1" 200 97631 "-" "MSR-ISRCCrawler"
131.107.65.41 - - [02/Dec/2008:13:45:54 +0100] "GET /robots.txt HTTP/1.1" 200 64 "-" "MSR-ISRCCrawler"
131.107.65.41 - - [02/Dec/2008:13:46:55 +0100] "GET /menueleiste.js HTTP/1.1" 404 2748 "-" "MSR-ISRCCrawler"
131.107.65.41 - - [02/Dec/2008:13:49:46 +0100] "GET /framez-restate.html HTTP/1.1" 200 4328 "-" "MSR-ISRCCrawler"
131.107.65.41 - - [02/Dec/2008:14:15:59 +0100] "GET /frame-menu.html HTTP/1.1" 200 10536 "-" "MSR-ISRCCrawler"
131.107.65.41 - - [02/Dec/2008:14:16:00 +0100] "GET /frame-unten.html HTTP/1.1" 200 5308 "-" "MSR-ISRCCrawler"
131.107.65.41 - - [02/Dec/2008:14:16:02 +0100] "GET /style/various-euro.css HTTP/1.1" 200 3437 "-" "MSR-ISRCCrawler"
38.108.180.17 - - [02/Dec/2008:14:22:09 +0100] "GET /robots.txt HTTP/1.1" 200 64 "-" "Mozilla/5.0 (compatible; ScoutJet; +http://www.scoutjet.com/)"
38.108.180.17 - - [02/Dec/2008:14:22:12 +0100] "GET /bmpp/18start.html HTTP/1.1" 200 320 "-" "Mozilla/5.0 (compatible; ScoutJet; +http://www.scoutjet.com/)"
74.6.22.154 - - [02/Dec/2008:14:39:35 +0100] "GET /robots.txt HTTP/1.0" 200 64 "-" "Mozilla/5.0 (compatible; Yahoo! Slurp; http://help.yahoo.com/help/us/ysearch/slurp)"
74.6.22.154 - - [02/Dec/2008:14:39:36 +0100] "GET /framez-zampa-lovers.html HTTP/1.0" 200 4322 "-" "Mozilla/5.0 (compatible; Yahoo! Slurp; http://help.yahoo.com/help/us/ysearch/slurp)"
74.6.22.154 - - [02/Dec/2008:14:39:36 +0100] "GET /frame-menu.html HTTP/1.0" 200 10536 "-" "Mozilla/5.0 (compatible; Yahoo! Slurp; http://help.yahoo.com/help/us/ysearch/slurp)"
