72.30.79.59 - - [05/Dec/2008:02:52:43 +0100] "GET /framez.html HTTP/1.0" 200 3959 "-" "Mozilla/5.0 (compatible; Yahoo! Slurp; http://help.yahoo.com/help/us/ysearch/slurp)"
72.30.79.59 - - [05/Dec/2008:02:52:47 +0100] "GET /frame-menu.html HTTP/1.0" 200 10536 "-" "Mozilla/5.0 (compatible; Yahoo! Slurp; http://help.yahoo.com/help/us/ysearch/slurp)"
69.58.178.33 - - [05/Dec/2008:02:52:55 +0100] "GET /frame-menu.html HTTP/1.1" 200 10536 "-" "Mozilla/5.0 (X11; U; Linux i686; en-US; rv:1.7.12; ips-agent) Gecko/20050922 Fedora/1.0.7-1.1.fc4 Firefox/1.0.7"
72.30.79.59 - - [05/Dec/2008:02:52:56 +0100] "GET /frame-inhalt.html HTTP/1.0" 200 5418 "-" "Mozilla/5.0 (compatible; Yahoo! Slurp; http://help.yahoo.com/help/us/ysearch/slurp)"
72.30.79.59 - - [05/Dec/2008:02:53:04 +0100] "GET /frame-unten.html HTTP/1.0" 200 5308 "-" "Mozilla/5.0 (compatible; Yahoo! Slurp; http://help.yahoo.com/help/us/ysearch/slurp)"
69.58.178.33 - - [05/Dec/2008:02:54:41 +0100] "GET /f-contact.html HTTP/1.1" 200 6804 "-" "Mozilla/5.0 (X11; U; Linux i686; en-US; rv:1.7.12; ips-agent) Gecko/20050922 Fedora/1.0.7-1.1.fc4 Firefox/1.0.7"
66.231.189.124 - - [05/Dec/2008:02:55:05 +0100] "GET /robots.txt HTTP/1.0" 200 64 "-" "Gigabot/3.0 (http://www.gigablast.com/spider.html)"
66.231.189.124 - - [05/Dec/2008:02:55:05 +0100] "GET /f-zeug.html HTTP/1.0" 200 48203 "-" "Gigabot/3.0 (http://www.gigablast.com/spider.html)"
66.231.188.140 - - [05/Dec/2008:02:56:34 +0100] "GET /robots.txt HTTP/1.0" 302 363 "-" "Gigabot/3.0 (http://www.gigablast.com/spider.html)"
66.231.188.140 - - [05/Dec/2008:02:56:35 +0100] "GET / HTTP/1.0" 302 353 "-" "Gigabot/3.0 (http://www.gigablast.com/spider.html)"
69.58.178.33 - - [05/Dec/2008:02:56:41 +0100] "GET /frame-inhalt.html HTTP/1.1" 200 5418 "-" "Mozilla/5.0 (X11; U; Linux i686; en-US; rv:1.7.12; ips-agent) Gecko/20050922 Fedora/1.0.7-1.1.fc4 Firefox/1.0.7"
69.58.178.33 - - [05/Dec/2008:02:58:41 +0100] "GET /frame-unten.html HTTP/1.1" 200 5308 "-" "Mozilla/5.0 (X11; U; Linux i686; en-US; rv:1.7.12; ips-agent) Gecko/20050922 Fedora/1.0.7-1.1.fc4 Firefox/1.0.7"
69.58.178.33 - - [05/Dec/2008:03:00:48 +0100] "GET /f-search.html HTTP/1.1" 200 11800 "-" "Mozilla/5.0 (X11; U; Linux i686; en-US; rv:1.7.12; ips-agent) Gecko/20050922 Fedora/1.0.7-1.1.fc4 Firefox/1.0.7"
69.58.178.33 - - [05/Dec/2008:03:02:54 +0100] "GET /f-sponsor.html HTTP/1.1" 200 8578 "-" "Mozilla/5.0 (X11; U; Linux i686; en-US; rv:1.7.12; ips-agent) Gecko/20050922 Fedora/1.0.7-1.1.fc4 Firefox/1.0.7"
69.58.178.33 - - [05/Dec/2008:03:05:24 +0100] "GET /f-warez.html HTTP/1.1" 200 10953 "-" "Mozilla/5.0 (X11; U; Linux i686; en-US; rv:1.7.12; ips-agent) Gecko/20050922 Fedora/1.0.7-1.1.fc4 Firefox/1.0.7"
69.58.178.33 - - [05/Dec/2008:03:07:39 +0100] "GET /f-web.html HTTP/1.1" 200 13605 "-" "Mozilla/5.0 (X11; U; Linux i686; en-US; rv:1.7.12; ips-agent) Gecko/20050922 Fedora/1.0.7-1.1.fc4 Firefox/1.0.7"
72.30.87.121 - - [05/Dec/2008:03:32:09 +0100] "GET /restate_copy.html HTTP/1.0" 200 97631 "-" "Mozilla/5.0 (compatible; Yahoo! Slurp; http://help.yahoo.com/help/us/ysearch/slurp)"
65.55.211.169 - - [05/Dec/2008:03:51:17 +0100] "GET /robots.txt HTTP/1.1" 200 64 "-" "msnbot/1.1 (+http://search.msn.com/msnbot.htm)"
65.55.211.169 - - [05/Dec/2008:03:51:19 +0100] "GET /neon/warning2.html HTTP/1.1" 200 997 "-" "msnbot/1.1 (+http://search.msn.com/msnbot.htm)"
208.36.144.10 - - [05/Dec/2008:04:00:29 +0100] "GET /neon/channelbanner.gif HTTP/1.0" 200 9980 "-" "Mozilla/5.0 (Twiceler-0.9 http://www.cuil.com/twiceler/robot.html)"
82.99.30.23 - - [05/Dec/2008:04:32:34 +0100] "GET /bannerz/webmasters_click_here.gif HTTP/1.0" 200 1207 "http://www.various-euro.com/f-web.html" "Mozilla/4.0 (compatible; MSIE 6.0; Windows NT 5.1)"
82.99.30.13 - - [05/Dec/2008:04:35:35 +0100] "GET /bannerz/web-tv-w.gif HTTP/1.0" 200 715 "http://www.various-euro.com/f-net.html" "Mozilla/4.0 (compatible; MSIE 6.0; Windows NT 5.1)"
82.99.30.13 - - [05/Dec/2008:04:35:35 +0100] "GET /webby2.gif HTTP/1.0" 200 11191 "http://www.various-euro.com/f-net.html" "Mozilla/4.0 (compatible; MSIE 6.0; Windows NT 5.1)"
82.99.30.13 - - [05/Dec/2008:04:35:35 +0100] "GET /webby.gif HTTP/1.0" 200 12512 "http://www.various-euro.com/f-net.html" "Mozilla/4.0 (compatible; MSIE 6.0; Windows NT 5.1)"
82.99.30.13 - - [05/Dec/2008:04:35:35 +0100] "GET /bannerz/game/game0.jpg HTTP/1.0" 200 16189 "http://www.various-euro.com/f-net.html" "Mozilla/4.0 (compatible; MSIE 6.0; Windows NT 5.1)"
82.99.30.73 - - [05/Dec/2008:04:43:05 +0100] "GET /Watch-DgH.jpg HTTP/1.0" 200 12152 "http://www.various-euro.com/f-euro.html" "Mozilla/4.0 (compatible; MSIE 6.0; Windows NT 5.1)"
82.99.30.73 - - [05/Dec/2008:04:43:05 +0100] "GET /Rampe-DgH.jpg HTTP/1.0" 200 12044 "http://www.various-euro.com/f-euro.html" "Mozilla/4.0 (compatible; MSIE 6.0; Windows NT 5.1)"
82.99.30.73 - - [05/Dec/2008:04:43:05 +0100] "GET /bannerz/raf-logo02_tn.gif HTTP/1.0" 200 11804 "http://www.various-euro.com/f-euro.html" "Mozilla/4.0 (compatible; MSIE 6.0; Windows NT 5.1)"
72.30.87.121 - - [05/Dec/2008:04:46:37 +0100] "GET /framez-rez.html HTTP/1.0" 200 4323 "-" "Mozilla/5.0 (compatible; Yahoo! Slurp; http://help.yahoo.com/help/us/ysearch/slurp)"
72.30.87.121 - - [05/Dec/2008:04:46:38 +0100] "GET /frame-menu.html HTTP/1.0" 200 10536 "-" "Mozilla/5.0 (compatible; Yahoo! Slurp; http://help.yahoo.com/help/us/ysearch/slurp)"
72.30.87.121 - - [05/Dec/2008:04:46:39 +0100] "GET /f-rez.html HTTP/1.0" 200 9765 "-" "Mozilla/5.0 (compatible; Yahoo! Slurp; http://help.yahoo.com/help/us/ysearch/slurp)"
72.30.87.121 - - [05/Dec/2008:04:46:40 +0100] "GET /frame-unten.html HTTP/1.0" 200 5308 "-" "Mozilla/5.0 (compatible; Yahoo! Slurp; http://help.yahoo.com/help/us/ysearch/slurp)"
67.195.37.153 - - [05/Dec/2008:05:23:27 +0100] "GET /bmpp/euro_pal_111.html HTTP/1.0" 200 2129 "-" "Mozilla/5.0 (compatible; Yahoo! Slurp; http://help.yahoo.com/help/us/ysearch/slurp)"
193.252.149.16 - - [05/Dec/2008:05:27:58 +0100] "GET /world.html HTTP/1.1" 200 16295 "-" "Mozilla/5.0 (Windows; U; Windows NT 5.1; fr; rv:1.8.1) VoilaBot BETA 1.2 (support.voilabot@orange-ftgroup.com)"
67.195.37.153 - - [05/Dec/2008:06:31:09 +0100] "GET /neon/europa.html HTTP/1.0" 200 389 "-" "Mozilla/5.0 (compatible; Yahoo! Slurp/3.0; http://help.yahoo.com/help/us/ysearch/slurp)"
193.252.149.15 - - [05/Dec/2008:06:49:04 +0100] "GET /robots.txt HTTP/1.1" 200 64 "-" "Mozilla/5.0 (Windows; U; Windows NT 5.1; fr; rv:1.8.1) VoilaBot BETA 1.2 (support.voilabot@orange-ftgroup.com)"
193.252.149.15 - - [05/Dec/2008:06:49:08 +0100] "GET /f-channel1.html HTTP/1.1" 200 8471 "-" "Mozilla/5.0 (Windows; U; Windows NT 5.1; fr; rv:1.8.1) VoilaBot BETA 1.2 (support.voilabot@orange-ftgroup.com)"
64.1.215.165 - - [05/Dec/2008:07:29:29 +0100] "GET /bannerz/docubanner2.gif HTTP/1.0" 200 14804 "-" "Mozilla/5.0 (Twiceler-0.9 http://www.cuil.com/twiceler/robot.html)"
67.195.37.153 - - [05/Dec/2008:07:40:21 +0100] "GET /robots.txt HTTP/1.0" 200 64 "-" "Mozilla/5.0 (compatible; Yahoo! Slurp; http://help.yahoo.com/help/us/ysearch/slurp)"
67.195.37.153 - - [05/Dec/2008:07:40:22 +0100] "GET /games/virtualcop/virtualcop.html HTTP/1.0" 200 4487 "-" "Mozilla/5.0 (compatible; Yahoo! Slurp/3.0; http://help.yahoo.com/help/us/ysearch/slurp)"
66.249.65.169 - - [05/Dec/2008:07:40:49 +0100] "GET /robots.txt HTTP/1.1" 200 64 "-" "Googlebot-Image/1.0"
72.30.142.187 - - [05/Dec/2008:07:44:39 +0100] "GET /robots.txt HTTP/1.0" 200 64 "-" "Mozilla/5.0 (compatible; Yahoo! Slurp; http://help.yahoo.com/help/us/ysearch/slurp)"
72.30.142.187 - - [05/Dec/2008:07:44:39 +0100] "GET /neon/warning2.html HTTP/1.0" 200 997 "-" "Mozilla/5.0 (compatible; Yahoo! Slurp; http://help.yahoo.com/help/us/ysearch/slurp)"
72.30.142.187 - - [05/Dec/2008:07:50:43 +0100] "GET /ve-icon-2.ico HTTP/1.0" 200 2238 "-" "Mozilla/5.0 (compatible; Yahoo! Slurp; http://help.yahoo.com/help/us/ysearch/slurp)"
82.99.30.72 - - [05/Dec/2008:09:08:31 +0100] "GET /zampa/slike/udupetu.gif HTTP/1.0" 200 4138 "http://www.various-euro.com/zampa/" "Mozilla/4.0 (compatible; MSIE 6.0; Windows NT 5.1)"
82.99.30.72 - - [05/Dec/2008:09:08:31 +0100] "GET /zampa/slike/zampa.gif HTTP/1.0" 200 5310 "http://www.various-euro.com/zampa/" "Mozilla/4.0 (compatible; MSIE 6.0; Windows NT 5.1)"
82.99.30.72 - - [05/Dec/2008:09:08:31 +0100] "GET /zampa/slike/inthearse.gif HTTP/1.0" 200 4077 "http://www.various-euro.com/zampa/" "Mozilla/4.0 (compatible; MSIE 6.0; Windows NT 5.1)"
72.30.142.187 - - [05/Dec/2008:09:54:54 +0100] "GET /neon/sushi.html HTTP/1.0" 200 687 "-" "Mozilla/5.0 (compatible; Yahoo! Slurp; http://help.yahoo.com/help/us/ysearch/slurp)"
114.111.36.26 - - [05/Dec/2008:10:14:31 +0100] "GET /robots.txt HTTP/1.1" 200 64 "-" "Mozilla/4.0 (compatible; NaverBot/1.0; http://help.naver.com/delete_main.asp)"
114.111.36.26 - - [05/Dec/2008:10:14:34 +0100] "GET / HTTP/1.1" 200 7869 "-" "Mozilla/4.0 (compatible; NaverBot/1.0; http://help.naver.com/delete_main.asp)"
72.30.142.187 - - [05/Dec/2008:10:29:55 +0100] "GET /zampa/montenegro/TESLAW.html HTTP/1.0" 200 861 "-" "Mozilla/5.0 (compatible; Yahoo! Slurp; http://help.yahoo.com/help/us/ysearch/slurp)"
67.195.37.153 - - [05/Dec/2008:11:05:28 +0100] "GET /schubb/schubb-2.html HTTP/1.0" 200 16660 "-" "Mozilla/5.0 (compatible; Yahoo! Slurp; http://help.yahoo.com/help/us/ysearch/slurp)"
72.30.142.187 - - [05/Dec/2008:11:14:10 +0100] "GET /DgH/watch/index.html HTTP/1.0" 200 2028 "-" "Mozilla/5.0 (compatible; Yahoo! Slurp; http://help.yahoo.com/help/us/ysearch/slurp)"
65.55.211.165 - - [05/Dec/2008:11:24:47 +0100] "GET /robots.txt HTTP/1.1" 200 64 "-" "msnbot/1.1 (+http://search.msn.com/msnbot.htm)"
65.55.211.165 - - [05/Dec/2008:11:24:48 +0100] "GET /sendi_agent.html HTTP/1.1" 200 6213 "-" "msnbot/1.1 (+http://search.msn.com/msnbot.htm)"
67.195.37.153 - - [05/Dec/2008:11:25:36 +0100] "GET /zampa/montenegro/BATAW.html HTTP/1.0" 200 860 "-" "Mozilla/5.0 (compatible; Yahoo! Slurp/3.0; http://help.yahoo.com/help/us/ysearch/slurp)"
72.30.142.187 - - [05/Dec/2008:11:29:39 +0100] "GET /logs/usage_200711.html HTTP/1.0" 200 109628 "-" "Mozilla/5.0 (compatible; Yahoo! Slurp; http://help.yahoo.com/help/us/ysearch/slurp)"
209.167.50.27 - - [05/Dec/2008:11:49:05 +0100] "GET /robots.txt HTTP/1.1" 200 64 "www.seventwentyfour.com/" "LinkWalker/2.0"
209.167.50.27 - - [05/Dec/2008:11:49:05 +0100] "GET / HTTP/1.1" 200 7869 "http://www.braan.org/braan_alteszeug/untergruppen/artefakt.html" "LinkWalker/2.0"
209.167.50.27 - - [05/Dec/2008:11:49:55 +0100] "GET /framez.html HTTP/1.1" 200 3959 "http://www.homemade-labor.ch/weblog/archives/2006/07/index.html" "LinkWalker/2.0"
209.167.50.27 - - [05/Dec/2008:11:50:24 +0100] "GET /frame-unten.html HTTP/1.1" 200 5308 "-" "LinkWalker/2.0"
209.167.50.27 - - [05/Dec/2008:11:50:40 +0100] "GET /frame-menu.html HTTP/1.1" 200 10536 "-" "LinkWalker/2.0"
209.167.50.27 - - [05/Dec/2008:11:50:55 +0100] "GET /frame-inhalt.html HTTP/1.1" 200 5418 "-" "LinkWalker/2.0"
209.167.50.27 - - [05/Dec/2008:11:51:11 +0100] "GET /f-actions.html HTTP/1.1" 200 10429 "-" "LinkWalker/2.0"
209.167.50.27 - - [05/Dec/2008:11:51:26 +0100] "GET /f-warez.html HTTP/1.1" 200 10953 "-" "LinkWalker/2.0"
209.167.50.27 - - [05/Dec/2008:11:51:39 +0100] "GET /f-net.html HTTP/1.1" 200 9913 "-" "LinkWalker/2.0"
209.167.50.27 - - [05/Dec/2008:11:51:55 +0100] "GET /f-contact.html HTTP/1.1" 200 6804 "-" "LinkWalker/2.0"
209.167.50.27 - - [05/Dec/2008:11:52:09 +0100] "GET /f-search.html HTTP/1.1" 200 11800 "-" "LinkWalker/2.0"
209.167.50.27 - - [05/Dec/2008:11:52:24 +0100] "GET /sendi_agent.html HTTP/1.1" 200 6213 "-" "LinkWalker/2.0"
209.167.50.27 - - [05/Dec/2008:11:52:46 +0100] "GET /f-web.html HTTP/1.1" 200 13605 "-" "LinkWalker/2.0"
209.167.50.27 - - [05/Dec/2008:11:53:06 +0100] "GET /restate_copy.html HTTP/1.1" 200 97631 "http://www.nwiaflac.com/aflaccomparetoothers/" "LinkWalker/2.0"
209.167.50.27 - - [05/Dec/2008:11:53:22 +0100] "GET /f-zeug.html HTTP/1.1" 200 48203 "-" "LinkWalker/2.0"
209.167.50.27 - - [05/Dec/2008:11:53:37 +0100] "GET /f-bannnerz.html HTTP/1.1" 200 12651 "-" "LinkWalker/2.0"
209.167.50.27 - - [05/Dec/2008:11:53:52 +0100] "GET /f-channel1.html HTTP/1.1" 200 8471 "-" "LinkWalker/2.0"
209.167.50.27 - - [05/Dec/2008:11:54:07 +0100] "GET /f-world.html HTTP/1.1" 200 35590 "-" "LinkWalker/2.0"
209.167.50.27 - - [05/Dec/2008:11:54:22 +0100] "GET /f-rez.html HTTP/1.1" 200 9765 "http://www.technart.net/-ad.M/xls/5/arc.asp" "LinkWalker/2.0"
209.167.50.27 - - [05/Dec/2008:11:55:00 +0100] "GET /f-euro.html HTTP/1.1" 200 12203 "-" "LinkWalker/2.0"
209.167.50.27 - - [05/Dec/2008:11:55:12 +0100] "GET /f-horrorkatze.html HTTP/1.1" 200 7865 "-" "LinkWalker/2.0"
209.167.50.27 - - [05/Dec/2008:11:55:27 +0100] "GET /f-other.html HTTP/1.1" 200 33189 "-" "LinkWalker/2.0"
209.167.50.27 - - [05/Dec/2008:11:55:42 +0100] "GET /logs/ HTTP/1.1" 200 10079 "-" "LinkWalker/2.0"
209.167.50.27 - - [05/Dec/2008:11:55:57 +0100] "GET /zampa-lovers/index.html HTTP/1.1" 200 37790 "-" "LinkWalker/2.0"
72.30.142.252 - - [05/Dec/2008:11:56:00 +0100] "GET /robots.txt HTTP/1.0" 200 64 "-" "Mozilla/5.0 (compatible; Yahoo! Slurp; http://help.yahoo.com/help/us/ysearch/slurp)"
72.30.142.252 - - [05/Dec/2008:11:56:02 +0100] "GET /schubb/schubb-3.html HTTP/1.0" 200 17546 "-" "Mozilla/5.0 (compatible; Yahoo! Slurp; http://help.yahoo.com/help/us/ysearch/slurp)"
209.167.50.27 - - [05/Dec/2008:11:56:14 +0100] "GET /f-sponsor.html HTTP/1.1" 200 8578 "-" "LinkWalker/2.0"
209.167.50.27 - - [05/Dec/2008:11:56:28 +0100] "GET /your_tour.html HTTP/1.1" 200 31675 "-" "LinkWalker/2.0"
209.167.50.27 - - [05/Dec/2008:11:56:43 +0100] "GET /f-doku-brau.html HTTP/1.1" 200 7152 "-" "LinkWalker/2.0"
209.167.50.27 - - [05/Dec/2008:11:56:59 +0100] "GET /bmpp/euro_pal_111.html HTTP/1.1" 200 2129 "-" "LinkWalker/2.0"
209.167.50.27 - - [05/Dec/2008:11:57:13 +0100] "GET /f-maintitle.html HTTP/1.1" 200 5030 "-" "LinkWalker/2.0"
209.167.50.27 - - [05/Dec/2008:11:57:28 +0100] "GET /schubb/schubb-1.html HTTP/1.1" 200 9070 "-" "LinkWalker/2.0"
209.167.50.27 - - [05/Dec/2008:11:57:44 +0100] "GET /partnergegenberlin.html HTTP/1.1" 200 5022 "-" "LinkWalker/2.0"
209.167.50.27 - - [05/Dec/2008:11:57:58 +0100] "GET /neon/euro.html HTTP/1.1" 200 2212 "-" "LinkWalker/2.0"
209.167.50.27 - - [05/Dec/2008:11:58:14 +0100] "GET /bmpp/euro_pal_1.html HTTP/1.1" 200 18252 "-" "LinkWalker/2.0"
209.167.50.27 - - [05/Dec/2008:11:58:28 +0100] "GET /sendi-agent/Interfiction-sendi.avi HTTP/1.1" 304 - "-" "LinkWalker/2.0"
209.167.50.27 - - [05/Dec/2008:11:58:44 +0100] "GET /sendi-agent/interfiction-sendi.mpg HTTP/1.1" 404 2748 "-" "LinkWalker/2.0"
209.167.50.27 - - [05/Dec/2008:11:58:59 +0100] "GET /neon/code.html HTTP/1.1" 200 1109 "-" "LinkWalker/2.0"
209.167.50.27 - - [05/Dec/2008:11:59:14 +0100] "GET /3dsf3/sendi/index.html HTTP/1.1" 200 1837 "-" "LinkWalker/2.0"
209.167.50.27 - - [05/Dec/2008:11:59:29 +0100] "GET /3dsf3/sendi/sendisendi.html HTTP/1.1" 200 5118 "-" "LinkWalker/2.0"
209.167.50.27 - - [05/Dec/2008:11:59:44 +0100] "GET /logz_old.html HTTP/1.1" 404 2748 "-" "LinkWalker/2.0"
209.167.50.27 - - [05/Dec/2008:12:00:02 +0100] "GET /net.html HTTP/1.1" 404 2748 "-" "LinkWalker/2.0"
66.249.65.169 - - [05/Dec/2008:12:00:10 +0100] "GET /framez-girlz-neon.html HTTP/1.1" 200 4388 "-" "Mozilla/5.0 (compatible; Googlebot/2.1; +http://www.google.com/bot.html)"
209.167.50.27 - - [05/Dec/2008:12:00:14 +0100] "GET /menue.html HTTP/1.1" 404 2748 "http://www.lab404.com/data/tosic.html" "LinkWalker/2.0"
209.167.50.27 - - [05/Dec/2008:12:00:29 +0100] "GET /channel1.html HTTP/1.1" 404 2748 "-" "LinkWalker/2.0"
209.167.50.27 - - [05/Dec/2008:12:00:44 +0100] "GET /logz.html HTTP/1.1" 404 2748 "-" "LinkWalker/2.0"
209.167.50.27 - - [05/Dec/2008:12:00:59 +0100] "GET /bannnerz.html HTTP/1.1" 404 2748 "-" "LinkWalker/2.0"
209.167.50.27 - - [05/Dec/2008:12:01:14 +0100] "GET /contact.html HTTP/1.1" 404 2748 "-" "LinkWalker/2.0"
209.167.50.27 - - [05/Dec/2008:12:01:29 +0100] "GET /tour1_new.html HTTP/1.1" 404 2748 "-" "LinkWalker/2.0"
209.167.50.27 - - [05/Dec/2008:12:01:44 +0100] "GET /search.html HTTP/1.1" 200 1440 "-" "LinkWalker/2.0"
209.167.50.27 - - [05/Dec/2008:12:01:59 +0100] "GET /world.html HTTP/1.1" 200 16295 "http://www.magictricksinfo.com/illusionart/" "LinkWalker/2.0"
209.167.50.27 - - [05/Dec/2008:12:02:14 +0100] "GET /web.html HTTP/1.1" 404 2748 "-" "LinkWalker/2.0"
209.167.50.27 - - [05/Dec/2008:12:02:29 +0100] "GET /warez.html HTTP/1.1" 200 9754 "-" "LinkWalker/2.0"
209.167.50.27 - - [05/Dec/2008:12:02:44 +0100] "GET /euro.html HTTP/1.1" 404 2748 "-" "LinkWalker/2.0"
209.167.50.27 - - [05/Dec/2008:12:02:59 +0100] "GET /rez/556.mp3 HTTP/1.1" 304 - "-" "LinkWalker/2.0"
209.167.50.27 - - [05/Dec/2008:12:03:14 +0100] "GET /rez/327.mp3 HTTP/1.1" 304 - "-" "LinkWalker/2.0"
209.167.50.27 - - [05/Dec/2008:12:03:30 +0100] "GET /rez/611.mp3 HTTP/1.1" 304 - "-" "LinkWalker/2.0"
209.167.50.27 - - [05/Dec/2008:12:03:44 +0100] "GET /rez/601.mp3 HTTP/1.1" 304 - "-" "LinkWalker/2.0"
209.167.50.27 - - [05/Dec/2008:12:04:00 +0100] "GET /rez/326.mp3 HTTP/1.1" 304 - "-" "LinkWalker/2.0"
209.167.50.27 - - [05/Dec/2008:12:04:25 +0100] "GET /rez/555.mp3 HTTP/1.1" 304 - "-" "LinkWalker/2.0"
209.167.50.27 - - [05/Dec/2008:12:04:40 +0100] "GET /rez/554.mp3 HTTP/1.1" 304 - "-" "LinkWalker/2.0"
209.167.50.27 - - [05/Dec/2008:12:04:55 +0100] "GET /rez/557.mp3 HTTP/1.1" 304 - "-" "LinkWalker/2.0"
66.249.65.169 - - [05/Dec/2008:12:05:00 +0100] "GET /logs/usage_200812.html HTTP/1.1" 404 2748 "-" "Mozilla/5.0 (compatible; Googlebot/2.1; +http://www.google.com/bot.html)"
209.167.50.27 - - [05/Dec/2008:12:05:10 +0100] "GET /rez/607.mp3 HTTP/1.1" 304 - "-" "LinkWalker/2.0"
209.167.50.27 - - [05/Dec/2008:12:05:25 +0100] "GET /rez/108.mp3 HTTP/1.1" 304 - "-" "LinkWalker/2.0"
209.167.50.27 - - [05/Dec/2008:12:05:40 +0100] "GET /DgH/bull/index.html HTTP/1.1" 200 1915 "-" "LinkWalker/2.0"
209.167.50.27 - - [05/Dec/2008:12:05:55 +0100] "GET /DgH/orginal/index.html HTTP/1.1" 200 1727 "-" "LinkWalker/2.0"
209.167.50.27 - - [05/Dec/2008:12:06:10 +0100] "GET /DgH/watch/index.html HTTP/1.1" 200 2028 "-" "LinkWalker/2.0"
209.167.50.27 - - [05/Dec/2008:12:06:25 +0100] "GET /DgH/rampe/index.html HTTP/1.1" 200 2056 "-" "LinkWalker/2.0"
209.167.50.27 - - [05/Dec/2008:12:06:40 +0100] "GET /logs/usage_200703.html HTTP/1.1" 200 108444 "-" "LinkWalker/2.0"
209.167.50.27 - - [05/Dec/2008:12:06:55 +0100] "GET /logs/usage_200706.html HTTP/1.1" 200 107008 "-" "LinkWalker/2.0"
209.167.50.27 - - [05/Dec/2008:12:07:10 +0100] "GET /logs/usage_200701.html HTTP/1.1" 200 109268 "-" "LinkWalker/2.0"
209.167.50.27 - - [05/Dec/2008:12:07:26 +0100] "GET /logs/usage_200708.html HTTP/1.1" 200 111167 "-" "LinkWalker/2.0"
66.249.65.169 - - [05/Dec/2008:12:07:32 +0100] "GET /neon/slow-walk2.html HTTP/1.1" 200 1777 "-" "Mozilla/5.0 (compatible; Googlebot/2.1; +http://www.google.com/bot.html)"
193.252.149.16 - - [05/Dec/2008:12:07:39 +0100] "GET /neon/sushi.html HTTP/1.1" 200 687 "-" "Mozilla/5.0 (Windows; U; Windows NT 5.1; fr; rv:1.8.1) VoilaBot BETA 1.2 (support.voilabot@orange-ftgroup.com)"
209.167.50.27 - - [05/Dec/2008:12:07:41 +0100] "GET /logs/usage_200710.html HTTP/1.1" 200 110952 "-" "LinkWalker/2.0"
209.167.50.27 - - [05/Dec/2008:12:07:56 +0100] "GET /logs/usage_200709.html HTTP/1.1" 200 110974 "-" "LinkWalker/2.0"
209.167.50.27 - - [05/Dec/2008:12:08:13 +0100] "GET /logs/usage_200704.html HTTP/1.1" 200 108835 "-" "LinkWalker/2.0"
209.167.50.27 - - [05/Dec/2008:12:08:28 +0100] "GET /logs/usage_200705.html HTTP/1.1" 200 109447 "-" "LinkWalker/2.0"
209.167.50.27 - - [05/Dec/2008:12:08:43 +0100] "GET /logs/usage_200707.html HTTP/1.1" 200 110942 "-" "LinkWalker/2.0"
209.167.50.27 - - [05/Dec/2008:12:08:58 +0100] "GET /logs/usage_200711.html HTTP/1.1" 200 109628 "-" "LinkWalker/2.0"
209.167.50.27 - - [05/Dec/2008:12:09:13 +0100] "GET /logs/usage_200712.html HTTP/1.1" 200 92577 "-" "LinkWalker/2.0"
209.167.50.27 - - [05/Dec/2008:12:09:28 +0100] "GET /logs/usage_200702.html HTTP/1.1" 200 107861 "-" "LinkWalker/2.0"
209.167.50.27 - - [05/Dec/2008:12:09:43 +0100] "GET /games/virtualcop/virtualcop.html HTTP/1.1" 200 4487 "-" "LinkWalker/2.0"
209.167.50.27 - - [05/Dec/2008:12:09:58 +0100] "GET /neon/europa.html HTTP/1.1" 200 389 "-" "LinkWalker/2.0"
209.167.50.27 - - [05/Dec/2008:12:10:14 +0100] "GET /neon/girlz3.html HTTP/1.1" 200 2479 "-" "LinkWalker/2.0"
209.167.50.27 - - [05/Dec/2008:12:10:28 +0100] "GET /neon/channel.html HTTP/1.1" 200 1942 "-" "LinkWalker/2.0"
209.167.50.27 - - [05/Dec/2008:12:10:43 +0100] "GET /bmpp/18.html HTTP/1.1" 200 4467 "-" "LinkWalker/2.0"
209.167.50.27 - - [05/Dec/2008:12:10:58 +0100] "GET /neon/warning2.html HTTP/1.1" 200 997 "-" "LinkWalker/2.0"
209.167.50.27 - - [05/Dec/2008:12:11:13 +0100] "GET /neon/click.html HTTP/1.1" 200 521 "-" "LinkWalker/2.0"
209.167.50.27 - - [05/Dec/2008:12:11:28 +0100] "GET /3dsf3/sendi/receiver.html HTTP/1.1" 200 1402 "-" "LinkWalker/2.0"
209.167.50.27 - - [05/Dec/2008:12:11:43 +0100] "GET /neon/girlz2.html HTTP/1.1" 200 2937 "-" "LinkWalker/2.0"
209.167.50.27 - - [05/Dec/2008:12:11:59 +0100] "GET /DgH/watch/ HTTP/1.1" 200 2028 "-" "LinkWalker/2.0"
209.167.50.27 - - [05/Dec/2008:12:12:13 +0100] "GET /neon/left-one-new.html HTTP/1.1" 200 1483 "-" "LinkWalker/2.0"
209.167.50.27 - - [05/Dec/2008:12:12:29 +0100] "GET /zampa-lovers/ HTTP/1.1" 200 37790 "-" "LinkWalker/2.0"
209.167.50.27 - - [05/Dec/2008:12:12:45 +0100] "GET /framez-rez.html HTTP/1.1" 200 4323 "http://www.technart.net/" "LinkWalker/2.0"
209.167.50.27 - - [05/Dec/2008:12:13:00 +0100] "GET /robots.txt HTTP/1.1" 304 - "-" "LinkWalker/2.0"
209.167.50.27 - - [05/Dec/2008:12:13:15 +0100] "GET /games/virtualcop/virtualcop.swf HTTP/1.1" 304 - "-" "LinkWalker/2.0"
209.167.50.27 - - [05/Dec/2008:12:13:30 +0100] "GET /neon/girl-tv.html HTTP/1.1" 200 1717 "-" "LinkWalker/2.0"
209.167.50.27 - - [05/Dec/2008:12:13:45 +0100] "GET /zampa-lovers/WASISTMI1.MPG HTTP/1.1" 304 - "-" "LinkWalker/2.0"
209.167.50.27 - - [05/Dec/2008:12:14:01 +0100] "GET /framez-girlz.html HTTP/1.1" 200 4271 "-" "LinkWalker/2.0"
209.167.50.27 - - [05/Dec/2008:12:14:15 +0100] "GET /DgH/ HTTP/1.1" 200 5024 "-" "LinkWalker/2.0"
209.167.50.27 - - [05/Dec/2008:12:14:43 +0100] "GET /framez-zampa-lovers.html HTTP/1.1" 200 4322 "-" "LinkWalker/2.0"
209.167.50.27 - - [05/Dec/2008:12:14:58 +0100] "GET /ve-icon-2.ico HTTP/1.1" 304 - "-" "LinkWalker/2.0"
209.167.50.27 - - [05/Dec/2008:12:15:14 +0100] "GET /zampa-lovers/ZAMPAMAS.MPG HTTP/1.1" 304 - "-" "LinkWalker/2.0"
209.167.50.27 - - [05/Dec/2008:12:15:29 +0100] "GET /neon/biggtani.html HTTP/1.1" 200 1698 "-" "LinkWalker/2.0"
209.167.50.27 - - [05/Dec/2008:12:15:44 +0100] "GET /framez_0.html HTTP/1.1" 200 12444 "-" "LinkWalker/2.0"
209.167.50.27 - - [05/Dec/2008:12:15:59 +0100] "GET /neon/large.html HTTP/1.1" 200 1547 "-" "LinkWalker/2.0"
209.167.50.27 - - [05/Dec/2008:12:16:14 +0100] "GET /DgH/bull/ HTTP/1.1" 200 1915 "-" "LinkWalker/2.0"
209.167.50.27 - - [05/Dec/2008:12:16:29 +0100] "GET /rez/fisztfull.mp4 HTTP/1.1" 304 - "-" "LinkWalker/2.0"
209.167.50.27 - - [05/Dec/2008:12:16:44 +0100] "GET /triple-double-u/ HTTP/1.1" 403 1223 "-" "LinkWalker/2.0"
209.167.50.27 - - [05/Dec/2008:12:16:59 +0100] "GET /sendi-agent/Interfiction-sendi.mpg HTTP/1.1" 304 - "-" "LinkWalker/2.0"
209.167.50.27 - - [05/Dec/2008:12:17:14 +0100] "GET /zampa/ HTTP/1.1" 200 7153 "http://www.labfactory.org/1166215.0/" "LinkWalker/2.0"
209.167.50.27 - - [05/Dec/2008:12:17:29 +0100] "GET /zampa/montenegro/ HTTP/1.1" 200 2651 "-" "LinkWalker/2.0"
209.167.50.27 - - [05/Dec/2008:12:17:44 +0100] "GET /f-logz_old.html HTTP/1.1" 200 43773 "-" "LinkWalker/2.0"
209.167.50.27 - - [05/Dec/2008:12:17:59 +0100] "GET /neon/slow-walk2.html HTTP/1.1" 200 1777 "-" "LinkWalker/2.0"
209.167.50.27 - - [05/Dec/2008:12:18:14 +0100] "GET /zampa-lovers/ZAMPAMA2.MPG HTTP/1.1" 304 - "-" "LinkWalker/2.0"
209.167.50.27 - - [05/Dec/2008:12:18:29 +0100] "GET /bmpp/18start.html HTTP/1.1" 200 320 "-" "LinkWalker/2.0"
209.167.50.27 - - [05/Dec/2008:12:18:44 +0100] "GET /neon/warning.html HTTP/1.1" 200 5134 "-" "LinkWalker/2.0"
209.167.50.27 - - [05/Dec/2008:12:18:59 +0100] "GET /bmpp/18_x.html HTTP/1.1" 200 1100 "-" "LinkWalker/2.0"
209.167.50.27 - - [05/Dec/2008:12:19:14 +0100] "GET /neon/sushi.html HTTP/1.1" 200 687 "-" "LinkWalker/2.0"
209.167.50.27 - - [05/Dec/2008:12:19:29 +0100] "GET /3dsf3/sendi/communication.html HTTP/1.1" 200 1331 "-" "LinkWalker/2.0"
209.167.50.27 - - [05/Dec/2008:12:19:44 +0100] "GET /3dsf3/sendi/sacrifice.html HTTP/1.1" 200 1309 "-" "LinkWalker/2.0"
209.167.50.27 - - [05/Dec/2008:12:19:59 +0100] "GET /3dsf3/sendi/utopia.html HTTP/1.1" 200 1295 "-" "LinkWalker/2.0"
209.167.50.27 - - [05/Dec/2008:12:20:14 +0100] "GET /3dsf3/sendi/catastrophe.html HTTP/1.1" 200 1322 "-" "LinkWalker/2.0"
209.167.50.27 - - [05/Dec/2008:12:20:30 +0100] "GET /3dsf3/sendi/animals.html HTTP/1.1" 200 1422 "-" "LinkWalker/2.0"
193.252.149.15 - - [05/Dec/2008:12:20:37 +0100] "GET /neon/code.html HTTP/1.1" 200 1109 "-" "Mozilla/5.0 (Windows; U; Windows NT 5.1; fr; rv:1.8.1) VoilaBot BETA 1.2 (support.voilabot@orange-ftgroup.com)"
209.167.50.27 - - [05/Dec/2008:12:20:44 +0100] "GET /3dsf3/sendi/rituals.html HTTP/1.1" 200 1411 "-" "LinkWalker/2.0"
209.167.50.27 - - [05/Dec/2008:12:20:59 +0100] "GET /3dsf3/sendi/hyperreality.html HTTP/1.1" 200 1436 "-" "LinkWalker/2.0"
209.167.50.27 - - [05/Dec/2008:12:21:21 +0100] "GET /3dsf3/sendi/connection.html HTTP/1.1" 200 1336 "-" "LinkWalker/2.0"
209.167.50.27 - - [05/Dec/2008:12:21:40 +0100] "GET /3dsf3/sendi/body.html HTTP/1.1" 200 1322 "-" "LinkWalker/2.0"
209.167.50.27 - - [05/Dec/2008:12:21:57 +0100] "GET /neon/slow-walk.html HTTP/1.1" 200 1640 "-" "LinkWalker/2.0"
209.167.50.27 - - [05/Dec/2008:12:22:14 +0100] "GET /neon/annniiii.html HTTP/1.1" 200 686 "-" "LinkWalker/2.0"
209.167.50.27 - - [05/Dec/2008:12:22:31 +0100] "GET /zampa/slike/S4IRWIN.GIF HTTP/1.1" 304 - "-" "LinkWalker/2.0"
209.167.50.27 - - [05/Dec/2008:12:22:52 +0100] "GET /zampa/slike/S7MEDIAA.GIF HTTP/1.1" 304 - "-" "LinkWalker/2.0"
209.167.50.27 - - [05/Dec/2008:12:23:08 +0100] "GET /zampa/slike/E6BIENNI.GIF HTTP/1.1" 304 - "-" "LinkWalker/2.0"
209.167.50.27 - - [05/Dec/2008:12:23:23 +0100] "GET /zampa/slike/S2COPY.GIF HTTP/1.1" 304 - "-" "LinkWalker/2.0"
209.167.50.27 - - [05/Dec/2008:12:23:38 +0100] "GET /zampa/montenegro/dajpare.html HTTP/1.1" 200 2503 "-" "LinkWalker/2.0"
209.167.50.27 - - [05/Dec/2008:12:23:53 +0100] "GET /zampa/slike/E4IRWIN.GIF HTTP/1.1" 304 - "-" "LinkWalker/2.0"
209.167.50.27 - - [05/Dec/2008:12:24:08 +0100] "GET /zampa/slike/S8CURATO.GIF HTTP/1.1" 304 - "-" "LinkWalker/2.0"
209.167.50.27 - - [05/Dec/2008:12:24:23 +0100] "GET /zampa/slike/S6BIENNI.GIF HTTP/1.1" 304 - "-" "LinkWalker/2.0"
209.167.50.27 - - [05/Dec/2008:12:24:38 +0100] "GET /zampa/slike/E8CURATO.GIF HTTP/1.1" 304 - "-" "LinkWalker/2.0"
209.167.50.27 - - [05/Dec/2008:12:24:53 +0100] "GET /zampa/slike/E7MEDIAA.GIF HTTP/1.1" 304 - "-" "LinkWalker/2.0"
209.167.50.27 - - [05/Dec/2008:12:25:09 +0100] "GET /zampa/slike/E2COPY.GIF HTTP/1.1" 304 - "-" "LinkWalker/2.0"
209.167.50.27 - - [05/Dec/2008:12:25:23 +0100] "GET /zampa/slike/E1TITEL.GIF HTTP/1.1" 304 - "-" "LinkWalker/2.0"
209.167.50.27 - - [05/Dec/2008:12:25:38 +0100] "GET /zampa/slike/E3VAMPIR.GIF HTTP/1.1" 304 - "-" "LinkWalker/2.0"
209.167.50.27 - - [05/Dec/2008:12:25:54 +0100] "GET /zampa/slike/E5UROSTO.GIF HTTP/1.1" 304 - "-" "LinkWalker/2.0"
209.167.50.27 - - [05/Dec/2008:12:26:08 +0100] "GET /zampa/slike/S3VAMPIR.GIF HTTP/1.1" 304 - "-" "LinkWalker/2.0"
209.167.50.27 - - [05/Dec/2008:12:26:24 +0100] "GET /zampa/slike/S5UROSTO.GIF HTTP/1.1" 304 - "-" "LinkWalker/2.0"
209.167.50.27 - - [05/Dec/2008:12:26:38 +0100] "GET /zampa/lybia/index.html HTTP/1.1" 200 3036 "-" "LinkWalker/2.0"
209.167.50.27 - - [05/Dec/2008:12:26:53 +0100] "GET /zampa/slike/S1TITEL.GIF HTTP/1.1" 304 - "-" "LinkWalker/2.0"
209.167.50.27 - - [05/Dec/2008:12:27:09 +0100] "GET /zampa/montenegro/index.html HTTP/1.1" 200 2651 "-" "LinkWalker/2.0"
209.167.50.27 - - [05/Dec/2008:12:27:23 +0100] "GET /zampa/wonderland/index.html HTTP/1.1" 200 2084 "-" "LinkWalker/2.0"
209.167.50.27 - - [05/Dec/2008:12:27:38 +0100] "GET /zampa/montenegro/contributions.html HTTP/1.1" 200 18843 "-" "LinkWalker/2.0"
209.167.50.27 - - [05/Dec/2008:12:27:53 +0100] "GET /ie_menue.html HTTP/1.1" 404 2748 "-" "LinkWalker/2.0"
193.252.149.15 - - [05/Dec/2008:12:28:04 +0100] "GET /neon/click.html HTTP/1.1" 200 521 "-" "Mozilla/5.0 (Windows; U; Windows NT 5.1; fr; rv:1.8.1) VoilaBot BETA 1.2 (support.voilabot@orange-ftgroup.com)"
209.167.50.27 - - [05/Dec/2008:12:28:09 +0100] "GET /news.html HTTP/1.1" 404 2748 "-" "LinkWalker/2.0"
209.167.50.27 - - [05/Dec/2008:12:28:24 +0100] "GET /prog.html HTTP/1.1" 404 2748 "-" "LinkWalker/2.0"
209.167.50.27 - - [05/Dec/2008:12:28:39 +0100] "GET /e-counter.html HTTP/1.1" 200 4047 "-" "LinkWalker/2.0"
209.167.50.27 - - [05/Dec/2008:12:28:53 +0100] "GET /framez-girlz-neon.html HTTP/1.1" 200 4388 "-" "LinkWalker/2.0"
209.167.50.27 - - [05/Dec/2008:12:29:09 +0100] "GET /zampa/montenegro/TESLAW.html HTTP/1.1" 200 861 "-" "LinkWalker/2.0"
209.167.50.27 - - [05/Dec/2008:12:29:23 +0100] "GET /zampa/montenegro/MILOW.html HTTP/1.1" 200 860 "-" "LinkWalker/2.0"
209.167.50.27 - - [05/Dec/2008:12:29:38 +0100] "GET /zampa/montenegro/SEKAW.html HTTP/1.1" 200 860 "-" "LinkWalker/2.0"
209.167.50.27 - - [05/Dec/2008:12:29:53 +0100] "GET /zampa/montenegro/ZMAJW.html HTTP/1.1" 200 860 "-" "LinkWalker/2.0"
209.167.50.27 - - [05/Dec/2008:12:30:09 +0100] "GET /zampa/montenegro/BATAW.html HTTP/1.1" 200 860 "-" "LinkWalker/2.0"
209.167.50.27 - - [05/Dec/2008:12:30:24 +0100] "GET /framez-e-count.html HTTP/1.1" 200 4321 "-" "LinkWalker/2.0"
77.88.41.226 - - [05/Dec/2008:13:09:56 +0100] "GET / HTTP/1.1" 200 7869 "-" "Yandex/1.01.001 (compatible; Win16; H)"
77.88.41.226 - - [05/Dec/2008:13:09:56 +0100] "GET /robots.txt HTTP/1.1" 200 64 "-" "Yandex/1.01.001 (compatible; Win16; H)"
77.88.41.226 - - [05/Dec/2008:13:09:57 +0100] "GET / HTTP/1.1" 200 7869 "-" "Yandex/1.01.001 (compatible; Win16; H)"
77.88.41.226 - - [05/Dec/2008:13:09:58 +0100] "GET / HTTP/1.1" 200 7869 "-" "Yandex/1.01.001 (compatible; Win16; H)"
77.88.41.226 - - [05/Dec/2008:13:09:59 +0100] "GET /robots.txt HTTP/1.1" 200 64 "-" "Yandex/1.01.001 (compatible; Win16; H)"
77.88.41.226 - - [05/Dec/2008:13:09:59 +0100] "GET / HTTP/1.1" 200 7869 "-" "Yandex/1.01.001 (compatible; Win16; H)"
77.88.41.226 - - [05/Dec/2008:13:10:00 +0100] "GET /framez.html HTTP/1.1" 200 3959 "-" "Yandex/1.01.001 (compatible; Win16; H)"
77.88.41.226 - - [05/Dec/2008:13:10:01 +0100] "GET /framez.html HTTP/1.1" 200 3959 "-" "Yandex/1.01.001 (compatible; Win16; H)"
77.88.41.226 - - [05/Dec/2008:13:10:01 +0100] "GET /framez.html HTTP/1.1" 200 3959 "-" "Yandex/1.01.001 (compatible; Win16; H)"
77.88.41.226 - - [05/Dec/2008:13:10:02 +0100] "GET /framez.html HTTP/1.1" 200 3959 "-" "Yandex/1.01.001 (compatible; Win16; H)"
67.195.37.153 - - [05/Dec/2008:13:41:37 +0100] "GET /neon/girlz2.html HTTP/1.0" 200 2937 "-" "Mozilla/5.0 (compatible; Yahoo! Slurp; http://help.yahoo.com/help/us/ysearch/slurp)"
193.252.149.16 - - [05/Dec/2008:13:45:43 +0100] "GET /neon/large.html HTTP/1.1" 200 1547 "-" "Mozilla/5.0 (Windows; U; Windows NT 5.1; fr; rv:1.8.1) VoilaBot BETA 1.2 (support.voilabot@orange-ftgroup.com)"
67.195.37.153 - - [05/Dec/2008:13:50:47 +0100] "GET /f-channel1.html HTTP/1.0" 200 8471 "-" "Mozilla/5.0 (compatible; Yahoo! Slurp; http://help.yahoo.com/help/us/ysearch/slurp)"
193.252.149.16 - - [05/Dec/2008:13:50:55 +0100] "GET /neon/girl-tv.html HTTP/1.1" 200 1717 "-" "Mozilla/5.0 (Windows; U; Windows NT 5.1; fr; rv:1.8.1) VoilaBot BETA 1.2 (support.voilabot@orange-ftgroup.com)"
74.6.22.90 - - [05/Dec/2008:14:09:06 +0100] "GET /robots.txt HTTP/1.0" 200 64 "-" "Mozilla/5.0 (compatible; Yahoo! Slurp; http://help.yahoo.com/help/us/ysearch/slurp)"
74.6.22.90 - - [05/Dec/2008:14:09:09 +0100] "GET /logs/usage_200609.html HTTP/1.0" 200 108989 "-" "Mozilla/5.0 (compatible; Yahoo! Slurp; http://help.yahoo.com/help/us/ysearch/slurp)"
67.195.37.153 - - [05/Dec/2008:14:11:25 +0100] "GET /neon/slow-walk.html HTTP/1.0" 200 1640 "-" "Mozilla/5.0 (compatible; Yahoo! Slurp; http://help.yahoo.com/help/us/ysearch/slurp)"
66.249.65.169 - - [05/Dec/2008:14:31:18 +0100] "GET /f-euro.html HTTP/1.1" 200 12203 "-" "Mozilla/5.0 (compatible; Googlebot/2.1; +http://www.google.com/bot.html)"
65.55.211.181 - - [05/Dec/2008:14:51:57 +0100] "GET /robots.txt HTTP/1.1" 200 64 "-" "msnbot/1.1 (+http://search.msn.com/msnbot.htm)"
65.55.211.181 - - [05/Dec/2008:14:51:58 +0100] "GET /logs/usage_200704.html HTTP/1.1" 200 108835 "-" "msnbot/1.1 (+http://search.msn.com/msnbot.htm)"
81.52.143.16 - - [05/Dec/2008:14:53:03 +0100] "GET /robots.txt HTTP/1.1" 200 64 "-" "Mozilla/5.0 (Windows; U; Windows NT 5.1; fr; rv:1.8.1) VoilaBot BETA 1.2 (support.voilabot@orange-ftgroup.com)"
81.52.143.16 - - [05/Dec/2008:14:53:13 +0100] "GET /neon/girlz2.html HTTP/1.1" 200 2937 "-" "Mozilla/5.0 (Windows; U; Windows NT 5.1; fr; rv:1.8.1) VoilaBot BETA 1.2 (support.voilabot@orange-ftgroup.com)"
79.14.162.106 - - [05/Dec/2008:14:54:23 +0100] "GET /zampa/montenegro/contributions.html HTTP/1.1" 200 18843 "http://www.google.it/search?hl=it&q=misko+bilbija&start=10&sa=N" "Mozilla/4.0 (compatible; MSIE 7.0; Windows NT 5.1)"
79.14.162.106 - - [05/Dec/2008:14:54:24 +0100] "GET /favicon.ico HTTP/1.1" 404 2748 "-" "Mozilla/4.0 (compatible; MSIE 7.0; Windows NT 5.1)"
67.195.37.153 - - [05/Dec/2008:14:56:05 +0100] "GET /f-net.html HTTP/1.0" 200 9913 "-" "Mozilla/5.0 (compatible; Yahoo! Slurp; http://help.yahoo.com/help/us/ysearch/slurp)"
114.111.36.26 - - [05/Dec/2008:14:59:07 +0100] "GET /robots.txt HTTP/1.1" 302 363 "-" "Mozilla/4.0 (compatible; NaverBot/1.0; http://help.naver.com/delete_main.asp)"
114.111.36.26 - - [05/Dec/2008:14:59:07 +0100] "GET / HTTP/1.1" 302 353 "-" "Mozilla/4.0 (compatible; NaverBot/1.0; http://help.naver.com/delete_main.asp)"
193.252.149.15 - - [05/Dec/2008:15:12:27 +0100] "GET /neon/slow-walk.html HTTP/1.1" 200 1640 "-" "Mozilla/5.0 (Windows; U; Windows NT 5.1; fr; rv:1.8.1) VoilaBot BETA 1.2 (support.voilabot@orange-ftgroup.com)"
88.70.191.226 - - [05/Dec/2008:15:57:57 +0100] "GET /zampa-lovers/index.html HTTP/1.1" 200 37790 "http://search.bearshare.com/de/webResults.html?hl=de&o=10596&q=www.%20pedofile%20de&lr=2&page=9&src=hmp_de" "Mozilla/5.0 (Windows; U; Windows NT 5.1; de; rv:1.9.0.4) Gecko/2008102920 Firefox/3.0.4"
88.70.191.226 - - [05/Dec/2008:15:57:57 +0100] "GET /zampa-lovers/kralle.gif HTTP/1.1" 404 2748 "http://various-euro.com/zampa-lovers/index.html" "Mozilla/5.0 (Windows; U; Windows NT 5.1; de; rv:1.9.0.4) Gecko/2008102920 Firefox/3.0.4"
88.70.191.226 - - [05/Dec/2008:15:57:57 +0100] "GET /zampa-lovers/DRAGAN_Z.JPG HTTP/1.1" 200 6850 "http://various-euro.com/zampa-lovers/index.html" "Mozilla/5.0 (Windows; U; Windows NT 5.1; de; rv:1.9.0.4) Gecko/2008102920 Firefox/3.0.4"
88.70.191.226 - - [05/Dec/2008:15:57:57 +0100] "GET /zampa-lovers/MILIZA_4.JPG HTTP/1.1" 200 9946 "http://various-euro.com/zampa-lovers/index.html" "Mozilla/5.0 (Windows; U; Windows NT 5.1; de; rv:1.9.0.4) Gecko/2008102920 Firefox/3.0.4"
88.70.191.226 - - [05/Dec/2008:15:57:58 +0100] "GET /zampa-lovers/MILIZA_B.JPG HTTP/1.1" 200 10947 "http://various-euro.com/zampa-lovers/index.html" "Mozilla/5.0 (Windows; U; Windows NT 5.1; de; rv:1.9.0.4) Gecko/2008102920 Firefox/3.0.4"
88.70.191.226 - - [05/Dec/2008:15:57:58 +0100] "GET /zampa-lovers/zampa.ICO HTTP/1.1" 200 7134 "-" "Mozilla/5.0 (Windows; U; Windows NT 5.1; de; rv:1.9.0.4) Gecko/2008102920 Firefox/3.0.4"
88.70.191.226 - - [05/Dec/2008:15:57:58 +0100] "GET /zampa-lovers/ZAMPAMA2.MPG HTTP/1.1" 200 63492 "http://various-euro.com/zampa-lovers/index.html" "Mozilla/5.0 (Windows; U; Windows NT 5.1; de; rv:1.9.0.4) Gecko/2008102920 Firefox/3.0.4"
88.70.191.226 - - [05/Dec/2008:15:57:57 +0100] "GET /zampa-lovers/MILIZA_2.JPG HTTP/1.1" 200 22172 "http://various-euro.com/zampa-lovers/index.html" "Mozilla/5.0 (Windows; U; Windows NT 5.1; de; rv:1.9.0.4) Gecko/2008102920 Firefox/3.0.4"
88.70.191.226 - - [05/Dec/2008:15:57:57 +0100] "GET /zampa-lovers/MILIZA_3.JPG HTTP/1.1" 200 26924 "http://various-euro.com/zampa-lovers/index.html" "Mozilla/5.0 (Windows; U; Windows NT 5.1; de; rv:1.9.0.4) Gecko/2008102920 Firefox/3.0.4"
88.70.191.226 - - [05/Dec/2008:15:57:58 +0100] "GET /favicon.ico HTTP/1.1" 404 2748 "-" "Mozilla/5.0 (compatible; Google Desktop)"
88.70.191.226 - - [05/Dec/2008:15:57:58 +0100] "GET /zampa-lovers/WASISTMI1.MPG HTTP/1.1" 200 271221 "http://various-euro.com/zampa-lovers/index.html" "Mozilla/5.0 (Windows; U; Windows NT 5.1; de; rv:1.9.0.4) Gecko/2008102920 Firefox/3.0.4"
88.70.191.226 - - [05/Dec/2008:15:57:58 +0100] "GET /zampa-lovers/ZAMPAMAS.MPG HTTP/1.1" 200 520196 "http://various-euro.com/zampa-lovers/index.html" "Mozilla/5.0 (Windows; U; Windows NT 5.1; de; rv:1.9.0.4) Gecko/2008102920 Firefox/3.0.4"
88.70.191.226 - - [05/Dec/2008:15:57:58 +0100] "GET /zampa-lovers/DRAGANZA.JPG HTTP/1.1" 200 18560 "http://various-euro.com/zampa-lovers/index.html" "Mozilla/5.0 (Windows; U; Windows NT 5.1; de; rv:1.9.0.4) Gecko/2008102920 Firefox/3.0.4"
88.70.191.226 - - [05/Dec/2008:15:57:58 +0100] "GET /zampa-lovers/Kralle.gif HTTP/1.1" 200 260 "http://various-euro.com/zampa-lovers/index.html" "Mozilla/5.0 (Windows; U; Windows NT 5.1; de; rv:1.9.0.4) Gecko/2008102920 Firefox/3.0.4"
88.70.191.226 - - [05/Dec/2008:15:57:58 +0100] "GET /zampa-lovers/zampa-2X2.gif HTTP/1.1" 200 6948 "http://various-euro.com/zampa-lovers/index.html" "Mozilla/5.0 (Windows; U; Windows NT 5.1; de; rv:1.9.0.4) Gecko/2008102920 Firefox/3.0.4"
88.70.191.226 - - [05/Dec/2008:15:57:58 +0100] "GET /zampa-lovers/1SEITEVE.GIF HTTP/1.1" 200 78726 "http://various-euro.com/zampa-lovers/index.html" "Mozilla/5.0 (Windows; U; Windows NT 5.1; de; rv:1.9.0.4) Gecko/2008102920 Firefox/3.0.4"
88.70.191.226 - - [05/Dec/2008:15:57:58 +0100] "GET /zampa-lovers/zampamali.gif HTTP/1.1" 200 2617 "http://various-euro.com/zampa-lovers/index.html" "Mozilla/5.0 (Windows; U; Windows NT 5.1; de; rv:1.9.0.4) Gecko/2008102920 Firefox/3.0.4"
88.70.191.226 - - [05/Dec/2008:15:57:58 +0100] "GET /zampa-lovers/2SEITEVE.GIF HTTP/1.1" 200 83466 "http://various-euro.com/zampa-lovers/index.html" "Mozilla/5.0 (Windows; U; Windows NT 5.1; de; rv:1.9.0.4) Gecko/2008102920 Firefox/3.0.4"
88.70.191.226 - - [05/Dec/2008:15:57:58 +0100] "GET /zampa-lovers/zampa.gif HTTP/1.1" 200 460627 "http://various-euro.com/zampa-lovers/index.html" "Mozilla/5.0 (Windows; U; Windows NT 5.1; de; rv:1.9.0.4) Gecko/2008102920 Firefox/3.0.4"
88.70.191.226 - - [05/Dec/2008:15:57:59 +0100] "GET /framez-zampa-lovers.html HTTP/1.1" 200 4322 "http://various-euro.com/zampa-lovers/index.html" "Mozilla/5.0 (Windows; U; Windows NT 5.1; de; rv:1.9.0.4) Gecko/2008102920 Firefox/3.0.4"
88.70.191.226 - - [05/Dec/2008:15:58:00 +0100] "GET /ve-icon-2.ico HTTP/1.1" 200 2238 "-" "Mozilla/5.0 (Windows; U; Windows NT 5.1; de; rv:1.9.0.4) Gecko/2008102920 Firefox/3.0.4"
88.70.191.226 - - [05/Dec/2008:15:58:00 +0100] "GET /frame-menu.html HTTP/1.1" 200 10536 "http://various-euro.com/framez-zampa-lovers.html" "Mozilla/5.0 (Windows; U; Windows NT 5.1; de; rv:1.9.0.4) Gecko/2008102920 Firefox/3.0.4"
88.70.191.226 - - [05/Dec/2008:15:58:00 +0100] "GET /frame-unten.html HTTP/1.1" 200 5308 "http://various-euro.com/framez-zampa-lovers.html" "Mozilla/5.0 (Windows; U; Windows NT 5.1; de; rv:1.9.0.4) Gecko/2008102920 Firefox/3.0.4"
88.70.191.226 - - [05/Dec/2008:15:58:00 +0100] "GET /zampa-lovers/index.html HTTP/1.1" 200 37790 "http://various-euro.com/framez-zampa-lovers.html" "Mozilla/5.0 (Windows; U; Windows NT 5.1; de; rv:1.9.0.4) Gecko/2008102920 Firefox/3.0.4"
88.70.191.226 - - [05/Dec/2008:15:58:00 +0100] "GET /zampa-lovers/ZAMPAMA2.MPG HTTP/1.1" 206 63492 "http://various-euro.com/zampa-lovers/index.html" "Mozilla/5.0 (Windows; U; Windows NT 5.1; de; rv:1.9.0.4) Gecko/2008102920 Firefox/3.0.4"
88.70.191.226 - - [05/Dec/2008:15:58:00 +0100] "GET /zampa-lovers/kralle.gif HTTP/1.1" 404 2748 "http://various-euro.com/zampa-lovers/index.html" "Mozilla/5.0 (Windows; U; Windows NT 5.1; de; rv:1.9.0.4) Gecko/2008102920 Firefox/3.0.4"
88.70.191.226 - - [05/Dec/2008:15:58:00 +0100] "GET /style/various-euro.css HTTP/1.1" 200 3437 "http://various-euro.com/frame-menu.html" "Mozilla/5.0 (Windows; U; Windows NT 5.1; de; rv:1.9.0.4) Gecko/2008102920 Firefox/3.0.4"
88.70.191.226 - - [05/Dec/2008:15:58:00 +0100] "GET /bannerz/ve.jpg HTTP/1.1" 200 36912 "http://various-euro.com/frame-unten.html" "Mozilla/5.0 (Windows; U; Windows NT 5.1; de; rv:1.9.0.4) Gecko/2008102920 Firefox/3.0.4"
88.70.191.226 - - [05/Dec/2008:15:58:00 +0100] "GET /bannerz/various-euro-girl.jpg HTTP/1.1" 200 91514 "http://various-euro.com/frame-unten.html" "Mozilla/5.0 (Windows; U; Windows NT 5.1; de; rv:1.9.0.4) Gecko/2008102920 Firefox/3.0.4"
88.70.191.226 - - [05/Dec/2008:15:58:00 +0100] "GET /zampa-lovers/WASISTMI1.MPG HTTP/1.1" 206 271221 "http://various-euro.com/zampa-lovers/index.html" "Mozilla/5.0 (Windows; U; Windows NT 5.1; de; rv:1.9.0.4) Gecko/2008102920 Firefox/3.0.4"
88.70.191.226 - - [05/Dec/2008:15:58:00 +0100] "GET /zampa-lovers/ZAMPAMAS.MPG HTTP/1.1" 206 520196 "http://various-euro.com/zampa-lovers/index.html" "Mozilla/5.0 (Windows; U; Windows NT 5.1; de; rv:1.9.0.4) Gecko/2008102920 Firefox/3.0.4"
88.70.191.226 - - [05/Dec/2008:15:58:30 +0100] "GET /f-warez.html HTTP/1.1" 200 10953 "http://various-euro.com/frame-menu.html" "Mozilla/5.0 (Windows; U; Windows NT 5.1; de; rv:1.9.0.4) Gecko/2008102920 Firefox/3.0.4"
88.70.191.226 - - [05/Dec/2008:15:58:31 +0100] "GET /shoppingcart.gif HTTP/1.1" 200 1386 "http://various-euro.com/f-warez.html" "Mozilla/5.0 (Windows; U; Windows NT 5.1; de; rv:1.9.0.4) Gecko/2008102920 Firefox/3.0.4"
88.70.191.226 - - [05/Dec/2008:15:58:31 +0100] "GET /bannerz/kmfms-banner.gif HTTP/1.1" 200 8484 "http://various-euro.com/f-warez.html" "Mozilla/5.0 (Windows; U; Windows NT 5.1; de; rv:1.9.0.4) Gecko/2008102920 Firefox/3.0.4"
88.70.191.226 - - [05/Dec/2008:15:58:31 +0100] "GET /bannerz/AgainstTCPA-Log01Banner.gif HTTP/1.1" 200 6186 "http://various-euro.com/f-warez.html" "Mozilla/5.0 (Windows; U; Windows NT 5.1; de; rv:1.9.0.4) Gecko/2008102920 Firefox/3.0.4"
88.70.191.226 - - [05/Dec/2008:15:58:31 +0100] "GET /textz.gif HTTP/1.1" 200 871 "http://various-euro.com/f-warez.html" "Mozilla/5.0 (Windows; U; Windows NT 5.1; de; rv:1.9.0.4) Gecko/2008102920 Firefox/3.0.4"
88.70.191.226 - - [05/Dec/2008:15:58:31 +0100] "GET /bannerz/quisse.gif HTTP/1.1" 200 2846 "http://various-euro.com/f-warez.html" "Mozilla/5.0 (Windows; U; Windows NT 5.1; de; rv:1.9.0.4) Gecko/2008102920 Firefox/3.0.4"
88.70.191.226 - - [05/Dec/2008:15:58:31 +0100] "GET /warezcrawler.jpg HTTP/1.1" 200 15588 "http://various-euro.com/f-warez.html" "Mozilla/5.0 (Windows; U; Windows NT 5.1; de; rv:1.9.0.4) Gecko/2008102920 Firefox/3.0.4"
88.70.191.226 - - [05/Dec/2008:15:58:31 +0100] "GET /hsp.gif HTTP/1.1" 200 42603 "http://various-euro.com/f-warez.html" "Mozilla/5.0 (Windows; U; Windows NT 5.1; de; rv:1.9.0.4) Gecko/2008102920 Firefox/3.0.4"
88.70.191.226 - - [05/Dec/2008:15:58:39 +0100] "GET /anon.css HTTP/1.1" 404 2748 "http://various-euro.com/your_tour.html" "Mozilla/5.0 (Windows; U; Windows NT 5.1; de; rv:1.9.0.4) Gecko/2008102920 Firefox/3.0.4"
88.70.191.226 - - [05/Dec/2008:15:58:39 +0100] "GET /your_tour.html HTTP/1.1" 200 31840 "http://various-euro.com/frame-menu.html" "Mozilla/5.0 (Windows; U; Windows NT 5.1; de; rv:1.9.0.4) Gecko/2008102920 Firefox/3.0.4"
88.70.191.226 - - [05/Dec/2008:15:59:06 +0100] "GET /zampa-lovers/kralle.gif HTTP/1.1" 404 2748 "http://various-euro.com/zampa-lovers/index.html" "Mozilla/5.0 (Windows; U; Windows NT 5.1; de; rv:1.9.0.4) Gecko/2008102920 Firefox/3.0.4"
88.70.191.226 - - [05/Dec/2008:15:59:06 +0100] "GET /zampa-lovers/ZAMPAMA2.MPG HTTP/1.1" 206 63492 "http://various-euro.com/zampa-lovers/index.html" "Mozilla/5.0 (Windows; U; Windows NT 5.1; de; rv:1.9.0.4) Gecko/2008102920 Firefox/3.0.4"
88.70.191.226 - - [05/Dec/2008:15:59:06 +0100] "GET /zampa-lovers/WASISTMI1.MPG HTTP/1.1" 206 271221 "http://various-euro.com/zampa-lovers/index.html" "Mozilla/5.0 (Windows; U; Windows NT 5.1; de; rv:1.9.0.4) Gecko/2008102920 Firefox/3.0.4"
88.70.191.226 - - [05/Dec/2008:15:59:06 +0100] "GET /zampa-lovers/ZAMPAMAS.MPG HTTP/1.1" 206 520196 "http://various-euro.com/zampa-lovers/index.html" "Mozilla/5.0 (Windows; U; Windows NT 5.1; de; rv:1.9.0.4) Gecko/2008102920 Firefox/3.0.4"
72.30.81.176 - - [05/Dec/2008:16:19:27 +0100] "GET /robots.txt HTTP/1.0" 200 64 "-" "Mozilla/5.0 (compatible; Yahoo! Slurp; http://help.yahoo.com/help/us/ysearch/slurp)"
72.30.81.176 - - [05/Dec/2008:16:19:28 +0100] "GET /DgH/orginal/index.html HTTP/1.0" 200 1727 "-" "Mozilla/5.0 (compatible; Yahoo! Slurp; http://help.yahoo.com/help/us/ysearch/slurp)"
67.195.37.153 - - [05/Dec/2008:16:26:52 +0100] "GET /sendi_agent.html HTTP/1.0" 200 6213 "-" "Mozilla/5.0 (compatible; Yahoo! Slurp; http://help.yahoo.com/help/us/ysearch/slurp)"
72.30.81.176 - - [05/Dec/2008:16:38:20 +0100] "GET /neon/biggtani.html HTTP/1.0" 200 1698 "-" "Mozilla/5.0 (compatible; Yahoo! Slurp; http://help.yahoo.com/help/us/ysearch/slurp)"
66.249.65.169 - - [05/Dec/2008:16:44:00 +0100] "GET /neon/click.html HTTP/1.1" 200 521 "-" "Mozilla/5.0 (compatible; Googlebot/2.1; +http://www.google.com/bot.html)"
67.195.37.153 - - [05/Dec/2008:16:53:37 +0100] "GET /zampa/montenegro/TESLAW.html HTTP/1.0" 200 861 "-" "Mozilla/5.0 (compatible; Yahoo! Slurp/3.0; http://help.yahoo.com/help/us/ysearch/slurp)"
67.195.37.153 - - [05/Dec/2008:17:02:26 +0100] "GET /logs/usage_200702.html HTTP/1.0" 200 107861 "-" "Mozilla/5.0 (compatible; Yahoo! Slurp/3.0; http://help.yahoo.com/help/us/ysearch/slurp)"
92.244.136.160 - - [05/Dec/2008:17:03:50 +0100] "GET / HTTP/1.1" 302 353 "http://www.google.com/search?client=firefox-a&rls=com.ubuntu%3Aen-US%3Aofficial&channel=s&hl=en&q=Zampa+di+leone&btnG=Google+Search" "Mozilla/5.0 (X11; U; Linux x86_64; en-US; rv:1.9.0.3) Gecko/2008092510 Ubuntu/8.04 (hardy) Firefox/3.0.3"
92.244.136.160 - - [05/Dec/2008:17:03:50 +0100] "GET /zampa/ HTTP/1.1" 200 7153 "http://www.google.com/search?client=firefox-a&rls=com.ubuntu%3Aen-US%3Aofficial&channel=s&hl=en&q=Zampa+di+leone&btnG=Google+Search" "Mozilla/5.0 (X11; U; Linux x86_64; en-US; rv:1.9.0.3) Gecko/2008092510 Ubuntu/8.04 (hardy) Firefox/3.0.3"
92.244.136.160 - - [05/Dec/2008:17:03:51 +0100] "GET /zampa/slike/zampa.gif HTTP/1.1" 200 5310 "http://www.various-euro.com/zampa/" "Mozilla/5.0 (X11; U; Linux x86_64; en-US; rv:1.9.0.3) Gecko/2008092510 Ubuntu/8.04 (hardy) Firefox/3.0.3"
92.244.136.160 - - [05/Dec/2008:17:03:51 +0100] "GET /zampa/slike/udupetu.gif HTTP/1.1" 200 4138 "http://www.various-euro.com/zampa/" "Mozilla/5.0 (X11; U; Linux x86_64; en-US; rv:1.9.0.3) Gecko/2008092510 Ubuntu/8.04 (hardy) Firefox/3.0.3"
92.244.136.160 - - [05/Dec/2008:17:03:51 +0100] "GET /zampa/slike/inthearse.gif HTTP/1.1" 200 4077 "http://www.various-euro.com/zampa/" "Mozilla/5.0 (X11; U; Linux x86_64; en-US; rv:1.9.0.3) Gecko/2008092510 Ubuntu/8.04 (hardy) Firefox/3.0.3"
92.244.136.160 - - [05/Dec/2008:17:03:51 +0100] "GET /favicon.ico HTTP/1.1" 404 2748 "-" "Mozilla/5.0 (X11; U; Linux x86_64; en-US; rv:1.9.0.3) Gecko/2008092510 Ubuntu/8.04 (hardy) Firefox/3.0.3"
92.244.136.160 - - [05/Dec/2008:17:03:54 +0100] "GET /favicon.ico HTTP/1.1" 404 2748 "-" "Mozilla/5.0 (X11; U; Linux x86_64; en-US; rv:1.9.0.3) Gecko/2008092510 Ubuntu/8.04 (hardy) Firefox/3.0.3"
72.30.142.168 - - [05/Dec/2008:17:07:41 +0100] "GET /robots.txt HTTP/1.0" 200 64 "-" "Mozilla/5.0 (compatible; Yahoo! Slurp; http://help.yahoo.com/help/us/ysearch/slurp)"
72.30.142.168 - - [05/Dec/2008:17:07:41 +0100] "GET /robots.txt HTTP/1.0" 200 64 "-" "Mozilla/5.0 (compatible; Yahoo! Slurp; http://help.yahoo.com/help/us/ysearch/slurp)"
66.249.65.169 - - [05/Dec/2008:17:31:55 +0100] "GET /3dsf3/sendi/index.html HTTP/1.1" 200 1837 "-" "Mozilla/5.0 (compatible; Googlebot/2.1; +http://www.google.com/bot.html)"
208.36.144.6 - - [05/Dec/2008:17:38:24 +0100] "GET /robots.txt HTTP/1.0" 302 363 "-" "Mozilla/5.0 (Twiceler-0.9 http://www.cuil.com/twiceler/robot.html)"
72.30.142.168 - - [05/Dec/2008:17:57:20 +0100] "GET /DgH/rampe/index.html HTTP/1.0" 200 2056 "-" "Mozilla/5.0 (compatible; Yahoo! Slurp; http://help.yahoo.com/help/us/ysearch/slurp)"
89.120.154.98 - - [05/Dec/2008:18:00:06 +0100] "GET /framez-restate.html HTTP/1.0" 200 4328 "-" "Mozilla/2.0 (compatible; NEWT ActiveX; Win32)"
72.30.142.168 - - [05/Dec/2008:18:08:00 +0100] "GET /logs/usage_200704.html HTTP/1.0" 200 108835 "-" "Mozilla/5.0 (compatible; Yahoo! Slurp; http://help.yahoo.com/help/us/ysearch/slurp)"
72.30.142.168 - - [05/Dec/2008:18:09:14 +0100] "GET /f-euro.html HTTP/1.0" 200 12203 "-" "Mozilla/5.0 (compatible; Yahoo! Slurp; http://help.yahoo.com/help/us/ysearch/slurp)"
72.30.142.168 - - [05/Dec/2008:18:24:23 +0100] "GET /bmpp/18_x.html HTTP/1.0" 200 1100 "-" "Mozilla/5.0 (compatible; Yahoo! Slurp; http://help.yahoo.com/help/us/ysearch/slurp)"
66.249.65.169 - - [05/Dec/2008:18:56:43 +0100] "GET /robots.txt HTTP/1.1" 302 363 "-" "Mozilla/5.0 (compatible; Googlebot/2.1; +http://www.google.com/bot.html)"
66.249.65.169 - - [05/Dec/2008:18:56:43 +0100] "GET /zampa/robots.txt HTTP/1.1" 404 2748 "-" "Mozilla/5.0 (compatible; Googlebot/2.1; +http://www.google.com/bot.html)"
66.249.65.169 - - [05/Dec/2008:18:56:44 +0100] "GET / HTTP/1.1" 302 353 "-" "Mozilla/5.0 (compatible; Googlebot/2.1; +http://www.google.com/bot.html)"
66.249.65.169 - - [05/Dec/2008:18:56:44 +0100] "GET /zampa/ HTTP/1.1" 200 7153 "-" "Mozilla/5.0 (compatible; Googlebot/2.1; +http://www.google.com/bot.html)"
66.249.65.169 - - [05/Dec/2008:19:59:22 +0100] "GET /3dsf3/sendi/communication.html HTTP/1.1" 200 1331 "-" "Mozilla/5.0 (compatible; Googlebot/2.1; +http://www.google.com/bot.html)"
208.80.194.36 - - [05/Dec/2008:20:08:13 +0100] "GET / HTTP/1.0" 200 7869 "-" "Mozilla/4.0 (compatible; MSIE 7.0; America Online Browser 1.6-standalone; rev1.6; Windows NT 5.1; TeomaBar 2.01; .NET CLR 1.1.4322)"
