91.191.30.54 - - [23/Dec/2008:16:06:02 +0100] "GET /zampa-lovers/index.html HTTP/1.1" 200 37790 "http://www.various-euro.com/framez-zampa-lovers.html" "Mozilla/5.0 (Windows; U; Windows NT 5.1; en-US; rv:1.9.0.4) Gecko/2008102920 Firefox/3.0.4"
91.191.30.54 - - [23/Dec/2008:16:06:02 +0100] "GET /bannerz/ve.jpg HTTP/1.1" 200 36912 "http://www.various-euro.com/frame-unten.html" "Mozilla/5.0 (Windows; U; Windows NT 5.1; en-US; rv:1.9.0.4) Gecko/2008102920 Firefox/3.0.4"
91.191.30.54 - - [23/Dec/2008:16:06:03 +0100] "GET /zampa-lovers/ZAMPAMA2.MPG HTTP/1.1" 200 63492 "http://www.various-euro.com/zampa-lovers/index.html" "Mozilla/5.0 (Windows; U; Windows NT 5.1; en-US; rv:1.9.0.4) Gecko/2008102920 Firefox/3.0.4"
91.191.30.54 - - [23/Dec/2008:16:06:02 +0100] "GET /bannerz/various-euro-girl.jpg HTTP/1.1" 200 91514 "http://www.various-euro.com/frame-unten.html" "Mozilla/5.0 (Windows; U; Windows NT 5.1; en-US; rv:1.9.0.4) Gecko/2008102920 Firefox/3.0.4"
91.191.30.54 - - [23/Dec/2008:16:06:05 +0100] "GET /zampa-lovers/kralle.gif HTTP/1.1" 404 2748 "http://www.various-euro.com/zampa-lovers/index.html" "Mozilla/5.0 (Windows; U; Windows NT 5.1; en-US; rv:1.9.0.4) Gecko/2008102920 Firefox/3.0.4"
91.191.30.54 - - [23/Dec/2008:16:06:05 +0100] "GET /zampa-lovers/DRAGAN_Z.JPG HTTP/1.1" 200 6850 "http://www.various-euro.com/zampa-lovers/index.html" "Mozilla/5.0 (Windows; U; Windows NT 5.1; en-US; rv:1.9.0.4) Gecko/2008102920 Firefox/3.0.4"
91.191.30.54 - - [23/Dec/2008:16:06:04 +0100] "GET /zampa-lovers/WASISTMI1.MPG HTTP/1.1" 200 271221 "http://www.various-euro.com/zampa-lovers/index.html" "Mozilla/5.0 (Windows; U; Windows NT 5.1; en-US; rv:1.9.0.4) Gecko/2008102920 Firefox/3.0.4"
91.191.30.54 - - [23/Dec/2008:16:06:05 +0100] "GET /zampa-lovers/MILIZA_2.JPG HTTP/1.1" 200 22172 "http://www.various-euro.com/zampa-lovers/index.html" "Mozilla/5.0 (Windows; U; Windows NT 5.1; en-US; rv:1.9.0.4) Gecko/2008102920 Firefox/3.0.4"
91.191.30.54 - - [23/Dec/2008:16:06:06 +0100] "GET /zampa-lovers/MILIZA_B.JPG HTTP/1.1" 200 10947 "http://www.various-euro.com/zampa-lovers/index.html" "Mozilla/5.0 (Windows; U; Windows NT 5.1; en-US; rv:1.9.0.4) Gecko/2008102920 Firefox/3.0.4"
91.191.30.54 - - [23/Dec/2008:16:06:06 +0100] "GET /zampa-lovers/MILIZA_4.JPG HTTP/1.1" 200 9946 "http://www.various-euro.com/zampa-lovers/index.html" "Mozilla/5.0 (Windows; U; Windows NT 5.1; en-US; rv:1.9.0.4) Gecko/2008102920 Firefox/3.0.4"
91.191.30.54 - - [23/Dec/2008:16:06:06 +0100] "GET /zampa-lovers/MILIZA_3.JPG HTTP/1.1" 200 26924 "http://www.various-euro.com/zampa-lovers/index.html" "Mozilla/5.0 (Windows; U; Windows NT 5.1; en-US; rv:1.9.0.4) Gecko/2008102920 Firefox/3.0.4"
91.191.30.54 - - [23/Dec/2008:16:06:07 +0100] "GET /zampa-lovers/DRAGANZA.JPG HTTP/1.1" 200 18560 "http://www.various-euro.com/zampa-lovers/index.html" "Mozilla/5.0 (Windows; U; Windows NT 5.1; en-US; rv:1.9.0.4) Gecko/2008102920 Firefox/3.0.4"
91.191.30.54 - - [23/Dec/2008:16:06:08 +0100] "GET /zampa-lovers/Kralle.gif HTTP/1.1" 200 260 "http://www.various-euro.com/zampa-lovers/index.html" "Mozilla/5.0 (Windows; U; Windows NT 5.1; en-US; rv:1.9.0.4) Gecko/2008102920 Firefox/3.0.4"
91.191.30.54 - - [23/Dec/2008:16:06:08 +0100] "GET /zampa-lovers/zampa-2X2.gif HTTP/1.1" 200 6948 "http://www.various-euro.com/zampa-lovers/index.html" "Mozilla/5.0 (Windows; U; Windows NT 5.1; en-US; rv:1.9.0.4) Gecko/2008102920 Firefox/3.0.4"
91.191.30.54 - - [23/Dec/2008:16:06:08 +0100] "GET /zampa-lovers/zampamali.gif HTTP/1.1" 200 2617 "http://www.various-euro.com/zampa-lovers/index.html" "Mozilla/5.0 (Windows; U; Windows NT 5.1; en-US; rv:1.9.0.4) Gecko/2008102920 Firefox/3.0.4"
91.191.30.54 - - [23/Dec/2008:16:06:07 +0100] "GET /zampa-lovers/1SEITEVE.GIF HTTP/1.1" 200 78726 "http://www.various-euro.com/zampa-lovers/index.html" "Mozilla/5.0 (Windows; U; Windows NT 5.1; en-US; rv:1.9.0.4) Gecko/2008102920 Firefox/3.0.4"
91.191.30.54 - - [23/Dec/2008:16:06:08 +0100] "GET /zampa-lovers/ZAMPAMAS.MPG HTTP/1.1" 200 520196 "http://www.various-euro.com/zampa-lovers/index.html" "Mozilla/5.0 (Windows; U; Windows NT 5.1; en-US; rv:1.9.0.4) Gecko/2008102920 Firefox/3.0.4"
91.191.30.54 - - [23/Dec/2008:16:06:07 +0100] "GET /zampa-lovers/2SEITEVE.GIF HTTP/1.1" 200 83466 "http://www.various-euro.com/zampa-lovers/index.html" "Mozilla/5.0 (Windows; U; Windows NT 5.1; en-US; rv:1.9.0.4) Gecko/2008102920 Firefox/3.0.4"
91.191.30.54 - - [23/Dec/2008:16:06:08 +0100] "GET /zampa-lovers/zampa.gif HTTP/1.1" 200 460627 "http://www.various-euro.com/zampa-lovers/index.html" "Mozilla/5.0 (Windows; U; Windows NT 5.1; en-US; rv:1.9.0.4) Gecko/2008102920 Firefox/3.0.4"
68.142.212.219 - - [23/Dec/2008:16:26:15 +0100] "GET /zampa/slike/E8CURATO.GIF HTTP/1.0" 200 15386 "-" "Mozilla/5.0 (Yahoo-MMCrawler/4.0; mailto:vertical-crawl-support@yahoo-inc.com)"
81.52.143.16 - - [23/Dec/2008:16:47:14 +0100] "GET /schubb/schubb-1.html HTTP/1.1" 200 9070 "-" "Mozilla/5.0 (Windows; U; Windows NT 5.1; fr; rv:1.8.1) VoilaBot BETA 1.2 (support.voilabot@orange-ftgroup.com)"
193.252.149.15 - - [23/Dec/2008:17:00:42 +0100] "GET /neon/slow-walk2.html HTTP/1.1" 200 1777 "-" "Mozilla/5.0 (Windows; U; Windows NT 5.1; fr; rv:1.8.1) VoilaBot BETA 1.2 (support.voilabot@orange-ftgroup.com)"
72.30.65.48 - - [23/Dec/2008:17:02:48 +0100] "GET /robots.txt HTTP/1.0" 200 64 "-" "Mozilla/5.0 (compatible; Yahoo! Slurp; http://help.yahoo.com/help/us/ysearch/slurp)"
72.30.65.48 - - [23/Dec/2008:17:02:49 +0100] "GET /schubb/schubb-5.html HTTP/1.0" 200 72944 "-" "Mozilla/5.0 (compatible; Yahoo! Slurp; http://help.yahoo.com/help/us/ysearch/slurp)"
81.52.143.15 - - [23/Dec/2008:17:32:41 +0100] "GET /DgH/orginal/index.html HTTP/1.1" 200 1727 "-" "Mozilla/5.0 (Windows; U; Windows NT 5.1; fr; rv:1.8.1) VoilaBot BETA 1.2 (support.voilabot@orange-ftgroup.com)"
193.252.149.15 - - [23/Dec/2008:17:39:19 +0100] "GET /DgH/bull/index.html HTTP/1.1" 200 1915 "-" "Mozilla/5.0 (Windows; U; Windows NT 5.1; fr; rv:1.8.1) VoilaBot BETA 1.2 (support.voilabot@orange-ftgroup.com)"
72.30.65.48 - - [23/Dec/2008:17:49:23 +0100] "GET /zampa/montenegro/index.html HTTP/1.0" 200 2651 "-" "Mozilla/5.0 (compatible; Yahoo! Slurp; http://help.yahoo.com/help/us/ysearch/slurp)"
72.30.65.32 - - [23/Dec/2008:17:51:23 +0100] "GET /robots.txt HTTP/1.0" 200 64 "-" "Mozilla/5.0 (compatible; Yahoo! Slurp; http://help.yahoo.com/help/us/ysearch/slurp)"
72.30.65.32 - - [23/Dec/2008:17:51:24 +0100] "GET /framez-zampa-lovers.html HTTP/1.0" 200 4322 "-" "Mozilla/5.0 (compatible; Yahoo! Slurp/3.0; http://help.yahoo.com/help/us/ysearch/slurp)"
72.30.65.32 - - [23/Dec/2008:17:51:25 +0100] "GET /frame-menu.html HTTP/1.0" 200 10536 "http://various-euro.com/framez-zampa-lovers.html" "Mozilla/5.0 (compatible; Yahoo! Slurp/3.0; http://help.yahoo.com/help/us/ysearch/slurp)"
72.30.65.32 - - [23/Dec/2008:17:51:25 +0100] "GET /frame-unten.html HTTP/1.0" 200 5308 "http://various-euro.com/framez-zampa-lovers.html" "Mozilla/5.0 (compatible; Yahoo! Slurp/3.0; http://help.yahoo.com/help/us/ysearch/slurp)"
72.30.65.32 - - [23/Dec/2008:17:51:25 +0100] "GET /zampa-lovers/index.html HTTP/1.0" 200 37790 "http://various-euro.com/framez-zampa-lovers.html" "Mozilla/5.0 (compatible; Yahoo! Slurp/3.0; http://help.yahoo.com/help/us/ysearch/slurp)"
72.30.65.32 - - [23/Dec/2008:17:51:25 +0100] "GET /style/various-euro.css HTTP/1.0" 200 3437 "http://various-euro.com/frame-menu.html" "Mozilla/5.0 (compatible; Yahoo! Slurp/3.0; http://help.yahoo.com/help/us/ysearch/slurp)"
72.30.65.48 - - [23/Dec/2008:18:41:23 +0100] "GET /neon/slow-walk.html HTTP/1.0" 200 1640 "-" "Mozilla/5.0 (compatible; Yahoo! Slurp; http://help.yahoo.com/help/us/ysearch/slurp)"
209.19.138.102 - - [23/Dec/2008:18:49:01 +0100] "GET / HTTP/1.1" 200 7869 "-" "Mozilla/5.0 (Windows; U; Win 9x 4.90; en-US; rv:1.0.1) Gecko/20020823 Netscape/7.0"
72.30.65.48 - - [23/Dec/2008:18:59:04 +0100] "GET /f-actions.html HTTP/1.0" 200 10429 "-" "Mozilla/5.0 (compatible; Yahoo! Slurp; http://help.yahoo.com/help/us/ysearch/slurp)"
193.252.149.15 - - [23/Dec/2008:19:07:58 +0100] "GET /neon/europa.html HTTP/1.1" 200 389 "-" "Mozilla/5.0 (Windows; U; Windows NT 5.1; fr; rv:1.8.1) VoilaBot BETA 1.2 (support.voilabot@orange-ftgroup.com)"
78.1.108.232 - - [23/Dec/2008:19:11:32 +0100] "GET /framez-zampa-lovers.html HTTP/1.1" 200 4322 "http://www.google.hr/search?hl=hr&client=firefox-a&channel=s&rls=org.mozilla:en-US:official&hs=PIr&q=skupljanje+kurca&start=190&sa=N" "Mozilla/5.0 (Windows; U; Windows NT 5.1; en-US; rv:1.8.1.17) Gecko/20080829 Firefox/2.0.0.17"
78.1.108.232 - - [23/Dec/2008:19:11:33 +0100] "GET /ve-icon-2.ico HTTP/1.1" 200 2238 "-" "Mozilla/5.0 (Windows; U; Windows NT 5.1; en-US; rv:1.8.1.17) Gecko/20080829 Firefox/2.0.0.17"
78.1.108.232 - - [23/Dec/2008:19:11:33 +0100] "GET /frame-menu.html HTTP/1.1" 200 10536 "http://www.various-euro.com/framez-zampa-lovers.html" "Mozilla/5.0 (Windows; U; Windows NT 5.1; en-US; rv:1.8.1.17) Gecko/20080829 Firefox/2.0.0.17"
78.1.108.232 - - [23/Dec/2008:19:11:33 +0100] "GET /zampa-lovers/index.html HTTP/1.1" 200 37790 "http://www.various-euro.com/framez-zampa-lovers.html" "Mozilla/5.0 (Windows; U; Windows NT 5.1; en-US; rv:1.8.1.17) Gecko/20080829 Firefox/2.0.0.17"
78.1.108.232 - - [23/Dec/2008:19:11:33 +0100] "GET /frame-unten.html HTTP/1.1" 200 5308 "http://www.various-euro.com/framez-zampa-lovers.html" "Mozilla/5.0 (Windows; U; Windows NT 5.1; en-US; rv:1.8.1.17) Gecko/20080829 Firefox/2.0.0.17"
78.1.108.232 - - [23/Dec/2008:19:11:33 +0100] "GET /style/various-euro.css HTTP/1.1" 200 3437 "http://www.various-euro.com/frame-menu.html" "Mozilla/5.0 (Windows; U; Windows NT 5.1; en-US; rv:1.8.1.17) Gecko/20080829 Firefox/2.0.0.17"
78.1.108.232 - - [23/Dec/2008:19:11:33 +0100] "GET /zampa-lovers/DRAGAN_Z.JPG HTTP/1.1" 200 6850 "http://www.various-euro.com/zampa-lovers/index.html" "Mozilla/5.0 (Windows; U; Windows NT 5.1; en-US; rv:1.8.1.17) Gecko/20080829 Firefox/2.0.0.17"
78.1.108.232 - - [23/Dec/2008:19:11:33 +0100] "GET /zampa-lovers/MILIZA_2.JPG HTTP/1.1" 200 22172 "http://www.various-euro.com/zampa-lovers/index.html" "Mozilla/5.0 (Windows; U; Windows NT 5.1; en-US; rv:1.8.1.17) Gecko/20080829 Firefox/2.0.0.17"
78.1.108.232 - - [23/Dec/2008:19:11:33 +0100] "GET /zampa-lovers/MILIZA_3.JPG HTTP/1.1" 200 26924 "http://www.various-euro.com/zampa-lovers/index.html" "Mozilla/5.0 (Windows; U; Windows NT 5.1; en-US; rv:1.8.1.17) Gecko/20080829 Firefox/2.0.0.17"
78.1.108.232 - - [23/Dec/2008:19:11:34 +0100] "GET /zampa-lovers/MILIZA_B.JPG HTTP/1.1" 200 10947 "http://www.various-euro.com/zampa-lovers/index.html" "Mozilla/5.0 (Windows; U; Windows NT 5.1; en-US; rv:1.8.1.17) Gecko/20080829 Firefox/2.0.0.17"
78.1.108.232 - - [23/Dec/2008:19:11:34 +0100] "GET /zampa-lovers/MILIZA_4.JPG HTTP/1.1" 200 9946 "http://www.various-euro.com/zampa-lovers/index.html" "Mozilla/5.0 (Windows; U; Windows NT 5.1; en-US; rv:1.8.1.17) Gecko/20080829 Firefox/2.0.0.17"
78.1.108.232 - - [23/Dec/2008:19:11:34 +0100] "GET /zampa-lovers/DRAGANZA.JPG HTTP/1.1" 200 18560 "http://www.various-euro.com/zampa-lovers/index.html" "Mozilla/5.0 (Windows; U; Windows NT 5.1; en-US; rv:1.8.1.17) Gecko/20080829 Firefox/2.0.0.17"
78.1.108.232 - - [23/Dec/2008:19:11:34 +0100] "GET /zampa-lovers/1SEITEVE.GIF HTTP/1.1" 200 78726 "http://www.various-euro.com/zampa-lovers/index.html" "Mozilla/5.0 (Windows; U; Windows NT 5.1; en-US; rv:1.8.1.17) Gecko/20080829 Firefox/2.0.0.17"
78.1.108.232 - - [23/Dec/2008:19:11:34 +0100] "GET /zampa-lovers/Kralle.gif HTTP/1.1" 200 260 "http://www.various-euro.com/zampa-lovers/index.html" "Mozilla/5.0 (Windows; U; Windows NT 5.1; en-US; rv:1.8.1.17) Gecko/20080829 Firefox/2.0.0.17"
78.1.108.232 - - [23/Dec/2008:19:11:34 +0100] "GET /zampa-lovers/2SEITEVE.GIF HTTP/1.1" 200 83466 "http://www.various-euro.com/zampa-lovers/index.html" "Mozilla/5.0 (Windows; U; Windows NT 5.1; en-US; rv:1.8.1.17) Gecko/20080829 Firefox/2.0.0.17"
78.1.108.232 - - [23/Dec/2008:19:11:34 +0100] "GET /zampa-lovers/zampa-2X2.gif HTTP/1.1" 200 6948 "http://www.various-euro.com/zampa-lovers/index.html" "Mozilla/5.0 (Windows; U; Windows NT 5.1; en-US; rv:1.8.1.17) Gecko/20080829 Firefox/2.0.0.17"
78.1.108.232 - - [23/Dec/2008:19:11:35 +0100] "GET /zampa-lovers/zampamali.gif HTTP/1.1" 200 2617 "http://www.various-euro.com/zampa-lovers/index.html" "Mozilla/5.0 (Windows; U; Windows NT 5.1; en-US; rv:1.8.1.17) Gecko/20080829 Firefox/2.0.0.17"
78.1.108.232 - - [23/Dec/2008:19:11:35 +0100] "GET /bannerz/ve.jpg HTTP/1.1" 200 36912 "http://www.various-euro.com/frame-unten.html" "Mozilla/5.0 (Windows; U; Windows NT 5.1; en-US; rv:1.8.1.17) Gecko/20080829 Firefox/2.0.0.17"
78.1.108.232 - - [23/Dec/2008:19:11:35 +0100] "GET /zampa-lovers/kralle.gif HTTP/1.1" 404 2748 "http://www.various-euro.com/zampa-lovers/index.html" "Mozilla/5.0 (Windows; U; Windows NT 5.1; en-US; rv:1.8.1.17) Gecko/20080829 Firefox/2.0.0.17"
78.1.108.232 - - [23/Dec/2008:19:11:35 +0100] "GET /bannerz/various-euro-girl.jpg HTTP/1.1" 200 91514 "http://www.various-euro.com/frame-unten.html" "Mozilla/5.0 (Windows; U; Windows NT 5.1; en-US; rv:1.8.1.17) Gecko/20080829 Firefox/2.0.0.17"
78.1.108.232 - - [23/Dec/2008:19:11:35 +0100] "GET /zampa-lovers/zampa.gif HTTP/1.1" 200 460627 "http://www.various-euro.com/zampa-lovers/index.html" "Mozilla/5.0 (Windows; U; Windows NT 5.1; en-US; rv:1.8.1.17) Gecko/20080829 Firefox/2.0.0.17"
72.30.65.32 - - [23/Dec/2008:19:27:33 +0100] "GET /games/virtualcop/virtualcop.swf HTTP/1.0" 200 2563562 "-" "Mozilla/5.0 (compatible; Yahoo! Slurp/3.0; http://help.yahoo.com/help/us/ysearch/slurp)"
66.249.65.169 - - [23/Dec/2008:19:36:28 +0100] "GET /logs/usage_200702.html HTTP/1.1" 200 107861 "-" "Mozilla/5.0 (compatible; Googlebot/2.1; +http://www.google.com/bot.html)"
66.249.65.169 - - [23/Dec/2008:20:24:41 +0100] "GET /zampa/montenegro/ HTTP/1.1" 200 2651 "-" "Mozilla/5.0 (compatible; Googlebot/2.1; +http://www.google.com/bot.html)"
72.30.65.48 - - [23/Dec/2008:20:47:47 +0100] "GET /zampa/montenegro/dajpare.html HTTP/1.0" 200 2503 "-" "Mozilla/5.0 (compatible; Yahoo! Slurp; http://help.yahoo.com/help/us/ysearch/slurp)"
66.249.65.169 - - [23/Dec/2008:21:19:47 +0100] "GET /logs/usage_200704.html HTTP/1.1" 200 108835 "-" "Mozilla/5.0 (compatible; Googlebot/2.1; +http://www.google.com/bot.html)"
72.30.65.48 - - [23/Dec/2008:21:33:16 +0100] "GET /frame-unten.html HTTP/1.0" 200 5308 "-" "Mozilla/5.0 (compatible; Yahoo! Slurp; http://help.yahoo.com/help/us/ysearch/slurp)"
67.195.37.119 - - [23/Dec/2008:21:37:40 +0100] "GET /bmpp/euro_pal_1.html HTTP/1.0" 200 18252 "-" "Mozilla/5.0 (compatible; Yahoo! Slurp/3.0; http://help.yahoo.com/help/us/ysearch/slurp)"
66.249.65.169 - - [23/Dec/2008:21:54:11 +0100] "GET /logs/usage_200701.html HTTP/1.1" 200 109268 "-" "Mozilla/5.0 (compatible; Googlebot/2.1; +http://www.google.com/bot.html)"
72.30.65.48 - - [23/Dec/2008:22:00:01 +0100] "GET /zampa/montenegro/ZMAJW.html HTTP/1.0" 200 860 "-" "Mozilla/5.0 (compatible; Yahoo! Slurp; http://help.yahoo.com/help/us/ysearch/slurp)"
67.195.37.119 - - [23/Dec/2008:22:20:54 +0100] "GET /logs/usage_200701.html HTTP/1.0" 200 109268 "-" "Mozilla/5.0 (compatible; Yahoo! Slurp/3.0; http://help.yahoo.com/help/us/ysearch/slurp)"
67.195.37.119 - - [23/Dec/2008:22:21:04 +0100] "GET /logs/usage_200709.html HTTP/1.0" 200 110974 "-" "Mozilla/5.0 (compatible; Yahoo! Slurp/3.0; http://help.yahoo.com/help/us/ysearch/slurp)"
72.30.65.48 - - [23/Dec/2008:22:25:18 +0100] "GET /logs/usage_200702.html HTTP/1.0" 200 107861 "-" "Mozilla/5.0 (compatible; Yahoo! Slurp; http://help.yahoo.com/help/us/ysearch/slurp)"
193.252.149.15 - - [23/Dec/2008:22:28:51 +0100] "GET /neon/girlz3.html HTTP/1.1" 200 2479 "-" "Mozilla/5.0 (Windows; U; Windows NT 5.1; fr; rv:1.8.1) VoilaBot BETA 1.2 (support.voilabot@orange-ftgroup.com)"
72.30.65.48 - - [23/Dec/2008:22:30:22 +0100] "GET /logs/usage_200706.html HTTP/1.0" 200 107008 "-" "Mozilla/5.0 (compatible; Yahoo! Slurp; http://help.yahoo.com/help/us/ysearch/slurp)"
66.249.65.169 - - [23/Dec/2008:22:42:26 +0100] "GET /framez-e-count.html HTTP/1.1" 200 4321 "-" "Mozilla/5.0 (compatible; Googlebot/2.1; +http://www.google.com/bot.html)"
68.142.212.219 - - [23/Dec/2008:23:09:44 +0100] "GET /robots.txt HTTP/1.0" 200 64 "-" "Mozilla/5.0 (Yahoo-MMCrawler/4.0; mailto:vertical-crawl-support@yahoo-inc.com)"
68.142.212.219 - - [23/Dec/2008:23:09:45 +0100] "GET /zampa/montenegro/slike/grosse/BATAg.jpg HTTP/1.0" 200 13940 "-" "Mozilla/5.0 (Yahoo-MMCrawler/4.0; mailto:vertical-crawl-support@yahoo-inc.com)"
66.249.65.169 - - [23/Dec/2008:23:51:15 +0100] "GET /robots.txt HTTP/1.1" 302 363 "-" "Mozilla/5.0 (compatible; Googlebot/2.1; +http://www.google.com/bot.html)"
66.249.65.169 - - [23/Dec/2008:23:51:16 +0100] "GET /zampa/robots.txt HTTP/1.1" 404 2748 "-" "Mozilla/5.0 (compatible; Googlebot/2.1; +http://www.google.com/bot.html)"
66.249.65.169 - - [23/Dec/2008:23:51:17 +0100] "GET /montenegro/index.html HTTP/1.1" 302 374 "-" "Mozilla/5.0 (compatible; Googlebot/2.1; +http://www.google.com/bot.html)"
68.142.212.219 - - [23/Dec/2008:23:51:20 +0100] "GET /zampa/slike/E6BIENNI.GIF HTTP/1.0" 200 33736 "-" "Mozilla/5.0 (Yahoo-MMCrawler/4.0; mailto:vertical-crawl-support@yahoo-inc.com)"
72.30.65.48 - - [23/Dec/2008:23:57:15 +0100] "GET /ie_menue.html HTTP/1.0" 404 2748 "-" "Mozilla/5.0 (compatible; Yahoo! Slurp; http://help.yahoo.com/help/us/ysearch/slurp)"
66.249.65.169 - - [23/Dec/2008:23:58:09 +0100] "GET /e-counter.html HTTP/1.1" 200 4047 "-" "Mozilla/5.0 (compatible; Googlebot/2.1; +http://www.google.com/bot.html)"
67.195.37.119 - - [24/Dec/2008:00:04:03 +0100] "GET /neon/code.html HTTP/1.0" 200 1109 "-" "Mozilla/5.0 (compatible; Yahoo! Slurp/3.0; http://help.yahoo.com/help/us/ysearch/slurp)"
81.52.143.16 - - [24/Dec/2008:00:13:56 +0100] "GET /f-web.html HTTP/1.1" 200 13605 "-" "Mozilla/5.0 (Windows; U; Windows NT 5.1; fr; rv:1.8.1) VoilaBot BETA 1.2 (support.voilabot@orange-ftgroup.com)"
66.249.65.169 - - [24/Dec/2008:00:46:20 +0100] "GET /f-channel1.html HTTP/1.1" 200 8471 "-" "Mozilla/5.0 (compatible; Googlebot/2.1; +http://www.google.com/bot.html)"
67.195.37.119 - - [24/Dec/2008:01:01:20 +0100] "GET /bmpp/euro_pal_111.html HTTP/1.0" 200 2129 "-" "Mozilla/5.0 (compatible; Yahoo! Slurp/3.0; http://help.yahoo.com/help/us/ysearch/slurp)"
67.195.37.119 - - [24/Dec/2008:01:06:05 +0100] "GET /logs/usage_200708.html HTTP/1.0" 200 111167 "-" "Mozilla/5.0 (compatible; Yahoo! Slurp/3.0; http://help.yahoo.com/help/us/ysearch/slurp)"
66.249.65.169 - - [24/Dec/2008:01:06:59 +0100] "GET /framez-net.html HTTP/1.1" 200 4319 "-" "Mozilla/5.0 (compatible; Googlebot/2.1; +http://www.google.com/bot.html)"
66.249.65.169 - - [24/Dec/2008:01:20:47 +0100] "GET /robots.txt HTTP/1.1" 200 64 "-" "Mozilla/5.0 (compatible; Googlebot/2.1; +http://www.google.com/bot.html)"
193.252.149.15 - - [24/Dec/2008:01:21:54 +0100] "GET /robots.txt HTTP/1.1" 200 64 "-" "Mozilla/5.0 (Windows; U; Windows NT 5.1; fr; rv:1.8.1) VoilaBot BETA 1.2 (support.voilabot@orange-ftgroup.com)"
193.252.149.15 - - [24/Dec/2008:01:22:05 +0100] "GET /f-channel1.html HTTP/1.1" 200 8471 "-" "Mozilla/5.0 (Windows; U; Windows NT 5.1; fr; rv:1.8.1) VoilaBot BETA 1.2 (support.voilabot@orange-ftgroup.com)"
72.30.65.48 - - [24/Dec/2008:01:22:52 +0100] "GET /f-contact.html HTTP/1.0" 200 6804 "-" "Mozilla/5.0 (compatible; Yahoo! Slurp; http://help.yahoo.com/help/us/ysearch/slurp)"
67.195.37.119 - - [24/Dec/2008:01:25:29 +0100] "GET /neon/girlz2.html HTTP/1.0" 200 2937 "-" "Mozilla/5.0 (compatible; Yahoo! Slurp/3.0; http://help.yahoo.com/help/us/ysearch/slurp)"
72.30.65.48 - - [24/Dec/2008:01:26:54 +0100] "GET /f-bannnerz.html HTTP/1.0" 200 12651 "-" "Mozilla/5.0 (compatible; Yahoo! Slurp; http://help.yahoo.com/help/us/ysearch/slurp)"
72.30.65.48 - - [24/Dec/2008:01:30:24 +0100] "GET /f-zeug.html HTTP/1.0" 200 48203 "-" "Mozilla/5.0 (compatible; Yahoo! Slurp; http://help.yahoo.com/help/us/ysearch/slurp)"
72.30.65.48 - - [24/Dec/2008:01:39:34 +0100] "GET /framez-rez.html HTTP/1.0" 200 4323 "-" "Mozilla/5.0 (compatible; Yahoo! Slurp/3.0; http://help.yahoo.com/help/us/ysearch/slurp)"
72.30.65.48 - - [24/Dec/2008:01:39:34 +0100] "GET /frame-menu.html HTTP/1.0" 200 10536 "http://www.various-euro.com/framez-rez.html" "Mozilla/5.0 (compatible; Yahoo! Slurp/3.0; http://help.yahoo.com/help/us/ysearch/slurp)"
72.30.65.48 - - [24/Dec/2008:01:39:34 +0100] "GET /f-rez.html HTTP/1.0" 200 9765 "http://www.various-euro.com/framez-rez.html" "Mozilla/5.0 (compatible; Yahoo! Slurp/3.0; http://help.yahoo.com/help/us/ysearch/slurp)"
72.30.65.48 - - [24/Dec/2008:01:39:34 +0100] "GET /frame-unten.html HTTP/1.0" 200 5308 "http://www.various-euro.com/framez-rez.html" "Mozilla/5.0 (compatible; Yahoo! Slurp/3.0; http://help.yahoo.com/help/us/ysearch/slurp)"
72.30.65.48 - - [24/Dec/2008:01:39:35 +0100] "GET /style/various-euro.css HTTP/1.0" 200 3437 "http://www.various-euro.com/frame-menu.html" "Mozilla/5.0 (compatible; Yahoo! Slurp/3.0; http://help.yahoo.com/help/us/ysearch/slurp)"
91.122.150.103 - - [24/Dec/2008:02:06:54 +0100] "GET /framez-schubb5.html HTTP/1.0" 200 4330 "http://www.various-euro.com/framez-schubb5.html" "Mozilla/4.0 (compatible; MSIE 6.0; Windows 98; Win 9x 4.90)"
208.80.194.46 - - [24/Dec/2008:02:15:50 +0100] "GET / HTTP/1.0" 200 7869 "-" "Mozilla/4.0 (compatible; MSIE 6.0; America Online Browser 1.1; rev1.2; Windows NT 5.1; SV1; FunWebProducts; .NET CLR 1.0.3705; .NET CLR 1.1.4322; Media Center PC 4.0; .NET CLR 2.0.50727)"
208.80.194.46 - - [24/Dec/2008:02:15:50 +0100] "GET / HTTP/1.0" 200 7869 "-" "Mozilla/4.0 (compatible; MSIE 6.0; Windows NT 5.1; {2E126B3F-1F10-43AB-AA3D-2DE408C19531}; SV1; SIMBAR Enabled; SIMBAR={36908E6A-C28B-4812-912F-F03B60FBB323}; SU 2.009)"
72.30.65.48 - - [24/Dec/2008:02:29:25 +0100] "GET /robots.txt HTTP/1.0" 200 64 "-" "Mozilla/5.0 (compatible; Yahoo! Slurp; http://help.yahoo.com/help/us/ysearch/slurp)"
72.30.65.48 - - [24/Dec/2008:02:29:26 +0100] "GET /logs/usage_200603.html HTTP/1.0" 200 109800 "-" "Mozilla/5.0 (compatible; Yahoo! Slurp; http://help.yahoo.com/help/us/ysearch/slurp)"
76.115.199.2 - - [24/Dec/2008:02:29:32 +0100] "GET / HTTP/1.1" 200 7869 "-" "Mozilla/5.0 (Windows; U; Windows NT 5.1; en-US; rv:1.9.0.5) Gecko/2008120122 Firefox/3.0.5"
76.115.199.2 - - [24/Dec/2008:02:29:32 +0100] "GET /ve-icon-2.ico HTTP/1.1" 200 2238 "-" "Mozilla/5.0 (Windows; U; Windows NT 5.1; en-US; rv:1.9.0.5) Gecko/2008120122 Firefox/3.0.5"
76.115.199.2 - - [24/Dec/2008:02:29:32 +0100] "GET /style/various-euro.css HTTP/1.1" 200 3437 "http://www.various-euro.com/" "Mozilla/5.0 (Windows; U; Windows NT 5.1; en-US; rv:1.9.0.5) Gecko/2008120122 Firefox/3.0.5"
76.115.199.2 - - [24/Dec/2008:02:29:33 +0100] "GET /framez_0.html HTTP/1.1" 200 12444 "http://www.various-euro.com/" "Mozilla/5.0 (Windows; U; Windows NT 5.1; en-US; rv:1.9.0.5) Gecko/2008120122 Firefox/3.0.5"
76.115.199.2 - - [24/Dec/2008:02:29:40 +0100] "GET /framez.html HTTP/1.1" 200 3959 "http://www.various-euro.com/framez_0.html" "Mozilla/5.0 (Windows; U; Windows NT 5.1; en-US; rv:1.9.0.5) Gecko/2008120122 Firefox/3.0.5"
76.115.199.2 - - [24/Dec/2008:02:29:40 +0100] "GET /frame-inhalt.html HTTP/1.1" 200 5418 "http://www.various-euro.com/framez.html" "Mozilla/5.0 (Windows; U; Windows NT 5.1; en-US; rv:1.9.0.5) Gecko/2008120122 Firefox/3.0.5"
76.115.199.2 - - [24/Dec/2008:02:29:40 +0100] "GET /frame-menu.html HTTP/1.1" 200 10536 "http://www.various-euro.com/framez.html" "Mozilla/5.0 (Windows; U; Windows NT 5.1; en-US; rv:1.9.0.5) Gecko/2008120122 Firefox/3.0.5"
76.115.199.2 - - [24/Dec/2008:02:29:40 +0100] "GET /frame-unten.html HTTP/1.1" 200 5308 "http://www.various-euro.com/framez.html" "Mozilla/5.0 (Windows; U; Windows NT 5.1; en-US; rv:1.9.0.5) Gecko/2008120122 Firefox/3.0.5"
76.115.199.2 - - [24/Dec/2008:02:29:41 +0100] "GET /eurosign3.gif HTTP/1.1" 200 7879 "http://www.various-euro.com/frame-inhalt.html" "Mozilla/5.0 (Windows; U; Windows NT 5.1; en-US; rv:1.9.0.5) Gecko/2008120122 Firefox/3.0.5"
76.115.199.2 - - [24/Dec/2008:02:29:41 +0100] "GET /bannerz/neon_click_1.gif HTTP/1.1" 200 890 "http://www.various-euro.com/frame-inhalt.html" "Mozilla/5.0 (Windows; U; Windows NT 5.1; en-US; rv:1.9.0.5) Gecko/2008120122 Firefox/3.0.5"
76.115.199.2 - - [24/Dec/2008:02:29:41 +0100] "GET /bannerz/neon_click_3.gif HTTP/1.1" 200 240 "http://www.various-euro.com/frame-inhalt.html" "Mozilla/5.0 (Windows; U; Windows NT 5.1; en-US; rv:1.9.0.5) Gecko/2008120122 Firefox/3.0.5"
76.115.199.2 - - [24/Dec/2008:02:29:41 +0100] "GET /bannerz/douwil.gif HTTP/1.1" 200 528 "http://www.various-euro.com/frame-inhalt.html" "Mozilla/5.0 (Windows; U; Windows NT 5.1; en-US; rv:1.9.0.5) Gecko/2008120122 Firefox/3.0.5"
76.115.199.2 - - [24/Dec/2008:02:29:41 +0100] "GET /bannerz/neon_click_2.gif HTTP/1.1" 200 387 "http://www.various-euro.com/frame-inhalt.html" "Mozilla/5.0 (Windows; U; Windows NT 5.1; en-US; rv:1.9.0.5) Gecko/2008120122 Firefox/3.0.5"
76.115.199.2 - - [24/Dec/2008:02:29:41 +0100] "GET /bannerz/wet.gif HTTP/1.1" 200 18561 "http://www.various-euro.com/frame-inhalt.html" "Mozilla/5.0 (Windows; U; Windows NT 5.1; en-US; rv:1.9.0.5) Gecko/2008120122 Firefox/3.0.5"
76.115.199.2 - - [24/Dec/2008:02:29:41 +0100] "GET /bannerz/ve.jpg HTTP/1.1" 200 36912 "http://www.various-euro.com/frame-unten.html" "Mozilla/5.0 (Windows; U; Windows NT 5.1; en-US; rv:1.9.0.5) Gecko/2008120122 Firefox/3.0.5"
76.115.199.2 - - [24/Dec/2008:02:29:42 +0100] "GET /bannerz/anti_black_small.gif HTTP/1.1" 200 1009 "http://www.various-euro.com/frame-inhalt.html" "Mozilla/5.0 (Windows; U; Windows NT 5.1; en-US; rv:1.9.0.5) Gecko/2008120122 Firefox/3.0.5"
76.115.199.2 - - [24/Dec/2008:02:29:42 +0100] "GET /bannerz/copyleft_black_small.gif HTTP/1.1" 200 1231 "http://www.various-euro.com/frame-inhalt.html" "Mozilla/5.0 (Windows; U; Windows NT 5.1; en-US; rv:1.9.0.5) Gecko/2008120122 Firefox/3.0.5"
76.115.199.2 - - [24/Dec/2008:02:29:42 +0100] "GET /bannerz/google/Logo_40blk.gif HTTP/1.1" 200 2308 "http://www.various-euro.com/frame-inhalt.html" "Mozilla/5.0 (Windows; U; Windows NT 5.1; en-US; rv:1.9.0.5) Gecko/2008120122 Firefox/3.0.5"
76.115.199.2 - - [24/Dec/2008:02:29:41 +0100] "GET /bannerz/goolag_468.jpg HTTP/1.1" 200 28285 "http://www.various-euro.com/frame-inhalt.html" "Mozilla/5.0 (Windows; U; Windows NT 5.1; en-US; rv:1.9.0.5) Gecko/2008120122 Firefox/3.0.5"
76.115.199.2 - - [24/Dec/2008:02:29:41 +0100] "GET /bannerz/various-euro-girl.jpg HTTP/1.1" 200 91514 "http://www.various-euro.com/frame-unten.html" "Mozilla/5.0 (Windows; U; Windows NT 5.1; en-US; rv:1.9.0.5) Gecko/2008120122 Firefox/3.0.5"
76.115.199.2 - - [24/Dec/2008:02:30:20 +0100] "GET /partnergegenberlin.html HTTP/1.1" 200 5022 "http://www.various-euro.com/frame-inhalt.html" "Mozilla/5.0 (Windows; U; Windows NT 5.1; en-US; rv:1.9.0.5) Gecko/2008120122 Firefox/3.0.5"
76.115.199.2 - - [24/Dec/2008:02:30:21 +0100] "GET /bannerz/logo-partnergegenberlin.png HTTP/1.1" 200 6341 "http://www.various-euro.com/partnergegenberlin.html" "Mozilla/5.0 (Windows; U; Windows NT 5.1; en-US; rv:1.9.0.5) Gecko/2008120122 Firefox/3.0.5"
76.115.199.2 - - [24/Dec/2008:02:30:21 +0100] "GET /bannerz/stasi-2-0.jpg HTTP/1.1" 200 42818 "http://www.various-euro.com/partnergegenberlin.html" "Mozilla/5.0 (Windows; U; Windows NT 5.1; en-US; rv:1.9.0.5) Gecko/2008120122 Firefox/3.0.5"
76.115.199.2 - - [24/Dec/2008:02:30:21 +0100] "GET /bannerz/kapitalismusdebatte.jpg HTTP/1.1" 200 69093 "http://www.various-euro.com/partnergegenberlin.html" "Mozilla/5.0 (Windows; U; Windows NT 5.1; en-US; rv:1.9.0.5) Gecko/2008120122 Firefox/3.0.5"
82.38.117.91 - - [24/Dec/2008:02:45:39 +0100] "GET /restate_copy.html HTTP/1.1" 200 16099 "-" "Mozilla/4.0 (compatible; MSIE 6.0; Windows NT 5.1; SV1)"
67.195.37.119 - - [24/Dec/2008:03:33:34 +0100] "GET /zampa/montenegro/ HTTP/1.0" 200 2651 "-" "Mozilla/5.0 (compatible; Yahoo! Slurp; http://help.yahoo.com/help/us/ysearch/slurp)"
72.30.65.48 - - [24/Dec/2008:03:52:32 +0100] "GET /neon/gigant.html HTTP/1.0" 200 408 "-" "Mozilla/5.0 (compatible; Yahoo! Slurp; http://help.yahoo.com/help/us/ysearch/slurp)"
72.30.65.48 - - [24/Dec/2008:04:33:32 +0100] "GET /f-horrorkatze.html HTTP/1.0" 200 7865 "-" "Mozilla/5.0 (compatible; Yahoo! Slurp; http://help.yahoo.com/help/us/ysearch/slurp)"
77.162.219.139 - - [24/Dec/2008:04:36:56 +0100] "GET http://various-euro.com/mailing/s.pl HTTP/1.0" 404 2748 "http://various-euro.com/mailing/s.pl" "Mozilla/4.0 (compatible; MSIE 6.0; Windows NT 5.1)"
77.162.219.139 - - [24/Dec/2008:04:36:56 +0100] "GET http://various-euro.com/mailme/mailme_orginal/s.pl HTTP/1.0" 404 2748 "http://various-euro.com/mailme/mailme_orginal/s.pl" "Mozilla/4.0 (compatible; MSIE 6.0; Windows NT 5.1)"
77.162.219.139 - - [24/Dec/2008:04:36:56 +0100] "GET http://various-euro.com/mailinglist/s.pl HTTP/1.0" 404 2748 "http://various-euro.com/mailinglist/s.pl" "Mozilla/4.0 (compatible; MSIE 6.0; Windows NT 5.1)"
77.162.219.139 - - [24/Dec/2008:04:36:56 +0100] "GET http://various-euro.com/mailmanager.pl HTTP/1.0" 404 2748 "http://various-euro.com/mailmanager.pl" "Mozilla/4.0 (compatible; MSIE 6.0; Windows NT 5.1)"
77.162.219.139 - - [24/Dec/2008:04:36:56 +0100] "GET http://various-euro.com/mailme/mailme_orginal/setup.pl HTTP/1.0" 404 2748 "http://various-euro.com/mailme/mailme_orginal/setup.pl" "Mozilla/4.0 (compatible; MSIE 6.0; Windows NT 5.1)"
77.162.219.139 - - [24/Dec/2008:04:36:56 +0100] "GET http://various-euro.com/mailme/mailme_orginal/subscribe_eng.pl HTTP/1.0" 404 2748 "http://various-euro.com/mailme/mailme_orginal/subscribe_eng.pl" "Mozilla/4.0 (compatible; MSIE 6.0; Windows NT 5.1)"
77.162.219.139 - - [24/Dec/2008:04:36:56 +0100] "GET http://various-euro.com/mailme/s.pl HTTP/1.0" 404 2748 "http://various-euro.com/mailme/s.pl" "Mozilla/4.0 (compatible; MSIE 6.0; Windows NT 5.1)"
77.162.219.139 - - [24/Dec/2008:04:36:56 +0100] "GET http://various-euro.com/mailme/smpro/s.cgi HTTP/1.0" 404 2748 "http://various-euro.com/mailme/smpro/s.cgi" "Mozilla/4.0 (compatible; MSIE 6.0; Windows NT 5.1)"
77.162.219.139 - - [24/Dec/2008:04:36:56 +0100] "GET http://various-euro.com/mailme/smpro/s.pl HTTP/1.0" 404 2748 "http://various-euro.com/mailme/smpro/s.pl" "Mozilla/4.0 (compatible; MSIE 6.0; Windows NT 5.1)"
77.162.219.139 - - [24/Dec/2008:04:36:56 +0100] "GET http://various-euro.com/mailme/subscribe_eng.pl HTTP/1.0" 404 2748 "http://various-euro.com/mailme/subscribe_eng.pl" "Mozilla/4.0 (compatible; MSIE 6.0; Windows NT 5.1)"
149.20.54.197 - - [24/Dec/2008:04:48:56 +0100] "GET /robots.txt HTTP/1.0" 200 64 "-" "Grub/2.0 (IOI crawler; http://index.isc.org/; crawl@index.isc.org)"
149.20.54.197 - - [24/Dec/2008:04:48:57 +0100] "GET /framez-rez.html HTTP/1.0" 200 4323 "-" "Grub/2.0 (IOI crawler; http://index.isc.org/; crawl@index.isc.org)"
38.100.8.50 - - [24/Dec/2008:05:39:47 +0100] "GET /robots.txt HTTP/1.1" 200 64 "-" "panscient.com"
38.100.8.50 - - [24/Dec/2008:05:39:48 +0100] "GET / HTTP/1.1" 200 7869 "-" "panscient.com"
38.100.8.50 - - [24/Dec/2008:05:39:49 +0100] "GET /framez.html HTTP/1.1" 200 3959 "-" "panscient.com"
38.100.8.50 - - [24/Dec/2008:05:39:50 +0100] "GET /frame-inhalt.html HTTP/1.1" 200 5418 "-" "panscient.com"
38.100.8.50 - - [24/Dec/2008:05:39:52 +0100] "GET /frame-menu.html HTTP/1.1" 200 10536 "-" "panscient.com"
38.100.8.50 - - [24/Dec/2008:05:39:53 +0100] "GET /robots.txt HTTP/1.1" 302 363 "-" "panscient.com"
38.100.8.50 - - [24/Dec/2008:05:39:53 +0100] "GET /zampa/robots.txt HTTP/1.1" 404 2748 "-" "panscient.com"
38.100.8.50 - - [24/Dec/2008:05:39:55 +0100] "GET /frame-unten.html HTTP/1.1" 200 5308 "-" "panscient.com"
38.100.8.50 - - [24/Dec/2008:05:39:59 +0100] "GET / HTTP/1.1" 302 353 "-" "panscient.com"
38.100.8.50 - - [24/Dec/2008:05:39:59 +0100] "GET /zampa/ HTTP/1.1" 200 7153 "-" "panscient.com"
38.100.8.50 - - [24/Dec/2008:05:40:00 +0100] "GET /zampa/montenegro/dajpare.html HTTP/1.1" 200 2503 "-" "panscient.com"
38.100.8.50 - - [24/Dec/2008:05:40:02 +0100] "GET /zampa/lybia/index.html HTTP/1.1" 200 3036 "-" "panscient.com"
38.100.8.50 - - [24/Dec/2008:05:40:04 +0100] "GET /f-sponsor.html HTTP/1.1" 200 8578 "-" "panscient.com"
38.100.8.50 - - [24/Dec/2008:05:40:07 +0100] "GET /f-world.html HTTP/1.1" 200 35590 "-" "panscient.com"
38.100.8.50 - - [24/Dec/2008:05:40:10 +0100] "GET /your_tour.html HTTP/1.1" 200 31668 "-" "panscient.com"
38.100.8.50 - - [24/Dec/2008:05:40:15 +0100] "GET /framez-world.html HTTP/1.1" 200 4325 "-" "panscient.com"
38.100.8.50 - - [24/Dec/2008:05:40:17 +0100] "GET /framez_0.html HTTP/1.1" 200 12444 "-" "panscient.com"
38.100.8.50 - - [24/Dec/2008:05:40:18 +0100] "GET /bmpp/euro_pal_1.html HTTP/1.1" 200 18252 "-" "panscient.com"
38.100.8.50 - - [24/Dec/2008:05:40:20 +0100] "GET /bmpp/euro_pal_3.html HTTP/1.1" 200 2489 "-" "panscient.com"
38.100.8.50 - - [24/Dec/2008:05:40:21 +0100] "GET /euro_pal_2.html HTTP/1.1" 404 2748 "-" "panscient.com"
38.100.8.50 - - [24/Dec/2008:05:40:24 +0100] "GET /euro_pal_3.html HTTP/1.1" 404 2748 "-" "panscient.com"
38.100.8.50 - - [24/Dec/2008:05:40:25 +0100] "GET /schubb/schubb-1.html HTTP/1.1" 200 9070 "-" "panscient.com"
38.100.8.50 - - [24/Dec/2008:05:40:26 +0100] "GET /framez-schubb.html HTTP/1.1" 200 4324 "-" "panscient.com"
38.100.8.50 - - [24/Dec/2008:05:40:30 +0100] "GET /bmpp/euro_pal_111.html HTTP/1.1" 200 2129 "-" "panscient.com"
38.100.8.50 - - [24/Dec/2008:05:40:32 +0100] "GET /f-horrorkatze.html HTTP/1.1" 200 7865 "-" "panscient.com"
38.100.8.50 - - [24/Dec/2008:05:40:33 +0100] "GET /crashhA.html HTTP/1.1" 404 2748 "-" "panscient.com"
38.100.8.50 - - [24/Dec/2008:05:40:35 +0100] "GET /bmpp/crashhA.html HTTP/1.1" 200 15304 "-" "panscient.com"
38.100.8.50 - - [24/Dec/2008:05:40:36 +0100] "GET /crashh3.html HTTP/1.1" 404 2748 "-" "panscient.com"
38.100.8.50 - - [24/Dec/2008:05:40:38 +0100] "GET /framez-pal111.html HTTP/1.1" 200 4328 "-" "panscient.com"
38.100.8.50 - - [24/Dec/2008:05:40:53 +0100] "GET /euro_pal_3a.html HTTP/1.1" 404 2748 "-" "panscient.com"
38.100.8.50 - - [24/Dec/2008:05:40:57 +0100] "GET /bmpp/euro_pal_3a.html HTTP/1.1" 200 330 "-" "panscient.com"
38.100.8.50 - - [24/Dec/2008:05:40:57 +0100] "GET /schubb/schubb-2.html HTTP/1.1" 200 16660 "-" "panscient.com"
38.100.8.50 - - [24/Dec/2008:05:40:58 +0100] "GET /framez-schubb2.html HTTP/1.1" 200 4314 "-" "panscient.com"
38.100.8.50 - - [24/Dec/2008:05:41:01 +0100] "GET /schubb/schubb-3.html HTTP/1.1" 200 17546 "-" "panscient.com"
38.100.8.50 - - [24/Dec/2008:05:41:05 +0100] "GET /schubb/schubb-4.html HTTP/1.1" 200 17746 "-" "panscient.com"
38.100.8.50 - - [24/Dec/2008:05:41:06 +0100] "GET /framez-schubb4.html HTTP/1.1" 200 4318 "-" "panscient.com"
38.100.8.50 - - [24/Dec/2008:05:41:07 +0100] "GET /schubb/schubb-5.html HTTP/1.1" 200 72944 "-" "panscient.com"
38.100.8.50 - - [24/Dec/2008:05:41:09 +0100] "GET /framez-schubb5.html HTTP/1.1" 200 4330 "-" "panscient.com"
38.100.8.50 - - [24/Dec/2008:05:41:13 +0100] "GET /framez-sponsor.html HTTP/1.1" 200 4325 "-" "panscient.com"
38.100.8.50 - - [24/Dec/2008:05:41:14 +0100] "GET /bmpp/crashh3.html HTTP/1.1" 200 9689 "-" "panscient.com"
38.100.8.50 - - [24/Dec/2008:05:41:16 +0100] "GET /flyer_cut3TT.html HTTP/1.1" 404 2748 "-" "panscient.com"
38.100.8.50 - - [24/Dec/2008:05:41:18 +0100] "GET /framez-schubb3.html HTTP/1.1" 200 4317 "-" "panscient.com"
38.100.8.50 - - [24/Dec/2008:05:41:21 +0100] "GET /neon/euro.html HTTP/1.1" 200 2212 "-" "panscient.com"
38.100.8.50 - - [24/Dec/2008:05:41:23 +0100] "GET /neon/channel.html HTTP/1.1" 200 1942 "-" "panscient.com"
38.100.8.50 - - [24/Dec/2008:05:41:24 +0100] "GET /f-contact.html HTTP/1.1" 200 6804 "-" "panscient.com"
38.100.8.50 - - [24/Dec/2008:05:41:25 +0100] "GET /neon/warning.html HTTP/1.1" 200 5134 "-" "panscient.com"
38.100.8.50 - - [24/Dec/2008:05:41:28 +0100] "GET /neon/click.html HTTP/1.1" 200 521 "-" "panscient.com"
38.100.8.50 - - [24/Dec/2008:05:41:28 +0100] "GET /partnergegenberlin.html HTTP/1.1" 200 5022 "-" "panscient.com"
38.100.8.50 - - [24/Dec/2008:05:41:29 +0100] "GET /framez-pgb.html HTTP/1.1" 200 4336 "-" "panscient.com"
38.100.8.50 - - [24/Dec/2008:05:41:31 +0100] "GET /neon/girlz3.html HTTP/1.1" 200 2479 "-" "panscient.com"
38.100.8.50 - - [24/Dec/2008:05:41:32 +0100] "GET /framez-contact.html HTTP/1.1" 200 4325 "-" "panscient.com"
38.100.8.50 - - [24/Dec/2008:05:41:34 +0100] "GET /neon/girlz2.html HTTP/1.1" 200 2937 "-" "panscient.com"
38.100.8.50 - - [24/Dec/2008:05:41:36 +0100] "GET /games/virtualcop/virtualcop.html HTTP/1.1" 200 4487 "-" "panscient.com"
38.100.8.50 - - [24/Dec/2008:05:41:40 +0100] "GET /games/virtualcop/virtualcop.swf HTTP/1.1" 200 2563562 "-" "panscient.com"
38.100.8.50 - - [24/Dec/2008:05:41:41 +0100] "GET /neon/slow-walk2.html HTTP/1.1" 200 1777 "-" "panscient.com"
38.100.8.50 - - [24/Dec/2008:05:41:43 +0100] "GET /neon/sushi.html HTTP/1.1" 200 687 "-" "panscient.com"
38.100.8.50 - - [24/Dec/2008:05:41:45 +0100] "GET /neon/warning2.html HTTP/1.1" 200 997 "-" "panscient.com"
38.100.8.50 - - [24/Dec/2008:05:41:47 +0100] "GET /f-net.html HTTP/1.1" 200 9913 "-" "panscient.com"
38.100.8.50 - - [24/Dec/2008:05:41:48 +0100] "GET /framez-girlz.html HTTP/1.1" 200 4271 "-" "panscient.com"
38.100.8.50 - - [24/Dec/2008:05:41:49 +0100] "GET /framez-girlz-neon.html HTTP/1.1" 200 4388 "-" "panscient.com"
38.100.8.50 - - [24/Dec/2008:05:41:51 +0100] "GET /bmpp/18.html HTTP/1.1" 200 4467 "-" "panscient.com"
38.100.8.50 - - [24/Dec/2008:05:41:53 +0100] "GET /framez-pal1.html HTTP/1.1" 200 4326 "-" "panscient.com"
38.100.8.50 - - [24/Dec/2008:05:41:54 +0100] "GET /f-other.html HTTP/1.1" 200 33189 "-" "panscient.com"
38.100.8.50 - - [24/Dec/2008:05:41:56 +0100] "GET /neon/europa.html HTTP/1.1" 200 389 "-" "panscient.com"
38.100.8.50 - - [24/Dec/2008:05:41:57 +0100] "GET /bmpp/18start.html HTTP/1.1" 200 320 "-" "panscient.com"
38.100.8.50 - - [24/Dec/2008:05:41:59 +0100] "GET /e-counter.html HTTP/1.1" 200 4047 "-" "panscient.com"
38.100.8.50 - - [24/Dec/2008:05:42:00 +0100] "GET /neon/biggtani.html HTTP/1.1" 200 1698 "-" "panscient.com"
38.100.8.50 - - [24/Dec/2008:05:42:02 +0100] "GET /bmpp/flyer_cut3TT.html HTTP/1.1" 200 20277 "-" "panscient.com"
38.100.8.50 - - [24/Dec/2008:05:42:03 +0100] "GET /f-actions.html HTTP/1.1" 200 10429 "-" "panscient.com"
38.100.8.50 - - [24/Dec/2008:05:42:05 +0100] "GET /framez-actions.html HTTP/1.1" 200 4322 "-" "panscient.com"
38.100.8.50 - - [24/Dec/2008:05:42:07 +0100] "GET /bmpp/flyer_cut3.html HTTP/1.1" 200 13727 "-" "panscient.com"
38.100.8.50 - - [24/Dec/2008:05:42:08 +0100] "GET /f-rez.html HTTP/1.1" 200 9765 "-" "panscient.com"
38.100.8.50 - - [24/Dec/2008:05:42:10 +0100] "GET /bmpp/flyer_cut3x.html HTTP/1.1" 200 15300 "-" "panscient.com"
38.100.8.50 - - [24/Dec/2008:05:42:12 +0100] "GET /framez-rez.html HTTP/1.1" 200 4323 "-" "panscient.com"
38.100.8.50 - - [24/Dec/2008:05:42:14 +0100] "GET /flyer_cut3.html HTTP/1.1" 404 2748 "-" "panscient.com"
38.100.8.50 - - [24/Dec/2008:05:42:15 +0100] "GET /zampa-lovers/index.html HTTP/1.1" 200 37790 "-" "panscient.com"
38.100.8.50 - - [24/Dec/2008:05:42:16 +0100] "GET /f-zeug.html HTTP/1.1" 200 48203 "-" "panscient.com"
38.100.8.50 - - [24/Dec/2008:05:42:18 +0100] "GET /framez-zeug.html HTTP/1.1" 200 4311 "-" "panscient.com"
38.100.8.50 - - [24/Dec/2008:05:42:35 +0100] "GET /framez-zampa-lovers.html HTTP/1.1" 200 4322 "-" "panscient.com"
38.100.8.50 - - [24/Dec/2008:05:42:36 +0100] "GET /flyer_cut3x.html HTTP/1.1" 404 2748 "-" "panscient.com"
38.100.8.50 - - [24/Dec/2008:05:42:37 +0100] "GET /bmpp/euro_pal_2.html HTTP/1.1" 200 5109 "-" "panscient.com"
38.100.8.50 - - [24/Dec/2008:05:42:41 +0100] "GET /euro_pal_4.html HTTP/1.1" 404 2748 "-" "panscient.com"
38.100.8.50 - - [24/Dec/2008:05:42:43 +0100] "GET /bmpp/euro_pal_4.html HTTP/1.1" 200 5673 "-" "panscient.com"
38.100.8.50 - - [24/Dec/2008:05:42:44 +0100] "GET /bmpp/euro_pal_11.html HTTP/1.1" 200 1815 "-" "panscient.com"
38.100.8.50 - - [24/Dec/2008:05:42:45 +0100] "GET /neon/slow-walk.html HTTP/1.1" 200 1640 "-" "panscient.com"
38.100.8.50 - - [24/Dec/2008:05:42:46 +0100] "GET /neon/code.html HTTP/1.1" 200 1109 "-" "panscient.com"
38.100.8.50 - - [24/Dec/2008:05:42:48 +0100] "GET /neon/girl-tv.html HTTP/1.1" 200 1717 "-" "panscient.com"
38.100.8.50 - - [24/Dec/2008:05:42:49 +0100] "GET /bmpp/18_x.html HTTP/1.1" 200 1100 "-" "panscient.com"
38.100.8.50 - - [24/Dec/2008:05:42:51 +0100] "GET /bmpp/18asi_2.html HTTP/1.1" 200 8674 "-" "panscient.com"
38.100.8.50 - - [24/Dec/2008:05:42:52 +0100] "GET /neon/large.html HTTP/1.1" 200 1547 "-" "panscient.com"
38.100.8.50 - - [24/Dec/2008:05:42:55 +0100] "GET /neon/annniiii.html HTTP/1.1" 200 686 "-" "panscient.com"
38.100.8.50 - - [24/Dec/2008:05:42:57 +0100] "GET /framez-e-count.html HTTP/1.1" 200 4321 "-" "panscient.com"
38.100.8.50 - - [24/Dec/2008:05:42:58 +0100] "GET /zampa/montenegro/contributions.html HTTP/1.1" 200 18843 "-" "panscient.com"
38.100.8.50 - - [24/Dec/2008:05:43:00 +0100] "GET /zampa/wonderland/index.html HTTP/1.1" 200 2084 "-" "panscient.com"
38.100.8.50 - - [24/Dec/2008:05:43:01 +0100] "GET /sendi_agent.html HTTP/1.1" 200 6213 "-" "panscient.com"
38.100.8.50 - - [24/Dec/2008:05:43:04 +0100] "GET /3dsf3/sendi/index.html HTTP/1.1" 200 1837 "-" "panscient.com"
38.100.8.50 - - [24/Dec/2008:05:43:08 +0100] "GET /3dsf3/sendi/sendisendi.html HTTP/1.1" 200 5118 "-" "panscient.com"
38.100.8.50 - - [24/Dec/2008:05:43:08 +0100] "GET /3dsf3/sendi/receiver.html HTTP/1.1" 200 1402 "-" "panscient.com"
38.100.8.50 - - [24/Dec/2008:05:43:09 +0100] "GET /3dsf3/sendi/body.html HTTP/1.1" 200 1322 "-" "panscient.com"
38.100.8.50 - - [24/Dec/2008:05:43:10 +0100] "GET /3dsf3/sendi/catastrophe.html HTTP/1.1" 200 1322 "-" "panscient.com"
38.100.8.50 - - [24/Dec/2008:05:43:12 +0100] "GET /3dsf3/sendi/sacrifice.html HTTP/1.1" 200 1309 "-" "panscient.com"
38.100.8.50 - - [24/Dec/2008:05:43:14 +0100] "GET /3dsf3/sendi/rituals.html HTTP/1.1" 200 1411 "-" "panscient.com"
38.100.8.50 - - [24/Dec/2008:05:43:15 +0100] "GET /3dsf3/sendi/utopia.html HTTP/1.1" 200 1295 "-" "panscient.com"
38.100.8.50 - - [24/Dec/2008:05:43:16 +0100] "GET /f-search.html HTTP/1.1" 200 11800 "-" "panscient.com"
38.100.8.50 - - [24/Dec/2008:05:43:19 +0100] "GET /zampa/montenegro/BATAW.html HTTP/1.1" 200 860 "-" "panscient.com"
38.100.8.50 - - [24/Dec/2008:05:43:20 +0100] "GET /3dsf3/sendi/animals.html HTTP/1.1" 200 1422 "-" "panscient.com"
38.100.8.50 - - [24/Dec/2008:05:43:22 +0100] "GET /3dsf3/sendi/connection.html HTTP/1.1" 200 1336 "-" "panscient.com"
38.100.8.50 - - [24/Dec/2008:05:43:23 +0100] "GET /framez-net.html HTTP/1.1" 200 4319 "-" "panscient.com"
38.100.8.50 - - [24/Dec/2008:05:43:24 +0100] "GET /zampa/montenegro/index.html HTTP/1.1" 200 2651 "-" "panscient.com"
38.100.8.50 - - [24/Dec/2008:05:43:25 +0100] "GET /zampa/montenegro/TESLAW.html HTTP/1.1" 200 861 "-" "panscient.com"
38.100.8.50 - - [24/Dec/2008:05:43:27 +0100] "GET /3dsf3/sendi/communication.html HTTP/1.1" 200 1331 "-" "panscient.com"
38.100.8.50 - - [24/Dec/2008:05:43:28 +0100] "GET /Mozilla/3 HTTP/1.1" 404 2748 "-" "panscient.com"
38.100.8.50 - - [24/Dec/2008:05:43:29 +0100] "GET /Mozilla/2 HTTP/1.1" 404 2748 "-" "panscient.com"
38.100.8.50 - - [24/Dec/2008:05:43:33 +0100] "GET /Mozilla/4 HTTP/1.1" 404 2748 "-" "panscient.com"
38.100.8.50 - - [24/Dec/2008:05:43:35 +0100] "GET /rez/ HTTP/1.1" 403 1223 "-" "panscient.com"
38.100.8.50 - - [24/Dec/2008:05:43:37 +0100] "GET /f-bannnerz.html HTTP/1.1" 200 12651 "-" "panscient.com"
38.100.8.50 - - [24/Dec/2008:05:43:38 +0100] "GET /restate_copy.html HTTP/1.1" 200 97631 "-" "panscient.com"
72.30.65.48 - - [24/Dec/2008:05:43:39 +0100] "GET /f-logz_old.html HTTP/1.0" 200 43773 "-" "Mozilla/5.0 (compatible; Yahoo! Slurp; http://help.yahoo.com/help/us/ysearch/slurp)"
38.100.8.50 - - [24/Dec/2008:05:43:41 +0100] "GET /menueleiste.js HTTP/1.1" 404 2748 "-" "panscient.com"
38.100.8.50 - - [24/Dec/2008:05:43:43 +0100] "GET /warez.html HTTP/1.1" 200 9754 "-" "panscient.com"
38.100.8.50 - - [24/Dec/2008:05:43:43 +0100] "GET /tour_1.html HTTP/1.1" 404 2748 "-" "panscient.com"
38.100.8.50 - - [24/Dec/2008:05:44:01 +0100] "GET /euro.html HTTP/1.1" 404 2748 "-" "panscient.com"
38.100.8.50 - - [24/Dec/2008:05:44:03 +0100] "GET /world.html HTTP/1.1" 200 16295 "-" "panscient.com"
38.100.8.50 - - [24/Dec/2008:05:44:04 +0100] "GET /logz.html HTTP/1.1" 404 2748 "-" "panscient.com"
38.100.8.50 - - [24/Dec/2008:05:44:07 +0100] "GET /bannnerz.html HTTP/1.1" 404 2748 "-" "panscient.com"
38.100.8.50 - - [24/Dec/2008:05:44:07 +0100] "GET /framez-restate.html HTTP/1.1" 200 4328 "-" "panscient.com"
38.100.8.50 - - [24/Dec/2008:05:44:08 +0100] "GET /channel1.html HTTP/1.1" 404 2748 "-" "panscient.com"
38.100.8.50 - - [24/Dec/2008:05:44:10 +0100] "GET /framez-warez.html HTTP/1.1" 200 4322 "-" "panscient.com"
38.100.8.50 - - [24/Dec/2008:05:44:12 +0100] "GET /f-warez.html HTTP/1.1" 200 10953 "-" "panscient.com"
38.100.8.50 - - [24/Dec/2008:05:44:14 +0100] "GET /f-doku-brau.html HTTP/1.1" 200 7152 "-" "panscient.com"
38.100.8.50 - - [24/Dec/2008:05:44:15 +0100] "GET /framez-dbrau.html HTTP/1.1" 200 4313 "-" "panscient.com"
38.100.8.50 - - [24/Dec/2008:05:44:17 +0100] "GET /prog.html HTTP/1.1" 404 2748 "-" "panscient.com"
38.100.8.50 - - [24/Dec/2008:05:44:18 +0100] "GET /logz_old.html HTTP/1.1" 404 2748 "-" "panscient.com"
38.100.8.50 - - [24/Dec/2008:05:44:19 +0100] "GET /zampa/montenegro/SEKAW.html HTTP/1.1" 200 860 "-" "panscient.com"
38.100.8.50 - - [24/Dec/2008:05:44:20 +0100] "GET /net.html HTTP/1.1" 404 2748 "-" "panscient.com"
38.100.8.50 - - [24/Dec/2008:05:44:22 +0100] "GET /f-euro.html HTTP/1.1" 200 12203 "-" "panscient.com"
38.100.8.50 - - [24/Dec/2008:05:44:26 +0100] "GET /framez-search.html HTTP/1.1" 200 4326 "-" "panscient.com"
38.100.8.50 - - [24/Dec/2008:05:44:26 +0100] "GET /framez-euro.html HTTP/1.1" 200 4319 "-" "panscient.com"
38.100.8.50 - - [24/Dec/2008:05:44:28 +0100] "GET /menue.html HTTP/1.1" 404 2748 "-" "panscient.com"
38.100.8.50 - - [24/Dec/2008:05:44:29 +0100] "GET /contact.html HTTP/1.1" 404 2748 "-" "panscient.com"
38.100.8.50 - - [24/Dec/2008:05:44:31 +0100] "GET /tour1_new.html HTTP/1.1" 404 2748 "-" "panscient.com"
38.100.8.50 - - [24/Dec/2008:05:44:32 +0100] "GET /3dsf3/sendi/hyperreality.html HTTP/1.1" 200 1436 "-" "panscient.com"
38.100.8.50 - - [24/Dec/2008:05:44:33 +0100] "GET /DgH/bull/index.html HTTP/1.1" 200 1915 "-" "panscient.com"
38.100.8.50 - - [24/Dec/2008:05:44:35 +0100] "GET /DgH/orginal/index.html HTTP/1.1" 200 1727 "-" "panscient.com"
75.49.46.158 - - [24/Dec/2008:06:01:20 +0100] "GET / HTTP/1.1" 200 7869 "-" "Mozilla/5.0 (Windows; U; Windows NT 6.0; en-US; rv:1.9.0.4) Gecko/2008102920 Firefox/3.0.4"
66.249.65.169 - - [24/Dec/2008:06:16:38 +0100] "GET /robots.txt HTTP/1.1" 200 64 "-" "Mozilla/5.0 (compatible; Googlebot/2.1; +http://www.google.com/bot.html)"
66.249.65.169 - - [24/Dec/2008:06:16:38 +0100] "GET /neon/annniiii.html HTTP/1.1" 200 686 "-" "Mozilla/5.0 (compatible; Googlebot/2.1; +http://www.google.com/bot.html)"
67.195.37.119 - - [24/Dec/2008:06:51:21 +0100] "GET /zampa/montenegro/index.html HTTP/1.0" 200 2651 "-" "Mozilla/5.0 (compatible; Yahoo! Slurp/3.0; http://help.yahoo.com/help/us/ysearch/slurp)"
66.249.65.169 - - [24/Dec/2008:07:07:34 +0100] "GET /robots.txt HTTP/1.1" 200 64 "-" "Mozilla/5.0 (compatible; Googlebot/2.1; +http://www.google.com/bot.html)"
66.249.65.169 - - [24/Dec/2008:07:07:34 +0100] "GET / HTTP/1.1" 200 7869 "-" "Mozilla/5.0 (compatible; Googlebot/2.1; +http://www.google.com/bot.html)"
66.249.65.169 - - [24/Dec/2008:07:13:04 +0100] "GET / HTTP/1.1" 200 7869 "-" "Mozilla/5.0 (compatible; Googlebot/2.1; +http://www.google.com/bot.html)"
72.30.65.48 - - [24/Dec/2008:07:32:45 +0100] "GET /neon/annniiii.html HTTP/1.0" 200 686 "-" "Mozilla/5.0 (compatible; Yahoo! Slurp; http://help.yahoo.com/help/us/ysearch/slurp)"
66.249.65.169 - - [24/Dec/2008:07:54:36 +0100] "GET /menue.html HTTP/1.1" 404 2748 "-" "Mozilla/5.0 (compatible; Googlebot/2.1; +http://www.google.com/bot.html)"
72.14.199.117 - - [24/Dec/2008:08:07:52 +0100] "GET /framez-rez.html HTTP/1.1" 200 4323 "-" "DoCoMo/2.0 N905i(c100;TB;W24H16) (compatible; Googlebot-Mobile/2.1; +http://www.google.com/bot.html)"
72.30.65.48 - - [24/Dec/2008:08:08:54 +0100] "GET /neon/behindd.html HTTP/1.0" 200 476 "-" "Mozilla/5.0 (compatible; Yahoo! Slurp; http://help.yahoo.com/help/us/ysearch/slurp)"
208.36.144.10 - - [24/Dec/2008:09:04:40 +0100] "GET /robots.txt HTTP/1.0" 200 64 "-" "Mozilla/5.0 (Twiceler-0.9 http://www.cuil.com/twiceler/robot.html)"
66.249.65.169 - - [24/Dec/2008:09:06:06 +0100] "GET /framez-zampa-lovers.html HTTP/1.1" 200 4322 "-" "Mozilla/5.0 (compatible; Googlebot/2.1; +http://www.google.com/bot.html)"
65.55.211.170 - - [24/Dec/2008:10:19:58 +0100] "GET /robots.txt HTTP/1.1" 200 64 "-" "msnbot/1.1 (+http://search.msn.com/msnbot.htm)"
65.55.211.170 - - [24/Dec/2008:10:19:58 +0100] "GET /contact.html HTTP/1.1" 404 2748 "-" "msnbot/1.1 (+http://search.msn.com/msnbot.htm)"
65.55.211.170 - - [24/Dec/2008:10:19:59 +0100] "GET /net.html HTTP/1.1" 404 2748 "-" "msnbot/1.1 (+http://search.msn.com/msnbot.htm)"
65.55.211.170 - - [24/Dec/2008:10:19:59 +0100] "GET /logz_old.html HTTP/1.1" 404 2748 "-" "msnbot/1.1 (+http://search.msn.com/msnbot.htm)"
67.195.37.119 - - [24/Dec/2008:10:20:41 +0100] "GET /f-world.html HTTP/1.0" 200 35590 "-" "Mozilla/5.0 (compatible; Yahoo! Slurp/3.0; http://help.yahoo.com/help/us/ysearch/slurp)"
193.252.149.16 - - [24/Dec/2008:11:29:10 +0100] "GET /neon/sushi.html HTTP/1.1" 200 687 "-" "Mozilla/5.0 (Windows; U; Windows NT 5.1; fr; rv:1.8.1) VoilaBot BETA 1.2 (support.voilabot@orange-ftgroup.com)"
72.30.65.48 - - [24/Dec/2008:11:48:46 +0100] "GET /logs/usage_200607.html HTTP/1.0" 200 109660 "-" "Mozilla/5.0 (compatible; Yahoo! Slurp; http://help.yahoo.com/help/us/ysearch/slurp)"
66.235.124.7 - - [24/Dec/2008:12:02:51 +0100] "GET /robots.txt HTTP/1.1" 200 64 "-" "Mozilla/5.0 (compatible; Ask Jeeves/Teoma; +http://about.ask.com/en/docs/about/webmasters.shtml)"
