66.235.124.7 - - [24/Dec/2008:12:03:07 +0100] "GET /framez-zampa-lovers.html HTTP/1.1" 200 4322 "-" "Mozilla/5.0 (compatible; Ask Jeeves/Teoma; +http://about.ask.com/en/docs/about/webmasters.shtml)"
66.235.124.7 - - [24/Dec/2008:12:03:07 +0100] "GET /frame-menu.html HTTP/1.1" 200 10536 "-" "Mozilla/5.0 (compatible; Ask Jeeves/Teoma; +http://about.ask.com/en/docs/about/webmasters.shtml)"
66.235.124.7 - - [24/Dec/2008:12:03:07 +0100] "GET /zampa-lovers/index.html HTTP/1.1" 200 37790 "-" "Mozilla/5.0 (compatible; Ask Jeeves/Teoma; +http://about.ask.com/en/docs/about/webmasters.shtml)"
66.235.124.7 - - [24/Dec/2008:12:03:08 +0100] "GET /frame-unten.html HTTP/1.1" 200 5308 "-" "Mozilla/5.0 (compatible; Ask Jeeves/Teoma; +http://about.ask.com/en/docs/about/webmasters.shtml)"
67.195.37.119 - - [24/Dec/2008:12:12:17 +0100] "GET /robots.txt HTTP/1.0" 200 64 "-" "Mozilla/5.0 (compatible; Yahoo! Slurp; http://help.yahoo.com/help/us/ysearch/slurp)"
67.195.37.119 - - [24/Dec/2008:12:12:17 +0100] "GET /partnergegenberlin.html HTTP/1.0" 200 5022 "-" "Mozilla/5.0 (compatible; Yahoo! Slurp; http://help.yahoo.com/help/us/ysearch/slurp)"
67.195.37.119 - - [24/Dec/2008:12:19:18 +0100] "GET /robots.txt HTTP/1.0" 200 64 "-" "Mozilla/5.0 (compatible; Yahoo! Slurp; http://help.yahoo.com/help/us/ysearch/slurp)"
67.195.37.119 - - [24/Dec/2008:12:19:18 +0100] "GET /games/virtualcop/virtualcop.html HTTP/1.0" 200 4487 "-" "Mozilla/5.0 (compatible; Yahoo! Slurp; http://help.yahoo.com/help/us/ysearch/slurp)"
81.52.143.26 - - [24/Dec/2008:12:24:55 +0100] "GET /robots.txt HTTP/1.1" 200 64 "-" "Mozilla/5.0 (Windows; U; Windows NT 5.1; fr; rv:1.8.1) VoilaBot BETA 1.2 (support.voilabot@orange-ftgroup.com)"
81.52.143.26 - - [24/Dec/2008:12:25:10 +0100] "GET /neon/warning2.html HTTP/1.1" 200 997 "-" "Mozilla/5.0 (Windows; U; Windows NT 5.1; fr; rv:1.8.1) VoilaBot BETA 1.2 (support.voilabot@orange-ftgroup.com)"
67.195.37.119 - - [24/Dec/2008:12:35:17 +0100] "GET /schubb/schubb-1.html HTTP/1.0" 200 9070 "-" "Mozilla/5.0 (compatible; Yahoo! Slurp; http://help.yahoo.com/help/us/ysearch/slurp)"
81.52.143.26 - - [24/Dec/2008:12:47:07 +0100] "GET /neon/left-one-new.html HTTP/1.1" 200 1483 "-" "Mozilla/5.0 (Windows; U; Windows NT 5.1; fr; rv:1.8.1) VoilaBot BETA 1.2 (support.voilabot@orange-ftgroup.com)"
81.52.143.26 - - [24/Dec/2008:12:50:52 +0100] "GET /neon/annniiii.html HTTP/1.1" 200 686 "-" "Mozilla/5.0 (Windows; U; Windows NT 5.1; fr; rv:1.8.1) VoilaBot BETA 1.2 (support.voilabot@orange-ftgroup.com)"
66.249.65.169 - - [24/Dec/2008:13:05:17 +0100] "GET /logs/usage_200812.html HTTP/1.1" 404 2748 "-" "Mozilla/5.0 (compatible; Googlebot/2.1; +http://www.google.com/bot.html)"
81.52.143.26 - - [24/Dec/2008:13:10:33 +0100] "GET /bmpp/18asi_2.html HTTP/1.1" 200 8674 "-" "Mozilla/5.0 (Windows; U; Windows NT 5.1; fr; rv:1.8.1) VoilaBot BETA 1.2 (support.voilabot@orange-ftgroup.com)"
82.33.101.189 - - [24/Dec/2008:13:22:38 +0100] "GET /framez-schubb5.html HTTP/1.0" 200 4330 "-" "Mozilla/4.61 [en] (X11; U; ) - BrowseX (2.0.0 Windows)"
82.33.101.189 - - [24/Dec/2008:13:22:45 +0100] "GET /frame-menu.html HTTP/1.0" 200 10536 "-" "Mozilla/4.61 [en] (X11; U; ) - BrowseX (2.0.0 Windows)"
82.33.101.189 - - [24/Dec/2008:13:22:54 +0100] "GET /schubb/schubb-5.html HTTP/1.0" 200 72944 "-" "Mozilla/4.61 [en] (X11; U; ) - BrowseX (2.0.0 Windows)"
82.33.101.189 - - [24/Dec/2008:13:23:56 +0100] "GET /frame-unten.html HTTP/1.0" 200 5308 "-" "Mozilla/4.61 [en] (X11; U; ) - BrowseX (2.0.0 Windows)"
72.30.65.48 - - [24/Dec/2008:13:58:14 +0100] "GET /warez.html HTTP/1.0" 200 9754 "-" "Mozilla/5.0 (compatible; Yahoo! Slurp; http://help.yahoo.com/help/us/ysearch/slurp)"
65.98.224.6 - - [24/Dec/2008:15:07:00 +0100] "GET /robots.txt HTTP/1.0" 200 64 "-" "TurnitinBot/2.1 (http://www.turnitin.com/robot/crawlerinfo.html)"
65.98.224.6 - - [24/Dec/2008:15:07:27 +0100] "GET /f-search.html HTTP/1.0" 200 11800 "-" "TurnitinBot/2.1 (http://www.turnitin.com/robot/crawlerinfo.html)"
65.98.224.6 - - [24/Dec/2008:15:07:57 +0100] "GET /your_tour.html HTTP/1.0" 200 31738 "-" "TurnitinBot/2.1 (http://www.turnitin.com/robot/crawlerinfo.html)"
64.1.215.165 - - [24/Dec/2008:15:18:57 +0100] "GET /robots.txt HTTP/1.0" 200 64 "-" "Mozilla/5.0 (Twiceler-0.9 http://www.cuil.com/twiceler/robot.html)"
193.252.149.16 - - [24/Dec/2008:16:20:36 +0100] "GET /neon/girl-tv.html HTTP/1.1" 200 1717 "-" "Mozilla/5.0 (Windows; U; Windows NT 5.1; fr; rv:1.8.1) VoilaBot BETA 1.2 (support.voilabot@orange-ftgroup.com)"
74.6.22.104 - - [24/Dec/2008:17:02:01 +0100] "GET /robots.txt HTTP/1.0" 200 64 "-" "Mozilla/5.0 (compatible; Yahoo! Slurp; http://help.yahoo.com/help/us/ysearch/slurp)"
74.6.22.104 - - [24/Dec/2008:17:02:02 +0100] "GET /logs/usage_200606.html HTTP/1.0" 200 108082 "-" "Mozilla/5.0 (compatible; Yahoo! Slurp; http://help.yahoo.com/help/us/ysearch/slurp)"
67.195.37.119 - - [24/Dec/2008:17:50:45 +0100] "GET /f-sponsor.html HTTP/1.0" 200 8578 "-" "Mozilla/5.0 (compatible; Yahoo! Slurp/3.0; http://help.yahoo.com/help/us/ysearch/slurp)"
67.172.23.179 - - [24/Dec/2008:18:20:58 +0100] "GET /neon/click.html HTTP/1.1" 200 521 "http://www.google.com/search?q=adulteuros&rls=com.microsoft:en-us:IE-SearchBox&ie=UTF-8&oe=UTF-8&sourceid=ie7&rlz=1I7GGIE_en" "Mozilla/4.0 (compatible; MSIE 7.0; Windows NT 5.1; FunWebProducts; SIMBAR={3A279DF2-A519-4094-89BB-949F6B120CDD}; Media Center PC 3.0; .NET CLR 1.0.3705; .NET CLR 1.1.4322; .NET CLR 2.0.50727)"
67.172.23.179 - - [24/Dec/2008:18:20:58 +0100] "GET /neon/blacksatin.jpg HTTP/1.1" 200 5695 "http://www.various-euro.com/neon/click.html" "Mozilla/4.0 (compatible; MSIE 7.0; Windows NT 5.1; FunWebProducts; SIMBAR={3A279DF2-A519-4094-89BB-949F6B120CDD}; Media Center PC 3.0; .NET CLR 1.0.3705; .NET CLR 1.1.4322; .NET CLR 2.0.50727)"
67.172.23.179 - - [24/Dec/2008:18:20:59 +0100] "GET /neon/clicktoenter.gif HTTP/1.1" 200 16302 "http://www.various-euro.com/neon/click.html" "Mozilla/4.0 (compatible; MSIE 7.0; Windows NT 5.1; FunWebProducts; SIMBAR={3A279DF2-A519-4094-89BB-949F6B120CDD}; Media Center PC 3.0; .NET CLR 1.0.3705; .NET CLR 1.1.4322; .NET CLR 2.0.50727)"
67.172.23.179 - - [24/Dec/2008:18:20:58 +0100] "GET /vgirls/hyg1.gif HTTP/1.1" 200 29672 "http://www.various-euro.com/neon/click.html" "Mozilla/4.0 (compatible; MSIE 7.0; Windows NT 5.1; FunWebProducts; SIMBAR={3A279DF2-A519-4094-89BB-949F6B120CDD}; Media Center PC 3.0; .NET CLR 1.0.3705; .NET CLR 1.1.4322; .NET CLR 2.0.50727)"
67.172.23.179 - - [24/Dec/2008:18:20:59 +0100] "GET /favicon.ico HTTP/1.1" 404 2748 "-" "Mozilla/4.0 (compatible; MSIE 7.0; Windows NT 5.1; FunWebProducts; SIMBAR={3A279DF2-A519-4094-89BB-949F6B120CDD}; Media Center PC 3.0; .NET CLR 1.0.3705; .NET CLR 1.1.4322; .NET CLR 2.0.50727)"
67.172.23.179 - - [24/Dec/2008:18:21:06 +0100] "GET /neon/sushi.html HTTP/1.1" 200 687 "http://www.various-euro.com/neon/click.html" "Mozilla/4.0 (compatible; MSIE 7.0; Windows NT 5.1; FunWebProducts; SIMBAR={3A279DF2-A519-4094-89BB-949F6B120CDD}; Media Center PC 3.0; .NET CLR 1.0.3705; .NET CLR 1.1.4322; .NET CLR 2.0.50727)"
67.172.23.179 - - [24/Dec/2008:18:21:07 +0100] "GET /neon/rawsuishi3.gif HTTP/1.1" 200 7327 "http://www.various-euro.com/neon/sushi.html" "Mozilla/4.0 (compatible; MSIE 7.0; Windows NT 5.1; FunWebProducts; SIMBAR={3A279DF2-A519-4094-89BB-949F6B120CDD}; Media Center PC 3.0; .NET CLR 1.0.3705; .NET CLR 1.1.4322; .NET CLR 2.0.50727)"
67.172.23.179 - - [24/Dec/2008:18:21:17 +0100] "GET /framez-girlz-neon.html HTTP/1.1" 200 4388 "http://www.various-euro.com/neon/sushi.html" "Mozilla/4.0 (compatible; MSIE 7.0; Windows NT 5.1; FunWebProducts; SIMBAR={3A279DF2-A519-4094-89BB-949F6B120CDD}; Media Center PC 3.0; .NET CLR 1.0.3705; .NET CLR 1.1.4322; .NET CLR 2.0.50727)"
67.172.23.179 - - [24/Dec/2008:18:21:18 +0100] "GET /frame-menu.html HTTP/1.1" 200 10536 "http://www.various-euro.com/framez-girlz-neon.html" "Mozilla/4.0 (compatible; MSIE 7.0; Windows NT 5.1; FunWebProducts; SIMBAR={3A279DF2-A519-4094-89BB-949F6B120CDD}; Media Center PC 3.0; .NET CLR 1.0.3705; .NET CLR 1.1.4322; .NET CLR 2.0.50727)"
67.172.23.179 - - [24/Dec/2008:18:21:18 +0100] "GET /neon/girlz2.html HTTP/1.1" 200 2937 "http://www.various-euro.com/framez-girlz-neon.html" "Mozilla/4.0 (compatible; MSIE 7.0; Windows NT 5.1; FunWebProducts; SIMBAR={3A279DF2-A519-4094-89BB-949F6B120CDD}; Media Center PC 3.0; .NET CLR 1.0.3705; .NET CLR 1.1.4322; .NET CLR 2.0.50727)"
67.172.23.179 - - [24/Dec/2008:18:21:18 +0100] "GET /frame-unten.html HTTP/1.1" 200 5308 "http://www.various-euro.com/framez-girlz-neon.html" "Mozilla/4.0 (compatible; MSIE 7.0; Windows NT 5.1; FunWebProducts; SIMBAR={3A279DF2-A519-4094-89BB-949F6B120CDD}; Media Center PC 3.0; .NET CLR 1.0.3705; .NET CLR 1.1.4322; .NET CLR 2.0.50727)"
67.172.23.179 - - [24/Dec/2008:18:21:19 +0100] "GET /style/various-euro.css HTTP/1.1" 200 3437 "http://www.various-euro.com/frame-menu.html" "Mozilla/4.0 (compatible; MSIE 7.0; Windows NT 5.1; FunWebProducts; SIMBAR={3A279DF2-A519-4094-89BB-949F6B120CDD}; Media Center PC 3.0; .NET CLR 1.0.3705; .NET CLR 1.1.4322; .NET CLR 2.0.50727)"
67.172.23.179 - - [24/Dec/2008:18:21:19 +0100] "GET /vgirls/button1.gif HTTP/1.1" 200 9099 "http://www.various-euro.com/neon/girlz2.html" "Mozilla/4.0 (compatible; MSIE 7.0; Windows NT 5.1; FunWebProducts; SIMBAR={3A279DF2-A519-4094-89BB-949F6B120CDD}; Media Center PC 3.0; .NET CLR 1.0.3705; .NET CLR 1.1.4322; .NET CLR 2.0.50727)"
67.172.23.179 - - [24/Dec/2008:18:21:19 +0100] "GET /vgirls/button10.gif HTTP/1.1" 200 15687 "http://www.various-euro.com/neon/girlz2.html" "Mozilla/4.0 (compatible; MSIE 7.0; Windows NT 5.1; FunWebProducts; SIMBAR={3A279DF2-A519-4094-89BB-949F6B120CDD}; Media Center PC 3.0; .NET CLR 1.0.3705; .NET CLR 1.1.4322; .NET CLR 2.0.50727)"
67.172.23.179 - - [24/Dec/2008:18:21:19 +0100] "GET /vgirls/wm_02.gif HTTP/1.1" 200 36891 "http://www.various-euro.com/neon/girlz2.html" "Mozilla/4.0 (compatible; MSIE 7.0; Windows NT 5.1; FunWebProducts; SIMBAR={3A279DF2-A519-4094-89BB-949F6B120CDD}; Media Center PC 3.0; .NET CLR 1.0.3705; .NET CLR 1.1.4322; .NET CLR 2.0.50727)"
67.172.23.179 - - [24/Dec/2008:18:21:19 +0100] "GET /vgirls/virtua4.gif HTTP/1.1" 200 12643 "http://www.various-euro.com/neon/girlz2.html" "Mozilla/4.0 (compatible; MSIE 7.0; Windows NT 5.1; FunWebProducts; SIMBAR={3A279DF2-A519-4094-89BB-949F6B120CDD}; Media Center PC 3.0; .NET CLR 1.0.3705; .NET CLR 1.1.4322; .NET CLR 2.0.50727)"
67.172.23.179 - - [24/Dec/2008:18:21:20 +0100] "GET /vgirls/button3.gif HTTP/1.1" 200 9634 "http://www.various-euro.com/neon/girlz2.html" "Mozilla/4.0 (compatible; MSIE 7.0; Windows NT 5.1; FunWebProducts; SIMBAR={3A279DF2-A519-4094-89BB-949F6B120CDD}; Media Center PC 3.0; .NET CLR 1.0.3705; .NET CLR 1.1.4322; .NET CLR 2.0.50727)"
67.172.23.179 - - [24/Dec/2008:18:21:20 +0100] "GET /vgirls/dora_01.gif HTTP/1.1" 200 15465 "http://www.various-euro.com/neon/girlz2.html" "Mozilla/4.0 (compatible; MSIE 7.0; Windows NT 5.1; FunWebProducts; SIMBAR={3A279DF2-A519-4094-89BB-949F6B120CDD}; Media Center PC 3.0; .NET CLR 1.0.3705; .NET CLR 1.1.4322; .NET CLR 2.0.50727)"
67.172.23.179 - - [24/Dec/2008:18:21:20 +0100] "GET /vgirls/shaina_big.gif HTTP/1.1" 200 16169 "http://www.various-euro.com/neon/girlz2.html" "Mozilla/4.0 (compatible; MSIE 7.0; Windows NT 5.1; FunWebProducts; SIMBAR={3A279DF2-A519-4094-89BB-949F6B120CDD}; Media Center PC 3.0; .NET CLR 1.0.3705; .NET CLR 1.1.4322; .NET CLR 2.0.50727)"
67.172.23.179 - - [24/Dec/2008:18:21:20 +0100] "GET /bannerz/ve.jpg HTTP/1.1" 200 36912 "http://www.various-euro.com/frame-unten.html" "Mozilla/4.0 (compatible; MSIE 7.0; Windows NT 5.1; FunWebProducts; SIMBAR={3A279DF2-A519-4094-89BB-949F6B120CDD}; Media Center PC 3.0; .NET CLR 1.0.3705; .NET CLR 1.1.4322; .NET CLR 2.0.50727)"
67.172.23.179 - - [24/Dec/2008:18:21:20 +0100] "GET /bannerz/various-euro-girl.jpg HTTP/1.1" 200 91514 "http://www.various-euro.com/frame-unten.html" "Mozilla/4.0 (compatible; MSIE 7.0; Windows NT 5.1; FunWebProducts; SIMBAR={3A279DF2-A519-4094-89BB-949F6B120CDD}; Media Center PC 3.0; .NET CLR 1.0.3705; .NET CLR 1.1.4322; .NET CLR 2.0.50727)"
67.172.23.179 - - [24/Dec/2008:18:21:21 +0100] "GET /ve-icon-2.ico HTTP/1.1" 200 2238 "-" "Mozilla/4.0 (compatible; MSIE 7.0; Windows NT 5.1; FunWebProducts; SIMBAR={3A279DF2-A519-4094-89BB-949F6B120CDD}; Media Center PC 3.0; .NET CLR 1.0.3705; .NET CLR 1.1.4322; .NET CLR 2.0.50727)"
67.172.23.179 - - [24/Dec/2008:18:21:36 +0100] "GET /neon/girl-tv.html HTTP/1.1" 200 1717 "http://www.various-euro.com/neon/girlz2.html" "Mozilla/4.0 (compatible; MSIE 7.0; Windows NT 5.1; FunWebProducts; SIMBAR={3A279DF2-A519-4094-89BB-949F6B120CDD}; Media Center PC 3.0; .NET CLR 1.0.3705; .NET CLR 1.1.4322; .NET CLR 2.0.50727)"
67.172.23.179 - - [24/Dec/2008:18:21:36 +0100] "GET /neon/dollar-shadow.jpg HTTP/1.1" 200 3045 "http://www.various-euro.com/neon/girl-tv.html" "Mozilla/4.0 (compatible; MSIE 7.0; Windows NT 5.1; FunWebProducts; SIMBAR={3A279DF2-A519-4094-89BB-949F6B120CDD}; Media Center PC 3.0; .NET CLR 1.0.3705; .NET CLR 1.1.4322; .NET CLR 2.0.50727)"
67.172.23.179 - - [24/Dec/2008:18:21:36 +0100] "GET /neon/girl-tv.gif HTTP/1.1" 200 15982 "http://www.various-euro.com/neon/girl-tv.html" "Mozilla/4.0 (compatible; MSIE 7.0; Windows NT 5.1; FunWebProducts; SIMBAR={3A279DF2-A519-4094-89BB-949F6B120CDD}; Media Center PC 3.0; .NET CLR 1.0.3705; .NET CLR 1.1.4322; .NET CLR 2.0.50727)"
67.172.23.179 - - [24/Dec/2008:18:21:42 +0100] "GET /neon/girlz2.html HTTP/1.1" 200 2937 "http://www.various-euro.com/neon/girl-tv.html" "Mozilla/4.0 (compatible; MSIE 7.0; Windows NT 5.1; FunWebProducts; SIMBAR={3A279DF2-A519-4094-89BB-949F6B120CDD}; Media Center PC 3.0; .NET CLR 1.0.3705; .NET CLR 1.1.4322; .NET CLR 2.0.50727)"
67.172.23.179 - - [24/Dec/2008:18:21:49 +0100] "GET /neon/girl-tv.html HTTP/1.1" 200 1717 "http://www.various-euro.com/neon/girlz2.html" "Mozilla/4.0 (compatible; MSIE 7.0; Windows NT 5.1; FunWebProducts; SIMBAR={3A279DF2-A519-4094-89BB-949F6B120CDD}; Media Center PC 3.0; .NET CLR 1.0.3705; .NET CLR 1.1.4322; .NET CLR 2.0.50727)"
212.34.175.74 - - [24/Dec/2008:18:30:37 +0100] "GET /robots.txt HTTP/1.1" 200 64 "-" "gonzo1[P] +http://www.suchen.de/faq.html"
212.34.175.74 - - [24/Dec/2008:18:31:52 +0100] "GET / HTTP/1.1" 200 7869 "-" "gonzo1[P] +http://www.suchen.de/faq.html"
212.34.175.74 - - [24/Dec/2008:18:34:07 +0100] "GET /ve-icon-2.ico HTTP/1.1" 200 2238 "http://www.various-euro.com/" "gonzo1[P] +http://www.suchen.de/faq.html"
212.34.175.74 - - [24/Dec/2008:18:40:23 +0100] "GET /style/various-euro.css HTTP/1.1" 200 3437 "http://www.various-euro.com/" "gonzo1[P] +http://www.suchen.de/faq.html"
67.195.37.119 - - [24/Dec/2008:18:40:26 +0100] "GET /bmpp/euro_pal_111.html HTTP/1.0" 200 2129 "-" "Mozilla/5.0 (compatible; Yahoo! Slurp; http://help.yahoo.com/help/us/ysearch/slurp)"
193.252.149.16 - - [24/Dec/2008:18:41:36 +0100] "GET /DgH/ HTTP/1.1" 200 5024 "-" "Mozilla/5.0 (Windows; U; Windows NT 5.1; fr; rv:1.8.1) VoilaBot BETA 1.2 (support.voilabot@orange-ftgroup.com)"
212.34.175.74 - - [24/Dec/2008:18:43:14 +0100] "GET /ielocation HTTP/1.1" 404 2748 "http://www.various-euro.com/" "gonzo1[P] +http://www.suchen.de/faq.html"
212.34.175.74 - - [24/Dec/2008:18:45:59 +0100] "GET /nslocation HTTP/1.1" 404 2748 "http://www.various-euro.com/" "gonzo1[P] +http://www.suchen.de/faq.html"
212.34.175.74 - - [24/Dec/2008:18:47:42 +0100] "GET /nonelocation HTTP/1.1" 404 2748 "http://www.various-euro.com/" "gonzo1[P] +http://www.suchen.de/faq.html"
212.34.175.74 - - [24/Dec/2008:18:49:25 +0100] "GET /framez.html HTTP/1.1" 200 3959 "http://www.various-euro.com/" "gonzo1[P] +http://www.suchen.de/faq.html"
67.195.37.119 - - [24/Dec/2008:18:55:23 +0100] "GET /zampa HTTP/1.0" 301 375 "-" "Mozilla/5.0 (compatible; Yahoo! Slurp; http://help.yahoo.com/help/us/ysearch/slurp)"
67.195.37.119 - - [24/Dec/2008:18:55:50 +0100] "GET /zampa/ HTTP/1.0" 200 7153 "-" "Mozilla/5.0 (compatible; Yahoo! Slurp; http://help.yahoo.com/help/us/ysearch/slurp)"
92.112.218.83 - - [24/Dec/2008:19:13:32 +0100] "GET / HTTP/1.0" 200 7869 "-" "Opera/8.00 (Windows NT 5.1; U; en)"
65.55.211.174 - - [24/Dec/2008:19:30:30 +0100] "GET /robots.txt HTTP/1.1" 200 64 "-" "msnbot/1.1 (+http://search.msn.com/msnbot.htm)"
65.55.211.174 - - [24/Dec/2008:19:30:31 +0100] "GET /zampa/montenegro/TESLAW.html HTTP/1.1" 200 861 "-" "msnbot/1.1 (+http://search.msn.com/msnbot.htm)"
208.36.144.6 - - [24/Dec/2008:19:43:13 +0100] "GET /robots.txt HTTP/1.0" 302 363 "-" "Mozilla/5.0 (Twiceler-0.9 http://www.cuil.com/twiceler/robot.html)"
193.252.149.15 - - [24/Dec/2008:20:25:20 +0100] "GET /neon/slow-walk.html HTTP/1.1" 200 1640 "-" "Mozilla/5.0 (Windows; U; Windows NT 5.1; fr; rv:1.8.1) VoilaBot BETA 1.2 (support.voilabot@orange-ftgroup.com)"
67.195.37.119 - - [24/Dec/2008:20:37:33 +0100] "GET /logz.html HTTP/1.0" 404 2748 "-" "Mozilla/5.0 (compatible; Yahoo! Slurp; http://help.yahoo.com/help/us/ysearch/slurp)"
67.195.37.119 - - [24/Dec/2008:21:15:20 +0100] "GET / HTTP/1.0" 200 7869 "-" "Mozilla/5.0 (compatible; Yahoo! Slurp; http://help.yahoo.com/help/us/ysearch/slurp)"
78.26.179.228 - - [24/Dec/2008:22:11:39 +0100] "GET /restate_copy.html HTTP/1.1" 200 97631 "-" "Mozilla/4.0 (compatible; MSIE 6.0; Windows NT 5.1; SV1)"
78.26.179.228 - - [24/Dec/2008:22:11:42 +0100] "GET /menue.html HTTP/1.1" 404 2748 "-" "Mozilla/4.0 (compatible; MSIE 6.0; Windows NT 5.1; SV1)"
78.26.179.228 - - [24/Dec/2008:22:11:43 +0100] "GET /euro.html HTTP/1.1" 404 2748 "-" "Mozilla/4.0 (compatible; MSIE 6.0; Windows NT 5.1; SV1)"
78.26.179.228 - - [24/Dec/2008:22:11:43 +0100] "GET /warez.html HTTP/1.1" 200 9754 "-" "Mozilla/4.0 (compatible; MSIE 6.0; Windows NT 5.1; SV1)"
78.26.179.228 - - [24/Dec/2008:22:11:43 +0100] "GET /web.html HTTP/1.1" 404 2748 "-" "Mozilla/4.0 (compatible; MSIE 6.0; Windows NT 5.1; SV1)"
78.26.179.228 - - [24/Dec/2008:22:11:45 +0100] "GET /net.html HTTP/1.1" 404 2748 "-" "Mozilla/4.0 (compatible; MSIE 6.0; Windows NT 5.1; SV1)"
78.26.179.228 - - [24/Dec/2008:22:11:45 +0100] "GET /world.html HTTP/1.1" 200 16295 "-" "Mozilla/4.0 (compatible; MSIE 6.0; Windows NT 5.1; SV1)"
78.26.179.228 - - [24/Dec/2008:22:11:46 +0100] "GET /channel1.html HTTP/1.1" 404 2748 "-" "Mozilla/4.0 (compatible; MSIE 6.0; Windows NT 5.1; SV1)"
78.26.179.228 - - [24/Dec/2008:22:11:46 +0100] "GET /search.html HTTP/1.1" 200 1440 "-" "Mozilla/4.0 (compatible; MSIE 6.0; Windows NT 5.1; SV1)"
78.26.179.228 - - [24/Dec/2008:22:11:46 +0100] "GET /contact.html HTTP/1.1" 404 2748 "-" "Mozilla/4.0 (compatible; MSIE 6.0; Windows NT 5.1; SV1)"
78.26.179.228 - - [24/Dec/2008:22:11:46 +0100] "GET /tour1_new.html HTTP/1.1" 404 2748 "-" "Mozilla/4.0 (compatible; MSIE 6.0; Windows NT 5.1; SV1)"
78.26.179.228 - - [24/Dec/2008:22:11:47 +0100] "GET /logz.html HTTP/1.1" 404 2748 "-" "Mozilla/4.0 (compatible; MSIE 6.0; Windows NT 5.1; SV1)"
78.26.179.228 - - [24/Dec/2008:22:11:48 +0100] "GET /logz_old.html HTTP/1.1" 404 2748 "-" "Mozilla/4.0 (compatible; MSIE 6.0; Windows NT 5.1; SV1)"
78.26.179.228 - - [24/Dec/2008:22:11:48 +0100] "GET /bannnerz.html HTTP/1.1" 404 2748 "-" "Mozilla/4.0 (compatible; MSIE 6.0; Windows NT 5.1; SV1)"
81.52.143.16 - - [24/Dec/2008:23:28:05 +0100] "GET /neon/warning.html HTTP/1.1" 200 5134 "-" "Mozilla/5.0 (Windows; U; Windows NT 5.1; fr; rv:1.8.1) VoilaBot BETA 1.2 (support.voilabot@orange-ftgroup.com)"
67.195.37.119 - - [25/Dec/2008:00:23:22 +0100] "GET /robots.txt HTTP/1.0" 200 64 "-" "Mozilla/5.0 (compatible; Yahoo! Slurp; http://help.yahoo.com/help/us/ysearch/slurp)"
67.195.37.119 - - [25/Dec/2008:00:23:23 +0100] "GET /f-web.html HTTP/1.0" 200 13605 "-" "Mozilla/5.0 (compatible; Yahoo! Slurp; http://help.yahoo.com/help/us/ysearch/slurp)"
72.30.78.222 - - [25/Dec/2008:00:29:20 +0100] "GET /robots.txt HTTP/1.0" 200 64 "-" "Mozilla/5.0 (compatible; Yahoo! Slurp; http://help.yahoo.com/help/us/ysearch/slurp)"
72.30.78.222 - - [25/Dec/2008:00:29:21 +0100] "GET /logs/usage_200710.html HTTP/1.0" 200 110952 "-" "Mozilla/5.0 (compatible; Yahoo! Slurp; http://help.yahoo.com/help/us/ysearch/slurp)"
147.91.1.44 - - [25/Dec/2008:00:41:10 +0100] "GET / HTTP/1.0" 302 353 "http://www.google.at/search?hl=de&q=zampa+di+leone&meta=" "Mozilla/4.0 (compatible; MSIE 7.0; Windows NT 6.0; SLCC1; .NET CLR 2.0.50727; .NET CLR 3.0.04506; .NET CLR 1.1.4322)"
147.91.1.44 - - [25/Dec/2008:00:41:10 +0100] "GET /zampa/ HTTP/1.0" 200 7153 "http://www.google.at/search?hl=de&q=zampa+di+leone&meta=" "Mozilla/4.0 (compatible; MSIE 7.0; Windows NT 6.0; SLCC1; .NET CLR 2.0.50727; .NET CLR 3.0.04506; .NET CLR 1.1.4322)"
147.91.1.44 - - [25/Dec/2008:00:41:11 +0100] "GET /zampa/slike/zampa.gif HTTP/1.0" 200 5310 "http://www.various-euro.com/zampa/" "Mozilla/4.0 (compatible; MSIE 7.0; Windows NT 6.0; SLCC1; .NET CLR 2.0.50727; .NET CLR 3.0.04506; .NET CLR 1.1.4322)"
147.91.1.44 - - [25/Dec/2008:00:41:11 +0100] "GET /zampa/slike/udupetu.gif HTTP/1.0" 200 4138 "http://www.various-euro.com/zampa/" "Mozilla/4.0 (compatible; MSIE 7.0; Windows NT 6.0; SLCC1; .NET CLR 2.0.50727; .NET CLR 3.0.04506; .NET CLR 1.1.4322)"
147.91.1.44 - - [25/Dec/2008:00:41:11 +0100] "GET /zampa/slike/inthearse.gif HTTP/1.0" 200 4077 "http://www.various-euro.com/zampa/" "Mozilla/4.0 (compatible; MSIE 7.0; Windows NT 6.0; SLCC1; .NET CLR 2.0.50727; .NET CLR 3.0.04506; .NET CLR 1.1.4322)"
147.91.1.44 - - [25/Dec/2008:00:41:20 +0100] "GET /zampa/slike/S1TITEL.GIF HTTP/1.0" 200 15244 "http://www.various-euro.com/zampa/" "Mozilla/4.0 (compatible; MSIE 7.0; Windows NT 6.0; SLCC1; .NET CLR 2.0.50727; .NET CLR 3.0.04506; .NET CLR 1.1.4322)"
147.91.1.44 - - [25/Dec/2008:00:43:38 +0100] "GET /zampa/slike/E5UROSTO.GIF HTTP/1.0" 200 42690 "http://www.various-euro.com/zampa/" "Mozilla/4.0 (compatible; MSIE 7.0; Windows NT 6.0; SLCC1; .NET CLR 2.0.50727; .NET CLR 3.0.04506; .NET CLR 1.1.4322)"
147.91.1.44 - - [25/Dec/2008:00:44:34 +0100] "GET /zampa/slike/E3VAMPIR.GIF HTTP/1.0" 200 52553 "http://www.various-euro.com/zampa/" "Mozilla/4.0 (compatible; MSIE 7.0; Windows NT 6.0; SLCC1; .NET CLR 2.0.50727; .NET CLR 3.0.04506; .NET CLR 1.1.4322)"
147.91.1.44 - - [25/Dec/2008:00:44:55 +0100] "GET /zampa/slike/S5UROSTO.GIF HTTP/1.0" 200 45220 "http://www.various-euro.com/zampa/" "Mozilla/4.0 (compatible; MSIE 7.0; Windows NT 6.0; SLCC1; .NET CLR 2.0.50727; .NET CLR 3.0.04506; .NET CLR 1.1.4322)"
147.91.1.44 - - [25/Dec/2008:00:47:41 +0100] "GET /zampa/slike/S3VAMPIR.GIF HTTP/1.0" 200 55504 "http://www.various-euro.com/zampa/" "Mozilla/4.0 (compatible; MSIE 7.0; Windows NT 6.0; SLCC1; .NET CLR 2.0.50727; .NET CLR 3.0.04506; .NET CLR 1.1.4322)"
147.91.1.44 - - [25/Dec/2008:00:47:54 +0100] "GET /zampa/slike/E4IRWIN.GIF HTTP/1.0" 200 53174 "http://www.various-euro.com/zampa/" "Mozilla/4.0 (compatible; MSIE 7.0; Windows NT 6.0; SLCC1; .NET CLR 2.0.50727; .NET CLR 3.0.04506; .NET CLR 1.1.4322)"
147.91.1.44 - - [25/Dec/2008:00:48:24 +0100] "GET /zampa/slike/E6BIENNI.GIF HTTP/1.0" 200 33736 "http://www.various-euro.com/zampa/" "Mozilla/4.0 (compatible; MSIE 7.0; Windows NT 6.0; SLCC1; .NET CLR 2.0.50727; .NET CLR 3.0.04506; .NET CLR 1.1.4322)"
147.91.1.44 - - [25/Dec/2008:00:48:32 +0100] "GET /zampa/slike/S8CURATO.GIF HTTP/1.0" 200 16968 "http://www.various-euro.com/zampa/" "Mozilla/4.0 (compatible; MSIE 7.0; Windows NT 6.0; SLCC1; .NET CLR 2.0.50727; .NET CLR 3.0.04506; .NET CLR 1.1.4322)"
147.91.1.44 - - [25/Dec/2008:00:48:36 +0100] "GET /zampa/slike/E8CURATO.GIF HTTP/1.0" 200 15386 "http://www.various-euro.com/zampa/" "Mozilla/4.0 (compatible; MSIE 7.0; Windows NT 6.0; SLCC1; .NET CLR 2.0.50727; .NET CLR 3.0.04506; .NET CLR 1.1.4322)"
72.30.78.222 - - [25/Dec/2008:00:57:44 +0100] "GET /logs/usage_200712.html HTTP/1.0" 200 92577 "-" "Mozilla/5.0 (compatible; Yahoo! Slurp; http://help.yahoo.com/help/us/ysearch/slurp)"
195.210.57.83 - - [25/Dec/2008:01:08:24 +0100] "GET /robots.txt HTTP/1.0" 200 64 "-" "kalooga/KaloogaBot (Kalooga; http://www.kalooga.com/info.html?page=crawler)"
195.210.57.83 - - [25/Dec/2008:01:08:24 +0100] "GET /framez.html HTTP/1.0" 200 3959 "-" "kalooga/KaloogaBot (Kalooga; http://www.kalooga.com/info.html?page=crawler)"
72.30.78.222 - - [25/Dec/2008:01:33:34 +0100] "GET /framez.html HTTP/1.0" 200 3959 "-" "Mozilla/5.0 (compatible; Yahoo! Slurp; http://help.yahoo.com/help/us/ysearch/slurp)"
72.30.78.222 - - [25/Dec/2008:01:33:34 +0100] "GET /frame-menu.html HTTP/1.0" 200 10536 "-" "Mozilla/5.0 (compatible; Yahoo! Slurp; http://help.yahoo.com/help/us/ysearch/slurp)"
72.30.78.222 - - [25/Dec/2008:01:33:35 +0100] "GET /frame-inhalt.html HTTP/1.0" 200 5418 "-" "Mozilla/5.0 (compatible; Yahoo! Slurp; http://help.yahoo.com/help/us/ysearch/slurp)"
72.30.78.222 - - [25/Dec/2008:01:33:36 +0100] "GET /frame-unten.html HTTP/1.0" 200 5308 "-" "Mozilla/5.0 (compatible; Yahoo! Slurp; http://help.yahoo.com/help/us/ysearch/slurp)"
72.30.78.222 - - [25/Dec/2008:01:36:25 +0100] "GET /f-web.html HTTP/1.0" 200 13605 "-" "Mozilla/5.0 (compatible; Yahoo! Slurp; http://help.yahoo.com/help/us/ysearch/slurp)"
65.55.211.164 - - [25/Dec/2008:01:37:22 +0100] "GET /robots.txt HTTP/1.1" 200 64 "-" "msnbot/1.1 (+http://search.msn.com/msnbot.htm)"
65.55.211.164 - - [25/Dec/2008:01:37:23 +0100] "GET /games/virtualcop/virtualcop.html HTTP/1.1" 200 4487 "-" "msnbot/1.1 (+http://search.msn.com/msnbot.htm)"
208.111.154.16 - - [25/Dec/2008:01:53:07 +0100] "GET /robots.txt HTTP/1.1" 200 64 "-" "Mozilla/5.0 (compatible; Charlotte/1.1; http://www.searchme.com/support/)"
64.246.165.180 - - [25/Dec/2008:02:29:30 +0100] "GET /robots.txt HTTP/1.0" 200 64 "http://www.whois.sc/" "SurveyBot/2.3 (Whois Source)"
64.246.165.180 - - [25/Dec/2008:02:29:31 +0100] "GET / HTTP/1.1" 206 7869 "http://whois.domaintools.com/various-euro.com" "SurveyBot/2.3 (Whois Source)"
72.30.78.222 - - [25/Dec/2008:03:04:34 +0100] "GET /e-counter.html HTTP/1.0" 200 4047 "-" "Mozilla/5.0 (compatible; Yahoo! Slurp; http://help.yahoo.com/help/us/ysearch/slurp)"
65.55.211.168 - - [25/Dec/2008:03:40:58 +0100] "GET /robots.txt HTTP/1.1" 200 64 "-" "msnbot/1.1 (+http://search.msn.com/msnbot.htm)"
65.55.211.168 - - [25/Dec/2008:03:40:59 +0100] "GET /frame-menu.html HTTP/1.1" 200 10536 "-" "msnbot/1.1 (+http://search.msn.com/msnbot.htm)"
79.66.181.24 - - [25/Dec/2008:03:56:26 +0100] "GET / HTTP/1.1" 200 7869 "-" "Mozilla/5.0 (Windows; U; Windows NT 5.1; en-US; rv:1.9.1b2) Gecko/20081201 Firefox/3.1b2"
79.66.181.24 - - [25/Dec/2008:03:56:26 +0100] "GET /style/various-euro.css HTTP/1.1" 200 3437 "http://www.various-euro.com/" "Mozilla/5.0 (Windows; U; Windows NT 5.1; en-US; rv:1.9.1b2) Gecko/20081201 Firefox/3.1b2"
79.66.181.24 - - [25/Dec/2008:03:56:27 +0100] "GET /favicon.ico HTTP/1.1" 404 2748 "-" "Mozilla/5.0 (Windows; U; Windows NT 5.1; en-US; rv:1.9.1b2) Gecko/20081201 Firefox/3.1b2"
72.30.78.222 - - [25/Dec/2008:04:35:54 +0100] "GET /robots.txt HTTP/1.0" 200 64 "-" "Mozilla/5.0 (compatible; Yahoo! Slurp; http://help.yahoo.com/help/us/ysearch/slurp)"
72.30.78.222 - - [25/Dec/2008:04:35:54 +0100] "GET /logs/usage_200703.html HTTP/1.0" 200 108444 "-" "Mozilla/5.0 (compatible; Yahoo! Slurp; http://help.yahoo.com/help/us/ysearch/slurp)"
193.252.149.16 - - [25/Dec/2008:05:10:49 +0100] "GET /neon/biggtani.html HTTP/1.1" 200 1698 "-" "Mozilla/5.0 (Windows; U; Windows NT 5.1; fr; rv:1.8.1) VoilaBot BETA 1.2 (support.voilabot@orange-ftgroup.com)"
72.30.78.222 - - [25/Dec/2008:05:30:24 +0100] "GET /zampa/wonderland/index.html HTTP/1.0" 200 2084 "-" "Mozilla/5.0 (compatible; Yahoo! Slurp; http://help.yahoo.com/help/us/ysearch/slurp)"
208.111.154.16 - - [25/Dec/2008:06:22:16 +0100] "GET /robots.txt HTTP/1.1" 200 64 "-" "Mozilla/5.0 (compatible; Charlotte/1.1; http://www.searchme.com/support/)"
208.111.154.16 - - [25/Dec/2008:06:22:16 +0100] "GET /robots.txt HTTP/1.1" 302 363 "-" "Mozilla/5.0 (compatible; Charlotte/1.1; http://www.searchme.com/support/)"
208.111.154.16 - - [25/Dec/2008:06:22:18 +0100] "GET / HTTP/1.1" 302 353 "-" "Mozilla/5.0 (compatible; Charlotte/1.1; http://www.searchme.com/support/)"
208.111.154.16 - - [25/Dec/2008:06:22:19 +0100] "GET /robots.txt HTTP/1.1" 200 64 "-" "Mozilla/5.0 (compatible; Charlotte/1.1; http://www.searchme.com/support/)"
65.12.151.143 - - [25/Dec/2008:06:42:08 +0100] "GET /favicon.ico HTTP/1.1" 404 2748 "-" "CFNetwork/129.22"
119.63.193.43 - - [25/Dec/2008:07:32:39 +0100] "GET / HTTP/1.1" 200 7869 "-" "Baiduspider+(+http://help.baidu.jp/system/05.html)"
206.207.80.169 - - [25/Dec/2008:07:52:47 +0100] "GET / HTTP/1.1" 200 7869 "-" "Mozilla/4.0 (compatible; MSIE 6.0; Windows 98; DigExt)"
72.30.78.222 - - [25/Dec/2008:07:58:00 +0100] "GET /logs/usage_200709.html HTTP/1.0" 200 110974 "-" "Mozilla/5.0 (compatible; Yahoo! Slurp; http://help.yahoo.com/help/us/ysearch/slurp)"
87.118.94.23 - - [25/Dec/2008:08:04:53 +0100] "GET /schubb/schubb-5.html HTTP/1.0" 200 72944 "-" "Mozilla/4.0 (compatible; MSIE 6.0; Windows NT 5.1; SV1; .NET CLR 1.1.4322) NS8/0.9.6"
72.30.78.222 - - [25/Dec/2008:08:07:26 +0100] "GET /logs/usage_200705.html HTTP/1.0" 200 109447 "-" "Mozilla/5.0 (compatible; Yahoo! Slurp; http://help.yahoo.com/help/us/ysearch/slurp)"
66.249.65.169 - - [25/Dec/2008:08:16:34 +0100] "GET /robots.txt HTTP/1.1" 200 64 "-" "Mozilla/5.0 (compatible; Googlebot/2.1; +http://www.google.com/bot.html)"
66.249.65.169 - - [25/Dec/2008:08:16:34 +0100] "GET /neon/click.html HTTP/1.1" 200 521 "-" "Mozilla/5.0 (compatible; Googlebot/2.1; +http://www.google.com/bot.html)"
79.130.229.244 - - [25/Dec/2008:08:46:46 +0100] "HEAD http://various-euro.com/cgi-bin/sblogin/report/usermanage.cgi?action=list HTTP/1.0" 404 - "http://various-euro.com/cgi-bin/sblogin/report/usermanage.cgi?action=list" "Mozilla/4.0 (compatible; MSIE 6.0; Windows NT 5.1)"
79.130.229.244 - - [25/Dec/2008:08:46:46 +0100] "HEAD http://various-euro.com/cgi-bingo/add-admin.cgi HTTP/1.0" 404 - "http://various-euro.com/cgi-bingo/add-admin.cgi" "Mozilla/4.0 (compatible; MSIE 6.0; Windows NT 5.1)"
67.195.37.119 - - [25/Dec/2008:08:51:59 +0100] "GET /DgH/rampe/index.html HTTP/1.0" 200 2056 "-" "Mozilla/5.0 (compatible; Yahoo! Slurp/3.0; http://help.yahoo.com/help/us/ysearch/slurp)"
67.195.37.119 - - [25/Dec/2008:08:52:00 +0100] "GET /DgH/rampe/pict/Rampe.mp3 HTTP/1.0" 200 8295 "http://www.various-euro.com/DgH/rampe/index.html" "Mozilla/5.0 (compatible; Yahoo! Slurp/3.0; http://help.yahoo.com/help/us/ysearch/slurp)"
66.249.65.169 - - [25/Dec/2008:08:59:04 +0100] "GET /zampa/ HTTP/1.1" 200 7153 "-" "Mozilla/5.0 (compatible; Googlebot/2.1; +http://www.google.com/bot.html)"
72.30.78.222 - - [25/Dec/2008:09:09:13 +0100] "GET /restate_copy.html HTTP/1.0" 200 97631 "-" "Mozilla/5.0 (compatible; Yahoo! Slurp; http://help.yahoo.com/help/us/ysearch/slurp)"
220.53.245.8 - - [25/Dec/2008:09:16:50 +0100] "GET /restate_copy.html HTTP/1.0" 200 97631 "-" "Mozilla/4.0 (compatible; MSIE 6.0; Windows NT 5.1; SV1)"
220.53.245.8 - - [25/Dec/2008:09:16:58 +0100] "GET /menue.html HTTP/1.0" 404 2748 "-" "Mozilla/4.0 (compatible; MSIE 6.0; Windows NT 5.1; SV1)"
94.102.49.134 - - [25/Dec/2008:09:17:25 +0100] "GET /menue.html HTTP/1.1" 404 2748 "-" "Mozilla/4.0 (compatible; MSIE 6.0; Windows NT 5.1; SV1)"
94.102.49.134 - - [25/Dec/2008:09:17:40 +0100] "GET /euro.html HTTP/1.1" 404 2748 "-" "Mozilla/4.0 (compatible; MSIE 6.0; Windows NT 5.1; SV1)"
59.95.23.36 - - [25/Dec/2008:09:17:49 +0100] "GET /euro.html HTTP/1.1" 404 2748 "-" "Mozilla/4.0 (compatible; MSIE 6.0; Windows NT 5.1; SV1)"
125.46.24.124 - - [25/Dec/2008:09:18:09 +0100] "GET /euro.html HTTP/1.1" 404 2748 "-" "Mozilla/4.0 (compatible; MSIE 6.0; Windows NT 5.1; SV1)"
78.86.123.150 - - [25/Dec/2008:09:18:34 +0100] "GET /net.html HTTP/1.1" 404 2748 "-" "Mozilla/4.0 (compatible; MSIE 6.0; Windows NT 5.1; SV1)"
91.121.51.106 - - [25/Dec/2008:09:18:34 +0100] "GET /net.html HTTP/1.1" 404 2748 "-" "Mozilla/4.0 (compatible; MSIE 6.0; Windows NT 5.1; SV1)"
91.121.51.106 - - [25/Dec/2008:09:18:34 +0100] "GET /world.html HTTP/1.1" 200 16295 "-" "Mozilla/4.0 (compatible; MSIE 6.0; Windows NT 5.1; SV1)"
91.121.51.106 - - [25/Dec/2008:09:18:35 +0100] "GET /channel1.html HTTP/1.1" 404 2748 "-" "Mozilla/4.0 (compatible; MSIE 6.0; Windows NT 5.1; SV1)"
77.97.213.181 - - [25/Dec/2008:09:18:37 +0100] "GET /channel1.html HTTP/1.1" 404 2748 "-" "Mozilla/4.0 (compatible; MSIE 6.0; Windows NT 5.1; SV1)"
64.179.149.214 - - [25/Dec/2008:09:18:56 +0100] "GET /search.html HTTP/1.1" 200 1440 "-" "Mozilla/4.0 (compatible; MSIE 6.0; Windows NT 5.1; SV1)"
64.179.149.214 - - [25/Dec/2008:09:19:02 +0100] "GET /contact.html HTTP/1.1" 404 2748 "-" "Mozilla/4.0 (compatible; MSIE 6.0; Windows NT 5.1; SV1)"
72.222.172.142 - - [25/Dec/2008:09:19:24 +0100] "GET /tour1_new.html HTTP/1.1" 404 2748 "-" "Mozilla/4.0 (compatible; MSIE 6.0; Windows NT 5.1; SV1)"
200.150.34.49 - - [25/Dec/2008:09:19:35 +0100] "GET /bannnerz.html HTTP/1.1" 404 2748 "-" "Mozilla/4.0 (compatible; MSIE 6.0; Windows NT 5.1; SV1)"
93.157.150.206 - - [25/Dec/2008:09:19:45 +0100] "GET /bannnerz.html HTTP/1.1" 404 2748 "-" "Mozilla/4.0 (compatible; MSIE 6.0; Windows NT 5.1; SV1)"
209.237.227.133 - - [25/Dec/2008:09:19:54 +0100] "GET /bannnerz.html HTTP/1.0" 404 2748 "-" "Mozilla/4.0 (compatible; MSIE 6.0; Windows NT 5.1; SV1)"
202.96.51.158 - - [25/Dec/2008:09:41:30 +0100] "GET /robots.txt HTTP/1.0" 200 64 "-" "librabot/1.0 (+http://search.msn.com/msnbot.htm)"
202.96.51.150 - - [25/Dec/2008:09:41:31 +0100] "GET /logs/usage_200708.html HTTP/1.0" 200 111167 "-" "librabot/1.0 (+http://search.msn.com/msnbot.htm)"
67.195.37.119 - - [25/Dec/2008:09:59:55 +0100] "GET / HTTP/1.0" 200 7869 "-" "Mozilla/5.0 (compatible; Yahoo! Slurp; http://help.yahoo.com/help/us/ysearch/slurp)"
79.66.181.24 - - [25/Dec/2008:10:31:39 +0100] "GET / HTTP/1.1" 200 7869 "-" "Mozilla/5.0 (Windows; U; Windows NT 5.1; en-US; rv:1.9.1b2) Gecko/20081201 Firefox/3.1b2"
79.66.181.24 - - [25/Dec/2008:10:31:39 +0100] "GET /style/various-euro.css HTTP/1.1" 200 3437 "http://www.various-euro.com/" "Mozilla/5.0 (Windows; U; Windows NT 5.1; en-US; rv:1.9.1b2) Gecko/20081201 Firefox/3.1b2"
79.66.181.24 - - [25/Dec/2008:10:31:41 +0100] "GET /favicon.ico HTTP/1.1" 404 2748 "-" "Mozilla/5.0 (Windows; U; Windows NT 5.1; en-US; rv:1.9.1b2) Gecko/20081201 Firefox/3.1b2"
65.55.211.171 - - [25/Dec/2008:10:33:08 +0100] "GET /robots.txt HTTP/1.1" 200 64 "-" "msnbot/1.1 (+http://search.msn.com/msnbot.htm)"
65.55.211.171 - - [25/Dec/2008:10:33:09 +0100] "GET /zampa/montenegro/SEKAW.html HTTP/1.1" 200 860 "-" "msnbot/1.1 (+http://search.msn.com/msnbot.htm)"
202.44.4.85 - - [25/Dec/2008:11:39:26 +0100] "GET / HTTP/1.0" 200 7869 "-" "Opera/9.0 (Windows NT 5.1; U; en)"
65.55.211.167 - - [25/Dec/2008:11:43:00 +0100] "GET /robots.txt HTTP/1.1" 200 64 "-" "msnbot/1.1 (+http://search.msn.com/msnbot.htm)"
65.55.211.167 - - [25/Dec/2008:11:43:00 +0100] "GET /menue.html HTTP/1.1" 404 2748 "-" "msnbot/1.1 (+http://search.msn.com/msnbot.htm)"
66.249.65.169 - - [25/Dec/2008:12:34:01 +0100] "GET /logs/usage_200812.html HTTP/1.1" 404 2748 "-" "Mozilla/5.0 (compatible; Googlebot/2.1; +http://www.google.com/bot.html)"
74.71.25.253 - - [25/Dec/2008:12:49:36 +0100] "GET /schubb/schubb-5.html HTTP/1.0" 200 72944 "-" "Opera/9.00 (Windows NT 4.0; U; en)"
67.195.37.119 - - [25/Dec/2008:13:05:37 +0100] "GET /robots.txt HTTP/1.0" 200 64 "-" "Mozilla/5.0 (compatible; Yahoo! Slurp; http://help.yahoo.com/help/us/ysearch/slurp)"
67.195.37.119 - - [25/Dec/2008:13:05:37 +0100] "GET /zampa-lovers/ HTTP/1.0" 200 37790 "-" "Mozilla/5.0 (compatible; Yahoo! Slurp/3.0; http://help.yahoo.com/help/us/ysearch/slurp)"
66.249.65.169 - - [25/Dec/2008:13:14:41 +0100] "GET /robots.txt HTTP/1.1" 302 363 "-" "Mozilla/5.0 (compatible; Googlebot/2.1; +http://www.google.com/bot.html)"
66.249.65.169 - - [25/Dec/2008:13:14:42 +0100] "GET /zampa/robots.txt HTTP/1.1" 404 2748 "-" "Mozilla/5.0 (compatible; Googlebot/2.1; +http://www.google.com/bot.html)"
66.249.65.169 - - [25/Dec/2008:13:14:42 +0100] "GET /%3E HTTP/1.1" 302 356 "-" "Mozilla/5.0 (compatible; Googlebot/2.1; +http://www.google.com/bot.html)"
66.249.65.169 - - [25/Dec/2008:13:14:42 +0100] "GET /%3E%5D HTTP/1.1" 302 359 "-" "Mozilla/5.0 (compatible; Googlebot/2.1; +http://www.google.com/bot.html)"
66.249.65.169 - - [25/Dec/2008:13:14:42 +0100] "GET /zampa/%3E HTTP/1.1" 404 2748 "-" "Mozilla/5.0 (compatible; Googlebot/2.1; +http://www.google.com/bot.html)"
66.249.65.169 - - [25/Dec/2008:13:14:43 +0100] "GET /zampa/%3E%5D HTTP/1.1" 404 2748 "-" "Mozilla/5.0 (compatible; Googlebot/2.1; +http://www.google.com/bot.html)"
67.195.37.119 - - [25/Dec/2008:13:40:20 +0100] "GET /neon/europa.html HTTP/1.0" 200 389 "-" "Mozilla/5.0 (compatible; Yahoo! Slurp/3.0; http://help.yahoo.com/help/us/ysearch/slurp)"
72.30.78.222 - - [25/Dec/2008:13:52:17 +0100] "GET /schubb/schubb-1.html HTTP/1.0" 200 9070 "-" "Mozilla/5.0 (compatible; Yahoo! Slurp; http://help.yahoo.com/help/us/ysearch/slurp)"
196.207.236.239 - - [25/Dec/2008:13:57:29 +0100] "GET /robots.txt HTTP/1.1" 200 64 "-" "Mozilla/4.0 (compatible; MSIE 6.0; Windows NT 5.1; SV1; GTB5; MSIECrawler)"
66.231.189.124 - - [25/Dec/2008:14:07:35 +0100] "GET /robots.txt HTTP/1.0" 302 363 "-" "Gigabot/3.0 (http://www.gigablast.com/spider.html)"
66.231.189.124 - - [25/Dec/2008:14:07:35 +0100] "GET / HTTP/1.0" 302 353 "-" "Gigabot/3.0 (http://www.gigablast.com/spider.html)"
67.195.37.119 - - [25/Dec/2008:14:17:39 +0100] "GET /sendi_agent.html HTTP/1.0" 200 6213 "-" "Mozilla/5.0 (compatible; Yahoo! Slurp/3.0; http://help.yahoo.com/help/us/ysearch/slurp)"
67.195.37.119 - - [25/Dec/2008:14:17:41 +0100] "GET /3dsf3/sendi/sendisendi.html HTTP/1.0" 200 5118 "http://www.various-euro.com/sendi_agent.html" "Mozilla/5.0 (compatible; Yahoo! Slurp/3.0; http://help.yahoo.com/help/us/ysearch/slurp)"
67.195.37.119 - - [25/Dec/2008:14:17:41 +0100] "GET /3dsf3/sendi/index.html HTTP/1.0" 200 1837 "http://www.various-euro.com/sendi_agent.html" "Mozilla/5.0 (compatible; Yahoo! Slurp/3.0; http://help.yahoo.com/help/us/ysearch/slurp)"
67.195.37.119 - - [25/Dec/2008:14:17:42 +0100] "GET /3dsf3/sendi/formate.css HTTP/1.0" 200 474 "http://www.various-euro.com/3dsf3/sendi/sendisendi.html" "Mozilla/5.0 (compatible; Yahoo! Slurp/3.0; http://help.yahoo.com/help/us/ysearch/slurp)"
67.195.37.119 - - [25/Dec/2008:14:17:43 +0100] "GET /3dsf3/sendi/formate.css HTTP/1.0" 200 474 "http://www.various-euro.com/3dsf3/sendi/index.html" "Mozilla/5.0 (compatible; Yahoo! Slurp/3.0; http://help.yahoo.com/help/us/ysearch/slurp)"
67.195.37.119 - - [25/Dec/2008:14:25:35 +0100] "GET /neon/euro.html HTTP/1.0" 200 2212 "-" "Mozilla/5.0 (compatible; Yahoo! Slurp; http://help.yahoo.com/help/us/ysearch/slurp)"
67.195.37.119 - - [25/Dec/2008:14:29:30 +0100] "GET /neon/channel.html HTTP/1.0" 200 1942 "-" "Mozilla/5.0 (compatible; Yahoo! Slurp; http://help.yahoo.com/help/us/ysearch/slurp)"
65.55.211.162 - - [25/Dec/2008:14:42:36 +0100] "GET /robots.txt HTTP/1.1" 200 64 "-" "msnbot/1.1 (+http://search.msn.com/msnbot.htm)"
65.55.211.162 - - [25/Dec/2008:14:42:38 +0100] "GET /f-channel1.html HTTP/1.1" 200 8471 "-" "msnbot/1.1 (+http://search.msn.com/msnbot.htm)"
65.55.109.110 - - [25/Dec/2008:14:44:08 +0100] "GET /f-channel1.html HTTP/1.0" 200 8471 "http://search.live.com/results.aspx?q=various" "Mozilla/4.0 (compatible; MSIE 6.0; Windows NT 5.2; SV1; .NET CLR 1.1.4322)"
66.231.189.124 - - [25/Dec/2008:14:48:10 +0100] "GET /robots.txt HTTP/1.0" 200 64 "-" "Gigabot/3.0 (http://www.gigablast.com/spider.html)"
66.231.189.124 - - [25/Dec/2008:14:48:11 +0100] "GET /framez-rez.html HTTP/1.0" 200 4323 "-" "Gigabot/3.0 (http://www.gigablast.com/spider.html)"
72.30.78.222 - - [25/Dec/2008:15:05:56 +0100] "GET /robots.txt HTTP/1.0" 200 64 "-" "Mozilla/5.0 (compatible; Yahoo! Slurp; http://help.yahoo.com/help/us/ysearch/slurp)"
72.30.78.222 - - [25/Dec/2008:15:05:56 +0100] "GET /neon/euro.html HTTP/1.0" 200 2212 "-" "Mozilla/5.0 (compatible; Yahoo! Slurp; http://help.yahoo.com/help/us/ysearch/slurp)"
72.30.78.222 - - [25/Dec/2008:16:06:55 +0100] "GET /framez-zampa-lovers.html HTTP/1.0" 200 4322 "-" "Mozilla/5.0 (compatible; Yahoo! Slurp; http://help.yahoo.com/help/us/ysearch/slurp)"
72.30.78.222 - - [25/Dec/2008:16:06:56 +0100] "GET /frame-menu.html HTTP/1.0" 200 10536 "-" "Mozilla/5.0 (compatible; Yahoo! Slurp; http://help.yahoo.com/help/us/ysearch/slurp)"
72.30.78.222 - - [25/Dec/2008:16:06:57 +0100] "GET /zampa-lovers/index.html HTTP/1.0" 200 37790 "-" "Mozilla/5.0 (compatible; Yahoo! Slurp; http://help.yahoo.com/help/us/ysearch/slurp)"
72.30.78.222 - - [25/Dec/2008:16:06:58 +0100] "GET /frame-unten.html HTTP/1.0" 200 5308 "-" "Mozilla/5.0 (compatible; Yahoo! Slurp; http://help.yahoo.com/help/us/ysearch/slurp)"
67.195.37.119 - - [25/Dec/2008:16:11:53 +0100] "GET /zampa HTTP/1.0" 301 375 "-" "Mozilla/5.0 (compatible; Yahoo! Slurp/3.0; http://help.yahoo.com/help/us/ysearch/slurp)"
67.195.37.119 - - [25/Dec/2008:16:12:03 +0100] "GET /zampa/ HTTP/1.0" 200 7153 "-" "Mozilla/5.0 (compatible; Yahoo! Slurp/3.0; http://help.yahoo.com/help/us/ysearch/slurp)"
85.94.101.192 - - [25/Dec/2008:16:43:58 +0100] "GET /framez-zampa-lovers.html HTTP/1.1" 200 4322 "http://www.google.com./search?hl=en&q=i+mi+u+evropi+projekti" "Mozilla/4.0 (compatible; MSIE 6.0; Windows NT 5.1; SV1; .NET CLR 2.0.50727; .NET CLR 1.1.4322; InfoPath.1)"
85.94.101.192 - - [25/Dec/2008:16:43:58 +0100] "GET /frame-menu.html HTTP/1.1" 200 10536 "http://www.various-euro.com/framez-zampa-lovers.html" "Mozilla/4.0 (compatible; MSIE 6.0; Windows NT 5.1; SV1; .NET CLR 2.0.50727; .NET CLR 1.1.4322; InfoPath.1)"
85.94.101.192 - - [25/Dec/2008:16:43:58 +0100] "GET /zampa-lovers/index.html HTTP/1.1" 200 37790 "http://www.various-euro.com/framez-zampa-lovers.html" "Mozilla/4.0 (compatible; MSIE 6.0; Windows NT 5.1; SV1; .NET CLR 2.0.50727; .NET CLR 1.1.4322; InfoPath.1)"
85.94.101.192 - - [25/Dec/2008:16:43:59 +0100] "GET /frame-unten.html HTTP/1.1" 200 5308 "http://www.various-euro.com/framez-zampa-lovers.html" "Mozilla/4.0 (compatible; MSIE 6.0; Windows NT 5.1; SV1; .NET CLR 2.0.50727; .NET CLR 1.1.4322; InfoPath.1)"
85.94.101.192 - - [25/Dec/2008:16:43:59 +0100] "GET /style/various-euro.css HTTP/1.1" 200 3437 "http://www.various-euro.com/frame-menu.html" "Mozilla/4.0 (compatible; MSIE 6.0; Windows NT 5.1; SV1; .NET CLR 2.0.50727; .NET CLR 1.1.4322; InfoPath.1)"
85.94.101.192 - - [25/Dec/2008:16:43:59 +0100] "GET /zampa-lovers/kralle.gif HTTP/1.1" 404 2748 "http://www.various-euro.com/zampa-lovers/index.html" "Mozilla/4.0 (compatible; MSIE 6.0; Windows NT 5.1; SV1; .NET CLR 2.0.50727; .NET CLR 1.1.4322; InfoPath.1)"
85.94.101.192 - - [25/Dec/2008:16:43:59 +0100] "GET /zampa-lovers/ZAMPAMA2.MPG HTTP/1.1" 200 63492 "-" "Windows-Media-Player/11.00.00.4715"
85.94.101.192 - - [25/Dec/2008:16:43:59 +0100] "GET /zampa-lovers/zampa.gif HTTP/1.1" 200 460627 "http://www.various-euro.com/zampa-lovers/index.html" "Mozilla/4.0 (compatible; MSIE 6.0; Windows NT 5.1; SV1; .NET CLR 2.0.50727; .NET CLR 1.1.4322; InfoPath.1)"
85.94.101.192 - - [25/Dec/2008:16:43:59 +0100] "GET /zampa-lovers/WASISTMI1.MPG HTTP/1.1" 200 271221 "-" "Windows-Media-Player/11.00.00.4715"
85.94.101.192 - - [25/Dec/2008:16:44:00 +0100] "GET /zampa-lovers/ZAMPAMA2.MPG HTTP/1.1" 206 61116 "-" "Mozilla/4.0 (compatible; MSIE 6.0; Windows NT 5.1; SV1; .NET CLR 2.0.50727; .NET CLR 1.1.4322; InfoPath.1)"
85.94.101.192 - - [25/Dec/2008:16:44:00 +0100] "GET /zampa-lovers/ZAMPAMAS.MPG HTTP/1.1" 200 520196 "-" "Windows-Media-Player/11.00.00.4715"
85.94.101.192 - - [25/Dec/2008:16:44:00 +0100] "GET /zampa-lovers/WASISTMI1.MPG HTTP/1.1" 206 268847 "-" "Mozilla/4.0 (compatible; MSIE 6.0; Windows NT 5.1; SV1; .NET CLR 2.0.50727; .NET CLR 1.1.4322; InfoPath.1)"
85.94.101.192 - - [25/Dec/2008:16:44:01 +0100] "GET /zampa-lovers/MILIZA_2.JPG HTTP/1.1" 200 22172 "http://www.various-euro.com/zampa-lovers/index.html" "Mozilla/4.0 (compatible; MSIE 6.0; Windows NT 5.1; SV1; .NET CLR 2.0.50727; .NET CLR 1.1.4322; InfoPath.1)"
85.94.101.192 - - [25/Dec/2008:16:44:01 +0100] "GET /zampa-lovers/DRAGAN_Z.JPG HTTP/1.1" 200 6850 "http://www.various-euro.com/zampa-lovers/index.html" "Mozilla/4.0 (compatible; MSIE 6.0; Windows NT 5.1; SV1; .NET CLR 2.0.50727; .NET CLR 1.1.4322; InfoPath.1)"
85.94.101.192 - - [25/Dec/2008:16:44:01 +0100] "GET /zampa-lovers/MILIZA_3.JPG HTTP/1.1" 200 26924 "http://www.various-euro.com/zampa-lovers/index.html" "Mozilla/4.0 (compatible; MSIE 6.0; Windows NT 5.1; SV1; .NET CLR 2.0.50727; .NET CLR 1.1.4322; InfoPath.1)"
85.94.101.192 - - [25/Dec/2008:16:44:01 +0100] "GET /zampa-lovers/MILIZA_4.JPG HTTP/1.1" 200 9946 "http://www.various-euro.com/zampa-lovers/index.html" "Mozilla/4.0 (compatible; MSIE 6.0; Windows NT 5.1; SV1; .NET CLR 2.0.50727; .NET CLR 1.1.4322; InfoPath.1)"
85.94.101.192 - - [25/Dec/2008:16:44:01 +0100] "GET /zampa-lovers/MILIZA_B.JPG HTTP/1.1" 200 10947 "http://www.various-euro.com/zampa-lovers/index.html" "Mozilla/4.0 (compatible; MSIE 6.0; Windows NT 5.1; SV1; .NET CLR 2.0.50727; .NET CLR 1.1.4322; InfoPath.1)"
85.94.101.192 - - [25/Dec/2008:16:44:01 +0100] "GET /zampa-lovers/ZAMPAMAS.MPG HTTP/1.1" 206 517822 "-" "Mozilla/4.0 (compatible; MSIE 6.0; Windows NT 5.1; SV1; .NET CLR 2.0.50727; .NET CLR 1.1.4322; InfoPath.1)"
85.94.101.192 - - [25/Dec/2008:16:44:04 +0100] "GET /zampa-lovers/DRAGANZA.JPG HTTP/1.1" 200 18560 "http://www.various-euro.com/zampa-lovers/index.html" "Mozilla/4.0 (compatible; MSIE 6.0; Windows NT 5.1; SV1; .NET CLR 2.0.50727; .NET CLR 1.1.4322; InfoPath.1)"
85.94.101.192 - - [25/Dec/2008:16:44:04 +0100] "GET /zampa-lovers/1SEITEVE.GIF HTTP/1.1" 200 78726 "http://www.various-euro.com/zampa-lovers/index.html" "Mozilla/4.0 (compatible; MSIE 6.0; Windows NT 5.1; SV1; .NET CLR 2.0.50727; .NET CLR 1.1.4322; InfoPath.1)"
85.94.101.192 - - [25/Dec/2008:16:44:06 +0100] "GET /zampa-lovers/2SEITEVE.GIF HTTP/1.1" 200 83466 "http://www.various-euro.com/zampa-lovers/index.html" "Mozilla/4.0 (compatible; MSIE 6.0; Windows NT 5.1; SV1; .NET CLR 2.0.50727; .NET CLR 1.1.4322; InfoPath.1)"
85.94.101.192 - - [25/Dec/2008:16:44:02 +0100] "GET /zampa-lovers/ZAMPAMAS.MPG HTTP/1.1" 200 520196 "-" "Mozilla/4.0 (compatible; MSIE 6.0; Windows NT 5.1; SV1; .NET CLR 2.0.50727; .NET CLR 1.1.4322; InfoPath.1)"
85.94.101.192 - - [25/Dec/2008:16:44:07 +0100] "GET /zampa-lovers/Kralle.gif HTTP/1.1" 200 260 "http://www.various-euro.com/zampa-lovers/index.html" "Mozilla/4.0 (compatible; MSIE 6.0; Windows NT 5.1; SV1; .NET CLR 2.0.50727; .NET CLR 1.1.4322; InfoPath.1)"
85.94.101.192 - - [25/Dec/2008:16:44:07 +0100] "GET /zampa-lovers/zampa-2X2.gif HTTP/1.1" 200 6948 "http://www.various-euro.com/zampa-lovers/index.html" "Mozilla/4.0 (compatible; MSIE 6.0; Windows NT 5.1; SV1; .NET CLR 2.0.50727; .NET CLR 1.1.4322; InfoPath.1)"
85.94.101.192 - - [25/Dec/2008:16:44:07 +0100] "GET /zampa-lovers/zampamali.gif HTTP/1.1" 200 2617 "http://www.various-euro.com/zampa-lovers/index.html" "Mozilla/4.0 (compatible; MSIE 6.0; Windows NT 5.1; SV1; .NET CLR 2.0.50727; .NET CLR 1.1.4322; InfoPath.1)"
85.94.101.192 - - [25/Dec/2008:16:44:07 +0100] "GET /bannerz/ve.jpg HTTP/1.1" 200 36912 "http://www.various-euro.com/frame-unten.html" "Mozilla/4.0 (compatible; MSIE 6.0; Windows NT 5.1; SV1; .NET CLR 2.0.50727; .NET CLR 1.1.4322; InfoPath.1)"
85.94.101.192 - - [25/Dec/2008:16:44:07 +0100] "GET /bannerz/various-euro-girl.jpg HTTP/1.1" 200 91514 "http://www.various-euro.com/frame-unten.html" "Mozilla/4.0 (compatible; MSIE 6.0; Windows NT 5.1; SV1; .NET CLR 2.0.50727; .NET CLR 1.1.4322; InfoPath.1)"
85.94.101.192 - - [25/Dec/2008:16:44:21 +0100] "GET /framez-zampa-lovers.html HTTP/1.1" 200 4322 "http://www.google.com./search?hl=en&q=i+mi+u+evropi+projekti" "Mozilla/4.0 (compatible; MSIE 6.0; Windows NT 5.1; SV1; .NET CLR 2.0.50727; .NET CLR 1.1.4322; InfoPath.1)"
85.94.101.192 - - [25/Dec/2008:16:44:21 +0100] "GET /frame-menu.html HTTP/1.1" 200 10536 "http://www.various-euro.com/framez-zampa-lovers.html" "Mozilla/4.0 (compatible; MSIE 6.0; Windows NT 5.1; SV1; .NET CLR 2.0.50727; .NET CLR 1.1.4322; InfoPath.1)"
85.94.101.192 - - [25/Dec/2008:16:44:21 +0100] "GET /zampa-lovers/index.html HTTP/1.1" 200 37790 "http://www.various-euro.com/framez-zampa-lovers.html" "Mozilla/4.0 (compatible; MSIE 6.0; Windows NT 5.1; SV1; .NET CLR 2.0.50727; .NET CLR 1.1.4322; InfoPath.1)"
85.94.101.192 - - [25/Dec/2008:16:44:21 +0100] "GET /frame-unten.html HTTP/1.1" 200 5308 "http://www.various-euro.com/framez-zampa-lovers.html" "Mozilla/4.0 (compatible; MSIE 6.0; Windows NT 5.1; SV1; .NET CLR 2.0.50727; .NET CLR 1.1.4322; InfoPath.1)"
85.94.101.192 - - [25/Dec/2008:16:44:21 +0100] "GET /zampa-lovers/kralle.gif HTTP/1.1" 404 2748 "http://www.various-euro.com/zampa-lovers/index.html" "Mozilla/4.0 (compatible; MSIE 6.0; Windows NT 5.1; SV1; .NET CLR 2.0.50727; .NET CLR 1.1.4322; InfoPath.1)"
85.94.101.192 - - [25/Dec/2008:16:44:27 +0100] "GET /f-search.html HTTP/1.1" 200 11800 "http://www.various-euro.com/frame-menu.html" "Mozilla/4.0 (compatible; MSIE 6.0; Windows NT 5.1; SV1; .NET CLR 2.0.50727; .NET CLR 1.1.4322; InfoPath.1)"
85.94.101.192 - - [25/Dec/2008:16:44:28 +0100] "GET /bannerz/notrace.gif HTTP/1.1" 200 485 "http://www.various-euro.com/f-search.html" "Mozilla/4.0 (compatible; MSIE 6.0; Windows NT 5.1; SV1; .NET CLR 2.0.50727; .NET CLR 1.1.4322; InfoPath.1)"
85.94.101.192 - - [25/Dec/2008:16:44:40 +0100] "GET /zampa-lovers/kralle.gif HTTP/1.1" 404 2748 "http://www.various-euro.com/zampa-lovers/index.html" "Mozilla/4.0 (compatible; MSIE 6.0; Windows NT 5.1; SV1; .NET CLR 2.0.50727; .NET CLR 1.1.4322; InfoPath.1)"
208.80.194.51 - - [25/Dec/2008:17:11:18 +0100] "GET / HTTP/1.0" 200 7869 "-" "Mozilla/4.0 (compatible; MSIE 6.0; Windows NT 5.1; SV1; YPC 3.2.0; .NET CLR 1.1.4322; .NET CLR 2.0.50727; .NET CLR 3.0.04506.30; InfoPath.1)"
208.80.194.51 - - [25/Dec/2008:17:11:18 +0100] "GET / HTTP/1.0" 200 7869 "-" "Mozilla/4.0 (compatible; MSIE 6.0; Windows NT 5.1; SV1; ImageShack Toolbar 4.4.3)"
67.195.37.119 - - [25/Dec/2008:17:20:04 +0100] "GET /zampa/montenegro/dajpare.html HTTP/1.0" 200 2503 "-" "Mozilla/5.0 (compatible; Yahoo! Slurp/3.0; http://help.yahoo.com/help/us/ysearch/slurp)"
