119.63.193.43 - - [27/Dec/2008:07:02:48 +0100] "GET / HTTP/1.1" 200 7869 "-" "Baiduspider+(+http://help.baidu.jp/system/05.html)"
67.195.37.119 - - [27/Dec/2008:07:23:47 +0100] "GET /f-sponsor.html HTTP/1.0" 200 8578 "-" "Mozilla/5.0 (compatible; Yahoo! Slurp; http://help.yahoo.com/help/us/ysearch/slurp)"
74.6.18.234 - - [27/Dec/2008:08:18:37 +0100] "GET /zampa/ HTTP/1.0" 200 7153 "-" "Mozilla/5.0 (compatible; Yahoo! Slurp; http://help.yahoo.com/help/us/ysearch/slurp)"
74.6.18.234 - - [27/Dec/2008:08:20:04 +0100] "GET /zampa/montenegro/ HTTP/1.0" 200 2651 "-" "Mozilla/5.0 (compatible; Yahoo! Slurp; http://help.yahoo.com/help/us/ysearch/slurp)"
65.55.230.243 - - [27/Dec/2008:08:22:44 +0100] "GET /robots.txt HTTP/1.1" 200 64 "-" "msnbot-media/1.1 (+http://search.msn.com/msnbot.htm)"
65.55.230.243 - - [27/Dec/2008:08:22:44 +0100] "GET /logs/usage_200704.html HTTP/1.1" 200 108835 "-" "msnbot-media/1.1 (+http://search.msn.com/msnbot.htm)"
67.195.37.119 - - [27/Dec/2008:09:25:00 +0100] "GET /menue.html HTTP/1.0" 404 2748 "-" "Mozilla/5.0 (compatible; Yahoo! Slurp/3.0; http://help.yahoo.com/help/us/ysearch/slurp)"
74.6.18.234 - - [27/Dec/2008:09:27:32 +0100] "GET /net.html HTTP/1.0" 404 2748 "-" "Mozilla/5.0 (compatible; Yahoo! Slurp; http://help.yahoo.com/help/us/ysearch/slurp)"
74.6.18.234 - - [27/Dec/2008:09:34:31 +0100] "GET /games/virtualcop/virtualcop.html HTTP/1.0" 200 4487 "-" "Mozilla/5.0 (compatible; Yahoo! Slurp; http://help.yahoo.com/help/us/ysearch/slurp)"
92.241.182.24 - - [27/Dec/2008:09:43:13 +0100] "GET / HTTP/1.1" 302 353 "-" "Mozilla/4.0 (compatible; MSIE 5.01; Windows NT 5.0)"
92.241.182.24 - - [27/Dec/2008:09:43:13 +0100] "GET /zampa/ HTTP/1.1" 200 7153 "-" "Mozilla/4.0 (compatible; MSIE 5.01; Windows NT 5.0)"
92.241.182.24 - - [27/Dec/2008:09:43:14 +0100] "GET /montenegro/dajpare.html HTTP/1.1" 302 376 "-" "Mozilla/4.0 (compatible; MSIE 5.01; Windows NT 5.0)"
92.241.182.24 - - [27/Dec/2008:09:43:14 +0100] "GET /wonderland/index.html HTTP/1.1" 302 374 "-" "Mozilla/4.0 (compatible; MSIE 5.01; Windows NT 5.0)"
92.241.182.24 - - [27/Dec/2008:09:43:14 +0100] "GET /lybia/index.html HTTP/1.1" 302 369 "-" "Mozilla/4.0 (compatible; MSIE 5.01; Windows NT 5.0)"
92.241.182.24 - - [27/Dec/2008:09:43:14 +0100] "GET /montenegro/index.html HTTP/1.1" 302 374 "-" "Mozilla/4.0 (compatible; MSIE 5.01; Windows NT 5.0)"
92.241.182.24 - - [27/Dec/2008:09:43:14 +0100] "GET /zampa/montenegro/dajpare.html HTTP/1.1" 200 2503 "-" "Mozilla/4.0 (compatible; MSIE 5.01; Windows NT 5.0)"
92.241.182.24 - - [27/Dec/2008:09:43:14 +0100] "GET /zampa/montenegro/index.html HTTP/1.1" 200 2651 "-" "Mozilla/4.0 (compatible; MSIE 5.01; Windows NT 5.0)"
92.241.182.24 - - [27/Dec/2008:09:43:14 +0100] "GET /zampa/lybia/index.html HTTP/1.1" 200 3036 "-" "Mozilla/4.0 (compatible; MSIE 5.01; Windows NT 5.0)"
92.241.182.24 - - [27/Dec/2008:09:43:14 +0100] "GET /zampa/wonderland/index.html HTTP/1.1" 200 2084 "-" "Mozilla/4.0 (compatible; MSIE 5.01; Windows NT 5.0)"
92.241.182.24 - - [27/Dec/2008:09:43:14 +0100] "GET /montenegro/TESLAW.html HTTP/1.1" 302 375 "-" "Mozilla/4.0 (compatible; MSIE 5.01; Windows NT 5.0)"
92.241.182.24 - - [27/Dec/2008:09:43:14 +0100] "GET /montenegro/ZMAJW.html HTTP/1.1" 302 374 "-" "Mozilla/4.0 (compatible; MSIE 5.01; Windows NT 5.0)"
92.241.182.24 - - [27/Dec/2008:09:43:14 +0100] "GET /montenegro/SEKAW.html HTTP/1.1" 302 374 "-" "Mozilla/4.0 (compatible; MSIE 5.01; Windows NT 5.0)"
92.241.182.24 - - [27/Dec/2008:09:43:14 +0100] "GET /montenegro/MILOW.html HTTP/1.1" 302 374 "-" "Mozilla/4.0 (compatible; MSIE 5.01; Windows NT 5.0)"
92.241.182.24 - - [27/Dec/2008:09:43:14 +0100] "GET /montenegro/contributions.html HTTP/1.1" 302 382 "-" "Mozilla/4.0 (compatible; MSIE 5.01; Windows NT 5.0)"
92.241.182.24 - - [27/Dec/2008:09:43:14 +0100] "GET /montenegro/BATAW.html HTTP/1.1" 302 374 "-" "Mozilla/4.0 (compatible; MSIE 5.01; Windows NT 5.0)"
92.241.182.24 - - [27/Dec/2008:09:43:14 +0100] "GET /zampa/montenegro/SEKAW.html HTTP/1.1" 200 860 "-" "Mozilla/4.0 (compatible; MSIE 5.01; Windows NT 5.0)"
92.241.182.24 - - [27/Dec/2008:09:43:14 +0100] "GET /zampa/montenegro/ZMAJW.html HTTP/1.1" 200 860 "-" "Mozilla/4.0 (compatible; MSIE 5.01; Windows NT 5.0)"
92.241.182.24 - - [27/Dec/2008:09:43:14 +0100] "GET /zampa/montenegro/MILOW.html HTTP/1.1" 200 860 "-" "Mozilla/4.0 (compatible; MSIE 5.01; Windows NT 5.0)"
92.241.182.24 - - [27/Dec/2008:09:43:14 +0100] "GET /zampa/montenegro/TESLAW.html HTTP/1.1" 200 861 "-" "Mozilla/4.0 (compatible; MSIE 5.01; Windows NT 5.0)"
92.241.182.24 - - [27/Dec/2008:09:43:14 +0100] "GET /zampa/montenegro/BATAW.html HTTP/1.1" 200 860 "-" "Mozilla/4.0 (compatible; MSIE 5.01; Windows NT 5.0)"
92.241.182.24 - - [27/Dec/2008:09:43:14 +0100] "GET /zampa/montenegro/contributions.html HTTP/1.1" 200 18843 "-" "Mozilla/4.0 (compatible; MSIE 5.01; Windows NT 5.0)"
92.241.182.24 - - [27/Dec/2008:09:44:09 +0100] "GET / HTTP/1.1" 200 7869 "-" "Mozilla/4.0 (compatible; MSIE 5.01; Windows NT 5.0)"
92.241.182.24 - - [27/Dec/2008:09:44:09 +0100] "GET /framez.html HTTP/1.1" 200 3959 "-" "Mozilla/4.0 (compatible; MSIE 5.01; Windows NT 5.0)"
74.6.18.234 - - [27/Dec/2008:10:21:19 +0100] "GET /neon/left-one-new.html HTTP/1.0" 200 1483 "-" "Mozilla/5.0 (compatible; Yahoo! Slurp; http://help.yahoo.com/help/us/ysearch/slurp)"
65.55.230.243 - - [27/Dec/2008:10:24:23 +0100] "GET /framez-girlz.html HTTP/1.1" 200 4271 "-" "msnbot-media/1.1 (+http://search.msn.com/msnbot.htm)"
67.86.21.88 - - [27/Dec/2008:10:32:06 +0100] "GET / HTTP/1.0" 200 7869 "http://kggnjfz.007sites.com/cheap-car-insurance-quotes.html" "Mozilla/4.0 (compatible; MSIE 5.0; Windows NT; DigExt)"
67.86.21.88 - - [27/Dec/2008:10:32:08 +0100] "GET / HTTP/1.0" 200 7869 "http://kggnjfz.007sites.com/cheap-car-insurance-quotes.html" "Mozilla/4.0 (compatible; MSIE 5.0; Windows NT; DigExt)"
67.86.21.88 - - [27/Dec/2008:10:32:10 +0100] "GET / HTTP/1.0" 200 7869 "http://kggnjfz.007sites.com/cheap-car-insurance-quotes.html" "Mozilla/4.0 (compatible; MSIE 5.0; Windows NT; DigExt)"
67.86.21.88 - - [27/Dec/2008:10:32:11 +0100] "GET / HTTP/1.0" 200 7869 "http://kggnjfz.007sites.com/cheap-car-insurance-quotes.html" "Mozilla/4.0 (compatible; MSIE 5.0; Windows NT; DigExt)"
200.217.221.166 - - [27/Dec/2008:10:32:13 +0100] "GET / HTTP/1.0" 200 7869 "http://ydymqks.yourfreehosting.net/mobile-home-insurance-in-fl.html" "Mozilla/3.0 (compatible; WebCapture 2.0; Auto; Windows)"
24.184.229.85 - - [27/Dec/2008:10:32:59 +0100] "GET / HTTP/1.0" 200 7869 "http://ydymqks.yourfreehosting.net/mobile-home-insurance-in-fl.html" "Mozilla/3.0 (compatible; WebCapture 2.0; Auto; Windows)"
24.184.229.85 - - [27/Dec/2008:10:33:00 +0100] "GET / HTTP/1.0" 200 7869 "http://ydymqks.yourfreehosting.net/mobile-home-insurance-in-fl.html" "Mozilla/3.0 (compatible; WebCapture 2.0; Auto; Windows)"
24.184.229.85 - - [27/Dec/2008:10:33:01 +0100] "GET / HTTP/1.0" 200 7869 "http://ydymqks.yourfreehosting.net/mobile-home-insurance-in-fl.html" "Mozilla/3.0 (compatible; WebCapture 2.0; Auto; Windows)"
65.55.220.175 - - [27/Dec/2008:11:01:04 +0100] "GET /robots.txt HTTP/1.1" 200 64 "-" "msnbot-media/1.1 (+http://search.msn.com/msnbot.htm)"
65.55.220.175 - - [27/Dec/2008:11:01:04 +0100] "GET /sendi-agent/Interfiction-sendi.avi HTTP/1.1" 200 34633728 "-" "msnbot-media/1.1 (+http://search.msn.com/msnbot.htm)"
67.195.37.119 - - [27/Dec/2008:11:16:45 +0100] "GET /zampa/lybia/index.html HTTP/1.0" 200 3036 "-" "Mozilla/5.0 (compatible; Yahoo! Slurp/3.0; http://help.yahoo.com/help/us/ysearch/slurp)"
67.195.37.119 - - [27/Dec/2008:11:34:23 +0100] "GET /DgH/ HTTP/1.0" 200 5024 "-" "Mozilla/5.0 (compatible; Yahoo! Slurp; http://help.yahoo.com/help/us/ysearch/slurp)"
65.55.211.180 - - [27/Dec/2008:11:59:05 +0100] "GET /robots.txt HTTP/1.1" 200 64 "-" "msnbot/1.1 (+http://search.msn.com/msnbot.htm)"
65.55.211.180 - - [27/Dec/2008:11:59:05 +0100] "GET /f-warez.html HTTP/1.1" 200 10953 "-" "msnbot/1.1 (+http://search.msn.com/msnbot.htm)"
66.249.65.169 - - [27/Dec/2008:12:08:52 +0100] "GET /robots.txt HTTP/1.1" 200 64 "-" "Mozilla/5.0 (compatible; Googlebot/2.1; +http://www.google.com/bot.html)"
66.249.65.169 - - [27/Dec/2008:12:08:52 +0100] "GET /logs/usage_200812.html HTTP/1.1" 404 2748 "-" "Mozilla/5.0 (compatible; Googlebot/2.1; +http://www.google.com/bot.html)"
81.52.143.26 - - [27/Dec/2008:13:07:39 +0100] "GET /neon/left-one-new.html HTTP/1.1" 200 1483 "-" "Mozilla/5.0 (Windows; U; Windows NT 5.1; fr; rv:1.8.1) VoilaBot BETA 1.2 (support.voilabot@orange-ftgroup.com)"
81.52.143.26 - - [27/Dec/2008:13:55:35 +0100] "GET /neon/warning2.html HTTP/1.1" 200 997 "-" "Mozilla/5.0 (Windows; U; Windows NT 5.1; fr; rv:1.8.1) VoilaBot BETA 1.2 (support.voilabot@orange-ftgroup.com)"
81.52.143.26 - - [27/Dec/2008:14:03:57 +0100] "GET /robots.txt HTTP/1.1" 200 64 "-" "Mozilla/5.0 (Windows; U; Windows NT 5.1; fr; rv:1.8.1) VoilaBot BETA 1.2 (support.voilabot@orange-ftgroup.com)"
81.52.143.26 - - [27/Dec/2008:14:04:01 +0100] "GET /neon/annniiii.html HTTP/1.1" 200 686 "-" "Mozilla/5.0 (Windows; U; Windows NT 5.1; fr; rv:1.8.1) VoilaBot BETA 1.2 (support.voilabot@orange-ftgroup.com)"
67.195.37.119 - - [27/Dec/2008:14:10:07 +0100] "GET /f-horrorkatze.html HTTP/1.0" 200 7865 "-" "Mozilla/5.0 (compatible; Yahoo! Slurp/3.0; http://help.yahoo.com/help/us/ysearch/slurp)"
67.195.37.119 - - [27/Dec/2008:14:20:23 +0100] "GET /f-web.html HTTP/1.0" 200 13605 "-" "Mozilla/5.0 (compatible; Yahoo! Slurp/3.0; http://help.yahoo.com/help/us/ysearch/slurp)"
65.55.231.76 - - [27/Dec/2008:14:35:36 +0100] "GET /robots.txt HTTP/1.1" 200 64 "-" "msnbot-media/1.1 (+http://search.msn.com/msnbot.htm)"
65.55.231.76 - - [27/Dec/2008:14:35:36 +0100] "GET /logs/ctry_usage_200704.png HTTP/1.1" 200 5285 "-" "msnbot-media/1.1 (+http://search.msn.com/msnbot.htm)"
77.118.10.217 - - [27/Dec/2008:15:16:34 +0100] "GET /zampa/slike/E2COPY.GIF HTTP/1.1" 200 10416 "http://www.various-euro.com/zampa/" "Mozilla/5.0 (Macintosh; U; PPC Mac OS X 10.4; de; rv:1.9.0.5) Gecko/2008120121 Firefox/3.0.5"
125.243.141.130 - - [27/Dec/2008:15:16:38 +0100] "POST /cgi-bin/smpro/subscribe_eng.pl HTTP/1.0" 404 2748 "http://various-euro.com/cgi-bin/smpro/subscribe_eng.pl" "Mozilla/4.0 (compatible; MSIE 6.0; Windows NT 5.1)"
221.224.108.85 - - [27/Dec/2008:15:17:09 +0100] "POST /cgi-bin/smpro/subscribe_eng.pl HTTP/1.0" 404 2748 "http://various-euro.com/cgi-bin/smpro/subscribe_eng.pl" "Mozilla/4.0 (compatible; MSIE 6.0; Windows NT 5.1)"
74.6.18.234 - - [27/Dec/2008:15:31:08 +0100] "GET /robots.txt HTTP/1.0" 200 64 "-" "Mozilla/5.0 (compatible; Yahoo! Slurp; http://help.yahoo.com/help/us/ysearch/slurp)"
74.6.18.234 - - [27/Dec/2008:15:31:08 +0100] "GET /DgH/ HTTP/1.0" 200 5024 "-" "Mozilla/5.0 (compatible; Yahoo! Slurp; http://help.yahoo.com/help/us/ysearch/slurp)"
74.6.18.234 - - [27/Dec/2008:15:38:39 +0100] "GET /framez-rez.html HTTP/1.0" 200 4323 "-" "Mozilla/5.0 (compatible; Yahoo! Slurp/3.0; http://help.yahoo.com/help/us/ysearch/slurp)"
74.6.18.234 - - [27/Dec/2008:15:38:39 +0100] "GET /f-rez.html HTTP/1.0" 200 9765 "http://www.various-euro.com/framez-rez.html" "Mozilla/5.0 (compatible; Yahoo! Slurp/3.0; http://help.yahoo.com/help/us/ysearch/slurp)"
74.6.18.234 - - [27/Dec/2008:15:38:39 +0100] "GET /frame-unten.html HTTP/1.0" 200 5308 "http://www.various-euro.com/framez-rez.html" "Mozilla/5.0 (compatible; Yahoo! Slurp/3.0; http://help.yahoo.com/help/us/ysearch/slurp)"
74.6.18.234 - - [27/Dec/2008:15:38:39 +0100] "GET /frame-menu.html HTTP/1.0" 200 10536 "http://www.various-euro.com/framez-rez.html" "Mozilla/5.0 (compatible; Yahoo! Slurp/3.0; http://help.yahoo.com/help/us/ysearch/slurp)"
74.6.18.234 - - [27/Dec/2008:15:38:40 +0100] "GET /style/various-euro.css HTTP/1.0" 200 3437 "http://www.various-euro.com/frame-menu.html" "Mozilla/5.0 (compatible; Yahoo! Slurp/3.0; http://help.yahoo.com/help/us/ysearch/slurp)"
74.6.18.234 - - [27/Dec/2008:15:40:37 +0100] "GET /your_tour.html HTTP/1.0" 200 29760 "-" "Mozilla/5.0 (compatible; Yahoo! Slurp; http://help.yahoo.com/help/us/ysearch/slurp)"
66.249.65.169 - - [27/Dec/2008:16:06:24 +0100] "GET /robots.txt HTTP/1.1" 200 64 "-" "Mozilla/5.0 (compatible; Googlebot/2.1; +http://www.google.com/bot.html)"
66.249.65.169 - - [27/Dec/2008:16:06:24 +0100] "GET /menue.html HTTP/1.1" 404 2748 "-" "Mozilla/5.0 (compatible; Googlebot/2.1; +http://www.google.com/bot.html)"
81.52.143.26 - - [27/Dec/2008:16:08:05 +0100] "GET /bmpp/18asi_2.html HTTP/1.1" 200 8674 "-" "Mozilla/5.0 (Windows; U; Windows NT 5.1; fr; rv:1.8.1) VoilaBot BETA 1.2 (support.voilabot@orange-ftgroup.com)"
74.6.18.234 - - [27/Dec/2008:16:12:26 +0100] "GET /f-euro.html HTTP/1.0" 200 12203 "-" "Mozilla/5.0 (compatible; Yahoo! Slurp; http://help.yahoo.com/help/us/ysearch/slurp)"
66.249.65.169 - - [27/Dec/2008:16:32:03 +0100] "GET /logz_old.html HTTP/1.1" 404 2748 "-" "Mozilla/5.0 (compatible; Googlebot/2.1; +http://www.google.com/bot.html)"
81.52.143.15 - - [27/Dec/2008:16:33:20 +0100] "GET /DgH/orginal/index.html HTTP/1.1" 200 1727 "-" "Mozilla/5.0 (Windows; U; Windows NT 5.1; fr; rv:1.8.1) VoilaBot BETA 1.2 (support.voilabot@orange-ftgroup.com)"
74.6.18.234 - - [27/Dec/2008:16:38:29 +0100] "GET /neon/warning2..html HTTP/1.0" 200 456 "-" "Mozilla/5.0 (compatible; Yahoo! Slurp; http://help.yahoo.com/help/us/ysearch/slurp)"
81.52.143.16 - - [27/Dec/2008:16:40:53 +0100] "GET /schubb/schubb-1.html HTTP/1.1" 200 9070 "-" "Mozilla/5.0 (Windows; U; Windows NT 5.1; fr; rv:1.8.1) VoilaBot BETA 1.2 (support.voilabot@orange-ftgroup.com)"
74.6.18.234 - - [27/Dec/2008:16:53:52 +0100] "GET /logs/usage_200605.html HTTP/1.0" 200 109635 "-" "Mozilla/5.0 (compatible; Yahoo! Slurp; http://help.yahoo.com/help/us/ysearch/slurp)"
74.6.18.234 - - [27/Dec/2008:17:04:32 +0100] "GET /ie_menue.html HTTP/1.0" 404 2748 "-" "Mozilla/5.0 (compatible; Yahoo! Slurp/3.0; http://help.yahoo.com/help/us/ysearch/slurp)"
193.252.149.15 - - [27/Dec/2008:17:10:10 +0100] "GET /neon/europa.html HTTP/1.1" 200 389 "-" "Mozilla/5.0 (Windows; U; Windows NT 5.1; fr; rv:1.8.1) VoilaBot BETA 1.2 (support.voilabot@orange-ftgroup.com)"
67.195.37.119 - - [27/Dec/2008:17:18:44 +0100] "GET /robots.txt HTTP/1.0" 200 64 "-" "Mozilla/5.0 (compatible; Yahoo! Slurp; http://help.yahoo.com/help/us/ysearch/slurp)"
67.195.37.119 - - [27/Dec/2008:17:18:45 +0100] "GET /logs/usage_200702.html HTTP/1.0" 200 107861 "-" "Mozilla/5.0 (compatible; Yahoo! Slurp; http://help.yahoo.com/help/us/ysearch/slurp)"
99.227.168.235 - - [27/Dec/2008:17:36:56 +0100] "GET /menueleiste.js HTTP/1.1" 404 2748 "http://www.various-euro.com/restate_copy.html" "Mozilla/4.0 (compatible; MSIE 7.0; Windows NT 6.0; FunWebProducts; SLCC1; .NET CLR 2.0.50727; .NET CLR 3.0.04506; InfoPath.1)"
99.227.168.235 - - [27/Dec/2008:17:36:56 +0100] "GET /bannerz/rebelle.gif HTTP/1.1" 200 6986 "http://www.various-euro.com/restate_copy.html" "Mozilla/4.0 (compatible; MSIE 7.0; Windows NT 6.0; FunWebProducts; SLCC1; .NET CLR 2.0.50727; .NET CLR 3.0.04506; InfoPath.1)"
99.227.168.235 - - [27/Dec/2008:17:36:55 +0100] "GET /restate_copy.html HTTP/1.1" 200 97631 "http://search.mywebsearch.com/mywebsearch/AJmain.jhtml?qid=1083647D2FAE26AF392BC8E69AC1AFF6&pg=AJmain&ord=31&action=click&searchfor=Cheetah+Girls+Music+on+Disney+Channel&tpr=jrel3&p=AJmain&ss=sub&st=kwd&ptnrS=ZR&ct=RR&cb=ZR" "Mozilla/4.0 (compatible; MSIE 7.0; Windows NT 6.0; FunWebProducts; SLCC1; .NET CLR 2.0.50727; .NET CLR 3.0.04506; InfoPath.1)"
99.227.168.235 - - [27/Dec/2008:17:36:56 +0100] "GET /detonators.gif HTTP/1.1" 200 14892 "http://www.various-euro.com/restate_copy.html" "Mozilla/4.0 (compatible; MSIE 7.0; Windows NT 6.0; FunWebProducts; SLCC1; .NET CLR 2.0.50727; .NET CLR 3.0.04506; InfoPath.1)"
99.227.168.235 - - [27/Dec/2008:17:36:57 +0100] "GET /favicon.ico HTTP/1.1" 404 2748 "-" "Mozilla/4.0 (compatible; MSIE 7.0; Windows NT 6.0; FunWebProducts; SLCC1; .NET CLR 2.0.50727; .NET CLR 3.0.04506; InfoPath.1)"
99.227.168.235 - - [27/Dec/2008:17:36:57 +0100] "GET /framez-restate.html HTTP/1.1" 200 4328 "-" "Mozilla/4.0 (compatible; MSIE 7.0; Windows NT 6.0; FunWebProducts; SLCC1; .NET CLR 2.0.50727; .NET CLR 3.0.04506; InfoPath.1)"
99.227.168.235 - - [27/Dec/2008:17:36:58 +0100] "GET /frame-menu.html HTTP/1.1" 200 10536 "http://www.various-euro.com/framez-restate.html" "Mozilla/4.0 (compatible; MSIE 7.0; Windows NT 6.0; FunWebProducts; SLCC1; .NET CLR 2.0.50727; .NET CLR 3.0.04506; InfoPath.1)"
99.227.168.235 - - [27/Dec/2008:17:36:58 +0100] "GET /frame-unten.html HTTP/1.1" 200 5308 "http://www.various-euro.com/framez-restate.html" "Mozilla/4.0 (compatible; MSIE 7.0; Windows NT 6.0; FunWebProducts; SLCC1; .NET CLR 2.0.50727; .NET CLR 3.0.04506; InfoPath.1)"
99.227.168.235 - - [27/Dec/2008:17:36:58 +0100] "GET /style/various-euro.css HTTP/1.1" 200 3437 "http://www.various-euro.com/frame-menu.html" "Mozilla/4.0 (compatible; MSIE 7.0; Windows NT 6.0; FunWebProducts; SLCC1; .NET CLR 2.0.50727; .NET CLR 3.0.04506; InfoPath.1)"
99.227.168.235 - - [27/Dec/2008:17:36:58 +0100] "GET /bannerz/ve.jpg HTTP/1.1" 200 36912 "http://www.various-euro.com/frame-unten.html" "Mozilla/4.0 (compatible; MSIE 7.0; Windows NT 6.0; FunWebProducts; SLCC1; .NET CLR 2.0.50727; .NET CLR 3.0.04506; InfoPath.1)"
99.227.168.235 - - [27/Dec/2008:17:36:58 +0100] "GET /restate_copy.html HTTP/1.1" 200 97631 "http://www.various-euro.com/framez-restate.html" "Mozilla/4.0 (compatible; MSIE 7.0; Windows NT 6.0; FunWebProducts; SLCC1; .NET CLR 2.0.50727; .NET CLR 3.0.04506; InfoPath.1)"
99.227.168.235 - - [27/Dec/2008:17:36:59 +0100] "GET /menueleiste.js HTTP/1.1" 404 2748 "http://www.various-euro.com/restate_copy.html" "Mozilla/4.0 (compatible; MSIE 7.0; Windows NT 6.0; FunWebProducts; SLCC1; .NET CLR 2.0.50727; .NET CLR 3.0.04506; InfoPath.1)"
99.227.168.235 - - [27/Dec/2008:17:36:59 +0100] "GET /bannerz/various-euro-girl.jpg HTTP/1.1" 200 91514 "http://www.various-euro.com/frame-unten.html" "Mozilla/4.0 (compatible; MSIE 7.0; Windows NT 6.0; FunWebProducts; SLCC1; .NET CLR 2.0.50727; .NET CLR 3.0.04506; InfoPath.1)"
99.227.168.235 - - [27/Dec/2008:17:37:00 +0100] "GET /ve-icon-2.ico HTTP/1.1" 200 2238 "-" "Mozilla/4.0 (compatible; MSIE 7.0; Windows NT 6.0; FunWebProducts; SLCC1; .NET CLR 2.0.50727; .NET CLR 3.0.04506; InfoPath.1)"
99.227.168.235 - - [27/Dec/2008:17:37:04 +0100] "GET /menueleiste.js HTTP/1.1" 404 2748 "http://www.various-euro.com/restate_copy.html" "Mozilla/4.0 (compatible; MSIE 7.0; Windows NT 6.0; FunWebProducts; SLCC1; .NET CLR 2.0.50727; .NET CLR 3.0.04506; InfoPath.1)"
99.227.168.235 - - [27/Dec/2008:17:37:05 +0100] "GET /framez-restate.html HTTP/1.1" 200 4328 "-" "Mozilla/4.0 (compatible; MSIE 7.0; Windows NT 6.0; FunWebProducts; SLCC1; .NET CLR 2.0.50727; .NET CLR 3.0.04506; InfoPath.1)"
99.227.168.235 - - [27/Dec/2008:17:37:05 +0100] "GET /frame-menu.html HTTP/1.1" 200 10536 "http://www.various-euro.com/framez-restate.html" "Mozilla/4.0 (compatible; MSIE 7.0; Windows NT 6.0; FunWebProducts; SLCC1; .NET CLR 2.0.50727; .NET CLR 3.0.04506; InfoPath.1)"
99.227.168.235 - - [27/Dec/2008:17:37:05 +0100] "GET /frame-unten.html HTTP/1.1" 200 5308 "http://www.various-euro.com/framez-restate.html" "Mozilla/4.0 (compatible; MSIE 7.0; Windows NT 6.0; FunWebProducts; SLCC1; .NET CLR 2.0.50727; .NET CLR 3.0.04506; InfoPath.1)"
99.227.168.235 - - [27/Dec/2008:17:37:06 +0100] "GET /menueleiste.js HTTP/1.1" 404 2748 "http://www.various-euro.com/restate_copy.html" "Mozilla/4.0 (compatible; MSIE 7.0; Windows NT 6.0; FunWebProducts; SLCC1; .NET CLR 2.0.50727; .NET CLR 3.0.04506; InfoPath.1)"
99.227.168.235 - - [27/Dec/2008:17:37:09 +0100] "GET /menueleiste.js HTTP/1.1" 404 2748 "http://www.various-euro.com/restate_copy.html" "Mozilla/4.0 (compatible; MSIE 7.0; Windows NT 6.0; FunWebProducts; SLCC1; .NET CLR 2.0.50727; .NET CLR 3.0.04506; InfoPath.1)"
99.227.168.235 - - [27/Dec/2008:17:37:09 +0100] "GET /framez-restate.html HTTP/1.1" 200 4328 "-" "Mozilla/4.0 (compatible; MSIE 7.0; Windows NT 6.0; FunWebProducts; SLCC1; .NET CLR 2.0.50727; .NET CLR 3.0.04506; InfoPath.1)"
99.227.168.235 - - [27/Dec/2008:17:37:10 +0100] "GET /frame-menu.html HTTP/1.1" 200 10536 "http://www.various-euro.com/framez-restate.html" "Mozilla/4.0 (compatible; MSIE 7.0; Windows NT 6.0; FunWebProducts; SLCC1; .NET CLR 2.0.50727; .NET CLR 3.0.04506; InfoPath.1)"
99.227.168.235 - - [27/Dec/2008:17:37:10 +0100] "GET /frame-unten.html HTTP/1.1" 200 5308 "http://www.various-euro.com/framez-restate.html" "Mozilla/4.0 (compatible; MSIE 7.0; Windows NT 6.0; FunWebProducts; SLCC1; .NET CLR 2.0.50727; .NET CLR 3.0.04506; InfoPath.1)"
99.227.168.235 - - [27/Dec/2008:17:37:10 +0100] "GET /menueleiste.js HTTP/1.1" 404 2748 "http://www.various-euro.com/restate_copy.html" "Mozilla/4.0 (compatible; MSIE 7.0; Windows NT 6.0; FunWebProducts; SLCC1; .NET CLR 2.0.50727; .NET CLR 3.0.04506; InfoPath.1)"
99.227.168.235 - - [27/Dec/2008:17:37:10 +0100] "GET /restate_copy.html HTTP/1.1" 200 97631 "http://www.various-euro.com/framez-restate.html" "Mozilla/4.0 (compatible; MSIE 7.0; Windows NT 6.0; FunWebProducts; SLCC1; .NET CLR 2.0.50727; .NET CLR 3.0.04506; InfoPath.1)"
67.195.37.119 - - [27/Dec/2008:17:41:05 +0100] "GET /schubb/schubb-1.html HTTP/1.0" 200 9070 "-" "Mozilla/5.0 (compatible; Yahoo! Slurp/3.0; http://help.yahoo.com/help/us/ysearch/slurp)"
67.195.37.119 - - [27/Dec/2008:17:45:52 +0100] "GET /neon/euro.html HTTP/1.0" 200 2212 "-" "Mozilla/5.0 (compatible; Yahoo! Slurp/3.0; http://help.yahoo.com/help/us/ysearch/slurp)"
74.6.18.234 - - [27/Dec/2008:18:05:43 +0100] "GET /f-rez.html HTTP/1.0" 200 9765 "-" "Mozilla/5.0 (compatible; Yahoo! Slurp; http://help.yahoo.com/help/us/ysearch/slurp)"
208.80.194.43 - - [27/Dec/2008:18:22:29 +0100] "GET / HTTP/1.0" 200 7869 "-" "Mozilla/4.0 (compatible; MSIE 6.0; Windows NT 5.1; FunWebProducts-MyWay; SV1; iebar; acc=kuwait150; acc=none; (none); .NET CLR 1.1.4322)"
208.80.194.43 - - [27/Dec/2008:18:22:29 +0100] "GET / HTTP/1.0" 200 7869 "-" "Mozilla/4.0 (compatible; MSIE 7.0; Windows NT 5.1; SpamBlockerUtility 4.8.4; ZangoToolbar 4.8.3)"
65.55.211.167 - - [27/Dec/2008:18:25:20 +0100] "GET /robots.txt HTTP/1.1" 200 64 "-" "msnbot/1.1 (+http://search.msn.com/msnbot.htm)"
65.55.211.167 - - [27/Dec/2008:18:25:20 +0100] "GET /channel1.html HTTP/1.1" 404 2748 "-" "msnbot/1.1 (+http://search.msn.com/msnbot.htm)"
193.252.149.15 - - [27/Dec/2008:18:35:53 +0100] "GET /neon/slow-walk2.html HTTP/1.1" 200 1777 "-" "Mozilla/5.0 (Windows; U; Windows NT 5.1; fr; rv:1.8.1) VoilaBot BETA 1.2 (support.voilabot@orange-ftgroup.com)"
66.249.65.169 - - [27/Dec/2008:18:39:02 +0100] "GET /zampa/montenegro/dajpare.html HTTP/1.1" 200 2503 "-" "Mozilla/5.0 (compatible; Googlebot/2.1; +http://www.google.com/bot.html)"
66.249.65.169 - - [27/Dec/2008:18:48:11 +0100] "GET /triple-double-u/robots.txt HTTP/1.1" 200 26 "-" "Mozilla/5.0 (compatible; Googlebot/2.1; +http://www.google.com/bot.html)"
67.195.37.119 - - [27/Dec/2008:18:58:17 +0100] "GET /zampa-lovers/ HTTP/1.0" 200 37790 "-" "Mozilla/5.0 (compatible; Yahoo! Slurp; http://help.yahoo.com/help/us/ysearch/slurp)"
66.235.124.54 - - [27/Dec/2008:19:20:36 +0100] "GET /robots.txt HTTP/1.0" 200 64 "-" "Mozilla/5.0 (compatible; Ask Jeeves/Teoma; +http://about.ask.com/en/docs/about/webmasters.shtml)"
66.235.124.54 - - [27/Dec/2008:19:20:36 +0100] "GET /framez-zampa-lovers.html HTTP/1.0" 200 4322 "-" "Mozilla/5.0 (compatible; Ask Jeeves/Teoma; +http://about.ask.com/en/docs/about/webmasters.shtml)"
66.235.124.54 - - [27/Dec/2008:19:20:36 +0100] "GET /frame-menu.html HTTP/1.0" 200 10536 "-" "Mozilla/5.0 (compatible; Ask Jeeves/Teoma; +http://about.ask.com/en/docs/about/webmasters.shtml)"
66.235.124.54 - - [27/Dec/2008:19:20:37 +0100] "GET /zampa-lovers/index.html HTTP/1.0" 200 37790 "-" "Mozilla/5.0 (compatible; Ask Jeeves/Teoma; +http://about.ask.com/en/docs/about/webmasters.shtml)"
66.235.124.54 - - [27/Dec/2008:19:20:37 +0100] "GET /frame-unten.html HTTP/1.0" 200 5308 "-" "Mozilla/5.0 (compatible; Ask Jeeves/Teoma; +http://about.ask.com/en/docs/about/webmasters.shtml)"
66.231.189.124 - - [27/Dec/2008:19:20:57 +0100] "GET /robots.txt HTTP/1.0" 302 363 "-" "Gigabot/3.0 (http://www.gigablast.com/spider.html)"
66.231.189.124 - - [27/Dec/2008:19:20:58 +0100] "GET /montenegro/ZMAJW.html HTTP/1.0" 302 374 "-" "Gigabot/3.0 (http://www.gigablast.com/spider.html)"
67.195.37.119 - - [27/Dec/2008:19:33:09 +0100] "GET /logs/ HTTP/1.0" 200 10079 "-" "Mozilla/5.0 (compatible; Yahoo! Slurp; http://help.yahoo.com/help/us/ysearch/slurp)"
74.6.8.94 - - [27/Dec/2008:19:36:51 +0100] "GET /robots.txt HTTP/1.0" 200 64 "-" "Mozilla/5.0 (compatible; Yahoo! Slurp; http://help.yahoo.com/help/us/ysearch/slurp)"
74.6.8.94 - - [27/Dec/2008:19:36:51 +0100] "GET /neon/girlz3.html HTTP/1.0" 200 2479 "-" "Mozilla/5.0 (compatible; Yahoo! Slurp; http://help.yahoo.com/help/us/ysearch/slurp)"
74.6.8.94 - - [27/Dec/2008:20:15:01 +0100] "GET /DgH/watch/index.html HTTP/1.0" 200 2028 "-" "Mozilla/5.0 (compatible; Yahoo! Slurp; http://help.yahoo.com/help/us/ysearch/slurp)"
66.249.65.169 - - [27/Dec/2008:20:15:16 +0100] "GET /search.html HTTP/1.1" 200 1440 "-" "Mozilla/5.0 (compatible; Googlebot/2.1; +http://www.google.com/bot.html)"
74.6.8.94 - - [27/Dec/2008:20:18:23 +0100] "GET /rez/fisztfull.qtl HTTP/1.0" 200 166 "-" "Mozilla/5.0 (compatible; Yahoo! Slurp; http://help.yahoo.com/help/us/ysearch/slurp)"
67.195.37.119 - - [27/Dec/2008:20:24:45 +0100] "GET /ve-icon-2.ico HTTP/1.0" 200 2238 "-" "Mozilla/5.0 (compatible; Yahoo! Slurp/3.0; http://help.yahoo.com/help/us/ysearch/slurp)"
74.6.8.94 - - [27/Dec/2008:20:39:08 +0100] "GET /neon/sushi.html HTTP/1.0" 200 687 "-" "Mozilla/5.0 (compatible; Yahoo! Slurp; http://help.yahoo.com/help/us/ysearch/slurp)"
65.55.211.168 - - [27/Dec/2008:20:46:00 +0100] "GET /robots.txt HTTP/1.1" 200 64 "-" "msnbot/1.1 (+http://search.msn.com/msnbot.htm)"
65.55.211.168 - - [27/Dec/2008:20:46:01 +0100] "GET /web.html HTTP/1.1" 404 2748 "-" "msnbot/1.1 (+http://search.msn.com/msnbot.htm)"
193.252.149.15 - - [27/Dec/2008:21:21:59 +0100] "GET /neon/girlz3.html HTTP/1.1" 200 2479 "-" "Mozilla/5.0 (Windows; U; Windows NT 5.1; fr; rv:1.8.1) VoilaBot BETA 1.2 (support.voilabot@orange-ftgroup.com)"
193.252.149.15 - - [27/Dec/2008:21:30:52 +0100] "GET /DgH/bull/index.html HTTP/1.1" 200 1915 "-" "Mozilla/5.0 (Windows; U; Windows NT 5.1; fr; rv:1.8.1) VoilaBot BETA 1.2 (support.voilabot@orange-ftgroup.com)"
81.52.143.16 - - [27/Dec/2008:21:59:19 +0100] "GET /neon/warning.html HTTP/1.1" 200 5134 "-" "Mozilla/5.0 (Windows; U; Windows NT 5.1; fr; rv:1.8.1) VoilaBot BETA 1.2 (support.voilabot@orange-ftgroup.com)"
193.252.149.16 - - [27/Dec/2008:22:18:09 +0100] "GET /robots.txt HTTP/1.1" 200 64 "-" "Mozilla/5.0 (Windows; U; Windows NT 5.1; fr; rv:1.8.1) VoilaBot BETA 1.2 (support.voilabot@orange-ftgroup.com)"
193.252.149.16 - - [27/Dec/2008:22:18:13 +0100] "GET /DgH/ HTTP/1.1" 200 5024 "-" "Mozilla/5.0 (Windows; U; Windows NT 5.1; fr; rv:1.8.1) VoilaBot BETA 1.2 (support.voilabot@orange-ftgroup.com)"
38.105.83.20 - - [27/Dec/2008:22:18:30 +0100] "GET /framez-rez.html HTTP/1.1" 200 4323 "http://www.technart.net/" "Mozilla/4.0 (compatible; MSIE 6.1; Windows XP)"
74.6.22.154 - - [27/Dec/2008:22:22:42 +0100] "GET /robots.txt HTTP/1.0" 200 64 "-" "Mozilla/5.0 (compatible; Yahoo! Slurp; http://help.yahoo.com/help/us/ysearch/slurp)"
74.6.22.154 - - [27/Dec/2008:22:22:42 +0100] "GET /f-web.html HTTP/1.0" 200 13605 "-" "Mozilla/5.0 (compatible; Yahoo! Slurp/3.0; http://help.yahoo.com/help/us/ysearch/slurp)"
67.195.37.119 - - [27/Dec/2008:22:37:54 +0100] "GET /neon/europa.html HTTP/1.0" 200 389 "-" "Mozilla/5.0 (compatible; Yahoo! Slurp/3.0; http://help.yahoo.com/help/us/ysearch/slurp)"
66.249.65.169 - - [27/Dec/2008:22:55:41 +0100] "GET /robots.txt HTTP/1.1" 302 363 "-" "Mozilla/5.0 (compatible; Googlebot/2.1; +http://www.google.com/bot.html)"
66.249.65.169 - - [27/Dec/2008:22:55:42 +0100] "GET /zampa/robots.txt HTTP/1.1" 404 2748 "-" "Mozilla/5.0 (compatible; Googlebot/2.1; +http://www.google.com/bot.html)"
66.249.65.169 - - [27/Dec/2008:22:55:42 +0100] "GET /montenegro/dajpare.html HTTP/1.1" 302 376 "-" "Mozilla/5.0 (compatible; Googlebot/2.1; +http://www.google.com/bot.html)"
67.195.37.119 - - [27/Dec/2008:23:46:35 +0100] "GET /neon/europa.html HTTP/1.0" 200 389 "-" "Mozilla/5.0 (compatible; Yahoo! Slurp/3.0; http://help.yahoo.com/help/us/ysearch/slurp)"
74.6.8.94 - - [28/Dec/2008:00:06:32 +0100] "GET /f-zeug.html HTTP/1.0" 200 48203 "-" "Mozilla/5.0 (compatible; Yahoo! Slurp; http://help.yahoo.com/help/us/ysearch/slurp)"
76.65.58.83 - - [28/Dec/2008:00:07:59 +0100] "GET / HTTP/1.1" 302 353 "http://www.google.ca/search?hl=en&q=%22zampa+di+leone%22&btnG=Google+Search&meta=" "Mozilla/5.0 (Macintosh; U; Intel Mac OS X; en-US; rv:1.8.0.12) Gecko/20070508 Firefox/1.5.0.12"
76.65.58.83 - - [28/Dec/2008:00:07:59 +0100] "GET /zampa/ HTTP/1.1" 200 7153 "http://www.google.ca/search?hl=en&q=%22zampa+di+leone%22&btnG=Google+Search&meta=" "Mozilla/5.0 (Macintosh; U; Intel Mac OS X; en-US; rv:1.8.0.12) Gecko/20070508 Firefox/1.5.0.12"
76.65.58.83 - - [28/Dec/2008:00:08:00 +0100] "GET /zampa/slike/zampa.gif HTTP/1.1" 200 5310 "http://www.various-euro.com/zampa/" "Mozilla/5.0 (Macintosh; U; Intel Mac OS X; en-US; rv:1.8.0.12) Gecko/20070508 Firefox/1.5.0.12"
76.65.58.83 - - [28/Dec/2008:00:08:00 +0100] "GET /zampa/slike/inthearse.gif HTTP/1.1" 200 4077 "http://www.various-euro.com/zampa/" "Mozilla/5.0 (Macintosh; U; Intel Mac OS X; en-US; rv:1.8.0.12) Gecko/20070508 Firefox/1.5.0.12"
76.65.58.83 - - [28/Dec/2008:00:08:00 +0100] "GET /zampa/slike/udupetu.gif HTTP/1.1" 200 4138 "http://www.various-euro.com/zampa/" "Mozilla/5.0 (Macintosh; U; Intel Mac OS X; en-US; rv:1.8.0.12) Gecko/20070508 Firefox/1.5.0.12"
76.65.58.83 - - [28/Dec/2008:00:08:00 +0100] "GET /favicon.ico HTTP/1.1" 404 2748 "-" "Mozilla/5.0 (Macintosh; U; Intel Mac OS X; en-US; rv:1.8.0.12) Gecko/20070508 Firefox/1.5.0.12"
76.65.58.83 - - [28/Dec/2008:00:08:15 +0100] "GET /zampa/slike/E3VAMPIR.GIF HTTP/1.1" 200 52553 "http://www.various-euro.com/zampa/" "Mozilla/5.0 (Macintosh; U; Intel Mac OS X; en-US; rv:1.8.0.12) Gecko/20070508 Firefox/1.5.0.12"
76.65.58.83 - - [28/Dec/2008:00:10:22 +0100] "GET /zampa/slike/E1TITEL.GIF HTTP/1.1" 200 16284 "http://www.various-euro.com/zampa/" "Mozilla/5.0 (Macintosh; U; Intel Mac OS X; en-US; rv:1.8.0.12) Gecko/20070508 Firefox/1.5.0.12"
76.65.58.83 - - [28/Dec/2008:00:10:32 +0100] "GET /zampa/slike/E2COPY.GIF HTTP/1.1" 200 10416 "http://www.various-euro.com/zampa/" "Mozilla/5.0 (Macintosh; U; Intel Mac OS X; en-US; rv:1.8.0.12) Gecko/20070508 Firefox/1.5.0.12"
76.65.58.83 - - [28/Dec/2008:00:10:43 +0100] "GET /zampa/slike/E5UROSTO.GIF HTTP/1.1" 200 42690 "http://www.various-euro.com/zampa/" "Mozilla/5.0 (Macintosh; U; Intel Mac OS X; en-US; rv:1.8.0.12) Gecko/20070508 Firefox/1.5.0.12"
76.65.58.83 - - [28/Dec/2008:00:11:27 +0100] "GET /zampa/slike/E4IRWIN.GIF HTTP/1.1" 200 53174 "http://www.various-euro.com/zampa/" "Mozilla/5.0 (Macintosh; U; Intel Mac OS X; en-US; rv:1.8.0.12) Gecko/20070508 Firefox/1.5.0.12"
76.65.58.83 - - [28/Dec/2008:00:12:25 +0100] "GET /zampa/slike/E6BIENNI.GIF HTTP/1.1" 200 33736 "http://www.various-euro.com/zampa/" "Mozilla/5.0 (Macintosh; U; Intel Mac OS X; en-US; rv:1.8.0.12) Gecko/20070508 Firefox/1.5.0.12"
76.65.58.83 - - [28/Dec/2008:00:12:55 +0100] "GET /zampa/slike/S5UROSTO.GIF HTTP/1.1" 200 45220 "http://www.various-euro.com/zampa/" "Mozilla/5.0 (Macintosh; U; Intel Mac OS X; en-US; rv:1.8.0.12) Gecko/20070508 Firefox/1.5.0.12"
76.65.58.83 - - [28/Dec/2008:00:13:25 +0100] "GET /zampa/slike/E7MEDIAA.GIF HTTP/1.1" 200 44716 "http://www.various-euro.com/zampa/" "Mozilla/5.0 (Macintosh; U; Intel Mac OS X; en-US; rv:1.8.0.12) Gecko/20070508 Firefox/1.5.0.12"
76.65.58.83 - - [28/Dec/2008:00:14:18 +0100] "GET /zampa/slike/E8CURATO.GIF HTTP/1.1" 200 15386 "http://www.various-euro.com/zampa/" "Mozilla/5.0 (Macintosh; U; Intel Mac OS X; en-US; rv:1.8.0.12) Gecko/20070508 Firefox/1.5.0.12"
76.65.58.83 - - [28/Dec/2008:00:14:36 +0100] "GET /zampa/wonderland/index.html HTTP/1.1" 200 2084 "http://www.various-euro.com/zampa/" "Mozilla/5.0 (Macintosh; U; Intel Mac OS X; en-US; rv:1.8.0.12) Gecko/20070508 Firefox/1.5.0.12"
76.65.58.83 - - [28/Dec/2008:00:14:37 +0100] "GET /zampa/wonderland/TWonder.gif HTTP/1.1" 200 76757 "http://www.various-euro.com/zampa/wonderland/index.html" "Mozilla/5.0 (Macintosh; U; Intel Mac OS X; en-US; rv:1.8.0.12) Gecko/20070508 Firefox/1.5.0.12"
76.65.58.83 - - [28/Dec/2008:00:15:57 +0100] "GET /zampa/lybia/index.html HTTP/1.1" 200 3036 "http://www.various-euro.com/zampa/" "Mozilla/5.0 (Macintosh; U; Intel Mac OS X; en-US; rv:1.8.0.12) Gecko/20070508 Firefox/1.5.0.12"
76.65.58.83 - - [28/Dec/2008:00:15:58 +0100] "GET /zampa/lybia/slike/tele.jpg HTTP/1.1" 200 28022 "http://www.various-euro.com/zampa/lybia/index.html" "Mozilla/5.0 (Macintosh; U; Intel Mac OS X; en-US; rv:1.8.0.12) Gecko/20070508 Firefox/1.5.0.12"
76.65.58.83 - - [28/Dec/2008:00:16:25 +0100] "GET /zampa/montenegro/index.html HTTP/1.1" 200 2651 "http://www.various-euro.com/zampa/" "Mozilla/5.0 (Macintosh; U; Intel Mac OS X; en-US; rv:1.8.0.12) Gecko/20070508 Firefox/1.5.0.12"
76.65.58.83 - - [28/Dec/2008:00:16:25 +0100] "GET /zampa/montenegro/slike/plakat.jpg HTTP/1.1" 200 47879 "http://www.various-euro.com/zampa/montenegro/index.html" "Mozilla/5.0 (Macintosh; U; Intel Mac OS X; en-US; rv:1.8.0.12) Gecko/20070508 Firefox/1.5.0.12"
76.65.58.83 - - [28/Dec/2008:00:16:53 +0100] "GET /zampa/montenegro/dajpare.html HTTP/1.1" 200 2503 "http://www.various-euro.com/zampa/" "Mozilla/5.0 (Macintosh; U; Intel Mac OS X; en-US; rv:1.8.0.12) Gecko/20070508 Firefox/1.5.0.12"
76.65.58.83 - - [28/Dec/2008:00:16:53 +0100] "GET /zampa/montenegro/slike/BATAW.jpg HTTP/1.1" 200 2631 "http://www.various-euro.com/zampa/montenegro/dajpare.html" "Mozilla/5.0 (Macintosh; U; Intel Mac OS X; en-US; rv:1.8.0.12) Gecko/20070508 Firefox/1.5.0.12"
76.65.58.83 - - [28/Dec/2008:00:16:53 +0100] "GET /zampa/montenegro/slike/TESLAW.jpg HTTP/1.1" 200 3770 "http://www.various-euro.com/zampa/montenegro/dajpare.html" "Mozilla/5.0 (Macintosh; U; Intel Mac OS X; en-US; rv:1.8.0.12) Gecko/20070508 Firefox/1.5.0.12"
76.65.58.83 - - [28/Dec/2008:00:16:53 +0100] "GET /zampa/montenegro/slike/ZMAJW.jpg HTTP/1.1" 200 4555 "http://www.various-euro.com/zampa/montenegro/dajpare.html" "Mozilla/5.0 (Macintosh; U; Intel Mac OS X; en-US; rv:1.8.0.12) Gecko/20070508 Firefox/1.5.0.12"
76.65.58.83 - - [28/Dec/2008:00:16:53 +0100] "GET /zampa/montenegro/slike/SEKAW.jpg HTTP/1.1" 200 2786 "http://www.various-euro.com/zampa/montenegro/dajpare.html" "Mozilla/5.0 (Macintosh; U; Intel Mac OS X; en-US; rv:1.8.0.12) Gecko/20070508 Firefox/1.5.0.12"
76.65.58.83 - - [28/Dec/2008:00:16:53 +0100] "GET /zampa/montenegro/slike/MILOW.jpg HTTP/1.1" 200 3823 "http://www.various-euro.com/zampa/montenegro/dajpare.html" "Mozilla/5.0 (Macintosh; U; Intel Mac OS X; en-US; rv:1.8.0.12) Gecko/20070508 Firefox/1.5.0.12"
74.6.8.94 - - [28/Dec/2008:00:28:42 +0100] "GET /framez-rez.html HTTP/1.0" 200 4323 "-" "Mozilla/5.0 (compatible; Yahoo! Slurp/3.0; http://help.yahoo.com/help/us/ysearch/slurp)"
74.6.8.94 - - [28/Dec/2008:00:28:43 +0100] "GET /frame-unten.html HTTP/1.0" 200 5308 "http://www.various-euro.com/framez-rez.html" "Mozilla/5.0 (compatible; Yahoo! Slurp/3.0; http://help.yahoo.com/help/us/ysearch/slurp)"
74.6.8.94 - - [28/Dec/2008:00:28:43 +0100] "GET /f-rez.html HTTP/1.0" 200 9765 "http://www.various-euro.com/framez-rez.html" "Mozilla/5.0 (compatible; Yahoo! Slurp/3.0; http://help.yahoo.com/help/us/ysearch/slurp)"
74.6.8.94 - - [28/Dec/2008:00:28:43 +0100] "GET /frame-menu.html HTTP/1.0" 200 10536 "http://www.various-euro.com/framez-rez.html" "Mozilla/5.0 (compatible; Yahoo! Slurp/3.0; http://help.yahoo.com/help/us/ysearch/slurp)"
74.6.8.94 - - [28/Dec/2008:00:28:43 +0100] "GET /style/various-euro.css HTTP/1.0" 200 3437 "http://www.various-euro.com/frame-menu.html" "Mozilla/5.0 (compatible; Yahoo! Slurp/3.0; http://help.yahoo.com/help/us/ysearch/slurp)"
193.252.149.16 - - [28/Dec/2008:00:33:02 +0100] "GET /neon/sushi.html HTTP/1.1" 200 687 "-" "Mozilla/5.0 (Windows; U; Windows NT 5.1; fr; rv:1.8.1) VoilaBot BETA 1.2 (support.voilabot@orange-ftgroup.com)"
67.195.37.119 - - [28/Dec/2008:00:35:51 +0100] "GET /channel1.html HTTP/1.0" 404 2748 "-" "Mozilla/5.0 (compatible; Yahoo! Slurp/3.0; http://help.yahoo.com/help/us/ysearch/slurp)"
76.65.58.83 - - [28/Dec/2008:00:57:45 +0100] "GET /zampa/ HTTP/1.1" 200 7153 "http://www.angelfire.com/psy/zampa-di-leone-zampa/" "Mozilla/5.0 (Macintosh; U; Intel Mac OS X; en-US; rv:1.8.0.12) Gecko/20070508 Firefox/1.5.0.12"
76.65.58.83 - - [28/Dec/2008:00:57:45 +0100] "GET /zampa/montenegro/index.html HTTP/1.1" 200 2651 "http://www.angelfire.com/psy/zampa-di-leone-zampa/" "Mozilla/5.0 (Macintosh; U; Intel Mac OS X; en-US; rv:1.8.0.12) Gecko/20070508 Firefox/1.5.0.12"
76.65.58.83 - - [28/Dec/2008:00:58:04 +0100] "GET /zampa/ HTTP/1.1" 200 7153 "http://www.angelfire.com/psy/zampa-di-leone-zampa/" "Mozilla/5.0 (Macintosh; U; Intel Mac OS X; en-US; rv:1.8.0.12) Gecko/20070508 Firefox/1.5.0.12"
74.6.8.94 - - [28/Dec/2008:01:04:09 +0100] "GET /games/virtualcop/virtualcop.swf HTTP/1.0" 200 2563562 "-" "Mozilla/5.0 (compatible; Yahoo! Slurp; http://help.yahoo.com/help/us/ysearch/slurp)"
74.6.8.94 - - [28/Dec/2008:01:15:25 +0100] "GET /f-actions.html HTTP/1.0" 200 10429 "-" "Mozilla/5.0 (compatible; Yahoo! Slurp; http://help.yahoo.com/help/us/ysearch/slurp)"
67.195.37.119 - - [28/Dec/2008:01:23:13 +0100] "GET /neon/europa.html HTTP/1.0" 200 389 "-" "Mozilla/5.0 (compatible; Yahoo! Slurp/3.0; http://help.yahoo.com/help/us/ysearch/slurp)"
74.6.8.94 - - [28/Dec/2008:01:46:02 +0100] "GET /f-sponsor.html HTTP/1.0" 200 8578 "-" "Mozilla/5.0 (compatible; Yahoo! Slurp; http://help.yahoo.com/help/us/ysearch/slurp)"
208.80.194.48 - - [28/Dec/2008:02:01:32 +0100] "GET / HTTP/1.0" 200 7869 "-" "Mozilla/4.0 (compatible; MSIE 6.0; Windows NT 5.1; SV1; PeoplePal 3.0; FDM)"
208.80.194.48 - - [28/Dec/2008:02:01:32 +0100] "GET / HTTP/1.0" 200 7869 "-" "Mozilla/4.0 (compatible; MSIE 6.0; Windows NT 5.1; SV1; FunWebProducts; .NET CLR 2.0.50727; Zune 2.0)"
65.55.231.33 - - [28/Dec/2008:02:45:52 +0100] "GET /robots.txt HTTP/1.1" 200 64 "-" "msnbot-media/1.1 (+http://search.msn.com/msnbot.htm)"
65.55.231.33 - - [28/Dec/2008:02:45:52 +0100] "GET /logs/daily_usage_200704.png HTTP/1.1" 200 4118 "-" "msnbot-media/1.1 (+http://search.msn.com/msnbot.htm)"
74.6.8.94 - - [28/Dec/2008:03:35:07 +0100] "GET /logs/usage_200609.html HTTP/1.0" 200 108989 "-" "Mozilla/5.0 (compatible; Yahoo! Slurp; http://help.yahoo.com/help/us/ysearch/slurp)"
209.59.213.56 - - [28/Dec/2008:03:54:25 +0100] "GET / HTTP/1.1" 200 7869 "-" "Mozilla/5.0 (X11; U; Linux i686; en-US; rv:1.6) Gecko/20040225 Firefox/0.8"
74.6.8.94 - - [28/Dec/2008:04:05:29 +0100] "GET /logs/usage_200711.html HTTP/1.0" 200 109628 "-" "Mozilla/5.0 (compatible; Yahoo! Slurp; http://help.yahoo.com/help/us/ysearch/slurp)"
67.195.37.119 - - [28/Dec/2008:04:42:33 +0100] "GET /robots.txt HTTP/1.0" 200 64 "-" "Mozilla/5.0 (compatible; Yahoo! Slurp; http://help.yahoo.com/help/us/ysearch/slurp)"
67.195.37.119 - - [28/Dec/2008:04:42:34 +0100] "GET /your_tour.html HTTP/1.0" 200 29760 "-" "Mozilla/5.0 (compatible; Yahoo! Slurp/3.0; http://help.yahoo.com/help/us/ysearch/slurp)"
67.195.37.119 - - [28/Dec/2008:04:42:34 +0100] "GET /anon.css HTTP/1.0" 404 2748 "http://www.various-euro.com/your_tour.html" "Mozilla/5.0 (compatible; Yahoo! Slurp/3.0; http://help.yahoo.com/help/us/ysearch/slurp)"
74.6.8.94 - - [28/Dec/2008:04:48:06 +0100] "GET /robots.txt HTTP/1.0" 200 64 "-" "Mozilla/5.0 (compatible; Yahoo! Slurp; http://help.yahoo.com/help/us/ysearch/slurp)"
74.6.8.94 - - [28/Dec/2008:04:48:07 +0100] "GET /DgH/bull/ HTTP/1.0" 200 1915 "-" "Mozilla/5.0 (compatible; Yahoo! Slurp; http://help.yahoo.com/help/us/ysearch/slurp)"
71.229.93.226 - - [28/Dec/2008:05:36:11 +0100] "GET /bmpp/18.html HTTP/1.1" 200 4467 "-" "Mozilla/5.0 (Windows; U; Windows NT 5.1; en-US; rv:1.9.0.5) Gecko/2008120122 NET_mmhpset"
71.229.93.226 - - [28/Dec/2008:05:36:11 +0100] "GET /bmpp/Bilder/18_01.png HTTP/1.1" 200 1118 "http://www.various-euro.com/bmpp/18.html" "Mozilla/5.0 (Windows; U; Windows NT 5.1; en-US; rv:1.9.0.5) Gecko/2008120122 NET_mmhpset"
71.229.93.226 - - [28/Dec/2008:05:36:11 +0100] "GET /bmpp/Bilder/18_02.png HTTP/1.1" 200 289 "http://www.various-euro.com/bmpp/18.html" "Mozilla/5.0 (Windows; U; Windows NT 5.1; en-US; rv:1.9.0.5) Gecko/2008120122 NET_mmhpset"
71.229.93.226 - - [28/Dec/2008:05:36:11 +0100] "GET /bmpp/Bilder/18_03.png HTTP/1.1" 200 574 "http://www.various-euro.com/bmpp/18.html" "Mozilla/5.0 (Windows; U; Windows NT 5.1; en-US; rv:1.9.0.5) Gecko/2008120122 NET_mmhpset"
71.229.93.226 - - [28/Dec/2008:05:36:11 +0100] "GET /bmpp/Bilder/18_04.png HTTP/1.1" 200 289 "http://www.various-euro.com/bmpp/18.html" "Mozilla/5.0 (Windows; U; Windows NT 5.1; en-US; rv:1.9.0.5) Gecko/2008120122 NET_mmhpset"
71.229.93.226 - - [28/Dec/2008:05:36:11 +0100] "GET /bmpp/Bilder/18_05.png HTTP/1.1" 200 407 "http://www.various-euro.com/bmpp/18.html" "Mozilla/5.0 (Windows; U; Windows NT 5.1; en-US; rv:1.9.0.5) Gecko/2008120122 NET_mmhpset"
71.229.93.226 - - [28/Dec/2008:05:36:11 +0100] "GET /bmpp/Bilder/18_06.png HTTP/1.1" 200 289 "http://www.various-euro.com/bmpp/18.html" "Mozilla/5.0 (Windows; U; Windows NT 5.1; en-US; rv:1.9.0.5) Gecko/2008120122 NET_mmhpset"
71.229.93.226 - - [28/Dec/2008:05:36:11 +0100] "GET /bmpp/Bilder/18_07.png HTTP/1.1" 200 417 "http://www.various-euro.com/bmpp/18.html" "Mozilla/5.0 (Windows; U; Windows NT 5.1; en-US; rv:1.9.0.5) Gecko/2008120122 NET_mmhpset"
71.229.93.226 - - [28/Dec/2008:05:36:11 +0100] "GET /bmpp/Bilder/18_08.png HTTP/1.1" 200 289 "http://www.various-euro.com/bmpp/18.html" "Mozilla/5.0 (Windows; U; Windows NT 5.1; en-US; rv:1.9.0.5) Gecko/2008120122 NET_mmhpset"
71.229.93.226 - - [28/Dec/2008:05:36:11 +0100] "GET /bmpp/Bilder/18_09.png HTTP/1.1" 200 417 "http://www.various-euro.com/bmpp/18.html" "Mozilla/5.0 (Windows; U; Windows NT 5.1; en-US; rv:1.9.0.5) Gecko/2008120122 NET_mmhpset"
71.229.93.226 - - [28/Dec/2008:05:36:11 +0100] "GET /bmpp/Bilder/18_15.png HTTP/1.1" 200 524 "http://www.various-euro.com/bmpp/18.html" "Mozilla/5.0 (Windows; U; Windows NT 5.1; en-US; rv:1.9.0.5) Gecko/2008120122 NET_mmhpset"
71.229.93.226 - - [28/Dec/2008:05:36:11 +0100] "GET /bmpp/Bilder/18_16.png HTTP/1.1" 200 499 "http://www.various-euro.com/bmpp/18.html" "Mozilla/5.0 (Windows; U; Windows NT 5.1; en-US; rv:1.9.0.5) Gecko/2008120122 NET_mmhpset"
71.229.93.226 - - [28/Dec/2008:05:36:11 +0100] "GET /bmpp/Bilder/18_17.png HTTP/1.1" 200 958 "http://www.various-euro.com/bmpp/18.html" "Mozilla/5.0 (Windows; U; Windows NT 5.1; en-US; rv:1.9.0.5) Gecko/2008120122 NET_mmhpset"
71.229.93.226 - - [28/Dec/2008:05:36:11 +0100] "GET /bmpp/Bilder/18_18.png HTTP/1.1" 200 453 "http://www.various-euro.com/bmpp/18.html" "Mozilla/5.0 (Windows; U; Windows NT 5.1; en-US; rv:1.9.0.5) Gecko/2008120122 NET_mmhpset"
71.229.93.226 - - [28/Dec/2008:05:36:11 +0100] "GET /bmpp/Bilder/18_19.png HTTP/1.1" 200 277 "http://www.various-euro.com/bmpp/18.html" "Mozilla/5.0 (Windows; U; Windows NT 5.1; en-US; rv:1.9.0.5) Gecko/2008120122 NET_mmhpset"
71.229.93.226 - - [28/Dec/2008:05:36:11 +0100] "GET /bmpp/Bilder/18_20.png HTTP/1.1" 200 252 "http://www.various-euro.com/bmpp/18.html" "Mozilla/5.0 (Windows; U; Windows NT 5.1; en-US; rv:1.9.0.5) Gecko/2008120122 NET_mmhpset"
71.229.93.226 - - [28/Dec/2008:05:36:11 +0100] "GET /bmpp/Bilder/18_21.png HTTP/1.1" 200 253 "http://www.various-euro.com/bmpp/18.html" "Mozilla/5.0 (Windows; U; Windows NT 5.1; en-US; rv:1.9.0.5) Gecko/2008120122 NET_mmhpset"
71.229.93.226 - - [28/Dec/2008:05:36:11 +0100] "GET /bmpp/Bilder/18_22.png HTTP/1.1" 200 430 "http://www.various-euro.com/bmpp/18.html" "Mozilla/5.0 (Windows; U; Windows NT 5.1; en-US; rv:1.9.0.5) Gecko/2008120122 NET_mmhpset"
71.229.93.226 - - [28/Dec/2008:05:36:11 +0100] "GET /bmpp/Bilder/18_23.png HTTP/1.1" 200 454 "http://www.various-euro.com/bmpp/18.html" "Mozilla/5.0 (Windows; U; Windows NT 5.1; en-US; rv:1.9.0.5) Gecko/2008120122 NET_mmhpset"
71.229.93.226 - - [28/Dec/2008:05:36:11 +0100] "GET /bmpp/Bilder/18_24.png HTTP/1.1" 200 353 "http://www.various-euro.com/bmpp/18.html" "Mozilla/5.0 (Windows; U; Windows NT 5.1; en-US; rv:1.9.0.5) Gecko/2008120122 NET_mmhpset"
71.229.93.226 - - [28/Dec/2008:05:36:11 +0100] "GET /bmpp/Bilder/18_10.png HTTP/1.1" 200 270 "http://www.various-euro.com/bmpp/18.html" "Mozilla/5.0 (Windows; U; Windows NT 5.1; en-US; rv:1.9.0.5) Gecko/2008120122 NET_mmhpset"
71.229.93.226 - - [28/Dec/2008:05:36:11 +0100] "GET /bmpp/Bilder/18_25.png HTTP/1.1" 200 827 "http://www.various-euro.com/bmpp/18.html" "Mozilla/5.0 (Windows; U; Windows NT 5.1; en-US; rv:1.9.0.5) Gecko/2008120122 NET_mmhpset"
71.229.93.226 - - [28/Dec/2008:05:36:12 +0100] "GET /bmpp/Bilder/18_26.png HTTP/1.1" 200 880 "http://www.various-euro.com/bmpp/18.html" "Mozilla/5.0 (Windows; U; Windows NT 5.1; en-US; rv:1.9.0.5) Gecko/2008120122 NET_mmhpset"
71.229.93.226 - - [28/Dec/2008:05:36:12 +0100] "GET /bmpp/Bilder/18_27.png HTTP/1.1" 200 854 "http://www.various-euro.com/bmpp/18.html" "Mozilla/5.0 (Windows; U; Windows NT 5.1; en-US; rv:1.9.0.5) Gecko/2008120122 NET_mmhpset"
71.229.93.226 - - [28/Dec/2008:05:36:12 +0100] "GET /bmpp/Bilder/18_28.png HTTP/1.1" 200 721 "http://www.various-euro.com/bmpp/18.html" "Mozilla/5.0 (Windows; U; Windows NT 5.1; en-US; rv:1.9.0.5) Gecko/2008120122 NET_mmhpset"
71.229.93.226 - - [28/Dec/2008:05:36:12 +0100] "GET /bmpp/Bilder/18_29.png HTTP/1.1" 200 564 "http://www.various-euro.com/bmpp/18.html" "Mozilla/5.0 (Windows; U; Windows NT 5.1; en-US; rv:1.9.0.5) Gecko/2008120122 NET_mmhpset"
71.229.93.226 - - [28/Dec/2008:05:36:12 +0100] "GET /bmpp/Bilder/18_30.png HTTP/1.1" 200 233 "http://www.various-euro.com/bmpp/18.html" "Mozilla/5.0 (Windows; U; Windows NT 5.1; en-US; rv:1.9.0.5) Gecko/2008120122 NET_mmhpset"
71.229.93.226 - - [28/Dec/2008:05:36:12 +0100] "GET /bmpp/Bilder/18_31.png HTTP/1.1" 200 402 "http://www.various-euro.com/bmpp/18.html" "Mozilla/5.0 (Windows; U; Windows NT 5.1; en-US; rv:1.9.0.5) Gecko/2008120122 NET_mmhpset"
71.229.93.226 - - [28/Dec/2008:05:36:12 +0100] "GET /bmpp/Bilder/18_32.png HTTP/1.1" 200 374 "http://www.various-euro.com/bmpp/18.html" "Mozilla/5.0 (Windows; U; Windows NT 5.1; en-US; rv:1.9.0.5) Gecko/2008120122 NET_mmhpset"
71.229.93.226 - - [28/Dec/2008:05:36:12 +0100] "GET /bmpp/Bilder/18_33.png HTTP/1.1" 200 398 "http://www.various-euro.com/bmpp/18.html" "Mozilla/5.0 (Windows; U; Windows NT 5.1; en-US; rv:1.9.0.5) Gecko/2008120122 NET_mmhpset"
71.229.93.226 - - [28/Dec/2008:05:36:12 +0100] "GET /bmpp/Bilder/18_34.png HTTP/1.1" 200 573 "http://www.various-euro.com/bmpp/18.html" "Mozilla/5.0 (Windows; U; Windows NT 5.1; en-US; rv:1.9.0.5) Gecko/2008120122 NET_mmhpset"
71.229.93.226 - - [28/Dec/2008:05:36:12 +0100] "GET /bmpp/Bilder/18_35.png HTTP/1.1" 200 691 "http://www.various-euro.com/bmpp/18.html" "Mozilla/5.0 (Windows; U; Windows NT 5.1; en-US; rv:1.9.0.5) Gecko/2008120122 NET_mmhpset"
71.229.93.226 - - [28/Dec/2008:05:36:12 +0100] "GET /bmpp/Bilder/18_36.png HTTP/1.1" 200 557 "http://www.various-euro.com/bmpp/18.html" "Mozilla/5.0 (Windows; U; Windows NT 5.1; en-US; rv:1.9.0.5) Gecko/2008120122 NET_mmhpset"
71.229.93.226 - - [28/Dec/2008:05:36:12 +0100] "GET /bmpp/Bilder/18_37.png HTTP/1.1" 200 239 "http://www.various-euro.com/bmpp/18.html" "Mozilla/5.0 (Windows; U; Windows NT 5.1; en-US; rv:1.9.0.5) Gecko/2008120122 NET_mmhpset"
71.229.93.226 - - [28/Dec/2008:05:36:12 +0100] "GET /bmpp/Bilder/18_38.png HTTP/1.1" 200 509 "http://www.various-euro.com/bmpp/18.html" "Mozilla/5.0 (Windows; U; Windows NT 5.1; en-US; rv:1.9.0.5) Gecko/2008120122 NET_mmhpset"
71.229.93.226 - - [28/Dec/2008:05:36:12 +0100] "GET /bmpp/Bilder/18_39.png HTTP/1.1" 200 733 "http://www.various-euro.com/bmpp/18.html" "Mozilla/5.0 (Windows; U; Windows NT 5.1; en-US; rv:1.9.0.5) Gecko/2008120122 NET_mmhpset"
71.229.93.226 - - [28/Dec/2008:05:36:12 +0100] "GET /bmpp/Bilder/18_40.png HTTP/1.1" 200 506 "http://www.various-euro.com/bmpp/18.html" "Mozilla/5.0 (Windows; U; Windows NT 5.1; en-US; rv:1.9.0.5) Gecko/2008120122 NET_mmhpset"
71.229.93.226 - - [28/Dec/2008:05:36:12 +0100] "GET /bmpp/Bilder/18_41.png HTTP/1.1" 200 334 "http://www.various-euro.com/bmpp/18.html" "Mozilla/5.0 (Windows; U; Windows NT 5.1; en-US; rv:1.9.0.5) Gecko/2008120122 NET_mmhpset"
71.229.93.226 - - [28/Dec/2008:05:36:12 +0100] "GET /bmpp/Bilder/18_42.png HTTP/1.1" 200 286 "http://www.various-euro.com/bmpp/18.html" "Mozilla/5.0 (Windows; U; Windows NT 5.1; en-US; rv:1.9.0.5) Gecko/2008120122 NET_mmhpset"
71.229.93.226 - - [28/Dec/2008:05:36:12 +0100] "GET /bmpp/Bilder/18_43.png HTTP/1.1" 200 280 "http://www.various-euro.com/bmpp/18.html" "Mozilla/5.0 (Windows; U; Windows NT 5.1; en-US; rv:1.9.0.5) Gecko/2008120122 NET_mmhpset"
71.229.93.226 - - [28/Dec/2008:05:36:12 +0100] "GET /bmpp/Bilder/18_11.png HTTP/1.1" 200 233 "http://www.various-euro.com/bmpp/18.html" "Mozilla/5.0 (Windows; U; Windows NT 5.1; en-US; rv:1.9.0.5) Gecko/2008120122 NET_mmhpset"
71.229.93.226 - - [28/Dec/2008:05:36:12 +0100] "GET /bmpp/Bilder/18_14.png HTTP/1.1" 200 609 "http://www.various-euro.com/bmpp/18.html" "Mozilla/5.0 (Windows; U; Windows NT 5.1; en-US; rv:1.9.0.5) Gecko/2008120122 NET_mmhpset"
71.229.93.226 - - [28/Dec/2008:05:36:13 +0100] "GET /bmpp/Bilder/18_12.png HTTP/1.1" 200 595 "http://www.various-euro.com/bmpp/18.html" "Mozilla/5.0 (Windows; U; Windows NT 5.1; en-US; rv:1.9.0.5) Gecko/2008120122 NET_mmhpset"
71.229.93.226 - - [28/Dec/2008:05:36:13 +0100] "GET /bmpp/Bilder/18_13.png HTTP/1.1" 200 282 "http://www.various-euro.com/bmpp/18.html" "Mozilla/5.0 (Windows; U; Windows NT 5.1; en-US; rv:1.9.0.5) Gecko/2008120122 NET_mmhpset"
71.229.93.226 - - [28/Dec/2008:05:36:15 +0100] "GET /favicon.ico HTTP/1.1" 404 2748 "-" "Mozilla/5.0 (Windows; U; Windows NT 5.1; en-US; rv:1.9.0.5) Gecko/2008120122 NET_mmhpset"
