131.107.65.41 - - [04/Dec/2008:10:01:08 +0100] "GET /restate_copy.html HTTP/1.1" 200 97631 "-" "MSR-ISRCCrawler"
208.36.144.10 - - [04/Dec/2008:10:09:13 +0100] "GET /DgH/rampe/pict/Rampe-DgH02.jpg HTTP/1.0" 200 12044 "-" "Mozilla/5.0 (Twiceler-0.9 http://www.cuil.com/twiceler/robot.html)"
64.1.215.165 - - [04/Dec/2008:10:12:38 +0100] "GET /bannerz/olmar.jpg HTTP/1.0" 200 10973 "-" "Mozilla/5.0 (Twiceler-0.9 http://www.cuil.com/twiceler/robot.html)"
131.107.65.41 - - [04/Dec/2008:10:12:56 +0100] "GET /robots.txt HTTP/1.1" 200 64 "-" "MSR-ISRCCrawler"
131.107.65.41 - - [04/Dec/2008:10:12:57 +0100] "GET /menueleiste.js HTTP/1.1" 404 2748 "-" "MSR-ISRCCrawler"
82.99.30.36 - - [04/Dec/2008:10:20:22 +0100] "GET /rez/ma.jpg HTTP/1.0" 200 12893 "http://www.various-euro.com/f-rez.html" "Mozilla/4.0 (compatible; MSIE 6.0; Windows NT 5.1)"
82.99.30.36 - - [04/Dec/2008:10:20:22 +0100] "GET /rez/mb.jpg HTTP/1.0" 200 12467 "http://www.various-euro.com/f-rez.html" "Mozilla/4.0 (compatible; MSIE 6.0; Windows NT 5.1)"
82.99.30.36 - - [04/Dec/2008:10:20:22 +0100] "GET /rez/557.mp3 HTTP/1.0" 200 9164800 "http://www.various-euro.com/f-rez.html" "Mozilla/4.0 (compatible; MSIE 6.0; Windows NT 5.1)"
82.99.30.36 - - [04/Dec/2008:10:20:22 +0100] "GET /rez/108.mp3 HTTP/1.0" 200 2086040 "http://www.various-euro.com/f-rez.html" "Mozilla/4.0 (compatible; MSIE 6.0; Windows NT 5.1)"
82.99.30.36 - - [04/Dec/2008:10:20:22 +0100] "GET /rez/611.mp3 HTTP/1.0" 200 6782540 "http://www.various-euro.com/f-rez.html" "Mozilla/4.0 (compatible; MSIE 6.0; Windows NT 5.1)"
82.99.30.36 - - [04/Dec/2008:10:20:22 +0100] "GET /rez/555.mp3 HTTP/1.0" 200 6017674 "http://www.various-euro.com/f-rez.html" "Mozilla/4.0 (compatible; MSIE 6.0; Windows NT 5.1)"
82.99.30.36 - - [04/Dec/2008:10:20:22 +0100] "GET /rez/554.mp3 HTTP/1.0" 200 13335140 "http://www.various-euro.com/f-rez.html" "Mozilla/4.0 (compatible; MSIE 6.0; Windows NT 5.1)"
82.99.30.36 - - [04/Dec/2008:10:20:22 +0100] "GET /rez/601.mp3 HTTP/1.0" 200 5052711 "http://www.various-euro.com/f-rez.html" "Mozilla/4.0 (compatible; MSIE 6.0; Windows NT 5.1)"
82.99.30.36 - - [04/Dec/2008:10:20:22 +0100] "GET /rez/326.mp3 HTTP/1.0" 200 7672484 "http://www.various-euro.com/f-rez.html" "Mozilla/4.0 (compatible; MSIE 6.0; Windows NT 5.1)"
82.99.30.36 - - [04/Dec/2008:10:20:22 +0100] "GET /rez/327.mp3 HTTP/1.0" 200 2771948 "http://www.various-euro.com/f-rez.html" "Mozilla/4.0 (compatible; MSIE 6.0; Windows NT 5.1)"
82.99.30.36 - - [04/Dec/2008:10:20:22 +0100] "GET /rez/607.mp3 HTTP/1.0" 200 4964417 "http://www.various-euro.com/f-rez.html" "Mozilla/4.0 (compatible; MSIE 6.0; Windows NT 5.1)"
82.99.30.36 - - [04/Dec/2008:10:20:22 +0100] "GET /rez/556.mp3 HTTP/1.0" 200 2674419 "http://www.various-euro.com/f-rez.html" "Mozilla/4.0 (compatible; MSIE 6.0; Windows NT 5.1)"
208.36.144.10 - - [04/Dec/2008:10:22:36 +0100] "GET /astalavista.gif HTTP/1.0" 200 3887 "-" "Mozilla/5.0 (Twiceler-0.9 http://www.cuil.com/twiceler/robot.html)"
208.36.144.10 - - [04/Dec/2008:10:30:23 +0100] "GET /vgirls/penilesecrets2.gif HTTP/1.0" 200 9531 "-" "Mozilla/5.0 (Twiceler-0.9 http://www.cuil.com/twiceler/robot.html)"
131.107.65.41 - - [04/Dec/2008:10:32:23 +0100] "GET /framez-restate.html HTTP/1.1" 200 4328 "-" "MSR-ISRCCrawler"
131.107.65.41 - - [04/Dec/2008:10:32:25 +0100] "GET /frame-menu.html HTTP/1.1" 200 10536 "-" "MSR-ISRCCrawler"
131.107.65.41 - - [04/Dec/2008:10:32:27 +0100] "GET /style/various-euro.css HTTP/1.1" 200 3437 "-" "MSR-ISRCCrawler"
131.107.65.41 - - [04/Dec/2008:10:32:28 +0100] "GET /frame-unten.html HTTP/1.1" 200 5308 "-" "MSR-ISRCCrawler"
67.195.37.159 - - [04/Dec/2008:10:39:57 +0100] "GET /robots.txt HTTP/1.0" 302 363 "-" "Mozilla/5.0 (compatible; Yahoo! Slurp; http://help.yahoo.com/help/us/ysearch/slurp)"
67.195.37.159 - - [04/Dec/2008:10:39:58 +0100] "GET /zampa/robots.txt HTTP/1.0" 404 2748 "-" "Mozilla/5.0 (compatible; Yahoo! Slurp; http://help.yahoo.com/help/us/ysearch/slurp)"
67.195.37.159 - - [04/Dec/2008:10:39:58 +0100] "GET / HTTP/1.0" 302 353 "-" "Mozilla/5.0 (compatible; Yahoo! Slurp/3.0; http://help.yahoo.com/help/us/ysearch/slurp)"
67.195.37.153 - - [04/Dec/2008:10:40:08 +0100] "GET /zampa/ HTTP/1.0" 200 7153 "-" "Mozilla/5.0 (compatible; Yahoo! Slurp/3.0; http://help.yahoo.com/help/us/ysearch/slurp)"
208.36.144.10 - - [04/Dec/2008:10:43:52 +0100] "GET /DgH/bull/pict/Bull-DgH08.jpg HTTP/1.0" 200 9010 "-" "Mozilla/5.0 (Twiceler-0.9 http://www.cuil.com/twiceler/robot.html)"
67.195.37.153 - - [04/Dec/2008:10:46:48 +0100] "GET /f-rez.html HTTP/1.0" 200 9765 "-" "Mozilla/5.0 (compatible; Yahoo! Slurp/3.0; http://help.yahoo.com/help/us/ysearch/slurp)"
193.252.149.16 - - [04/Dec/2008:10:50:48 +0100] "GET /frame-inhalt.html HTTP/1.1" 200 5418 "-" "Mozilla/5.0 (Windows; U; Windows NT 5.1; fr; rv:1.8.1) VoilaBot BETA 1.2 (support.voilabot@orange-ftgroup.com)"
208.36.144.10 - - [04/Dec/2008:10:51:49 +0100] "GET /vgirls/button10.gif HTTP/1.0" 200 15687 "-" "Mozilla/5.0 (Twiceler-0.9 http://www.cuil.com/twiceler/robot.html)"
67.195.37.153 - - [04/Dec/2008:10:52:26 +0100] "GET /bmpp/18.html HTTP/1.0" 200 4467 "-" "Mozilla/5.0 (compatible; Yahoo! Slurp; http://help.yahoo.com/help/us/ysearch/slurp)"
81.52.143.26 - - [04/Dec/2008:10:52:41 +0100] "GET /bmpp/18asi_2.html HTTP/1.1" 200 8674 "-" "Mozilla/5.0 (Windows; U; Windows NT 5.1; fr; rv:1.8.1) VoilaBot BETA 1.2 (support.voilabot@orange-ftgroup.com)"
67.195.37.153 - - [04/Dec/2008:10:54:22 +0100] "GET /bmpp/18_x.html HTTP/1.0" 200 1100 "-" "Mozilla/5.0 (compatible; Yahoo! Slurp; http://help.yahoo.com/help/us/ysearch/slurp)"
82.99.30.39 - - [04/Dec/2008:10:54:28 +0100] "GET /bannerz/various-euro-girl.jpg HTTP/1.0" 200 91514 "http://www.various-euro.com/frame-unten.html" "Mozilla/4.0 (compatible; MSIE 6.0; Windows NT 5.1)"
64.1.215.165 - - [04/Dec/2008:11:04:50 +0100] "GET /neon/channelbanner.gif HTTP/1.0" 200 9980 "-" "Mozilla/5.0 (Twiceler-0.9 http://www.cuil.com/twiceler/robot.html)"
67.195.37.153 - - [04/Dec/2008:11:06:40 +0100] "GET /f-actions.html HTTP/1.0" 200 10429 "-" "Mozilla/5.0 (compatible; Yahoo! Slurp/3.0; http://help.yahoo.com/help/us/ysearch/slurp)"
72.30.161.233 - - [04/Dec/2008:11:16:51 +0100] "GET /robots.txt HTTP/1.0" 200 64 "-" "Mozilla/5.0 (compatible; Yahoo! Slurp; http://help.yahoo.com/help/us/ysearch/slurp)"
72.30.161.233 - - [04/Dec/2008:11:16:51 +0100] "GET /logs/usage_200703.html HTTP/1.0" 200 108444 "-" "Mozilla/5.0 (compatible; Yahoo! Slurp; http://help.yahoo.com/help/us/ysearch/slurp)"
64.1.215.165 - - [04/Dec/2008:11:26:11 +0100] "GET /bannerz/enter.gif HTTP/1.0" 200 4003 "-" "Mozilla/5.0 (Twiceler-0.9 http://www.cuil.com/twiceler/robot.html)"
208.36.144.10 - - [04/Dec/2008:11:30:41 +0100] "GET /neon/channelbanner3.gif HTTP/1.0" 200 3047 "-" "Mozilla/5.0 (Twiceler-0.9 http://www.cuil.com/twiceler/robot.html)"
64.1.215.165 - - [04/Dec/2008:11:42:09 +0100] "GET /bannerz/fbwnpiscreen.jpg HTTP/1.0" 200 8204 "-" "Mozilla/5.0 (Twiceler-0.9 http://www.cuil.com/twiceler/robot.html)"
64.1.215.165 - - [04/Dec/2008:11:48:19 +0100] "GET /bannerz/technart.gif HTTP/1.0" 200 732 "-" "Mozilla/5.0 (Twiceler-0.9 http://www.cuil.com/twiceler/robot.html)"
208.36.144.10 - - [04/Dec/2008:11:54:35 +0100] "GET /DgH/bull/pict/Bull-DgH06.jpg HTTP/1.0" 200 9010 "-" "Mozilla/5.0 (Twiceler-0.9 http://www.cuil.com/twiceler/robot.html)"
208.36.144.10 - - [04/Dec/2008:11:57:41 +0100] "GET /DgH/watch/pict/Watch-DgH07.jpg HTTP/1.0" 200 12152 "-" "Mozilla/5.0 (Twiceler-0.9 http://www.cuil.com/twiceler/robot.html)"
66.249.65.169 - - [04/Dec/2008:12:05:09 +0100] "GET /logs/usage_200812.html HTTP/1.1" 404 2748 "-" "Mozilla/5.0 (compatible; Googlebot/2.1; +http://www.google.com/bot.html)"
64.1.215.165 - - [04/Dec/2008:12:08:51 +0100] "GET /bannerz/galerie-erika.gif HTTP/1.0" 200 35898 "-" "Mozilla/5.0 (Twiceler-0.9 http://www.cuil.com/twiceler/robot.html)"
208.36.144.10 - - [04/Dec/2008:12:11:23 +0100] "GET /DgH/rampe/pict/Rampe-DgH06.jpg HTTP/1.0" 200 12044 "-" "Mozilla/5.0 (Twiceler-0.9 http://www.cuil.com/twiceler/robot.html)"
208.36.144.10 - - [04/Dec/2008:12:12:46 +0100] "GET /DgH/bull/pict/Bull-DgH07.jpg HTTP/1.0" 200 9010 "-" "Mozilla/5.0 (Twiceler-0.9 http://www.cuil.com/twiceler/robot.html)"
64.1.215.165 - - [04/Dec/2008:12:13:19 +0100] "GET /zampa/lybia/slike/tele.jpg HTTP/1.0" 200 28022 "-" "Mozilla/5.0 (Twiceler-0.9 http://www.cuil.com/twiceler/robot.html)"
193.252.149.16 - - [04/Dec/2008:12:14:45 +0100] "GET / HTTP/1.1" 200 7869 "-" "Mozilla/5.0 (Windows; U; Windows NT 5.1; fr; rv:1.8.1) VoilaBot BETA 1.2 (support.voilabot@orange-ftgroup.com)"
193.47.80.51 - - [04/Dec/2008:12:18:57 +0100] "GET /robots.txt HTTP/1.1" 200 64 "-" "Mozilla/5.0 (compatible; Exabot/3.0; +http://www.exabot.com/go/robot)"
193.47.80.51 - - [04/Dec/2008:12:18:57 +0100] "GET / HTTP/1.1" 200 7869 "-" "Mozilla/5.0 (compatible; Exabot/3.0; +http://www.exabot.com/go/robot)"
208.36.144.10 - - [04/Dec/2008:12:21:38 +0100] "GET /DgH/rampe/pict/Rampe-DgH03.jpg HTTP/1.0" 200 12044 "-" "Mozilla/5.0 (Twiceler-0.9 http://www.cuil.com/twiceler/robot.html)"
208.36.144.10 - - [04/Dec/2008:12:30:36 +0100] "GET /DgH/rampe/pict/Rampe-DgH08.jpg HTTP/1.0" 200 12044 "-" "Mozilla/5.0 (Twiceler-0.9 http://www.cuil.com/twiceler/robot.html)"
64.1.215.165 - - [04/Dec/2008:12:33:26 +0100] "GET /bannerz/hand-of-doom.jpg HTTP/1.0" 200 10971 "-" "Mozilla/5.0 (Twiceler-0.9 http://www.cuil.com/twiceler/robot.html)"
64.1.215.165 - - [04/Dec/2008:12:41:52 +0100] "GET /bannerz/textzcom-diskz-black-on.gif HTTP/1.0" 200 522 "-" "Mozilla/5.0 (Twiceler-0.9 http://www.cuil.com/twiceler/robot.html)"
64.1.215.165 - - [04/Dec/2008:12:46:13 +0100] "GET /bannerz/GNouban.gif HTTP/1.0" 200 37201 "-" "Mozilla/5.0 (Twiceler-0.9 http://www.cuil.com/twiceler/robot.html)"
208.36.144.10 - - [04/Dec/2008:12:48:38 +0100] "GET /DgH/bull/pict/Bull-DgH04.jpg HTTP/1.0" 200 9010 "-" "Mozilla/5.0 (Twiceler-0.9 http://www.cuil.com/twiceler/robot.html)"
64.1.215.165 - - [04/Dec/2008:12:51:26 +0100] "GET /vgirls/hyg1.gif HTTP/1.0" 200 29672 "-" "Mozilla/5.0 (Twiceler-0.9 http://www.cuil.com/twiceler/robot.html)"
208.36.144.10 - - [04/Dec/2008:12:52:56 +0100] "GET /DgH/rampe/pict/Rampe-DgH04.jpg HTTP/1.0" 200 12044 "-" "Mozilla/5.0 (Twiceler-0.9 http://www.cuil.com/twiceler/robot.html)"
67.195.37.153 - - [04/Dec/2008:12:59:25 +0100] "GET /f-horrorkatze.html HTTP/1.0" 200 7865 "-" "Mozilla/5.0 (compatible; Yahoo! Slurp; http://help.yahoo.com/help/us/ysearch/slurp)"
67.195.37.153 - - [04/Dec/2008:13:04:42 +0100] "GET /f-maintitle.html HTTP/1.0" 200 5030 "-" "Mozilla/5.0 (compatible; Yahoo! Slurp; http://help.yahoo.com/help/us/ysearch/slurp)"
67.195.37.153 - - [04/Dec/2008:13:06:42 +0100] "GET /neon/code.html HTTP/1.0" 200 1109 "-" "Mozilla/5.0 (compatible; Yahoo! Slurp; http://help.yahoo.com/help/us/ysearch/slurp)"
208.36.144.10 - - [04/Dec/2008:13:14:12 +0100] "GET /vgirls/button3.gif HTTP/1.0" 200 9634 "-" "Mozilla/5.0 (Twiceler-0.9 http://www.cuil.com/twiceler/robot.html)"
67.195.37.153 - - [04/Dec/2008:13:25:33 +0100] "GET /DgH/watch/index.html HTTP/1.0" 200 2028 "-" "Mozilla/5.0 (compatible; Yahoo! Slurp; http://help.yahoo.com/help/us/ysearch/slurp)"
208.36.144.10 - - [04/Dec/2008:13:29:49 +0100] "GET /DgH/rampe/pict/GNouFL-IS.jpg HTTP/1.0" 200 23320 "-" "Mozilla/5.0 (Twiceler-0.9 http://www.cuil.com/twiceler/robot.html)"
81.52.143.16 - - [04/Dec/2008:13:34:27 +0100] "GET /schubb/schubb-2.html HTTP/1.1" 200 16660 "-" "Mozilla/5.0 (Windows; U; Windows NT 5.1; fr; rv:1.8.1) VoilaBot BETA 1.2 (support.voilabot@orange-ftgroup.com)"
208.36.144.10 - - [04/Dec/2008:13:38:33 +0100] "GET /vgirls/penis_ban4.gif HTTP/1.0" 200 9108 "-" "Mozilla/5.0 (Twiceler-0.9 http://www.cuil.com/twiceler/robot.html)"
193.47.80.51 - - [04/Dec/2008:13:40:31 +0100] "GET /robots.txt HTTP/1.1" 302 363 "-" "Mozilla/5.0 (compatible; Exabot/3.0; +http://www.exabot.com/go/robot)"
193.47.80.51 - - [04/Dec/2008:13:40:31 +0100] "GET /zampa/robots.txt HTTP/1.1" 404 2748 "-" "Mozilla/5.0 (compatible; Exabot/3.0; +http://www.exabot.com/go/robot)"
193.47.80.51 - - [04/Dec/2008:13:40:31 +0100] "GET / HTTP/1.1" 302 353 "-" "Mozilla/5.0 (compatible; Exabot/3.0; +http://www.exabot.com/go/robot)"
208.36.144.10 - - [04/Dec/2008:13:43:51 +0100] "GET /DgH/rampe/pict/Rampe-DgH05.jpg HTTP/1.0" 200 12044 "-" "Mozilla/5.0 (Twiceler-0.9 http://www.cuil.com/twiceler/robot.html)"
67.195.37.153 - - [04/Dec/2008:13:48:40 +0100] "GET /bmpp/euro_pal_1.html HTTP/1.0" 200 18252 "-" "Mozilla/5.0 (compatible; Yahoo! Slurp; http://help.yahoo.com/help/us/ysearch/slurp)"
208.36.144.10 - - [04/Dec/2008:13:49:24 +0100] "GET /DgH/rampe/pict/Rampe-DgH07.jpg HTTP/1.0" 200 12044 "-" "Mozilla/5.0 (Twiceler-0.9 http://www.cuil.com/twiceler/robot.html)"
72.20.109.36 - - [04/Dec/2008:13:55:17 +0100] "GET /robots.txt HTTP/1.1" 200 64 "-" "GurujiBot/1.0 (+http://www.guruji.com/en/WebmasterFAQ.html)"
72.20.109.36 - - [04/Dec/2008:13:55:17 +0100] "GET / HTTP/1.1" 200 7869 "-" "GurujiBot/1.0 (+http://www.guruji.com/en/WebmasterFAQ.html)"
82.55.115.216 - - [04/Dec/2008:14:10:03 +0100] "GET / HTTP/1.1" 302 353 "http://www.google.it/search?source=ig&hl=it&rlz=1G1GGLQ_ITIT303&q=zampa+di+leone&meta=lr%3D" "Mozilla/4.0 (compatible; MSIE 7.0; Windows NT 5.1; .NET CLR 2.0.50727)"
82.55.115.216 - - [04/Dec/2008:14:10:03 +0100] "GET /zampa/ HTTP/1.1" 200 7153 "http://www.google.it/search?source=ig&hl=it&rlz=1G1GGLQ_ITIT303&q=zampa+di+leone&meta=lr%3D" "Mozilla/4.0 (compatible; MSIE 7.0; Windows NT 5.1; .NET CLR 2.0.50727)"
82.55.115.216 - - [04/Dec/2008:14:10:04 +0100] "GET /zampa/slike/zampa.gif HTTP/1.1" 200 5310 "http://www.various-euro.com/zampa/" "Mozilla/4.0 (compatible; MSIE 7.0; Windows NT 5.1; .NET CLR 2.0.50727)"
82.55.115.216 - - [04/Dec/2008:14:10:04 +0100] "GET /zampa/slike/udupetu.gif HTTP/1.1" 200 4138 "http://www.various-euro.com/zampa/" "Mozilla/4.0 (compatible; MSIE 7.0; Windows NT 5.1; .NET CLR 2.0.50727)"
82.55.115.216 - - [04/Dec/2008:14:10:04 +0100] "GET /zampa/slike/inthearse.gif HTTP/1.1" 200 4077 "http://www.various-euro.com/zampa/" "Mozilla/4.0 (compatible; MSIE 7.0; Windows NT 5.1; .NET CLR 2.0.50727)"
82.55.115.216 - - [04/Dec/2008:14:10:04 +0100] "GET /favicon.ico HTTP/1.1" 404 2748 "-" "Mozilla/4.0 (compatible; MSIE 7.0; Windows NT 5.1; .NET CLR 2.0.50727)"
64.1.215.165 - - [04/Dec/2008:14:13:08 +0100] "GET /bannerz/pavuokwui.gif HTTP/1.0" 200 82088 "-" "Mozilla/5.0 (Twiceler-0.9 http://www.cuil.com/twiceler/robot.html)"
64.1.215.165 - - [04/Dec/2008:14:39:34 +0100] "GET /neon/pam.gif HTTP/1.0" 200 17268 "-" "Mozilla/5.0 (Twiceler-0.9 http://www.cuil.com/twiceler/robot.html)"
208.36.144.10 - - [04/Dec/2008:14:40:16 +0100] "GET /DgH/watch/pict/Watch-DgH01.jpg HTTP/1.0" 200 12152 "-" "Mozilla/5.0 (Twiceler-0.9 http://www.cuil.com/twiceler/robot.html)"
64.1.215.165 - - [04/Dec/2008:14:42:12 +0100] "GET /bannerz/3dsf3banner.gif HTTP/1.0" 200 15347 "-" "Mozilla/5.0 (Twiceler-0.9 http://www.cuil.com/twiceler/robot.html)"
66.249.65.169 - - [04/Dec/2008:15:06:46 +0100] "GET /f-channel1.html HTTP/1.1" 200 8471 "-" "Mozilla/5.0 (compatible; Googlebot/2.1; +http://www.google.com/bot.html)"
208.36.144.10 - - [04/Dec/2008:15:08:09 +0100] "GET /DgH/watch/pict/Watch-DgH08.jpg HTTP/1.0" 200 12152 "-" "Mozilla/5.0 (Twiceler-0.9 http://www.cuil.com/twiceler/robot.html)"
208.36.144.10 - - [04/Dec/2008:15:13:01 +0100] "GET /bannerz/hand-of-doom.jpg HTTP/1.0" 200 10971 "-" "Mozilla/5.0 (Twiceler-0.9 http://www.cuil.com/twiceler/robot.html)"
77.46.252.200 - - [04/Dec/2008:15:14:00 +0100] "GET /zampa-lovers/kralle.gif HTTP/1.1" 404 2748 "http://various-euro.com/zampa-lovers/index.html" "Mozilla/4.0 (compatible; MSIE 7.0; Windows NT 5.1)"
77.46.252.200 - - [04/Dec/2008:15:13:59 +0100] "GET /zampa-lovers/index.html HTTP/1.1" 200 37790 "http://www.daemon-search.com/search/web?q=ma+nemoj&page=14" "Mozilla/4.0 (compatible; MSIE 7.0; Windows NT 5.1)"
77.46.252.200 - - [04/Dec/2008:15:14:01 +0100] "GET /zampa-lovers/DRAGAN_Z.JPG HTTP/1.1" 200 6850 "http://various-euro.com/zampa-lovers/index.html" "Mozilla/4.0 (compatible; MSIE 7.0; Windows NT 5.1)"
77.46.252.200 - - [04/Dec/2008:15:14:02 +0100] "GET /zampa-lovers/MILIZA_2.JPG HTTP/1.1" 200 22172 "http://various-euro.com/zampa-lovers/index.html" "Mozilla/4.0 (compatible; MSIE 7.0; Windows NT 5.1)"
77.46.252.200 - - [04/Dec/2008:15:14:00 +0100] "GET /zampa-lovers/zampa.gif HTTP/1.1" 200 460627 "http://various-euro.com/zampa-lovers/index.html" "Mozilla/4.0 (compatible; MSIE 7.0; Windows NT 5.1)"
77.46.252.200 - - [04/Dec/2008:15:14:03 +0100] "GET /zampa-lovers/MILIZA_B.JPG HTTP/1.1" 200 10947 "http://various-euro.com/zampa-lovers/index.html" "Mozilla/4.0 (compatible; MSIE 7.0; Windows NT 5.1)"
77.46.252.200 - - [04/Dec/2008:15:14:03 +0100] "GET /zampa-lovers/MILIZA_3.JPG HTTP/1.1" 200 26924 "http://various-euro.com/zampa-lovers/index.html" "Mozilla/4.0 (compatible; MSIE 7.0; Windows NT 5.1)"
77.46.252.200 - - [04/Dec/2008:15:14:04 +0100] "GET /zampa-lovers/MILIZA_4.JPG HTTP/1.1" 200 9946 "http://various-euro.com/zampa-lovers/index.html" "Mozilla/4.0 (compatible; MSIE 7.0; Windows NT 5.1)"
77.46.252.200 - - [04/Dec/2008:15:14:04 +0100] "GET /zampa-lovers/DRAGANZA.JPG HTTP/1.1" 200 18560 "http://various-euro.com/zampa-lovers/index.html" "Mozilla/4.0 (compatible; MSIE 7.0; Windows NT 5.1)"
77.46.252.200 - - [04/Dec/2008:15:14:04 +0100] "GET /zampa-lovers/1SEITEVE.GIF HTTP/1.1" 200 78726 "http://various-euro.com/zampa-lovers/index.html" "Mozilla/4.0 (compatible; MSIE 7.0; Windows NT 5.1)"
77.46.252.200 - - [04/Dec/2008:15:14:04 +0100] "GET /zampa-lovers/2SEITEVE.GIF HTTP/1.1" 200 83466 "http://various-euro.com/zampa-lovers/index.html" "Mozilla/4.0 (compatible; MSIE 7.0; Windows NT 5.1)"
77.46.252.200 - - [04/Dec/2008:15:14:05 +0100] "GET /zampa-lovers/Kralle.gif HTTP/1.1" 200 260 "http://various-euro.com/zampa-lovers/index.html" "Mozilla/4.0 (compatible; MSIE 7.0; Windows NT 5.1)"
77.46.252.200 - - [04/Dec/2008:15:14:05 +0100] "GET /zampa-lovers/zampa-2X2.gif HTTP/1.1" 200 6948 "http://various-euro.com/zampa-lovers/index.html" "Mozilla/4.0 (compatible; MSIE 7.0; Windows NT 5.1)"
77.46.252.200 - - [04/Dec/2008:15:14:05 +0100] "GET /zampa-lovers/zampamali.gif HTTP/1.1" 200 2617 "http://various-euro.com/zampa-lovers/index.html" "Mozilla/4.0 (compatible; MSIE 7.0; Windows NT 5.1)"
77.46.252.200 - - [04/Dec/2008:15:14:06 +0100] "GET /framez-zampa-lovers.html HTTP/1.1" 200 4322 "-" "Mozilla/4.0 (compatible; MSIE 7.0; Windows NT 5.1)"
77.46.252.200 - - [04/Dec/2008:15:14:06 +0100] "GET /frame-menu.html HTTP/1.1" 200 10536 "http://various-euro.com/framez-zampa-lovers.html" "Mozilla/4.0 (compatible; MSIE 7.0; Windows NT 5.1)"
77.46.252.200 - - [04/Dec/2008:15:14:06 +0100] "GET /zampa-lovers/index.html HTTP/1.1" 200 37790 "http://various-euro.com/framez-zampa-lovers.html" "Mozilla/4.0 (compatible; MSIE 7.0; Windows NT 5.1)"
77.46.252.200 - - [04/Dec/2008:15:14:06 +0100] "GET /zampa-lovers/zampa.ICO HTTP/1.1" 200 7134 "-" "Mozilla/4.0 (compatible; MSIE 7.0; Windows NT 5.1)"
77.46.252.200 - - [04/Dec/2008:15:14:06 +0100] "GET /frame-unten.html HTTP/1.1" 200 5308 "http://various-euro.com/framez-zampa-lovers.html" "Mozilla/4.0 (compatible; MSIE 7.0; Windows NT 5.1)"
77.46.252.200 - - [04/Dec/2008:15:14:07 +0100] "GET /style/various-euro.css HTTP/1.1" 200 3437 "http://various-euro.com/frame-menu.html" "Mozilla/4.0 (compatible; MSIE 7.0; Windows NT 5.1)"
77.46.252.200 - - [04/Dec/2008:15:14:07 +0100] "GET /zampa-lovers/kralle.gif HTTP/1.1" 404 2748 "http://various-euro.com/zampa-lovers/index.html" "Mozilla/4.0 (compatible; MSIE 7.0; Windows NT 5.1)"
77.46.252.200 - - [04/Dec/2008:15:14:07 +0100] "GET /bannerz/ve.jpg HTTP/1.1" 200 36912 "http://various-euro.com/frame-unten.html" "Mozilla/4.0 (compatible; MSIE 7.0; Windows NT 5.1)"
77.46.252.200 - - [04/Dec/2008:15:14:07 +0100] "GET /bannerz/various-euro-girl.jpg HTTP/1.1" 200 91514 "http://various-euro.com/frame-unten.html" "Mozilla/4.0 (compatible; MSIE 7.0; Windows NT 5.1)"
77.46.252.200 - - [04/Dec/2008:15:14:07 +0100] "GET /zampa-lovers/kralle.gif HTTP/1.1" 404 2748 "http://various-euro.com/zampa-lovers/index.html" "Mozilla/4.0 (compatible; MSIE 7.0; Windows NT 5.1)"
77.46.252.200 - - [04/Dec/2008:15:14:08 +0100] "GET /framez-zampa-lovers.html HTTP/1.1" 200 4322 "-" "Mozilla/4.0 (compatible; MSIE 7.0; Windows NT 5.1)"
77.46.252.200 - - [04/Dec/2008:15:14:08 +0100] "GET /zampa-lovers/index.html HTTP/1.1" 200 16133 "http://various-euro.com/framez-zampa-lovers.html" "Mozilla/4.0 (compatible; MSIE 7.0; Windows NT 5.1)"
77.46.252.200 - - [04/Dec/2008:15:14:09 +0100] "GET /zampa-lovers/kralle.gif HTTP/1.1" 404 2748 "http://various-euro.com/zampa-lovers/index.html" "Mozilla/4.0 (compatible; MSIE 7.0; Windows NT 5.1)"
77.46.252.200 - - [04/Dec/2008:15:14:09 +0100] "GET /framez-zampa-lovers.html HTTP/1.1" 200 4322 "-" "Mozilla/4.0 (compatible; MSIE 7.0; Windows NT 5.1)"
64.1.215.165 - - [04/Dec/2008:15:26:21 +0100] "GET /bannerz/mastercard.gif HTTP/1.0" 200 1711 "-" "Mozilla/5.0 (Twiceler-0.9 http://www.cuil.com/twiceler/robot.html)"
67.195.37.153 - - [04/Dec/2008:15:34:59 +0100] "GET /logs/usage_200706.html HTTP/1.0" 200 107008 "-" "Mozilla/5.0 (compatible; Yahoo! Slurp/3.0; http://help.yahoo.com/help/us/ysearch/slurp)"
72.30.161.233 - - [04/Dec/2008:15:35:52 +0100] "GET /frame-menu.html HTTP/1.0" 200 10536 "-" "Mozilla/5.0 (compatible; Yahoo! Slurp; http://help.yahoo.com/help/us/ysearch/slurp)"
208.80.194.26 - - [04/Dec/2008:15:41:18 +0100] "GET / HTTP/1.0" 200 7869 "-" "Mozilla/4.0 (compatible; MSIE 6.0; Windows 98; {0DD40FA0-5F30-11D8-A6A3-00400539C2D2}; (R1 1.5); (R1 1.3))"
208.80.194.26 - - [04/Dec/2008:15:41:18 +0100] "GET / HTTP/1.0" 200 7869 "-" "Mozilla/4.0 (compatible; MSIE 6.0; Windows NT 5.1; SV1; YPC 3.2.0; .NET CLR 1.0.3705; .NET CLR 1.1.4322; Media Center PC 4.0; PeoplePal 6.2; yplus 5.1.04b)"
208.36.144.10 - - [04/Dec/2008:15:49:36 +0100] "GET /DgH/rampe/pict/Rampe-DgH01.jpg HTTP/1.0" 200 12044 "-" "Mozilla/5.0 (Twiceler-0.9 http://www.cuil.com/twiceler/robot.html)"
64.1.215.165 - - [04/Dec/2008:16:00:29 +0100] "GET /bannerz/visa.gif HTTP/1.0" 200 1452 "-" "Mozilla/5.0 (Twiceler-0.9 http://www.cuil.com/twiceler/robot.html)"
208.36.144.10 - - [04/Dec/2008:16:01:57 +0100] "GET /bannerz/exit.gif HTTP/1.0" 200 2988 "-" "Mozilla/5.0 (Twiceler-0.9 http://www.cuil.com/twiceler/robot.html)"
208.36.144.10 - - [04/Dec/2008:16:09:05 +0100] "GET /bannerz/enter.gif HTTP/1.0" 200 4003 "-" "Mozilla/5.0 (Twiceler-0.9 http://www.cuil.com/twiceler/robot.html)"
64.1.215.165 - - [04/Dec/2008:16:15:08 +0100] "GET /bannerz/amex.gif HTTP/1.0" 200 1497 "-" "Mozilla/5.0 (Twiceler-0.9 http://www.cuil.com/twiceler/robot.html)"
208.36.144.10 - - [04/Dec/2008:16:24:22 +0100] "GET /neon/rawsuishi3.gif HTTP/1.0" 200 7327 "-" "Mozilla/5.0 (Twiceler-0.9 http://www.cuil.com/twiceler/robot.html)"
65.55.232.23 - - [04/Dec/2008:16:33:30 +0100] "GET /robots.txt HTTP/1.1" 200 64 "-" "msnbot/1.1 (+http://search.msn.com/msnbot.htm)"
65.55.232.23 - - [04/Dec/2008:16:33:30 +0100] "GET / HTTP/1.1" 200 7869 "-" "msnbot/1.1 (+http://search.msn.com/msnbot.htm)"
67.195.37.153 - - [04/Dec/2008:16:58:25 +0100] "GET / HTTP/1.0" 200 7869 "-" "Mozilla/5.0 (compatible; Yahoo! Slurp/3.0; http://help.yahoo.com/help/us/ysearch/slurp)"
67.195.37.153 - - [04/Dec/2008:16:58:26 +0100] "GET /style/various-euro.css HTTP/1.0" 200 3437 "http://www.various-euro.com/" "Mozilla/5.0 (compatible; Yahoo! Slurp/3.0; http://help.yahoo.com/help/us/ysearch/slurp)"
66.249.65.169 - - [04/Dec/2008:17:10:35 +0100] "GET /f-horrorkatze.html HTTP/1.1" 200 7865 "-" "Mozilla/5.0 (compatible; Googlebot/2.1; +http://www.google.com/bot.html)"
61.247.221.44 - - [04/Dec/2008:17:12:32 +0100] "GET /robots.txt HTTP/1.1" 200 64 "-" "Yeti/1.0 (NHN Corp.; http://help.naver.com/robots/)"
61.247.221.44 - - [04/Dec/2008:17:12:33 +0100] "GET /bannerz/various-euro-girl.jpg HTTP/1.1" 200 91514 "-" "Yeti/1.0 (NHN Corp.; http://help.naver.com/robots/)"
72.30.81.155 - - [04/Dec/2008:17:32:37 +0100] "GET /robots.txt HTTP/1.0" 200 64 "-" "Mozilla/5.0 (compatible; Yahoo! Slurp; http://help.yahoo.com/help/us/ysearch/slurp)"
72.30.81.155 - - [04/Dec/2008:17:32:40 +0100] "GET /neon/large.html HTTP/1.0" 200 1547 "-" "Mozilla/5.0 (compatible; Yahoo! Slurp; http://help.yahoo.com/help/us/ysearch/slurp)"
66.249.65.169 - - [04/Dec/2008:17:56:15 +0100] "GET /framez-zampa-lovers.html HTTP/1.1" 200 4322 "-" "Mozilla/5.0 (compatible; Googlebot/2.1; +http://www.google.com/bot.html)"
72.30.81.155 - - [04/Dec/2008:17:59:33 +0100] "GET /logs/usage_200705.html HTTP/1.0" 200 109447 "-" "Mozilla/5.0 (compatible; Yahoo! Slurp; http://help.yahoo.com/help/us/ysearch/slurp)"
66.235.124.58 - - [04/Dec/2008:18:01:36 +0100] "GET /robots.txt HTTP/1.0" 200 64 "-" "Mozilla/5.0 (compatible; Ask Jeeves/Teoma; +http://about.ask.com/en/docs/about/webmasters.shtml)"
66.235.124.58 - - [04/Dec/2008:18:01:36 +0100] "GET /framez-zampa-lovers.html HTTP/1.0" 200 4322 "-" "Mozilla/5.0 (compatible; Ask Jeeves/Teoma; +http://about.ask.com/en/docs/about/webmasters.shtml)"
66.235.124.58 - - [04/Dec/2008:18:01:37 +0100] "GET /frame-menu.html HTTP/1.0" 200 10536 "-" "Mozilla/5.0 (compatible; Ask Jeeves/Teoma; +http://about.ask.com/en/docs/about/webmasters.shtml)"
66.235.124.58 - - [04/Dec/2008:18:01:37 +0100] "GET /zampa-lovers/index.html HTTP/1.0" 200 37790 "-" "Mozilla/5.0 (compatible; Ask Jeeves/Teoma; +http://about.ask.com/en/docs/about/webmasters.shtml)"
66.235.124.58 - - [04/Dec/2008:18:01:38 +0100] "GET /frame-unten.html HTTP/1.0" 200 5308 "-" "Mozilla/5.0 (compatible; Ask Jeeves/Teoma; +http://about.ask.com/en/docs/about/webmasters.shtml)"
92.241.153.64 - - [04/Dec/2008:18:08:27 +0100] "GET /zampa-lovers/kralle.gif HTTP/1.1" 404 2748 "http://various-euro.com/zampa-lovers/index.html" "Mozilla/4.0 (compatible; MSIE 6.0; Windows NT 5.1; SV1; SIMBAR={BB9327DB-5D04-4EA6-AE77-54712D30DAD2}; InfoPath.1; .NET CLR 2.0.50727)"
92.241.153.64 - - [04/Dec/2008:18:08:26 +0100] "GET /zampa-lovers/index.html HTTP/1.1" 200 37790 "http://search.bearshare.com/intl/webResults.html?q=INDIJANCI&hl=en&o=10596&page=1&lr=1&src=hmp_intl" "Mozilla/4.0 (compatible; MSIE 6.0; Windows NT 5.1; SV1; SIMBAR={BB9327DB-5D04-4EA6-AE77-54712D30DAD2}; InfoPath.1; .NET CLR 2.0.50727)"
92.241.153.64 - - [04/Dec/2008:18:08:30 +0100] "GET /zampa-lovers/DRAGAN_Z.JPG HTTP/1.1" 200 6850 "http://various-euro.com/zampa-lovers/index.html" "Mozilla/4.0 (compatible; MSIE 6.0; Windows NT 5.1; SV1; SIMBAR={BB9327DB-5D04-4EA6-AE77-54712D30DAD2}; InfoPath.1; .NET CLR 2.0.50727)"
92.241.153.64 - - [04/Dec/2008:18:08:30 +0100] "GET /zampa-lovers/MILIZA_2.JPG HTTP/1.1" 200 22172 "http://various-euro.com/zampa-lovers/index.html" "Mozilla/4.0 (compatible; MSIE 6.0; Windows NT 5.1; SV1; SIMBAR={BB9327DB-5D04-4EA6-AE77-54712D30DAD2}; InfoPath.1; .NET CLR 2.0.50727)"
92.241.153.64 - - [04/Dec/2008:18:08:31 +0100] "GET /zampa-lovers/MILIZA_3.JPG HTTP/1.1" 200 26924 "http://various-euro.com/zampa-lovers/index.html" "Mozilla/4.0 (compatible; MSIE 6.0; Windows NT 5.1; SV1; SIMBAR={BB9327DB-5D04-4EA6-AE77-54712D30DAD2}; InfoPath.1; .NET CLR 2.0.50727)"
92.241.153.64 - - [04/Dec/2008:18:08:34 +0100] "GET /zampa-lovers/MILIZA_B.JPG HTTP/1.1" 200 10947 "http://various-euro.com/zampa-lovers/index.html" "Mozilla/4.0 (compatible; MSIE 6.0; Windows NT 5.1; SV1; SIMBAR={BB9327DB-5D04-4EA6-AE77-54712D30DAD2}; InfoPath.1; .NET CLR 2.0.50727)"
92.241.153.64 - - [04/Dec/2008:18:08:28 +0100] "GET /zampa-lovers/zampa.gif HTTP/1.1" 200 460627 "http://various-euro.com/zampa-lovers/index.html" "Mozilla/4.0 (compatible; MSIE 6.0; Windows NT 5.1; SV1; SIMBAR={BB9327DB-5D04-4EA6-AE77-54712D30DAD2}; InfoPath.1; .NET CLR 2.0.50727)"
66.249.65.169 - - [04/Dec/2008:18:21:39 +0100] "GET /framez-e-count.html HTTP/1.1" 200 4321 "-" "Mozilla/5.0 (compatible; Googlebot/2.1; +http://www.google.com/bot.html)"
67.195.37.153 - - [04/Dec/2008:18:22:53 +0100] "GET / HTTP/1.0" 200 7869 "-" "Mozilla/5.0 (compatible; Yahoo! Slurp/3.0; http://help.yahoo.com/help/us/ysearch/slurp)"
67.195.37.153 - - [04/Dec/2008:18:22:54 +0100] "GET /style/various-euro.css HTTP/1.0" 304 - "http://www.various-euro.com/" "Mozilla/5.0 (compatible; Yahoo! Slurp/3.0; http://help.yahoo.com/help/us/ysearch/slurp)"
209.19.138.108 - - [04/Dec/2008:18:25:42 +0100] "GET / HTTP/1.1" 200 7869 "-" "Mozilla/5.0 (Windows; U; Windows NT 5.0; en-US; rv:0.9.4) Gecko/20011128 Netscape6/6.2.1"
82.99.30.71 - - [04/Dec/2008:18:26:17 +0100] "GET /bannerz/pavuokwui.gif HTTP/1.0" 200 82088 "http://www.various-euro.com/f-sponsor.html" "Mozilla/4.0 (compatible; MSIE 6.0; Windows NT 5.1)"
82.99.30.71 - - [04/Dec/2008:18:26:17 +0100] "GET /bannerz/docubanner2.gif HTTP/1.0" 200 14804 "http://www.various-euro.com/f-sponsor.html" "Mozilla/4.0 (compatible; MSIE 6.0; Windows NT 5.1)"
66.249.65.169 - - [04/Dec/2008:18:29:03 +0100] "GET /logs/usage_200705.html HTTP/1.1" 200 109447 "-" "Mozilla/5.0 (compatible; Googlebot/2.1; +http://www.google.com/bot.html)"
64.1.215.165 - - [04/Dec/2008:18:29:45 +0100] "GET /bannerz/etikett.jpg HTTP/1.0" 200 12367 "-" "Mozilla/5.0 (Twiceler-0.9 http://www.cuil.com/twiceler/robot.html)"
67.195.37.153 - - [04/Dec/2008:18:31:08 +0100] "GET /logs/usage_200704.html HTTP/1.0" 200 108835 "-" "Mozilla/5.0 (compatible; Yahoo! Slurp/3.0; http://help.yahoo.com/help/us/ysearch/slurp)"
64.1.215.165 - - [04/Dec/2008:18:47:11 +0100] "GET /bannerz/loading.gif HTTP/1.0" 200 9937 "-" "Mozilla/5.0 (Twiceler-0.9 http://www.cuil.com/twiceler/robot.html)"
140.211.109.166 - - [04/Dec/2008:18:59:55 +0100] "GET /menueleiste.js HTTP/1.1" 404 2748 "http://www.various-euro.com/restate_copy.html" "Mozilla/5.0 (Windows; U; Windows NT 5.1; en-US; rv:1.8.1.16) Gecko/20080702 Firefox/2.0.0.16"
140.211.109.166 - - [04/Dec/2008:18:59:55 +0100] "GET /bannerz/rebelle.gif HTTP/1.1" 200 6986 "http://www.various-euro.com/restate_copy.html" "Mozilla/5.0 (Windows; U; Windows NT 5.1; en-US; rv:1.8.1.16) Gecko/20080702 Firefox/2.0.0.16"
140.211.109.166 - - [04/Dec/2008:18:59:56 +0100] "GET /detonators.gif HTTP/1.1" 200 14892 "http://www.various-euro.com/restate_copy.html" "Mozilla/5.0 (Windows; U; Windows NT 5.1; en-US; rv:1.8.1.16) Gecko/20080702 Firefox/2.0.0.16"
140.211.109.166 - - [04/Dec/2008:18:59:54 +0100] "GET /restate_copy.html HTTP/1.1" 200 97631 "http://www.google.com/search?q=%22christopher+deckard%22+cornell+&ie=utf-8&oe=utf-8&aq=t&rls=org.mozilla:en-US:official&client=firefox-a" "Mozilla/5.0 (Windows; U; Windows NT 5.1; en-US; rv:1.8.1.16) Gecko/20080702 Firefox/2.0.0.16"
140.211.109.166 - - [04/Dec/2008:18:59:57 +0100] "GET /favicon.ico HTTP/1.1" 404 2748 "-" "Mozilla/5.0 (Windows; U; Windows NT 5.1; en-US; rv:1.8.1.16) Gecko/20080702 Firefox/2.0.0.16"
140.211.109.166 - - [04/Dec/2008:18:59:57 +0100] "GET /framez-restate.html HTTP/1.1" 200 4328 "http://www.various-euro.com/restate_copy.html" "Mozilla/5.0 (Windows; U; Windows NT 5.1; en-US; rv:1.8.1.16) Gecko/20080702 Firefox/2.0.0.16"
140.211.109.166 - - [04/Dec/2008:18:59:57 +0100] "GET /favicon.ico HTTP/1.1" 404 2748 "-" "Mozilla/5.0 (Windows; U; Windows NT 5.1; en-US; rv:1.8.1.16) Gecko/20080702 Firefox/2.0.0.16"
140.211.109.166 - - [04/Dec/2008:18:59:57 +0100] "GET /frame-menu.html HTTP/1.1" 200 10536 "http://www.various-euro.com/framez-restate.html" "Mozilla/5.0 (Windows; U; Windows NT 5.1; en-US; rv:1.8.1.16) Gecko/20080702 Firefox/2.0.0.16"
140.211.109.166 - - [04/Dec/2008:18:59:57 +0100] "GET /ve-icon-2.ico HTTP/1.1" 200 2238 "-" "Mozilla/5.0 (Windows; U; Windows NT 5.1; en-US; rv:1.8.1.16) Gecko/20080702 Firefox/2.0.0.16"
140.211.109.166 - - [04/Dec/2008:18:59:58 +0100] "GET /frame-unten.html HTTP/1.1" 200 5308 "http://www.various-euro.com/framez-restate.html" "Mozilla/5.0 (Windows; U; Windows NT 5.1; en-US; rv:1.8.1.16) Gecko/20080702 Firefox/2.0.0.16"
140.211.109.166 - - [04/Dec/2008:18:59:58 +0100] "GET /style/various-euro.css HTTP/1.1" 200 3437 "http://www.various-euro.com/frame-menu.html" "Mozilla/5.0 (Windows; U; Windows NT 5.1; en-US; rv:1.8.1.16) Gecko/20080702 Firefox/2.0.0.16"
140.211.109.166 - - [04/Dec/2008:18:59:58 +0100] "GET /menueleiste.js HTTP/1.1" 404 2748 "http://www.various-euro.com/restate_copy.html" "Mozilla/5.0 (Windows; U; Windows NT 5.1; en-US; rv:1.8.1.16) Gecko/20080702 Firefox/2.0.0.16"
140.211.109.166 - - [04/Dec/2008:18:59:59 +0100] "GET /bannerz/ve.jpg HTTP/1.1" 200 36912 "http://www.various-euro.com/frame-unten.html" "Mozilla/5.0 (Windows; U; Windows NT 5.1; en-US; rv:1.8.1.16) Gecko/20080702 Firefox/2.0.0.16"
140.211.109.166 - - [04/Dec/2008:18:59:58 +0100] "GET /restate_copy.html HTTP/1.1" 200 97631 "http://www.various-euro.com/framez-restate.html" "Mozilla/5.0 (Windows; U; Windows NT 5.1; en-US; rv:1.8.1.16) Gecko/20080702 Firefox/2.0.0.16"
140.211.109.166 - - [04/Dec/2008:19:00:00 +0100] "GET /bannerz/various-euro-girl.jpg HTTP/1.1" 200 91514 "http://www.various-euro.com/frame-unten.html" "Mozilla/5.0 (Windows; U; Windows NT 5.1; en-US; rv:1.8.1.16) Gecko/20080702 Firefox/2.0.0.16"
140.211.109.166 - - [04/Dec/2008:19:01:41 +0100] "GET /framez-restate.html HTTP/1.1" 200 4328 "-" "Mozilla/5.0 (Windows; U; Windows NT 5.1; en-US; rv:1.8.1.16) Gecko/20080702 Firefox/2.0.0.16"
140.211.109.166 - - [04/Dec/2008:19:01:42 +0100] "GET /frame-menu.html HTTP/1.1" 200 10536 "http://www.various-euro.com/framez-restate.html" "Mozilla/5.0 (Windows; U; Windows NT 5.1; en-US; rv:1.8.1.16) Gecko/20080702 Firefox/2.0.0.16"
140.211.109.166 - - [04/Dec/2008:19:01:43 +0100] "GET /frame-unten.html HTTP/1.1" 200 5308 "http://www.various-euro.com/framez-restate.html" "Mozilla/5.0 (Windows; U; Windows NT 5.1; en-US; rv:1.8.1.16) Gecko/20080702 Firefox/2.0.0.16"
140.211.109.166 - - [04/Dec/2008:19:01:43 +0100] "GET /menueleiste.js HTTP/1.1" 404 2748 "http://www.various-euro.com/restate_copy.html" "Mozilla/5.0 (Windows; U; Windows NT 5.1; en-US; rv:1.8.1.16) Gecko/20080702 Firefox/2.0.0.16"
140.211.109.166 - - [04/Dec/2008:19:01:42 +0100] "GET /restate_copy.html HTTP/1.1" 200 97631 "http://www.various-euro.com/framez-restate.html" "Mozilla/5.0 (Windows; U; Windows NT 5.1; en-US; rv:1.8.1.16) Gecko/20080702 Firefox/2.0.0.16"
208.36.144.10 - - [04/Dec/2008:19:04:17 +0100] "GET /neon/pam.gif HTTP/1.0" 200 17268 "-" "Mozilla/5.0 (Twiceler-0.9 http://www.cuil.com/twiceler/robot.html)"
72.30.81.155 - - [04/Dec/2008:19:12:41 +0100] "GET /robots.txt HTTP/1.0" 200 64 "-" "Mozilla/5.0 (compatible; Yahoo! Slurp; http://help.yahoo.com/help/us/ysearch/slurp)"
72.30.81.155 - - [04/Dec/2008:19:12:41 +0100] "GET /logs/ HTTP/1.0" 200 10079 "-" "Mozilla/5.0 (compatible; Yahoo! Slurp; http://help.yahoo.com/help/us/ysearch/slurp)"
208.36.144.10 - - [04/Dec/2008:19:19:00 +0100] "GET /bannerz/army_graphics_package/dragunov-n.gif HTTP/1.0" 200 5431 "-" "Mozilla/5.0 (Twiceler-0.9 http://www.cuil.com/twiceler/robot.html)"
64.1.215.165 - - [04/Dec/2008:19:20:12 +0100] "GET /bmpp/Bilder/18_x_01.gif HTTP/1.0" 200 606 "-" "Mozilla/5.0 (Twiceler-0.9 http://www.cuil.com/twiceler/robot.html)"
64.1.215.165 - - [04/Dec/2008:20:13:19 +0100] "GET /neon/EURO23c.gif HTTP/1.0" 200 41248 "-" "Mozilla/5.0 (Twiceler-0.9 http://www.cuil.com/twiceler/robot.html)"
208.36.144.10 - - [04/Dec/2008:20:21:48 +0100] "GET /DgH/rampe/pict/Rampe-DgH10.jpg HTTP/1.0" 200 12044 "-" "Mozilla/5.0 (Twiceler-0.9 http://www.cuil.com/twiceler/robot.html)"
67.195.37.153 - - [04/Dec/2008:20:22:24 +0100] "GET /robots.txt HTTP/1.0" 200 64 "-" "Mozilla/5.0 (compatible; Yahoo! Slurp; http://help.yahoo.com/help/us/ysearch/slurp)"
67.195.37.153 - - [04/Dec/2008:20:22:25 +0100] "GET /f-search.html HTTP/1.0" 200 11800 "-" "Mozilla/5.0 (compatible; Yahoo! Slurp; http://help.yahoo.com/help/us/ysearch/slurp)"
64.1.215.165 - - [04/Dec/2008:20:33:05 +0100] "GET /bannerz/bitnee.jpg HTTP/1.0" 200 10152 "-" "Mozilla/5.0 (Twiceler-0.9 http://www.cuil.com/twiceler/robot.html)"
193.47.80.51 - - [04/Dec/2008:20:38:28 +0100] "GET /robots.txt HTTP/1.1" 200 64 "-" "Mozilla/5.0 (compatible; Exabot/3.0; +http://www.exabot.com/go/robot)"
193.47.80.51 - - [04/Dec/2008:20:38:28 +0100] "GET / HTTP/1.1" 200 7869 "-" "Mozilla/5.0 (compatible; Exabot/3.0; +http://www.exabot.com/go/robot)"
66.249.65.169 - - [04/Dec/2008:20:46:42 +0100] "GET /triple-double-u/ HTTP/1.1" 403 1223 "-" "Mozilla/5.0 (compatible; Googlebot/2.1; +http://www.google.com/bot.html)"
68.225.90.245 - - [04/Dec/2008:21:30:53 +0100] "GET /neon/click.html HTTP/1.1" 200 521 "http://www.google.com/hws/search?q=euros+adult&client=gateway&safe=medium&adsafe=medium&hl=en&ie=UTF-8&oe=UTF-8&start=10&br=" "Mozilla/4.0 (compatible; MSIE 7.0; Windows NT 6.0; SLCC1; .NET CLR 2.0.50727; Media Center PC 5.0; .NET CLR 3.0.04506)"
68.225.90.245 - - [04/Dec/2008:21:30:53 +0100] "GET /neon/blacksatin.jpg HTTP/1.1" 200 5695 "http://www.various-euro.com/neon/click.html" "Mozilla/4.0 (compatible; MSIE 7.0; Windows NT 6.0; SLCC1; .NET CLR 2.0.50727; Media Center PC 5.0; .NET CLR 3.0.04506)"
68.225.90.245 - - [04/Dec/2008:21:30:53 +0100] "GET /neon/clicktoenter.gif HTTP/1.1" 200 16302 "http://www.various-euro.com/neon/click.html" "Mozilla/4.0 (compatible; MSIE 7.0; Windows NT 6.0; SLCC1; .NET CLR 2.0.50727; Media Center PC 5.0; .NET CLR 3.0.04506)"
68.225.90.245 - - [04/Dec/2008:21:30:53 +0100] "GET /vgirls/hyg1.gif HTTP/1.1" 200 29672 "http://www.various-euro.com/neon/click.html" "Mozilla/4.0 (compatible; MSIE 7.0; Windows NT 6.0; SLCC1; .NET CLR 2.0.50727; Media Center PC 5.0; .NET CLR 3.0.04506)"
68.225.90.245 - - [04/Dec/2008:21:30:54 +0100] "GET /favicon.ico HTTP/1.1" 404 2748 "-" "Mozilla/4.0 (compatible; MSIE 7.0; Windows NT 6.0; SLCC1; .NET CLR 2.0.50727; Media Center PC 5.0; .NET CLR 3.0.04506)"
67.195.37.153 - - [04/Dec/2008:21:35:24 +0100] "GET /f-euro.html HTTP/1.0" 200 12203 "-" "Mozilla/5.0 (compatible; Yahoo! Slurp/3.0; http://help.yahoo.com/help/us/ysearch/slurp)"
64.1.215.165 - - [04/Dec/2008:21:46:31 +0100] "GET /zampa/montenegro/slike/grosse/MILOg.jpg HTTP/1.0" 200 16761 "-" "Mozilla/5.0 (Twiceler-0.9 http://www.cuil.com/twiceler/robot.html)"
72.30.79.59 - - [04/Dec/2008:21:59:10 +0100] "GET /robots.txt HTTP/1.0" 200 64 "-" "Mozilla/5.0 (compatible; Yahoo! Slurp; http://help.yahoo.com/help/us/ysearch/slurp)"
72.30.79.59 - - [04/Dec/2008:21:59:12 +0100] "GET /bannnerz.html HTTP/1.0" 404 2748 "-" "Mozilla/5.0 (compatible; Yahoo! Slurp/3.0; http://help.yahoo.com/help/us/ysearch/slurp)"
208.36.144.10 - - [04/Dec/2008:22:16:27 +0100] "GET /neon/pamtv.gif HTTP/1.0" 200 9732 "-" "Mozilla/5.0 (Twiceler-0.9 http://www.cuil.com/twiceler/robot.html)"
72.30.81.155 - - [04/Dec/2008:22:24:47 +0100] "GET /f-zeug.html HTTP/1.0" 200 48203 "-" "Mozilla/5.0 (compatible; Yahoo! Slurp; http://help.yahoo.com/help/us/ysearch/slurp)"
213.198.210.112 - - [04/Dec/2008:22:59:52 +0100] "GET /framez-zampa-lovers.html HTTP/1.1" 200 4322 "http://www.google.com/search?hl=en&client=firefox-a&channel=s&rls=org.mozilla%3Aen-US%3Aofficial&hs=zl1&q=baba+ne+zna+da+govori&btnG=Search" "Mozilla/5.0 (Windows; U; Windows NT 5.1; en-US; rv:1.9.0.4) Gecko/2008102920 Firefox/3.0.4"
213.198.210.112 - - [04/Dec/2008:22:59:52 +0100] "GET /framez-zampa-lovers.html HTTP/1.1" 200 4322 "http://www.google.com/search?hl=en&client=firefox-a&channel=s&rls=org.mozilla%3Aen-US%3Aofficial&hs=zl1&q=baba+ne+zna+da+govori&btnG=Search" "Mozilla/5.0 (Windows; U; Windows NT 5.1; en-US; rv:1.9.0.4) Gecko/2008102920 Firefox/3.0.4"
213.198.210.112 - - [04/Dec/2008:22:59:52 +0100] "GET /ve-icon-2.ico HTTP/1.1" 200 2238 "-" "Mozilla/5.0 (Windows; U; Windows NT 5.1; en-US; rv:1.9.0.4) Gecko/2008102920 Firefox/3.0.4"
213.198.210.112 - - [04/Dec/2008:22:59:52 +0100] "GET /frame-menu.html HTTP/1.1" 200 10536 "http://www.various-euro.com/framez-zampa-lovers.html" "Mozilla/5.0 (Windows; U; Windows NT 5.1; en-US; rv:1.9.0.4) Gecko/2008102920 Firefox/3.0.4"
213.198.210.112 - - [04/Dec/2008:22:59:53 +0100] "GET /frame-unten.html HTTP/1.1" 200 5308 "http://www.various-euro.com/framez-zampa-lovers.html" "Mozilla/5.0 (Windows; U; Windows NT 5.1; en-US; rv:1.9.0.4) Gecko/2008102920 Firefox/3.0.4"
213.198.210.112 - - [04/Dec/2008:22:59:53 +0100] "GET /style/various-euro.css HTTP/1.1" 200 3437 "http://www.various-euro.com/frame-menu.html" "Mozilla/5.0 (Windows; U; Windows NT 5.1; en-US; rv:1.9.0.4) Gecko/2008102920 Firefox/3.0.4"
213.198.210.112 - - [04/Dec/2008:22:59:53 +0100] "GET /zampa-lovers/index.html HTTP/1.1" 200 37790 "http://www.various-euro.com/framez-zampa-lovers.html" "Mozilla/5.0 (Windows; U; Windows NT 5.1; en-US; rv:1.9.0.4) Gecko/2008102920 Firefox/3.0.4"
213.198.210.112 - - [04/Dec/2008:22:59:53 +0100] "GET /zampa-lovers/kralle.gif HTTP/1.1" 404 2748 "http://www.various-euro.com/zampa-lovers/index.html" "Mozilla/5.0 (Windows; U; Windows NT 5.1; en-US; rv:1.9.0.4) Gecko/2008102920 Firefox/3.0.4"
213.198.210.112 - - [04/Dec/2008:22:59:54 +0100] "GET /zampa-lovers/DRAGAN_Z.JPG HTTP/1.1" 200 6850 "http://www.various-euro.com/zampa-lovers/index.html" "Mozilla/5.0 (Windows; U; Windows NT 5.1; en-US; rv:1.9.0.4) Gecko/2008102920 Firefox/3.0.4"
213.198.210.112 - - [04/Dec/2008:22:59:54 +0100] "GET /zampa-lovers/MILIZA_B.JPG HTTP/1.1" 200 10947 "http://www.various-euro.com/zampa-lovers/index.html" "Mozilla/5.0 (Windows; U; Windows NT 5.1; en-US; rv:1.9.0.4) Gecko/2008102920 Firefox/3.0.4"
213.198.210.112 - - [04/Dec/2008:22:59:54 +0100] "GET /zampa-lovers/MILIZA_4.JPG HTTP/1.1" 200 9946 "http://www.various-euro.com/zampa-lovers/index.html" "Mozilla/5.0 (Windows; U; Windows NT 5.1; en-US; rv:1.9.0.4) Gecko/2008102920 Firefox/3.0.4"
213.198.210.112 - - [04/Dec/2008:22:59:54 +0100] "GET /zampa-lovers/MILIZA_2.JPG HTTP/1.1" 200 22172 "http://www.various-euro.com/zampa-lovers/index.html" "Mozilla/5.0 (Windows; U; Windows NT 5.1; en-US; rv:1.9.0.4) Gecko/2008102920 Firefox/3.0.4"
213.198.210.112 - - [04/Dec/2008:22:59:54 +0100] "GET /zampa-lovers/MILIZA_3.JPG HTTP/1.1" 200 26924 "http://www.various-euro.com/zampa-lovers/index.html" "Mozilla/5.0 (Windows; U; Windows NT 5.1; en-US; rv:1.9.0.4) Gecko/2008102920 Firefox/3.0.4"
213.198.210.112 - - [04/Dec/2008:22:59:55 +0100] "GET /zampa-lovers/DRAGANZA.JPG HTTP/1.1" 200 18560 "http://www.various-euro.com/zampa-lovers/index.html" "Mozilla/5.0 (Windows; U; Windows NT 5.1; en-US; rv:1.9.0.4) Gecko/2008102920 Firefox/3.0.4"
213.198.210.112 - - [04/Dec/2008:22:59:54 +0100] "GET /zampa-lovers/ZAMPAMA2.MPG HTTP/1.1" 200 63492 "http://www.various-euro.com/zampa-lovers/index.html" "Mozilla/5.0 (Windows; U; Windows NT 5.1; en-US; rv:1.9.0.4) Gecko/2008102920 Firefox/3.0.4"
213.198.210.112 - - [04/Dec/2008:22:59:56 +0100] "GET /zampa-lovers/Kralle.gif HTTP/1.1" 200 260 "http://www.various-euro.com/zampa-lovers/index.html" "Mozilla/5.0 (Windows; U; Windows NT 5.1; en-US; rv:1.9.0.4) Gecko/2008102920 Firefox/3.0.4"
213.198.210.112 - - [04/Dec/2008:22:59:56 +0100] "GET /zampa-lovers/2SEITEVE.GIF HTTP/1.1" 200 83466 "http://www.various-euro.com/zampa-lovers/index.html" "Mozilla/5.0 (Windows; U; Windows NT 5.1; en-US; rv:1.9.0.4) Gecko/2008102920 Firefox/3.0.4"
213.198.210.112 - - [04/Dec/2008:22:59:57 +0100] "GET /zampa-lovers/zampamali.gif HTTP/1.1" 200 2617 "http://www.various-euro.com/zampa-lovers/index.html" "Mozilla/5.0 (Windows; U; Windows NT 5.1; en-US; rv:1.9.0.4) Gecko/2008102920 Firefox/3.0.4"
213.198.210.112 - - [04/Dec/2008:22:59:57 +0100] "GET /zampa-lovers/zampa-2X2.gif HTTP/1.1" 200 6948 "http://www.various-euro.com/zampa-lovers/index.html" "Mozilla/5.0 (Windows; U; Windows NT 5.1; en-US; rv:1.9.0.4) Gecko/2008102920 Firefox/3.0.4"
213.198.210.112 - - [04/Dec/2008:22:59:55 +0100] "GET /zampa-lovers/1SEITEVE.GIF HTTP/1.1" 200 78726 "http://www.various-euro.com/zampa-lovers/index.html" "Mozilla/5.0 (Windows; U; Windows NT 5.1; en-US; rv:1.9.0.4) Gecko/2008102920 Firefox/3.0.4"
213.198.210.112 - - [04/Dec/2008:22:59:54 +0100] "GET /zampa-lovers/WASISTMI1.MPG HTTP/1.1" 200 271221 "http://www.various-euro.com/zampa-lovers/index.html" "Mozilla/5.0 (Windows; U; Windows NT 5.1; en-US; rv:1.9.0.4) Gecko/2008102920 Firefox/3.0.4"
213.198.210.112 - - [04/Dec/2008:22:59:55 +0100] "GET /zampa-lovers/ZAMPAMAS.MPG HTTP/1.1" 200 520196 "http://www.various-euro.com/zampa-lovers/index.html" "Mozilla/5.0 (Windows; U; Windows NT 5.1; en-US; rv:1.9.0.4) Gecko/2008102920 Firefox/3.0.4"
213.198.210.112 - - [04/Dec/2008:22:59:57 +0100] "GET /zampa-lovers/zampa.gif HTTP/1.1" 200 460627 "http://www.various-euro.com/zampa-lovers/index.html" "Mozilla/5.0 (Windows; U; Windows NT 5.1; en-US; rv:1.9.0.4) Gecko/2008102920 Firefox/3.0.4"
208.36.144.10 - - [04/Dec/2008:23:09:16 +0100] "GET /DgH/watch/pict/Watch-DgH03.jpg HTTP/1.0" 200 12152 "-" "Mozilla/5.0 (Twiceler-0.9 http://www.cuil.com/twiceler/robot.html)"
64.1.215.165 - - [04/Dec/2008:23:09:36 +0100] "GET /neon/channelbanner3.gif HTTP/1.0" 200 3047 "-" "Mozilla/5.0 (Twiceler-0.9 http://www.cuil.com/twiceler/robot.html)"
67.195.37.153 - - [04/Dec/2008:23:12:53 +0100] "GET /logs/usage_200707.html HTTP/1.0" 200 110942 "-" "Mozilla/5.0 (compatible; Yahoo! Slurp/3.0; http://help.yahoo.com/help/us/ysearch/slurp)"
208.36.144.10 - - [04/Dec/2008:23:26:36 +0100] "GET /DgH/bull/pict/Bull-DgH10.jpg HTTP/1.0" 200 9010 "-" "Mozilla/5.0 (Twiceler-0.9 http://www.cuil.com/twiceler/robot.html)"
67.195.37.153 - - [04/Dec/2008:23:33:53 +0100] "GET /neon/slow-walk.html HTTP/1.0" 200 1640 "-" "Mozilla/5.0 (compatible; Yahoo! Slurp/3.0; http://help.yahoo.com/help/us/ysearch/slurp)"
208.36.144.10 - - [04/Dec/2008:23:42:06 +0100] "GET /vgirls/button1.gif HTTP/1.0" 200 9099 "-" "Mozilla/5.0 (Twiceler-0.9 http://www.cuil.com/twiceler/robot.html)"
208.36.144.10 - - [04/Dec/2008:23:58:53 +0100] "GET /bannerz/schii.gif HTTP/1.0" 200 10816 "-" "Mozilla/5.0 (Twiceler-0.9 http://www.cuil.com/twiceler/robot.html)"
74.6.22.168 - - [05/Dec/2008:00:00:20 +0100] "GET /robots.txt HTTP/1.0" 200 64 "-" "Mozilla/5.0 (compatible; Yahoo! Slurp; http://help.yahoo.com/help/us/ysearch/slurp)"
74.6.22.168 - - [05/Dec/2008:00:00:21 +0100] "GET / HTTP/1.0" 200 7869 "-" "Mozilla/5.0 (compatible; Yahoo! Slurp/3.0; http://help.yahoo.com/help/us/ysearch/slurp)"
74.6.22.168 - - [05/Dec/2008:00:00:30 +0100] "GET /style/various-euro.css HTTP/1.0" 200 3437 "http://www.various-euro.com/" "Mozilla/5.0 (compatible; Yahoo! Slurp/3.0; http://help.yahoo.com/help/us/ysearch/slurp)"
74.6.17.152 - - [05/Dec/2008:00:06:57 +0100] "GET /robots.txt HTTP/1.0" 200 64 "-" "Mozilla/5.0 (compatible; Yahoo! Slurp; http://help.yahoo.com/help/us/ysearch/slurp)"
74.6.17.152 - - [05/Dec/2008:00:06:58 +0100] "GET /neon/left-one-new.html HTTP/1.0" 200 1483 "-" "Mozilla/5.0 (compatible; Yahoo! Slurp/3.0; http://help.yahoo.com/help/us/ysearch/slurp)"
38.103.63.57 - - [05/Dec/2008:00:39:16 +0100] "GET /robots.txt HTTP/1.1" 200 64 "-" "CCBot/1.0 (+http://www.commoncrawl.org/bot.html)"
38.103.63.57 - - [05/Dec/2008:00:40:13 +0100] "GET /frame-menu.html HTTP/1.1" 200 10536 "-" "CCBot/1.0 (+http://www.commoncrawl.org/bot.html)"
38.103.63.57 - - [05/Dec/2008:00:41:08 +0100] "GET /f-rez.html HTTP/1.1" 200 9765 "-" "CCBot/1.0 (+http://www.commoncrawl.org/bot.html)"
38.103.63.57 - - [05/Dec/2008:00:41:58 +0100] "GET /frame-unten.html HTTP/1.1" 200 5308 "-" "CCBot/1.0 (+http://www.commoncrawl.org/bot.html)"
38.103.63.57 - - [05/Dec/2008:00:42:48 +0100] "GET /frame-inhalt.html HTTP/1.1" 200 5418 "-" "CCBot/1.0 (+http://www.commoncrawl.org/bot.html)"
64.1.215.165 - - [05/Dec/2008:00:42:54 +0100] "GET /bannerz/web-tv-w.gif HTTP/1.0" 200 715 "-" "Mozilla/5.0 (Twiceler-0.9 http://www.cuil.com/twiceler/robot.html)"
72.30.87.121 - - [05/Dec/2008:01:12:05 +0100] "GET /robots.txt HTTP/1.0" 200 64 "-" "Mozilla/5.0 (compatible; Yahoo! Slurp; http://help.yahoo.com/help/us/ysearch/slurp)"
72.30.87.121 - - [05/Dec/2008:01:12:07 +0100] "GET /logs/usage_200710.html HTTP/1.0" 200 110952 "-" "Mozilla/5.0 (compatible; Yahoo! Slurp; http://help.yahoo.com/help/us/ysearch/slurp)"
193.252.149.15 - - [05/Dec/2008:01:28:32 +0100] "GET /robots.txt HTTP/1.1" 200 64 "-" "Mozilla/5.0 (Windows; U; Windows NT 5.1; fr; rv:1.8.1) VoilaBot BETA 1.2 (support.voilabot@orange-ftgroup.com)"
193.252.149.15 - - [05/Dec/2008:01:28:50 +0100] "GET /f-bannnerz.html HTTP/1.1" 200 12651 "-" "Mozilla/5.0 (Windows; U; Windows NT 5.1; fr; rv:1.8.1) VoilaBot BETA 1.2 (support.voilabot@orange-ftgroup.com)"
66.249.65.169 - - [05/Dec/2008:01:36:21 +0100] "GET /frame-inhalt.html HTTP/1.1" 200 5418 "-" "Mozilla/5.0 (compatible; Googlebot/2.1; +http://www.google.com/bot.html)"
208.36.144.10 - - [05/Dec/2008:01:50:57 +0100] "GET /bannerz/army_graphics_package/ak47su-n.gif HTTP/1.0" 200 9823 "-" "Mozilla/5.0 (Twiceler-0.9 http://www.cuil.com/twiceler/robot.html)"
66.249.65.169 - - [05/Dec/2008:01:54:31 +0100] "GET /frame-unten.html HTTP/1.1" 200 5308 "-" "Mozilla/5.0 (compatible; Googlebot/2.1; +http://www.google.com/bot.html)"
208.36.144.10 - - [05/Dec/2008:02:28:10 +0100] "GET /DgH/watch/pict/Watch-DgH02.jpg HTTP/1.0" 200 12152 "-" "Mozilla/5.0 (Twiceler-0.9 http://www.cuil.com/twiceler/robot.html)"
66.249.65.169 - - [05/Dec/2008:02:35:35 +0100] "GET /frame-menu.html HTTP/1.1" 200 10536 "-" "Mozilla/5.0 (compatible; Googlebot/2.1; +http://www.google.com/bot.html)"
72.30.87.121 - - [05/Dec/2008:02:44:56 +0100] "GET /logs/usage_200707.html HTTP/1.0" 200 110942 "-" "Mozilla/5.0 (compatible; Yahoo! Slurp; http://help.yahoo.com/help/us/ysearch/slurp)"
69.58.178.33 - - [05/Dec/2008:02:47:08 +0100] "GET /robots.txt HTTP/1.1" 200 64 "-" "Mozilla/5.0 (X11; U; Linux i686; en-US; rv:1.7.12; ips-agent) Gecko/20050922 Fedora/1.0.7-1.1.fc4 Firefox/1.0.7"
72.30.87.121 - - [05/Dec/2008:02:47:09 +0100] "GET /rez/fisztfull.qtl HTTP/1.0" 200 166 "-" "Mozilla/5.0 (compatible; Yahoo! Slurp; http://help.yahoo.com/help/us/ysearch/slurp)"
69.58.178.33 - - [05/Dec/2008:02:49:39 +0100] "GET / HTTP/1.1" 200 7869 "-" "Mozilla/5.0 (X11; U; Linux i686; en-US; rv:1.7.12; ips-agent) Gecko/20050922 Fedora/1.0.7-1.1.fc4 Firefox/1.0.7"
69.58.178.33 - - [05/Dec/2008:02:51:28 +0100] "GET /framez.html HTTP/1.1" 200 3959 "-" "Mozilla/5.0 (X11; U; Linux i686; en-US; rv:1.7.12; ips-agent) Gecko/20050922 Fedora/1.0.7-1.1.fc4 Firefox/1.0.7"
