94.189.241.230 - - [03/Dec/2008:13:41:23 +0100] "GET /zampa/slike/inthearse.gif HTTP/1.1" 200 4077 "http://www.various-euro.com/zampa/" "Mozilla/4.0 (compatible; MSIE 6.0; Windows NT 5.1; SV1; CHWIE_AT71; Mozilla/4.0 (compatible; MSIE 6.0; Windows NT 5.1; SV1) ; .NET CLR 1.1.4322; .NET CLR 2.0.50727)"
94.189.241.230 - - [03/Dec/2008:13:41:35 +0100] "GET /zampa/slike/E3VAMPIR.GIF HTTP/1.1" 200 52553 "http://www.various-euro.com/zampa/" "Mozilla/4.0 (compatible; MSIE 6.0; Windows NT 5.1; SV1; CHWIE_AT71; Mozilla/4.0 (compatible; MSIE 6.0; Windows NT 5.1; SV1) ; .NET CLR 1.1.4322; .NET CLR 2.0.50727)"
94.189.241.230 - - [03/Dec/2008:13:42:03 +0100] "GET /zampa/slike/E2COPY.GIF HTTP/1.1" 200 10416 "http://www.various-euro.com/zampa/" "Mozilla/4.0 (compatible; MSIE 6.0; Windows NT 5.1; SV1; CHWIE_AT71; Mozilla/4.0 (compatible; MSIE 6.0; Windows NT 5.1; SV1) ; .NET CLR 1.1.4322; .NET CLR 2.0.50727)"
74.6.18.244 - - [03/Dec/2008:13:45:58 +0100] "GET /robots.txt HTTP/1.0" 200 64 "-" "Mozilla/5.0 (compatible; Yahoo! Slurp; http://help.yahoo.com/help/us/ysearch/slurp)"
74.6.18.244 - - [03/Dec/2008:13:45:58 +0100] "GET /warez.html HTTP/1.0" 200 9754 "-" "Mozilla/5.0 (compatible; Yahoo! Slurp; http://help.yahoo.com/help/us/ysearch/slurp)"
38.98.19.66 - - [03/Dec/2008:13:51:20 +0100] "GET /robots.txt HTTP/1.0" 200 64 "-" "Snapbot/1.0 (Snap Shots, +http://www.snap.com)"
38.98.19.67 - - [03/Dec/2008:13:51:21 +0100] "GET /zampa/ HTTP/1.0" 200 7153 "-" "Snapbot/1.0 (Snap Shots, +http://www.snap.com)"
38.98.19.68 - - [03/Dec/2008:13:51:21 +0100] "GET / HTTP/1.0" 200 7869 "-" "Snapbot/1.0 (Snap Shots, +http://www.snap.com)"
88.131.106.6 - - [03/Dec/2008:13:54:25 +0100] "GET /robots.txt HTTP/1.0" 302 363 "-" "Speedy Spider (http://www.entireweb.com/about/search_tech/speedy_spider/)"
88.131.106.6 - - [03/Dec/2008:13:54:25 +0100] "GET / HTTP/1.0" 302 353 "-" "Speedy Spider (http://www.entireweb.com/about/search_tech/speedy_spider/)"
67.195.37.113 - - [03/Dec/2008:14:09:03 +0100] "GET /schubb/schubb-1.html HTTP/1.0" 200 9070 "-" "Mozilla/5.0 (compatible; Yahoo! Slurp/3.0; http://help.yahoo.com/help/us/ysearch/slurp)"
67.195.37.113 - - [03/Dec/2008:14:11:34 +0100] "GET /partnergegenberlin.html HTTP/1.0" 200 5022 "-" "Mozilla/5.0 (compatible; Yahoo! Slurp; http://help.yahoo.com/help/us/ysearch/slurp)"
67.195.37.113 - - [03/Dec/2008:14:13:57 +0100] "GET /games/virtualcop/virtualcop.html HTTP/1.0" 200 4487 "-" "Mozilla/5.0 (compatible; Yahoo! Slurp; http://help.yahoo.com/help/us/ysearch/slurp)"
72.30.142.119 - - [03/Dec/2008:14:14:48 +0100] "GET /robots.txt HTTP/1.0" 200 64 "-" "Mozilla/5.0 (compatible; Yahoo! Slurp; http://help.yahoo.com/help/us/ysearch/slurp)"
72.30.142.119 - - [03/Dec/2008:14:14:48 +0100] "GET /framez-rez.html HTTP/1.0" 200 4323 "-" "Mozilla/5.0 (compatible; Yahoo! Slurp/3.0; http://help.yahoo.com/help/us/ysearch/slurp)"
72.30.142.119 - - [03/Dec/2008:14:14:49 +0100] "GET /frame-unten.html HTTP/1.0" 200 5308 "http://www.various-euro.com/framez-rez.html" "Mozilla/5.0 (compatible; Yahoo! Slurp/3.0; http://help.yahoo.com/help/us/ysearch/slurp)"
72.30.142.119 - - [03/Dec/2008:14:14:49 +0100] "GET /f-rez.html HTTP/1.0" 200 9765 "http://www.various-euro.com/framez-rez.html" "Mozilla/5.0 (compatible; Yahoo! Slurp/3.0; http://help.yahoo.com/help/us/ysearch/slurp)"
72.30.142.119 - - [03/Dec/2008:14:14:49 +0100] "GET /frame-menu.html HTTP/1.0" 200 10536 "http://www.various-euro.com/framez-rez.html" "Mozilla/5.0 (compatible; Yahoo! Slurp/3.0; http://help.yahoo.com/help/us/ysearch/slurp)"
72.30.142.119 - - [03/Dec/2008:14:14:50 +0100] "GET /style/various-euro.css HTTP/1.0" 200 3437 "http://www.various-euro.com/frame-menu.html" "Mozilla/5.0 (compatible; Yahoo! Slurp/3.0; http://help.yahoo.com/help/us/ysearch/slurp)"
66.249.65.169 - - [03/Dec/2008:14:20:28 +0100] "GET /framez-schubb4.html HTTP/1.1" 200 4318 "-" "Mozilla/5.0 (compatible; Googlebot/2.1; +http://www.google.com/bot.html)"
72.30.142.119 - - [03/Dec/2008:14:29:20 +0100] "GET /f-world.html HTTP/1.0" 200 35590 "-" "Mozilla/5.0 (compatible; Yahoo! Slurp; http://help.yahoo.com/help/us/ysearch/slurp)"
91.148.64.190 - - [03/Dec/2008:14:30:20 +0100] "GET / HTTP/1.0" 302 353 "-" "Mozilla/5.0 (X11; U; Linux i686; en-US; rv:1.9) Gecko/2008052912 Firefox/3.0"
91.148.64.190 - - [03/Dec/2008:14:30:38 +0100] "GET /zampa/ HTTP/1.0" 200 7153 "-" "Mozilla/5.0 (X11; U; Linux i686; en-US; rv:1.9) Gecko/2008052912 Firefox/3.0"
91.148.64.190 - - [03/Dec/2008:14:30:38 +0100] "GET /zampa/slike/zampa.gif HTTP/1.0" 200 5310 "http://www.various-euro.com/zampa/" "Mozilla/5.0 (X11; U; Linux i686; en-US; rv:1.9) Gecko/2008052912 Firefox/3.0"
91.148.64.190 - - [03/Dec/2008:14:30:38 +0100] "GET /zampa/slike/udupetu.gif HTTP/1.0" 200 4138 "http://www.various-euro.com/zampa/" "Mozilla/5.0 (X11; U; Linux i686; en-US; rv:1.9) Gecko/2008052912 Firefox/3.0"
91.148.64.190 - - [03/Dec/2008:14:30:38 +0100] "GET /zampa/slike/inthearse.gif HTTP/1.0" 200 4077 "http://www.various-euro.com/zampa/" "Mozilla/5.0 (X11; U; Linux i686; en-US; rv:1.9) Gecko/2008052912 Firefox/3.0"
91.148.64.190 - - [03/Dec/2008:14:30:39 +0100] "GET /favicon.ico HTTP/1.1" 404 2748 "-" "Mozilla/5.0 (X11; U; Linux i686; en-US; rv:1.9) Gecko/2008052912 Firefox/3.0"
91.148.64.190 - - [03/Dec/2008:14:30:41 +0100] "GET /favicon.ico HTTP/1.1" 404 2748 "-" "Mozilla/5.0 (X11; U; Linux i686; en-US; rv:1.9) Gecko/2008052912 Firefox/3.0"
89.172.228.13 - - [03/Dec/2008:14:31:02 +0100] "GET /f-world.html HTTP/1.1" 200 35590 "http://www.google.hr/search?hl=hr&sa=X&oi=spell&resnum=0&ct=result&cd=1&q=Various+news&spell=1" "Mozilla/4.0 (compatible; MSIE 6.0; Windows NT 5.1)"
89.172.228.13 - - [03/Dec/2008:14:31:08 +0100] "GET /framez-world.html HTTP/1.1" 200 4325 "-" "Mozilla/4.0 (compatible; MSIE 6.0; Windows NT 5.1)"
89.172.228.13 - - [03/Dec/2008:14:31:08 +0100] "GET /frame-menu.html HTTP/1.1" 200 10536 "http://www.various-euro.com/framez-world.html" "Mozilla/4.0 (compatible; MSIE 6.0; Windows NT 5.1)"
89.172.228.13 - - [03/Dec/2008:14:31:08 +0100] "GET /f-world.html HTTP/1.1" 200 35590 "http://www.various-euro.com/framez-world.html" "Mozilla/4.0 (compatible; MSIE 6.0; Windows NT 5.1)"
89.172.228.13 - - [03/Dec/2008:14:31:09 +0100] "GET /frame-unten.html HTTP/1.1" 200 5308 "http://www.various-euro.com/framez-world.html" "Mozilla/4.0 (compatible; MSIE 6.0; Windows NT 5.1)"
89.172.228.13 - - [03/Dec/2008:14:31:09 +0100] "GET /style/various-euro.css HTTP/1.1" 200 3437 "http://www.various-euro.com/frame-menu.html" "Mozilla/4.0 (compatible; MSIE 6.0; Windows NT 5.1)"
89.172.228.13 - - [03/Dec/2008:14:31:09 +0100] "GET /bannerz/ve.jpg HTTP/1.1" 200 36912 "http://www.various-euro.com/frame-unten.html" "Mozilla/4.0 (compatible; MSIE 6.0; Windows NT 5.1)"
89.172.228.13 - - [03/Dec/2008:14:31:09 +0100] "GET /bannerz/various-euro-girl.jpg HTTP/1.1" 200 91514 "http://www.various-euro.com/frame-unten.html" "Mozilla/4.0 (compatible; MSIE 6.0; Windows NT 5.1)"
89.172.228.13 - - [03/Dec/2008:14:31:46 +0100] "GET /framez-world.html HTTP/1.1" 200 4325 "-" "Mozilla/4.0 (compatible; MSIE 6.0; Windows NT 5.1)"
89.172.228.13 - - [03/Dec/2008:14:31:46 +0100] "GET /frame-menu.html HTTP/1.1" 200 10536 "http://www.various-euro.com/framez-world.html" "Mozilla/4.0 (compatible; MSIE 6.0; Windows NT 5.1)"
89.172.228.13 - - [03/Dec/2008:14:31:46 +0100] "GET /frame-unten.html HTTP/1.1" 200 5308 "http://www.various-euro.com/framez-world.html" "Mozilla/4.0 (compatible; MSIE 6.0; Windows NT 5.1)"
89.172.228.13 - - [03/Dec/2008:14:31:46 +0100] "GET /f-world.html HTTP/1.1" 200 35590 "http://www.various-euro.com/framez-world.html" "Mozilla/4.0 (compatible; MSIE 6.0; Windows NT 5.1)"
89.172.228.13 - - [03/Dec/2008:14:31:48 +0100] "GET /framez-world.html HTTP/1.1" 200 4325 "-" "Mozilla/4.0 (compatible; MSIE 6.0; Windows NT 5.1)"
89.172.228.13 - - [03/Dec/2008:14:31:49 +0100] "GET /frame-menu.html HTTP/1.1" 200 10536 "http://www.various-euro.com/framez-world.html" "Mozilla/4.0 (compatible; MSIE 6.0; Windows NT 5.1)"
89.172.228.13 - - [03/Dec/2008:14:31:49 +0100] "GET /frame-unten.html HTTP/1.1" 200 5308 "http://www.various-euro.com/framez-world.html" "Mozilla/4.0 (compatible; MSIE 6.0; Windows NT 5.1)"
89.172.228.13 - - [03/Dec/2008:14:31:49 +0100] "GET /f-world.html HTTP/1.1" 200 35590 "http://www.various-euro.com/framez-world.html" "Mozilla/4.0 (compatible; MSIE 6.0; Windows NT 5.1)"
89.172.228.13 - - [03/Dec/2008:14:31:51 +0100] "GET /framez-world.html HTTP/1.1" 200 4325 "-" "Mozilla/4.0 (compatible; MSIE 6.0; Windows NT 5.1)"
89.172.228.13 - - [03/Dec/2008:14:31:51 +0100] "GET /frame-menu.html HTTP/1.1" 200 10536 "http://www.various-euro.com/framez-world.html" "Mozilla/4.0 (compatible; MSIE 6.0; Windows NT 5.1)"
89.172.228.13 - - [03/Dec/2008:14:31:51 +0100] "GET /f-world.html HTTP/1.1" 200 35590 "http://www.various-euro.com/framez-world.html" "Mozilla/4.0 (compatible; MSIE 6.0; Windows NT 5.1)"
89.172.228.13 - - [03/Dec/2008:14:31:51 +0100] "GET /frame-unten.html HTTP/1.1" 200 5308 "http://www.various-euro.com/framez-world.html" "Mozilla/4.0 (compatible; MSIE 6.0; Windows NT 5.1)"
72.30.81.181 - - [03/Dec/2008:14:38:02 +0100] "GET /robots.txt HTTP/1.0" 200 64 "-" "Mozilla/5.0 (compatible; Yahoo! Slurp; http://help.yahoo.com/help/us/ysearch/slurp)"
72.30.81.181 - - [03/Dec/2008:14:38:03 +0100] "GET /frame-unten.html HTTP/1.0" 200 5308 "-" "Mozilla/5.0 (compatible; Yahoo! Slurp; http://help.yahoo.com/help/us/ysearch/slurp)"
208.80.194.30 - - [03/Dec/2008:15:12:34 +0100] "GET / HTTP/1.0" 200 7869 "-" "Mozilla/4.0 (compatible; MSIE 6.0; Windows NT 5.0; Zango 10.0.314.0)"
208.80.194.30 - - [03/Dec/2008:15:12:34 +0100] "GET / HTTP/1.0" 200 7869 "-" "Mozilla/4.0 (compatible; MSIE 6.0; Windows NT 5.1; SV1; iebar; acc=; acc=none; (none))"
72.30.81.181 - - [03/Dec/2008:15:33:49 +0100] "GET /logs/usage_200709.html HTTP/1.0" 200 110974 "-" "Mozilla/5.0 (compatible; Yahoo! Slurp; http://help.yahoo.com/help/us/ysearch/slurp)"
67.195.37.113 - - [03/Dec/2008:16:08:21 +0100] "GET /neon/euro.html HTTP/1.0" 200 2212 "-" "Mozilla/5.0 (compatible; Yahoo! Slurp; http://help.yahoo.com/help/us/ysearch/slurp)"
67.195.37.113 - - [03/Dec/2008:16:10:11 +0100] "GET /neon/europa.html HTTP/1.0" 200 389 "-" "Mozilla/5.0 (compatible; Yahoo! Slurp; http://help.yahoo.com/help/us/ysearch/slurp)"
67.195.37.113 - - [03/Dec/2008:16:11:01 +0100] "GET /neon/channel.html HTTP/1.0" 200 1942 "-" "Mozilla/5.0 (compatible; Yahoo! Slurp; http://help.yahoo.com/help/us/ysearch/slurp)"
72.30.142.218 - - [03/Dec/2008:16:50:15 +0100] "GET /robots.txt HTTP/1.0" 200 64 "-" "Mozilla/5.0 (compatible; Yahoo! Slurp; http://help.yahoo.com/help/us/ysearch/slurp)"
72.30.142.218 - - [03/Dec/2008:16:50:15 +0100] "GET /warez.html HTTP/1.0" 200 9754 "-" "Mozilla/5.0 (compatible; Yahoo! Slurp/3.0; http://help.yahoo.com/help/us/ysearch/slurp)"
65.55.211.163 - - [03/Dec/2008:16:51:26 +0100] "GET /robots.txt HTTP/1.1" 200 64 "-" "msnbot/1.1 (+http://search.msn.com/msnbot.htm)"
65.55.211.163 - - [03/Dec/2008:16:51:26 +0100] "GET /framez.html HTTP/1.1" 200 3959 "-" "msnbot/1.1 (+http://search.msn.com/msnbot.htm)"
65.55.211.163 - - [03/Dec/2008:16:54:39 +0100] "GET /robots.txt HTTP/1.1" 200 64 "-" "msnbot/1.0 (+http://search.msn.com/msnbot.htm)"
65.55.211.163 - - [03/Dec/2008:16:54:39 +0100] "GET /frame-menu.html HTTP/1.1" 200 10536 "-" "msnbot/1.0 (+http://search.msn.com/msnbot.htm)"
65.55.211.163 - - [03/Dec/2008:16:54:40 +0100] "GET /frame-inhalt.html HTTP/1.1" 200 5418 "-" "msnbot/1.0 (+http://search.msn.com/msnbot.htm)"
65.55.211.163 - - [03/Dec/2008:16:54:40 +0100] "GET /frame-unten.html HTTP/1.1" 200 5308 "-" "msnbot/1.0 (+http://search.msn.com/msnbot.htm)"
65.55.109.82 - - [03/Dec/2008:16:56:45 +0100] "GET /framez.html HTTP/1.0" 200 3959 "http://search.live.com/results.aspx?q=various" "Mozilla/4.0 (compatible; MSIE 6.0; Windows NT 5.2; SV1; .NET CLR 1.1.4322)"
65.55.109.82 - - [03/Dec/2008:16:56:45 +0100] "GET /style/various-euro.css HTTP/1.0" 200 3437 "http://www.various-euro.com/framez.html" "Mozilla/4.0 (compatible; MSIE 6.0; Windows NT 5.2; SV1; .NET CLR 1.1.4322)"
65.55.109.82 - - [03/Dec/2008:16:56:46 +0100] "GET /frame-menu.html HTTP/1.0" 200 10536 "http://www.various-euro.com/framez.html" "Mozilla/4.0 (compatible; MSIE 6.0; Windows NT 5.2; SV1; .NET CLR 1.1.4322)"
65.55.109.82 - - [03/Dec/2008:16:56:46 +0100] "GET /frame-inhalt.html HTTP/1.0" 200 5418 "http://www.various-euro.com/framez.html" "Mozilla/4.0 (compatible; MSIE 6.0; Windows NT 5.2; SV1; .NET CLR 1.1.4322)"
65.55.109.82 - - [03/Dec/2008:16:56:46 +0100] "GET /frame-unten.html HTTP/1.0" 200 5308 "http://www.various-euro.com/framez.html" "Mozilla/4.0 (compatible; MSIE 6.0; Windows NT 5.2; SV1; .NET CLR 1.1.4322)"
65.55.211.172 - - [03/Dec/2008:17:10:55 +0100] "GET /robots.txt HTTP/1.1" 200 64 "-" "msnbot/1.1 (+http://search.msn.com/msnbot.htm)"
65.55.211.172 - - [03/Dec/2008:17:10:55 +0100] "GET /prog.html HTTP/1.1" 404 2748 "-" "msnbot/1.1 (+http://search.msn.com/msnbot.htm)"
38.113.234.181 - - [03/Dec/2008:17:11:41 +0100] "GET /robots.txt HTTP/1.1" 200 64 "-" "voyager/2.0 (http://www.kosmix.com/html/crawler.html)"
66.249.65.169 - - [03/Dec/2008:17:21:06 +0100] "GET /framez-rez.html HTTP/1.1" 200 4323 "-" "Mozilla/5.0 (compatible; Googlebot/2.1; +http://www.google.com/bot.html)"
67.195.37.153 - - [03/Dec/2008:18:32:52 +0100] "GET /robots.txt HTTP/1.0" 200 64 "-" "Mozilla/5.0 (compatible; Yahoo! Slurp; http://help.yahoo.com/help/us/ysearch/slurp)"
67.195.37.153 - - [03/Dec/2008:18:32:52 +0100] "GET /neon/girlz3.html HTTP/1.0" 200 2479 "-" "Mozilla/5.0 (compatible; Yahoo! Slurp/3.0; http://help.yahoo.com/help/us/ysearch/slurp)"
67.195.37.153 - - [03/Dec/2008:18:59:06 +0100] "GET /schubb/schubb-1.html HTTP/1.0" 200 9070 "-" "Mozilla/5.0 (compatible; Yahoo! Slurp; http://help.yahoo.com/help/us/ysearch/slurp)"
65.55.211.162 - - [03/Dec/2008:19:01:40 +0100] "GET /robots.txt HTTP/1.1" 200 64 "-" "msnbot/1.1 (+http://search.msn.com/msnbot.htm)"
65.55.211.162 - - [03/Dec/2008:19:01:42 +0100] "GET /f-channel1.html HTTP/1.1" 200 8471 "-" "msnbot/1.1 (+http://search.msn.com/msnbot.htm)"
81.52.143.26 - - [03/Dec/2008:19:19:11 +0100] "GET /neon/warning2.html HTTP/1.1" 200 997 "-" "Mozilla/5.0 (Windows; U; Windows NT 5.1; fr; rv:1.8.1) VoilaBot BETA 1.2 (support.voilabot@orange-ftgroup.com)"
88.111.181.187 - - [03/Dec/2008:19:53:22 +0100] "GET / HTTP/1.1" 200 7869 "http://www.randomwebsite.com/" "Mozilla/4.0 (compatible; MSIE 7.0; Windows NT 5.1; Mozilla/4.0 (compatible; MSIE 6.0; Windows NT 5.1; SV1) ; .NET CLR 1.1.4322)"
88.111.181.187 - - [03/Dec/2008:19:53:23 +0100] "GET /style/various-euro.css HTTP/1.1" 200 3437 "http://www.various-euro.com/" "Mozilla/4.0 (compatible; MSIE 7.0; Windows NT 5.1; Mozilla/4.0 (compatible; MSIE 6.0; Windows NT 5.1; SV1) ; .NET CLR 1.1.4322)"
88.111.181.187 - - [03/Dec/2008:19:53:23 +0100] "GET /framez_0.html HTTP/1.1" 200 12444 "-" "Mozilla/4.0 (compatible; MSIE 7.0; Windows NT 5.1; Mozilla/4.0 (compatible; MSIE 6.0; Windows NT 5.1; SV1) ; .NET CLR 1.1.4322)"
88.111.181.187 - - [03/Dec/2008:19:53:28 +0100] "GET /ve-icon-2.ico HTTP/1.1" 200 2238 "-" "Mozilla/4.0 (compatible; MSIE 7.0; Windows NT 5.1; Mozilla/4.0 (compatible; MSIE 6.0; Windows NT 5.1; SV1) ; .NET CLR 1.1.4322)"
88.111.181.187 - - [03/Dec/2008:19:53:30 +0100] "GET /framez.html HTTP/1.1" 200 3959 "-" "Mozilla/4.0 (compatible; MSIE 7.0; Windows NT 5.1; Mozilla/4.0 (compatible; MSIE 6.0; Windows NT 5.1; SV1) ; .NET CLR 1.1.4322)"
88.111.181.187 - - [03/Dec/2008:19:53:30 +0100] "GET /frame-menu.html HTTP/1.1" 200 10536 "http://www.various-euro.com/framez.html" "Mozilla/4.0 (compatible; MSIE 7.0; Windows NT 5.1; Mozilla/4.0 (compatible; MSIE 6.0; Windows NT 5.1; SV1) ; .NET CLR 1.1.4322)"
88.111.181.187 - - [03/Dec/2008:19:53:30 +0100] "GET /frame-inhalt.html HTTP/1.1" 200 5418 "http://www.various-euro.com/framez.html" "Mozilla/4.0 (compatible; MSIE 7.0; Windows NT 5.1; Mozilla/4.0 (compatible; MSIE 6.0; Windows NT 5.1; SV1) ; .NET CLR 1.1.4322)"
88.111.181.187 - - [03/Dec/2008:19:53:30 +0100] "GET /frame-unten.html HTTP/1.1" 200 5308 "http://www.various-euro.com/framez.html" "Mozilla/4.0 (compatible; MSIE 7.0; Windows NT 5.1; Mozilla/4.0 (compatible; MSIE 6.0; Windows NT 5.1; SV1) ; .NET CLR 1.1.4322)"
88.111.181.187 - - [03/Dec/2008:19:53:31 +0100] "GET /bannerz/neon_click_3.gif HTTP/1.1" 200 240 "http://www.various-euro.com/frame-inhalt.html" "Mozilla/4.0 (compatible; MSIE 7.0; Windows NT 5.1; Mozilla/4.0 (compatible; MSIE 6.0; Windows NT 5.1; SV1) ; .NET CLR 1.1.4322)"
88.111.181.187 - - [03/Dec/2008:19:53:31 +0100] "GET /eurosign3.gif HTTP/1.1" 200 7879 "http://www.various-euro.com/frame-inhalt.html" "Mozilla/4.0 (compatible; MSIE 7.0; Windows NT 5.1; Mozilla/4.0 (compatible; MSIE 6.0; Windows NT 5.1; SV1) ; .NET CLR 1.1.4322)"
88.111.181.187 - - [03/Dec/2008:19:53:31 +0100] "GET /bannerz/goolag_468.jpg HTTP/1.1" 200 28285 "http://www.various-euro.com/frame-inhalt.html" "Mozilla/4.0 (compatible; MSIE 7.0; Windows NT 5.1; Mozilla/4.0 (compatible; MSIE 6.0; Windows NT 5.1; SV1) ; .NET CLR 1.1.4322)"
88.111.181.187 - - [03/Dec/2008:19:53:31 +0100] "GET /bannerz/neon_click_1.gif HTTP/1.1" 200 890 "http://www.various-euro.com/frame-inhalt.html" "Mozilla/4.0 (compatible; MSIE 7.0; Windows NT 5.1; Mozilla/4.0 (compatible; MSIE 6.0; Windows NT 5.1; SV1) ; .NET CLR 1.1.4322)"
88.111.181.187 - - [03/Dec/2008:19:53:31 +0100] "GET /bannerz/wet.gif HTTP/1.1" 200 18561 "http://www.various-euro.com/frame-inhalt.html" "Mozilla/4.0 (compatible; MSIE 7.0; Windows NT 5.1; Mozilla/4.0 (compatible; MSIE 6.0; Windows NT 5.1; SV1) ; .NET CLR 1.1.4322)"
88.111.181.187 - - [03/Dec/2008:19:53:31 +0100] "GET /bannerz/google/Logo_40blk.gif HTTP/1.1" 200 2308 "http://www.various-euro.com/frame-inhalt.html" "Mozilla/4.0 (compatible; MSIE 7.0; Windows NT 5.1; Mozilla/4.0 (compatible; MSIE 6.0; Windows NT 5.1; SV1) ; .NET CLR 1.1.4322)"
88.111.181.187 - - [03/Dec/2008:19:53:31 +0100] "GET /bannerz/neon_click_2.gif HTTP/1.1" 200 387 "http://www.various-euro.com/frame-inhalt.html" "Mozilla/4.0 (compatible; MSIE 7.0; Windows NT 5.1; Mozilla/4.0 (compatible; MSIE 6.0; Windows NT 5.1; SV1) ; .NET CLR 1.1.4322)"
88.111.181.187 - - [03/Dec/2008:19:53:31 +0100] "GET /bannerz/douwil.gif HTTP/1.1" 200 528 "http://www.various-euro.com/frame-inhalt.html" "Mozilla/4.0 (compatible; MSIE 7.0; Windows NT 5.1; Mozilla/4.0 (compatible; MSIE 6.0; Windows NT 5.1; SV1) ; .NET CLR 1.1.4322)"
88.111.181.187 - - [03/Dec/2008:19:53:31 +0100] "GET /bannerz/copyleft_black_small.gif HTTP/1.1" 200 1231 "http://www.various-euro.com/frame-inhalt.html" "Mozilla/4.0 (compatible; MSIE 7.0; Windows NT 5.1; Mozilla/4.0 (compatible; MSIE 6.0; Windows NT 5.1; SV1) ; .NET CLR 1.1.4322)"
88.111.181.187 - - [03/Dec/2008:19:53:31 +0100] "GET /bannerz/anti_black_small.gif HTTP/1.1" 200 1009 "http://www.various-euro.com/frame-inhalt.html" "Mozilla/4.0 (compatible; MSIE 7.0; Windows NT 5.1; Mozilla/4.0 (compatible; MSIE 6.0; Windows NT 5.1; SV1) ; .NET CLR 1.1.4322)"
88.111.181.187 - - [03/Dec/2008:19:53:31 +0100] "GET /bannerz/ve.jpg HTTP/1.1" 200 36912 "http://www.various-euro.com/frame-unten.html" "Mozilla/4.0 (compatible; MSIE 7.0; Windows NT 5.1; Mozilla/4.0 (compatible; MSIE 6.0; Windows NT 5.1; SV1) ; .NET CLR 1.1.4322)"
88.111.181.187 - - [03/Dec/2008:19:53:31 +0100] "GET /bannerz/various-euro-girl.jpg HTTP/1.1" 200 91514 "http://www.various-euro.com/frame-unten.html" "Mozilla/4.0 (compatible; MSIE 7.0; Windows NT 5.1; Mozilla/4.0 (compatible; MSIE 6.0; Windows NT 5.1; SV1) ; .NET CLR 1.1.4322)"
88.111.181.187 - - [03/Dec/2008:19:54:00 +0100] "GET /favicon.ico HTTP/1.1" 404 2748 "-" "Mozilla/4.0 (compatible; MSIE 7.0; Windows NT 5.1; Mozilla/4.0 (compatible; MSIE 6.0; Windows NT 5.1; SV1) ; .NET CLR 1.1.4322)"
208.36.144.6 - - [03/Dec/2008:19:56:41 +0100] "GET /robots.txt HTTP/1.0" 302 363 "-" "Mozilla/5.0 (Twiceler-0.9 http://www.cuil.com/twiceler/robot.html)"
72.30.142.159 - - [03/Dec/2008:20:00:33 +0100] "GET /robots.txt HTTP/1.0" 200 64 "-" "Mozilla/5.0 (compatible; Yahoo! Slurp; http://help.yahoo.com/help/us/ysearch/slurp)"
72.30.142.159 - - [03/Dec/2008:20:00:34 +0100] "GET /your_tour.html HTTP/1.0" 200 29760 "-" "Mozilla/5.0 (compatible; Yahoo! Slurp; http://help.yahoo.com/help/us/ysearch/slurp)"
193.252.149.15 - - [03/Dec/2008:20:05:38 +0100] "GET /neon/slow-walk2.html HTTP/1.1" 200 1777 "-" "Mozilla/5.0 (Windows; U; Windows NT 5.1; fr; rv:1.8.1) VoilaBot BETA 1.2 (support.voilabot@orange-ftgroup.com)"
72.30.79.99 - - [03/Dec/2008:21:21:45 +0100] "GET /robots.txt HTTP/1.0" 200 64 "-" "Mozilla/5.0 (compatible; Yahoo! Slurp; http://help.yahoo.com/help/us/ysearch/slurp)"
72.30.79.99 - - [03/Dec/2008:21:21:46 +0100] "GET /neon/click.html HTTP/1.0" 200 521 "-" "Mozilla/5.0 (compatible; Yahoo! Slurp; http://help.yahoo.com/help/us/ysearch/slurp)"
38.98.19.66 - - [03/Dec/2008:21:23:13 +0100] "GET /robots.txt HTTP/1.0" 200 64 "-" "Snapbot/1.0 (Snap Shots, +http://www.snap.com)"
38.98.19.67 - - [03/Dec/2008:21:23:14 +0100] "GET / HTTP/1.0" 200 7869 "-" "Snapbot/1.0 (Snap Shots, +http://www.snap.com)"
38.98.19.68 - - [03/Dec/2008:21:23:14 +0100] "GET /zampa/ HTTP/1.0" 200 7153 "-" "Snapbot/1.0 (Snap Shots, +http://www.snap.com)"
81.52.143.16 - - [03/Dec/2008:21:25:17 +0100] "GET /schubb/schubb-1.html HTTP/1.1" 200 9070 "-" "Mozilla/5.0 (Windows; U; Windows NT 5.1; fr; rv:1.8.1) VoilaBot BETA 1.2 (support.voilabot@orange-ftgroup.com)"
67.195.37.153 - - [03/Dec/2008:21:26:27 +0100] "GET /robots.txt HTTP/1.0" 200 64 "-" "Mozilla/5.0 (compatible; Yahoo! Slurp; http://help.yahoo.com/help/us/ysearch/slurp)"
67.195.37.153 - - [03/Dec/2008:21:26:28 +0100] "GET /sendi_agent.html HTTP/1.0" 200 6213 "-" "Mozilla/5.0 (compatible; Yahoo! Slurp/3.0; http://help.yahoo.com/help/us/ysearch/slurp)"
67.195.37.153 - - [03/Dec/2008:21:26:31 +0100] "GET /3dsf3/sendi/sendisendi.html HTTP/1.0" 200 5118 "http://www.various-euro.com/sendi_agent.html" "Mozilla/5.0 (compatible; Yahoo! Slurp/3.0; http://help.yahoo.com/help/us/ysearch/slurp)"
67.195.37.153 - - [03/Dec/2008:21:26:31 +0100] "GET /3dsf3/sendi/index.html HTTP/1.0" 200 1837 "http://www.various-euro.com/sendi_agent.html" "Mozilla/5.0 (compatible; Yahoo! Slurp/3.0; http://help.yahoo.com/help/us/ysearch/slurp)"
67.195.37.153 - - [03/Dec/2008:21:26:32 +0100] "GET /3dsf3/sendi/formate.css HTTP/1.0" 200 474 "http://www.various-euro.com/3dsf3/sendi/sendisendi.html" "Mozilla/5.0 (compatible; Yahoo! Slurp/3.0; http://help.yahoo.com/help/us/ysearch/slurp)"
67.195.37.153 - - [03/Dec/2008:21:26:32 +0100] "GET /3dsf3/sendi/formate.css HTTP/1.0" 200 474 "http://www.various-euro.com/3dsf3/sendi/index.html" "Mozilla/5.0 (compatible; Yahoo! Slurp/3.0; http://help.yahoo.com/help/us/ysearch/slurp)"
64.1.215.165 - - [03/Dec/2008:21:28:42 +0100] "GET /webby.gif HTTP/1.0" 200 12512 "-" "Mozilla/5.0 (Twiceler-0.9 http://www.cuil.com/twiceler/robot.html)"
72.30.79.99 - - [03/Dec/2008:21:30:47 +0100] "GET /neon/girlz2.html HTTP/1.0" 200 2937 "-" "Mozilla/5.0 (compatible; Yahoo! Slurp; http://help.yahoo.com/help/us/ysearch/slurp)"
208.36.144.10 - - [03/Dec/2008:21:34:24 +0100] "GET /bannerz/moneys.gif HTTP/1.0" 200 13192 "-" "Mozilla/5.0 (Twiceler-0.9 http://www.cuil.com/twiceler/robot.html)"
208.36.144.10 - - [03/Dec/2008:21:38:35 +0100] "GET /DgH/bull/pict/Bull-DgH01.jpg HTTP/1.0" 200 9010 "-" "Mozilla/5.0 (Twiceler-0.9 http://www.cuil.com/twiceler/robot.html)"
64.1.215.165 - - [03/Dec/2008:21:42:42 +0100] "GET /neon/EURO23a.gif HTTP/1.0" 200 33058 "-" "Mozilla/5.0 (Twiceler-0.9 http://www.cuil.com/twiceler/robot.html)"
72.30.79.99 - - [03/Dec/2008:21:44:17 +0100] "GET /f-maintitle.html HTTP/1.0" 200 5030 "-" "Mozilla/5.0 (compatible; Yahoo! Slurp; http://help.yahoo.com/help/us/ysearch/slurp)"
64.1.215.165 - - [03/Dec/2008:21:56:10 +0100] "GET /zampa/montenegro/slike/grosse/ZMAJg.jpg HTTP/1.0" 200 25668 "-" "Mozilla/5.0 (Twiceler-0.9 http://www.cuil.com/twiceler/robot.html)"
208.36.144.10 - - [03/Dec/2008:22:00:32 +0100] "GET /neon/123button-neo5a.gif HTTP/1.0" 200 9625 "-" "Mozilla/5.0 (Twiceler-0.9 http://www.cuil.com/twiceler/robot.html)"
208.36.144.10 - - [03/Dec/2008:22:14:41 +0100] "GET /vgirls/huge2.gif HTTP/1.0" 200 7715 "-" "Mozilla/5.0 (Twiceler-0.9 http://www.cuil.com/twiceler/robot.html)"
64.1.215.165 - - [03/Dec/2008:22:16:17 +0100] "GET /neon/clicktoenter.gif HTTP/1.0" 200 16302 "-" "Mozilla/5.0 (Twiceler-0.9 http://www.cuil.com/twiceler/robot.html)"
208.36.144.10 - - [03/Dec/2008:22:36:59 +0100] "GET /bannerz/warning-black.gif HTTP/1.0" 200 18176 "-" "Mozilla/5.0 (Twiceler-0.9 http://www.cuil.com/twiceler/robot.html)"
64.1.215.165 - - [03/Dec/2008:22:37:22 +0100] "GET /zampa/montenegro/slike/grosse/SEKAg.jpg HTTP/1.0" 200 12031 "-" "Mozilla/5.0 (Twiceler-0.9 http://www.cuil.com/twiceler/robot.html)"
208.36.144.10 - - [03/Dec/2008:22:39:07 +0100] "GET /DgH/watch/pict/Watch-DgH04.jpg HTTP/1.0" 200 12152 "-" "Mozilla/5.0 (Twiceler-0.9 http://www.cuil.com/twiceler/robot.html)"
72.30.79.99 - - [03/Dec/2008:22:52:55 +0100] "GET /logs/usage_200708.html HTTP/1.0" 200 111167 "-" "Mozilla/5.0 (compatible; Yahoo! Slurp; http://help.yahoo.com/help/us/ysearch/slurp)"
208.36.144.10 - - [03/Dec/2008:23:03:00 +0100] "GET /neon/girl-tv.gif HTTP/1.0" 200 15982 "-" "Mozilla/5.0 (Twiceler-0.9 http://www.cuil.com/twiceler/robot.html)"
64.1.215.165 - - [03/Dec/2008:23:05:24 +0100] "GET /neon/EURO23b.gif HTTP/1.0" 200 37153 "-" "Mozilla/5.0 (Twiceler-0.9 http://www.cuil.com/twiceler/robot.html)"
64.1.215.165 - - [03/Dec/2008:23:08:32 +0100] "GET /bannerz/euross-big.gif HTTP/1.0" 200 19738 "-" "Mozilla/5.0 (Twiceler-0.9 http://www.cuil.com/twiceler/robot.html)"
72.30.79.99 - - [03/Dec/2008:23:09:16 +0100] "GET /neon/europa.html HTTP/1.0" 200 389 "-" "Mozilla/5.0 (compatible; Yahoo! Slurp; http://help.yahoo.com/help/us/ysearch/slurp)"
64.1.215.165 - - [03/Dec/2008:23:12:18 +0100] "GET /bannerz/d2b_on_o_o.gif HTTP/1.0" 200 6772 "-" "Mozilla/5.0 (Twiceler-0.9 http://www.cuil.com/twiceler/robot.html)"
67.195.37.153 - - [03/Dec/2008:23:27:08 +0100] "GET /zampa-lovers/ HTTP/1.0" 200 37790 "-" "Mozilla/5.0 (compatible; Yahoo! Slurp/3.0; http://help.yahoo.com/help/us/ysearch/slurp)"
208.36.144.10 - - [04/Dec/2008:00:31:05 +0100] "GET /bannerz/mastercard.gif HTTP/1.0" 200 1711 "-" "Mozilla/5.0 (Twiceler-0.9 http://www.cuil.com/twiceler/robot.html)"
65.55.211.173 - - [04/Dec/2008:00:36:20 +0100] "GET /robots.txt HTTP/1.1" 200 64 "-" "msnbot/1.1 (+http://search.msn.com/msnbot.htm)"
65.55.211.173 - - [04/Dec/2008:00:36:20 +0100] "GET /f-world.html HTTP/1.1" 200 35590 "-" "msnbot/1.1 (+http://search.msn.com/msnbot.htm)"
65.55.109.19 - - [04/Dec/2008:00:37:39 +0100] "GET /f-world.html HTTP/1.0" 200 35590 "http://search.live.com/results.aspx?q=various" "Mozilla/4.0 (compatible; MSIE 6.0; Windows NT 5.2; SV1; .NET CLR 1.1.4322)"
65.55.109.19 - - [04/Dec/2008:00:37:43 +0100] "GET /framez-world.html HTTP/1.0" 200 4325 "-" "Mozilla/4.0 (compatible; MSIE 6.0; Windows NT 5.2; SV1; .NET CLR 1.1.4322)"
65.55.109.19 - - [04/Dec/2008:00:37:43 +0100] "GET /frame-unten.html HTTP/1.0" 200 5308 "http://www.various-euro.com/framez-world.html" "Mozilla/4.0 (compatible; MSIE 6.0; Windows NT 5.2; SV1; .NET CLR 1.1.4322)"
65.55.109.19 - - [04/Dec/2008:00:37:44 +0100] "GET /frame-menu.html HTTP/1.0" 200 10536 "http://www.various-euro.com/framez-world.html" "Mozilla/4.0 (compatible; MSIE 6.0; Windows NT 5.2; SV1; .NET CLR 1.1.4322)"
65.55.109.19 - - [04/Dec/2008:00:37:44 +0100] "GET /style/various-euro.css HTTP/1.0" 200 3437 "http://www.various-euro.com/frame-menu.html" "Mozilla/4.0 (compatible; MSIE 6.0; Windows NT 5.2; SV1; .NET CLR 1.1.4322)"
65.55.109.19 - - [04/Dec/2008:00:37:44 +0100] "GET /f-world.html HTTP/1.0" 200 35590 "http://www.various-euro.com/framez-world.html" "Mozilla/4.0 (compatible; MSIE 6.0; Windows NT 5.2; SV1; .NET CLR 1.1.4322)"
81.52.143.16 - - [04/Dec/2008:00:42:21 +0100] "GET /f-web.html HTTP/1.1" 200 13605 "-" "Mozilla/5.0 (Windows; U; Windows NT 5.1; fr; rv:1.8.1) VoilaBot BETA 1.2 (support.voilabot@orange-ftgroup.com)"
208.36.144.10 - - [04/Dec/2008:01:03:38 +0100] "GET /DgH/bull/pict/BullGNFL.jpg HTTP/1.0" 200 20466 "-" "Mozilla/5.0 (Twiceler-0.9 http://www.cuil.com/twiceler/robot.html)"
208.36.144.10 - - [04/Dec/2008:01:07:33 +0100] "GET /DgH/bull/pict/Bull-DgH05.jpg HTTP/1.0" 200 9010 "-" "Mozilla/5.0 (Twiceler-0.9 http://www.cuil.com/twiceler/robot.html)"
81.52.143.16 - - [04/Dec/2008:01:12:10 +0100] "GET /frame-unten.html HTTP/1.1" 200 5308 "-" "Mozilla/5.0 (Windows; U; Windows NT 5.1; fr; rv:1.8.1) VoilaBot BETA 1.2 (support.voilabot@orange-ftgroup.com)"
64.1.215.165 - - [04/Dec/2008:01:19:43 +0100] "GET /neon/dollar.gif HTTP/1.0" 200 58439 "-" "Mozilla/5.0 (Twiceler-0.9 http://www.cuil.com/twiceler/robot.html)"
64.1.215.165 - - [04/Dec/2008:01:27:09 +0100] "GET /bannerz/fbwnpi.gif HTTP/1.0" 200 42068 "-" "Mozilla/5.0 (Twiceler-0.9 http://www.cuil.com/twiceler/robot.html)"
208.36.144.10 - - [04/Dec/2008:01:29:27 +0100] "GET /DgH/bull/pict/Bull-DgH02.jpg HTTP/1.0" 200 9010 "-" "Mozilla/5.0 (Twiceler-0.9 http://www.cuil.com/twiceler/robot.html)"
64.1.215.165 - - [04/Dec/2008:01:34:47 +0100] "GET /bannerz/discover.gif HTTP/1.0" 200 1531 "-" "Mozilla/5.0 (Twiceler-0.9 http://www.cuil.com/twiceler/robot.html)"
64.1.215.165 - - [04/Dec/2008:01:38:03 +0100] "GET /zampa/montenegro/slike/grosse/BATAg.jpg HTTP/1.0" 200 13940 "-" "Mozilla/5.0 (Twiceler-0.9 http://www.cuil.com/twiceler/robot.html)"
208.36.144.10 - - [04/Dec/2008:01:38:54 +0100] "GET /DgH/bull/pict/Bull-DgH03.jpg HTTP/1.0" 200 9010 "-" "Mozilla/5.0 (Twiceler-0.9 http://www.cuil.com/twiceler/robot.html)"
208.36.144.10 - - [04/Dec/2008:01:41:54 +0100] "GET /bannerz/army_graphics_package/m4a1-n.gif HTTP/1.0" 200 9356 "-" "Mozilla/5.0 (Twiceler-0.9 http://www.cuil.com/twiceler/robot.html)"
64.1.215.165 - - [04/Dec/2008:01:47:52 +0100] "GET /bmpp/18oo.png HTTP/1.0" 200 3188 "-" "Mozilla/5.0 (Twiceler-0.9 http://www.cuil.com/twiceler/robot.html)"
65.55.211.168 - - [04/Dec/2008:01:49:13 +0100] "GET /f-zeug.html HTTP/1.1" 200 48203 "-" "msnbot/1.1 (+http://search.msn.com/msnbot.htm)"
114.111.36.26 - - [04/Dec/2008:01:52:56 +0100] "GET /robots.txt HTTP/1.1" 302 363 "-" "Mozilla/4.0 (compatible; NaverBot/1.0; http://help.naver.com/delete_main.asp)"
114.111.36.26 - - [04/Dec/2008:01:52:57 +0100] "GET / HTTP/1.1" 302 353 "-" "Mozilla/4.0 (compatible; NaverBot/1.0; http://help.naver.com/delete_main.asp)"
67.195.37.153 - - [04/Dec/2008:01:57:03 +0100] "GET /f-search.html HTTP/1.0" 200 11800 "-" "Mozilla/5.0 (compatible; Yahoo! Slurp/3.0; http://help.yahoo.com/help/us/ysearch/slurp)"
208.36.144.10 - - [04/Dec/2008:02:05:35 +0100] "GET /neon/girl-blond.gif HTTP/1.0" 200 16360 "-" "Mozilla/5.0 (Twiceler-0.9 http://www.cuil.com/twiceler/robot.html)"
208.36.144.10 - - [04/Dec/2008:02:17:04 +0100] "GET /neon/wpbutton.gif HTTP/1.0" 200 4738 "-" "Mozilla/5.0 (Twiceler-0.9 http://www.cuil.com/twiceler/robot.html)"
64.246.178.34 - - [04/Dec/2008:02:18:15 +0100] "GET /robots.txt HTTP/1.0" 200 64 "http://www.whois.sc/" "SurveyBot/2.3 (Whois Source)"
64.246.178.34 - - [04/Dec/2008:02:18:15 +0100] "GET / HTTP/1.1" 206 7869 "http://whois.domaintools.com/various-euro.com" "SurveyBot/2.3 (Whois Source)"
208.36.144.10 - - [04/Dec/2008:02:30:33 +0100] "GET /neon/clicktoenter.gif HTTP/1.0" 200 16302 "-" "Mozilla/5.0 (Twiceler-0.9 http://www.cuil.com/twiceler/robot.html)"
208.36.144.10 - - [04/Dec/2008:02:37:37 +0100] "GET /bmpp/18oo.png HTTP/1.0" 200 3188 "-" "Mozilla/5.0 (Twiceler-0.9 http://www.cuil.com/twiceler/robot.html)"
81.52.143.15 - - [04/Dec/2008:03:01:26 +0100] "GET /robots.txt HTTP/1.1" 200 64 "-" "Mozilla/5.0 (Windows; U; Windows NT 5.1; fr; rv:1.8.1) VoilaBot BETA 1.2 (support.voilabot@orange-ftgroup.com)"
81.52.143.15 - - [04/Dec/2008:03:01:36 +0100] "GET /f-maintitle.html HTTP/1.1" 200 5030 "-" "Mozilla/5.0 (Windows; U; Windows NT 5.1; fr; rv:1.8.1) VoilaBot BETA 1.2 (support.voilabot@orange-ftgroup.com)"
64.1.215.165 - - [04/Dec/2008:03:21:00 +0100] "GET /bannerz/lastone.jpg HTTP/1.0" 200 20195 "-" "Mozilla/5.0 (Twiceler-0.9 http://www.cuil.com/twiceler/robot.html)"
208.36.144.10 - - [04/Dec/2008:03:29:54 +0100] "GET /DgH/watch/pict/GNouFL-IS.jpg HTTP/1.0" 200 23320 "-" "Mozilla/5.0 (Twiceler-0.9 http://www.cuil.com/twiceler/robot.html)"
208.36.144.10 - - [04/Dec/2008:03:40:34 +0100] "GET /vgirls/inches2.gif HTTP/1.0" 200 16085 "-" "Mozilla/5.0 (Twiceler-0.9 http://www.cuil.com/twiceler/robot.html)"
67.195.37.153 - - [04/Dec/2008:03:43:18 +0100] "GET /neon/euro.html HTTP/1.0" 200 2212 "-" "Mozilla/5.0 (compatible; Yahoo! Slurp/3.0; http://help.yahoo.com/help/us/ysearch/slurp)"
67.195.37.153 - - [04/Dec/2008:03:44:20 +0100] "GET /neon/channel.html HTTP/1.0" 200 1942 "-" "Mozilla/5.0 (compatible; Yahoo! Slurp/3.0; http://help.yahoo.com/help/us/ysearch/slurp)"
67.195.37.153 - - [04/Dec/2008:03:46:00 +0100] "GET /zampa/montenegro/dajpare.html HTTP/1.0" 200 2503 "-" "Mozilla/5.0 (compatible; Yahoo! Slurp/3.0; http://help.yahoo.com/help/us/ysearch/slurp)"
64.1.215.165 - - [04/Dec/2008:03:47:17 +0100] "GET /logs/hourly_usage_200708.png HTTP/1.0" 200 2234 "-" "Mozilla/5.0 (Twiceler-0.9 http://www.cuil.com/twiceler/robot.html)"
67.195.37.153 - - [04/Dec/2008:03:48:09 +0100] "GET /neon/click.html HTTP/1.0" 200 521 "-" "Mozilla/5.0 (compatible; Yahoo! Slurp/3.0; http://help.yahoo.com/help/us/ysearch/slurp)"
67.195.37.153 - - [04/Dec/2008:03:48:27 +0100] "GET /zampa/montenegro/SEKAW.html HTTP/1.0" 200 860 "-" "Mozilla/5.0 (compatible; Yahoo! Slurp/3.0; http://help.yahoo.com/help/us/ysearch/slurp)"
64.1.215.165 - - [04/Dec/2008:03:51:01 +0100] "GET /bannerz/rebelle.gif HTTP/1.0" 200 6986 "-" "Mozilla/5.0 (Twiceler-0.9 http://www.cuil.com/twiceler/robot.html)"
208.36.144.10 - - [04/Dec/2008:03:52:00 +0100] "GET /DgH/watch/pict/Watch-DgH10.jpg HTTP/1.0" 200 12152 "-" "Mozilla/5.0 (Twiceler-0.9 http://www.cuil.com/twiceler/robot.html)"
208.36.144.10 - - [04/Dec/2008:03:56:16 +0100] "GET /bannerz/amex.gif HTTP/1.0" 200 1497 "-" "Mozilla/5.0 (Twiceler-0.9 http://www.cuil.com/twiceler/robot.html)"
64.1.215.165 - - [04/Dec/2008:03:58:56 +0100] "GET /bannerz/radiostream-ani.gif HTTP/1.0" 200 4257 "-" "Mozilla/5.0 (Twiceler-0.9 http://www.cuil.com/twiceler/robot.html)"
66.249.65.169 - - [04/Dec/2008:04:00:16 +0100] "GET /framez.html HTTP/1.1" 200 3959 "-" "Mozilla/5.0 (compatible; Googlebot/2.1; +http://www.google.com/bot.html)"
208.36.144.10 - - [04/Dec/2008:04:02:45 +0100] "GET /vgirls/hyg1.gif HTTP/1.0" 200 29672 "-" "Mozilla/5.0 (Twiceler-0.9 http://www.cuil.com/twiceler/robot.html)"
72.30.161.219 - - [04/Dec/2008:04:15:57 +0100] "GET /robots.txt HTTP/1.0" 200 64 "-" "Mozilla/5.0 (compatible; Yahoo! Slurp; http://help.yahoo.com/help/us/ysearch/slurp)"
72.30.161.219 - - [04/Dec/2008:04:16:05 +0100] "GET /world.html HTTP/1.0" 200 16295 "-" "Mozilla/5.0 (compatible; Yahoo! Slurp; http://help.yahoo.com/help/us/ysearch/slurp)"
208.36.144.10 - - [04/Dec/2008:04:31:27 +0100] "GET /bmpp/Bilder/18_x_01.gif HTTP/1.0" 200 606 "-" "Mozilla/5.0 (Twiceler-0.9 http://www.cuil.com/twiceler/robot.html)"
67.195.37.153 - - [04/Dec/2008:04:54:17 +0100] "GET /f-warez.html HTTP/1.0" 200 10953 "-" "Mozilla/5.0 (compatible; Yahoo! Slurp; http://help.yahoo.com/help/us/ysearch/slurp)"
66.249.65.169 - - [04/Dec/2008:04:56:25 +0100] "GET /zampa/montenegro/index.html HTTP/1.1" 200 2651 "-" "Mozilla/5.0 (compatible; Googlebot/2.1; +http://www.google.com/bot.html)"
66.249.65.169 - - [04/Dec/2008:04:58:26 +0100] "GET /zampa/lybia/index.html HTTP/1.1" 200 3036 "-" "Mozilla/5.0 (compatible; Googlebot/2.1; +http://www.google.com/bot.html)"
64.1.215.165 - - [04/Dec/2008:04:58:41 +0100] "GET /neon/pamtv.gif HTTP/1.0" 200 9732 "-" "Mozilla/5.0 (Twiceler-0.9 http://www.cuil.com/twiceler/robot.html)"
208.36.144.10 - - [04/Dec/2008:04:59:41 +0100] "GET /schubb/schubb-5.gif HTTP/1.0" 200 342 "-" "Mozilla/5.0 (Twiceler-0.9 http://www.cuil.com/twiceler/robot.html)"
64.1.215.165 - - [04/Dec/2008:05:04:56 +0100] "GET /bannerz/moneys.gif HTTP/1.0" 200 13192 "-" "Mozilla/5.0 (Twiceler-0.9 http://www.cuil.com/twiceler/robot.html)"
64.1.215.165 - - [04/Dec/2008:05:10:23 +0100] "GET /webby2.gif HTTP/1.0" 200 11191 "-" "Mozilla/5.0 (Twiceler-0.9 http://www.cuil.com/twiceler/robot.html)"
66.249.65.169 - - [04/Dec/2008:05:11:07 +0100] "GET /zampa/wonderland/index.html HTTP/1.1" 200 2084 "-" "Mozilla/5.0 (compatible; Googlebot/2.1; +http://www.google.com/bot.html)"
81.52.143.15 - - [04/Dec/2008:05:11:13 +0100] "GET /warez.html HTTP/1.1" 200 9754 "-" "Mozilla/5.0 (Windows; U; Windows NT 5.1; fr; rv:1.8.1) VoilaBot BETA 1.2 (support.voilabot@orange-ftgroup.com)"
208.36.144.10 - - [04/Dec/2008:05:11:16 +0100] "GET /DgH/bull/pict/Bull-DgH09.jpg HTTP/1.0" 200 9010 "-" "Mozilla/5.0 (Twiceler-0.9 http://www.cuil.com/twiceler/robot.html)"
72.30.79.93 - - [04/Dec/2008:05:11:42 +0100] "GET /robots.txt HTTP/1.0" 200 64 "-" "Mozilla/5.0 (compatible; Yahoo! Slurp; http://help.yahoo.com/help/us/ysearch/slurp)"
72.30.79.93 - - [04/Dec/2008:05:11:47 +0100] "GET /neon/warning2..html HTTP/1.0" 200 456 "-" "Mozilla/5.0 (compatible; Yahoo! Slurp; http://help.yahoo.com/help/us/ysearch/slurp)"
64.1.215.165 - - [04/Dec/2008:05:12:29 +0100] "GET /bannerz/warning-black.gif HTTP/1.0" 200 18176 "-" "Mozilla/5.0 (Twiceler-0.9 http://www.cuil.com/twiceler/robot.html)"
66.249.65.169 - - [04/Dec/2008:05:12:43 +0100] "GET /zampa/montenegro/dajpare.html HTTP/1.1" 200 2503 "-" "Mozilla/5.0 (compatible; Googlebot/2.1; +http://www.google.com/bot.html)"
81.52.143.26 - - [04/Dec/2008:05:15:49 +0100] "GET /f-net.html HTTP/1.1" 200 9913 "-" "Mozilla/5.0 (Windows; U; Windows NT 5.1; fr; rv:1.8.1) VoilaBot BETA 1.2 (support.voilabot@orange-ftgroup.com)"
67.195.37.153 - - [04/Dec/2008:05:18:45 +0100] "GET /framez.html HTTP/1.0" 200 3959 "-" "Mozilla/5.0 (compatible; Yahoo! Slurp; http://help.yahoo.com/help/us/ysearch/slurp)"
67.195.37.153 - - [04/Dec/2008:05:18:55 +0100] "GET /frame-menu.html HTTP/1.0" 200 10536 "-" "Mozilla/5.0 (compatible; Yahoo! Slurp; http://help.yahoo.com/help/us/ysearch/slurp)"
67.195.37.153 - - [04/Dec/2008:05:19:05 +0100] "GET /frame-inhalt.html HTTP/1.0" 200 5418 "-" "Mozilla/5.0 (compatible; Yahoo! Slurp; http://help.yahoo.com/help/us/ysearch/slurp)"
67.195.37.153 - - [04/Dec/2008:05:19:15 +0100] "GET /frame-unten.html HTTP/1.0" 200 5308 "-" "Mozilla/5.0 (compatible; Yahoo! Slurp; http://help.yahoo.com/help/us/ysearch/slurp)"
67.195.37.153 - - [04/Dec/2008:05:36:31 +0100] "GET /f-rez.html HTTP/1.0" 200 9765 "-" "Mozilla/5.0 (compatible; Yahoo! Slurp; http://help.yahoo.com/help/us/ysearch/slurp)"
208.36.144.10 - - [04/Dec/2008:05:38:46 +0100] "GET /bannerz/warning.gif HTTP/1.0" 200 3352 "-" "Mozilla/5.0 (Twiceler-0.9 http://www.cuil.com/twiceler/robot.html)"
66.249.65.169 - - [04/Dec/2008:05:40:04 +0100] "GET /zampa/montenegro/TESLAW.html HTTP/1.1" 200 861 "-" "Mozilla/5.0 (compatible; Googlebot/2.1; +http://www.google.com/bot.html)"
89.149.226.46 - - [04/Dec/2008:05:44:39 +0100] "GET /framez-schubb5.html HTTP/1.0" 200 4330 "-" "Mozilla/4.0 (compatible; MSIE 6.0; Windows NT 5.2; Win64; x64; SV1; .NET CLR 2.0.50727)"
89.149.226.46 - - [04/Dec/2008:05:44:39 +0100] "GET /frame-menu.html HTTP/1.0" 200 10536 "-" "Mozilla/4.0 (compatible; MSIE 6.0; Windows NT 5.2; Win64; x64; SV1; .NET CLR 2.0.50727)"
89.149.226.46 - - [04/Dec/2008:05:44:39 +0100] "GET /schubb/schubb-5.html HTTP/1.0" 200 72944 "-" "Mozilla/4.0 (compatible; MSIE 6.0; Windows NT 5.2; Win64; x64; SV1; .NET CLR 2.0.50727)"
89.149.226.46 - - [04/Dec/2008:05:44:40 +0100] "GET /frame-unten.html HTTP/1.0" 200 5308 "-" "Mozilla/4.0 (compatible; MSIE 6.0; Windows NT 5.2; Win64; x64; SV1; .NET CLR 2.0.50727)"
64.1.215.165 - - [04/Dec/2008:05:53:35 +0100] "GET /dr.greater.jpg HTTP/1.0" 200 17938 "-" "Mozilla/5.0 (Twiceler-0.9 http://www.cuil.com/twiceler/robot.html)"
208.36.144.10 - - [04/Dec/2008:05:55:52 +0100] "GET /neon/wp3button.gif HTTP/1.0" 200 7799 "-" "Mozilla/5.0 (Twiceler-0.9 http://www.cuil.com/twiceler/robot.html)"
64.1.215.165 - - [04/Dec/2008:06:00:13 +0100] "GET /bannerz/restate.gif HTTP/1.0" 200 22259 "-" "Mozilla/5.0 (Twiceler-0.9 http://www.cuil.com/twiceler/robot.html)"
77.88.25.28 - - [04/Dec/2008:06:01:48 +0100] "GET /robots.txt HTTP/1.1" 200 64 "-" "Yandex/1.01.001 (compatible; Win16; I)"
77.88.25.28 - - [04/Dec/2008:06:01:48 +0100] "GET / HTTP/1.1" 200 7869 "-" "Yandex/1.01.001 (compatible; Win16; I)"
208.36.144.10 - - [04/Dec/2008:06:08:34 +0100] "GET /bannerz/discover.gif HTTP/1.0" 200 1531 "-" "Mozilla/5.0 (Twiceler-0.9 http://www.cuil.com/twiceler/robot.html)"
64.1.215.165 - - [04/Dec/2008:06:15:20 +0100] "GET /bannerz/fbwn-banner.gif HTTP/1.0" 200 5121 "-" "Mozilla/5.0 (Twiceler-0.9 http://www.cuil.com/twiceler/robot.html)"
81.52.143.26 - - [04/Dec/2008:06:20:58 +0100] "GET /warez.html HTTP/1.1" 200 9754 "-" "Mozilla/5.0 (Windows; U; Windows NT 5.1; fr; rv:1.8.1) VoilaBot BETA 1.2 (support.voilabot@orange-ftgroup.com)"
81.52.143.15 - - [04/Dec/2008:06:24:58 +0100] "GET /f-warez.html HTTP/1.1" 200 10953 "-" "Mozilla/5.0 (Windows; U; Windows NT 5.1; fr; rv:1.8.1) VoilaBot BETA 1.2 (support.voilabot@orange-ftgroup.com)"
208.36.144.10 - - [04/Dec/2008:06:26:48 +0100] "GET /neon/sw-girl.gif HTTP/1.0" 200 86668 "-" "Mozilla/5.0 (Twiceler-0.9 http://www.cuil.com/twiceler/robot.html)"
64.1.215.165 - - [04/Dec/2008:06:45:40 +0100] "GET /bannerz/exit.gif HTTP/1.0" 200 2988 "-" "Mozilla/5.0 (Twiceler-0.9 http://www.cuil.com/twiceler/robot.html)"
208.36.144.10 - - [04/Dec/2008:07:04:50 +0100] "GET /bannerz/behindd.gif HTTP/1.0" 200 7760 "-" "Mozilla/5.0 (Twiceler-0.9 http://www.cuil.com/twiceler/robot.html)"
67.195.37.153 - - [04/Dec/2008:07:06:00 +0100] "GET /zampa/wonderland/index.html HTTP/1.0" 200 2084 "-" "Mozilla/5.0 (compatible; Yahoo! Slurp; http://help.yahoo.com/help/us/ysearch/slurp)"
67.195.37.153 - - [04/Dec/2008:07:09:54 +0100] "GET /frame-menu.html HTTP/1.0" 200 10536 "-" "Mozilla/5.0 (compatible; Yahoo! Slurp; http://help.yahoo.com/help/us/ysearch/slurp)"
64.1.215.165 - - [04/Dec/2008:07:15:27 +0100] "GET /bannerz/blogwar.gif HTTP/1.0" 200 5839 "-" "Mozilla/5.0 (Twiceler-0.9 http://www.cuil.com/twiceler/robot.html)"
208.36.144.10 - - [04/Dec/2008:07:19:14 +0100] "GET /neon/dollar.gif HTTP/1.0" 200 58439 "-" "Mozilla/5.0 (Twiceler-0.9 http://www.cuil.com/twiceler/robot.html)"
72.30.79.61 - - [04/Dec/2008:07:19:16 +0100] "GET /robots.txt HTTP/1.0" 200 64 "-" "Mozilla/5.0 (compatible; Yahoo! Slurp; http://help.yahoo.com/help/us/ysearch/slurp)"
72.30.79.61 - - [04/Dec/2008:07:19:19 +0100] "GET /f-contact.html HTTP/1.0" 200 6804 "-" "Mozilla/5.0 (compatible; Yahoo! Slurp; http://help.yahoo.com/help/us/ysearch/slurp)"
64.1.215.165 - - [04/Dec/2008:07:20:28 +0100] "GET /neon/imeurope.GIF HTTP/1.0" 200 9365 "-" "Mozilla/5.0 (Twiceler-0.9 http://www.cuil.com/twiceler/robot.html)"
208.36.144.10 - - [04/Dec/2008:07:20:55 +0100] "GET /vgirls/penilefitnessrec.jpg HTTP/1.0" 200 4077 "-" "Mozilla/5.0 (Twiceler-0.9 http://www.cuil.com/twiceler/robot.html)"
208.36.144.10 - - [04/Dec/2008:07:26:21 +0100] "GET /vgirls/vgirl31.gif HTTP/1.0" 200 17770 "-" "Mozilla/5.0 (Twiceler-0.9 http://www.cuil.com/twiceler/robot.html)"
208.36.144.10 - - [04/Dec/2008:07:28:36 +0100] "GET /bannerz/army_graphics_package/m24-n.gif HTTP/1.0" 200 5038 "-" "Mozilla/5.0 (Twiceler-0.9 http://www.cuil.com/twiceler/robot.html)"
208.36.144.10 - - [04/Dec/2008:07:31:19 +0100] "GET /bannerz/ve.jpg HTTP/1.0" 200 36912 "-" "Mozilla/5.0 (Twiceler-0.9 http://www.cuil.com/twiceler/robot.html)"
208.36.144.10 - - [04/Dec/2008:07:35:31 +0100] "GET /DgH/watch/pict/Watch-DgH09.jpg HTTP/1.0" 200 12152 "-" "Mozilla/5.0 (Twiceler-0.9 http://www.cuil.com/twiceler/robot.html)"
66.249.65.169 - - [04/Dec/2008:07:35:49 +0100] "GET /robots.txt HTTP/1.1" 200 64 "-" "Mozilla/5.0 (compatible; Googlebot/2.1; +http://www.google.com/bot.html)"
66.249.65.169 - - [04/Dec/2008:07:35:49 +0100] "GET /f-bannnerz.html HTTP/1.1" 200 12651 "-" "Mozilla/5.0 (compatible; Googlebot/2.1; +http://www.google.com/bot.html)"
64.1.215.165 - - [04/Dec/2008:07:36:19 +0100] "GET /bannerz/warning.gif HTTP/1.0" 200 3352 "-" "Mozilla/5.0 (Twiceler-0.9 http://www.cuil.com/twiceler/robot.html)"
208.36.144.10 - - [04/Dec/2008:07:36:41 +0100] "GET /DgH/rampe/pict/Rampe-DgH09.jpg HTTP/1.0" 200 12044 "-" "Mozilla/5.0 (Twiceler-0.9 http://www.cuil.com/twiceler/robot.html)"
208.36.144.10 - - [04/Dec/2008:07:42:38 +0100] "GET /DgH/watch/pict/Watch-DgH06.jpg HTTP/1.0" 200 12152 "-" "Mozilla/5.0 (Twiceler-0.9 http://www.cuil.com/twiceler/robot.html)"
208.36.144.10 - - [04/Dec/2008:07:47:07 +0100] "GET /vgirls/virtua4.gif HTTP/1.0" 200 12643 "-" "Mozilla/5.0 (Twiceler-0.9 http://www.cuil.com/twiceler/robot.html)"
72.30.79.61 - - [04/Dec/2008:07:50:33 +0100] "GET /logs/usage_200706.html HTTP/1.0" 200 107008 "-" "Mozilla/5.0 (compatible; Yahoo! Slurp; http://help.yahoo.com/help/us/ysearch/slurp)"
64.34.177.55 - - [04/Dec/2008:07:53:20 +0100] "GET /restate_copy.html HTTP/1.0" 200 97631 "http://www.various-euro.com/restate_copy.html" "Mozilla/5.0(Windows;N;Win98;m18)Gecko/20010124"
72.20.109.37 - - [04/Dec/2008:07:55:47 +0100] "GET /robots.txt HTTP/1.1" 200 64 "-" "GurujiBot/1.0 (+http://www.guruji.com/en/WebmasterFAQ.html)"
72.20.109.37 - - [04/Dec/2008:07:55:48 +0100] "GET / HTTP/1.1" 200 7869 "-" "GurujiBot/1.0 (+http://www.guruji.com/en/WebmasterFAQ.html)"
208.36.144.10 - - [04/Dec/2008:07:56:24 +0100] "GET /DgH/watch/pict/Watch-DgH05.jpg HTTP/1.0" 200 12152 "-" "Mozilla/5.0 (Twiceler-0.9 http://www.cuil.com/twiceler/robot.html)"
64.1.215.165 - - [04/Dec/2008:08:04:56 +0100] "GET /bannerz/beLe.gif HTTP/1.0" 200 9193 "-" "Mozilla/5.0 (Twiceler-0.9 http://www.cuil.com/twiceler/robot.html)"
208.36.144.10 - - [04/Dec/2008:08:13:16 +0100] "GET /vgirls/huge.gif HTTP/1.0" 200 6046 "-" "Mozilla/5.0 (Twiceler-0.9 http://www.cuil.com/twiceler/robot.html)"
64.1.215.165 - - [04/Dec/2008:08:19:39 +0100] "GET /neon/rawsuishi3.gif HTTP/1.0" 200 7327 "-" "Mozilla/5.0 (Twiceler-0.9 http://www.cuil.com/twiceler/robot.html)"
64.1.215.165 - - [04/Dec/2008:08:25:51 +0100] "GET /vgirls/vgirl31.gif HTTP/1.0" 200 17770 "-" "Mozilla/5.0 (Twiceler-0.9 http://www.cuil.com/twiceler/robot.html)"
119.63.193.43 - - [04/Dec/2008:08:27:52 +0100] "GET / HTTP/1.1" 200 7869 "-" "Baiduspider+(+http://help.baidu.jp/system/05.html)"
64.1.215.165 - - [04/Dec/2008:08:33:11 +0100] "GET /bannerz/pavuJapbanner.gif HTTP/1.0" 200 14954 "-" "Mozilla/5.0 (Twiceler-0.9 http://www.cuil.com/twiceler/robot.html)"
208.36.144.10 - - [04/Dec/2008:08:37:13 +0100] "GET /vgirls/dora_01.gif HTTP/1.0" 200 15465 "-" "Mozilla/5.0 (Twiceler-0.9 http://www.cuil.com/twiceler/robot.html)"
64.1.215.165 - - [04/Dec/2008:08:48:54 +0100] "GET /bannerz/asco-o.gif HTTP/1.0" 200 19735 "-" "Mozilla/5.0 (Twiceler-0.9 http://www.cuil.com/twiceler/robot.html)"
64.1.215.165 - - [04/Dec/2008:08:53:50 +0100] "GET /bannerz/jimpunk.gif HTTP/1.0" 200 32077 "-" "Mozilla/5.0 (Twiceler-0.9 http://www.cuil.com/twiceler/robot.html)"
64.1.215.165 - - [04/Dec/2008:08:55:12 +0100] "GET /bannerz/MODUKITASCII468x60.jpg HTTP/1.0" 200 4792 "-" "Mozilla/5.0 (Twiceler-0.9 http://www.cuil.com/twiceler/robot.html)"
72.30.79.61 - - [04/Dec/2008:09:04:21 +0100] "GET /DgH/watch/ HTTP/1.0" 200 2028 "-" "Mozilla/5.0 (compatible; Yahoo! Slurp; http://help.yahoo.com/help/us/ysearch/slurp)"
72.30.142.91 - - [04/Dec/2008:09:08:46 +0100] "GET /robots.txt HTTP/1.0" 302 363 "-" "Mozilla/5.0 (compatible; Yahoo! Slurp; http://help.yahoo.com/help/us/ysearch/slurp)"
72.30.142.91 - - [04/Dec/2008:09:08:47 +0100] "GET /zampa/robots.txt HTTP/1.0" 404 2748 "-" "Mozilla/5.0 (compatible; Yahoo! Slurp; http://help.yahoo.com/help/us/ysearch/slurp)"
72.30.142.91 - - [04/Dec/2008:09:08:48 +0100] "GET / HTTP/1.0" 302 353 "-" "Mozilla/5.0 (compatible; Yahoo! Slurp; http://help.yahoo.com/help/us/ysearch/slurp)"
72.30.79.61 - - [04/Dec/2008:09:08:49 +0100] "GET /zampa/ HTTP/1.0" 200 7153 "-" "Mozilla/5.0 (compatible; Yahoo! Slurp; http://help.yahoo.com/help/us/ysearch/slurp)"
208.36.144.10 - - [04/Dec/2008:09:15:06 +0100] "GET /schubb/schubb-3.gif HTTP/1.0" 200 2287 "-" "Mozilla/5.0 (Twiceler-0.9 http://www.cuil.com/twiceler/robot.html)"
208.36.144.10 - - [04/Dec/2008:09:18:44 +0100] "GET /bannerz/army_graphics_package/m249-n.gif HTTP/1.0" 200 7658 "-" "Mozilla/5.0 (Twiceler-0.9 http://www.cuil.com/twiceler/robot.html)"
64.1.215.165 - - [04/Dec/2008:09:22:07 +0100] "GET /bannerz/sf-banner.gif HTTP/1.0" 200 1835 "-" "Mozilla/5.0 (Twiceler-0.9 http://www.cuil.com/twiceler/robot.html)"
67.195.37.153 - - [04/Dec/2008:09:22:10 +0100] "GET /robots.txt HTTP/1.0" 200 64 "-" "Mozilla/5.0 (compatible; Yahoo! Slurp; http://help.yahoo.com/help/us/ysearch/slurp)"
67.195.37.153 - - [04/Dec/2008:09:22:10 +0100] "GET /f-sponsor.html HTTP/1.0" 200 8578 "-" "Mozilla/5.0 (compatible; Yahoo! Slurp/3.0; http://help.yahoo.com/help/us/ysearch/slurp)"
208.36.144.10 - - [04/Dec/2008:09:34:38 +0100] "GET /vgirls/shaina_big.gif HTTP/1.0" 200 16169 "-" "Mozilla/5.0 (Twiceler-0.9 http://www.cuil.com/twiceler/robot.html)"
208.36.144.10 - - [04/Dec/2008:09:38:19 +0100] "GET /bannerz/visa.gif HTTP/1.0" 200 1452 "-" "Mozilla/5.0 (Twiceler-0.9 http://www.cuil.com/twiceler/robot.html)"
208.36.144.10 - - [04/Dec/2008:09:42:14 +0100] "GET /bannerz/army_graphics_package/rpk-n.gif HTTP/1.0" 200 7872 "-" "Mozilla/5.0 (Twiceler-0.9 http://www.cuil.com/twiceler/robot.html)"
64.1.215.165 - - [04/Dec/2008:09:44:59 +0100] "GET /logs/daily_usage_200708.png HTTP/1.0" 200 4078 "-" "Mozilla/5.0 (Twiceler-0.9 http://www.cuil.com/twiceler/robot.html)"
67.195.37.153 - - [04/Dec/2008:09:50:09 +0100] "GET /neon/warning2.html HTTP/1.0" 200 997 "-" "Mozilla/5.0 (compatible; Yahoo! Slurp/3.0; http://help.yahoo.com/help/us/ysearch/slurp)"
64.1.215.165 - - [04/Dec/2008:09:52:06 +0100] "GET /bannerz/game/game0.jpg HTTP/1.0" 200 16189 "-" "Mozilla/5.0 (Twiceler-0.9 http://www.cuil.com/twiceler/robot.html)"
131.107.65.41 - - [04/Dec/2008:10:01:06 +0100] "GET /robots.txt HTTP/1.1" 200 64 "-" "MSR-ISRCCrawler"
