67.195.37.107 - - [06/Dec/2008:20:34:42 +0100] "GET /world.html HTTP/1.0" 200 16295 "-" "Mozilla/5.0 (compatible; Yahoo! Slurp; http://help.yahoo.com/help/us/ysearch/slurp)"
208.36.144.6 - - [06/Dec/2008:21:09:46 +0100] "GET /robots.txt HTTP/1.0" 302 363 "-" "Mozilla/5.0 (Twiceler-0.9 http://www.cuil.com/twiceler/robot.html)"
67.195.37.107 - - [06/Dec/2008:21:25:11 +0100] "GET /zampa HTTP/1.0" 301 375 "-" "Mozilla/5.0 (compatible; Yahoo! Slurp; http://help.yahoo.com/help/us/ysearch/slurp)"
67.195.37.107 - - [06/Dec/2008:21:25:30 +0100] "GET /zampa/ HTTP/1.0" 200 7153 "-" "Mozilla/5.0 (compatible; Yahoo! Slurp; http://help.yahoo.com/help/us/ysearch/slurp)"
66.249.65.169 - - [06/Dec/2008:21:55:43 +0100] "GET /logs/usage_200711.html HTTP/1.1" 200 109628 "-" "Mozilla/5.0 (compatible; Googlebot/2.1; +http://www.google.com/bot.html)"
72.30.142.245 - - [06/Dec/2008:21:55:57 +0100] "GET /robots.txt HTTP/1.0" 200 64 "-" "Mozilla/5.0 (compatible; Yahoo! Slurp; http://help.yahoo.com/help/us/ysearch/slurp)"
72.30.142.245 - - [06/Dec/2008:21:55:58 +0100] "GET /zampa/montenegro/BATAW.html HTTP/1.0" 200 860 "-" "Mozilla/5.0 (compatible; Yahoo! Slurp; http://help.yahoo.com/help/us/ysearch/slurp)"
67.195.37.180 - - [06/Dec/2008:21:59:28 +0100] "GET /robots.txt HTTP/1.0" 200 64 "-" "Mozilla/5.0 (compatible; Yahoo! Slurp; http://help.yahoo.com/help/us/ysearch/slurp)"
67.195.37.180 - - [06/Dec/2008:21:59:29 +0100] "GET / HTTP/1.0" 200 7869 "-" "Mozilla/5.0 (compatible; Yahoo! Slurp; http://help.yahoo.com/help/us/ysearch/slurp)"
72.30.142.245 - - [06/Dec/2008:22:44:06 +0100] "GET /DgH/bull/ HTTP/1.0" 200 1915 "-" "Mozilla/5.0 (compatible; Yahoo! Slurp; http://help.yahoo.com/help/us/ysearch/slurp)"
72.30.142.245 - - [06/Dec/2008:22:45:11 +0100] "GET /f-zeug.html HTTP/1.0" 200 48203 "-" "Mozilla/5.0 (compatible; Yahoo! Slurp; http://help.yahoo.com/help/us/ysearch/slurp)"
72.30.142.245 - - [06/Dec/2008:22:48:14 +0100] "GET /bmpp/18asi_2.html HTTP/1.0" 200 8674 "-" "Mozilla/5.0 (compatible; Yahoo! Slurp; http://help.yahoo.com/help/us/ysearch/slurp)"
72.30.142.245 - - [06/Dec/2008:22:48:14 +0100] "GET /bmpp/18.html HTTP/1.0" 200 4467 "-" "Mozilla/5.0 (compatible; Yahoo! Slurp; http://help.yahoo.com/help/us/ysearch/slurp)"
66.249.65.169 - - [06/Dec/2008:22:55:39 +0100] "GET /logs/ HTTP/1.1" 200 10079 "-" "Mozilla/5.0 (compatible; Googlebot/2.1; +http://www.google.com/bot.html)"
67.195.37.107 - - [06/Dec/2008:23:08:28 +0100] "GET /neon/left-one-new.html HTTP/1.0" 200 1483 "-" "Mozilla/5.0 (compatible; Yahoo! Slurp; http://help.yahoo.com/help/us/ysearch/slurp)"
72.30.142.245 - - [06/Dec/2008:23:27:18 +0100] "GET /games/virtualcop/virtualcop.swf HTTP/1.0" 200 2563562 "-" "Mozilla/5.0 (compatible; Yahoo! Slurp; http://help.yahoo.com/help/us/ysearch/slurp)"
67.195.37.180 - - [06/Dec/2008:23:40:35 +0100] "GET / HTTP/1.0" 200 7869 "-" "Mozilla/5.0 (compatible; Yahoo! Slurp/3.0; http://help.yahoo.com/help/us/ysearch/slurp)"
67.195.37.180 - - [06/Dec/2008:23:40:36 +0100] "GET /style/various-euro.css HTTP/1.0" 200 3437 "http://various-euro.com/" "Mozilla/5.0 (compatible; Yahoo! Slurp/3.0; http://help.yahoo.com/help/us/ysearch/slurp)"
67.195.37.107 - - [06/Dec/2008:23:54:50 +0100] "GET /frame-unten.html HTTP/1.0" 200 5308 "-" "Mozilla/5.0 (compatible; Yahoo! Slurp; http://help.yahoo.com/help/us/ysearch/slurp)"
65.49.14.26 - - [07/Dec/2008:00:42:58 +0100] "GET /bmpp/18.html HTTP/1.0" 200 4467 "http://www.google.com/custom?q=You+must+be+18+or+older+to+view&sa=Google+Search&forid=1&ie=GB2312&oe=GB2312&cof=GALT%3A%23008000%3BGL%3A1%3BDIV%3A%23336699%3BVLC%3A663399%3BAH%3Acenter%3BBGC%3AFFFFFF%3BLBGC%3A336699%3BALC%3A0000FF%3BLC%3A0000FF%3BT%3A000000%3BGFNT%3A0000FF%3BGIMP%3A0000FF%3BFORID%3A1&hl=en" "Mozilla/4.0 (compatible; MSIE 6.0; Windows NT 5.1; SV1)"
65.49.14.26 - - [07/Dec/2008:00:42:59 +0100] "GET /bmpp/Bilder/18_02.png HTTP/1.0" 200 289 "http://www.various-euro.com/bmpp/18.html" "Mozilla/4.0 (compatible; MSIE 6.0; Windows NT 5.1; SV1)"
65.49.14.26 - - [07/Dec/2008:00:42:59 +0100] "GET /bmpp/Bilder/18_01.png HTTP/1.0" 200 1118 "http://www.various-euro.com/bmpp/18.html" "Mozilla/4.0 (compatible; MSIE 6.0; Windows NT 5.1; SV1)"
65.49.14.26 - - [07/Dec/2008:00:42:59 +0100] "GET /bmpp/Bilder/18_03.png HTTP/1.0" 200 574 "http://www.various-euro.com/bmpp/18.html" "Mozilla/4.0 (compatible; MSIE 6.0; Windows NT 5.1; SV1)"
65.49.14.26 - - [07/Dec/2008:00:42:59 +0100] "GET /favicon.ico HTTP/1.0" 404 2748 "-" "Mozilla/4.0 (compatible; MSIE 6.0; Windows NT 5.1; SV1)"
65.49.14.26 - - [07/Dec/2008:00:42:59 +0100] "GET /bmpp/Bilder/18_05.png HTTP/1.0" 200 407 "http://www.various-euro.com/bmpp/18.html" "Mozilla/4.0 (compatible; MSIE 6.0; Windows NT 5.1; SV1)"
65.49.14.26 - - [07/Dec/2008:00:42:59 +0100] "GET /bmpp/Bilder/18_04.png HTTP/1.0" 200 289 "http://www.various-euro.com/bmpp/18.html" "Mozilla/4.0 (compatible; MSIE 6.0; Windows NT 5.1; SV1)"
65.49.14.26 - - [07/Dec/2008:00:42:59 +0100] "GET /bmpp/Bilder/18_07.png HTTP/1.0" 200 417 "http://www.various-euro.com/bmpp/18.html" "Mozilla/4.0 (compatible; MSIE 6.0; Windows NT 5.1; SV1)"
65.49.14.26 - - [07/Dec/2008:00:42:59 +0100] "GET /bmpp/Bilder/18_06.png HTTP/1.0" 200 289 "http://www.various-euro.com/bmpp/18.html" "Mozilla/4.0 (compatible; MSIE 6.0; Windows NT 5.1; SV1)"
65.49.14.26 - - [07/Dec/2008:00:43:00 +0100] "GET /bmpp/Bilder/18_10.png HTTP/1.0" 200 270 "http://www.various-euro.com/bmpp/18.html" "Mozilla/4.0 (compatible; MSIE 6.0; Windows NT 5.1; SV1)"
65.49.14.26 - - [07/Dec/2008:00:43:00 +0100] "GET /bmpp/Bilder/18_09.png HTTP/1.0" 200 417 "http://www.various-euro.com/bmpp/18.html" "Mozilla/4.0 (compatible; MSIE 6.0; Windows NT 5.1; SV1)"
65.49.14.26 - - [07/Dec/2008:00:43:00 +0100] "GET /bmpp/Bilder/18_08.png HTTP/1.0" 200 289 "http://www.various-euro.com/bmpp/18.html" "Mozilla/4.0 (compatible; MSIE 6.0; Windows NT 5.1; SV1)"
65.49.14.26 - - [07/Dec/2008:00:43:00 +0100] "GET /bmpp/Bilder/18_11.png HTTP/1.0" 200 233 "http://www.various-euro.com/bmpp/18.html" "Mozilla/4.0 (compatible; MSIE 6.0; Windows NT 5.1; SV1)"
65.49.14.26 - - [07/Dec/2008:00:43:00 +0100] "GET /bmpp/Bilder/18_12.png HTTP/1.0" 200 595 "http://www.various-euro.com/bmpp/18.html" "Mozilla/4.0 (compatible; MSIE 6.0; Windows NT 5.1; SV1)"
65.49.14.26 - - [07/Dec/2008:00:43:00 +0100] "GET /bmpp/Bilder/18_13.png HTTP/1.0" 200 282 "http://www.various-euro.com/bmpp/18.html" "Mozilla/4.0 (compatible; MSIE 6.0; Windows NT 5.1; SV1)"
65.49.14.26 - - [07/Dec/2008:00:43:00 +0100] "GET /bmpp/Bilder/18_14.png HTTP/1.0" 200 609 "http://www.various-euro.com/bmpp/18.html" "Mozilla/4.0 (compatible; MSIE 6.0; Windows NT 5.1; SV1)"
65.49.14.26 - - [07/Dec/2008:00:43:00 +0100] "GET /bmpp/Bilder/18_15.png HTTP/1.0" 200 524 "http://www.various-euro.com/bmpp/18.html" "Mozilla/4.0 (compatible; MSIE 6.0; Windows NT 5.1; SV1)"
65.49.14.26 - - [07/Dec/2008:00:43:00 +0100] "GET /bmpp/Bilder/18_16.png HTTP/1.0" 200 499 "http://www.various-euro.com/bmpp/18.html" "Mozilla/4.0 (compatible; MSIE 6.0; Windows NT 5.1; SV1)"
65.49.14.26 - - [07/Dec/2008:00:43:01 +0100] "GET /bmpp/Bilder/18_17.png HTTP/1.0" 200 958 "http://www.various-euro.com/bmpp/18.html" "Mozilla/4.0 (compatible; MSIE 6.0; Windows NT 5.1; SV1)"
65.49.14.26 - - [07/Dec/2008:00:43:01 +0100] "GET /bmpp/Bilder/18_18.png HTTP/1.0" 200 453 "http://www.various-euro.com/bmpp/18.html" "Mozilla/4.0 (compatible; MSIE 6.0; Windows NT 5.1; SV1)"
65.49.14.26 - - [07/Dec/2008:00:43:01 +0100] "GET /bmpp/Bilder/18_19.png HTTP/1.0" 200 277 "http://www.various-euro.com/bmpp/18.html" "Mozilla/4.0 (compatible; MSIE 6.0; Windows NT 5.1; SV1)"
65.49.14.26 - - [07/Dec/2008:00:43:01 +0100] "GET /bmpp/Bilder/18_20.png HTTP/1.0" 200 252 "http://www.various-euro.com/bmpp/18.html" "Mozilla/4.0 (compatible; MSIE 6.0; Windows NT 5.1; SV1)"
65.49.14.26 - - [07/Dec/2008:00:43:01 +0100] "GET /bmpp/Bilder/18_21.png HTTP/1.0" 200 253 "http://www.various-euro.com/bmpp/18.html" "Mozilla/4.0 (compatible; MSIE 6.0; Windows NT 5.1; SV1)"
65.49.14.26 - - [07/Dec/2008:00:43:01 +0100] "GET /bmpp/Bilder/18_23.png HTTP/1.0" 200 454 "http://www.various-euro.com/bmpp/18.html" "Mozilla/4.0 (compatible; MSIE 6.0; Windows NT 5.1; SV1)"
65.49.14.26 - - [07/Dec/2008:00:43:01 +0100] "GET /bmpp/Bilder/18_22.png HTTP/1.0" 200 430 "http://www.various-euro.com/bmpp/18.html" "Mozilla/4.0 (compatible; MSIE 6.0; Windows NT 5.1; SV1)"
65.49.14.26 - - [07/Dec/2008:00:43:01 +0100] "GET /bmpp/Bilder/18_24.png HTTP/1.0" 200 353 "http://www.various-euro.com/bmpp/18.html" "Mozilla/4.0 (compatible; MSIE 6.0; Windows NT 5.1; SV1)"
65.49.14.26 - - [07/Dec/2008:00:43:02 +0100] "GET /bmpp/Bilder/18_26.png HTTP/1.0" 200 880 "http://www.various-euro.com/bmpp/18.html" "Mozilla/4.0 (compatible; MSIE 6.0; Windows NT 5.1; SV1)"
65.49.14.26 - - [07/Dec/2008:00:43:02 +0100] "GET /bmpp/Bilder/18_25.png HTTP/1.0" 200 827 "http://www.various-euro.com/bmpp/18.html" "Mozilla/4.0 (compatible; MSIE 6.0; Windows NT 5.1; SV1)"
65.49.14.26 - - [07/Dec/2008:00:43:02 +0100] "GET /bmpp/Bilder/18_28.png HTTP/1.0" 200 721 "http://www.various-euro.com/bmpp/18.html" "Mozilla/4.0 (compatible; MSIE 6.0; Windows NT 5.1; SV1)"
65.49.14.26 - - [07/Dec/2008:00:43:02 +0100] "GET /bmpp/Bilder/18_27.png HTTP/1.0" 200 854 "http://www.various-euro.com/bmpp/18.html" "Mozilla/4.0 (compatible; MSIE 6.0; Windows NT 5.1; SV1)"
65.49.14.26 - - [07/Dec/2008:00:43:02 +0100] "GET /bmpp/Bilder/18_29.png HTTP/1.0" 200 564 "http://www.various-euro.com/bmpp/18.html" "Mozilla/4.0 (compatible; MSIE 6.0; Windows NT 5.1; SV1)"
65.49.14.26 - - [07/Dec/2008:00:43:02 +0100] "GET /bmpp/Bilder/18_31.png HTTP/1.0" 200 402 "http://www.various-euro.com/bmpp/18.html" "Mozilla/4.0 (compatible; MSIE 6.0; Windows NT 5.1; SV1)"
65.49.14.26 - - [07/Dec/2008:00:43:02 +0100] "GET /bmpp/Bilder/18_30.png HTTP/1.0" 200 233 "http://www.various-euro.com/bmpp/18.html" "Mozilla/4.0 (compatible; MSIE 6.0; Windows NT 5.1; SV1)"
65.49.14.26 - - [07/Dec/2008:00:43:02 +0100] "GET /bmpp/Bilder/18_32.png HTTP/1.0" 200 374 "http://www.various-euro.com/bmpp/18.html" "Mozilla/4.0 (compatible; MSIE 6.0; Windows NT 5.1; SV1)"
65.49.14.26 - - [07/Dec/2008:00:43:03 +0100] "GET /bmpp/Bilder/18_33.png HTTP/1.0" 200 398 "http://www.various-euro.com/bmpp/18.html" "Mozilla/4.0 (compatible; MSIE 6.0; Windows NT 5.1; SV1)"
65.49.14.26 - - [07/Dec/2008:00:43:03 +0100] "GET /bmpp/Bilder/18_34.png HTTP/1.0" 200 573 "http://www.various-euro.com/bmpp/18.html" "Mozilla/4.0 (compatible; MSIE 6.0; Windows NT 5.1; SV1)"
65.49.14.26 - - [07/Dec/2008:00:43:03 +0100] "GET /bmpp/Bilder/18_35.png HTTP/1.0" 200 691 "http://www.various-euro.com/bmpp/18.html" "Mozilla/4.0 (compatible; MSIE 6.0; Windows NT 5.1; SV1)"
65.49.14.26 - - [07/Dec/2008:00:43:03 +0100] "GET /bmpp/Bilder/18_36.png HTTP/1.0" 200 557 "http://www.various-euro.com/bmpp/18.html" "Mozilla/4.0 (compatible; MSIE 6.0; Windows NT 5.1; SV1)"
65.49.14.26 - - [07/Dec/2008:00:43:03 +0100] "GET /bmpp/Bilder/18_37.png HTTP/1.0" 200 239 "http://www.various-euro.com/bmpp/18.html" "Mozilla/4.0 (compatible; MSIE 6.0; Windows NT 5.1; SV1)"
65.49.14.26 - - [07/Dec/2008:00:43:03 +0100] "GET /bmpp/Bilder/18_38.png HTTP/1.0" 200 509 "http://www.various-euro.com/bmpp/18.html" "Mozilla/4.0 (compatible; MSIE 6.0; Windows NT 5.1; SV1)"
65.49.14.26 - - [07/Dec/2008:00:43:03 +0100] "GET /bmpp/Bilder/18_39.png HTTP/1.0" 200 733 "http://www.various-euro.com/bmpp/18.html" "Mozilla/4.0 (compatible; MSIE 6.0; Windows NT 5.1; SV1)"
65.49.14.26 - - [07/Dec/2008:00:43:03 +0100] "GET /bmpp/Bilder/18_40.png HTTP/1.0" 200 506 "http://www.various-euro.com/bmpp/18.html" "Mozilla/4.0 (compatible; MSIE 6.0; Windows NT 5.1; SV1)"
65.49.14.26 - - [07/Dec/2008:00:43:03 +0100] "GET /bmpp/Bilder/18_41.png HTTP/1.0" 200 334 "http://www.various-euro.com/bmpp/18.html" "Mozilla/4.0 (compatible; MSIE 6.0; Windows NT 5.1; SV1)"
65.49.14.26 - - [07/Dec/2008:00:43:04 +0100] "GET /bmpp/Bilder/18_42.png HTTP/1.0" 200 286 "http://www.various-euro.com/bmpp/18.html" "Mozilla/4.0 (compatible; MSIE 6.0; Windows NT 5.1; SV1)"
65.49.14.26 - - [07/Dec/2008:00:43:04 +0100] "GET /bmpp/Bilder/18_43.png HTTP/1.0" 200 280 "http://www.various-euro.com/bmpp/18.html" "Mozilla/4.0 (compatible; MSIE 6.0; Windows NT 5.1; SV1)"
72.30.65.38 - - [07/Dec/2008:00:46:19 +0100] "GET /robots.txt HTTP/1.0" 200 64 "-" "Mozilla/5.0 (compatible; Yahoo! Slurp; http://help.yahoo.com/help/us/ysearch/slurp)"
72.30.65.38 - - [07/Dec/2008:00:46:19 +0100] "GET /neon/left-one.html HTTP/1.0" 200 1712 "-" "Mozilla/5.0 (compatible; Yahoo! Slurp; http://help.yahoo.com/help/us/ysearch/slurp)"
208.80.194.44 - - [07/Dec/2008:01:13:26 +0100] "GET / HTTP/1.0" 200 7869 "-" "Mozilla/4.0 (compatible; MSIE 6.0; MSNIA; Windows 98; Win 9x 4.90; .NET CLR 1.1.4322)"
208.80.194.44 - - [07/Dec/2008:01:13:26 +0100] "GET / HTTP/1.0" 200 7869 "-" "Mozilla/4.0 (compatible; MSIE 6.0; Windows NT 5.1; iebar; acc=jocker; acc=none; FreeprodTB; (none); SV1; FunWebProducts; .NET CLR 1.1.4322)"
72.30.65.38 - - [07/Dec/2008:01:32:58 +0100] "GET /f-warez.html HTTP/1.0" 200 10953 "-" "Mozilla/5.0 (compatible; Yahoo! Slurp; http://help.yahoo.com/help/us/ysearch/slurp)"
67.195.37.107 - - [07/Dec/2008:01:55:27 +0100] "GET /zampa-lovers/index.html HTTP/1.0" 200 37790 "-" "Mozilla/5.0 (compatible; Yahoo! Slurp; http://help.yahoo.com/help/us/ysearch/slurp)"
67.195.37.107 - - [07/Dec/2008:01:59:41 +0100] "GET /menue.html HTTP/1.0" 404 2748 "-" "Mozilla/5.0 (compatible; Yahoo! Slurp/3.0; http://help.yahoo.com/help/us/ysearch/slurp)"
72.30.65.38 - - [07/Dec/2008:02:00:49 +0100] "GET /f-net.html HTTP/1.0" 200 9913 "-" "Mozilla/5.0 (compatible; Yahoo! Slurp; http://help.yahoo.com/help/us/ysearch/slurp)"
72.30.65.38 - - [07/Dec/2008:02:45:21 +0100] "GET /zampa/ HTTP/1.0" 200 7153 "-" "Mozilla/5.0 (compatible; Yahoo! Slurp; http://help.yahoo.com/help/us/ysearch/slurp)"
72.30.65.38 - - [07/Dec/2008:02:52:24 +0100] "GET /zampa/lybia/index.html HTTP/1.0" 200 3036 "-" "Mozilla/5.0 (compatible; Yahoo! Slurp; http://help.yahoo.com/help/us/ysearch/slurp)"
82.99.30.23 - - [07/Dec/2008:04:25:40 +0100] "GET /bannerz/webmasters_click_here.gif HTTP/1.0" 200 1207 "http://www.various-euro.com/f-web.html" "Mozilla/4.0 (compatible; MSIE 6.0; Windows NT 5.1)"
72.30.79.56 - - [07/Dec/2008:04:49:57 +0100] "GET /robots.txt HTTP/1.0" 200 64 "-" "Mozilla/5.0 (compatible; Yahoo! Slurp; http://help.yahoo.com/help/us/ysearch/slurp)"
72.30.79.56 - - [07/Dec/2008:04:50:00 +0100] "GET /zampa/montenegro/ZMAJW.html HTTP/1.0" 200 860 "-" "Mozilla/5.0 (compatible; Yahoo! Slurp; http://help.yahoo.com/help/us/ysearch/slurp)"
82.99.30.73 - - [07/Dec/2008:04:50:33 +0100] "GET /Rampe-DgH.jpg HTTP/1.0" 200 12044 "http://www.various-euro.com/f-euro.html" "Mozilla/4.0 (compatible; MSIE 6.0; Windows NT 5.1)"
82.99.30.73 - - [07/Dec/2008:04:50:33 +0100] "GET /Watch-DgH.jpg HTTP/1.0" 200 12152 "http://www.various-euro.com/f-euro.html" "Mozilla/4.0 (compatible; MSIE 6.0; Windows NT 5.1)"
82.99.30.73 - - [07/Dec/2008:04:50:33 +0100] "GET /bannerz/raf-logo02_tn.gif HTTP/1.0" 200 11804 "http://www.various-euro.com/f-euro.html" "Mozilla/4.0 (compatible; MSIE 6.0; Windows NT 5.1)"
82.99.30.13 - - [07/Dec/2008:04:54:17 +0100] "GET /bannerz/web-tv-w.gif HTTP/1.0" 200 715 "http://www.various-euro.com/f-net.html" "Mozilla/4.0 (compatible; MSIE 6.0; Windows NT 5.1)"
82.99.30.13 - - [07/Dec/2008:04:54:17 +0100] "GET /webby2.gif HTTP/1.0" 200 11191 "http://www.various-euro.com/f-net.html" "Mozilla/4.0 (compatible; MSIE 6.0; Windows NT 5.1)"
82.99.30.13 - - [07/Dec/2008:04:54:17 +0100] "GET /webby.gif HTTP/1.0" 200 12512 "http://www.various-euro.com/f-net.html" "Mozilla/4.0 (compatible; MSIE 6.0; Windows NT 5.1)"
82.99.30.13 - - [07/Dec/2008:04:54:17 +0100] "GET /bannerz/game/game0.jpg HTTP/1.0" 200 16189 "http://www.various-euro.com/f-net.html" "Mozilla/4.0 (compatible; MSIE 6.0; Windows NT 5.1)"
67.195.37.107 - - [07/Dec/2008:05:00:05 +0100] "GET /framez.html HTTP/1.0" 200 3959 "-" "Mozilla/5.0 (compatible; Yahoo! Slurp/3.0; http://help.yahoo.com/help/us/ysearch/slurp)"
67.195.37.107 - - [07/Dec/2008:05:00:06 +0100] "GET /style/various-euro.css HTTP/1.0" 200 3437 "http://www.various-euro.com/framez.html" "Mozilla/5.0 (compatible; Yahoo! Slurp/3.0; http://help.yahoo.com/help/us/ysearch/slurp)"
67.195.37.107 - - [07/Dec/2008:05:00:06 +0100] "GET /frame-inhalt.html HTTP/1.0" 200 5418 "http://www.various-euro.com/framez.html" "Mozilla/5.0 (compatible; Yahoo! Slurp/3.0; http://help.yahoo.com/help/us/ysearch/slurp)"
67.195.37.107 - - [07/Dec/2008:05:00:06 +0100] "GET /frame-unten.html HTTP/1.0" 200 5308 "http://www.various-euro.com/framez.html" "Mozilla/5.0 (compatible; Yahoo! Slurp/3.0; http://help.yahoo.com/help/us/ysearch/slurp)"
67.195.37.107 - - [07/Dec/2008:05:00:06 +0100] "GET /frame-menu.html HTTP/1.0" 200 10536 "http://www.various-euro.com/framez.html" "Mozilla/5.0 (compatible; Yahoo! Slurp/3.0; http://help.yahoo.com/help/us/ysearch/slurp)"
66.249.65.169 - - [07/Dec/2008:05:20:44 +0100] "GET /framez-zampa-lovers.html HTTP/1.1" 200 4322 "-" "Mozilla/5.0 (compatible; Googlebot/2.1; +http://www.google.com/bot.html)"
66.249.65.169 - - [07/Dec/2008:05:31:29 +0100] "GET /robots.txt HTTP/1.1" 200 64 "-" "Mozilla/5.0 (compatible; Googlebot/2.1; +http://www.google.com/bot.html)"
66.249.65.169 - - [07/Dec/2008:05:31:29 +0100] "GET /frame-menu.html HTTP/1.1" 200 10536 "-" "Mozilla/5.0 (compatible; Googlebot/2.1; +http://www.google.com/bot.html)"
74.6.17.178 - - [07/Dec/2008:05:31:57 +0100] "GET /robots.txt HTTP/1.0" 200 64 "-" "Mozilla/5.0 (compatible; Yahoo! Slurp; http://help.yahoo.com/help/us/ysearch/slurp)"
74.6.17.178 - - [07/Dec/2008:05:31:57 +0100] "GET /logs/usage_200602.html HTTP/1.0" 200 107723 "-" "Mozilla/5.0 (compatible; Yahoo! Slurp; http://help.yahoo.com/help/us/ysearch/slurp)"
66.249.65.169 - - [07/Dec/2008:05:32:47 +0100] "GET /frame-inhalt.html HTTP/1.1" 200 5418 "-" "Mozilla/5.0 (compatible; Googlebot/2.1; +http://www.google.com/bot.html)"
66.249.65.169 - - [07/Dec/2008:05:35:27 +0100] "GET /frame-unten.html HTTP/1.1" 200 5308 "-" "Mozilla/5.0 (compatible; Googlebot/2.1; +http://www.google.com/bot.html)"
66.249.65.169 - - [07/Dec/2008:05:49:05 +0100] "GET /framez_0.html HTTP/1.1" 200 12444 "-" "Mozilla/5.0 (compatible; Googlebot/2.1; +http://www.google.com/bot.html)"
66.249.65.169 - - [07/Dec/2008:06:07:07 +0100] "GET /zampa/montenegro/MILOW.html HTTP/1.1" 200 860 "-" "Mozilla/5.0 (compatible; Googlebot/2.1; +http://www.google.com/bot.html)"
66.249.65.169 - - [07/Dec/2008:06:07:28 +0100] "GET /zampa/montenegro/contributions.html HTTP/1.1" 200 18843 "-" "Mozilla/5.0 (compatible; Googlebot/2.1; +http://www.google.com/bot.html)"
66.249.65.169 - - [07/Dec/2008:06:08:05 +0100] "GET /zampa/montenegro/SEKAW.html HTTP/1.1" 200 860 "-" "Mozilla/5.0 (compatible; Googlebot/2.1; +http://www.google.com/bot.html)"
66.249.65.169 - - [07/Dec/2008:06:08:43 +0100] "GET /zampa/montenegro/ZMAJW.html HTTP/1.1" 200 860 "-" "Mozilla/5.0 (compatible; Googlebot/2.1; +http://www.google.com/bot.html)"
66.249.65.169 - - [07/Dec/2008:06:08:51 +0100] "GET /zampa/montenegro/TESLAW.html HTTP/1.1" 200 861 "-" "Mozilla/5.0 (compatible; Googlebot/2.1; +http://www.google.com/bot.html)"
66.249.65.169 - - [07/Dec/2008:06:14:00 +0100] "GET /zampa/montenegro/BATAW.html HTTP/1.1" 200 860 "-" "Mozilla/5.0 (compatible; Googlebot/2.1; +http://www.google.com/bot.html)"
66.249.65.169 - - [07/Dec/2008:06:19:11 +0100] "GET / HTTP/1.1" 200 7869 "-" "Mozilla/5.0 (compatible; Googlebot/2.1; +http://www.google.com/bot.html)"
85.149.240.113 - - [07/Dec/2008:06:27:50 +0100] "GET /cgi-bin/sblogin/report/usermanage_sql.cgi HTTP/1.1" 404 2748 "http://various-euro.com/cgi-bin/sblogin/report/usermanage_sql.cgi" "Mozilla/4.0 (compatible; MSIE 6.0; Windows NT 5.1)"
85.149.240.113 - - [07/Dec/2008:06:27:50 +0100] "GET /cgi-bin/sblogin/report/usermanage.cgi HTTP/1.1" 404 2748 "http://various-euro.com/cgi-bin/sblogin/report/usermanage.cgi" "Mozilla/4.0 (compatible; MSIE 6.0; Windows NT 5.1)"
85.149.240.113 - - [07/Dec/2008:06:27:58 +0100] "GET /cgi-bin/sblogin/usermanage.cgi HTTP/1.1" 404 2748 "http://various-euro.com/cgi-bin/sblogin/usermanage.cgi" "Mozilla/4.0 (compatible; MSIE 6.0; Windows NT 5.1)"
67.195.37.107 - - [07/Dec/2008:07:20:01 +0100] "GET /DgH/watch/ HTTP/1.0" 200 2028 "-" "Mozilla/5.0 (compatible; Yahoo! Slurp; http://help.yahoo.com/help/us/ysearch/slurp)"
66.235.124.55 - - [07/Dec/2008:07:40:04 +0100] "GET /robots.txt HTTP/1.0" 200 64 "-" "Mozilla/5.0 (compatible; Ask Jeeves/Teoma; +http://about.ask.com/en/docs/about/webmasters.shtml)"
66.235.124.55 - - [07/Dec/2008:07:40:04 +0100] "GET /f-world.html HTTP/1.0" 200 35590 "-" "Mozilla/5.0 (compatible; Ask Jeeves/Teoma; +http://about.ask.com/en/docs/about/webmasters.shtml)"
66.235.124.54 - - [07/Dec/2008:07:40:19 +0100] "GET /framez-rez.html HTTP/1.0" 200 4323 "-" "Mozilla/5.0 (compatible; Ask Jeeves/Teoma; +http://about.ask.com/en/docs/about/webmasters.shtml)"
66.235.124.54 - - [07/Dec/2008:07:40:19 +0100] "GET /frame-menu.html HTTP/1.0" 200 10536 "-" "Mozilla/5.0 (compatible; Ask Jeeves/Teoma; +http://about.ask.com/en/docs/about/webmasters.shtml)"
66.235.124.54 - - [07/Dec/2008:07:40:19 +0100] "GET /f-rez.html HTTP/1.0" 200 9765 "-" "Mozilla/5.0 (compatible; Ask Jeeves/Teoma; +http://about.ask.com/en/docs/about/webmasters.shtml)"
66.235.124.54 - - [07/Dec/2008:07:40:20 +0100] "GET /frame-unten.html HTTP/1.0" 200 5308 "-" "Mozilla/5.0 (compatible; Ask Jeeves/Teoma; +http://about.ask.com/en/docs/about/webmasters.shtml)"
67.195.37.107 - - [07/Dec/2008:07:55:46 +0100] "GET /robots.txt HTTP/1.0" 200 64 "-" "Mozilla/5.0 (compatible; Yahoo! Slurp; http://help.yahoo.com/help/us/ysearch/slurp)"
67.195.37.107 - - [07/Dec/2008:07:55:47 +0100] "GET /f-other.html HTTP/1.0" 200 33189 "-" "Mozilla/5.0 (compatible; Yahoo! Slurp/3.0; http://help.yahoo.com/help/us/ysearch/slurp)"
58.30.183.144 - - [07/Dec/2008:09:02:48 +0100] "GET /favicon.ico HTTP/1.1" 404 2748 "-" "Mozilla/4.0 (compatible; GoogleToolbar 4.0.1606.6690-big; Windows XP 5.1; MSIE 6.0.2900.2180)"
58.30.183.144 - - [07/Dec/2008:09:02:50 +0100] "GET /favicon.gif HTTP/1.1" 404 2748 "-" "Mozilla/4.0 (compatible; GoogleToolbar 4.0.1606.6690-big; Windows XP 5.1; MSIE 6.0.2900.2180)"
82.99.30.72 - - [07/Dec/2008:09:26:19 +0100] "GET /zampa/slike/udupetu.gif HTTP/1.0" 200 4138 "http://www.various-euro.com/zampa/" "Mozilla/4.0 (compatible; MSIE 6.0; Windows NT 5.1)"
82.99.30.72 - - [07/Dec/2008:09:26:19 +0100] "GET /zampa/slike/inthearse.gif HTTP/1.0" 200 4077 "http://www.various-euro.com/zampa/" "Mozilla/4.0 (compatible; MSIE 6.0; Windows NT 5.1)"
82.99.30.72 - - [07/Dec/2008:09:26:19 +0100] "GET /zampa/slike/zampa.gif HTTP/1.0" 200 5310 "http://www.various-euro.com/zampa/" "Mozilla/4.0 (compatible; MSIE 6.0; Windows NT 5.1)"
72.30.142.233 - - [07/Dec/2008:10:14:27 +0100] "GET /robots.txt HTTP/1.0" 200 64 "-" "Mozilla/5.0 (compatible; Yahoo! Slurp; http://help.yahoo.com/help/us/ysearch/slurp)"
72.30.142.233 - - [07/Dec/2008:10:14:28 +0100] "GET /neon/slow-walk.html HTTP/1.0" 200 1640 "-" "Mozilla/5.0 (compatible; Yahoo! Slurp; http://help.yahoo.com/help/us/ysearch/slurp)"
64.17.2.164 - - [07/Dec/2008:10:27:43 +0100] "GET /robots.txt HTTP/1.1" 200 64 "-" "MLBot (www.metadatalabs.com/mlbot)"
64.17.2.164 - - [07/Dec/2008:10:27:44 +0100] "GET /f-rez.html HTTP/1.1" 200 9765 "-" "MLBot (www.metadatalabs.com/mlbot)"
12.190.158.6 - - [07/Dec/2008:10:54:59 +0100] "GET /f-world.html HTTP/1.1" 200 35590 "-" "-"
66.235.124.7 - - [07/Dec/2008:11:42:50 +0100] "GET /robots.txt HTTP/1.1" 200 64 "-" "Mozilla/5.0 (compatible; Ask Jeeves/Teoma; +http://about.ask.com/en/docs/about/webmasters.shtml)"
66.235.124.7 - - [07/Dec/2008:11:43:05 +0100] "GET / HTTP/1.1" 200 7869 "-" "Mozilla/5.0 (compatible; Ask Jeeves/Teoma; +http://about.ask.com/en/docs/about/webmasters.shtml)"
67.195.37.107 - - [07/Dec/2008:11:52:24 +0100] "GET /bmpp/euro_pal_111.html HTTP/1.0" 200 2129 "-" "Mozilla/5.0 (compatible; Yahoo! Slurp/3.0; http://help.yahoo.com/help/us/ysearch/slurp)"
66.249.65.169 - - [07/Dec/2008:12:05:37 +0100] "GET /robots.txt HTTP/1.1" 200 64 "-" "Mozilla/5.0 (compatible; Googlebot/2.1; +http://www.google.com/bot.html)"
66.249.65.169 - - [07/Dec/2008:12:05:37 +0100] "GET /logs/usage_200812.html HTTP/1.1" 404 2748 "-" "Mozilla/5.0 (compatible; Googlebot/2.1; +http://www.google.com/bot.html)"
67.195.37.107 - - [07/Dec/2008:12:10:03 +0100] "GET /zampa/ HTTP/1.0" 200 7153 "-" "Mozilla/5.0 (compatible; Yahoo! Slurp/3.0; http://help.yahoo.com/help/us/ysearch/slurp)"
74.6.22.177 - - [07/Dec/2008:12:41:55 +0100] "GET /robots.txt HTTP/1.0" 200 64 "-" "Mozilla/5.0 (compatible; Yahoo! Slurp; http://help.yahoo.com/help/us/ysearch/slurp)"
74.6.22.177 - - [07/Dec/2008:12:41:56 +0100] "GET /f-other.html HTTP/1.0" 200 33189 "-" "Mozilla/5.0 (compatible; Yahoo! Slurp; http://help.yahoo.com/help/us/ysearch/slurp)"
74.6.22.177 - - [07/Dec/2008:12:47:08 +0100] "GET /logs/usage_200709.html HTTP/1.0" 200 110974 "-" "Mozilla/5.0 (compatible; Yahoo! Slurp; http://help.yahoo.com/help/us/ysearch/slurp)"
74.6.22.177 - - [07/Dec/2008:12:50:48 +0100] "GET /schubb/schubb-1.html HTTP/1.0" 200 9070 "-" "Mozilla/5.0 (compatible; Yahoo! Slurp; http://help.yahoo.com/help/us/ysearch/slurp)"
67.195.37.177 - - [07/Dec/2008:13:01:55 +0100] "GET /robots.txt HTTP/1.0" 302 363 "-" "Mozilla/5.0 (compatible; Yahoo! Slurp; http://help.yahoo.com/help/us/ysearch/slurp)"
67.195.37.177 - - [07/Dec/2008:13:01:56 +0100] "GET /zampa/robots.txt HTTP/1.0" 404 2748 "-" "Mozilla/5.0 (compatible; Yahoo! Slurp; http://help.yahoo.com/help/us/ysearch/slurp)"
67.195.37.177 - - [07/Dec/2008:13:01:56 +0100] "GET / HTTP/1.0" 302 353 "-" "Mozilla/5.0 (compatible; Yahoo! Slurp; http://help.yahoo.com/help/us/ysearch/slurp)"
66.231.188.140 - - [07/Dec/2008:13:14:25 +0100] "GET /robots.txt HTTP/1.0" 302 363 "-" "Gigabot/3.0 (http://www.gigablast.com/spider.html)"
66.231.188.140 - - [07/Dec/2008:13:14:26 +0100] "GET / HTTP/1.0" 302 353 "-" "Gigabot/3.0 (http://www.gigablast.com/spider.html)"
67.195.37.107 - - [07/Dec/2008:13:48:04 +0100] "GET /zampa/ HTTP/1.0" 200 7153 "-" "Mozilla/5.0 (compatible; Yahoo! Slurp/3.0; http://help.yahoo.com/help/us/ysearch/slurp)"
67.195.37.107 - - [07/Dec/2008:14:32:53 +0100] "GET /restate_copy.html HTTP/1.0" 200 97631 "-" "Mozilla/5.0 (compatible; Yahoo! Slurp; http://help.yahoo.com/help/us/ysearch/slurp)"
74.6.22.177 - - [07/Dec/2008:15:08:31 +0100] "GET /f-doku-brau.html HTTP/1.0" 200 7152 "-" "Mozilla/5.0 (compatible; Yahoo! Slurp; http://help.yahoo.com/help/us/ysearch/slurp)"
67.195.37.107 - - [07/Dec/2008:15:08:39 +0100] "GET /DgH/bull/index.html HTTP/1.0" 200 1915 "-" "Mozilla/5.0 (compatible; Yahoo! Slurp; http://help.yahoo.com/help/us/ysearch/slurp)"
67.195.37.107 - - [07/Dec/2008:15:15:55 +0100] "GET /search.html HTTP/1.0" 200 1440 "-" "Mozilla/5.0 (compatible; Yahoo! Slurp; http://help.yahoo.com/help/us/ysearch/slurp)"
58.30.183.144 - - [07/Dec/2008:15:22:58 +0100] "GET /favicon.ico HTTP/1.1" 404 2748 "-" "Mozilla/4.0 (compatible; GoogleToolbar 4.0.1606.6690-big; Windows XP 5.1; MSIE 6.0.2900.2180)"
58.30.183.144 - - [07/Dec/2008:15:23:01 +0100] "GET /favicon.gif HTTP/1.1" 404 2748 "-" "Mozilla/4.0 (compatible; GoogleToolbar 4.0.1606.6690-big; Windows XP 5.1; MSIE 6.0.2900.2180)"
67.195.37.107 - - [07/Dec/2008:15:32:07 +0100] "GET /channel1.html HTTP/1.0" 404 2748 "-" "Mozilla/5.0 (compatible; Yahoo! Slurp; http://help.yahoo.com/help/us/ysearch/slurp)"
66.249.65.169 - - [07/Dec/2008:16:48:36 +0100] "GET /logs/usage_200702.html HTTP/1.1" 200 107861 "-" "Mozilla/5.0 (compatible; Googlebot/2.1; +http://www.google.com/bot.html)"
74.6.18.220 - - [07/Dec/2008:17:22:58 +0100] "GET /robots.txt HTTP/1.0" 200 64 "-" "Mozilla/5.0 (compatible; Yahoo! Slurp; http://help.yahoo.com/help/us/ysearch/slurp)"
74.6.18.220 - - [07/Dec/2008:17:22:59 +0100] "GET /bmpp/18.html HTTP/1.0" 200 4467 "-" "Mozilla/5.0 (compatible; Yahoo! Slurp; http://help.yahoo.com/help/us/ysearch/slurp)"
58.30.183.144 - - [07/Dec/2008:18:06:20 +0100] "GET /favicon.ico HTTP/1.1" 404 2748 "-" "Mozilla/4.0 (compatible; GoogleToolbar 4.0.1606.6690-big; Windows XP 5.1; MSIE 6.0.2900.2180)"
58.30.183.144 - - [07/Dec/2008:18:06:21 +0100] "GET /favicon.gif HTTP/1.1" 404 2748 "-" "Mozilla/4.0 (compatible; GoogleToolbar 4.0.1606.6690-big; Windows XP 5.1; MSIE 6.0.2900.2180)"
194.249.98.141 - - [07/Dec/2008:18:15:55 +0100] "GET / HTTP/1.1" 302 353 "http://www.google.si/search?hl=sl&client=firefox-a&rls=org.mozilla%3Asl%3Aofficial&hs=k7h&q=zampa+di+leone&btnG=Iskanje&meta=" "Mozilla/5.0 (Windows; U; Windows NT 5.1; sl; rv:1.9.0.4) Gecko/2008102920 Firefox/3.0.4"
194.249.98.141 - - [07/Dec/2008:18:15:55 +0100] "GET /zampa/ HTTP/1.1" 200 7153 "http://www.google.si/search?hl=sl&client=firefox-a&rls=org.mozilla%3Asl%3Aofficial&hs=k7h&q=zampa+di+leone&btnG=Iskanje&meta=" "Mozilla/5.0 (Windows; U; Windows NT 5.1; sl; rv:1.9.0.4) Gecko/2008102920 Firefox/3.0.4"
194.249.98.141 - - [07/Dec/2008:18:15:55 +0100] "GET /zampa/slike/udupetu.gif HTTP/1.1" 200 4138 "http://www.various-euro.com/zampa/" "Mozilla/5.0 (Windows; U; Windows NT 5.1; sl; rv:1.9.0.4) Gecko/2008102920 Firefox/3.0.4"
194.249.98.141 - - [07/Dec/2008:18:15:55 +0100] "GET /zampa/slike/inthearse.gif HTTP/1.1" 200 4077 "http://www.various-euro.com/zampa/" "Mozilla/5.0 (Windows; U; Windows NT 5.1; sl; rv:1.9.0.4) Gecko/2008102920 Firefox/3.0.4"
194.249.98.141 - - [07/Dec/2008:18:15:58 +0100] "GET /zampa/slike/zampa.gif HTTP/1.1" 200 5310 "http://www.various-euro.com/zampa/" "Mozilla/5.0 (Windows; U; Windows NT 5.1; sl; rv:1.9.0.4) Gecko/2008102920 Firefox/3.0.4"
194.249.98.141 - - [07/Dec/2008:18:15:58 +0100] "GET /favicon.ico HTTP/1.1" 404 2748 "-" "Mozilla/5.0 (Windows; U; Windows NT 5.1; sl; rv:1.9.0.4) Gecko/2008102920 Firefox/3.0.4"
194.249.98.141 - - [07/Dec/2008:18:16:01 +0100] "GET /favicon.ico HTTP/1.1" 404 2748 "-" "Mozilla/5.0 (Windows; U; Windows NT 5.1; sl; rv:1.9.0.4) Gecko/2008102920 Firefox/3.0.4"
194.249.98.141 - - [07/Dec/2008:18:16:47 +0100] "GET /zampa/slike/E1TITEL.GIF HTTP/1.1" 200 16284 "http://www.various-euro.com/zampa/" "Mozilla/5.0 (Windows; U; Windows NT 5.1; sl; rv:1.9.0.4) Gecko/2008102920 Firefox/3.0.4"
194.249.98.141 - - [07/Dec/2008:18:16:53 +0100] "GET /zampa/slike/E2COPY.GIF HTTP/1.1" 200 10416 "http://www.various-euro.com/zampa/" "Mozilla/5.0 (Windows; U; Windows NT 5.1; sl; rv:1.9.0.4) Gecko/2008102920 Firefox/3.0.4"
194.249.98.141 - - [07/Dec/2008:18:16:58 +0100] "GET /zampa/slike/E3VAMPIR.GIF HTTP/1.1" 200 52553 "http://www.various-euro.com/zampa/" "Mozilla/5.0 (Windows; U; Windows NT 5.1; sl; rv:1.9.0.4) Gecko/2008102920 Firefox/3.0.4"
194.249.98.141 - - [07/Dec/2008:18:17:05 +0100] "GET /zampa/slike/E4IRWIN.GIF HTTP/1.1" 200 53174 "http://www.various-euro.com/zampa/" "Mozilla/5.0 (Windows; U; Windows NT 5.1; sl; rv:1.9.0.4) Gecko/2008102920 Firefox/3.0.4"
194.249.98.141 - - [07/Dec/2008:18:17:12 +0100] "GET /zampa/slike/E5UROSTO.GIF HTTP/1.1" 200 42690 "http://www.various-euro.com/zampa/" "Mozilla/5.0 (Windows; U; Windows NT 5.1; sl; rv:1.9.0.4) Gecko/2008102920 Firefox/3.0.4"
194.249.98.141 - - [07/Dec/2008:18:17:19 +0100] "GET /zampa/slike/E6BIENNI.GIF HTTP/1.1" 200 33736 "http://www.various-euro.com/zampa/" "Mozilla/5.0 (Windows; U; Windows NT 5.1; sl; rv:1.9.0.4) Gecko/2008102920 Firefox/3.0.4"
194.249.98.141 - - [07/Dec/2008:18:17:25 +0100] "GET /zampa/slike/E7MEDIAA.GIF HTTP/1.1" 200 44716 "http://www.various-euro.com/zampa/" "Mozilla/5.0 (Windows; U; Windows NT 5.1; sl; rv:1.9.0.4) Gecko/2008102920 Firefox/3.0.4"
194.249.98.141 - - [07/Dec/2008:18:17:29 +0100] "GET /zampa/slike/E8CURATO.GIF HTTP/1.1" 200 15386 "http://www.various-euro.com/zampa/" "Mozilla/5.0 (Windows; U; Windows NT 5.1; sl; rv:1.9.0.4) Gecko/2008102920 Firefox/3.0.4"
194.249.98.141 - - [07/Dec/2008:18:17:35 +0100] "GET /zampa/montenegro/index.html HTTP/1.1" 200 2651 "http://www.various-euro.com/zampa/" "Mozilla/5.0 (Windows; U; Windows NT 5.1; sl; rv:1.9.0.4) Gecko/2008102920 Firefox/3.0.4"
194.249.98.141 - - [07/Dec/2008:18:17:36 +0100] "GET /zampa/montenegro/slike/plakat.jpg HTTP/1.1" 200 47879 "http://www.various-euro.com/zampa/montenegro/index.html" "Mozilla/5.0 (Windows; U; Windows NT 5.1; sl; rv:1.9.0.4) Gecko/2008102920 Firefox/3.0.4"
194.249.98.141 - - [07/Dec/2008:18:17:43 +0100] "GET /zampa/montenegro/dajpare.html HTTP/1.1" 200 2503 "http://www.various-euro.com/zampa/" "Mozilla/5.0 (Windows; U; Windows NT 5.1; sl; rv:1.9.0.4) Gecko/2008102920 Firefox/3.0.4"
194.249.98.141 - - [07/Dec/2008:18:17:43 +0100] "GET /zampa/montenegro/slike/BATAW.jpg HTTP/1.1" 200 2631 "http://www.various-euro.com/zampa/montenegro/dajpare.html" "Mozilla/5.0 (Windows; U; Windows NT 5.1; sl; rv:1.9.0.4) Gecko/2008102920 Firefox/3.0.4"
194.249.98.141 - - [07/Dec/2008:18:17:43 +0100] "GET /zampa/montenegro/slike/TESLAW.jpg HTTP/1.1" 200 3770 "http://www.various-euro.com/zampa/montenegro/dajpare.html" "Mozilla/5.0 (Windows; U; Windows NT 5.1; sl; rv:1.9.0.4) Gecko/2008102920 Firefox/3.0.4"
194.249.98.141 - - [07/Dec/2008:18:17:43 +0100] "GET /zampa/montenegro/slike/ZMAJW.jpg HTTP/1.1" 200 4555 "http://www.various-euro.com/zampa/montenegro/dajpare.html" "Mozilla/5.0 (Windows; U; Windows NT 5.1; sl; rv:1.9.0.4) Gecko/2008102920 Firefox/3.0.4"
194.249.98.141 - - [07/Dec/2008:18:17:43 +0100] "GET /zampa/montenegro/slike/SEKAW.jpg HTTP/1.1" 200 2786 "http://www.various-euro.com/zampa/montenegro/dajpare.html" "Mozilla/5.0 (Windows; U; Windows NT 5.1; sl; rv:1.9.0.4) Gecko/2008102920 Firefox/3.0.4"
194.249.98.141 - - [07/Dec/2008:18:17:43 +0100] "GET /zampa/montenegro/slike/MILOW.jpg HTTP/1.1" 200 3823 "http://www.various-euro.com/zampa/montenegro/dajpare.html" "Mozilla/5.0 (Windows; U; Windows NT 5.1; sl; rv:1.9.0.4) Gecko/2008102920 Firefox/3.0.4"
67.195.37.107 - - [07/Dec/2008:18:18:10 +0100] "GET /channel1.html HTTP/1.0" 404 2748 "-" "Mozilla/5.0 (compatible; Yahoo! Slurp/3.0; http://help.yahoo.com/help/us/ysearch/slurp)"
194.8.74.155 - - [07/Dec/2008:18:29:22 +0100] "GET /framez-zampa-lovers.html HTTP/1.0" 200 4322 "-" "Mozilla/4.0 (compatible; MSIE 5.5; Windows NT 5.0)"
194.8.74.155 - - [07/Dec/2008:18:29:22 +0100] "GET /frame-menu.html HTTP/1.0" 200 10536 "-" "Mozilla/4.0 (compatible; MSIE 5.5; Windows NT 5.0)"
194.8.74.155 - - [07/Dec/2008:18:29:22 +0100] "GET /zampa-lovers/index.html HTTP/1.0" 200 37790 "-" "Mozilla/4.0 (compatible; MSIE 5.5; Windows NT 5.0)"
194.8.74.155 - - [07/Dec/2008:18:29:22 +0100] "GET /frame-unten.html HTTP/1.0" 200 5308 "-" "Mozilla/4.0 (compatible; MSIE 5.5; Windows NT 5.0)"
209.19.138.99 - - [07/Dec/2008:18:29:57 +0100] "GET / HTTP/1.1" 200 7869 "-" "Mozilla/5.0 (Windows; U; Win 9x 4.90; en-US; rv:1.0.1) Gecko/20020823 Netscape/7.0"
74.6.8.121 - - [07/Dec/2008:18:30:00 +0100] "GET /robots.txt HTTP/1.0" 200 64 "-" "Mozilla/5.0 (compatible; Yahoo! Slurp; http://help.yahoo.com/help/us/ysearch/slurp)"
74.6.8.121 - - [07/Dec/2008:18:30:00 +0100] "GET /neon/slow-walk2.html HTTP/1.0" 200 1777 "-" "Mozilla/5.0 (compatible; Yahoo! Slurp; http://help.yahoo.com/help/us/ysearch/slurp)"
67.195.37.107 - - [07/Dec/2008:18:31:59 +0100] "GET /robots.txt HTTP/1.0" 200 64 "-" "Mozilla/5.0 (compatible; Yahoo! Slurp; http://help.yahoo.com/help/us/ysearch/slurp)"
67.195.37.107 - - [07/Dec/2008:18:31:59 +0100] "GET /web.html HTTP/1.0" 404 2748 "-" "Mozilla/5.0 (compatible; Yahoo! Slurp; http://help.yahoo.com/help/us/ysearch/slurp)"
67.195.37.107 - - [07/Dec/2008:18:48:09 +0100] "GET /euro.html HTTP/1.0" 404 2748 "-" "Mozilla/5.0 (compatible; Yahoo! Slurp; http://help.yahoo.com/help/us/ysearch/slurp)"
65.55.211.174 - - [07/Dec/2008:19:10:51 +0100] "GET /robots.txt HTTP/1.1" 200 64 "-" "msnbot/1.1 (+http://search.msn.com/msnbot.htm)"
65.55.211.174 - - [07/Dec/2008:19:10:51 +0100] "GET /zampa/wonderland/index.html HTTP/1.1" 200 2084 "-" "msnbot/1.1 (+http://search.msn.com/msnbot.htm)"
74.6.8.121 - - [07/Dec/2008:19:11:03 +0100] "GET /zampa/montenegro/contributions.html HTTP/1.0" 200 18843 "-" "Mozilla/5.0 (compatible; Yahoo! Slurp; http://help.yahoo.com/help/us/ysearch/slurp)"
82.99.30.2 - - [07/Dec/2008:19:16:47 +0100] "GET /DgH/bull/pict/BullGNFL.jpg HTTP/1.0" 200 20466 "http://www.various-euro.com/DgH/bull/index.html" "Mozilla/4.0 (compatible; MSIE 6.0; Windows NT 5.1)"
82.99.30.61 - - [07/Dec/2008:19:22:17 +0100] "GET /DgH/watch/pict/GNouFL-IS.jpg HTTP/1.0" 200 23320 "http://www.various-euro.com/DgH/watch/index.html" "Mozilla/4.0 (compatible; MSIE 6.0; Windows NT 5.1)"
82.99.30.61 - - [07/Dec/2008:19:22:17 +0100] "GET /DgH/watch/pict/Watch-DgH07.jpg HTTP/1.0" 200 12152 "http://www.various-euro.com/DgH/watch/index.html" "Mozilla/4.0 (compatible; MSIE 6.0; Windows NT 5.1)"
82.99.30.61 - - [07/Dec/2008:19:22:17 +0100] "GET /DgH/watch/pict/Watch-DgH08.jpg HTTP/1.0" 200 12152 "http://www.various-euro.com/DgH/watch/index.html" "Mozilla/4.0 (compatible; MSIE 6.0; Windows NT 5.1)"
82.99.30.61 - - [07/Dec/2008:19:22:17 +0100] "GET /DgH/watch/pict/Watch-DgH09.jpg HTTP/1.0" 200 12152 "http://www.various-euro.com/DgH/watch/index.html" "Mozilla/4.0 (compatible; MSIE 6.0; Windows NT 5.1)"
82.99.30.61 - - [07/Dec/2008:19:22:17 +0100] "GET /DgH/watch/pict/Watch-DgH01.jpg HTTP/1.0" 200 12152 "http://www.various-euro.com/DgH/watch/index.html" "Mozilla/4.0 (compatible; MSIE 6.0; Windows NT 5.1)"
82.99.30.61 - - [07/Dec/2008:19:22:17 +0100] "GET /DgH/watch/pict/Watch-DgH05.jpg HTTP/1.0" 200 12152 "http://www.various-euro.com/DgH/watch/index.html" "Mozilla/4.0 (compatible; MSIE 6.0; Windows NT 5.1)"
82.99.30.61 - - [07/Dec/2008:19:22:17 +0100] "GET /DgH/watch/pict/Watch-DgH02.jpg HTTP/1.0" 200 12152 "http://www.various-euro.com/DgH/watch/index.html" "Mozilla/4.0 (compatible; MSIE 6.0; Windows NT 5.1)"
82.99.30.61 - - [07/Dec/2008:19:22:17 +0100] "GET /DgH/watch/pict/Watch-DgH03.jpg HTTP/1.0" 200 12152 "http://www.various-euro.com/DgH/watch/index.html" "Mozilla/4.0 (compatible; MSIE 6.0; Windows NT 5.1)"
82.99.30.61 - - [07/Dec/2008:19:22:17 +0100] "GET /DgH/watch/pict/Watch-DgH04.jpg HTTP/1.0" 200 12152 "http://www.various-euro.com/DgH/watch/index.html" "Mozilla/4.0 (compatible; MSIE 6.0; Windows NT 5.1)"
82.99.30.61 - - [07/Dec/2008:19:22:17 +0100] "GET /DgH/watch/pict/Watch-DgH10.jpg HTTP/1.0" 200 12152 "http://www.various-euro.com/DgH/watch/index.html" "Mozilla/4.0 (compatible; MSIE 6.0; Windows NT 5.1)"
82.99.30.61 - - [07/Dec/2008:19:22:17 +0100] "GET /DgH/watch/pict/Watch.mp3 HTTP/1.0" 200 29938 "http://www.various-euro.com/DgH/watch/index.html" "Mozilla/4.0 (compatible; MSIE 6.0; Windows NT 5.1)"
82.99.30.11 - - [07/Dec/2008:19:47:58 +0100] "GET /DgH/rampe/pict/Rampe.mp3 HTTP/1.0" 200 8295 "http://www.various-euro.com/DgH/rampe/index.html" "Mozilla/4.0 (compatible; MSIE 6.0; Windows NT 5.1)"
82.99.30.11 - - [07/Dec/2008:19:47:58 +0100] "GET /DgH/rampe/pict/GNouFL-IS.jpg HTTP/1.0" 200 23320 "http://www.various-euro.com/DgH/rampe/index.html" "Mozilla/4.0 (compatible; MSIE 6.0; Windows NT 5.1)"
82.99.30.11 - - [07/Dec/2008:19:47:58 +0100] "GET /DgH/rampe/pict/Rampe-DgH03.jpg HTTP/1.0" 200 12044 "http://www.various-euro.com/DgH/rampe/index.html" "Mozilla/4.0 (compatible; MSIE 6.0; Windows NT 5.1)"
82.99.30.11 - - [07/Dec/2008:19:47:58 +0100] "GET /DgH/rampe/pict/Rampe-DgH10.jpg HTTP/1.0" 200 12044 "http://www.various-euro.com/DgH/rampe/index.html" "Mozilla/4.0 (compatible; MSIE 6.0; Windows NT 5.1)"
82.99.30.11 - - [07/Dec/2008:19:47:58 +0100] "GET /DgH/rampe/pict/Rampe-DgH01.jpg HTTP/1.0" 200 12044 "http://www.various-euro.com/DgH/rampe/index.html" "Mozilla/4.0 (compatible; MSIE 6.0; Windows NT 5.1)"
82.99.30.11 - - [07/Dec/2008:19:47:58 +0100] "GET /DgH/rampe/pict/Rampe-DgH09.jpg HTTP/1.0" 200 12044 "http://www.various-euro.com/DgH/rampe/index.html" "Mozilla/4.0 (compatible; MSIE 6.0; Windows NT 5.1)"
82.99.30.11 - - [07/Dec/2008:19:47:58 +0100] "GET /DgH/rampe/pict/Rampe-DgH04.jpg HTTP/1.0" 200 12044 "http://www.various-euro.com/DgH/rampe/index.html" "Mozilla/4.0 (compatible; MSIE 6.0; Windows NT 5.1)"
82.99.30.11 - - [07/Dec/2008:19:47:58 +0100] "GET /DgH/rampe/pict/Rampe-DgH05.jpg HTTP/1.0" 200 12044 "http://www.various-euro.com/DgH/rampe/index.html" "Mozilla/4.0 (compatible; MSIE 6.0; Windows NT 5.1)"
82.99.30.11 - - [07/Dec/2008:19:47:58 +0100] "GET /DgH/rampe/pict/Rampe-DgH07.jpg HTTP/1.0" 200 12044 "http://www.various-euro.com/DgH/rampe/index.html" "Mozilla/4.0 (compatible; MSIE 6.0; Windows NT 5.1)"
82.99.30.11 - - [07/Dec/2008:19:47:58 +0100] "GET /DgH/rampe/pict/Rampe-DgH08.jpg HTTP/1.0" 200 12044 "http://www.various-euro.com/DgH/rampe/index.html" "Mozilla/4.0 (compatible; MSIE 6.0; Windows NT 5.1)"
66.249.65.169 - - [07/Dec/2008:19:54:09 +0100] "GET /f-other.html HTTP/1.1" 200 33189 "-" "Mozilla/5.0 (compatible; Googlebot/2.1; +http://www.google.com/bot.html)"
82.99.30.15 - - [07/Dec/2008:19:57:57 +0100] "GET /DgH/orginal/pict/GNFL.jpg HTTP/1.0" 200 17744 "http://www.various-euro.com/DgH/orginal/index.html" "Mozilla/4.0 (compatible; MSIE 6.0; Windows NT 5.1)"
213.239.237.21 - - [07/Dec/2008:20:04:42 +0100] "GET / HTTP/1.0" 200 7869 "-" "-"
82.99.30.57 - - [07/Dec/2008:20:10:34 +0100] "GET /logs/usage.png HTTP/1.0" 200 2913 "http://www.various-euro.com/logs/" "Mozilla/4.0 (compatible; MSIE 6.0; Windows NT 5.1)"
74.6.8.111 - - [07/Dec/2008:20:33:03 +0100] "GET /robots.txt HTTP/1.0" 200 64 "-" "Mozilla/5.0 (compatible; Yahoo! Slurp; http://help.yahoo.com/help/us/ysearch/slurp)"
74.6.8.111 - - [07/Dec/2008:20:33:03 +0100] "GET /search.html HTTP/1.0" 200 1440 "-" "Mozilla/5.0 (compatible; Yahoo! Slurp; http://help.yahoo.com/help/us/ysearch/slurp)"
220.181.61.232 - - [07/Dec/2008:20:37:14 +0100] "GET / HTTP/1.1" 302 353 "-" "Sogou web spider/4.0(+http://www.sogou.com/docs/help/webmasters.htm#07)"
220.181.61.232 - - [07/Dec/2008:20:37:25 +0100] "GET /robots.txt HTTP/1.1" 302 363 "-" "-"
74.6.8.111 - - [07/Dec/2008:20:37:39 +0100] "GET /sendi_agent.html HTTP/1.0" 200 6213 "-" "Mozilla/5.0 (compatible; Yahoo! Slurp; http://help.yahoo.com/help/us/ysearch/slurp)"
74.6.8.111 - - [07/Dec/2008:20:39:18 +0100] "GET /f-rez.html HTTP/1.0" 200 9765 "-" "Mozilla/5.0 (compatible; Yahoo! Slurp; http://help.yahoo.com/help/us/ysearch/slurp)"
66.249.65.169 - - [07/Dec/2008:20:57:21 +0100] "GET /framez.html HTTP/1.1" 200 3959 "-" "Mozilla/5.0 (compatible; Googlebot/2.1; +http://www.google.com/bot.html)"
91.114.249.30 - - [07/Dec/2008:21:43:02 +0100] "GET /framez-zampa-lovers.html HTTP/1.1" 200 4322 "http://www.google.de/search?hl=de&rlz=1T4GGIH_deAT270AT270&q=sta+je+aura&start=10&sa=N" "Mozilla/4.0 (compatible; MSIE 7.0; Windows NT 6.0; SLCC1; .NET CLR 2.0.50727; Media Center PC 5.0; .NET CLR 3.0.04506; InfoPath.2)"
91.114.249.30 - - [07/Dec/2008:21:43:02 +0100] "GET /frame-menu.html HTTP/1.1" 200 10536 "http://www.various-euro.com/framez-zampa-lovers.html" "Mozilla/4.0 (compatible; MSIE 7.0; Windows NT 6.0; SLCC1; .NET CLR 2.0.50727; Media Center PC 5.0; .NET CLR 3.0.04506; InfoPath.2)"
91.114.249.30 - - [07/Dec/2008:21:43:02 +0100] "GET /frame-unten.html HTTP/1.1" 200 5308 "http://www.various-euro.com/framez-zampa-lovers.html" "Mozilla/4.0 (compatible; MSIE 7.0; Windows NT 6.0; SLCC1; .NET CLR 2.0.50727; Media Center PC 5.0; .NET CLR 3.0.04506; InfoPath.2)"
91.114.249.30 - - [07/Dec/2008:21:43:02 +0100] "GET /zampa-lovers/index.html HTTP/1.1" 200 37790 "http://www.various-euro.com/framez-zampa-lovers.html" "Mozilla/4.0 (compatible; MSIE 7.0; Windows NT 6.0; SLCC1; .NET CLR 2.0.50727; Media Center PC 5.0; .NET CLR 3.0.04506; InfoPath.2)"
91.114.249.30 - - [07/Dec/2008:21:43:03 +0100] "GET /style/various-euro.css HTTP/1.1" 200 3437 "http://www.various-euro.com/frame-menu.html" "Mozilla/4.0 (compatible; MSIE 7.0; Windows NT 6.0; SLCC1; .NET CLR 2.0.50727; Media Center PC 5.0; .NET CLR 3.0.04506; InfoPath.2)"
91.114.249.30 - - [07/Dec/2008:21:43:03 +0100] "GET /zampa-lovers/kralle.gif HTTP/1.1" 404 2748 "http://www.various-euro.com/zampa-lovers/index.html" "Mozilla/4.0 (compatible; MSIE 7.0; Windows NT 6.0; SLCC1; .NET CLR 2.0.50727; Media Center PC 5.0; .NET CLR 3.0.04506; InfoPath.2)"
91.114.249.30 - - [07/Dec/2008:21:43:03 +0100] "GET /zampa-lovers/DRAGAN_Z.JPG HTTP/1.1" 200 6850 "http://www.various-euro.com/zampa-lovers/index.html" "Mozilla/4.0 (compatible; MSIE 7.0; Windows NT 6.0; SLCC1; .NET CLR 2.0.50727; Media Center PC 5.0; .NET CLR 3.0.04506; InfoPath.2)"
91.114.249.30 - - [07/Dec/2008:21:43:03 +0100] "GET /zampa-lovers/MILIZA_2.JPG HTTP/1.1" 200 22172 "http://www.various-euro.com/zampa-lovers/index.html" "Mozilla/4.0 (compatible; MSIE 7.0; Windows NT 6.0; SLCC1; .NET CLR 2.0.50727; Media Center PC 5.0; .NET CLR 3.0.04506; InfoPath.2)"
91.114.249.30 - - [07/Dec/2008:21:43:03 +0100] "GET /zampa-lovers/MILIZA_3.JPG HTTP/1.1" 200 26924 "http://www.various-euro.com/zampa-lovers/index.html" "Mozilla/4.0 (compatible; MSIE 7.0; Windows NT 6.0; SLCC1; .NET CLR 2.0.50727; Media Center PC 5.0; .NET CLR 3.0.04506; InfoPath.2)"
91.114.249.30 - - [07/Dec/2008:21:43:04 +0100] "GET /zampa-lovers/MILIZA_B.JPG HTTP/1.1" 200 10947 "http://www.various-euro.com/zampa-lovers/index.html" "Mozilla/4.0 (compatible; MSIE 7.0; Windows NT 6.0; SLCC1; .NET CLR 2.0.50727; Media Center PC 5.0; .NET CLR 3.0.04506; InfoPath.2)"
91.114.249.30 - - [07/Dec/2008:21:43:04 +0100] "GET /zampa-lovers/MILIZA_4.JPG HTTP/1.1" 200 9946 "http://www.various-euro.com/zampa-lovers/index.html" "Mozilla/4.0 (compatible; MSIE 7.0; Windows NT 6.0; SLCC1; .NET CLR 2.0.50727; Media Center PC 5.0; .NET CLR 3.0.04506; InfoPath.2)"
91.114.249.30 - - [07/Dec/2008:21:43:04 +0100] "GET /zampa-lovers/DRAGANZA.JPG HTTP/1.1" 200 18560 "http://www.various-euro.com/zampa-lovers/index.html" "Mozilla/4.0 (compatible; MSIE 7.0; Windows NT 6.0; SLCC1; .NET CLR 2.0.50727; Media Center PC 5.0; .NET CLR 3.0.04506; InfoPath.2)"
91.114.249.30 - - [07/Dec/2008:21:43:03 +0100] "GET /zampa-lovers/zampa.gif HTTP/1.1" 200 460627 "http://www.various-euro.com/zampa-lovers/index.html" "Mozilla/4.0 (compatible; MSIE 7.0; Windows NT 6.0; SLCC1; .NET CLR 2.0.50727; Media Center PC 5.0; .NET CLR 3.0.04506; InfoPath.2)"
91.114.249.30 - - [07/Dec/2008:21:43:04 +0100] "GET /zampa-lovers/1SEITEVE.GIF HTTP/1.1" 200 78726 "http://www.various-euro.com/zampa-lovers/index.html" "Mozilla/4.0 (compatible; MSIE 7.0; Windows NT 6.0; SLCC1; .NET CLR 2.0.50727; Media Center PC 5.0; .NET CLR 3.0.04506; InfoPath.2)"
91.114.249.30 - - [07/Dec/2008:21:43:05 +0100] "GET /zampa-lovers/2SEITEVE.GIF HTTP/1.1" 200 83466 "http://www.various-euro.com/zampa-lovers/index.html" "Mozilla/4.0 (compatible; MSIE 7.0; Windows NT 6.0; SLCC1; .NET CLR 2.0.50727; Media Center PC 5.0; .NET CLR 3.0.04506; InfoPath.2)"
91.114.249.30 - - [07/Dec/2008:21:43:05 +0100] "GET /zampa-lovers/Kralle.gif HTTP/1.1" 200 260 "http://www.various-euro.com/zampa-lovers/index.html" "Mozilla/4.0 (compatible; MSIE 7.0; Windows NT 6.0; SLCC1; .NET CLR 2.0.50727; Media Center PC 5.0; .NET CLR 3.0.04506; InfoPath.2)"
91.114.249.30 - - [07/Dec/2008:21:43:05 +0100] "GET /zampa-lovers/zampa-2X2.gif HTTP/1.1" 200 6948 "http://www.various-euro.com/zampa-lovers/index.html" "Mozilla/4.0 (compatible; MSIE 7.0; Windows NT 6.0; SLCC1; .NET CLR 2.0.50727; Media Center PC 5.0; .NET CLR 3.0.04506; InfoPath.2)"
91.114.249.30 - - [07/Dec/2008:21:43:05 +0100] "GET /zampa-lovers/zampamali.gif HTTP/1.1" 200 2617 "http://www.various-euro.com/zampa-lovers/index.html" "Mozilla/4.0 (compatible; MSIE 7.0; Windows NT 6.0; SLCC1; .NET CLR 2.0.50727; Media Center PC 5.0; .NET CLR 3.0.04506; InfoPath.2)"
91.114.249.30 - - [07/Dec/2008:21:43:05 +0100] "GET /ve-icon-2.ico HTTP/1.1" 200 2238 "-" "Mozilla/4.0 (compatible; MSIE 7.0; Windows NT 6.0; SLCC1; .NET CLR 2.0.50727; Media Center PC 5.0; .NET CLR 3.0.04506; InfoPath.2)"
67.195.37.107 - - [07/Dec/2008:22:01:58 +0100] "GET /logz.html HTTP/1.0" 404 2748 "-" "Mozilla/5.0 (compatible; Yahoo! Slurp; http://help.yahoo.com/help/us/ysearch/slurp)"
66.249.65.169 - - [07/Dec/2008:22:06:37 +0100] "GET /vinfo/virusencyclo/default5.asp?VName= HTTP/1.1" 404 2748 "-" "Mozilla/5.0 (compatible; Googlebot/2.1; +http://www.google.com/bot.html)"
208.96.54.72 - - [07/Dec/2008:22:41:05 +0100] "GET /zampa/robots.txt HTTP/1.1" 404 2748 "-" "Mozilla/5.0 (compatible; discobot/1.0; +http://discoveryengine.com/discobot.html)"
67.195.37.107 - - [07/Dec/2008:22:52:19 +0100] "GET /zampa/montenegro/ HTTP/1.0" 200 2651 "-" "Mozilla/5.0 (compatible; Yahoo! Slurp; http://help.yahoo.com/help/us/ysearch/slurp)"
74.6.22.94 - - [07/Dec/2008:22:59:01 +0100] "GET /robots.txt HTTP/1.0" 200 64 "-" "Mozilla/5.0 (compatible; Yahoo! Slurp; http://help.yahoo.com/help/us/ysearch/slurp)"
74.6.22.94 - - [07/Dec/2008:22:59:02 +0100] "GET /neon/girl-tv.html HTTP/1.0" 200 1717 "-" "Mozilla/5.0 (compatible; Yahoo! Slurp; http://help.yahoo.com/help/us/ysearch/slurp)"
67.195.37.107 - - [08/Dec/2008:00:01:15 +0100] "GET /f-world.html HTTP/1.0" 200 35590 "-" "Mozilla/5.0 (compatible; Yahoo! Slurp; http://help.yahoo.com/help/us/ysearch/slurp)"
72.30.142.174 - - [08/Dec/2008:00:15:56 +0100] "GET /robots.txt HTTP/1.0" 200 64 "-" "Mozilla/5.0 (compatible; Yahoo! Slurp; http://help.yahoo.com/help/us/ysearch/slurp)"
72.30.142.174 - - [08/Dec/2008:00:15:56 +0100] "GET /framez-rez.html HTTP/1.0" 200 4323 "-" "Mozilla/5.0 (compatible; Yahoo! Slurp/3.0; http://help.yahoo.com/help/us/ysearch/slurp)"
72.30.142.174 - - [08/Dec/2008:00:16:04 +0100] "GET /frame-menu.html HTTP/1.0" 200 10536 "http://www.various-euro.com/framez-rez.html" "Mozilla/5.0 (compatible; Yahoo! Slurp/3.0; http://help.yahoo.com/help/us/ysearch/slurp)"
72.30.142.174 - - [08/Dec/2008:00:16:04 +0100] "GET /style/various-euro.css HTTP/1.0" 200 3437 "http://www.various-euro.com/frame-menu.html" "Mozilla/5.0 (compatible; Yahoo! Slurp/3.0; http://help.yahoo.com/help/us/ysearch/slurp)"
72.30.142.174 - - [08/Dec/2008:00:16:07 +0100] "GET /frame-unten.html HTTP/1.0" 200 5308 "http://www.various-euro.com/framez-rez.html" "Mozilla/5.0 (compatible; Yahoo! Slurp/3.0; http://help.yahoo.com/help/us/ysearch/slurp)"
