66.249.65.169 - - [22/Dec/2008:05:11:28 +0100] "GET /neon/girl-tv.html HTTP/1.1" 200 1717 "-" "Mozilla/5.0 (compatible; Googlebot/2.1; +http://www.google.com/bot.html)"
72.30.78.253 - - [22/Dec/2008:05:47:46 +0100] "GET /zampa HTTP/1.0" 301 375 "-" "Mozilla/5.0 (compatible; Yahoo! Slurp; http://help.yahoo.com/help/us/ysearch/slurp)"
72.30.78.253 - - [22/Dec/2008:05:47:57 +0100] "GET /zampa/ HTTP/1.0" 200 7153 "-" "Mozilla/5.0 (compatible; Yahoo! Slurp; http://help.yahoo.com/help/us/ysearch/slurp)"
72.30.78.253 - - [22/Dec/2008:05:53:52 +0100] "GET /zampa/montenegro/SEKAW.html HTTP/1.0" 200 860 "-" "Mozilla/5.0 (compatible; Yahoo! Slurp; http://help.yahoo.com/help/us/ysearch/slurp)"
74.6.18.226 - - [22/Dec/2008:05:56:30 +0100] "GET /robots.txt HTTP/1.0" 200 64 "-" "Mozilla/5.0 (compatible; Yahoo! Slurp; http://help.yahoo.com/help/us/ysearch/slurp)"
74.6.18.226 - - [22/Dec/2008:05:56:31 +0100] "GET /zampa/montenegro/TESLAW.html HTTP/1.0" 200 861 "-" "Mozilla/5.0 (compatible; Yahoo! Slurp/3.0; http://help.yahoo.com/help/us/ysearch/slurp)"
66.249.65.169 - - [22/Dec/2008:06:11:54 +0100] "GET / HTTP/1.1" 200 7869 "-" "Mozilla/5.0 (compatible; Googlebot/2.1; +http://www.google.com/bot.html)"
66.249.65.169 - - [22/Dec/2008:06:25:50 +0100] "GET /framez-world.html HTTP/1.1" 200 4325 "-" "Mozilla/5.0 (compatible; Googlebot/2.1; +http://www.google.com/bot.html)"
208.80.194.41 - - [22/Dec/2008:06:26:05 +0100] "GET / HTTP/1.0" 200 7869 "-" "Mozilla/4.0 (compatible; MSIE 6.0; Windows NT 5.1; SV1; FunWebProducts; .NET CLR 1.1.4322; HbTools 4.8.4; yplus 5.6.03b)"
208.80.194.41 - - [22/Dec/2008:06:26:05 +0100] "GET / HTTP/1.0" 200 7869 "-" "Mozilla/4.0 (compatible; MSIE 6.0; Windows NT 5.0; Q312461; .NET CLR 1.1.4322; SpamBlockerUtility 4.8.4)"
66.249.65.169 - - [22/Dec/2008:06:53:43 +0100] "GET /framez-contact.html HTTP/1.1" 200 4325 "-" "Mozilla/5.0 (compatible; Googlebot/2.1; +http://www.google.com/bot.html)"
65.55.212.218 - - [22/Dec/2008:07:51:34 +0100] "GET /robots.txt HTTP/1.0" 200 64 "-" "msnbot-media/1.0 (+http://search.msn.com/msnbot.htm)"
65.55.212.218 - - [22/Dec/2008:07:51:35 +0100] "GET /bmpp/18start.html HTTP/1.0" 200 320 "-" "msnbot-media/1.0 (+http://search.msn.com/msnbot.htm)"
67.195.37.119 - - [22/Dec/2008:07:53:21 +0100] "GET /triple-double-u/ HTTP/1.0" 403 1223 "-" "Mozilla/5.0 (compatible; Yahoo! Slurp; http://help.yahoo.com/help/us/ysearch/slurp)"
66.249.65.169 - - [22/Dec/2008:07:58:47 +0100] "GET /schubb/schubb-4.html HTTP/1.1" 200 17746 "-" "Mozilla/5.0 (compatible; Googlebot/2.1; +http://www.google.com/bot.html)"
66.249.65.169 - - [22/Dec/2008:08:31:19 +0100] "GET /neon/annniiii.html HTTP/1.1" 200 686 "-" "Mozilla/5.0 (compatible; Googlebot/2.1; +http://www.google.com/bot.html)"
91.193.130.50 - - [22/Dec/2008:08:36:44 +0100] "HEAD /image1234.php HTTP/1.1" 404 - "-" "Mozilla/5.0 (Windows; U; Windows NT 5.1; en; rv:1.8.1.8) Gecko/20071008 Firefox/2.0.0.8"
72.30.142.107 - - [22/Dec/2008:09:10:20 +0100] "GET /robots.txt HTTP/1.0" 200 64 "-" "Mozilla/5.0 (compatible; Yahoo! Slurp; http://help.yahoo.com/help/us/ysearch/slurp)"
72.30.142.107 - - [22/Dec/2008:09:10:20 +0100] "GET /sendi_agent.html HTTP/1.0" 200 6213 "-" "Mozilla/5.0 (compatible; Yahoo! Slurp; http://help.yahoo.com/help/us/ysearch/slurp)"
208.36.144.10 - - [22/Dec/2008:09:14:06 +0100] "GET /robots.txt HTTP/1.0" 200 64 "-" "Mozilla/5.0 (Twiceler-0.9 http://www.cuil.com/twiceler/robot.html)"
66.249.65.169 - - [22/Dec/2008:09:17:48 +0100] "GET /zampa/montenegro/contributions.html HTTP/1.1" 200 18843 "-" "Mozilla/5.0 (compatible; Googlebot/2.1; +http://www.google.com/bot.html)"
81.52.143.16 - - [22/Dec/2008:09:26:29 +0100] "GET /bmpp/18.html HTTP/1.1" 200 4467 "-" "Mozilla/5.0 (Windows; U; Windows NT 5.1; fr; rv:1.8.1) VoilaBot BETA 1.2 (support.voilabot@orange-ftgroup.com)"
66.249.65.169 - - [22/Dec/2008:09:36:23 +0100] "GET /framez_0.html HTTP/1.1" 200 12444 "-" "Mozilla/5.0 (compatible; Googlebot/2.1; +http://www.google.com/bot.html)"
67.195.37.119 - - [22/Dec/2008:09:46:36 +0100] "GET /robots.txt HTTP/1.0" 200 64 "-" "Mozilla/5.0 (compatible; Yahoo! Slurp; http://help.yahoo.com/help/us/ysearch/slurp)"
67.195.37.119 - - [22/Dec/2008:09:46:36 +0100] "GET /f-bannnerz.html HTTP/1.0" 200 12651 "-" "Mozilla/5.0 (compatible; Yahoo! Slurp/3.0; http://help.yahoo.com/help/us/ysearch/slurp)"
66.249.65.169 - - [22/Dec/2008:10:08:55 +0100] "GET /3dsf3/sendi/receiver.html HTTP/1.1" 200 1402 "-" "Mozilla/5.0 (compatible; Googlebot/2.1; +http://www.google.com/bot.html)"
193.252.149.16 - - [22/Dec/2008:10:38:28 +0100] "GET /DgH/rampe/index.html HTTP/1.1" 200 2056 "-" "Mozilla/5.0 (Windows; U; Windows NT 5.1; fr; rv:1.8.1) VoilaBot BETA 1.2 (support.voilabot@orange-ftgroup.com)"
65.55.212.218 - - [22/Dec/2008:10:41:15 +0100] "GET /robots.txt HTTP/1.0" 200 64 "-" "msnbot-media/1.0 (+http://search.msn.com/msnbot.htm)"
65.55.212.218 - - [22/Dec/2008:10:41:15 +0100] "GET /neon/warning.html HTTP/1.0" 200 5134 "-" "msnbot-media/1.0 (+http://search.msn.com/msnbot.htm)"
65.55.212.218 - - [22/Dec/2008:10:46:07 +0100] "GET /schubb/schubb-4.html HTTP/1.0" 200 17746 "-" "msnbot-media/1.0 (+http://search.msn.com/msnbot.htm)"
66.249.65.169 - - [22/Dec/2008:10:50:45 +0100] "GET /f-actions.html HTTP/1.1" 200 10429 "-" "Mozilla/5.0 (compatible; Googlebot/2.1; +http://www.google.com/bot.html)"
38.100.41.105 - - [22/Dec/2008:10:53:03 +0100] "GET /restate_copy.html HTTP/1.1" 200 97631 "http://www.google.com/custom?cof=GALT%3A336600%3BVLC%3A000066%3BAH%3Acenter%3BBGC%3AFFFFFF%3BLH%3A81%3BLC%3A000066%3BGFNT%3A336600%3BL%3Ahttp%3A%2F%2Fcyveillance.allthesites.com%2Fimages%2Fats_logo.gif%3BALC%3A000066%3BLW%3A361%3BT%3A000066%3BGIMP%3A336600%3BAWFID%3A248cacfbbe0ae58f%3B&q=%22state%20farm%22%20yahoo%20%22previous%20message%22&num=100&hl=en&start=0&filter=0" "Mozilla/4.0 (compatible; MSIE 5.5; Windows NT 5.0)"
38.100.41.105 - - [22/Dec/2008:10:59:01 +0100] "GET /framez-restate.html HTTP/1.1" 200 4328 "http://www.google.com/search?q=%22state%20farm%22%20yahoo%20%22previous%20message%22&num=100&hl=en&start=100&filter=0" "Mozilla/4.0 (compatible; MSIE 5.5; Windows NT 5.0)"
65.55.212.218 - - [22/Dec/2008:11:14:15 +0100] "GET /neon/annniiii.html HTTP/1.0" 200 686 "-" "msnbot-media/1.0 (+http://search.msn.com/msnbot.htm)"
65.55.212.218 - - [22/Dec/2008:11:14:15 +0100] "GET /framez-zampa-lovers.html HTTP/1.0" 200 4322 "-" "msnbot-media/1.0 (+http://search.msn.com/msnbot.htm)"
193.252.149.15 - - [22/Dec/2008:11:42:44 +0100] "GET /neon/euro.html HTTP/1.1" 200 2212 "-" "Mozilla/5.0 (Windows; U; Windows NT 5.1; fr; rv:1.8.1) VoilaBot BETA 1.2 (support.voilabot@orange-ftgroup.com)"
67.195.37.119 - - [22/Dec/2008:11:46:25 +0100] "GET /f-euro.html HTTP/1.0" 200 12203 "-" "Mozilla/5.0 (compatible; Yahoo! Slurp/3.0; http://help.yahoo.com/help/us/ysearch/slurp)"
85.214.102.38 - - [22/Dec/2008:11:49:52 +0100] "HEAD /zampa/ HTTP/1.1" 200 - "http://www.eurip.com" "EuripBot/1.0 (+http://www.eurip.com) PreCheck"
193.252.149.15 - - [22/Dec/2008:11:51:07 +0100] "GET /bmpp/euro_pal_111.html HTTP/1.1" 200 2129 "-" "Mozilla/5.0 (Windows; U; Windows NT 5.1; fr; rv:1.8.1) VoilaBot BETA 1.2 (support.voilabot@orange-ftgroup.com)"
66.249.65.169 - - [22/Dec/2008:12:07:15 +0100] "GET /logs/usage_200812.html HTTP/1.1" 404 2748 "-" "Mozilla/5.0 (compatible; Googlebot/2.1; +http://www.google.com/bot.html)"
208.94.243.130 - - [22/Dec/2008:12:17:03 +0100] "GET / HTTP/1.1" 200 7869 "-" "Mozilla/4.0 (compatible; MSIE 6.0; Windows NT 4.0) Opera 7.20 [en]"
72.30.142.107 - - [22/Dec/2008:13:02:37 +0100] "GET /robots.txt HTTP/1.0" 200 64 "-" "Mozilla/5.0 (compatible; Yahoo! Slurp; http://help.yahoo.com/help/us/ysearch/slurp)"
72.30.142.107 - - [22/Dec/2008:13:02:37 +0100] "GET /framez-rez.html HTTP/1.0" 200 4323 "-" "Mozilla/5.0 (compatible; Yahoo! Slurp; http://help.yahoo.com/help/us/ysearch/slurp)"
72.30.142.107 - - [22/Dec/2008:13:02:37 +0100] "GET /frame-menu.html HTTP/1.0" 200 10536 "-" "Mozilla/5.0 (compatible; Yahoo! Slurp; http://help.yahoo.com/help/us/ysearch/slurp)"
72.30.142.107 - - [22/Dec/2008:13:02:38 +0100] "GET /f-rez.html HTTP/1.0" 200 9765 "-" "Mozilla/5.0 (compatible; Yahoo! Slurp; http://help.yahoo.com/help/us/ysearch/slurp)"
72.30.142.107 - - [22/Dec/2008:13:02:39 +0100] "GET /frame-unten.html HTTP/1.0" 200 5308 "-" "Mozilla/5.0 (compatible; Yahoo! Slurp; http://help.yahoo.com/help/us/ysearch/slurp)"
193.27.78.9 - - [22/Dec/2008:13:11:02 +0100] "GET /restate_copy.html HTTP/1.1" 200 97631 "-" "Mozilla/4.0 (compatible; MSIE 6.0; Windows NT 5.1; SV1)"
193.27.78.9 - - [22/Dec/2008:13:11:04 +0100] "GET /menue.html HTTP/1.1" 404 2748 "-" "Mozilla/4.0 (compatible; MSIE 6.0; Windows NT 5.1; SV1)"
89.171.175.106 - - [22/Dec/2008:13:11:10 +0100] "GET /menue.html HTTP/1.1" 404 2748 "-" "Mozilla/4.0 (compatible; MSIE 6.0; Windows NT 5.1; SV1)"
221.224.108.85 - - [22/Dec/2008:13:11:12 +0100] "GET /menue.html HTTP/1.1" 404 2748 "-" "Mozilla/4.0 (compatible; MSIE 6.0; Windows NT 5.1; SV1)"
221.224.108.85 - - [22/Dec/2008:13:11:13 +0100] "GET /euro.html HTTP/1.1" 404 2748 "-" "Mozilla/4.0 (compatible; MSIE 6.0; Windows NT 5.1; SV1)"
221.224.108.85 - - [22/Dec/2008:13:11:27 +0100] "GET /warez.html HTTP/1.1" 200 9754 "-" "Mozilla/4.0 (compatible; MSIE 6.0; Windows NT 5.1; SV1)"
213.97.52.28 - - [22/Dec/2008:13:12:04 +0100] "GET /web.html HTTP/1.0" 404 2748 "-" "Mozilla/4.0 (compatible; MSIE 6.0; Windows NT 5.1; SV1)"
68.15.221.17 - - [22/Dec/2008:13:12:32 +0100] "GET /web.html HTTP/1.0" 404 2748 "-" "Mozilla/4.0 (compatible; MSIE 6.0; Windows NT 5.1; SV1)"
76.127.22.84 - - [22/Dec/2008:13:12:48 +0100] "GET /world.html HTTP/1.1" 200 16295 "-" "Mozilla/4.0 (compatible; MSIE 6.0; Windows NT 5.1; SV1)"
76.127.22.84 - - [22/Dec/2008:13:12:49 +0100] "GET /channel1.html HTTP/1.1" 404 2748 "-" "Mozilla/4.0 (compatible; MSIE 6.0; Windows NT 5.1; SV1)"
67.195.37.119 - - [22/Dec/2008:13:12:56 +0100] "GET /schubb/schubb-1.html HTTP/1.0" 200 9070 "-" "Mozilla/5.0 (compatible; Yahoo! Slurp/3.0; http://help.yahoo.com/help/us/ysearch/slurp)"
203.187.197.104 - - [22/Dec/2008:13:13:24 +0100] "GET /contact.html HTTP/1.1" 404 2748 "-" "Mozilla/4.0 (compatible; MSIE 6.0; Windows NT 5.1; SV1)"
76.76.100.2 - - [22/Dec/2008:13:13:26 +0100] "GET /contact.html HTTP/1.1" 404 2748 "-" "Mozilla/4.0 (compatible; MSIE 6.0; Windows NT 5.1; SV1)"
76.76.100.2 - - [22/Dec/2008:13:13:27 +0100] "GET /tour1_new.html HTTP/1.1" 404 2748 "-" "Mozilla/4.0 (compatible; MSIE 6.0; Windows NT 5.1; SV1)"
92.237.208.213 - - [22/Dec/2008:13:13:29 +0100] "GET /logz.html HTTP/1.1" 404 2748 "-" "Mozilla/4.0 (compatible; MSIE 6.0; Windows NT 5.1; SV1)"
213.182.2.30 - - [22/Dec/2008:13:13:44 +0100] "GET /logz.html HTTP/1.0" 404 2748 "-" "Mozilla/4.0 (compatible; MSIE 6.0; Windows NT 5.1; SV1)"
75.71.40.156 - - [22/Dec/2008:13:14:10 +0100] "GET /logz.html HTTP/1.1" 404 2748 "-" "Mozilla/4.0 (compatible; MSIE 6.0; Windows NT 5.1; SV1)"
75.71.40.156 - - [22/Dec/2008:13:14:17 +0100] "GET /logz_old.html HTTP/1.1" 404 2748 "-" "Mozilla/4.0 (compatible; MSIE 6.0; Windows NT 5.1; SV1)"
24.4.100.189 - - [22/Dec/2008:13:14:20 +0100] "GET /logz_old.html HTTP/1.1" 404 2748 "-" "Mozilla/4.0 (compatible; MSIE 6.0; Windows NT 5.1; SV1)"
65.55.212.218 - - [22/Dec/2008:13:15:19 +0100] "GET /bmpp/18.html HTTP/1.0" 200 4467 "-" "msnbot-media/1.0 (+http://search.msn.com/msnbot.htm)"
72.30.142.107 - - [22/Dec/2008:13:18:22 +0100] "GET /search.html HTTP/1.0" 200 1440 "-" "Mozilla/5.0 (compatible; Yahoo! Slurp; http://help.yahoo.com/help/us/ysearch/slurp)"
65.55.212.218 - - [22/Dec/2008:13:53:19 +0100] "GET /framez-e-count.html HTTP/1.0" 200 4321 "-" "msnbot-media/1.0 (+http://search.msn.com/msnbot.htm)"
65.55.212.218 - - [22/Dec/2008:13:56:12 +0100] "GET /neon/warning2.html HTTP/1.0" 200 997 "-" "msnbot-media/1.0 (+http://search.msn.com/msnbot.htm)"
87.173.166.5 - - [22/Dec/2008:14:14:10 +0100] "GET / HTTP/1.1" 200 7869 "-" "Mozilla/5.0 (Windows; U; Windows NT 5.1; de; rv:1.9.0.4) Gecko/2008102920 Firefox/3.0.4 (.NET CLR 3.5.30729)"
87.173.166.5 - - [22/Dec/2008:14:14:10 +0100] "GET /style/various-euro.css HTTP/1.1" 200 3437 "http://www.various-euro.com/" "Mozilla/5.0 (Windows; U; Windows NT 5.1; de; rv:1.9.0.4) Gecko/2008102920 Firefox/3.0.4 (.NET CLR 3.5.30729)"
87.173.166.5 - - [22/Dec/2008:14:14:11 +0100] "GET /ve-icon-2.ico HTTP/1.1" 200 2238 "-" "Mozilla/5.0 (Windows; U; Windows NT 5.1; de; rv:1.9.0.4) Gecko/2008102920 Firefox/3.0.4 (.NET CLR 3.5.30729)"
87.173.166.5 - - [22/Dec/2008:14:14:11 +0100] "GET /framez_0.html HTTP/1.1" 200 12444 "http://www.various-euro.com/" "Mozilla/5.0 (Windows; U; Windows NT 5.1; de; rv:1.9.0.4) Gecko/2008102920 Firefox/3.0.4 (.NET CLR 3.5.30729)"
87.173.166.5 - - [22/Dec/2008:14:14:12 +0100] "GET /ve-icon-2.ico HTTP/1.1" 200 2238 "-" "Mozilla/5.0 (Windows; U; Windows NT 5.1; de; rv:1.9.0.4) Gecko/2008102920 Firefox/3.0.4 (.NET CLR 3.5.30729)"
87.173.166.5 - - [22/Dec/2008:14:14:19 +0100] "GET /framez.html HTTP/1.1" 200 3959 "http://www.various-euro.com/framez_0.html" "Mozilla/5.0 (Windows; U; Windows NT 5.1; de; rv:1.9.0.4) Gecko/2008102920 Firefox/3.0.4 (.NET CLR 3.5.30729)"
87.173.166.5 - - [22/Dec/2008:14:14:19 +0100] "GET /frame-menu.html HTTP/1.1" 200 10536 "http://www.various-euro.com/framez.html" "Mozilla/5.0 (Windows; U; Windows NT 5.1; de; rv:1.9.0.4) Gecko/2008102920 Firefox/3.0.4 (.NET CLR 3.5.30729)"
87.173.166.5 - - [22/Dec/2008:14:14:19 +0100] "GET /frame-unten.html HTTP/1.1" 200 5308 "http://www.various-euro.com/framez.html" "Mozilla/5.0 (Windows; U; Windows NT 5.1; de; rv:1.9.0.4) Gecko/2008102920 Firefox/3.0.4 (.NET CLR 3.5.30729)"
87.173.166.5 - - [22/Dec/2008:14:14:19 +0100] "GET /frame-inhalt.html HTTP/1.1" 200 5418 "http://www.various-euro.com/framez.html" "Mozilla/5.0 (Windows; U; Windows NT 5.1; de; rv:1.9.0.4) Gecko/2008102920 Firefox/3.0.4 (.NET CLR 3.5.30729)"
87.173.166.5 - - [22/Dec/2008:14:14:20 +0100] "GET /bannerz/neon_click_3.gif HTTP/1.1" 200 240 "http://www.various-euro.com/frame-inhalt.html" "Mozilla/5.0 (Windows; U; Windows NT 5.1; de; rv:1.9.0.4) Gecko/2008102920 Firefox/3.0.4 (.NET CLR 3.5.30729)"
87.173.166.5 - - [22/Dec/2008:14:14:20 +0100] "GET /bannerz/ve.jpg HTTP/1.1" 200 36912 "http://www.various-euro.com/frame-unten.html" "Mozilla/5.0 (Windows; U; Windows NT 5.1; de; rv:1.9.0.4) Gecko/2008102920 Firefox/3.0.4 (.NET CLR 3.5.30729)"
87.173.166.5 - - [22/Dec/2008:14:14:20 +0100] "GET /eurosign3.gif HTTP/1.1" 200 7879 "http://www.various-euro.com/frame-inhalt.html" "Mozilla/5.0 (Windows; U; Windows NT 5.1; de; rv:1.9.0.4) Gecko/2008102920 Firefox/3.0.4 (.NET CLR 3.5.30729)"
87.173.166.5 - - [22/Dec/2008:14:14:20 +0100] "GET /bannerz/neon_click_1.gif HTTP/1.1" 200 890 "http://www.various-euro.com/frame-inhalt.html" "Mozilla/5.0 (Windows; U; Windows NT 5.1; de; rv:1.9.0.4) Gecko/2008102920 Firefox/3.0.4 (.NET CLR 3.5.30729)"
87.173.166.5 - - [22/Dec/2008:14:14:20 +0100] "GET /bannerz/neon_click_2.gif HTTP/1.1" 200 387 "http://www.various-euro.com/frame-inhalt.html" "Mozilla/5.0 (Windows; U; Windows NT 5.1; de; rv:1.9.0.4) Gecko/2008102920 Firefox/3.0.4 (.NET CLR 3.5.30729)"
87.173.166.5 - - [22/Dec/2008:14:14:20 +0100] "GET /bannerz/douwil.gif HTTP/1.1" 200 528 "http://www.various-euro.com/frame-inhalt.html" "Mozilla/5.0 (Windows; U; Windows NT 5.1; de; rv:1.9.0.4) Gecko/2008102920 Firefox/3.0.4 (.NET CLR 3.5.30729)"
87.173.166.5 - - [22/Dec/2008:14:14:20 +0100] "GET /bannerz/various-euro-girl.jpg HTTP/1.1" 200 91514 "http://www.various-euro.com/frame-unten.html" "Mozilla/5.0 (Windows; U; Windows NT 5.1; de; rv:1.9.0.4) Gecko/2008102920 Firefox/3.0.4 (.NET CLR 3.5.30729)"
87.173.166.5 - - [22/Dec/2008:14:14:20 +0100] "GET /bannerz/anti_black_small.gif HTTP/1.1" 200 1009 "http://www.various-euro.com/frame-inhalt.html" "Mozilla/5.0 (Windows; U; Windows NT 5.1; de; rv:1.9.0.4) Gecko/2008102920 Firefox/3.0.4 (.NET CLR 3.5.30729)"
87.173.166.5 - - [22/Dec/2008:14:14:20 +0100] "GET /bannerz/wet.gif HTTP/1.1" 200 18561 "http://www.various-euro.com/frame-inhalt.html" "Mozilla/5.0 (Windows; U; Windows NT 5.1; de; rv:1.9.0.4) Gecko/2008102920 Firefox/3.0.4 (.NET CLR 3.5.30729)"
87.173.166.5 - - [22/Dec/2008:14:14:20 +0100] "GET /bannerz/copyleft_black_small.gif HTTP/1.1" 200 1231 "http://www.various-euro.com/frame-inhalt.html" "Mozilla/5.0 (Windows; U; Windows NT 5.1; de; rv:1.9.0.4) Gecko/2008102920 Firefox/3.0.4 (.NET CLR 3.5.30729)"
87.173.166.5 - - [22/Dec/2008:14:14:21 +0100] "GET /bannerz/google/Logo_40blk.gif HTTP/1.1" 200 2308 "http://www.various-euro.com/frame-inhalt.html" "Mozilla/5.0 (Windows; U; Windows NT 5.1; de; rv:1.9.0.4) Gecko/2008102920 Firefox/3.0.4 (.NET CLR 3.5.30729)"
87.173.166.5 - - [22/Dec/2008:14:14:20 +0100] "GET /bannerz/goolag_468.jpg HTTP/1.1" 200 28285 "http://www.various-euro.com/frame-inhalt.html" "Mozilla/5.0 (Windows; U; Windows NT 5.1; de; rv:1.9.0.4) Gecko/2008102920 Firefox/3.0.4 (.NET CLR 3.5.30729)"
65.55.212.218 - - [22/Dec/2008:14:14:45 +0100] "GET /neon/euro.html HTTP/1.0" 200 2212 "-" "msnbot-media/1.0 (+http://search.msn.com/msnbot.htm)"
65.55.212.218 - - [22/Dec/2008:14:14:58 +0100] "GET /schubb/schubb-5.html HTTP/1.0" 200 72944 "-" "msnbot-media/1.0 (+http://search.msn.com/msnbot.htm)"
65.55.212.218 - - [22/Dec/2008:14:15:01 +0100] "GET /bmpp/18asi_2.html HTTP/1.0" 200 8674 "-" "msnbot-media/1.0 (+http://search.msn.com/msnbot.htm)"
65.55.212.218 - - [22/Dec/2008:14:20:09 +0100] "GET /bmpp/18.html HTTP/1.0" 200 4467 "-" "msnbot-media/1.0 (+http://search.msn.com/msnbot.htm)"
65.55.212.218 - - [22/Dec/2008:14:40:18 +0100] "GET /robots.txt HTTP/1.0" 200 64 "-" "msnbot-media/1.0 (+http://search.msn.com/msnbot.htm)"
65.55.212.218 - - [22/Dec/2008:14:40:18 +0100] "GET /bmpp/18_x.html HTTP/1.0" 200 1100 "-" "msnbot-media/1.0 (+http://search.msn.com/msnbot.htm)"
65.55.212.218 - - [22/Dec/2008:14:40:53 +0100] "GET /neon/pam.gif HTTP/1.0" 200 17268 "-" "msnbot-media/1.0 (+http://search.msn.com/msnbot.htm)"
65.55.212.218 - - [22/Dec/2008:14:43:09 +0100] "GET /framez-schubb4.html HTTP/1.0" 200 4318 "-" "msnbot-media/1.0 (+http://search.msn.com/msnbot.htm)"
65.55.212.218 - - [22/Dec/2008:14:44:46 +0100] "GET /e-counter.html HTTP/1.0" 200 4047 "-" "msnbot-media/1.0 (+http://search.msn.com/msnbot.htm)"
65.55.212.218 - - [22/Dec/2008:14:50:41 +0100] "GET /neon/click.html HTTP/1.0" 200 521 "-" "msnbot-media/1.0 (+http://search.msn.com/msnbot.htm)"
65.55.212.218 - - [22/Dec/2008:14:52:33 +0100] "GET /zampa-lovers/index.html HTTP/1.0" 200 37790 "-" "msnbot-media/1.0 (+http://search.msn.com/msnbot.htm)"
88.172.190.82 - - [22/Dec/2008:14:59:45 +0100] "GET /favicon.ico HTTP/1.1" 404 2748 "http://search.ke.voila.fr/S/voila?profil=voila&bhv=web_fr&rdata=schubb%20" "Mozilla/4.0 (compatible; MSIE 7.0; Windows NT 5.1; .NET CLR 1.1.4322; .NET CLR 2.0.50727; .NET CLR 3.0.04506.30; .NET CLR 3.0.04506.648)"
65.55.212.218 - - [22/Dec/2008:15:03:38 +0100] "GET /neon/channel.html HTTP/1.0" 200 1942 "-" "msnbot-media/1.0 (+http://search.msn.com/msnbot.htm)"
67.195.37.119 - - [22/Dec/2008:15:04:28 +0100] "GET /zampa/montenegro/SEKAW.html HTTP/1.0" 200 860 "-" "Mozilla/5.0 (compatible; Yahoo! Slurp/3.0; http://help.yahoo.com/help/us/ysearch/slurp)"
64.1.215.165 - - [22/Dec/2008:15:10:12 +0100] "GET /robots.txt HTTP/1.0" 200 64 "-" "Mozilla/5.0 (Twiceler-0.9 http://www.cuil.com/twiceler/robot.html)"
72.30.142.107 - - [22/Dec/2008:15:16:47 +0100] "GET /zampa/ HTTP/1.0" 200 7153 "-" "Mozilla/5.0 (compatible; Yahoo! Slurp; http://help.yahoo.com/help/us/ysearch/slurp)"
65.55.212.218 - - [22/Dec/2008:15:24:19 +0100] "GET /neon/large.html HTTP/1.0" 200 1547 "-" "msnbot-media/1.0 (+http://search.msn.com/msnbot.htm)"
65.55.212.218 - - [22/Dec/2008:15:30:14 +0100] "GET /neon/europa.html HTTP/1.0" 200 389 "-" "msnbot-media/1.0 (+http://search.msn.com/msnbot.htm)"
65.55.212.218 - - [22/Dec/2008:15:45:35 +0100] "GET /zampa/wonderland/index.html HTTP/1.0" 200 2084 "-" "msnbot-media/1.0 (+http://search.msn.com/msnbot.htm)"
67.195.37.119 - - [22/Dec/2008:16:03:57 +0100] "GET /frame-inhalt.html HTTP/1.0" 200 5418 "-" "Mozilla/5.0 (compatible; Yahoo! Slurp/3.0; http://help.yahoo.com/help/us/ysearch/slurp)"
67.195.37.119 - - [22/Dec/2008:16:03:58 +0100] "GET /style/various-euro.css HTTP/1.0" 304 - "http://www.various-euro.com/frame-inhalt.html" "Mozilla/5.0 (compatible; Yahoo! Slurp/3.0; http://help.yahoo.com/help/us/ysearch/slurp)"
81.52.143.16 - - [22/Dec/2008:16:32:04 +0100] "GET /neon/girlz2.html HTTP/1.1" 200 2937 "-" "Mozilla/5.0 (Windows; U; Windows NT 5.1; fr; rv:1.8.1) VoilaBot BETA 1.2 (support.voilabot@orange-ftgroup.com)"
65.55.212.218 - - [22/Dec/2008:16:39:59 +0100] "GET /zampa-lovers/DRAGAN_Z.JPG HTTP/1.0" 200 6850 "-" "msnbot-media/1.0 (+http://search.msn.com/msnbot.htm)"
65.55.212.218 - - [22/Dec/2008:16:40:00 +0100] "GET /zampa-lovers/MILIZA_3.JPG HTTP/1.0" 200 26924 "-" "msnbot-media/1.0 (+http://search.msn.com/msnbot.htm)"
193.252.149.15 - - [22/Dec/2008:16:46:57 +0100] "GET /neon/code.html HTTP/1.1" 200 1109 "-" "Mozilla/5.0 (Windows; U; Windows NT 5.1; fr; rv:1.8.1) VoilaBot BETA 1.2 (support.voilabot@orange-ftgroup.com)"
65.55.212.218 - - [22/Dec/2008:16:55:05 +0100] "GET /zampa-lovers/MILIZA_2.JPG HTTP/1.0" 200 22172 "-" "msnbot-media/1.0 (+http://search.msn.com/msnbot.htm)"
65.55.212.218 - - [22/Dec/2008:16:59:40 +0100] "GET /zampa-lovers/1SEITEVE.GIF HTTP/1.0" 200 78726 "-" "msnbot-media/1.0 (+http://search.msn.com/msnbot.htm)"
65.55.212.218 - - [22/Dec/2008:16:59:42 +0100] "GET /zampa-lovers/2SEITEVE.GIF HTTP/1.0" 200 83466 "-" "msnbot-media/1.0 (+http://search.msn.com/msnbot.htm)"
65.55.212.218 - - [22/Dec/2008:16:59:44 +0100] "GET /zampa-lovers/zampa-2X2.gif HTTP/1.0" 200 6948 "-" "msnbot-media/1.0 (+http://search.msn.com/msnbot.htm)"
65.55.212.218 - - [22/Dec/2008:16:59:45 +0100] "GET /zampa-lovers/DRAGANZA.JPG HTTP/1.0" 200 18560 "-" "msnbot-media/1.0 (+http://search.msn.com/msnbot.htm)"
65.55.212.218 - - [22/Dec/2008:16:59:46 +0100] "GET /zampa-lovers/MILIZA_4.JPG HTTP/1.0" 200 9946 "-" "msnbot-media/1.0 (+http://search.msn.com/msnbot.htm)"
91.148.79.142 - - [22/Dec/2008:17:00:18 +0100] "GET /framez-zampa-lovers.html HTTP/1.1" 200 4322 "http://www.google.com/search?hl=en&client=firefox-a&channel=s&rls=org.mozilla%3Aen-US%3Aofficial&hs=TlS&q=o+njemu+Oto+Bihalji+Merin+&btnG=Search" "Mozilla/5.0 (Windows; U; Windows NT 5.1; en-US; rv:1.9.0.4) Gecko/2008102920 Firefox/3.0.4"
91.148.79.142 - - [22/Dec/2008:17:00:18 +0100] "GET /ve-icon-2.ico HTTP/1.1" 200 2238 "-" "Mozilla/5.0 (Windows; U; Windows NT 5.1; en-US; rv:1.9.0.4) Gecko/2008102920 Firefox/3.0.4"
91.148.79.142 - - [22/Dec/2008:17:00:18 +0100] "GET /frame-unten.html HTTP/1.1" 200 5308 "http://www.various-euro.com/framez-zampa-lovers.html" "Mozilla/5.0 (Windows; U; Windows NT 5.1; en-US; rv:1.9.0.4) Gecko/2008102920 Firefox/3.0.4"
91.148.79.142 - - [22/Dec/2008:17:00:18 +0100] "GET /frame-menu.html HTTP/1.1" 200 10536 "http://www.various-euro.com/framez-zampa-lovers.html" "Mozilla/5.0 (Windows; U; Windows NT 5.1; en-US; rv:1.9.0.4) Gecko/2008102920 Firefox/3.0.4"
91.148.79.142 - - [22/Dec/2008:17:00:19 +0100] "GET /style/various-euro.css HTTP/1.1" 200 3437 "http://www.various-euro.com/frame-menu.html" "Mozilla/5.0 (Windows; U; Windows NT 5.1; en-US; rv:1.9.0.4) Gecko/2008102920 Firefox/3.0.4"
91.148.79.142 - - [22/Dec/2008:17:00:18 +0100] "GET /zampa-lovers/index.html HTTP/1.1" 200 37790 "http://www.various-euro.com/framez-zampa-lovers.html" "Mozilla/5.0 (Windows; U; Windows NT 5.1; en-US; rv:1.9.0.4) Gecko/2008102920 Firefox/3.0.4"
91.148.79.142 - - [22/Dec/2008:17:00:19 +0100] "GET /bannerz/ve.jpg HTTP/1.1" 200 36912 "http://www.various-euro.com/frame-unten.html" "Mozilla/5.0 (Windows; U; Windows NT 5.1; en-US; rv:1.9.0.4) Gecko/2008102920 Firefox/3.0.4"
91.148.79.142 - - [22/Dec/2008:17:00:20 +0100] "GET /zampa-lovers/kralle.gif HTTP/1.1" 404 2748 "http://www.various-euro.com/zampa-lovers/index.html" "Mozilla/5.0 (Windows; U; Windows NT 5.1; en-US; rv:1.9.0.4) Gecko/2008102920 Firefox/3.0.4"
91.148.79.142 - - [22/Dec/2008:17:00:20 +0100] "GET /zampa-lovers/DRAGAN_Z.JPG HTTP/1.1" 200 6850 "http://www.various-euro.com/zampa-lovers/index.html" "Mozilla/5.0 (Windows; U; Windows NT 5.1; en-US; rv:1.9.0.4) Gecko/2008102920 Firefox/3.0.4"
91.148.79.142 - - [22/Dec/2008:17:00:19 +0100] "GET /bannerz/various-euro-girl.jpg HTTP/1.1" 200 91514 "http://www.various-euro.com/frame-unten.html" "Mozilla/5.0 (Windows; U; Windows NT 5.1; en-US; rv:1.9.0.4) Gecko/2008102920 Firefox/3.0.4"
91.148.79.142 - - [22/Dec/2008:17:00:23 +0100] "GET /zampa-lovers/DRAGANZA.JPG HTTP/1.1" 200 18560 "http://www.various-euro.com/zampa-lovers/index.html" "Mozilla/5.0 (Windows; U; Windows NT 5.1; en-US; rv:1.9.0.4) Gecko/2008102920 Firefox/3.0.4"
91.148.79.142 - - [22/Dec/2008:17:00:24 +0100] "GET /zampa-lovers/MILIZA_B.JPG HTTP/1.1" 200 10947 "http://www.various-euro.com/zampa-lovers/index.html" "Mozilla/5.0 (Windows; U; Windows NT 5.1; en-US; rv:1.9.0.4) Gecko/2008102920 Firefox/3.0.4"
91.148.79.142 - - [22/Dec/2008:17:00:21 +0100] "GET /zampa-lovers/MILIZA_2.JPG HTTP/1.1" 200 22172 "http://www.various-euro.com/zampa-lovers/index.html" "Mozilla/5.0 (Windows; U; Windows NT 5.1; en-US; rv:1.9.0.4) Gecko/2008102920 Firefox/3.0.4"
91.148.79.142 - - [22/Dec/2008:17:00:24 +0100] "GET /zampa-lovers/MILIZA_4.JPG HTTP/1.1" 200 9946 "http://www.various-euro.com/zampa-lovers/index.html" "Mozilla/5.0 (Windows; U; Windows NT 5.1; en-US; rv:1.9.0.4) Gecko/2008102920 Firefox/3.0.4"
91.148.79.142 - - [22/Dec/2008:17:00:22 +0100] "GET /zampa-lovers/ZAMPAMAS.MPG HTTP/1.1" 200 520196 "http://www.various-euro.com/zampa-lovers/index.html" "Mozilla/5.0 (Windows; U; Windows NT 5.1; en-US; rv:1.9.0.4) Gecko/2008102920 Firefox/3.0.4"
91.148.79.142 - - [22/Dec/2008:17:00:21 +0100] "GET /zampa-lovers/ZAMPAMA2.MPG HTTP/1.1" 200 63492 "http://www.various-euro.com/zampa-lovers/index.html" "Mozilla/5.0 (Windows; U; Windows NT 5.1; en-US; rv:1.9.0.4) Gecko/2008102920 Firefox/3.0.4"
91.148.79.142 - - [22/Dec/2008:17:00:21 +0100] "GET /zampa-lovers/WASISTMI1.MPG HTTP/1.1" 200 271221 "http://www.various-euro.com/zampa-lovers/index.html" "Mozilla/5.0 (Windows; U; Windows NT 5.1; en-US; rv:1.9.0.4) Gecko/2008102920 Firefox/3.0.4"
91.148.79.142 - - [22/Dec/2008:17:00:21 +0100] "GET /zampa-lovers/MILIZA_3.JPG HTTP/1.1" 200 26924 "http://www.various-euro.com/zampa-lovers/index.html" "Mozilla/5.0 (Windows; U; Windows NT 5.1; en-US; rv:1.9.0.4) Gecko/2008102920 Firefox/3.0.4"
91.148.79.142 - - [22/Dec/2008:17:00:26 +0100] "GET /zampa-lovers/Kralle.gif HTTP/1.1" 200 260 "http://www.various-euro.com/zampa-lovers/index.html" "Mozilla/5.0 (Windows; U; Windows NT 5.1; en-US; rv:1.9.0.4) Gecko/2008102920 Firefox/3.0.4"
91.148.79.142 - - [22/Dec/2008:17:00:26 +0100] "GET /zampa-lovers/zampa-2X2.gif HTTP/1.1" 200 6948 "http://www.various-euro.com/zampa-lovers/index.html" "Mozilla/5.0 (Windows; U; Windows NT 5.1; en-US; rv:1.9.0.4) Gecko/2008102920 Firefox/3.0.4"
91.148.79.142 - - [22/Dec/2008:17:00:26 +0100] "GET /zampa-lovers/zampamali.gif HTTP/1.1" 200 2617 "http://www.various-euro.com/zampa-lovers/index.html" "Mozilla/5.0 (Windows; U; Windows NT 5.1; en-US; rv:1.9.0.4) Gecko/2008102920 Firefox/3.0.4"
91.148.79.142 - - [22/Dec/2008:17:00:25 +0100] "GET /zampa-lovers/1SEITEVE.GIF HTTP/1.1" 200 78726 "http://www.various-euro.com/zampa-lovers/index.html" "Mozilla/5.0 (Windows; U; Windows NT 5.1; en-US; rv:1.9.0.4) Gecko/2008102920 Firefox/3.0.4"
91.148.79.142 - - [22/Dec/2008:17:00:25 +0100] "GET /zampa-lovers/2SEITEVE.GIF HTTP/1.1" 200 83466 "http://www.various-euro.com/zampa-lovers/index.html" "Mozilla/5.0 (Windows; U; Windows NT 5.1; en-US; rv:1.9.0.4) Gecko/2008102920 Firefox/3.0.4"
91.148.79.142 - - [22/Dec/2008:17:00:27 +0100] "GET /zampa-lovers/zampa.gif HTTP/1.1" 200 460627 "http://www.various-euro.com/zampa-lovers/index.html" "Mozilla/5.0 (Windows; U; Windows NT 5.1; en-US; rv:1.9.0.4) Gecko/2008102920 Firefox/3.0.4"
65.55.212.218 - - [22/Dec/2008:17:01:13 +0100] "GET /zampa-lovers/MILIZA_B.JPG HTTP/1.0" 200 10947 "-" "msnbot-media/1.0 (+http://search.msn.com/msnbot.htm)"
67.195.37.119 - - [22/Dec/2008:17:24:59 +0100] "GET /f-rez.html HTTP/1.0" 200 9765 "-" "Mozilla/5.0 (compatible; Yahoo! Slurp/3.0; http://help.yahoo.com/help/us/ysearch/slurp)"
165.160.2.20 - - [22/Dec/2008:17:28:38 +0100] "GET /restate_copy.html HTTP/1.1" 200 97631 "-" "Mozilla/5.0 (Windows; U; Windows NT 5.1; en-US; rv:1.8.1.6) Gecko/20070725 Firefox/2.0.0.6"
72.30.142.107 - - [22/Dec/2008:17:29:33 +0100] "GET /logs/usage_200511.html HTTP/1.0" 200 108728 "-" "Mozilla/5.0 (compatible; Yahoo! Slurp; http://help.yahoo.com/help/us/ysearch/slurp)"
72.30.142.107 - - [22/Dec/2008:17:39:17 +0100] "GET /logs/ HTTP/1.0" 200 10079 "-" "Mozilla/5.0 (compatible; Yahoo! Slurp; http://help.yahoo.com/help/us/ysearch/slurp)"
81.52.143.16 - - [22/Dec/2008:17:44:50 +0100] "GET /schubb/schubb-2.html HTTP/1.1" 200 16660 "-" "Mozilla/5.0 (Windows; U; Windows NT 5.1; fr; rv:1.8.1) VoilaBot BETA 1.2 (support.voilabot@orange-ftgroup.com)"
64.17.2.164 - - [22/Dec/2008:17:52:15 +0100] "GET /robots.txt HTTP/1.1" 200 64 "-" "MLBot (www.metadatalabs.com/mlbot)"
64.17.2.164 - - [22/Dec/2008:17:52:15 +0100] "GET /f-rez.html HTTP/1.1" 200 9765 "-" "MLBot (www.metadatalabs.com/mlbot)"
208.36.144.6 - - [22/Dec/2008:18:38:46 +0100] "GET /robots.txt HTTP/1.0" 302 363 "-" "Mozilla/5.0 (Twiceler-0.9 http://www.cuil.com/twiceler/robot.html)"
81.52.143.16 - - [22/Dec/2008:18:49:48 +0100] "GET /bmpp/18_x.html HTTP/1.1" 200 1100 "-" "Mozilla/5.0 (Windows; U; Windows NT 5.1; fr; rv:1.8.1) VoilaBot BETA 1.2 (support.voilabot@orange-ftgroup.com)"
193.252.149.16 - - [22/Dec/2008:18:55:10 +0100] "GET /neon/channel.html HTTP/1.1" 200 1942 "-" "Mozilla/5.0 (Windows; U; Windows NT 5.1; fr; rv:1.8.1) VoilaBot BETA 1.2 (support.voilabot@orange-ftgroup.com)"
67.195.37.165 - - [22/Dec/2008:19:17:31 +0100] "GET /robots.txt HTTP/1.0" 200 64 "-" "Mozilla/5.0 (compatible; Yahoo! Slurp; http://help.yahoo.com/help/us/ysearch/slurp)"
67.195.37.165 - - [22/Dec/2008:19:17:32 +0100] "GET / HTTP/1.0" 200 7869 "-" "Mozilla/5.0 (compatible; Yahoo! Slurp; http://help.yahoo.com/help/us/ysearch/slurp)"
193.252.149.16 - - [22/Dec/2008:19:26:04 +0100] "GET /bmpp/18start.html HTTP/1.1" 200 320 "-" "Mozilla/5.0 (Windows; U; Windows NT 5.1; fr; rv:1.8.1) VoilaBot BETA 1.2 (support.voilabot@orange-ftgroup.com)"
193.252.149.16 - - [22/Dec/2008:19:30:29 +0100] "GET /neon/large.html HTTP/1.1" 200 1547 "-" "Mozilla/5.0 (Windows; U; Windows NT 5.1; fr; rv:1.8.1) VoilaBot BETA 1.2 (support.voilabot@orange-ftgroup.com)"
72.30.142.107 - - [22/Dec/2008:19:43:55 +0100] "GET /partnergegenberlin.html HTTP/1.0" 200 5022 "-" "Mozilla/5.0 (compatible; Yahoo! Slurp; http://help.yahoo.com/help/us/ysearch/slurp)"
119.63.193.43 - - [22/Dec/2008:19:54:15 +0100] "GET /framez.html HTTP/1.1" 200 3959 "-" "Baiduspider+(+http://help.baidu.jp/system/05.html)"
119.63.193.43 - - [22/Dec/2008:19:54:16 +0100] "GET /frame-menu.html HTTP/1.1" 200 10536 "-" "Baiduspider+(+http://help.baidu.jp/system/05.html)"
119.63.193.43 - - [22/Dec/2008:19:54:17 +0100] "GET /frame-inhalt.html HTTP/1.1" 200 5418 "-" "Baiduspider+(+http://help.baidu.jp/system/05.html)"
119.63.193.43 - - [22/Dec/2008:19:54:17 +0100] "GET /frame-unten.html HTTP/1.1" 200 5308 "-" "Baiduspider+(+http://help.baidu.jp/system/05.html)"
66.249.65.169 - - [22/Dec/2008:20:05:28 +0100] "GET /framez-actions.html HTTP/1.1" 200 4322 "-" "Mozilla/5.0 (compatible; Googlebot/2.1; +http://www.google.com/bot.html)"
88.131.106.12 - - [22/Dec/2008:20:24:00 +0100] "GET /robots.txt HTTP/1.0" 200 64 "-" "Speedy Spider (http://www.entireweb.com/about/search_tech/speedy_spider/)"
88.131.106.12 - - [22/Dec/2008:20:24:03 +0100] "GET / HTTP/1.0" 200 7869 "-" "Speedy Spider (http://www.entireweb.com/about/search_tech/speedy_spider/)"
72.30.142.107 - - [22/Dec/2008:21:42:33 +0100] "GET /logs/usage_200509.html HTTP/1.0" 200 108963 "-" "Mozilla/5.0 (compatible; Yahoo! Slurp; http://help.yahoo.com/help/us/ysearch/slurp)"
72.30.142.107 - - [22/Dec/2008:22:09:08 +0100] "GET /framez-rez.html HTTP/1.0" 200 4323 "-" "Mozilla/5.0 (compatible; Yahoo! Slurp/3.0; http://help.yahoo.com/help/us/ysearch/slurp)"
72.30.142.107 - - [22/Dec/2008:22:09:09 +0100] "GET /f-rez.html HTTP/1.0" 200 9765 "http://www.various-euro.com/framez-rez.html" "Mozilla/5.0 (compatible; Yahoo! Slurp/3.0; http://help.yahoo.com/help/us/ysearch/slurp)"
72.30.142.107 - - [22/Dec/2008:22:09:09 +0100] "GET /frame-menu.html HTTP/1.0" 200 10536 "http://www.various-euro.com/framez-rez.html" "Mozilla/5.0 (compatible; Yahoo! Slurp/3.0; http://help.yahoo.com/help/us/ysearch/slurp)"
72.30.142.107 - - [22/Dec/2008:22:09:09 +0100] "GET /frame-unten.html HTTP/1.0" 200 5308 "http://www.various-euro.com/framez-rez.html" "Mozilla/5.0 (compatible; Yahoo! Slurp/3.0; http://help.yahoo.com/help/us/ysearch/slurp)"
72.30.142.107 - - [22/Dec/2008:22:09:11 +0100] "GET /style/various-euro.css HTTP/1.0" 200 3437 "http://www.various-euro.com/frame-menu.html" "Mozilla/5.0 (compatible; Yahoo! Slurp/3.0; http://help.yahoo.com/help/us/ysearch/slurp)"
72.30.142.107 - - [22/Dec/2008:22:11:14 +0100] "GET /framez_0.html HTTP/1.0" 200 12444 "-" "Mozilla/5.0 (compatible; Yahoo! Slurp; http://help.yahoo.com/help/us/ysearch/slurp)"
66.235.124.7 - - [22/Dec/2008:22:31:10 +0100] "GET /robots.txt HTTP/1.1" 200 64 "-" "Mozilla/5.0 (compatible; Ask Jeeves/Teoma; +http://about.ask.com/en/docs/about/webmasters.shtml)"
66.235.124.7 - - [22/Dec/2008:22:31:25 +0100] "GET / HTTP/1.1" 200 7869 "-" "Mozilla/5.0 (compatible; Ask Jeeves/Teoma; +http://about.ask.com/en/docs/about/webmasters.shtml)"
67.195.37.119 - - [22/Dec/2008:23:00:06 +0100] "GET /f-contact.html HTTP/1.0" 200 6804 "-" "Mozilla/5.0 (compatible; Yahoo! Slurp; http://help.yahoo.com/help/us/ysearch/slurp)"
72.30.142.107 - - [22/Dec/2008:23:38:34 +0100] "GET /logs/usage_200601.html HTTP/1.0" 200 109676 "-" "Mozilla/5.0 (compatible; Yahoo! Slurp; http://help.yahoo.com/help/us/ysearch/slurp)"
67.195.37.119 - - [22/Dec/2008:23:39:27 +0100] "GET /f-other.html HTTP/1.0" 200 33189 "-" "Mozilla/5.0 (compatible; Yahoo! Slurp; http://help.yahoo.com/help/us/ysearch/slurp)"
72.30.142.107 - - [22/Dec/2008:23:54:25 +0100] "GET /robots.txt HTTP/1.0" 200 64 "-" "Mozilla/5.0 (compatible; Yahoo! Slurp; http://help.yahoo.com/help/us/ysearch/slurp)"
72.30.142.107 - - [22/Dec/2008:23:54:26 +0100] "GET /bmpp/euro_pal_111.html HTTP/1.0" 200 2129 "-" "Mozilla/5.0 (compatible; Yahoo! Slurp; http://help.yahoo.com/help/us/ysearch/slurp)"
67.195.37.119 - - [22/Dec/2008:23:57:59 +0100] "GET /f-warez.html HTTP/1.0" 200 10953 "-" "Mozilla/5.0 (compatible; Yahoo! Slurp/3.0; http://help.yahoo.com/help/us/ysearch/slurp)"
67.195.37.119 - - [23/Dec/2008:00:05:22 +0100] "GET /bmpp/18.html HTTP/1.0" 200 4467 "-" "Mozilla/5.0 (compatible; Yahoo! Slurp/3.0; http://help.yahoo.com/help/us/ysearch/slurp)"
67.195.37.119 - - [23/Dec/2008:00:07:24 +0100] "GET /bmpp/18_x.html HTTP/1.0" 200 1100 "-" "Mozilla/5.0 (compatible; Yahoo! Slurp/3.0; http://help.yahoo.com/help/us/ysearch/slurp)"
67.195.37.119 - - [23/Dec/2008:00:07:36 +0100] "GET /f-world.html HTTP/1.0" 200 35590 "-" "Mozilla/5.0 (compatible; Yahoo! Slurp; http://help.yahoo.com/help/us/ysearch/slurp)"
67.195.37.119 - - [23/Dec/2008:00:44:07 +0100] "GET /search.html HTTP/1.0" 200 1440 "-" "Mozilla/5.0 (compatible; Yahoo! Slurp/3.0; http://help.yahoo.com/help/us/ysearch/slurp)"
72.30.142.107 - - [23/Dec/2008:00:50:48 +0100] "GET /games/virtualcop/virtualcop.html HTTP/1.0" 200 4487 "-" "Mozilla/5.0 (compatible; Yahoo! Slurp; http://help.yahoo.com/help/us/ysearch/slurp)"
193.252.149.16 - - [23/Dec/2008:01:14:07 +0100] "GET / HTTP/1.1" 200 7869 "-" "Mozilla/5.0 (Windows; U; Windows NT 5.1; fr; rv:1.8.1) VoilaBot BETA 1.2 (support.voilabot@orange-ftgroup.com)"
72.30.142.107 - - [23/Dec/2008:01:17:12 +0100] "GET /f-other.html HTTP/1.0" 200 33189 "-" "Mozilla/5.0 (compatible; Yahoo! Slurp; http://help.yahoo.com/help/us/ysearch/slurp)"
72.30.142.107 - - [23/Dec/2008:01:18:02 +0100] "GET /zampa-lovers/index.html HTTP/1.0" 200 37790 "-" "Mozilla/5.0 (compatible; Yahoo! Slurp; http://help.yahoo.com/help/us/ysearch/slurp)"
72.30.142.107 - - [23/Dec/2008:01:20:20 +0100] "GET /neon/code.html HTTP/1.0" 200 1109 "-" "Mozilla/5.0 (compatible; Yahoo! Slurp; http://help.yahoo.com/help/us/ysearch/slurp)"
81.52.143.26 - - [23/Dec/2008:01:28:08 +0100] "GET /warez.html HTTP/1.1" 200 9754 "-" "Mozilla/5.0 (Windows; U; Windows NT 5.1; fr; rv:1.8.1) VoilaBot BETA 1.2 (support.voilabot@orange-ftgroup.com)"
200.104.250.92 - - [23/Dec/2008:01:47:21 +0100] "GET /framez-schubb5.html HTTP/1.1" 200 4330 "-" "Mozilla/4.0 (compatible; MSIE 6.0; Windows NT 5.1; MyIE2; Deepnet Explorer)"
200.104.250.92 - - [23/Dec/2008:01:47:25 +0100] "GET /frame-menu.html HTTP/1.1" 200 10536 "-" "Mozilla/4.0 (compatible; MSIE 6.0; Windows NT 5.1; MyIE2; Deepnet Explorer)"
200.104.250.92 - - [23/Dec/2008:01:47:29 +0100] "GET /schubb/schubb-5.html HTTP/1.1" 200 72944 "-" "Mozilla/4.0 (compatible; MSIE 6.0; Windows NT 5.1; MyIE2; Deepnet Explorer)"
200.104.250.92 - - [23/Dec/2008:01:47:35 +0100] "GET /frame-unten.html HTTP/1.1" 200 5308 "-" "Mozilla/4.0 (compatible; MSIE 6.0; Windows NT 5.1; MyIE2; Deepnet Explorer)"
193.252.149.15 - - [23/Dec/2008:02:27:43 +0100] "GET /f-bannnerz.html HTTP/1.1" 200 12651 "-" "Mozilla/5.0 (Windows; U; Windows NT 5.1; fr; rv:1.8.1) VoilaBot BETA 1.2 (support.voilabot@orange-ftgroup.com)"
81.52.143.15 - - [23/Dec/2008:02:38:07 +0100] "GET /robots.txt HTTP/1.1" 200 64 "-" "Mozilla/5.0 (Windows; U; Windows NT 5.1; fr; rv:1.8.1) VoilaBot BETA 1.2 (support.voilabot@orange-ftgroup.com)"
81.52.143.15 - - [23/Dec/2008:02:38:18 +0100] "GET /f-maintitle.html HTTP/1.1" 200 5030 "-" "Mozilla/5.0 (Windows; U; Windows NT 5.1; fr; rv:1.8.1) VoilaBot BETA 1.2 (support.voilabot@orange-ftgroup.com)"
81.52.143.16 - - [23/Dec/2008:02:51:27 +0100] "GET /frame-unten.html HTTP/1.1" 200 5308 "-" "Mozilla/5.0 (Windows; U; Windows NT 5.1; fr; rv:1.8.1) VoilaBot BETA 1.2 (support.voilabot@orange-ftgroup.com)"
218.160.32.11 - - [23/Dec/2008:02:53:55 +0100] "GET /robots.txt HTTP/1.0" 200 64 "-" "Slurp/Nutch-1.0-dev (Slurp Search Engineer; http://www.google.com/bot.html; nutch-agent@lucene.apache.org)"
218.160.32.11 - - [23/Dec/2008:02:53:55 +0100] "GET / HTTP/1.0" 200 7869 "-" "Slurp/Nutch-1.0-dev (Slurp Search Engineer; http://www.google.com/bot.html; nutch-agent@lucene.apache.org)"
193.252.149.16 - - [23/Dec/2008:02:59:47 +0100] "GET /frame-inhalt.html HTTP/1.1" 200 5418 "-" "Mozilla/5.0 (Windows; U; Windows NT 5.1; fr; rv:1.8.1) VoilaBot BETA 1.2 (support.voilabot@orange-ftgroup.com)"
72.30.142.107 - - [23/Dec/2008:03:02:54 +0100] "GET /logs/usage_200711.html HTTP/1.0" 200 109628 "-" "Mozilla/5.0 (compatible; Yahoo! Slurp; http://help.yahoo.com/help/us/ysearch/slurp)"
193.252.149.16 - - [23/Dec/2008:03:03:26 +0100] "GET /world.html HTTP/1.1" 200 16295 "-" "Mozilla/5.0 (Windows; U; Windows NT 5.1; fr; rv:1.8.1) VoilaBot BETA 1.2 (support.voilabot@orange-ftgroup.com)"
66.249.65.169 - - [23/Dec/2008:03:05:45 +0100] "GET /robots.txt HTTP/1.1" 200 64 "-" "Mozilla/5.0 (compatible; Googlebot/2.1; +http://www.google.com/bot.html)"
66.249.65.169 - - [23/Dec/2008:03:05:46 +0100] "GET /schubb/schubb-4.html HTTP/1.1" 200 17746 "-" "Mozilla/5.0 (compatible; Googlebot/2.1; +http://www.google.com/bot.html)"
193.252.149.16 - - [23/Dec/2008:03:25:52 +0100] "GET /framez.html HTTP/1.1" 200 3959 "-" "Mozilla/5.0 (Windows; U; Windows NT 5.1; fr; rv:1.8.1) VoilaBot BETA 1.2 (support.voilabot@orange-ftgroup.com)"
193.252.149.16 - - [23/Dec/2008:03:26:21 +0100] "GET /frame-inhalt.html HTTP/1.1" 200 5418 "-" "Mozilla/5.0 (Windows; U; Windows NT 5.1; fr; rv:1.8.1) VoilaBot BETA 1.2 (support.voilabot@orange-ftgroup.com)"
193.252.149.16 - - [23/Dec/2008:03:26:21 +0100] "GET /frame-unten.html HTTP/1.1" 200 5308 "-" "Mozilla/5.0 (Windows; U; Windows NT 5.1; fr; rv:1.8.1) VoilaBot BETA 1.2 (support.voilabot@orange-ftgroup.com)"
193.252.149.16 - - [23/Dec/2008:03:26:21 +0100] "GET /frame-menu.html HTTP/1.1" 200 10536 "-" "Mozilla/5.0 (Windows; U; Windows NT 5.1; fr; rv:1.8.1) VoilaBot BETA 1.2 (support.voilabot@orange-ftgroup.com)"
69.44.198.118 - - [23/Dec/2008:03:28:04 +0100] "GET /favicon.ico HTTP/1.1" 404 2748 "-" "Mozilla/5.0 (Windows; U; Windows NT 5.1; en-US; rv:1.9.0.5) Gecko/2008120122 Firefox/3.0.5"
67.195.37.119 - - [23/Dec/2008:04:12:52 +0100] "GET /neon/large.html HTTP/1.0" 200 1547 "-" "Mozilla/5.0 (compatible; Yahoo! Slurp/3.0; http://help.yahoo.com/help/us/ysearch/slurp)"
208.80.194.55 - - [23/Dec/2008:04:34:18 +0100] "GET / HTTP/1.0" 200 7869 "-" "Mozilla/4.0 (compatible; MSIE 7.0; Windows NT 5.1; FunWebProducts; .NET CLR 1.0.3705; MSN 9.0;MSN 9.1; MSNbVZ02; MSNmen-us; MSNcOTH)"
208.80.194.55 - - [23/Dec/2008:04:34:18 +0100] "GET / HTTP/1.0" 200 7869 "-" "Mozilla/4.0 (compatible; MSIE 6.0; Windows NT 5.1; {C6675D1F-7B25-EF85-A975-7AA4F3A36497}; ZangoToolbar 4.8.3; .NET CLR 1.0.3705)"
66.249.65.169 - - [23/Dec/2008:04:44:16 +0100] "GET /schubb/schubb-4.html HTTP/1.1" 200 17746 "-" "Mozilla/5.0 (compatible; Googlebot/2.1; +http://www.google.com/bot.html)"
72.30.142.107 - - [23/Dec/2008:05:00:07 +0100] "GET /schubb/schubb-2.html HTTP/1.0" 200 16660 "-" "Mozilla/5.0 (compatible; Yahoo! Slurp; http://help.yahoo.com/help/us/ysearch/slurp)"
81.52.143.15 - - [23/Dec/2008:05:05:39 +0100] "GET /f-warez.html HTTP/1.1" 200 10953 "-" "Mozilla/5.0 (Windows; U; Windows NT 5.1; fr; rv:1.8.1) VoilaBot BETA 1.2 (support.voilabot@orange-ftgroup.com)"
72.30.142.107 - - [23/Dec/2008:05:18:41 +0100] "GET /neon/warning2.html HTTP/1.0" 200 997 "-" "Mozilla/5.0 (compatible; Yahoo! Slurp; http://help.yahoo.com/help/us/ysearch/slurp)"
74.6.22.170 - - [23/Dec/2008:05:56:54 +0100] "GET /robots.txt HTTP/1.0" 200 64 "-" "Mozilla/5.0 (compatible; Yahoo! Slurp; http://help.yahoo.com/help/us/ysearch/slurp)"
74.6.22.170 - - [23/Dec/2008:05:56:55 +0100] "GET /f-world.html HTTP/1.0" 200 35590 "-" "Mozilla/5.0 (compatible; Yahoo! Slurp; http://help.yahoo.com/help/us/ysearch/slurp)"
74.6.22.170 - - [23/Dec/2008:05:58:33 +0100] "GET /bmpp/18.html HTTP/1.0" 200 4467 "-" "Mozilla/5.0 (compatible; Yahoo! Slurp; http://help.yahoo.com/help/us/ysearch/slurp)"
74.6.22.170 - - [23/Dec/2008:06:05:02 +0100] "GET /logz_old.html HTTP/1.0" 404 2748 "-" "Mozilla/5.0 (compatible; Yahoo! Slurp; http://help.yahoo.com/help/us/ysearch/slurp)"
74.6.22.170 - - [23/Dec/2008:06:25:21 +0100] "GET /robots.txt HTTP/1.0" 200 64 "-" "Mozilla/5.0 (compatible; Yahoo! Slurp; http://help.yahoo.com/help/us/ysearch/slurp)"
74.6.22.170 - - [23/Dec/2008:06:25:21 +0100] "GET /framez-rez.html HTTP/1.0" 200 4323 "-" "Mozilla/5.0 (compatible; Yahoo! Slurp/3.0; http://help.yahoo.com/help/us/ysearch/slurp)"
74.6.22.170 - - [23/Dec/2008:06:25:22 +0100] "GET /frame-unten.html HTTP/1.0" 200 5308 "http://www.various-euro.com/framez-rez.html" "Mozilla/5.0 (compatible; Yahoo! Slurp/3.0; http://help.yahoo.com/help/us/ysearch/slurp)"
74.6.22.170 - - [23/Dec/2008:06:25:22 +0100] "GET /frame-menu.html HTTP/1.0" 200 10536 "http://www.various-euro.com/framez-rez.html" "Mozilla/5.0 (compatible; Yahoo! Slurp/3.0; http://help.yahoo.com/help/us/ysearch/slurp)"
74.6.22.170 - - [23/Dec/2008:06:25:23 +0100] "GET /f-rez.html HTTP/1.0" 200 9765 "http://www.various-euro.com/framez-rez.html" "Mozilla/5.0 (compatible; Yahoo! Slurp/3.0; http://help.yahoo.com/help/us/ysearch/slurp)"
74.6.22.170 - - [23/Dec/2008:06:25:24 +0100] "GET /style/various-euro.css HTTP/1.0" 200 3437 "http://www.various-euro.com/frame-menu.html" "Mozilla/5.0 (compatible; Yahoo! Slurp/3.0; http://help.yahoo.com/help/us/ysearch/slurp)"
67.195.37.119 - - [23/Dec/2008:06:27:58 +0100] "GET /f-actions.html HTTP/1.0" 200 10429 "-" "Mozilla/5.0 (compatible; Yahoo! Slurp/3.0; http://help.yahoo.com/help/us/ysearch/slurp)"
119.63.193.43 - - [23/Dec/2008:06:40:49 +0100] "GET / HTTP/1.1" 200 7869 "-" "Baiduspider+(+http://help.baidu.jp/system/05.html)"
74.6.22.170 - - [23/Dec/2008:07:09:21 +0100] "GET /tour1_new.html HTTP/1.0" 404 2748 "-" "Mozilla/5.0 (compatible; Yahoo! Slurp; http://help.yahoo.com/help/us/ysearch/slurp)"
67.195.37.119 - - [23/Dec/2008:07:22:39 +0100] "GET /framez-rez.html HTTP/1.0" 200 4323 "-" "Mozilla/5.0 (compatible; Yahoo! Slurp; http://help.yahoo.com/help/us/ysearch/slurp)"
67.195.37.119 - - [23/Dec/2008:07:22:56 +0100] "GET /frame-menu.html HTTP/1.0" 200 10536 "-" "Mozilla/5.0 (compatible; Yahoo! Slurp; http://help.yahoo.com/help/us/ysearch/slurp)"
67.195.37.119 - - [23/Dec/2008:07:23:14 +0100] "GET /f-rez.html HTTP/1.0" 200 9765 "-" "Mozilla/5.0 (compatible; Yahoo! Slurp; http://help.yahoo.com/help/us/ysearch/slurp)"
81.52.143.15 - - [23/Dec/2008:07:25:16 +0100] "GET /warez.html HTTP/1.1" 200 9754 "-" "Mozilla/5.0 (Windows; U; Windows NT 5.1; fr; rv:1.8.1) VoilaBot BETA 1.2 (support.voilabot@orange-ftgroup.com)"
67.195.37.119 - - [23/Dec/2008:07:25:24 +0100] "GET /frame-unten.html HTTP/1.0" 200 5308 "-" "Mozilla/5.0 (compatible; Yahoo! Slurp; http://help.yahoo.com/help/us/ysearch/slurp)"
67.195.37.119 - - [23/Dec/2008:07:51:24 +0100] "GET /DgH/bull/ HTTP/1.0" 200 1915 "-" "Mozilla/5.0 (compatible; Yahoo! Slurp; http://help.yahoo.com/help/us/ysearch/slurp)"
66.235.124.7 - - [23/Dec/2008:08:10:27 +0100] "GET /restate_copy.html HTTP/1.1" 200 97631 "-" "Mozilla/5.0 (compatible; Ask Jeeves/Teoma; +http://about.ask.com/en/docs/about/webmasters.shtml)"
72.30.65.32 - - [23/Dec/2008:08:37:20 +0100] "GET /robots.txt HTTP/1.0" 200 64 "-" "Mozilla/5.0 (compatible; Yahoo! Slurp; http://help.yahoo.com/help/us/ysearch/slurp)"
72.30.65.32 - - [23/Dec/2008:08:37:21 +0100] "GET / HTTP/1.0" 200 7869 "-" "Mozilla/5.0 (compatible; Yahoo! Slurp; http://help.yahoo.com/help/us/ysearch/slurp)"
67.195.37.119 - - [23/Dec/2008:10:40:59 +0100] "GET /robots.txt HTTP/1.0" 200 64 "-" "Mozilla/5.0 (compatible; Yahoo! Slurp; http://help.yahoo.com/help/us/ysearch/slurp)"
67.195.37.119 - - [23/Dec/2008:10:40:59 +0100] "GET /neon/annniiii.html HTTP/1.0" 200 686 "-" "Mozilla/5.0 (compatible; Yahoo! Slurp/3.0; http://help.yahoo.com/help/us/ysearch/slurp)"
66.249.65.169 - - [23/Dec/2008:12:08:11 +0100] "GET /logs/usage_200812.html HTTP/1.1" 404 2748 "-" "Mozilla/5.0 (compatible; Googlebot/2.1; +http://www.google.com/bot.html)"
81.52.143.26 - - [23/Dec/2008:12:26:13 +0100] "GET /f-net.html HTTP/1.1" 200 9913 "-" "Mozilla/5.0 (Windows; U; Windows NT 5.1; fr; rv:1.8.1) VoilaBot BETA 1.2 (support.voilabot@orange-ftgroup.com)"
67.195.37.119 - - [23/Dec/2008:12:36:47 +0100] "GET /zampa-lovers/index.html HTTP/1.0" 200 37790 "-" "Mozilla/5.0 (compatible; Yahoo! Slurp; http://help.yahoo.com/help/us/ysearch/slurp)"
74.6.22.170 - - [23/Dec/2008:13:03:46 +0100] "GET /f-rez.html HTTP/1.0" 200 9765 "-" "Mozilla/5.0 (compatible; Yahoo! Slurp; http://help.yahoo.com/help/us/ysearch/slurp)"
66.231.189.124 - - [23/Dec/2008:13:16:26 +0100] "GET /robots.txt HTTP/1.0" 200 64 "-" "Gigabot/3.0 (http://www.gigablast.com/spider.html)"
66.231.189.124 - - [23/Dec/2008:13:16:27 +0100] "GET /f-zeug.html HTTP/1.0" 200 48203 "-" "Gigabot/3.0 (http://www.gigablast.com/spider.html)"
68.142.212.219 - - [23/Dec/2008:13:19:08 +0100] "GET /robots.txt HTTP/1.0" 200 64 "-" "Mozilla/5.0 (Yahoo-MMCrawler/4.0; mailto:vertical-crawl-support@yahoo-inc.com)"
68.142.212.219 - - [23/Dec/2008:13:19:08 +0100] "GET /zampa/slike/S6BIENNI.GIF HTTP/1.0" 200 35877 "-" "Mozilla/5.0 (Yahoo-MMCrawler/4.0; mailto:vertical-crawl-support@yahoo-inc.com)"
74.6.22.170 - - [23/Dec/2008:14:30:31 +0100] "GET /framez-rez.html HTTP/1.0" 200 4323 "-" "Mozilla/5.0 (compatible; Yahoo! Slurp/3.0; http://help.yahoo.com/help/us/ysearch/slurp)"
74.6.22.170 - - [23/Dec/2008:14:30:31 +0100] "GET /frame-unten.html HTTP/1.0" 200 5308 "http://www.various-euro.com/framez-rez.html" "Mozilla/5.0 (compatible; Yahoo! Slurp/3.0; http://help.yahoo.com/help/us/ysearch/slurp)"
74.6.22.170 - - [23/Dec/2008:14:30:31 +0100] "GET /f-rez.html HTTP/1.0" 200 9765 "http://www.various-euro.com/framez-rez.html" "Mozilla/5.0 (compatible; Yahoo! Slurp/3.0; http://help.yahoo.com/help/us/ysearch/slurp)"
74.6.22.170 - - [23/Dec/2008:14:30:31 +0100] "GET /frame-menu.html HTTP/1.0" 200 10536 "http://www.various-euro.com/framez-rez.html" "Mozilla/5.0 (compatible; Yahoo! Slurp/3.0; http://help.yahoo.com/help/us/ysearch/slurp)"
74.6.22.170 - - [23/Dec/2008:14:30:31 +0100] "GET /style/various-euro.css HTTP/1.0" 304 - "http://www.various-euro.com/frame-menu.html" "Mozilla/5.0 (compatible; Yahoo! Slurp/3.0; http://help.yahoo.com/help/us/ysearch/slurp)"
66.249.65.169 - - [23/Dec/2008:15:14:49 +0100] "GET /zampa/montenegro/index.html HTTP/1.1" 200 2651 "-" "Mozilla/5.0 (compatible; Googlebot/2.1; +http://www.google.com/bot.html)"
91.191.30.54 - - [23/Dec/2008:16:06:01 +0100] "GET /framez-zampa-lovers.html HTTP/1.1" 200 4322 "http://guide.opendns.com/controller.php?url=cejeni+indijanci&client=ff20&ref=" "Mozilla/5.0 (Windows; U; Windows NT 5.1; en-US; rv:1.9.0.4) Gecko/2008102920 Firefox/3.0.4"
91.191.30.54 - - [23/Dec/2008:16:06:02 +0100] "GET /ve-icon-2.ico HTTP/1.1" 200 2238 "-" "Mozilla/5.0 (Windows; U; Windows NT 5.1; en-US; rv:1.9.0.4) Gecko/2008102920 Firefox/3.0.4"
91.191.30.54 - - [23/Dec/2008:16:06:02 +0100] "GET /frame-menu.html HTTP/1.1" 200 10536 "http://www.various-euro.com/framez-zampa-lovers.html" "Mozilla/5.0 (Windows; U; Windows NT 5.1; en-US; rv:1.9.0.4) Gecko/2008102920 Firefox/3.0.4"
91.191.30.54 - - [23/Dec/2008:16:06:02 +0100] "GET /frame-unten.html HTTP/1.1" 200 5308 "http://www.various-euro.com/framez-zampa-lovers.html" "Mozilla/5.0 (Windows; U; Windows NT 5.1; en-US; rv:1.9.0.4) Gecko/2008102920 Firefox/3.0.4"
91.191.30.54 - - [23/Dec/2008:16:06:02 +0100] "GET /style/various-euro.css HTTP/1.1" 200 3437 "http://www.various-euro.com/frame-menu.html" "Mozilla/5.0 (Windows; U; Windows NT 5.1; en-US; rv:1.9.0.4) Gecko/2008102920 Firefox/3.0.4"
