74.6.8.106 - - [13/Dec/2008:01:12:56 +0100] "GET /3dsf3/sendi/formate.css HTTP/1.0" 200 474 "http://www.various-euro.com/3dsf3/sendi/index.html" "Mozilla/5.0 (compatible; Yahoo! Slurp/3.0; http://help.yahoo.com/help/us/ysearch/slurp)"
74.6.8.106 - - [13/Dec/2008:01:12:56 +0100] "GET /3dsf3/sendi/formate.css HTTP/1.0" 200 474 "http://www.various-euro.com/3dsf3/sendi/sendisendi.html" "Mozilla/5.0 (compatible; Yahoo! Slurp/3.0; http://help.yahoo.com/help/us/ysearch/slurp)"
66.235.124.61 - - [13/Dec/2008:01:16:15 +0100] "GET /framez.html HTTP/1.1" 200 3959 "-" "Mozilla/5.0 (compatible; Ask Jeeves/Teoma; +http://about.ask.com/en/docs/about/webmasters.shtml)"
82.99.30.6 - - [13/Dec/2008:01:20:51 +0100] "GET /3dsf3/sendi/slike/4_k_RENA.jpg HTTP/1.0" 200 47525 "http://www.various-euro.com/3dsf3/sendi/catastrophe.html" "Mozilla/4.0 (compatible; MSIE 6.0; Windows NT 5.1)"
67.195.37.107 - - [13/Dec/2008:01:22:56 +0100] "GET /zampa-lovers/ HTTP/1.0" 200 37790 "-" "Mozilla/5.0 (compatible; Yahoo! Slurp; http://help.yahoo.com/help/us/ysearch/slurp)"
208.80.194.29 - - [13/Dec/2008:01:28:05 +0100] "GET / HTTP/1.0" 200 7869 "-" "Mozilla/4.0 (compatible; MSIE 6.0; Windows NT 5.1; {1756C568-602F-BB5A-28D2-F835C5315229}; SpamBlockerUtility 4.6.1)"
208.80.194.29 - - [13/Dec/2008:01:28:05 +0100] "GET / HTTP/1.0" 200 7869 "-" "Mozilla/4.0 (compatible; MSIE 6.0; Windows NT 5.1; SV1; MRA 4.4 (build 01348); .NET CLR 1.1.4322)"
193.252.149.15 - - [13/Dec/2008:01:37:16 +0100] "GET /neon/click.html HTTP/1.1" 200 521 "-" "Mozilla/5.0 (Windows; U; Windows NT 5.1; fr; rv:1.8.1) VoilaBot BETA 1.2 (support.voilabot@orange-ftgroup.com)"
193.252.149.16 - - [13/Dec/2008:02:04:13 +0100] "GET /DgH/ HTTP/1.1" 200 5024 "-" "Mozilla/5.0 (Windows; U; Windows NT 5.1; fr; rv:1.8.1) VoilaBot BETA 1.2 (support.voilabot@orange-ftgroup.com)"
74.6.8.106 - - [13/Dec/2008:02:32:43 +0100] "GET /zampa-lovers/ HTTP/1.0" 200 37790 "-" "Mozilla/5.0 (compatible; Yahoo! Slurp; http://help.yahoo.com/help/us/ysearch/slurp)"
67.195.37.107 - - [13/Dec/2008:03:55:49 +0100] "GET /search.html HTTP/1.0" 200 1440 "-" "Mozilla/5.0 (compatible; Yahoo! Slurp/3.0; http://help.yahoo.com/help/us/ysearch/slurp)"
72.30.79.88 - - [13/Dec/2008:04:04:50 +0100] "GET /robots.txt HTTP/1.0" 200 64 "-" "Mozilla/5.0 (compatible; Yahoo! Slurp; http://help.yahoo.com/help/us/ysearch/slurp)"
72.30.79.88 - - [13/Dec/2008:04:04:51 +0100] "GET /framez-rez.html HTTP/1.0" 200 4323 "-" "Mozilla/5.0 (compatible; Yahoo! Slurp; http://help.yahoo.com/help/us/ysearch/slurp)"
72.30.79.88 - - [13/Dec/2008:04:04:51 +0100] "GET /frame-menu.html HTTP/1.0" 200 10536 "-" "Mozilla/5.0 (compatible; Yahoo! Slurp; http://help.yahoo.com/help/us/ysearch/slurp)"
72.30.79.88 - - [13/Dec/2008:04:04:52 +0100] "GET /f-rez.html HTTP/1.0" 200 9765 "-" "Mozilla/5.0 (compatible; Yahoo! Slurp; http://help.yahoo.com/help/us/ysearch/slurp)"
72.30.79.88 - - [13/Dec/2008:04:04:52 +0100] "GET /frame-unten.html HTTP/1.0" 200 5308 "-" "Mozilla/5.0 (compatible; Yahoo! Slurp; http://help.yahoo.com/help/us/ysearch/slurp)"
67.195.37.107 - - [13/Dec/2008:04:06:57 +0100] "GET /net.html HTTP/1.0" 404 2748 "-" "Mozilla/5.0 (compatible; Yahoo! Slurp/3.0; http://help.yahoo.com/help/us/ysearch/slurp)"
74.6.18.235 - - [13/Dec/2008:04:18:16 +0100] "GET /robots.txt HTTP/1.0" 200 64 "-" "Mozilla/5.0 (compatible; Yahoo! Slurp; http://help.yahoo.com/help/us/ysearch/slurp)"
74.6.18.235 - - [13/Dec/2008:04:18:17 +0100] "GET /f-world.html HTTP/1.0" 200 35590 "-" "Mozilla/5.0 (compatible; Yahoo! Slurp; http://help.yahoo.com/help/us/ysearch/slurp)"
74.6.18.235 - - [13/Dec/2008:04:18:29 +0100] "GET /f-sponsor.html HTTP/1.0" 200 8578 "-" "Mozilla/5.0 (compatible; Yahoo! Slurp; http://help.yahoo.com/help/us/ysearch/slurp)"
67.195.37.107 - - [13/Dec/2008:04:18:57 +0100] "GET /f-rez.html HTTP/1.0" 200 9765 "-" "Mozilla/5.0 (compatible; Yahoo! Slurp/3.0; http://help.yahoo.com/help/us/ysearch/slurp)"
74.6.18.235 - - [13/Dec/2008:04:47:30 +0100] "GET /framez-rez.html HTTP/1.0" 200 4323 "-" "Mozilla/5.0 (compatible; Yahoo! Slurp/3.0; http://help.yahoo.com/help/us/ysearch/slurp)"
74.6.18.235 - - [13/Dec/2008:04:47:31 +0100] "GET /f-rez.html HTTP/1.0" 200 9765 "http://www.various-euro.com/framez-rez.html" "Mozilla/5.0 (compatible; Yahoo! Slurp/3.0; http://help.yahoo.com/help/us/ysearch/slurp)"
74.6.18.235 - - [13/Dec/2008:04:47:31 +0100] "GET /frame-unten.html HTTP/1.0" 200 5308 "http://www.various-euro.com/framez-rez.html" "Mozilla/5.0 (compatible; Yahoo! Slurp/3.0; http://help.yahoo.com/help/us/ysearch/slurp)"
74.6.18.235 - - [13/Dec/2008:04:47:31 +0100] "GET /frame-menu.html HTTP/1.0" 200 10536 "http://www.various-euro.com/framez-rez.html" "Mozilla/5.0 (compatible; Yahoo! Slurp/3.0; http://help.yahoo.com/help/us/ysearch/slurp)"
74.6.18.235 - - [13/Dec/2008:04:47:32 +0100] "GET /style/various-euro.css HTTP/1.0" 200 3437 "http://www.various-euro.com/frame-menu.html" "Mozilla/5.0 (compatible; Yahoo! Slurp/3.0; http://help.yahoo.com/help/us/ysearch/slurp)"
74.6.18.235 - - [13/Dec/2008:04:49:34 +0100] "GET /f-maintitle.html HTTP/1.0" 200 5030 "-" "Mozilla/5.0 (compatible; Yahoo! Slurp/3.0; http://help.yahoo.com/help/us/ysearch/slurp)"
119.63.193.62 - - [13/Dec/2008:05:09:26 +0100] "GET /robots.txt HTTP/1.1" 200 64 "-" "Baiduspider+(+http://www.baidu.com/search/spider_jp.html)"
74.6.18.235 - - [13/Dec/2008:05:37:25 +0100] "GET /robots.txt HTTP/1.0" 200 64 "-" "Mozilla/5.0 (compatible; Yahoo! Slurp; http://help.yahoo.com/help/us/ysearch/slurp)"
74.6.18.235 - - [13/Dec/2008:05:37:25 +0100] "GET /neon/girlz3.html HTTP/1.0" 200 2479 "-" "Mozilla/5.0 (compatible; Yahoo! Slurp; http://help.yahoo.com/help/us/ysearch/slurp)"
66.235.124.7 - - [13/Dec/2008:05:41:37 +0100] "GET /f-logz.html HTTP/1.1" 200 191844 "-" "Mozilla/5.0 (compatible; Ask Jeeves/Teoma; +http://about.ask.com/en/docs/about/webmasters.shtml)"
65.55.211.171 - - [13/Dec/2008:05:52:02 +0100] "GET /robots.txt HTTP/1.1" 200 64 "-" "msnbot/1.1 (+http://search.msn.com/msnbot.htm)"
65.55.211.171 - - [13/Dec/2008:05:52:03 +0100] "GET /zampa/lybia/index.html HTTP/1.1" 200 3036 "-" "msnbot/1.1 (+http://search.msn.com/msnbot.htm)"
65.55.211.169 - - [13/Dec/2008:05:52:16 +0100] "GET /robots.txt HTTP/1.1" 200 64 "-" "msnbot/1.1 (+http://search.msn.com/msnbot.htm)"
65.55.211.169 - - [13/Dec/2008:05:52:17 +0100] "GET /neon/channel.html HTTP/1.1" 200 1942 "-" "msnbot/1.1 (+http://search.msn.com/msnbot.htm)"
66.235.124.7 - - [13/Dec/2008:05:55:23 +0100] "GET /zampa/wonderland/index.html HTTP/1.1" 200 2084 "-" "Mozilla/5.0 (compatible; Ask Jeeves/Teoma; +http://about.ask.com/en/docs/about/webmasters.shtml)"
67.195.37.107 - - [13/Dec/2008:05:58:29 +0100] "GET /framez-girlz.html HTTP/1.0" 200 4271 "-" "Mozilla/5.0 (compatible; Yahoo! Slurp/3.0; http://help.yahoo.com/help/us/ysearch/slurp)"
67.195.37.107 - - [13/Dec/2008:05:58:30 +0100] "GET /frame-menu.html HTTP/1.0" 200 10536 "http://www.various-euro.com/framez-girlz.html" "Mozilla/5.0 (compatible; Yahoo! Slurp/3.0; http://help.yahoo.com/help/us/ysearch/slurp)"
67.195.37.107 - - [13/Dec/2008:05:58:30 +0100] "GET /frame-unten.html HTTP/1.0" 200 5308 "http://www.various-euro.com/framez-girlz.html" "Mozilla/5.0 (compatible; Yahoo! Slurp/3.0; http://help.yahoo.com/help/us/ysearch/slurp)"
67.195.37.107 - - [13/Dec/2008:05:58:30 +0100] "GET /neon/girlz2.html HTTP/1.0" 200 2937 "http://www.various-euro.com/framez-girlz.html" "Mozilla/5.0 (compatible; Yahoo! Slurp/3.0; http://help.yahoo.com/help/us/ysearch/slurp)"
67.195.37.107 - - [13/Dec/2008:05:58:31 +0100] "GET /style/various-euro.css HTTP/1.0" 200 3437 "http://www.various-euro.com/frame-menu.html" "Mozilla/5.0 (compatible; Yahoo! Slurp/3.0; http://help.yahoo.com/help/us/ysearch/slurp)"
65.55.211.169 - - [13/Dec/2008:06:09:12 +0100] "GET /schubb/schubb-4.html HTTP/1.1" 200 17746 "-" "msnbot/1.1 (+http://search.msn.com/msnbot.htm)"
74.6.18.235 - - [13/Dec/2008:06:26:25 +0100] "GET /news.html HTTP/1.0" 404 2748 "-" "Mozilla/5.0 (compatible; Yahoo! Slurp; http://help.yahoo.com/help/us/ysearch/slurp)"
74.6.18.235 - - [13/Dec/2008:06:27:44 +0100] "GET /neon/sushi.html HTTP/1.0" 200 687 "-" "Mozilla/5.0 (compatible; Yahoo! Slurp; http://help.yahoo.com/help/us/ysearch/slurp)"
119.63.193.43 - - [13/Dec/2008:06:49:21 +0100] "GET / HTTP/1.1" 200 7869 "-" "Baiduspider+(+http://help.baidu.jp/system/05.html)"
65.55.211.166 - - [13/Dec/2008:06:51:06 +0100] "GET /robots.txt HTTP/1.1" 200 64 "-" "msnbot/1.1 (+http://search.msn.com/msnbot.htm)"
65.55.211.166 - - [13/Dec/2008:06:51:06 +0100] "GET /f-rez.html HTTP/1.1" 200 9765 "-" "msnbot/1.1 (+http://search.msn.com/msnbot.htm)"
74.6.18.235 - - [13/Dec/2008:06:52:19 +0100] "GET /frame-unten.html HTTP/1.0" 200 5308 "-" "Mozilla/5.0 (compatible; Yahoo! Slurp; http://help.yahoo.com/help/us/ysearch/slurp)"
66.235.124.61 - - [13/Dec/2008:07:18:09 +0100] "GET /framez_0.html HTTP/1.1" 200 12444 "-" "Mozilla/5.0 (compatible; Ask Jeeves/Teoma; +http://about.ask.com/en/docs/about/webmasters.shtml)"
77.88.25.28 - - [13/Dec/2008:07:32:18 +0100] "GET /robots.txt HTTP/1.1" 200 64 "-" "Yandex/1.01.001 (compatible; Win16; I)"
77.88.25.28 - - [13/Dec/2008:07:32:18 +0100] "GET / HTTP/1.1" 200 7869 "-" "Yandex/1.01.001 (compatible; Win16; I)"
77.88.25.28 - - [13/Dec/2008:07:43:51 +0100] "GET /robots.txt HTTP/1.1" 200 64 "-" "Yandex/1.01.001 (compatible; Win16; I)"
77.88.25.28 - - [13/Dec/2008:07:43:51 +0100] "GET / HTTP/1.1" 200 7869 "-" "Yandex/1.01.001 (compatible; Win16; I)"
66.232.111.94 - - [13/Dec/2008:07:46:14 +0100] "GET / HTTP/1.1" 302 353 "http://www.keywordspy.com/keyword-research/zampa.various-euro.com" "Mozilla/4.0 (compatible; MSIE 7.0; Windows NT 5.1; Alexa Toolbar)"
66.232.111.94 - - [13/Dec/2008:07:46:14 +0100] "GET /zampa/ HTTP/1.1" 200 7153 "http://www.keywordspy.com/keyword-research/zampa.various-euro.com" "Mozilla/4.0 (compatible; MSIE 7.0; Windows NT 5.1; Alexa Toolbar)"
66.232.111.94 - - [13/Dec/2008:07:46:15 +0100] "GET / HTTP/1.1" 302 353 "http://www.keywordspy.com/keyword-research/zampa.various-euro.com" "Mozilla/4.0 (compatible; MSIE 7.0; Windows NT 5.1; Alexa Toolbar)"
66.232.111.94 - - [13/Dec/2008:07:46:15 +0100] "GET /zampa/ HTTP/1.1" 200 7153 "http://www.keywordspy.com/keyword-research/zampa.various-euro.com" "Mozilla/4.0 (compatible; MSIE 7.0; Windows NT 5.1; Alexa Toolbar)"
66.232.111.94 - - [13/Dec/2008:07:46:15 +0100] "GET / HTTP/1.1" 302 353 "http://www.keywordspy.com/keyword-research/zampa.various-euro.com" "Mozilla/4.0 (compatible; MSIE 7.0; Windows NT 5.1; Alexa Toolbar)"
66.232.111.94 - - [13/Dec/2008:07:46:15 +0100] "GET /zampa/ HTTP/1.1" 200 7153 "http://www.keywordspy.com/keyword-research/zampa.various-euro.com" "Mozilla/4.0 (compatible; MSIE 7.0; Windows NT 5.1; Alexa Toolbar)"
193.252.149.16 - - [13/Dec/2008:07:46:25 +0100] "GET /neon/biggtani.html HTTP/1.1" 200 1698 "-" "Mozilla/5.0 (Windows; U; Windows NT 5.1; fr; rv:1.8.1) VoilaBot BETA 1.2 (support.voilabot@orange-ftgroup.com)"
67.195.37.107 - - [13/Dec/2008:07:53:20 +0100] "GET /triple-double-u/ HTTP/1.0" 403 1223 "-" "Mozilla/5.0 (compatible; Yahoo! Slurp; http://help.yahoo.com/help/us/ysearch/slurp)"
81.52.143.16 - - [13/Dec/2008:08:01:40 +0100] "GET /neon/warning.html HTTP/1.1" 200 5134 "-" "Mozilla/5.0 (Windows; U; Windows NT 5.1; fr; rv:1.8.1) VoilaBot BETA 1.2 (support.voilabot@orange-ftgroup.com)"
74.6.8.100 - - [13/Dec/2008:08:14:58 +0100] "GET /robots.txt HTTP/1.0" 200 64 "-" "Mozilla/5.0 (compatible; Yahoo! Slurp; http://help.yahoo.com/help/us/ysearch/slurp)"
74.6.8.100 - - [13/Dec/2008:08:14:59 +0100] "GET /zampa/montenegro/ HTTP/1.0" 200 2651 "-" "Mozilla/5.0 (compatible; Yahoo! Slurp; http://help.yahoo.com/help/us/ysearch/slurp)"
67.195.37.107 - - [13/Dec/2008:08:23:50 +0100] "GET /robots.txt HTTP/1.0" 200 64 "-" "Mozilla/5.0 (compatible; Yahoo! Slurp; http://help.yahoo.com/help/us/ysearch/slurp)"
67.195.37.107 - - [13/Dec/2008:08:23:50 +0100] "GET /zampa/montenegro/ HTTP/1.0" 200 2651 "-" "Mozilla/5.0 (compatible; Yahoo! Slurp; http://help.yahoo.com/help/us/ysearch/slurp)"
76.235.182.71 - - [13/Dec/2008:08:26:56 +0100] "GET /framez-zampa-lovers.html HTTP/1.1" 200 4322 "http://www.google.com/search?hl=en&q=svrsavanje&start=80&sa=N" "Mozilla/4.0 (compatible; MSIE 6.0; Windows NT 5.1; SV1; .NET CLR 1.1.4322; InfoPath.1; .NET CLR 2.0.50727; Zune 2.0)"
76.235.182.71 - - [13/Dec/2008:08:26:56 +0100] "GET /frame-menu.html HTTP/1.1" 200 10536 "http://www.various-euro.com/framez-zampa-lovers.html" "Mozilla/4.0 (compatible; MSIE 6.0; Windows NT 5.1; SV1; .NET CLR 1.1.4322; InfoPath.1; .NET CLR 2.0.50727; Zune 2.0)"
76.235.182.71 - - [13/Dec/2008:08:26:56 +0100] "GET /zampa-lovers/index.html HTTP/1.1" 200 37790 "http://www.various-euro.com/framez-zampa-lovers.html" "Mozilla/4.0 (compatible; MSIE 6.0; Windows NT 5.1; SV1; .NET CLR 1.1.4322; InfoPath.1; .NET CLR 2.0.50727; Zune 2.0)"
76.235.182.71 - - [13/Dec/2008:08:26:59 +0100] "GET /frame-unten.html HTTP/1.1" 200 5308 "http://www.various-euro.com/framez-zampa-lovers.html" "Mozilla/4.0 (compatible; MSIE 6.0; Windows NT 5.1; SV1; .NET CLR 1.1.4322; InfoPath.1; .NET CLR 2.0.50727; Zune 2.0)"
76.235.182.71 - - [13/Dec/2008:08:26:59 +0100] "GET /zampa-lovers/kralle.gif HTTP/1.1" 404 2748 "http://www.various-euro.com/zampa-lovers/index.html" "Mozilla/4.0 (compatible; MSIE 6.0; Windows NT 5.1; SV1; .NET CLR 1.1.4322; InfoPath.1; .NET CLR 2.0.50727; Zune 2.0)"
76.235.182.71 - - [13/Dec/2008:08:26:59 +0100] "GET /zampa-lovers/zampa.gif HTTP/1.1" 200 460627 "http://www.various-euro.com/zampa-lovers/index.html" "Mozilla/4.0 (compatible; MSIE 6.0; Windows NT 5.1; SV1; .NET CLR 1.1.4322; InfoPath.1; .NET CLR 2.0.50727; Zune 2.0)"
76.235.182.71 - - [13/Dec/2008:08:27:02 +0100] "GET /zampa-lovers/DRAGAN_Z.JPG HTTP/1.1" 200 6850 "http://www.various-euro.com/zampa-lovers/index.html" "Mozilla/4.0 (compatible; MSIE 6.0; Windows NT 5.1; SV1; .NET CLR 1.1.4322; InfoPath.1; .NET CLR 2.0.50727; Zune 2.0)"
76.235.182.71 - - [13/Dec/2008:08:27:02 +0100] "GET /zampa-lovers/MILIZA_2.JPG HTTP/1.1" 200 22172 "http://www.various-euro.com/zampa-lovers/index.html" "Mozilla/4.0 (compatible; MSIE 6.0; Windows NT 5.1; SV1; .NET CLR 1.1.4322; InfoPath.1; .NET CLR 2.0.50727; Zune 2.0)"
76.235.182.71 - - [13/Dec/2008:08:27:02 +0100] "GET /zampa-lovers/MILIZA_3.JPG HTTP/1.1" 200 26924 "http://www.various-euro.com/zampa-lovers/index.html" "Mozilla/4.0 (compatible; MSIE 6.0; Windows NT 5.1; SV1; .NET CLR 1.1.4322; InfoPath.1; .NET CLR 2.0.50727; Zune 2.0)"
76.235.182.71 - - [13/Dec/2008:08:27:02 +0100] "GET /zampa-lovers/MILIZA_B.JPG HTTP/1.1" 200 10947 "http://www.various-euro.com/zampa-lovers/index.html" "Mozilla/4.0 (compatible; MSIE 6.0; Windows NT 5.1; SV1; .NET CLR 1.1.4322; InfoPath.1; .NET CLR 2.0.50727; Zune 2.0)"
76.235.182.71 - - [13/Dec/2008:08:27:03 +0100] "GET /zampa-lovers/MILIZA_4.JPG HTTP/1.1" 200 9946 "http://www.various-euro.com/zampa-lovers/index.html" "Mozilla/4.0 (compatible; MSIE 6.0; Windows NT 5.1; SV1; .NET CLR 1.1.4322; InfoPath.1; .NET CLR 2.0.50727; Zune 2.0)"
76.235.182.71 - - [13/Dec/2008:08:27:03 +0100] "GET /zampa-lovers/DRAGANZA.JPG HTTP/1.1" 200 18560 "http://www.various-euro.com/zampa-lovers/index.html" "Mozilla/4.0 (compatible; MSIE 6.0; Windows NT 5.1; SV1; .NET CLR 1.1.4322; InfoPath.1; .NET CLR 2.0.50727; Zune 2.0)"
76.235.182.71 - - [13/Dec/2008:08:27:03 +0100] "GET /zampa-lovers/1SEITEVE.GIF HTTP/1.1" 200 78726 "http://www.various-euro.com/zampa-lovers/index.html" "Mozilla/4.0 (compatible; MSIE 6.0; Windows NT 5.1; SV1; .NET CLR 1.1.4322; InfoPath.1; .NET CLR 2.0.50727; Zune 2.0)"
76.235.182.71 - - [13/Dec/2008:08:27:03 +0100] "GET /zampa-lovers/2SEITEVE.GIF HTTP/1.1" 200 83466 "http://www.various-euro.com/zampa-lovers/index.html" "Mozilla/4.0 (compatible; MSIE 6.0; Windows NT 5.1; SV1; .NET CLR 1.1.4322; InfoPath.1; .NET CLR 2.0.50727; Zune 2.0)"
76.235.182.71 - - [13/Dec/2008:08:27:04 +0100] "GET /zampa-lovers/Kralle.gif HTTP/1.1" 200 260 "http://www.various-euro.com/zampa-lovers/index.html" "Mozilla/4.0 (compatible; MSIE 6.0; Windows NT 5.1; SV1; .NET CLR 1.1.4322; InfoPath.1; .NET CLR 2.0.50727; Zune 2.0)"
76.235.182.71 - - [13/Dec/2008:08:27:04 +0100] "GET /zampa-lovers/zampa-2X2.gif HTTP/1.1" 200 6948 "http://www.various-euro.com/zampa-lovers/index.html" "Mozilla/4.0 (compatible; MSIE 6.0; Windows NT 5.1; SV1; .NET CLR 1.1.4322; InfoPath.1; .NET CLR 2.0.50727; Zune 2.0)"
76.235.182.71 - - [13/Dec/2008:08:27:04 +0100] "GET /zampa-lovers/zampamali.gif HTTP/1.1" 200 2617 "http://www.various-euro.com/zampa-lovers/index.html" "Mozilla/4.0 (compatible; MSIE 6.0; Windows NT 5.1; SV1; .NET CLR 1.1.4322; InfoPath.1; .NET CLR 2.0.50727; Zune 2.0)"
76.235.182.71 - - [13/Dec/2008:08:27:04 +0100] "GET /style/various-euro.css HTTP/1.1" 200 3437 "http://www.various-euro.com/frame-menu.html" "Mozilla/4.0 (compatible; MSIE 6.0; Windows NT 5.1; SV1; .NET CLR 1.1.4322; InfoPath.1; .NET CLR 2.0.50727; Zune 2.0)"
76.235.182.71 - - [13/Dec/2008:08:27:07 +0100] "GET /bannerz/ve.jpg HTTP/1.1" 200 36912 "http://www.various-euro.com/frame-unten.html" "Mozilla/4.0 (compatible; MSIE 6.0; Windows NT 5.1; SV1; .NET CLR 1.1.4322; InfoPath.1; .NET CLR 2.0.50727; Zune 2.0)"
76.235.182.71 - - [13/Dec/2008:08:27:08 +0100] "GET /bannerz/various-euro-girl.jpg HTTP/1.1" 200 91514 "http://www.various-euro.com/frame-unten.html" "Mozilla/4.0 (compatible; MSIE 6.0; Windows NT 5.1; SV1; .NET CLR 1.1.4322; InfoPath.1; .NET CLR 2.0.50727; Zune 2.0)"
76.235.182.71 - - [13/Dec/2008:08:27:07 +0100] "GET /zampa-lovers/WASISTMI1.MPG HTTP/1.1" 200 271221 "-" "Mozilla/4.0 (compatible; MSIE 6.0; Windows NT 5.1; SV1; .NET CLR 1.1.4322; InfoPath.1; .NET CLR 2.0.50727; Zune 2.0)"
76.235.182.71 - - [13/Dec/2008:08:27:10 +0100] "GET /zampa-lovers/ZAMPAMA2.MPG HTTP/1.1" 200 63492 "-" "Mozilla/4.0 (compatible; MSIE 6.0; Windows NT 5.1; SV1; .NET CLR 1.1.4322; InfoPath.1; .NET CLR 2.0.50727; Zune 2.0)"
76.235.182.71 - - [13/Dec/2008:08:27:09 +0100] "GET /zampa-lovers/ZAMPAMAS.MPG HTTP/1.1" 200 520196 "-" "Mozilla/4.0 (compatible; MSIE 6.0; Windows NT 5.1; SV1; .NET CLR 1.1.4322; InfoPath.1; .NET CLR 2.0.50727; Zune 2.0)"
193.252.149.16 - - [13/Dec/2008:08:35:56 +0100] "GET /DgH/rampe/index.html HTTP/1.1" 200 2056 "-" "Mozilla/5.0 (Windows; U; Windows NT 5.1; fr; rv:1.8.1) VoilaBot BETA 1.2 (support.voilabot@orange-ftgroup.com)"
72.27.64.215 - - [13/Dec/2008:08:39:40 +0100] "GET /bmpp/18.html HTTP/1.1" 200 4467 "http://www.google.com.jm/search?hl=en&q=You+must+be+18+years+or+older+to+view+this+website.&btnG=Google+Search" "Mozilla/5.0 (Windows; U; Windows NT 5.1; en-GB; rv:1.9.0.4) Gecko/2008102920 Firefox/3.0.4"
72.27.64.215 - - [13/Dec/2008:08:39:41 +0100] "GET /bmpp/Bilder/18_06.png HTTP/1.1" 200 289 "http://www.various-euro.com/bmpp/18.html" "Mozilla/5.0 (Windows; U; Windows NT 5.1; en-GB; rv:1.9.0.4) Gecko/2008102920 Firefox/3.0.4"
72.27.64.215 - - [13/Dec/2008:08:39:41 +0100] "GET /bmpp/Bilder/18_01.png HTTP/1.1" 200 1118 "http://www.various-euro.com/bmpp/18.html" "Mozilla/5.0 (Windows; U; Windows NT 5.1; en-GB; rv:1.9.0.4) Gecko/2008102920 Firefox/3.0.4"
72.27.64.215 - - [13/Dec/2008:08:39:41 +0100] "GET /bmpp/Bilder/18_02.png HTTP/1.1" 200 289 "http://www.various-euro.com/bmpp/18.html" "Mozilla/5.0 (Windows; U; Windows NT 5.1; en-GB; rv:1.9.0.4) Gecko/2008102920 Firefox/3.0.4"
72.27.64.215 - - [13/Dec/2008:08:39:41 +0100] "GET /bmpp/Bilder/18_03.png HTTP/1.1" 200 574 "http://www.various-euro.com/bmpp/18.html" "Mozilla/5.0 (Windows; U; Windows NT 5.1; en-GB; rv:1.9.0.4) Gecko/2008102920 Firefox/3.0.4"
72.27.64.215 - - [13/Dec/2008:08:39:41 +0100] "GET /bmpp/Bilder/18_04.png HTTP/1.1" 200 289 "http://www.various-euro.com/bmpp/18.html" "Mozilla/5.0 (Windows; U; Windows NT 5.1; en-GB; rv:1.9.0.4) Gecko/2008102920 Firefox/3.0.4"
72.27.64.215 - - [13/Dec/2008:08:39:41 +0100] "GET /bmpp/Bilder/18_05.png HTTP/1.1" 200 407 "http://www.various-euro.com/bmpp/18.html" "Mozilla/5.0 (Windows; U; Windows NT 5.1; en-GB; rv:1.9.0.4) Gecko/2008102920 Firefox/3.0.4"
72.27.64.215 - - [13/Dec/2008:08:39:42 +0100] "GET /bmpp/Bilder/18_07.png HTTP/1.1" 200 417 "http://www.various-euro.com/bmpp/18.html" "Mozilla/5.0 (Windows; U; Windows NT 5.1; en-GB; rv:1.9.0.4) Gecko/2008102920 Firefox/3.0.4"
72.27.64.215 - - [13/Dec/2008:08:39:42 +0100] "GET /bmpp/Bilder/18_08.png HTTP/1.1" 200 289 "http://www.various-euro.com/bmpp/18.html" "Mozilla/5.0 (Windows; U; Windows NT 5.1; en-GB; rv:1.9.0.4) Gecko/2008102920 Firefox/3.0.4"
72.27.64.215 - - [13/Dec/2008:08:39:42 +0100] "GET /bmpp/Bilder/18_09.png HTTP/1.1" 200 417 "http://www.various-euro.com/bmpp/18.html" "Mozilla/5.0 (Windows; U; Windows NT 5.1; en-GB; rv:1.9.0.4) Gecko/2008102920 Firefox/3.0.4"
72.27.64.215 - - [13/Dec/2008:08:39:42 +0100] "GET /bmpp/Bilder/18_10.png HTTP/1.1" 200 270 "http://www.various-euro.com/bmpp/18.html" "Mozilla/5.0 (Windows; U; Windows NT 5.1; en-GB; rv:1.9.0.4) Gecko/2008102920 Firefox/3.0.4"
72.27.64.215 - - [13/Dec/2008:08:39:42 +0100] "GET /bmpp/Bilder/18_11.png HTTP/1.1" 200 233 "http://www.various-euro.com/bmpp/18.html" "Mozilla/5.0 (Windows; U; Windows NT 5.1; en-GB; rv:1.9.0.4) Gecko/2008102920 Firefox/3.0.4"
72.27.64.215 - - [13/Dec/2008:08:39:42 +0100] "GET /bmpp/Bilder/18_12.png HTTP/1.1" 200 595 "http://www.various-euro.com/bmpp/18.html" "Mozilla/5.0 (Windows; U; Windows NT 5.1; en-GB; rv:1.9.0.4) Gecko/2008102920 Firefox/3.0.4"
72.27.64.215 - - [13/Dec/2008:08:39:42 +0100] "GET /bmpp/Bilder/18_13.png HTTP/1.1" 200 282 "http://www.various-euro.com/bmpp/18.html" "Mozilla/5.0 (Windows; U; Windows NT 5.1; en-GB; rv:1.9.0.4) Gecko/2008102920 Firefox/3.0.4"
72.27.64.215 - - [13/Dec/2008:08:39:42 +0100] "GET /bmpp/Bilder/18_14.png HTTP/1.1" 200 609 "http://www.various-euro.com/bmpp/18.html" "Mozilla/5.0 (Windows; U; Windows NT 5.1; en-GB; rv:1.9.0.4) Gecko/2008102920 Firefox/3.0.4"
72.27.64.215 - - [13/Dec/2008:08:39:42 +0100] "GET /bmpp/Bilder/18_15.png HTTP/1.1" 200 524 "http://www.various-euro.com/bmpp/18.html" "Mozilla/5.0 (Windows; U; Windows NT 5.1; en-GB; rv:1.9.0.4) Gecko/2008102920 Firefox/3.0.4"
72.27.64.215 - - [13/Dec/2008:08:39:42 +0100] "GET /bmpp/Bilder/18_16.png HTTP/1.1" 200 499 "http://www.various-euro.com/bmpp/18.html" "Mozilla/5.0 (Windows; U; Windows NT 5.1; en-GB; rv:1.9.0.4) Gecko/2008102920 Firefox/3.0.4"
72.27.64.215 - - [13/Dec/2008:08:39:42 +0100] "GET /bmpp/Bilder/18_17.png HTTP/1.1" 200 958 "http://www.various-euro.com/bmpp/18.html" "Mozilla/5.0 (Windows; U; Windows NT 5.1; en-GB; rv:1.9.0.4) Gecko/2008102920 Firefox/3.0.4"
72.27.64.215 - - [13/Dec/2008:08:39:42 +0100] "GET /bmpp/Bilder/18_18.png HTTP/1.1" 200 453 "http://www.various-euro.com/bmpp/18.html" "Mozilla/5.0 (Windows; U; Windows NT 5.1; en-GB; rv:1.9.0.4) Gecko/2008102920 Firefox/3.0.4"
72.27.64.215 - - [13/Dec/2008:08:39:42 +0100] "GET /bmpp/Bilder/18_19.png HTTP/1.1" 200 277 "http://www.various-euro.com/bmpp/18.html" "Mozilla/5.0 (Windows; U; Windows NT 5.1; en-GB; rv:1.9.0.4) Gecko/2008102920 Firefox/3.0.4"
72.27.64.215 - - [13/Dec/2008:08:39:42 +0100] "GET /bmpp/Bilder/18_20.png HTTP/1.1" 200 252 "http://www.various-euro.com/bmpp/18.html" "Mozilla/5.0 (Windows; U; Windows NT 5.1; en-GB; rv:1.9.0.4) Gecko/2008102920 Firefox/3.0.4"
72.27.64.215 - - [13/Dec/2008:08:39:42 +0100] "GET /bmpp/Bilder/18_21.png HTTP/1.1" 200 253 "http://www.various-euro.com/bmpp/18.html" "Mozilla/5.0 (Windows; U; Windows NT 5.1; en-GB; rv:1.9.0.4) Gecko/2008102920 Firefox/3.0.4"
72.27.64.215 - - [13/Dec/2008:08:39:42 +0100] "GET /bmpp/Bilder/18_22.png HTTP/1.1" 200 430 "http://www.various-euro.com/bmpp/18.html" "Mozilla/5.0 (Windows; U; Windows NT 5.1; en-GB; rv:1.9.0.4) Gecko/2008102920 Firefox/3.0.4"
72.27.64.215 - - [13/Dec/2008:08:39:42 +0100] "GET /bmpp/Bilder/18_23.png HTTP/1.1" 200 454 "http://www.various-euro.com/bmpp/18.html" "Mozilla/5.0 (Windows; U; Windows NT 5.1; en-GB; rv:1.9.0.4) Gecko/2008102920 Firefox/3.0.4"
72.27.64.215 - - [13/Dec/2008:08:39:42 +0100] "GET /bmpp/Bilder/18_24.png HTTP/1.1" 200 353 "http://www.various-euro.com/bmpp/18.html" "Mozilla/5.0 (Windows; U; Windows NT 5.1; en-GB; rv:1.9.0.4) Gecko/2008102920 Firefox/3.0.4"
72.27.64.215 - - [13/Dec/2008:08:39:42 +0100] "GET /bmpp/Bilder/18_25.png HTTP/1.1" 200 827 "http://www.various-euro.com/bmpp/18.html" "Mozilla/5.0 (Windows; U; Windows NT 5.1; en-GB; rv:1.9.0.4) Gecko/2008102920 Firefox/3.0.4"
72.27.64.215 - - [13/Dec/2008:08:39:42 +0100] "GET /bmpp/Bilder/18_26.png HTTP/1.1" 200 880 "http://www.various-euro.com/bmpp/18.html" "Mozilla/5.0 (Windows; U; Windows NT 5.1; en-GB; rv:1.9.0.4) Gecko/2008102920 Firefox/3.0.4"
72.27.64.215 - - [13/Dec/2008:08:39:42 +0100] "GET /bmpp/Bilder/18_27.png HTTP/1.1" 200 854 "http://www.various-euro.com/bmpp/18.html" "Mozilla/5.0 (Windows; U; Windows NT 5.1; en-GB; rv:1.9.0.4) Gecko/2008102920 Firefox/3.0.4"
72.27.64.215 - - [13/Dec/2008:08:39:42 +0100] "GET /bmpp/Bilder/18_28.png HTTP/1.1" 200 721 "http://www.various-euro.com/bmpp/18.html" "Mozilla/5.0 (Windows; U; Windows NT 5.1; en-GB; rv:1.9.0.4) Gecko/2008102920 Firefox/3.0.4"
72.27.64.215 - - [13/Dec/2008:08:39:42 +0100] "GET /bmpp/Bilder/18_29.png HTTP/1.1" 200 564 "http://www.various-euro.com/bmpp/18.html" "Mozilla/5.0 (Windows; U; Windows NT 5.1; en-GB; rv:1.9.0.4) Gecko/2008102920 Firefox/3.0.4"
72.27.64.215 - - [13/Dec/2008:08:39:42 +0100] "GET /bmpp/Bilder/18_30.png HTTP/1.1" 200 233 "http://www.various-euro.com/bmpp/18.html" "Mozilla/5.0 (Windows; U; Windows NT 5.1; en-GB; rv:1.9.0.4) Gecko/2008102920 Firefox/3.0.4"
72.27.64.215 - - [13/Dec/2008:08:39:42 +0100] "GET /bmpp/Bilder/18_31.png HTTP/1.1" 200 402 "http://www.various-euro.com/bmpp/18.html" "Mozilla/5.0 (Windows; U; Windows NT 5.1; en-GB; rv:1.9.0.4) Gecko/2008102920 Firefox/3.0.4"
72.27.64.215 - - [13/Dec/2008:08:39:43 +0100] "GET /bmpp/Bilder/18_32.png HTTP/1.1" 200 374 "http://www.various-euro.com/bmpp/18.html" "Mozilla/5.0 (Windows; U; Windows NT 5.1; en-GB; rv:1.9.0.4) Gecko/2008102920 Firefox/3.0.4"
72.27.64.215 - - [13/Dec/2008:08:39:43 +0100] "GET /bmpp/Bilder/18_33.png HTTP/1.1" 200 398 "http://www.various-euro.com/bmpp/18.html" "Mozilla/5.0 (Windows; U; Windows NT 5.1; en-GB; rv:1.9.0.4) Gecko/2008102920 Firefox/3.0.4"
72.27.64.215 - - [13/Dec/2008:08:39:43 +0100] "GET /bmpp/Bilder/18_34.png HTTP/1.1" 200 573 "http://www.various-euro.com/bmpp/18.html" "Mozilla/5.0 (Windows; U; Windows NT 5.1; en-GB; rv:1.9.0.4) Gecko/2008102920 Firefox/3.0.4"
72.27.64.215 - - [13/Dec/2008:08:39:43 +0100] "GET /bmpp/Bilder/18_35.png HTTP/1.1" 200 691 "http://www.various-euro.com/bmpp/18.html" "Mozilla/5.0 (Windows; U; Windows NT 5.1; en-GB; rv:1.9.0.4) Gecko/2008102920 Firefox/3.0.4"
72.27.64.215 - - [13/Dec/2008:08:39:43 +0100] "GET /bmpp/Bilder/18_36.png HTTP/1.1" 200 557 "http://www.various-euro.com/bmpp/18.html" "Mozilla/5.0 (Windows; U; Windows NT 5.1; en-GB; rv:1.9.0.4) Gecko/2008102920 Firefox/3.0.4"
72.27.64.215 - - [13/Dec/2008:08:39:43 +0100] "GET /bmpp/Bilder/18_37.png HTTP/1.1" 200 239 "http://www.various-euro.com/bmpp/18.html" "Mozilla/5.0 (Windows; U; Windows NT 5.1; en-GB; rv:1.9.0.4) Gecko/2008102920 Firefox/3.0.4"
72.27.64.215 - - [13/Dec/2008:08:39:43 +0100] "GET /bmpp/Bilder/18_38.png HTTP/1.1" 200 509 "http://www.various-euro.com/bmpp/18.html" "Mozilla/5.0 (Windows; U; Windows NT 5.1; en-GB; rv:1.9.0.4) Gecko/2008102920 Firefox/3.0.4"
72.27.64.215 - - [13/Dec/2008:08:39:43 +0100] "GET /bmpp/Bilder/18_39.png HTTP/1.1" 200 733 "http://www.various-euro.com/bmpp/18.html" "Mozilla/5.0 (Windows; U; Windows NT 5.1; en-GB; rv:1.9.0.4) Gecko/2008102920 Firefox/3.0.4"
72.27.64.215 - - [13/Dec/2008:08:39:43 +0100] "GET /bmpp/Bilder/18_40.png HTTP/1.1" 200 506 "http://www.various-euro.com/bmpp/18.html" "Mozilla/5.0 (Windows; U; Windows NT 5.1; en-GB; rv:1.9.0.4) Gecko/2008102920 Firefox/3.0.4"
72.27.64.215 - - [13/Dec/2008:08:39:43 +0100] "GET /bmpp/Bilder/18_41.png HTTP/1.1" 200 334 "http://www.various-euro.com/bmpp/18.html" "Mozilla/5.0 (Windows; U; Windows NT 5.1; en-GB; rv:1.9.0.4) Gecko/2008102920 Firefox/3.0.4"
72.27.64.215 - - [13/Dec/2008:08:39:43 +0100] "GET /bmpp/Bilder/18_42.png HTTP/1.1" 200 286 "http://www.various-euro.com/bmpp/18.html" "Mozilla/5.0 (Windows; U; Windows NT 5.1; en-GB; rv:1.9.0.4) Gecko/2008102920 Firefox/3.0.4"
72.27.64.215 - - [13/Dec/2008:08:39:43 +0100] "GET /bmpp/Bilder/18_43.png HTTP/1.1" 200 280 "http://www.various-euro.com/bmpp/18.html" "Mozilla/5.0 (Windows; U; Windows NT 5.1; en-GB; rv:1.9.0.4) Gecko/2008102920 Firefox/3.0.4"
72.27.64.215 - - [13/Dec/2008:08:39:44 +0100] "GET /favicon.ico HTTP/1.1" 404 2748 "-" "Mozilla/5.0 (Windows; U; Windows NT 5.1; en-GB; rv:1.9.0.4) Gecko/2008102920 Firefox/3.0.4"
72.27.64.215 - - [13/Dec/2008:08:39:44 +0100] "GET /favicon.ico HTTP/1.1" 404 2748 "-" "Mozilla/5.0 (Windows; U; Windows NT 5.1; en-GB; rv:1.9.0.4) Gecko/2008102920 Firefox/3.0.4"
67.195.37.107 - - [13/Dec/2008:09:07:23 +0100] "GET /framez-girlz.html HTTP/1.0" 200 4271 "-" "Mozilla/5.0 (compatible; Yahoo! Slurp/3.0; http://help.yahoo.com/help/us/ysearch/slurp)"
67.195.37.107 - - [13/Dec/2008:09:07:25 +0100] "GET /neon/girlz2.html HTTP/1.0" 200 2937 "http://www.various-euro.com/framez-girlz.html" "Mozilla/5.0 (compatible; Yahoo! Slurp/3.0; http://help.yahoo.com/help/us/ysearch/slurp)"
67.195.37.107 - - [13/Dec/2008:09:07:25 +0100] "GET /frame-menu.html HTTP/1.0" 200 10536 "http://www.various-euro.com/framez-girlz.html" "Mozilla/5.0 (compatible; Yahoo! Slurp/3.0; http://help.yahoo.com/help/us/ysearch/slurp)"
67.195.37.107 - - [13/Dec/2008:09:07:25 +0100] "GET /frame-unten.html HTTP/1.0" 200 5308 "http://www.various-euro.com/framez-girlz.html" "Mozilla/5.0 (compatible; Yahoo! Slurp/3.0; http://help.yahoo.com/help/us/ysearch/slurp)"
67.195.37.107 - - [13/Dec/2008:09:07:26 +0100] "GET /style/various-euro.css HTTP/1.0" 304 - "http://www.various-euro.com/frame-menu.html" "Mozilla/5.0 (compatible; Yahoo! Slurp/3.0; http://help.yahoo.com/help/us/ysearch/slurp)"
74.6.8.100 - - [13/Dec/2008:09:29:24 +0100] "GET /logs/usage_200706.html HTTP/1.0" 200 107008 "-" "Mozilla/5.0 (compatible; Yahoo! Slurp; http://help.yahoo.com/help/us/ysearch/slurp)"
77.75.72.226 - - [13/Dec/2008:09:58:58 +0100] "GET / HTTP/1.1" 200 7869 "-" "SeznamScreenshotator/2.0 (+http://fulltext.seznam.cz/)"
77.75.72.226 - - [13/Dec/2008:09:58:58 +0100] "GET / HTTP/1.1" 200 7869 "-" "SeznamScreenshotator/2.0 (+http://fulltext.seznam.cz/)"
77.75.72.226 - - [13/Dec/2008:10:00:20 +0100] "GET / HTTP/1.1" 200 7869 "-" "SeznamScreenshotator/2.0 (+http://fulltext.seznam.cz/)"
77.75.72.226 - - [13/Dec/2008:10:00:20 +0100] "GET /style/various-euro.css HTTP/1.1" 200 3437 "http://www.various-euro.com/" "SeznamScreenshotator/2.0 (+http://fulltext.seznam.cz/)"
77.75.72.226 - - [13/Dec/2008:10:00:20 +0100] "GET /framez_0.html HTTP/1.1" 200 12444 "http://www.various-euro.com/" "SeznamScreenshotator/2.0 (+http://fulltext.seznam.cz/)"
77.75.72.226 - - [13/Dec/2008:10:00:22 +0100] "GET /framez.html HTTP/1.1" 200 3959 "http://www.various-euro.com/framez_0.html" "SeznamScreenshotator/2.0 (+http://fulltext.seznam.cz/)"
67.195.37.107 - - [13/Dec/2008:10:40:45 +0100] "GET /robots.txt HTTP/1.0" 200 64 "-" "Mozilla/5.0 (compatible; Yahoo! Slurp; http://help.yahoo.com/help/us/ysearch/slurp)"
67.195.37.107 - - [13/Dec/2008:10:40:46 +0100] "GET /neon/euro.html HTTP/1.0" 200 2212 "-" "Mozilla/5.0 (compatible; Yahoo! Slurp/3.0; http://help.yahoo.com/help/us/ysearch/slurp)"
67.195.37.107 - - [13/Dec/2008:10:57:50 +0100] "GET /frame-inhalt.html HTTP/1.0" 200 5418 "-" "Mozilla/5.0 (compatible; Yahoo! Slurp/3.0; http://help.yahoo.com/help/us/ysearch/slurp)"
67.195.37.107 - - [13/Dec/2008:10:57:51 +0100] "GET /style/various-euro.css HTTP/1.0" 304 - "http://www.various-euro.com/frame-inhalt.html" "Mozilla/5.0 (compatible; Yahoo! Slurp/3.0; http://help.yahoo.com/help/us/ysearch/slurp)"
74.6.8.100 - - [13/Dec/2008:10:58:16 +0100] "GET /framez-girlz.html HTTP/1.0" 200 4271 "-" "Mozilla/5.0 (compatible; Yahoo! Slurp; http://help.yahoo.com/help/us/ysearch/slurp)"
74.6.8.100 - - [13/Dec/2008:10:58:17 +0100] "GET /frame-menu.html HTTP/1.0" 200 10536 "-" "Mozilla/5.0 (compatible; Yahoo! Slurp; http://help.yahoo.com/help/us/ysearch/slurp)"
74.6.8.100 - - [13/Dec/2008:10:58:17 +0100] "GET /neon/girlz2.html HTTP/1.0" 200 2937 "-" "Mozilla/5.0 (compatible; Yahoo! Slurp; http://help.yahoo.com/help/us/ysearch/slurp)"
74.6.8.100 - - [13/Dec/2008:10:58:18 +0100] "GET /frame-unten.html HTTP/1.0" 200 5308 "-" "Mozilla/5.0 (compatible; Yahoo! Slurp; http://help.yahoo.com/help/us/ysearch/slurp)"
67.195.37.107 - - [13/Dec/2008:11:42:42 +0100] "GET /neon/euro.html HTTP/1.0" 200 2212 "-" "Mozilla/5.0 (compatible; Yahoo! Slurp/3.0; http://help.yahoo.com/help/us/ysearch/slurp)"
67.195.37.107 - - [13/Dec/2008:11:44:36 +0100] "GET /bmpp/euro_pal_111.html HTTP/1.0" 200 2129 "-" "Mozilla/5.0 (compatible; Yahoo! Slurp; http://help.yahoo.com/help/us/ysearch/slurp)"
65.55.165.59 - - [13/Dec/2008:11:45:46 +0100] "GET /zampa/montenegro/index.html HTTP/1.0" 200 2651 "http://www.angelfire.com/psy/zampa-di-leone-zampa/" "Mozilla/4.0 (compatible; MSIE 6.0; Windows NT 5.2; SV1; .NET CLR 1.1.4322)"
65.55.165.59 - - [13/Dec/2008:11:45:46 +0100] "GET /zampa/ HTTP/1.0" 200 7153 "http://www.angelfire.com/psy/zampa-di-leone-zampa/" "Mozilla/4.0 (compatible; MSIE 6.0; Windows NT 5.2; SV1; .NET CLR 1.1.4322)"
74.6.8.100 - - [13/Dec/2008:12:03:04 +0100] "GET /framez.html HTTP/1.0" 200 3959 "-" "Mozilla/5.0 (compatible; Yahoo! Slurp; http://help.yahoo.com/help/us/ysearch/slurp)"
74.6.8.100 - - [13/Dec/2008:12:03:04 +0100] "GET /frame-menu.html HTTP/1.0" 200 10536 "-" "Mozilla/5.0 (compatible; Yahoo! Slurp; http://help.yahoo.com/help/us/ysearch/slurp)"
74.6.8.100 - - [13/Dec/2008:12:03:05 +0100] "GET /frame-inhalt.html HTTP/1.0" 200 5418 "-" "Mozilla/5.0 (compatible; Yahoo! Slurp; http://help.yahoo.com/help/us/ysearch/slurp)"
74.6.8.100 - - [13/Dec/2008:12:03:06 +0100] "GET /frame-unten.html HTTP/1.0" 200 5308 "-" "Mozilla/5.0 (compatible; Yahoo! Slurp; http://help.yahoo.com/help/us/ysearch/slurp)"
66.249.65.169 - - [13/Dec/2008:12:08:15 +0100] "GET /robots.txt HTTP/1.1" 200 64 "-" "Mozilla/5.0 (compatible; Googlebot/2.1; +http://www.google.com/bot.html)"
66.249.65.169 - - [13/Dec/2008:12:08:15 +0100] "GET /logs/usage_200812.html HTTP/1.1" 404 2748 "-" "Mozilla/5.0 (compatible; Googlebot/2.1; +http://www.google.com/bot.html)"
67.195.37.107 - - [13/Dec/2008:12:27:43 +0100] "GET /neon/europa.html HTTP/1.0" 200 389 "-" "Mozilla/5.0 (compatible; Yahoo! Slurp/3.0; http://help.yahoo.com/help/us/ysearch/slurp)"
74.6.8.100 - - [13/Dec/2008:12:53:47 +0100] "GET /bmpp/euro_pal_1.html HTTP/1.0" 200 18252 "-" "Mozilla/5.0 (compatible; Yahoo! Slurp; http://help.yahoo.com/help/us/ysearch/slurp)"
119.63.193.43 - - [13/Dec/2008:13:06:01 +0100] "GET /frame-unten.html HTTP/1.1" 200 5308 "-" "Baiduspider+(+http://help.baidu.jp/system/05.html)"
67.195.37.107 - - [13/Dec/2008:13:38:48 +0100] "GET /bmpp/euro_pal_111.html HTTP/1.0" 200 2129 "-" "Mozilla/5.0 (compatible; Yahoo! Slurp/3.0; http://help.yahoo.com/help/us/ysearch/slurp)"
67.195.37.107 - - [13/Dec/2008:14:06:17 +0100] "GET /f-horrorkatze.html HTTP/1.0" 200 7865 "-" "Mozilla/5.0 (compatible; Yahoo! Slurp/3.0; http://help.yahoo.com/help/us/ysearch/slurp)"
74.6.8.100 - - [13/Dec/2008:14:40:51 +0100] "GET /neon/channel.html HTTP/1.0" 200 1942 "-" "Mozilla/5.0 (compatible; Yahoo! Slurp; http://help.yahoo.com/help/us/ysearch/slurp)"
67.195.37.107 - - [13/Dec/2008:14:45:41 +0100] "GET /neon/large.html HTTP/1.0" 200 1547 "-" "Mozilla/5.0 (compatible; Yahoo! Slurp; http://help.yahoo.com/help/us/ysearch/slurp)"
67.195.37.107 - - [13/Dec/2008:14:48:02 +0100] "GET /neon/annniiii.html HTTP/1.0" 200 686 "-" "Mozilla/5.0 (compatible; Yahoo! Slurp; http://help.yahoo.com/help/us/ysearch/slurp)"
77.78.10.77 - - [13/Dec/2008:14:51:19 +0100] "GET /framez.html HTTP/1.1" 200 3959 "http://www.google.bg/search?q=europortal&ie=utf-8&oe=utf-8&aq=t&rls=org.mozilla:en-US:official&client=firefox-a" "Mozilla/5.0 (Windows; U; Windows NT 5.1; en-US; rv:1.9.0.4) Gecko/2008102920 Firefox/3.0.4"
77.78.10.77 - - [13/Dec/2008:14:51:20 +0100] "GET /frame-menu.html HTTP/1.1" 200 10536 "http://www.various-euro.com/framez.html" "Mozilla/5.0 (Windows; U; Windows NT 5.1; en-US; rv:1.9.0.4) Gecko/2008102920 Firefox/3.0.4"
77.78.10.77 - - [13/Dec/2008:14:51:20 +0100] "GET /style/various-euro.css HTTP/1.1" 200 3437 "http://www.various-euro.com/framez.html" "Mozilla/5.0 (Windows; U; Windows NT 5.1; en-US; rv:1.9.0.4) Gecko/2008102920 Firefox/3.0.4"
77.78.10.77 - - [13/Dec/2008:14:51:20 +0100] "GET /ve-icon-2.ico HTTP/1.1" 200 2238 "-" "Mozilla/5.0 (Windows; U; Windows NT 5.1; en-US; rv:1.9.0.4) Gecko/2008102920 Firefox/3.0.4"
77.78.10.77 - - [13/Dec/2008:14:51:20 +0100] "GET /frame-inhalt.html HTTP/1.1" 200 5418 "http://www.various-euro.com/framez.html" "Mozilla/5.0 (Windows; U; Windows NT 5.1; en-US; rv:1.9.0.4) Gecko/2008102920 Firefox/3.0.4"
77.78.10.77 - - [13/Dec/2008:14:51:20 +0100] "GET /frame-unten.html HTTP/1.1" 200 5308 "http://www.various-euro.com/framez.html" "Mozilla/5.0 (Windows; U; Windows NT 5.1; en-US; rv:1.9.0.4) Gecko/2008102920 Firefox/3.0.4"
77.78.10.77 - - [13/Dec/2008:14:51:21 +0100] "GET /bannerz/ve.jpg HTTP/1.1" 200 36912 "http://www.various-euro.com/frame-unten.html" "Mozilla/5.0 (Windows; U; Windows NT 5.1; en-US; rv:1.9.0.4) Gecko/2008102920 Firefox/3.0.4"
77.78.10.77 - - [13/Dec/2008:14:51:21 +0100] "GET /bannerz/various-euro-girl.jpg HTTP/1.1" 200 91514 "http://www.various-euro.com/frame-unten.html" "Mozilla/5.0 (Windows; U; Windows NT 5.1; en-US; rv:1.9.0.4) Gecko/2008102920 Firefox/3.0.4"
77.78.10.77 - - [13/Dec/2008:14:51:21 +0100] "GET /bannerz/neon_click_1.gif HTTP/1.1" 200 890 "http://www.various-euro.com/frame-inhalt.html" "Mozilla/5.0 (Windows; U; Windows NT 5.1; en-US; rv:1.9.0.4) Gecko/2008102920 Firefox/3.0.4"
77.78.10.77 - - [13/Dec/2008:14:51:21 +0100] "GET /bannerz/neon_click_3.gif HTTP/1.1" 200 240 "http://www.various-euro.com/frame-inhalt.html" "Mozilla/5.0 (Windows; U; Windows NT 5.1; en-US; rv:1.9.0.4) Gecko/2008102920 Firefox/3.0.4"
77.78.10.77 - - [13/Dec/2008:14:51:21 +0100] "GET /eurosign3.gif HTTP/1.1" 200 7879 "http://www.various-euro.com/frame-inhalt.html" "Mozilla/5.0 (Windows; U; Windows NT 5.1; en-US; rv:1.9.0.4) Gecko/2008102920 Firefox/3.0.4"
77.78.10.77 - - [13/Dec/2008:14:51:21 +0100] "GET /bannerz/goolag_468.jpg HTTP/1.1" 200 28285 "http://www.various-euro.com/frame-inhalt.html" "Mozilla/5.0 (Windows; U; Windows NT 5.1; en-US; rv:1.9.0.4) Gecko/2008102920 Firefox/3.0.4"
77.78.10.77 - - [13/Dec/2008:14:51:22 +0100] "GET /bannerz/copyleft_black_small.gif HTTP/1.1" 200 1231 "http://www.various-euro.com/frame-inhalt.html" "Mozilla/5.0 (Windows; U; Windows NT 5.1; en-US; rv:1.9.0.4) Gecko/2008102920 Firefox/3.0.4"
77.78.10.77 - - [13/Dec/2008:14:51:22 +0100] "GET /bannerz/neon_click_2.gif HTTP/1.1" 200 387 "http://www.various-euro.com/frame-inhalt.html" "Mozilla/5.0 (Windows; U; Windows NT 5.1; en-US; rv:1.9.0.4) Gecko/2008102920 Firefox/3.0.4"
77.78.10.77 - - [13/Dec/2008:14:51:22 +0100] "GET /bannerz/douwil.gif HTTP/1.1" 200 528 "http://www.various-euro.com/frame-inhalt.html" "Mozilla/5.0 (Windows; U; Windows NT 5.1; en-US; rv:1.9.0.4) Gecko/2008102920 Firefox/3.0.4"
77.78.10.77 - - [13/Dec/2008:14:51:22 +0100] "GET /bannerz/anti_black_small.gif HTTP/1.1" 200 1009 "http://www.various-euro.com/frame-inhalt.html" "Mozilla/5.0 (Windows; U; Windows NT 5.1; en-US; rv:1.9.0.4) Gecko/2008102920 Firefox/3.0.4"
77.78.10.77 - - [13/Dec/2008:14:51:22 +0100] "GET /bannerz/google/Logo_40blk.gif HTTP/1.1" 200 2308 "http://www.various-euro.com/frame-inhalt.html" "Mozilla/5.0 (Windows; U; Windows NT 5.1; en-US; rv:1.9.0.4) Gecko/2008102920 Firefox/3.0.4"
77.78.10.77 - - [13/Dec/2008:14:51:22 +0100] "GET /bannerz/wet.gif HTTP/1.1" 200 18561 "http://www.various-euro.com/frame-inhalt.html" "Mozilla/5.0 (Windows; U; Windows NT 5.1; en-US; rv:1.9.0.4) Gecko/2008102920 Firefox/3.0.4"
67.195.37.107 - - [13/Dec/2008:14:52:48 +0100] "GET /f-search.html HTTP/1.0" 200 11800 "-" "Mozilla/5.0 (compatible; Yahoo! Slurp/3.0; http://help.yahoo.com/help/us/ysearch/slurp)"
67.195.37.107 - - [13/Dec/2008:15:09:03 +0100] "GET /logs/usage_200706.html HTTP/1.0" 200 107008 "-" "Mozilla/5.0 (compatible; Yahoo! Slurp; http://help.yahoo.com/help/us/ysearch/slurp)"
85.185.40.67 - - [13/Dec/2008:15:18:48 +0100] "GET /neon/girlz2.html HTTP/1.1" 200 2937 "http://search.msn.com/results.aspx?q=Uro+Girls&first=31&FORM=PERE3" "Mozilla/4.0 (compatible; MSIE 6.0; Windows NT 5.1; SV1; .NET CLR 2.0.50727)"
85.185.40.67 - - [13/Dec/2008:15:18:50 +0100] "GET /vgirls/button10.gif HTTP/1.1" 304 - "http://www.various-euro.com/neon/girlz2.html" "Mozilla/4.0 (compatible; MSIE 6.0; Windows NT 5.1; SV1; .NET CLR 2.0.50727)"
85.185.40.67 - - [13/Dec/2008:15:18:50 +0100] "GET /vgirls/virtua4.gif HTTP/1.1" 304 - "http://www.various-euro.com/neon/girlz2.html" "Mozilla/4.0 (compatible; MSIE 6.0; Windows NT 5.1; SV1; .NET CLR 2.0.50727)"
85.185.40.67 - - [13/Dec/2008:15:18:50 +0100] "GET /vgirls/button1.gif HTTP/1.1" 304 - "http://www.various-euro.com/neon/girlz2.html" "Mozilla/4.0 (compatible; MSIE 6.0; Windows NT 5.1; SV1; .NET CLR 2.0.50727)"
85.185.40.67 - - [13/Dec/2008:15:18:50 +0100] "GET /vgirls/button3.gif HTTP/1.1" 304 - "http://www.various-euro.com/neon/girlz2.html" "Mozilla/4.0 (compatible; MSIE 6.0; Windows NT 5.1; SV1; .NET CLR 2.0.50727)"
85.185.40.67 - - [13/Dec/2008:15:18:50 +0100] "GET /vgirls/dora_01.gif HTTP/1.1" 304 - "http://www.various-euro.com/neon/girlz2.html" "Mozilla/4.0 (compatible; MSIE 6.0; Windows NT 5.1; SV1; .NET CLR 2.0.50727)"
85.185.40.67 - - [13/Dec/2008:15:18:50 +0100] "GET /vgirls/shaina_big.gif HTTP/1.1" 304 - "http://www.various-euro.com/neon/girlz2.html" "Mozilla/4.0 (compatible; MSIE 6.0; Windows NT 5.1; SV1; .NET CLR 2.0.50727)"
85.185.40.67 - - [13/Dec/2008:15:18:59 +0100] "GET /vgirls/wm_02.gif HTTP/1.1" 304 - "http://www.various-euro.com/neon/girlz2.html" "Mozilla/4.0 (compatible; MSIE 6.0; Windows NT 5.1; SV1; .NET CLR 2.0.50727)"
85.185.40.67 - - [13/Dec/2008:15:19:02 +0100] "GET /framez-girlz.html HTTP/1.1" 200 4271 "-" "Mozilla/4.0 (compatible; MSIE 6.0; Windows NT 5.1; SV1; .NET CLR 2.0.50727)"
74.6.8.100 - - [13/Dec/2008:15:21:22 +0100] "GET /logs/usage_200709.html HTTP/1.0" 200 110974 "-" "Mozilla/5.0 (compatible; Yahoo! Slurp; http://help.yahoo.com/help/us/ysearch/slurp)"
85.185.40.67 - - [13/Dec/2008:15:22:27 +0100] "GET /framez-girlz.html HTTP/1.1" 200 4271 "-" "Mozilla/4.0 (compatible; MSIE 6.0; Windows NT 5.1; SV1; .NET CLR 2.0.50727)"
85.185.40.67 - - [13/Dec/2008:15:22:31 +0100] "GET /frame-menu.html HTTP/1.1" 200 10536 "http://www.various-euro.com/framez-girlz.html" "Mozilla/4.0 (compatible; MSIE 6.0; Windows NT 5.1; SV1; .NET CLR 2.0.50727)"
85.185.40.67 - - [13/Dec/2008:15:22:31 +0100] "GET /frame-unten.html HTTP/1.1" 200 5308 "http://www.various-euro.com/framez-girlz.html" "Mozilla/4.0 (compatible; MSIE 6.0; Windows NT 5.1; SV1; .NET CLR 2.0.50727)"
85.185.40.67 - - [13/Dec/2008:15:22:32 +0100] "GET /bannerz/ve.jpg HTTP/1.1" 304 - "http://www.various-euro.com/frame-unten.html" "Mozilla/4.0 (compatible; MSIE 6.0; Windows NT 5.1; SV1; .NET CLR 2.0.50727)"
85.185.40.67 - - [13/Dec/2008:15:22:32 +0100] "GET /style/various-euro.css HTTP/1.1" 304 - "http://www.various-euro.com/frame-menu.html" "Mozilla/4.0 (compatible; MSIE 6.0; Windows NT 5.1; SV1; .NET CLR 2.0.50727)"
85.185.40.67 - - [13/Dec/2008:15:22:41 +0100] "GET /bannerz/various-euro-girl.jpg HTTP/1.1" 304 - "http://www.various-euro.com/frame-unten.html" "Mozilla/4.0 (compatible; MSIE 6.0; Windows NT 5.1; SV1; .NET CLR 2.0.50727)"
85.185.40.67 - - [13/Dec/2008:15:23:06 +0100] "GET /neon/girl-tv.html HTTP/1.1" 200 1717 "http://www.various-euro.com/neon/girlz2.html" "Mozilla/4.0 (compatible; MSIE 6.0; Windows NT 5.1; SV1; .NET CLR 2.0.50727)"
85.185.40.67 - - [13/Dec/2008:15:23:07 +0100] "GET /neon/dollar-shadow.jpg HTTP/1.1" 304 - "http://www.various-euro.com/neon/girl-tv.html" "Mozilla/4.0 (compatible; MSIE 6.0; Windows NT 5.1; SV1; .NET CLR 2.0.50727)"
85.185.40.67 - - [13/Dec/2008:15:23:07 +0100] "GET /neon/girl-tv.gif HTTP/1.1" 304 - "http://www.various-euro.com/neon/girl-tv.html" "Mozilla/4.0 (compatible; MSIE 6.0; Windows NT 5.1; SV1; .NET CLR 2.0.50727)"
85.185.40.67 - - [13/Dec/2008:15:23:17 +0100] "GET /neon/slow-walk2.html HTTP/1.1" 200 1777 "http://www.various-euro.com/neon/girlz2.html" "Mozilla/4.0 (compatible; MSIE 6.0; Windows NT 5.1; SV1; .NET CLR 2.0.50727)"
74.6.8.100 - - [13/Dec/2008:15:23:36 +0100] "GET /DgH/ HTTP/1.0" 200 5024 "-" "Mozilla/5.0 (compatible; Yahoo! Slurp; http://help.yahoo.com/help/us/ysearch/slurp)"
85.185.40.67 - - [13/Dec/2008:15:24:06 +0100] "GET /frame-inhalt.html HTTP/1.1" 200 5418 "http://www.various-euro.com/neon/girlz2.html" "Mozilla/4.0 (compatible; MSIE 6.0; Windows NT 5.1; SV1; .NET CLR 2.0.50727)"
85.185.40.67 - - [13/Dec/2008:15:24:08 +0100] "GET /bannerz/goolag_468.jpg HTTP/1.1" 304 - "http://www.various-euro.com/frame-inhalt.html" "Mozilla/4.0 (compatible; MSIE 6.0; Windows NT 5.1; SV1; .NET CLR 2.0.50727)"
85.185.40.67 - - [13/Dec/2008:15:24:08 +0100] "GET /eurosign3.gif HTTP/1.1" 304 - "http://www.various-euro.com/frame-inhalt.html" "Mozilla/4.0 (compatible; MSIE 6.0; Windows NT 5.1; SV1; .NET CLR 2.0.50727)"
85.185.40.67 - - [13/Dec/2008:15:24:09 +0100] "GET /bannerz/douwil.gif HTTP/1.1" 304 - "http://www.various-euro.com/frame-inhalt.html" "Mozilla/4.0 (compatible; MSIE 6.0; Windows NT 5.1; SV1; .NET CLR 2.0.50727)"
85.185.40.67 - - [13/Dec/2008:15:24:09 +0100] "GET /bannerz/neon_click_2.gif HTTP/1.1" 304 - "http://www.various-euro.com/frame-inhalt.html" "Mozilla/4.0 (compatible; MSIE 6.0; Windows NT 5.1; SV1; .NET CLR 2.0.50727)"
85.185.40.67 - - [13/Dec/2008:15:24:09 +0100] "GET /bannerz/google/Logo_40blk.gif HTTP/1.1" 304 - "http://www.various-euro.com/frame-inhalt.html" "Mozilla/4.0 (compatible; MSIE 6.0; Windows NT 5.1; SV1; .NET CLR 2.0.50727)"
85.185.40.67 - - [13/Dec/2008:15:24:09 +0100] "GET /bannerz/anti_black_small.gif HTTP/1.1" 304 - "http://www.various-euro.com/frame-inhalt.html" "Mozilla/4.0 (compatible; MSIE 6.0; Windows NT 5.1; SV1; .NET CLR 2.0.50727)"
85.185.40.67 - - [13/Dec/2008:15:24:09 +0100] "GET /bannerz/copyleft_black_small.gif HTTP/1.1" 304 - "http://www.various-euro.com/frame-inhalt.html" "Mozilla/4.0 (compatible; MSIE 6.0; Windows NT 5.1; SV1; .NET CLR 2.0.50727)"
85.185.40.67 - - [13/Dec/2008:15:24:11 +0100] "GET /bannerz/neon_click_3.gif HTTP/1.1" 304 - "http://www.various-euro.com/frame-inhalt.html" "Mozilla/4.0 (compatible; MSIE 6.0; Windows NT 5.1; SV1; .NET CLR 2.0.50727)"
85.185.40.67 - - [13/Dec/2008:15:24:11 +0100] "GET /bannerz/neon_click_1.gif HTTP/1.1" 304 - "http://www.various-euro.com/frame-inhalt.html" "Mozilla/4.0 (compatible; MSIE 6.0; Windows NT 5.1; SV1; .NET CLR 2.0.50727)"
85.185.40.67 - - [13/Dec/2008:15:24:29 +0100] "GET /bannerz/wet.gif HTTP/1.1" 304 - "http://www.various-euro.com/frame-inhalt.html" "Mozilla/4.0 (compatible; MSIE 6.0; Windows NT 5.1; SV1; .NET CLR 2.0.50727)"
85.185.40.67 - - [13/Dec/2008:15:25:01 +0100] "GET /bmpp/euro_pal_111.html HTTP/1.1" 200 2129 "http://www.various-euro.com/frame-inhalt.html" "Mozilla/4.0 (compatible; MSIE 6.0; Windows NT 5.1; SV1; .NET CLR 2.0.50727)"
85.185.40.67 - - [13/Dec/2008:15:25:23 +0100] "GET /bmpp/codealaaa.png HTTP/1.1" 200 1720 "http://www.various-euro.com/bmpp/euro_pal_111.html" "Mozilla/4.0 (compatible; MSIE 6.0; Windows NT 5.1; SV1; .NET CLR 2.0.50727)"
85.185.40.67 - - [13/Dec/2008:15:25:23 +0100] "GET /bmpp/Bilder2/fsstreiffcc_29_01.gif HTTP/1.1" 200 890 "http://www.various-euro.com/bmpp/euro_pal_111.html" "Mozilla/4.0 (compatible; MSIE 6.0; Windows NT 5.1; SV1; .NET CLR 2.0.50727)"
85.185.40.67 - - [13/Dec/2008:15:25:23 +0100] "GET /bmpp/Bilder2/fsstreiffcc_29_01-down.gif HTTP/1.1" 200 387 "http://www.various-euro.com/bmpp/euro_pal_111.html" "Mozilla/4.0 (compatible; MSIE 6.0; Windows NT 5.1; SV1; .NET CLR 2.0.50727)"
85.185.40.67 - - [13/Dec/2008:15:25:23 +0100] "GET /bmpp/Bilder2/fsstreiffcc_29_01-over.gif HTTP/1.1" 200 630 "http://www.various-euro.com/bmpp/euro_pal_111.html" "Mozilla/4.0 (compatible; MSIE 6.0; Windows NT 5.1; SV1; .NET CLR 2.0.50727)"
85.185.40.67 - - [13/Dec/2008:15:25:23 +0100] "GET /bmpp/Bilder2/fsstreiffcc_29_01-click.gif HTTP/1.1" 200 240 "http://www.various-euro.com/bmpp/euro_pal_111.html" "Mozilla/4.0 (compatible; MSIE 6.0; Windows NT 5.1; SV1; .NET CLR 2.0.50727)"
85.185.40.67 - - [13/Dec/2008:15:25:37 +0100] "GET /partnergegenberlin.html HTTP/1.1" 200 5022 "http://www.various-euro.com/frame-inhalt.html" "Mozilla/4.0 (compatible; MSIE 6.0; Windows NT 5.1; SV1; .NET CLR 2.0.50727)"
85.185.40.67 - - [13/Dec/2008:15:25:45 +0100] "GET /bannerz/logo-partnergegenberlin.png HTTP/1.1" 200 6341 "http://www.various-euro.com/partnergegenberlin.html" "Mozilla/4.0 (compatible; MSIE 6.0; Windows NT 5.1; SV1; .NET CLR 2.0.50727)"
85.185.40.67 - - [13/Dec/2008:15:25:48 +0100] "GET /bannerz/kapitalismusdebatte.jpg HTTP/1.1" 200 69093 "http://www.various-euro.com/partnergegenberlin.html" "Mozilla/4.0 (compatible; MSIE 6.0; Windows NT 5.1; SV1; .NET CLR 2.0.50727)"
85.185.40.67 - - [13/Dec/2008:15:25:48 +0100] "GET /bannerz/stasi-2-0.jpg HTTP/1.1" 200 42818 "http://www.various-euro.com/partnergegenberlin.html" "Mozilla/4.0 (compatible; MSIE 6.0; Windows NT 5.1; SV1; .NET CLR 2.0.50727)"
85.185.40.67 - - [13/Dec/2008:15:26:52 +0100] "GET /neon/left-one-new.html HTTP/1.1" 200 1483 "http://www.various-euro.com/neon/girlz2.html" "Mozilla/4.0 (compatible; MSIE 6.0; Windows NT 5.1; SV1; .NET CLR 2.0.50727)"
85.185.40.67 - - [13/Dec/2008:15:27:03 +0100] "GET /bannerz/behindd.gif HTTP/1.1" 200 7760 "http://www.various-euro.com/neon/left-one-new.html" "Mozilla/4.0 (compatible; MSIE 6.0; Windows NT 5.1; SV1; .NET CLR 2.0.50727)"
78.38.255.141 - - [13/Dec/2008:15:42:30 +0100] "GET / HTTP/1.1" 200 7869 "-" "Mozilla/5.0 (Windows; U; Windows NT 5.2; en-US; rv:1.8.1.12) Gecko/20080201 Firefox/2.0.0.12"
