68.236.164.150 - - [29/Dec/2008:11:15:54 +0100] "GET /ve-icon-2.ico HTTP/1.1" 200 2238 "-" "Mozilla/4.0 (compatible; MSIE 7.0; Windows NT 5.1; .NET CLR 1.0.3705; .NET CLR 1.1.4322; Media Center PC 4.0; .NET CLR 2.0.50727; .NET CLR 3.0.04506.30; .NET CLR 3.0.04506.648; Zango 10.3.37.0)"
74.6.8.94 - - [29/Dec/2008:11:49:03 +0100] "GET /bmpp/eurolauf.html HTTP/1.0" 200 3078 "-" "Mozilla/5.0 (compatible; Yahoo! Slurp; http://help.yahoo.com/help/us/ysearch/slurp)"
74.6.8.94 - - [29/Dec/2008:12:01:52 +0100] "GET /neon/euro.html HTTP/1.0" 200 2212 "-" "Mozilla/5.0 (compatible; Yahoo! Slurp; http://help.yahoo.com/help/us/ysearch/slurp)"
81.52.143.15 - - [29/Dec/2008:12:22:51 +0100] "GET /f-warez.html HTTP/1.1" 200 10953 "-" "Mozilla/5.0 (Windows; U; Windows NT 5.1; fr; rv:1.8.1) VoilaBot BETA 1.2 (support.voilabot@orange-ftgroup.com)"
66.249.65.169 - - [29/Dec/2008:12:33:53 +0100] "GET /3dsf3/sendi/hyperreality.html HTTP/1.1" 200 1436 "-" "Mozilla/5.0 (compatible; Googlebot/2.1; +http://www.google.com/bot.html)"
66.249.65.169 - - [29/Dec/2008:12:41:22 +0100] "GET /logs/usage_200812.html HTTP/1.1" 404 2748 "-" "Mozilla/5.0 (compatible; Googlebot/2.1; +http://www.google.com/bot.html)"
38.100.41.107 - - [29/Dec/2008:12:45:27 +0100] "GET /restate_copy.html HTTP/1.1" 200 97631 "http://www.google.com/custom?cof=GALT%3A336600%3BVLC%3A000066%3BAH%3Acenter%3BBGC%3AFFFFFF%3BLH%3A81%3BLC%3A000066%3BGFNT%3A336600%3BL%3Ahttp%3A%2F%2Fcyveillance.allthesites.com%2Fimages%2Fats_logo.gif%3BALC%3A000066%3BLW%3A361%3BT%3A000066%3BGIMP%3A336600%3BAWFID%3A248cacfbbe0ae58f%3B&q=%22state%20farm%22%20yahoo%20%22previous%20message%22&num=100&hl=en&start=0&filter=0" "Mozilla/4.0 (compatible; MSIE 5.5; Windows NT 5.0)"
38.100.41.107 - - [29/Dec/2008:12:45:47 +0100] "GET /framez-restate.html HTTP/1.1" 200 4328 "http://www.google.com/search?q=%22state%20farm%22%20yahoo%20%22previous%20message%22&num=100&hl=en&start=100&filter=0" "Mozilla/4.0 (compatible; MSIE 5.5; Windows NT 5.0)"
74.6.8.94 - - [29/Dec/2008:12:51:18 +0100] "GET /logs/usage_200712.html HTTP/1.0" 200 92577 "-" "Mozilla/5.0 (compatible; Yahoo! Slurp; http://help.yahoo.com/help/us/ysearch/slurp)"
66.231.189.124 - - [29/Dec/2008:13:19:08 +0100] "GET /robots.txt HTTP/1.0" 200 64 "-" "Gigabot/3.0 (http://www.gigablast.com/spider.html)"
66.231.189.124 - - [29/Dec/2008:13:19:08 +0100] "GET /DgH/watch/index.html HTTP/1.0" 200 2028 "-" "Gigabot/3.0 (http://www.gigablast.com/spider.html)"
87.15.153.250 - - [29/Dec/2008:14:41:03 +0100] "GET / HTTP/1.1" 302 353 "http://www.new.facebook.com/inbox/?ref=mb" "Mozilla/4.0 (compatible; MSIE 7.0; Windows NT 6.0; Mozilla/4.0 (compatible; MSIE 6.0; Windows NT 5.1; SV1) ; SLCC1; .NET CLR 2.0.50727; Media Center PC 5.0; .NET CLR 3.0.04506; .NET CLR 3.5.21022)"
87.15.153.250 - - [29/Dec/2008:14:41:03 +0100] "GET /zampa/ HTTP/1.1" 200 7153 "http://www.new.facebook.com/inbox/?ref=mb" "Mozilla/4.0 (compatible; MSIE 7.0; Windows NT 6.0; Mozilla/4.0 (compatible; MSIE 6.0; Windows NT 5.1; SV1) ; SLCC1; .NET CLR 2.0.50727; Media Center PC 5.0; .NET CLR 3.0.04506; .NET CLR 3.5.21022)"
87.15.153.250 - - [29/Dec/2008:14:41:04 +0100] "GET /zampa/slike/zampa.gif HTTP/1.1" 200 5310 "http://www.various-euro.com/zampa/" "Mozilla/4.0 (compatible; MSIE 7.0; Windows NT 6.0; Mozilla/4.0 (compatible; MSIE 6.0; Windows NT 5.1; SV1) ; SLCC1; .NET CLR 2.0.50727; Media Center PC 5.0; .NET CLR 3.0.04506; .NET CLR 3.5.21022)"
87.15.153.250 - - [29/Dec/2008:14:41:04 +0100] "GET /zampa/slike/udupetu.gif HTTP/1.1" 200 4138 "http://www.various-euro.com/zampa/" "Mozilla/4.0 (compatible; MSIE 7.0; Windows NT 6.0; Mozilla/4.0 (compatible; MSIE 6.0; Windows NT 5.1; SV1) ; SLCC1; .NET CLR 2.0.50727; Media Center PC 5.0; .NET CLR 3.0.04506; .NET CLR 3.5.21022)"
87.15.153.250 - - [29/Dec/2008:14:41:04 +0100] "GET /zampa/slike/inthearse.gif HTTP/1.1" 200 4077 "http://www.various-euro.com/zampa/" "Mozilla/4.0 (compatible; MSIE 7.0; Windows NT 6.0; Mozilla/4.0 (compatible; MSIE 6.0; Windows NT 5.1; SV1) ; SLCC1; .NET CLR 2.0.50727; Media Center PC 5.0; .NET CLR 3.0.04506; .NET CLR 3.5.21022)"
87.15.153.250 - - [29/Dec/2008:14:41:04 +0100] "GET /favicon.ico HTTP/1.1" 404 2748 "-" "Mozilla/4.0 (compatible; MSIE 7.0; Windows NT 6.0; Mozilla/4.0 (compatible; MSIE 6.0; Windows NT 5.1; SV1) ; SLCC1; .NET CLR 2.0.50727; Media Center PC 5.0; .NET CLR 3.0.04506; .NET CLR 3.5.21022)"
65.55.211.166 - - [29/Dec/2008:14:45:02 +0100] "GET /robots.txt HTTP/1.1" 200 64 "-" "msnbot/1.1 (+http://search.msn.com/msnbot.htm)"
65.55.211.166 - - [29/Dec/2008:14:45:02 +0100] "GET /DgH/bull/index.html HTTP/1.1" 200 1915 "-" "msnbot/1.1 (+http://search.msn.com/msnbot.htm)"
74.6.22.162 - - [29/Dec/2008:14:45:39 +0100] "GET /logs/usage_200612.html HTTP/1.0" 200 109590 "-" "Mozilla/5.0 (compatible; Yahoo! Slurp/3.0; http://help.yahoo.com/help/us/ysearch/slurp)"
66.231.189.124 - - [29/Dec/2008:15:08:53 +0100] "GET /DgH/orginal/index.html HTTP/1.0" 200 1727 "-" "Gigabot/3.0 (http://www.gigablast.com/spider.html)"
74.6.8.94 - - [29/Dec/2008:15:36:37 +0100] "GET /sendi_agent.html HTTP/1.0" 200 6213 "-" "Mozilla/5.0 (compatible; Yahoo! Slurp; http://help.yahoo.com/help/us/ysearch/slurp)"
94.75.231.153 - - [29/Dec/2008:15:43:47 +0100] "GET /framez-restate.html HTTP/1.1" 200 4328 "-" "-"
74.6.8.94 - - [29/Dec/2008:16:00:56 +0100] "GET /neon/channel.html HTTP/1.0" 200 1942 "-" "Mozilla/5.0 (compatible; Yahoo! Slurp; http://help.yahoo.com/help/us/ysearch/slurp)"
75.101.207.185 - - [29/Dec/2008:16:08:03 +0100] "GET /robots.txt HTTP/1.1" 200 64 "-" "YebolBot (Email: yebolbot@gmail.com; If the web crawling affects your web service, or you don't like to be crawled by us, please email us. We'll stop crawling immediately.)"
67.195.37.119 - - [29/Dec/2008:16:08:23 +0100] "GET /restate_copy.html HTTP/1.0" 200 97631 "-" "Mozilla/5.0 (compatible; Yahoo! Slurp; http://help.yahoo.com/help/us/ysearch/slurp)"
67.195.37.119 - - [29/Dec/2008:16:34:31 +0100] "GET /zampa/montenegro/BATAW.html HTTP/1.0" 200 860 "-" "Mozilla/5.0 (compatible; Yahoo! Slurp/3.0; http://help.yahoo.com/help/us/ysearch/slurp)"
74.6.8.94 - - [29/Dec/2008:16:40:17 +0100] "GET /neon/code.html HTTP/1.0" 200 1109 "-" "Mozilla/5.0 (compatible; Yahoo! Slurp; http://help.yahoo.com/help/us/ysearch/slurp)"
194.232.72.122 - - [29/Dec/2008:17:27:38 +0100] "GET / HTTP/1.1" 302 353 "http://www.google.at/search?hl=de&q=zampa+di+leone&btnG=Google-Suche&meta=" "Mozilla/5.0 (Windows; U; Windows NT 5.1; de; rv:1.9.0.4) Gecko/2008102920 Firefox/3.0.4"
194.232.72.122 - - [29/Dec/2008:17:27:38 +0100] "GET /zampa/ HTTP/1.1" 200 7153 "http://www.google.at/search?hl=de&q=zampa+di+leone&btnG=Google-Suche&meta=" "Mozilla/5.0 (Windows; U; Windows NT 5.1; de; rv:1.9.0.4) Gecko/2008102920 Firefox/3.0.4"
194.232.72.122 - - [29/Dec/2008:17:27:38 +0100] "GET /zampa/slike/udupetu.gif HTTP/1.1" 200 4138 "http://www.various-euro.com/zampa/" "Mozilla/5.0 (Windows; U; Windows NT 5.1; de; rv:1.9.0.4) Gecko/2008102920 Firefox/3.0.4"
194.232.72.122 - - [29/Dec/2008:17:27:38 +0100] "GET /zampa/slike/zampa.gif HTTP/1.1" 200 5310 "http://www.various-euro.com/zampa/" "Mozilla/5.0 (Windows; U; Windows NT 5.1; de; rv:1.9.0.4) Gecko/2008102920 Firefox/3.0.4"
194.232.72.122 - - [29/Dec/2008:17:27:38 +0100] "GET /zampa/slike/inthearse.gif HTTP/1.1" 200 4077 "http://www.various-euro.com/zampa/" "Mozilla/5.0 (Windows; U; Windows NT 5.1; de; rv:1.9.0.4) Gecko/2008102920 Firefox/3.0.4"
194.232.72.122 - - [29/Dec/2008:17:27:38 +0100] "GET /favicon.ico HTTP/1.1" 404 2748 "-" "Mozilla/5.0 (Windows; U; Windows NT 5.1; de; rv:1.9.0.4) Gecko/2008102920 Firefox/3.0.4"
194.232.72.122 - - [29/Dec/2008:17:27:41 +0100] "GET /favicon.ico HTTP/1.1" 404 2748 "-" "Mozilla/5.0 (Windows; U; Windows NT 5.1; de; rv:1.9.0.4) Gecko/2008102920 Firefox/3.0.4"
194.232.72.122 - - [29/Dec/2008:17:28:01 +0100] "GET /zampa/montenegro/index.html HTTP/1.1" 200 2651 "http://www.various-euro.com/zampa/" "Mozilla/5.0 (Windows; U; Windows NT 5.1; de; rv:1.9.0.4) Gecko/2008102920 Firefox/3.0.4"
194.232.72.122 - - [29/Dec/2008:17:28:01 +0100] "GET /zampa/montenegro/slike/plakat.jpg HTTP/1.1" 200 47879 "http://www.various-euro.com/zampa/montenegro/index.html" "Mozilla/5.0 (Windows; U; Windows NT 5.1; de; rv:1.9.0.4) Gecko/2008102920 Firefox/3.0.4"
65.55.211.167 - - [29/Dec/2008:17:28:11 +0100] "GET /robots.txt HTTP/1.1" 200 64 "-" "msnbot/1.1 (+http://search.msn.com/msnbot.htm)"
65.55.211.167 - - [29/Dec/2008:17:28:11 +0100] "GET /f-other.html HTTP/1.1" 200 33189 "-" "msnbot/1.1 (+http://search.msn.com/msnbot.htm)"
194.232.72.122 - - [29/Dec/2008:17:28:16 +0100] "GET /zampa/lybia/index.html HTTP/1.1" 200 3036 "http://www.various-euro.com/zampa/" "Mozilla/5.0 (Windows; U; Windows NT 5.1; de; rv:1.9.0.4) Gecko/2008102920 Firefox/3.0.4"
194.232.72.122 - - [29/Dec/2008:17:28:16 +0100] "GET /zampa/lybia/slike/tele.jpg HTTP/1.1" 200 28022 "http://www.various-euro.com/zampa/lybia/index.html" "Mozilla/5.0 (Windows; U; Windows NT 5.1; de; rv:1.9.0.4) Gecko/2008102920 Firefox/3.0.4"
194.232.72.122 - - [29/Dec/2008:17:28:21 +0100] "GET /zampa/wonderland/index.html HTTP/1.1" 200 2084 "http://www.various-euro.com/zampa/" "Mozilla/5.0 (Windows; U; Windows NT 5.1; de; rv:1.9.0.4) Gecko/2008102920 Firefox/3.0.4"
194.232.72.122 - - [29/Dec/2008:17:28:21 +0100] "GET /zampa/wonderland/TWonder.gif HTTP/1.1" 200 76757 "http://www.various-euro.com/zampa/wonderland/index.html" "Mozilla/5.0 (Windows; U; Windows NT 5.1; de; rv:1.9.0.4) Gecko/2008102920 Firefox/3.0.4"
194.232.72.122 - - [29/Dec/2008:17:28:53 +0100] "GET /zampa/slike/E1TITEL.GIF HTTP/1.1" 200 16284 "http://www.various-euro.com/zampa/" "Mozilla/5.0 (Windows; U; Windows NT 5.1; de; rv:1.9.0.4) Gecko/2008102920 Firefox/3.0.4"
194.232.72.122 - - [29/Dec/2008:17:29:03 +0100] "GET /zampa/montenegro/dajpare.html HTTP/1.1" 200 2503 "http://www.various-euro.com/zampa/" "Mozilla/5.0 (Windows; U; Windows NT 5.1; de; rv:1.9.0.4) Gecko/2008102920 Firefox/3.0.4"
194.232.72.122 - - [29/Dec/2008:17:29:03 +0100] "GET /zampa/montenegro/slike/TESLAW.jpg HTTP/1.1" 200 3770 "http://www.various-euro.com/zampa/montenegro/dajpare.html" "Mozilla/5.0 (Windows; U; Windows NT 5.1; de; rv:1.9.0.4) Gecko/2008102920 Firefox/3.0.4"
194.232.72.122 - - [29/Dec/2008:17:29:03 +0100] "GET /zampa/montenegro/slike/ZMAJW.jpg HTTP/1.1" 200 4555 "http://www.various-euro.com/zampa/montenegro/dajpare.html" "Mozilla/5.0 (Windows; U; Windows NT 5.1; de; rv:1.9.0.4) Gecko/2008102920 Firefox/3.0.4"
194.232.72.122 - - [29/Dec/2008:17:29:03 +0100] "GET /zampa/montenegro/slike/BATAW.jpg HTTP/1.1" 200 2631 "http://www.various-euro.com/zampa/montenegro/dajpare.html" "Mozilla/5.0 (Windows; U; Windows NT 5.1; de; rv:1.9.0.4) Gecko/2008102920 Firefox/3.0.4"
194.232.72.122 - - [29/Dec/2008:17:29:03 +0100] "GET /zampa/montenegro/slike/MILOW.jpg HTTP/1.1" 200 3823 "http://www.various-euro.com/zampa/montenegro/dajpare.html" "Mozilla/5.0 (Windows; U; Windows NT 5.1; de; rv:1.9.0.4) Gecko/2008102920 Firefox/3.0.4"
194.232.72.122 - - [29/Dec/2008:17:29:03 +0100] "GET /zampa/montenegro/slike/SEKAW.jpg HTTP/1.1" 200 2786 "http://www.various-euro.com/zampa/montenegro/dajpare.html" "Mozilla/5.0 (Windows; U; Windows NT 5.1; de; rv:1.9.0.4) Gecko/2008102920 Firefox/3.0.4"
208.80.194.34 - - [29/Dec/2008:17:29:08 +0100] "GET / HTTP/1.0" 200 7869 "-" "Mozilla/4.0 (compatible; MSIE 7.0; Windows NT 5.1; FunWebProducts; PeoplePal 6.2; SpamBlockerUtility 4.8.4)"
208.80.194.34 - - [29/Dec/2008:17:29:09 +0100] "GET / HTTP/1.0" 200 7869 "-" "Mozilla/4.0 (compatible; MSIE 6.0; Windows NT 5.1; iOpus-I-M; SV1; .NET CLR 1.0.3705; .NET CLR 1.1.4322)"
194.232.72.122 - - [29/Dec/2008:17:29:16 +0100] "GET /zampa/montenegro/SEKAW.html HTTP/1.1" 200 860 "http://www.various-euro.com/zampa/montenegro/dajpare.html" "Mozilla/5.0 (Windows; U; Windows NT 5.1; de; rv:1.9.0.4) Gecko/2008102920 Firefox/3.0.4"
194.232.72.122 - - [29/Dec/2008:17:29:16 +0100] "GET /zampa/montenegro/slike/grosse/SEKAg.jpg HTTP/1.1" 200 12031 "http://www.various-euro.com/zampa/montenegro/SEKAW.html" "Mozilla/5.0 (Windows; U; Windows NT 5.1; de; rv:1.9.0.4) Gecko/2008102920 Firefox/3.0.4"
194.232.72.122 - - [29/Dec/2008:17:29:26 +0100] "GET /zampa/slike/S1TITEL.GIF HTTP/1.1" 200 15244 "http://www.various-euro.com/zampa/" "Mozilla/5.0 (Windows; U; Windows NT 5.1; de; rv:1.9.0.4) Gecko/2008102920 Firefox/3.0.4"
122.249.230.2 - - [29/Dec/2008:17:45:40 +0100] "GET / HTTP/1.1" 302 353 "http://www.google.com/search?source=ig&hl=en&rlz=&=&q=zampa+di+leone&btnG=Google+Search&aq=f" "Mozilla/5.0 (Macintosh; U; Intel Mac OS X 10.4; en-US; rv:1.9.0.5) Gecko/2008120121 Firefox/3.0.5"
122.249.230.2 - - [29/Dec/2008:17:45:41 +0100] "GET /zampa/ HTTP/1.1" 200 7153 "http://www.google.com/search?source=ig&hl=en&rlz=&=&q=zampa+di+leone&btnG=Google+Search&aq=f" "Mozilla/5.0 (Macintosh; U; Intel Mac OS X 10.4; en-US; rv:1.9.0.5) Gecko/2008120121 Firefox/3.0.5"
122.249.230.2 - - [29/Dec/2008:17:45:42 +0100] "GET /zampa/slike/zampa.gif HTTP/1.1" 200 5310 "http://www.various-euro.com/zampa/" "Mozilla/5.0 (Macintosh; U; Intel Mac OS X 10.4; en-US; rv:1.9.0.5) Gecko/2008120121 Firefox/3.0.5"
122.249.230.2 - - [29/Dec/2008:17:45:42 +0100] "GET /zampa/slike/udupetu.gif HTTP/1.1" 200 4138 "http://www.various-euro.com/zampa/" "Mozilla/5.0 (Macintosh; U; Intel Mac OS X 10.4; en-US; rv:1.9.0.5) Gecko/2008120121 Firefox/3.0.5"
122.249.230.2 - - [29/Dec/2008:17:45:42 +0100] "GET /zampa/slike/inthearse.gif HTTP/1.1" 200 4077 "http://www.various-euro.com/zampa/" "Mozilla/5.0 (Macintosh; U; Intel Mac OS X 10.4; en-US; rv:1.9.0.5) Gecko/2008120121 Firefox/3.0.5"
122.249.230.2 - - [29/Dec/2008:17:45:43 +0100] "GET /favicon.ico HTTP/1.1" 404 2748 "-" "Mozilla/5.0 (Macintosh; U; Intel Mac OS X 10.4; en-US; rv:1.9.0.5) Gecko/2008120121 Firefox/3.0.5"
122.249.230.2 - - [29/Dec/2008:17:45:46 +0100] "GET /favicon.ico HTTP/1.1" 404 2748 "-" "Mozilla/5.0 (Macintosh; U; Intel Mac OS X 10.4; en-US; rv:1.9.0.5) Gecko/2008120121 Firefox/3.0.5"
122.249.230.2 - - [29/Dec/2008:17:45:57 +0100] "GET /zampa/montenegro/dajpare.html HTTP/1.1" 200 2503 "http://www.various-euro.com/zampa/" "Mozilla/5.0 (Macintosh; U; Intel Mac OS X 10.4; en-US; rv:1.9.0.5) Gecko/2008120121 Firefox/3.0.5"
122.249.230.2 - - [29/Dec/2008:17:45:57 +0100] "GET /zampa/montenegro/slike/BATAW.jpg HTTP/1.1" 200 2631 "http://www.various-euro.com/zampa/montenegro/dajpare.html" "Mozilla/5.0 (Macintosh; U; Intel Mac OS X 10.4; en-US; rv:1.9.0.5) Gecko/2008120121 Firefox/3.0.5"
122.249.230.2 - - [29/Dec/2008:17:45:57 +0100] "GET /zampa/montenegro/slike/SEKAW.jpg HTTP/1.1" 200 2786 "http://www.various-euro.com/zampa/montenegro/dajpare.html" "Mozilla/5.0 (Macintosh; U; Intel Mac OS X 10.4; en-US; rv:1.9.0.5) Gecko/2008120121 Firefox/3.0.5"
122.249.230.2 - - [29/Dec/2008:17:45:57 +0100] "GET /zampa/montenegro/slike/TESLAW.jpg HTTP/1.1" 200 3770 "http://www.various-euro.com/zampa/montenegro/dajpare.html" "Mozilla/5.0 (Macintosh; U; Intel Mac OS X 10.4; en-US; rv:1.9.0.5) Gecko/2008120121 Firefox/3.0.5"
122.249.230.2 - - [29/Dec/2008:17:45:57 +0100] "GET /zampa/montenegro/slike/ZMAJW.jpg HTTP/1.1" 200 4555 "http://www.various-euro.com/zampa/montenegro/dajpare.html" "Mozilla/5.0 (Macintosh; U; Intel Mac OS X 10.4; en-US; rv:1.9.0.5) Gecko/2008120121 Firefox/3.0.5"
122.249.230.2 - - [29/Dec/2008:17:45:57 +0100] "GET /zampa/montenegro/slike/MILOW.jpg HTTP/1.1" 200 3823 "http://www.various-euro.com/zampa/montenegro/dajpare.html" "Mozilla/5.0 (Macintosh; U; Intel Mac OS X 10.4; en-US; rv:1.9.0.5) Gecko/2008120121 Firefox/3.0.5"
122.249.230.2 - - [29/Dec/2008:17:46:02 +0100] "GET /zampa/montenegro/TESLAW.html HTTP/1.1" 200 861 "http://www.various-euro.com/zampa/montenegro/dajpare.html" "Mozilla/5.0 (Macintosh; U; Intel Mac OS X 10.4; en-US; rv:1.9.0.5) Gecko/2008120121 Firefox/3.0.5"
122.249.230.2 - - [29/Dec/2008:17:46:02 +0100] "GET /zampa/montenegro/slike/grosse/TESLAg.jpg HTTP/1.1" 200 18780 "http://www.various-euro.com/zampa/montenegro/TESLAW.html" "Mozilla/5.0 (Macintosh; U; Intel Mac OS X 10.4; en-US; rv:1.9.0.5) Gecko/2008120121 Firefox/3.0.5"
122.249.230.2 - - [29/Dec/2008:17:46:14 +0100] "GET /zampa/lybia/index.html HTTP/1.1" 200 3036 "http://www.various-euro.com/zampa/montenegro/dajpare.html" "Mozilla/5.0 (Macintosh; U; Intel Mac OS X 10.4; en-US; rv:1.9.0.5) Gecko/2008120121 Firefox/3.0.5"
122.249.230.2 - - [29/Dec/2008:17:46:14 +0100] "GET /zampa/lybia/slike/tele.jpg HTTP/1.1" 200 28022 "http://www.various-euro.com/zampa/lybia/index.html" "Mozilla/5.0 (Macintosh; U; Intel Mac OS X 10.4; en-US; rv:1.9.0.5) Gecko/2008120121 Firefox/3.0.5"
122.249.230.2 - - [29/Dec/2008:17:46:30 +0100] "GET /zampa/wonderland/index.html HTTP/1.1" 200 2084 "http://www.various-euro.com/zampa/" "Mozilla/5.0 (Macintosh; U; Intel Mac OS X 10.4; en-US; rv:1.9.0.5) Gecko/2008120121 Firefox/3.0.5"
122.249.230.2 - - [29/Dec/2008:17:46:30 +0100] "GET /zampa/wonderland/TWonder.gif HTTP/1.1" 200 76757 "http://www.various-euro.com/zampa/wonderland/index.html" "Mozilla/5.0 (Macintosh; U; Intel Mac OS X 10.4; en-US; rv:1.9.0.5) Gecko/2008120121 Firefox/3.0.5"
122.249.230.2 - - [29/Dec/2008:17:48:30 +0100] "GET /zampa/slike/E1TITEL.GIF HTTP/1.1" 200 16284 "http://www.various-euro.com/zampa/" "Mozilla/5.0 (Macintosh; U; Intel Mac OS X 10.4; en-US; rv:1.9.0.5) Gecko/2008120121 Firefox/3.0.5"
122.249.230.2 - - [29/Dec/2008:17:48:39 +0100] "GET /zampa/slike/E2COPY.GIF HTTP/1.1" 200 10416 "http://www.various-euro.com/zampa/" "Mozilla/5.0 (Macintosh; U; Intel Mac OS X 10.4; en-US; rv:1.9.0.5) Gecko/2008120121 Firefox/3.0.5"
122.249.230.2 - - [29/Dec/2008:17:49:11 +0100] "GET /zampa/slike/E3VAMPIR.GIF HTTP/1.1" 200 52553 "http://www.various-euro.com/zampa/" "Mozilla/5.0 (Macintosh; U; Intel Mac OS X 10.4; en-US; rv:1.9.0.5) Gecko/2008120121 Firefox/3.0.5"
122.249.230.2 - - [29/Dec/2008:17:50:23 +0100] "GET /zampa/slike/E4IRWIN.GIF HTTP/1.1" 200 53174 "http://www.various-euro.com/zampa/" "Mozilla/5.0 (Macintosh; U; Intel Mac OS X 10.4; en-US; rv:1.9.0.5) Gecko/2008120121 Firefox/3.0.5"
122.249.230.2 - - [29/Dec/2008:17:51:01 +0100] "GET /zampa/slike/E5UROSTO.GIF HTTP/1.1" 200 42690 "http://www.various-euro.com/zampa/" "Mozilla/5.0 (Macintosh; U; Intel Mac OS X 10.4; en-US; rv:1.9.0.5) Gecko/2008120121 Firefox/3.0.5"
122.249.230.2 - - [29/Dec/2008:17:51:24 +0100] "GET /zampa/slike/E6BIENNI.GIF HTTP/1.1" 200 33736 "http://www.various-euro.com/zampa/" "Mozilla/5.0 (Macintosh; U; Intel Mac OS X 10.4; en-US; rv:1.9.0.5) Gecko/2008120121 Firefox/3.0.5"
122.249.230.2 - - [29/Dec/2008:17:51:35 +0100] "GET /zampa/slike/E8CURATO.GIF HTTP/1.1" 200 15386 "http://www.various-euro.com/zampa/" "Mozilla/5.0 (Macintosh; U; Intel Mac OS X 10.4; en-US; rv:1.9.0.5) Gecko/2008120121 Firefox/3.0.5"
122.249.230.2 - - [29/Dec/2008:17:51:55 +0100] "GET /zampa/montenegro/index.html HTTP/1.1" 200 2651 "http://www.various-euro.com/zampa/" "Mozilla/5.0 (Macintosh; U; Intel Mac OS X 10.4; en-US; rv:1.9.0.5) Gecko/2008120121 Firefox/3.0.5"
122.249.230.2 - - [29/Dec/2008:17:51:56 +0100] "GET /zampa/montenegro/slike/plakat.jpg HTTP/1.1" 200 47879 "http://www.various-euro.com/zampa/montenegro/index.html" "Mozilla/5.0 (Macintosh; U; Intel Mac OS X 10.4; en-US; rv:1.9.0.5) Gecko/2008120121 Firefox/3.0.5"
66.249.65.169 - - [29/Dec/2008:17:53:21 +0100] "GET /DgH/ HTTP/1.1" 200 5024 "-" "Mozilla/5.0 (compatible; Googlebot/2.1; +http://www.google.com/bot.html)"
62.194.99.80 - - [29/Dec/2008:18:25:35 +0100] "GET / HTTP/1.1" 302 353 "http://www.google.nl/search?client=firefox-a&rls=org.mozilla%3Aen-US%3Aofficial&channel=s&hl=nl&q=zampa+de+leone&meta=&btnG=Google+zoeken" "Mozilla/5.0 (Macintosh; U; Intel Mac OS X; en-US; rv:1.8.1.20) Gecko/20081217 Firefox/2.0.0.20"
62.194.99.80 - - [29/Dec/2008:18:25:35 +0100] "GET /zampa/ HTTP/1.1" 200 7153 "http://www.google.nl/search?client=firefox-a&rls=org.mozilla%3Aen-US%3Aofficial&channel=s&hl=nl&q=zampa+de+leone&meta=&btnG=Google+zoeken" "Mozilla/5.0 (Macintosh; U; Intel Mac OS X; en-US; rv:1.8.1.20) Gecko/20081217 Firefox/2.0.0.20"
62.194.99.80 - - [29/Dec/2008:18:25:35 +0100] "GET /zampa/slike/zampa.gif HTTP/1.1" 200 5310 "http://www.various-euro.com/zampa/" "Mozilla/5.0 (Macintosh; U; Intel Mac OS X; en-US; rv:1.8.1.20) Gecko/20081217 Firefox/2.0.0.20"
62.194.99.80 - - [29/Dec/2008:18:25:35 +0100] "GET /zampa/slike/udupetu.gif HTTP/1.1" 200 4138 "http://www.various-euro.com/zampa/" "Mozilla/5.0 (Macintosh; U; Intel Mac OS X; en-US; rv:1.8.1.20) Gecko/20081217 Firefox/2.0.0.20"
62.194.99.80 - - [29/Dec/2008:18:25:35 +0100] "GET /zampa/slike/inthearse.gif HTTP/1.1" 200 4077 "http://www.various-euro.com/zampa/" "Mozilla/5.0 (Macintosh; U; Intel Mac OS X; en-US; rv:1.8.1.20) Gecko/20081217 Firefox/2.0.0.20"
62.194.99.80 - - [29/Dec/2008:18:25:35 +0100] "GET /favicon.ico HTTP/1.1" 404 2748 "-" "Mozilla/5.0 (Macintosh; U; Intel Mac OS X; en-US; rv:1.8.1.20) Gecko/20081217 Firefox/2.0.0.20"
67.195.37.165 - - [29/Dec/2008:18:36:08 +0100] "GET /robots.txt HTTP/1.0" 200 64 "-" "Mozilla/5.0 (compatible; Yahoo! Slurp; http://help.yahoo.com/help/us/ysearch/slurp)"
67.195.37.165 - - [29/Dec/2008:18:36:09 +0100] "GET / HTTP/1.0" 200 7869 "-" "Mozilla/5.0 (compatible; Yahoo! Slurp; http://help.yahoo.com/help/us/ysearch/slurp)"
200.175.241.14 - - [29/Dec/2008:19:08:50 +0100] "GET / HTTP/1.0" 200 7869 "http://www.esnips.com/user/buygenericcialisrxo" "Mozilla/4.0 (compatible; MSIE 5.5; Windows NT 5.0)"
200.175.241.14 - - [29/Dec/2008:19:08:55 +0100] "GET / HTTP/1.0" 200 7869 "http://www.esnips.com/user/buygenericcialisrxo" "Mozilla/4.0 (compatible; MSIE 5.5; Windows NT 5.0)"
68.41.219.74 - - [29/Dec/2008:19:08:56 +0100] "GET / HTTP/1.0" 200 7869 "http://www.esnips.com/user/buyingcialisonline" "Mozilla/4.0 (compatible; MSIE 7.0b; Windows NT 6.0)"
68.41.219.74 - - [29/Dec/2008:19:09:03 +0100] "GET / HTTP/1.0" 200 7869 "http://www.esnips.com/user/buyingcialisonline" "Mozilla/4.0 (compatible; MSIE 7.0b; Windows NT 6.0)"
68.41.219.74 - - [29/Dec/2008:19:09:09 +0100] "GET / HTTP/1.0" 200 7869 "http://www.esnips.com/user/buyingcialisonline" "Mozilla/4.0 (compatible; MSIE 7.0b; Windows NT 6.0)"
68.41.219.74 - - [29/Dec/2008:19:09:14 +0100] "GET / HTTP/1.0" 200 7869 "http://www.esnips.com/user/buyingcialisonline" "Mozilla/4.0 (compatible; MSIE 7.0b; Windows NT 6.0)"
200.175.241.14 - - [29/Dec/2008:19:09:42 +0100] "GET / HTTP/1.0" 200 7869 "http://www.esnips.com/user/buygenericcialisrxo" "Mozilla/4.0 (compatible; MSIE 5.5; Windows NT 5.0)"
200.175.241.14 - - [29/Dec/2008:19:09:53 +0100] "GET / HTTP/1.0" 200 7869 "http://www.esnips.com/user/buygenericcialisrxo" "Mozilla/4.0 (compatible; MSIE 5.5; Windows NT 5.0)"
67.195.37.119 - - [29/Dec/2008:19:13:30 +0100] "GET /restate_copy.html HTTP/1.0" 200 97631 "-" "Mozilla/5.0 (compatible; Yahoo! Slurp/3.0; http://help.yahoo.com/help/us/ysearch/slurp)"
67.195.37.119 - - [29/Dec/2008:19:27:59 +0100] "GET /f-euro.html HTTP/1.0" 200 12203 "-" "Mozilla/5.0 (compatible; Yahoo! Slurp/3.0; http://help.yahoo.com/help/us/ysearch/slurp)"
98.14.228.252 - - [29/Dec/2008:19:30:46 +0100] "GET / HTTP/1.1" 302 353 "http://www.google.com./search?hl=en&q=Zampa+Di+Leone+&btnG=Google+Search&aq=f&oq=" "Mozilla/4.0 (compatible; MSIE 7.0; Windows NT 5.1)"
98.14.228.252 - - [29/Dec/2008:19:30:47 +0100] "GET /zampa/ HTTP/1.1" 200 7153 "http://www.google.com./search?hl=en&q=Zampa+Di+Leone+&btnG=Google+Search&aq=f&oq=" "Mozilla/4.0 (compatible; MSIE 7.0; Windows NT 5.1)"
98.14.228.252 - - [29/Dec/2008:19:30:47 +0100] "GET /zampa/slike/zampa.gif HTTP/1.1" 200 5310 "http://www.various-euro.com/zampa/" "Mozilla/4.0 (compatible; MSIE 7.0; Windows NT 5.1)"
98.14.228.252 - - [29/Dec/2008:19:30:47 +0100] "GET /zampa/slike/udupetu.gif HTTP/1.1" 200 4138 "http://www.various-euro.com/zampa/" "Mozilla/4.0 (compatible; MSIE 7.0; Windows NT 5.1)"
98.14.228.252 - - [29/Dec/2008:19:30:48 +0100] "GET /zampa/slike/inthearse.gif HTTP/1.1" 200 4077 "http://www.various-euro.com/zampa/" "Mozilla/4.0 (compatible; MSIE 7.0; Windows NT 5.1)"
98.14.228.252 - - [29/Dec/2008:19:30:48 +0100] "GET /favicon.ico HTTP/1.1" 404 2748 "-" "Mozilla/4.0 (compatible; MSIE 7.0; Windows NT 5.1)"
98.14.228.252 - - [29/Dec/2008:19:31:08 +0100] "GET /zampa/montenegro/dajpare.html HTTP/1.1" 200 2503 "http://www.various-euro.com/zampa/" "Mozilla/4.0 (compatible; MSIE 7.0; Windows NT 5.1)"
98.14.228.252 - - [29/Dec/2008:19:31:09 +0100] "GET /zampa/montenegro/slike/BATAW.jpg HTTP/1.1" 200 2631 "http://www.various-euro.com/zampa/montenegro/dajpare.html" "Mozilla/4.0 (compatible; MSIE 7.0; Windows NT 5.1)"
98.14.228.252 - - [29/Dec/2008:19:31:09 +0100] "GET /zampa/montenegro/slike/TESLAW.jpg HTTP/1.1" 200 3770 "http://www.various-euro.com/zampa/montenegro/dajpare.html" "Mozilla/4.0 (compatible; MSIE 7.0; Windows NT 5.1)"
98.14.228.252 - - [29/Dec/2008:19:31:09 +0100] "GET /zampa/montenegro/slike/SEKAW.jpg HTTP/1.1" 200 2786 "http://www.various-euro.com/zampa/montenegro/dajpare.html" "Mozilla/4.0 (compatible; MSIE 7.0; Windows NT 5.1)"
98.14.228.252 - - [29/Dec/2008:19:31:09 +0100] "GET /zampa/montenegro/slike/ZMAJW.jpg HTTP/1.1" 200 4555 "http://www.various-euro.com/zampa/montenegro/dajpare.html" "Mozilla/4.0 (compatible; MSIE 7.0; Windows NT 5.1)"
98.14.228.252 - - [29/Dec/2008:19:31:09 +0100] "GET /zampa/montenegro/slike/MILOW.jpg HTTP/1.1" 200 3823 "http://www.various-euro.com/zampa/montenegro/dajpare.html" "Mozilla/4.0 (compatible; MSIE 7.0; Windows NT 5.1)"
98.14.228.252 - - [29/Dec/2008:19:31:28 +0100] "GET /zampa/montenegro/BATAW.html HTTP/1.1" 200 860 "http://www.various-euro.com/zampa/montenegro/dajpare.html" "Mozilla/4.0 (compatible; MSIE 7.0; Windows NT 5.1)"
98.14.228.252 - - [29/Dec/2008:19:31:28 +0100] "GET /zampa/montenegro/slike/grosse/BATAg.jpg HTTP/1.1" 200 13940 "http://www.various-euro.com/zampa/montenegro/BATAW.html" "Mozilla/4.0 (compatible; MSIE 7.0; Windows NT 5.1)"
98.14.228.252 - - [29/Dec/2008:19:31:40 +0100] "GET /zampa/montenegro/contributions.html HTTP/1.1" 200 18843 "http://www.various-euro.com/zampa/montenegro/dajpare.html" "Mozilla/4.0 (compatible; MSIE 7.0; Windows NT 5.1)"
98.14.228.252 - - [29/Dec/2008:19:32:32 +0100] "GET /zampa/montenegro/index.html HTTP/1.1" 200 2651 "http://www.various-euro.com/zampa/" "Mozilla/4.0 (compatible; MSIE 7.0; Windows NT 5.1)"
98.14.228.252 - - [29/Dec/2008:19:32:32 +0100] "GET /zampa/montenegro/slike/plakat.jpg HTTP/1.1" 200 47879 "http://www.various-euro.com/zampa/montenegro/index.html" "Mozilla/4.0 (compatible; MSIE 7.0; Windows NT 5.1)"
98.14.228.252 - - [29/Dec/2008:19:32:54 +0100] "GET /zampa/lybia/index.html HTTP/1.1" 200 3036 "http://www.various-euro.com/zampa/" "Mozilla/4.0 (compatible; MSIE 7.0; Windows NT 5.1)"
98.14.228.252 - - [29/Dec/2008:19:32:55 +0100] "GET /zampa/lybia/slike/tele.jpg HTTP/1.1" 200 28022 "http://www.various-euro.com/zampa/lybia/index.html" "Mozilla/4.0 (compatible; MSIE 7.0; Windows NT 5.1)"
98.14.228.252 - - [29/Dec/2008:19:33:02 +0100] "GET /zampa/wonderland/index.html HTTP/1.1" 200 2084 "http://www.various-euro.com/zampa/" "Mozilla/4.0 (compatible; MSIE 7.0; Windows NT 5.1)"
98.14.228.252 - - [29/Dec/2008:19:33:03 +0100] "GET /zampa/wonderland/TWonder.gif HTTP/1.1" 200 76757 "http://www.various-euro.com/zampa/wonderland/index.html" "Mozilla/4.0 (compatible; MSIE 7.0; Windows NT 5.1)"
67.195.37.119 - - [29/Dec/2008:19:35:39 +0100] "GET /warez.html HTTP/1.0" 200 9754 "-" "Mozilla/5.0 (compatible; Yahoo! Slurp/3.0; http://help.yahoo.com/help/us/ysearch/slurp)"
193.252.149.16 - - [29/Dec/2008:20:11:34 +0100] "GET /neon/biggtani.html HTTP/1.1" 200 1698 "-" "Mozilla/5.0 (Windows; U; Windows NT 5.1; fr; rv:1.8.1) VoilaBot BETA 1.2 (support.voilabot@orange-ftgroup.com)"
74.6.8.94 - - [29/Dec/2008:20:12:10 +0100] "GET /robots.txt HTTP/1.0" 200 64 "-" "Mozilla/5.0 (compatible; Yahoo! Slurp; http://help.yahoo.com/help/us/ysearch/slurp)"
74.6.8.94 - - [29/Dec/2008:20:12:11 +0100] "GET /partnergegenberlin.html HTTP/1.0" 200 5022 "-" "Mozilla/5.0 (compatible; Yahoo! Slurp; http://help.yahoo.com/help/us/ysearch/slurp)"
67.195.37.119 - - [29/Dec/2008:20:15:45 +0100] "GET /games/virtualcop/virtualcop.swf HTTP/1.0" 200 2563562 "-" "Mozilla/5.0 (compatible; Yahoo! Slurp/3.0; http://help.yahoo.com/help/us/ysearch/slurp)"
67.195.37.119 - - [29/Dec/2008:20:15:58 +0100] "GET /frame-unten.html HTTP/1.0" 200 5308 "-" "Mozilla/5.0 (compatible; Yahoo! Slurp/3.0; http://help.yahoo.com/help/us/ysearch/slurp)"
67.195.37.119 - - [29/Dec/2008:20:20:58 +0100] "GET /framez_0.html HTTP/1.0" 200 12444 "-" "Mozilla/5.0 (compatible; Yahoo! Slurp/3.0; http://help.yahoo.com/help/us/ysearch/slurp)"
83.67.85.222 - - [29/Dec/2008:20:45:56 +0100] "GET / HTTP/1.1" 302 353 "http://www.google.co.uk/search?hl=en&q=zampa%20di%20leone&um=1&ie=UTF-8&sa=N&tab=iw" "Mozilla/5.0 (Macintosh; U; Intel Mac OS X 10_4_11; en) AppleWebKit/525.27.1 (KHTML, like Gecko) Version/3.2.1 Safari/525.27.1"
83.67.85.222 - - [29/Dec/2008:20:45:56 +0100] "GET /zampa/ HTTP/1.1" 200 7153 "http://www.google.co.uk/search?hl=en&q=zampa%20di%20leone&um=1&ie=UTF-8&sa=N&tab=iw" "Mozilla/5.0 (Macintosh; U; Intel Mac OS X 10_4_11; en) AppleWebKit/525.27.1 (KHTML, like Gecko) Version/3.2.1 Safari/525.27.1"
83.67.85.222 - - [29/Dec/2008:20:45:56 +0100] "GET /zampa/slike/zampa.gif HTTP/1.1" 200 5310 "http://www.various-euro.com/zampa/" "Mozilla/5.0 (Macintosh; U; Intel Mac OS X 10_4_11; en) AppleWebKit/525.27.1 (KHTML, like Gecko) Version/3.2.1 Safari/525.27.1"
83.67.85.222 - - [29/Dec/2008:20:45:56 +0100] "GET /favicon.ico HTTP/1.1" 404 2748 "http://www.various-euro.com/zampa/" "Mozilla/5.0 (Macintosh; U; Intel Mac OS X 10_4_11; en) AppleWebKit/525.27.1 (KHTML, like Gecko) Version/3.2.1 Safari/525.27.1"
83.67.85.222 - - [29/Dec/2008:20:45:56 +0100] "GET /zampa/slike/udupetu.gif HTTP/1.1" 200 4138 "http://www.various-euro.com/zampa/" "Mozilla/5.0 (Macintosh; U; Intel Mac OS X 10_4_11; en) AppleWebKit/525.27.1 (KHTML, like Gecko) Version/3.2.1 Safari/525.27.1"
83.67.85.222 - - [29/Dec/2008:20:45:56 +0100] "GET /zampa/slike/inthearse.gif HTTP/1.1" 200 4077 "http://www.various-euro.com/zampa/" "Mozilla/5.0 (Macintosh; U; Intel Mac OS X 10_4_11; en) AppleWebKit/525.27.1 (KHTML, like Gecko) Version/3.2.1 Safari/525.27.1"
83.67.85.222 - - [29/Dec/2008:20:46:59 +0100] "GET /zampa/slike/E1TITEL.GIF HTTP/1.1" 200 16284 "http://www.various-euro.com/zampa/" "Mozilla/5.0 (Macintosh; U; Intel Mac OS X 10_4_11; en) AppleWebKit/525.27.1 (KHTML, like Gecko) Version/3.2.1 Safari/525.27.1"
83.67.85.222 - - [29/Dec/2008:20:47:16 +0100] "GET /zampa/slike/E6BIENNI.GIF HTTP/1.1" 200 33736 "http://www.various-euro.com/zampa/" "Mozilla/5.0 (Macintosh; U; Intel Mac OS X 10_4_11; en) AppleWebKit/525.27.1 (KHTML, like Gecko) Version/3.2.1 Safari/525.27.1"
83.67.85.222 - - [29/Dec/2008:20:47:43 +0100] "GET /zampa/montenegro/dajpare.html HTTP/1.1" 200 2503 "http://www.various-euro.com/zampa/" "Mozilla/5.0 (Macintosh; U; Intel Mac OS X 10_4_11; en) AppleWebKit/525.27.1 (KHTML, like Gecko) Version/3.2.1 Safari/525.27.1"
83.67.85.222 - - [29/Dec/2008:20:47:43 +0100] "GET /zampa/montenegro/slike/BATAW.jpg HTTP/1.1" 200 2631 "http://www.various-euro.com/zampa/montenegro/dajpare.html" "Mozilla/5.0 (Macintosh; U; Intel Mac OS X 10_4_11; en) AppleWebKit/525.27.1 (KHTML, like Gecko) Version/3.2.1 Safari/525.27.1"
83.67.85.222 - - [29/Dec/2008:20:47:43 +0100] "GET /zampa/montenegro/slike/MILOW.jpg HTTP/1.1" 200 3823 "http://www.various-euro.com/zampa/montenegro/dajpare.html" "Mozilla/5.0 (Macintosh; U; Intel Mac OS X 10_4_11; en) AppleWebKit/525.27.1 (KHTML, like Gecko) Version/3.2.1 Safari/525.27.1"
83.67.85.222 - - [29/Dec/2008:20:47:43 +0100] "GET /zampa/montenegro/slike/SEKAW.jpg HTTP/1.1" 200 2786 "http://www.various-euro.com/zampa/montenegro/dajpare.html" "Mozilla/5.0 (Macintosh; U; Intel Mac OS X 10_4_11; en) AppleWebKit/525.27.1 (KHTML, like Gecko) Version/3.2.1 Safari/525.27.1"
83.67.85.222 - - [29/Dec/2008:20:47:43 +0100] "GET /zampa/montenegro/slike/TESLAW.jpg HTTP/1.1" 200 3770 "http://www.various-euro.com/zampa/montenegro/dajpare.html" "Mozilla/5.0 (Macintosh; U; Intel Mac OS X 10_4_11; en) AppleWebKit/525.27.1 (KHTML, like Gecko) Version/3.2.1 Safari/525.27.1"
83.67.85.222 - - [29/Dec/2008:20:47:43 +0100] "GET /zampa/montenegro/slike/ZMAJW.jpg HTTP/1.1" 200 4555 "http://www.various-euro.com/zampa/montenegro/dajpare.html" "Mozilla/5.0 (Macintosh; U; Intel Mac OS X 10_4_11; en) AppleWebKit/525.27.1 (KHTML, like Gecko) Version/3.2.1 Safari/525.27.1"
83.67.85.222 - - [29/Dec/2008:20:47:54 +0100] "GET /zampa/montenegro/BATAW.html HTTP/1.1" 200 860 "http://www.various-euro.com/zampa/montenegro/dajpare.html" "Mozilla/5.0 (Macintosh; U; Intel Mac OS X 10_4_11; en) AppleWebKit/525.27.1 (KHTML, like Gecko) Version/3.2.1 Safari/525.27.1"
83.67.85.222 - - [29/Dec/2008:20:47:54 +0100] "GET /zampa/montenegro/slike/grosse/BATAg.jpg HTTP/1.1" 200 13940 "http://www.various-euro.com/zampa/montenegro/BATAW.html" "Mozilla/5.0 (Macintosh; U; Intel Mac OS X 10_4_11; en) AppleWebKit/525.27.1 (KHTML, like Gecko) Version/3.2.1 Safari/525.27.1"
83.67.85.222 - - [29/Dec/2008:20:48:04 +0100] "GET /zampa/lybia/index.html HTTP/1.1" 200 3036 "http://www.various-euro.com/zampa/" "Mozilla/5.0 (Macintosh; U; Intel Mac OS X 10_4_11; en) AppleWebKit/525.27.1 (KHTML, like Gecko) Version/3.2.1 Safari/525.27.1"
83.67.85.222 - - [29/Dec/2008:20:48:04 +0100] "GET /zampa/lybia/slike/tele.jpg HTTP/1.1" 200 28022 "http://www.various-euro.com/zampa/lybia/index.html" "Mozilla/5.0 (Macintosh; U; Intel Mac OS X 10_4_11; en) AppleWebKit/525.27.1 (KHTML, like Gecko) Version/3.2.1 Safari/525.27.1"
74.6.8.94 - - [29/Dec/2008:20:54:50 +0100] "GET /schubb/schubb-1.html HTTP/1.0" 200 9070 "-" "Mozilla/5.0 (compatible; Yahoo! Slurp; http://help.yahoo.com/help/us/ysearch/slurp)"
81.52.143.16 - - [29/Dec/2008:21:02:27 +0100] "GET /schubb/schubb-2.html HTTP/1.1" 200 16660 "-" "Mozilla/5.0 (Windows; U; Windows NT 5.1; fr; rv:1.8.1) VoilaBot BETA 1.2 (support.voilabot@orange-ftgroup.com)"
206.206.35.186 - - [29/Dec/2008:21:09:13 +0100] "GET / HTTP/1.1" 200 7869 "-" "Mozilla/5.0 (X11; U; Linux i686; en-US; rv:1.6) Gecko/20040218 Galeon/1.3.12"
80.123.35.124 - - [29/Dec/2008:21:23:04 +0100] "GET / HTTP/1.1" 302 353 "http://www.google.com/search?client=safari&rls=de-de&q=zampa+di+leone&ie=UTF-8&oe=UTF-8" "Mozilla/5.0 (Macintosh; U; Intel Mac OS X 10_5_5; de-de) AppleWebKit/525.27.1 (KHTML, like Gecko) Version/3.2.1 Safari/525.27.1"
80.123.35.124 - - [29/Dec/2008:21:23:05 +0100] "GET /zampa/ HTTP/1.1" 200 7153 "http://www.google.com/search?client=safari&rls=de-de&q=zampa+di+leone&ie=UTF-8&oe=UTF-8" "Mozilla/5.0 (Macintosh; U; Intel Mac OS X 10_5_5; de-de) AppleWebKit/525.27.1 (KHTML, like Gecko) Version/3.2.1 Safari/525.27.1"
80.123.35.124 - - [29/Dec/2008:21:23:05 +0100] "GET /zampa/slike/zampa.gif HTTP/1.1" 200 5310 "http://www.various-euro.com/zampa/" "Mozilla/5.0 (Macintosh; U; Intel Mac OS X 10_5_5; de-de) AppleWebKit/525.27.1 (KHTML, like Gecko) Version/3.2.1 Safari/525.27.1"
80.123.35.124 - - [29/Dec/2008:21:23:05 +0100] "GET /zampa/slike/inthearse.gif HTTP/1.1" 200 4077 "http://www.various-euro.com/zampa/" "Mozilla/5.0 (Macintosh; U; Intel Mac OS X 10_5_5; de-de) AppleWebKit/525.27.1 (KHTML, like Gecko) Version/3.2.1 Safari/525.27.1"
80.123.35.124 - - [29/Dec/2008:21:23:05 +0100] "GET /favicon.ico HTTP/1.1" 404 2748 "http://www.various-euro.com/zampa/" "Mozilla/5.0 (Macintosh; U; Intel Mac OS X 10_5_5; de-de) AppleWebKit/525.27.1 (KHTML, like Gecko) Version/3.2.1 Safari/525.27.1"
80.123.35.124 - - [29/Dec/2008:21:23:05 +0100] "GET /zampa/slike/udupetu.gif HTTP/1.1" 200 4138 "http://www.various-euro.com/zampa/" "Mozilla/5.0 (Macintosh; U; Intel Mac OS X 10_5_5; de-de) AppleWebKit/525.27.1 (KHTML, like Gecko) Version/3.2.1 Safari/525.27.1"
80.123.35.124 - - [29/Dec/2008:21:23:17 +0100] "GET /zampa/slike/E1TITEL.GIF HTTP/1.1" 200 16284 "http://www.various-euro.com/zampa/" "Mozilla/5.0 (Macintosh; U; Intel Mac OS X 10_5_5; de-de) AppleWebKit/525.27.1 (KHTML, like Gecko) Version/3.2.1 Safari/525.27.1"
80.123.35.124 - - [29/Dec/2008:21:23:27 +0100] "GET /zampa/slike/E2COPY.GIF HTTP/1.1" 200 10416 "http://www.various-euro.com/zampa/" "Mozilla/5.0 (Macintosh; U; Intel Mac OS X 10_5_5; de-de) AppleWebKit/525.27.1 (KHTML, like Gecko) Version/3.2.1 Safari/525.27.1"
80.123.35.124 - - [29/Dec/2008:21:23:38 +0100] "GET /zampa/slike/E3VAMPIR.GIF HTTP/1.1" 200 52553 "http://www.various-euro.com/zampa/" "Mozilla/5.0 (Macintosh; U; Intel Mac OS X 10_5_5; de-de) AppleWebKit/525.27.1 (KHTML, like Gecko) Version/3.2.1 Safari/525.27.1"
80.123.35.124 - - [29/Dec/2008:21:24:41 +0100] "GET /zampa/slike/E4IRWIN.GIF HTTP/1.1" 200 53174 "http://www.various-euro.com/zampa/" "Mozilla/5.0 (Macintosh; U; Intel Mac OS X 10_5_5; de-de) AppleWebKit/525.27.1 (KHTML, like Gecko) Version/3.2.1 Safari/525.27.1"
80.123.35.124 - - [29/Dec/2008:21:25:31 +0100] "GET /zampa/slike/E6BIENNI.GIF HTTP/1.1" 200 33736 "http://www.various-euro.com/zampa/" "Mozilla/5.0 (Macintosh; U; Intel Mac OS X 10_5_5; de-de) AppleWebKit/525.27.1 (KHTML, like Gecko) Version/3.2.1 Safari/525.27.1"
80.123.35.124 - - [29/Dec/2008:21:25:59 +0100] "GET /zampa/lybia/index.html HTTP/1.1" 200 3036 "http://www.various-euro.com/zampa/" "Mozilla/5.0 (Macintosh; U; Intel Mac OS X 10_5_5; de-de) AppleWebKit/525.27.1 (KHTML, like Gecko) Version/3.2.1 Safari/525.27.1"
80.123.35.124 - - [29/Dec/2008:21:25:59 +0100] "GET /zampa/lybia/slike/tele.jpg HTTP/1.1" 200 28022 "http://www.various-euro.com/zampa/lybia/index.html" "Mozilla/5.0 (Macintosh; U; Intel Mac OS X 10_5_5; de-de) AppleWebKit/525.27.1 (KHTML, like Gecko) Version/3.2.1 Safari/525.27.1"
74.6.8.94 - - [29/Dec/2008:21:48:35 +0100] "GET /warez.html HTTP/1.0" 200 9754 "-" "Mozilla/5.0 (compatible; Yahoo! Slurp; http://help.yahoo.com/help/us/ysearch/slurp)"
91.16.156.21 - - [29/Dec/2008:21:52:11 +0100] "GET /warez.html HTTP/1.1" 200 9754 "-" "Opera/9.50 (Windows NT 5.1; U; en)"
91.16.156.21 - - [29/Dec/2008:21:52:12 +0100] "GET /menueleiste.js HTTP/1.1" 404 2748 "-" "Opera/9.50 (Windows NT 5.1; U; en)"
91.16.156.21 - - [29/Dec/2008:21:52:12 +0100] "GET /shoppingcart.gif HTTP/1.1" 200 1386 "-" "Opera/9.50 (Windows NT 5.1; U; en)"
91.16.156.21 - - [29/Dec/2008:21:52:12 +0100] "GET /textz.gif HTTP/1.1" 200 871 "-" "Opera/9.50 (Windows NT 5.1; U; en)"
91.16.156.21 - - [29/Dec/2008:21:52:12 +0100] "GET /bannerz/kmfms-banner.gif HTTP/1.1" 200 8484 "-" "Opera/9.50 (Windows NT 5.1; U; en)"
91.16.156.21 - - [29/Dec/2008:21:52:12 +0100] "GET /DgH001.jpg HTTP/1.1" 200 6960 "-" "Opera/9.50 (Windows NT 5.1; U; en)"
91.16.156.21 - - [29/Dec/2008:21:52:12 +0100] "GET /astalavista.gif HTTP/1.1" 200 3887 "-" "Opera/9.50 (Windows NT 5.1; U; en)"
91.16.156.21 - - [29/Dec/2008:21:52:12 +0100] "GET /warezcrawler.jpg HTTP/1.1" 200 15588 "-" "Opera/9.50 (Windows NT 5.1; U; en)"
91.16.156.21 - - [29/Dec/2008:21:52:12 +0100] "GET /hsp.gif HTTP/1.1" 200 42603 "-" "Opera/9.50 (Windows NT 5.1; U; en)"
91.16.156.21 - - [29/Dec/2008:21:52:13 +0100] "GET /favicon.ico HTTP/1.1" 404 2748 "-" "Opera/9.50 (Windows NT 5.1; U; en)"
91.16.156.21 - - [29/Dec/2008:21:52:13 +0100] "GET /framez-warez.html HTTP/1.1" 200 4322 "-" "Opera/9.50 (Windows NT 5.1; U; en)"
91.16.156.21 - - [29/Dec/2008:21:52:13 +0100] "GET /ve-icon-2.ico HTTP/1.1" 200 2238 "-" "Opera/9.50 (Windows NT 5.1; U; en)"
91.16.156.21 - - [29/Dec/2008:21:52:13 +0100] "GET /frame-menu.html HTTP/1.1" 200 10536 "-" "Opera/9.50 (Windows NT 5.1; U; en)"
91.16.156.21 - - [29/Dec/2008:21:52:13 +0100] "GET /f-warez.html HTTP/1.1" 200 10953 "-" "Opera/9.50 (Windows NT 5.1; U; en)"
91.16.156.21 - - [29/Dec/2008:21:52:13 +0100] "GET /frame-unten.html HTTP/1.1" 200 5308 "-" "Opera/9.50 (Windows NT 5.1; U; en)"
91.16.156.21 - - [29/Dec/2008:21:52:13 +0100] "GET /style/various-euro.css HTTP/1.1" 200 3437 "-" "Opera/9.50 (Windows NT 5.1; U; en)"
91.16.156.21 - - [29/Dec/2008:21:52:14 +0100] "GET /bannerz/AgainstTCPA-Log01Banner.gif HTTP/1.1" 200 6186 "-" "Opera/9.50 (Windows NT 5.1; U; en)"
91.16.156.21 - - [29/Dec/2008:21:52:13 +0100] "GET /bannerz/AgainstTCPA-Log01Banner.gif HTTP/1.1" 200 6186 "-" "Opera/9.50 (Windows NT 5.1; U; en)"
91.16.156.21 - - [29/Dec/2008:21:52:14 +0100] "GET /bannerz/ve.jpg HTTP/1.1" 200 36912 "-" "Opera/9.50 (Windows NT 5.1; U; en)"
91.16.156.21 - - [29/Dec/2008:21:52:14 +0100] "GET /bannerz/various-euro-girl.jpg HTTP/1.1" 200 91514 "-" "Opera/9.50 (Windows NT 5.1; U; en)"
91.16.156.21 - - [29/Dec/2008:21:52:15 +0100] "GET /bannerz/quisse.gif HTTP/1.1" 200 2846 "-" "Opera/9.50 (Windows NT 5.1; U; en)"
76.15.208.235 - - [29/Dec/2008:22:00:04 +0100] "GET / HTTP/1.1" 302 353 "http://www.google.com/search?client=firefox-a&rls=org.mozilla%3Aen-US%3Aofficial&channel=s&hl=en&q=zampa+di+leone&btnG=Google+Search" "Mozilla/5.0 (Macintosh; U; PPC Mac OS X 10.4; en-US; rv:1.9.0.4) Gecko/2008102920 Firefox/3.0.4"
76.15.208.235 - - [29/Dec/2008:22:00:05 +0100] "GET /zampa/ HTTP/1.1" 200 7153 "http://www.google.com/search?client=firefox-a&rls=org.mozilla%3Aen-US%3Aofficial&channel=s&hl=en&q=zampa+di+leone&btnG=Google+Search" "Mozilla/5.0 (Macintosh; U; PPC Mac OS X 10.4; en-US; rv:1.9.0.4) Gecko/2008102920 Firefox/3.0.4"
76.15.208.235 - - [29/Dec/2008:22:00:05 +0100] "GET /zampa/slike/zampa.gif HTTP/1.1" 200 5310 "http://www.various-euro.com/zampa/" "Mozilla/5.0 (Macintosh; U; PPC Mac OS X 10.4; en-US; rv:1.9.0.4) Gecko/2008102920 Firefox/3.0.4"
76.15.208.235 - - [29/Dec/2008:22:00:05 +0100] "GET /zampa/slike/udupetu.gif HTTP/1.1" 200 4138 "http://www.various-euro.com/zampa/" "Mozilla/5.0 (Macintosh; U; PPC Mac OS X 10.4; en-US; rv:1.9.0.4) Gecko/2008102920 Firefox/3.0.4"
76.15.208.235 - - [29/Dec/2008:22:00:05 +0100] "GET /zampa/slike/inthearse.gif HTTP/1.1" 200 4077 "http://www.various-euro.com/zampa/" "Mozilla/5.0 (Macintosh; U; PPC Mac OS X 10.4; en-US; rv:1.9.0.4) Gecko/2008102920 Firefox/3.0.4"
76.15.208.235 - - [29/Dec/2008:22:00:06 +0100] "GET /favicon.ico HTTP/1.1" 404 2748 "-" "Mozilla/5.0 (Macintosh; U; PPC Mac OS X 10.4; en-US; rv:1.9.0.4) Gecko/2008102920 Firefox/3.0.4"
76.15.208.235 - - [29/Dec/2008:22:00:09 +0100] "GET /favicon.ico HTTP/1.1" 404 2748 "-" "Mozilla/5.0 (Macintosh; U; PPC Mac OS X 10.4; en-US; rv:1.9.0.4) Gecko/2008102920 Firefox/3.0.4"
193.252.149.16 - - [29/Dec/2008:22:04:05 +0100] "GET /neon/channel.html HTTP/1.1" 200 1942 "-" "Mozilla/5.0 (Windows; U; Windows NT 5.1; fr; rv:1.8.1) VoilaBot BETA 1.2 (support.voilabot@orange-ftgroup.com)"
81.52.143.16 - - [29/Dec/2008:22:34:27 +0100] "GET /robots.txt HTTP/1.1" 200 64 "-" "Mozilla/5.0 (Windows; U; Windows NT 5.1; fr; rv:1.8.1) VoilaBot BETA 1.2 (support.voilabot@orange-ftgroup.com)"
81.52.143.16 - - [29/Dec/2008:22:34:41 +0100] "GET /bmpp/18_x.html HTTP/1.1" 200 1100 "-" "Mozilla/5.0 (Windows; U; Windows NT 5.1; fr; rv:1.8.1) VoilaBot BETA 1.2 (support.voilabot@orange-ftgroup.com)"
66.249.65.169 - - [29/Dec/2008:22:52:31 +0100] "GET /bmpp/euro_pal_3a.html HTTP/1.1" 200 330 "-" "Mozilla/5.0 (compatible; Googlebot/2.1; +http://www.google.com/bot.html)"
193.252.149.16 - - [29/Dec/2008:22:57:11 +0100] "GET /DgH/rampe/index.html HTTP/1.1" 200 2056 "-" "Mozilla/5.0 (Windows; U; Windows NT 5.1; fr; rv:1.8.1) VoilaBot BETA 1.2 (support.voilabot@orange-ftgroup.com)"
81.52.143.16 - - [29/Dec/2008:23:09:04 +0100] "GET /bmpp/18.html HTTP/1.1" 200 4467 "-" "Mozilla/5.0 (Windows; U; Windows NT 5.1; fr; rv:1.8.1) VoilaBot BETA 1.2 (support.voilabot@orange-ftgroup.com)"
74.6.8.94 - - [29/Dec/2008:23:33:20 +0100] "GET /framez-girlz.html HTTP/1.0" 200 4271 "-" "Mozilla/5.0 (compatible; Yahoo! Slurp; http://help.yahoo.com/help/us/ysearch/slurp)"
74.6.8.94 - - [29/Dec/2008:23:33:21 +0100] "GET /frame-menu.html HTTP/1.0" 200 10536 "-" "Mozilla/5.0 (compatible; Yahoo! Slurp; http://help.yahoo.com/help/us/ysearch/slurp)"
74.6.8.94 - - [29/Dec/2008:23:33:23 +0100] "GET /neon/girlz2.html HTTP/1.0" 200 2937 "-" "Mozilla/5.0 (compatible; Yahoo! Slurp; http://help.yahoo.com/help/us/ysearch/slurp)"
74.6.8.94 - - [29/Dec/2008:23:33:24 +0100] "GET /frame-unten.html HTTP/1.0" 200 5308 "-" "Mozilla/5.0 (compatible; Yahoo! Slurp; http://help.yahoo.com/help/us/ysearch/slurp)"
74.6.8.94 - - [30/Dec/2008:00:00:11 +0100] "GET /framez-rez.html HTTP/1.0" 200 4323 "-" "Mozilla/5.0 (compatible; Yahoo! Slurp; http://help.yahoo.com/help/us/ysearch/slurp)"
74.6.8.94 - - [30/Dec/2008:00:00:12 +0100] "GET /f-rez.html HTTP/1.0" 200 9765 "-" "Mozilla/5.0 (compatible; Yahoo! Slurp; http://help.yahoo.com/help/us/ysearch/slurp)"
67.195.37.119 - - [30/Dec/2008:00:10:14 +0100] "GET /robots.txt HTTP/1.0" 200 64 "-" "Mozilla/5.0 (compatible; Yahoo! Slurp; http://help.yahoo.com/help/us/ysearch/slurp)"
67.195.37.119 - - [30/Dec/2008:00:10:15 +0100] "GET /bmpp/18_x.html HTTP/1.0" 200 1100 "-" "Mozilla/5.0 (compatible; Yahoo! Slurp/3.0; http://help.yahoo.com/help/us/ysearch/slurp)"
66.249.65.169 - - [30/Dec/2008:08:14:40 +0100] "GET /robots.txt HTTP/1.1" 200 64 "-" "Mozilla/5.0 (compatible; Googlebot/2.1; +http://www.google.com/bot.html)"
66.249.65.169 - - [30/Dec/2008:08:14:40 +0100] "GET /bmpp/18.html HTTP/1.1" 200 4467 "-" "Mozilla/5.0 (compatible; Googlebot/2.1; +http://www.google.com/bot.html)"
74.6.8.94 - - [30/Dec/2008:08:53:17 +0100] "GET /robots.txt HTTP/1.0" 200 64 "-" "Mozilla/5.0 (compatible; Yahoo! Slurp; http://help.yahoo.com/help/us/ysearch/slurp)"
74.6.8.94 - - [30/Dec/2008:08:53:18 +0100] "GET /f-contact.html HTTP/1.0" 200 6804 "-" "Mozilla/5.0 (compatible; Yahoo! Slurp; http://help.yahoo.com/help/us/ysearch/slurp)"
74.6.22.162 - - [30/Dec/2008:09:05:23 +0100] "GET /robots.txt HTTP/1.0" 200 64 "-" "Mozilla/5.0 (compatible; Yahoo! Slurp; http://help.yahoo.com/help/us/ysearch/slurp)"
74.6.22.162 - - [30/Dec/2008:09:05:24 +0100] "GET /logs/usage_200603.html HTTP/1.0" 200 109800 "-" "Mozilla/5.0 (compatible; Yahoo! Slurp/3.0; http://help.yahoo.com/help/us/ysearch/slurp)"
74.6.8.94 - - [30/Dec/2008:09:14:57 +0100] "GET /bmpp/euro_pal_1.html HTTP/1.0" 200 18252 "-" "Mozilla/5.0 (compatible; Yahoo! Slurp/3.0; http://help.yahoo.com/help/us/ysearch/slurp)"
65.55.211.165 - - [30/Dec/2008:09:15:37 +0100] "GET /robots.txt HTTP/1.1" 200 64 "-" "msnbot/1.1 (+http://search.msn.com/msnbot.htm)"
65.55.211.165 - - [30/Dec/2008:09:15:38 +0100] "GET /sendi_agent.html HTTP/1.1" 200 6213 "-" "msnbot/1.1 (+http://search.msn.com/msnbot.htm)"
65.55.110.23 - - [30/Dec/2008:09:18:28 +0100] "GET /sendi_agent.html HTTP/1.0" 200 6213 "http://search.live.com/results.aspx?q=sendi" "Mozilla/4.0 (compatible; MSIE 6.0; Windows NT 5.2; SV1; .NET CLR 1.1.4322)"
65.55.110.23 - - [30/Dec/2008:09:18:28 +0100] "GET /3dsf3/sendi/sendisendi.html HTTP/1.0" 200 5118 "http://www.various-euro.com/sendi_agent.html" "Mozilla/4.0 (compatible; MSIE 6.0; Windows NT 5.2; SV1; .NET CLR 1.1.4322)"
65.55.110.23 - - [30/Dec/2008:09:18:28 +0100] "GET /3dsf3/sendi/index.html HTTP/1.0" 200 1837 "http://www.various-euro.com/sendi_agent.html" "Mozilla/4.0 (compatible; MSIE 6.0; Windows NT 5.2; SV1; .NET CLR 1.1.4322)"
65.55.110.23 - - [30/Dec/2008:09:18:29 +0100] "GET /3dsf3/sendi/formate.css HTTP/1.0" 200 474 "http://www.various-euro.com/3dsf3/sendi/sendisendi.html" "Mozilla/4.0 (compatible; MSIE 6.0; Windows NT 5.2; SV1; .NET CLR 1.1.4322)"
65.55.110.23 - - [30/Dec/2008:09:18:29 +0100] "GET /3dsf3/sendi/seks_sendi.mpg HTTP/1.0" 404 2748 "-" "Windows-Media-Player/10.00.00.3700"
67.195.37.119 - - [30/Dec/2008:09:34:07 +0100] "GET /f-actions.html HTTP/1.0" 200 10429 "-" "Mozilla/5.0 (compatible; Yahoo! Slurp/3.0; http://help.yahoo.com/help/us/ysearch/slurp)"
208.36.144.10 - - [30/Dec/2008:09:37:19 +0100] "GET /robots.txt HTTP/1.0" 200 64 "-" "Mozilla/5.0 (Twiceler-0.9 http://www.cuil.com/twiceler/robot.html)"
74.6.22.162 - - [30/Dec/2008:09:49:11 +0100] "GET /framez-e-count.html HTTP/1.0" 200 4321 "-" "Mozilla/5.0 (compatible; Yahoo! Slurp/3.0; http://help.yahoo.com/help/us/ysearch/slurp)"
74.6.22.162 - - [30/Dec/2008:09:49:12 +0100] "GET /frame-menu.html HTTP/1.0" 200 10536 "http://various-euro.com/framez-e-count.html" "Mozilla/5.0 (compatible; Yahoo! Slurp/3.0; http://help.yahoo.com/help/us/ysearch/slurp)"
74.6.22.162 - - [30/Dec/2008:09:49:12 +0100] "GET /frame-unten.html HTTP/1.0" 200 5308 "http://various-euro.com/framez-e-count.html" "Mozilla/5.0 (compatible; Yahoo! Slurp/3.0; http://help.yahoo.com/help/us/ysearch/slurp)"
74.6.22.162 - - [30/Dec/2008:09:49:12 +0100] "GET /e-counter.html HTTP/1.0" 200 4047 "http://various-euro.com/framez-e-count.html" "Mozilla/5.0 (compatible; Yahoo! Slurp/3.0; http://help.yahoo.com/help/us/ysearch/slurp)"
74.6.22.162 - - [30/Dec/2008:09:49:12 +0100] "GET /style/various-euro.css HTTP/1.0" 200 3437 "http://various-euro.com/frame-menu.html" "Mozilla/5.0 (compatible; Yahoo! Slurp/3.0; http://help.yahoo.com/help/us/ysearch/slurp)"
66.249.65.169 - - [30/Dec/2008:10:11:08 +0100] "GET / HTTP/1.1" 200 7869 "-" "Mozilla/5.0 (compatible; Googlebot/2.1; +http://www.google.com/bot.html)"
67.195.37.119 - - [30/Dec/2008:11:50:40 +0100] "GET /framez-rez.html HTTP/1.0" 200 4323 "-" "Mozilla/5.0 (compatible; Yahoo! Slurp; http://help.yahoo.com/help/us/ysearch/slurp)"
67.195.37.119 - - [30/Dec/2008:11:51:04 +0100] "GET /frame-menu.html HTTP/1.0" 200 10536 "-" "Mozilla/5.0 (compatible; Yahoo! Slurp; http://help.yahoo.com/help/us/ysearch/slurp)"
67.195.37.119 - - [30/Dec/2008:11:51:26 +0100] "GET /f-other.html HTTP/1.0" 200 33189 "-" "Mozilla/5.0 (compatible; Yahoo! Slurp; http://help.yahoo.com/help/us/ysearch/slurp)"
67.195.37.119 - - [30/Dec/2008:11:51:36 +0100] "GET /f-rez.html HTTP/1.0" 200 9765 "-" "Mozilla/5.0 (compatible; Yahoo! Slurp; http://help.yahoo.com/help/us/ysearch/slurp)"
67.195.37.119 - - [30/Dec/2008:11:52:06 +0100] "GET /frame-unten.html HTTP/1.0" 200 5308 "-" "Mozilla/5.0 (compatible; Yahoo! Slurp; http://help.yahoo.com/help/us/ysearch/slurp)"
67.195.37.165 - - [30/Dec/2008:12:03:12 +0100] "GET /robots.txt HTTP/1.0" 200 64 "-" "Mozilla/5.0 (compatible; Yahoo! Slurp; http://help.yahoo.com/help/us/ysearch/slurp)"
67.195.37.165 - - [30/Dec/2008:12:03:12 +0100] "GET /framez.html HTTP/1.0" 200 3959 "-" "Mozilla/5.0 (compatible; Yahoo! Slurp/3.0; http://help.yahoo.com/help/us/ysearch/slurp)"
