72.30.79.105 - - [01/Dec/2008:00:06:07 +0100] "GET /zampa-lovers/index.html HTTP/1.0" 200 37790 "-" "Mozilla/5.0 (compatible; Yahoo! Slurp; http://help.yahoo.com/help/us/ysearch/slurp)"
72.30.79.105 - - [01/Dec/2008:00:16:49 +0100] "GET /bmpp/euro_pal_111.html HTTP/1.0" 200 2129 "-" "Mozilla/5.0 (compatible; Yahoo! Slurp; http://help.yahoo.com/help/us/ysearch/slurp)"
81.52.143.26 - - [01/Dec/2008:00:29:47 +0100] "GET /f-net.html HTTP/1.1" 200 9913 "-" "Mozilla/5.0 (Windows; U; Windows NT 5.1; fr; rv:1.8.1) VoilaBot BETA 1.2 (support.voilabot@orange-ftgroup.com)"
67.195.37.113 - - [01/Dec/2008:00:43:21 +0100] "GET /f-doku-brau.html HTTP/1.0" 200 7152 "-" "Mozilla/5.0 (compatible; Yahoo! Slurp; http://help.yahoo.com/help/us/ysearch/slurp)"
217.234.230.177 - - [01/Dec/2008:00:49:17 +0100] "GET /restate_copy.html HTTP/1.1" 200 97631 "-" "Mozilla/4.0 (compatible; MSIE 6.0; Windows NT 5.1)"
72.30.142.235 - - [01/Dec/2008:01:16:32 +0100] "GET /robots.txt HTTP/1.0" 200 64 "-" "Mozilla/5.0 (compatible; Yahoo! Slurp; http://help.yahoo.com/help/us/ysearch/slurp)"
72.30.142.235 - - [01/Dec/2008:01:16:33 +0100] "GET /neon/left-one-new.html HTTP/1.0" 200 1483 "-" "Mozilla/5.0 (compatible; Yahoo! Slurp/3.0; http://help.yahoo.com/help/us/ysearch/slurp)"
64.56.65.215 - - [01/Dec/2008:01:21:38 +0100] "GET / HTTP/1.0" 200 7869 "-" "Mozilla/4.0 (compatible; MSIE 6.0; Windows NT 5.1; MyIE2; Deepnet Explorer)"
67.195.37.113 - - [01/Dec/2008:01:39:53 +0100] "GET /schubb/schubb-4.html HTTP/1.0" 200 17746 "-" "Mozilla/5.0 (compatible; Yahoo! Slurp; http://help.yahoo.com/help/us/ysearch/slurp)"
72.30.81.162 - - [01/Dec/2008:01:42:29 +0100] "GET /robots.txt HTTP/1.0" 200 64 "-" "Mozilla/5.0 (compatible; Yahoo! Slurp; http://help.yahoo.com/help/us/ysearch/slurp)"
72.30.81.162 - - [01/Dec/2008:01:42:30 +0100] "GET /logs/usage_200704.html HTTP/1.0" 200 108835 "-" "Mozilla/5.0 (compatible; Yahoo! Slurp; http://help.yahoo.com/help/us/ysearch/slurp)"
72.30.81.162 - - [01/Dec/2008:01:51:32 +0100] "GET /robots.txt HTTP/1.0" 200 64 "-" "Mozilla/5.0 (compatible; Yahoo! Slurp; http://help.yahoo.com/help/us/ysearch/slurp)"
72.30.81.162 - - [01/Dec/2008:01:51:37 +0100] "GET /zampa/ HTTP/1.0" 200 7153 "-" "Mozilla/5.0 (compatible; Yahoo! Slurp; http://help.yahoo.com/help/us/ysearch/slurp)"
67.195.37.113 - - [01/Dec/2008:02:18:18 +0100] "GET /zampa/montenegro/index.html HTTP/1.0" 200 2651 "-" "Mozilla/5.0 (compatible; Yahoo! Slurp/3.0; http://help.yahoo.com/help/us/ysearch/slurp)"
67.195.37.113 - - [01/Dec/2008:02:35:06 +0100] "GET /robots.txt HTTP/1.0" 200 64 "-" "Mozilla/5.0 (compatible; Yahoo! Slurp; http://help.yahoo.com/help/us/ysearch/slurp)"
67.195.37.113 - - [01/Dec/2008:02:35:06 +0100] "GET /DgH/watch/index.html HTTP/1.0" 200 2028 "-" "Mozilla/5.0 (compatible; Yahoo! Slurp/3.0; http://help.yahoo.com/help/us/ysearch/slurp)"
67.195.37.113 - - [01/Dec/2008:02:35:10 +0100] "GET /DgH/watch/pict/Watch.mp3 HTTP/1.0" 200 29938 "http://www.various-euro.com/DgH/watch/index.html" "Mozilla/5.0 (compatible; Yahoo! Slurp/3.0; http://help.yahoo.com/help/us/ysearch/slurp)"
81.52.143.26 - - [01/Dec/2008:02:47:31 +0100] "GET /robots.txt HTTP/1.1" 200 64 "-" "Mozilla/5.0 (Windows; U; Windows NT 5.1; fr; rv:1.8.1) VoilaBot BETA 1.2 (support.voilabot@orange-ftgroup.com)"
81.52.143.26 - - [01/Dec/2008:02:47:37 +0100] "GET /warez.html HTTP/1.1" 200 9754 "-" "Mozilla/5.0 (Windows; U; Windows NT 5.1; fr; rv:1.8.1) VoilaBot BETA 1.2 (support.voilabot@orange-ftgroup.com)"
67.195.37.113 - - [01/Dec/2008:02:52:01 +0100] "GET /contact.html HTTP/1.0" 404 2748 "-" "Mozilla/5.0 (compatible; Yahoo! Slurp; http://help.yahoo.com/help/us/ysearch/slurp)"
193.252.149.16 - - [01/Dec/2008:03:13:25 +0100] "GET /framez.html HTTP/1.1" 200 3959 "-" "Mozilla/5.0 (Windows; U; Windows NT 5.1; fr; rv:1.8.1) VoilaBot BETA 1.2 (support.voilabot@orange-ftgroup.com)"
193.252.149.16 - - [01/Dec/2008:03:13:38 +0100] "GET /frame-inhalt.html HTTP/1.1" 200 5418 "-" "Mozilla/5.0 (Windows; U; Windows NT 5.1; fr; rv:1.8.1) VoilaBot BETA 1.2 (support.voilabot@orange-ftgroup.com)"
193.252.149.16 - - [01/Dec/2008:03:13:38 +0100] "GET /frame-unten.html HTTP/1.1" 200 5308 "-" "Mozilla/5.0 (Windows; U; Windows NT 5.1; fr; rv:1.8.1) VoilaBot BETA 1.2 (support.voilabot@orange-ftgroup.com)"
193.252.149.16 - - [01/Dec/2008:03:13:38 +0100] "GET /frame-menu.html HTTP/1.1" 200 10536 "-" "Mozilla/5.0 (Windows; U; Windows NT 5.1; fr; rv:1.8.1) VoilaBot BETA 1.2 (support.voilabot@orange-ftgroup.com)"
38.113.234.180 - - [01/Dec/2008:03:26:22 +0100] "GET /robots.txt HTTP/1.1" 200 64 "-" "voyager/2.0 (http://www.kosmix.com/html/crawler.html)"
193.252.149.16 - - [01/Dec/2008:03:34:43 +0100] "GET / HTTP/1.1" 200 7869 "-" "Mozilla/5.0 (Windows; U; Windows NT 5.1; fr; rv:1.8.1) VoilaBot BETA 1.2 (support.voilabot@orange-ftgroup.com)"
81.52.143.16 - - [01/Dec/2008:03:41:39 +0100] "GET /f-web.html HTTP/1.1" 200 13605 "-" "Mozilla/5.0 (Windows; U; Windows NT 5.1; fr; rv:1.8.1) VoilaBot BETA 1.2 (support.voilabot@orange-ftgroup.com)"
208.36.144.10 - - [01/Dec/2008:04:47:02 +0100] "GET /robots.txt HTTP/1.0" 200 64 "-" "Mozilla/5.0 (Twiceler-0.9 http://www.cuil.com/twiceler/robot.html)"
81.52.143.15 - - [01/Dec/2008:05:13:31 +0100] "GET /robots.txt HTTP/1.1" 200 64 "-" "Mozilla/5.0 (Windows; U; Windows NT 5.1; fr; rv:1.8.1) VoilaBot BETA 1.2 (support.voilabot@orange-ftgroup.com)"
81.52.143.15 - - [01/Dec/2008:05:13:39 +0100] "GET /f-warez.html HTTP/1.1" 200 10953 "-" "Mozilla/5.0 (Windows; U; Windows NT 5.1; fr; rv:1.8.1) VoilaBot BETA 1.2 (support.voilabot@orange-ftgroup.com)"
67.195.37.113 - - [01/Dec/2008:05:16:06 +0100] "GET /f-warez.html HTTP/1.0" 200 10953 "-" "Mozilla/5.0 (compatible; Yahoo! Slurp/3.0; http://help.yahoo.com/help/us/ysearch/slurp)"
69.149.70.141 - - [01/Dec/2008:05:43:10 +0100] "GET / HTTP/1.1" 200 7869 "-" "Mozilla/5.0 (X11; U; Linux i686; en-US; rv:1.9.0.4) Gecko/2008111317 Ubuntu/8.04 (hardy) Firefox/3.0.4"
69.149.70.141 - - [01/Dec/2008:05:43:11 +0100] "GET /ve-icon-2.ico HTTP/1.1" 200 2238 "-" "Mozilla/5.0 (X11; U; Linux i686; en-US; rv:1.9.0.4) Gecko/2008111317 Ubuntu/8.04 (hardy) Firefox/3.0.4"
69.149.70.141 - - [01/Dec/2008:05:43:11 +0100] "GET /style/various-euro.css HTTP/1.1" 200 3437 "http://www.various-euro.com/" "Mozilla/5.0 (X11; U; Linux i686; en-US; rv:1.9.0.4) Gecko/2008111317 Ubuntu/8.04 (hardy) Firefox/3.0.4"
69.149.70.141 - - [01/Dec/2008:05:43:12 +0100] "GET /framez_0.html HTTP/1.1" 200 12444 "http://www.various-euro.com/" "Mozilla/5.0 (X11; U; Linux i686; en-US; rv:1.9.0.4) Gecko/2008111317 Ubuntu/8.04 (hardy) Firefox/3.0.4"
67.195.37.113 - - [01/Dec/2008:05:48:19 +0100] "GET /bmpp/euro_pal_1.html HTTP/1.0" 200 18252 "-" "Mozilla/5.0 (compatible; Yahoo! Slurp/3.0; http://help.yahoo.com/help/us/ysearch/slurp)"
193.252.149.16 - - [01/Dec/2008:05:53:32 +0100] "GET /frame-inhalt.html HTTP/1.1" 200 5418 "-" "Mozilla/5.0 (Windows; U; Windows NT 5.1; fr; rv:1.8.1) VoilaBot BETA 1.2 (support.voilabot@orange-ftgroup.com)"
72.14.164.167 - - [01/Dec/2008:06:31:42 +0100] "GET /robots.txt HTTP/1.1" 200 64 "http://www.bdbrandprotect.com" "Mozilla/4.0+(compatible;+MSIE+6.0;+Windows+NT+5.1)"
72.14.164.167 - - [01/Dec/2008:06:31:42 +0100] "HEAD /detonators.gif HTTP/1.1" 200 - "-" "BPImageWalker/2.0 (www.bdbrandprotect.com)"
72.14.164.167 - - [01/Dec/2008:06:31:42 +0100] "GET /detonators.gif HTTP/1.1" 200 14892 "-" "BPImageWalker/2.0 (www.bdbrandprotect.com)"
72.14.164.153 - - [01/Dec/2008:06:31:59 +0100] "HEAD /bannerz/rebelle.gif HTTP/1.1" 200 - "-" "BPImageWalker/2.0 (www.bdbrandprotect.com)"
72.14.164.153 - - [01/Dec/2008:06:32:00 +0100] "GET /bannerz/rebelle.gif HTTP/1.1" 200 6986 "-" "BPImageWalker/2.0 (www.bdbrandprotect.com)"
66.249.71.219 - - [01/Dec/2008:07:16:45 +0100] "GET /logs/usage_200709.html HTTP/1.1" 200 110974 "-" "Mozilla/5.0 (compatible; Googlebot/2.1; +http://www.google.com/bot.html)"
74.6.18.218 - - [01/Dec/2008:07:27:26 +0100] "GET /robots.txt HTTP/1.0" 200 64 "-" "Mozilla/5.0 (compatible; Yahoo! Slurp; http://help.yahoo.com/help/us/ysearch/slurp)"
74.6.18.218 - - [01/Dec/2008:07:27:27 +0100] "GET /logs/usage_200711.html HTTP/1.0" 200 109628 "-" "Mozilla/5.0 (compatible; Yahoo! Slurp; http://help.yahoo.com/help/us/ysearch/slurp)"
38.108.180.65 - - [01/Dec/2008:08:07:16 +0100] "GET /robots.txt HTTP/1.1" 200 64 "-" "Mozilla/5.0 (compatible; ScoutJet; +http://www.scoutjet.com/)"
38.108.180.65 - - [01/Dec/2008:08:07:19 +0100] "GET /neon/girlz3.html HTTP/1.1" 200 2479 "-" "Mozilla/5.0 (compatible; ScoutJet; +http://www.scoutjet.com/)"
38.108.180.65 - - [01/Dec/2008:08:10:13 +0100] "GET /bmpp/18_x.html HTTP/1.1" 200 1100 "-" "Mozilla/5.0 (compatible; ScoutJet; +http://www.scoutjet.com/)"
77.88.25.28 - - [01/Dec/2008:08:23:27 +0100] "GET /robots.txt HTTP/1.1" 302 363 "-" "Yandex/1.01.001 (compatible; Win16; I)"
77.88.25.28 - - [01/Dec/2008:08:23:27 +0100] "GET / HTTP/1.1" 302 353 "-" "Yandex/1.01.001 (compatible; Win16; I)"
81.52.143.15 - - [01/Dec/2008:08:38:34 +0100] "GET /warez.html HTTP/1.1" 200 9754 "-" "Mozilla/5.0 (Windows; U; Windows NT 5.1; fr; rv:1.8.1) VoilaBot BETA 1.2 (support.voilabot@orange-ftgroup.com)"
213.198.218.253 - - [01/Dec/2008:08:50:35 +0100] "GET /zampa-lovers/index.html HTTP/1.1" 200 37790 "http://www.google.com/search?hl=sr&lr=&q=milica+tirnanic&start=120&sa=N" "Mozilla/4.0 (compatible; MSIE 6.0; Windows 98)"
213.198.218.253 - - [01/Dec/2008:08:50:37 +0100] "GET /zampa-lovers/kralle.gif HTTP/1.1" 404 2748 "http://www.various-euro.com/zampa-lovers/index.html" "Mozilla/4.0 (compatible; MSIE 6.0; Windows 98)"
213.198.218.253 - - [01/Dec/2008:08:50:38 +0100] "GET /zampa-lovers/DRAGAN_Z.JPG HTTP/1.1" 200 6850 "http://www.various-euro.com/zampa-lovers/index.html" "Mozilla/4.0 (compatible; MSIE 6.0; Windows 98)"
213.198.218.253 - - [01/Dec/2008:08:50:39 +0100] "GET /zampa-lovers/MILIZA_2.JPG HTTP/1.1" 200 22172 "http://www.various-euro.com/zampa-lovers/index.html" "Mozilla/4.0 (compatible; MSIE 6.0; Windows 98)"
213.198.218.253 - - [01/Dec/2008:08:50:41 +0100] "GET /zampa-lovers/MILIZA_3.JPG HTTP/1.1" 200 26924 "http://www.various-euro.com/zampa-lovers/index.html" "Mozilla/4.0 (compatible; MSIE 6.0; Windows 98)"
213.198.218.253 - - [01/Dec/2008:08:50:42 +0100] "GET /zampa-lovers/MILIZA_B.JPG HTTP/1.1" 200 10947 "http://www.various-euro.com/zampa-lovers/index.html" "Mozilla/4.0 (compatible; MSIE 6.0; Windows 98)"
213.198.218.253 - - [01/Dec/2008:08:50:44 +0100] "GET /zampa-lovers/MILIZA_4.JPG HTTP/1.1" 200 9946 "http://www.various-euro.com/zampa-lovers/index.html" "Mozilla/4.0 (compatible; MSIE 6.0; Windows 98)"
213.198.218.253 - - [01/Dec/2008:08:50:45 +0100] "GET /zampa-lovers/DRAGANZA.JPG HTTP/1.1" 200 18560 "http://www.various-euro.com/zampa-lovers/index.html" "Mozilla/4.0 (compatible; MSIE 6.0; Windows 98)"
213.198.218.253 - - [01/Dec/2008:08:50:46 +0100] "GET /zampa-lovers/1SEITEVE.GIF HTTP/1.1" 200 78726 "http://www.various-euro.com/zampa-lovers/index.html" "Mozilla/4.0 (compatible; MSIE 6.0; Windows 98)"
213.198.218.253 - - [01/Dec/2008:08:50:50 +0100] "GET /zampa-lovers/2SEITEVE.GIF HTTP/1.1" 200 83466 "http://www.various-euro.com/zampa-lovers/index.html" "Mozilla/4.0 (compatible; MSIE 6.0; Windows 98)"
213.198.218.253 - - [01/Dec/2008:08:50:54 +0100] "GET /zampa-lovers/Kralle.gif HTTP/1.1" 200 260 "http://www.various-euro.com/zampa-lovers/index.html" "Mozilla/4.0 (compatible; MSIE 6.0; Windows 98)"
213.198.218.253 - - [01/Dec/2008:08:50:54 +0100] "GET /zampa-lovers/zampa-2X2.gif HTTP/1.1" 200 6948 "http://www.various-euro.com/zampa-lovers/index.html" "Mozilla/4.0 (compatible; MSIE 6.0; Windows 98)"
213.198.218.253 - - [01/Dec/2008:08:50:38 +0100] "GET /zampa-lovers/zampa.gif HTTP/1.1" 200 460627 "http://www.various-euro.com/zampa-lovers/index.html" "Mozilla/4.0 (compatible; MSIE 6.0; Windows 98)"
213.198.218.253 - - [01/Dec/2008:08:50:55 +0100] "GET /zampa-lovers/zampamali.gif HTTP/1.1" 200 2617 "http://www.various-euro.com/zampa-lovers/index.html" "Mozilla/4.0 (compatible; MSIE 6.0; Windows 98)"
213.198.218.253 - - [01/Dec/2008:08:50:55 +0100] "GET /zampa-lovers/zampama2.mpg HTTP/1.1" 404 2748 "-" "Mozilla/4.0 (compatible; MSIE 6.0; Windows 98)"
213.198.218.253 - - [01/Dec/2008:08:50:56 +0100] "GET /zampa-lovers/WASISTMI1.MPG HTTP/1.1" 200 271221 "-" "Mozilla/4.0 (compatible; MSIE 6.0; Windows 98)"
213.198.218.253 - - [01/Dec/2008:08:51:08 +0100] "GET /zampa-lovers/ZAMPAMA2.MPG HTTP/1.1" 200 63492 "-" "Mozilla/4.0 (compatible; MSIE 6.0; Windows 98)"
213.198.218.253 - - [01/Dec/2008:08:50:56 +0100] "GET /zampa-lovers/ZAMPAMAS.MPG HTTP/1.1" 200 520196 "-" "Mozilla/4.0 (compatible; MSIE 6.0; Windows 98)"
213.198.218.253 - - [01/Dec/2008:08:51:11 +0100] "GET /zampa-lovers/WASISTMI1.MPG HTTP/1.1" 200 271221 "-" "Mozilla/4.0 (compatible; MSIE 6.0; Windows 98)"
213.198.218.253 - - [01/Dec/2008:08:51:18 +0100] "GET /zampa-lovers/ZAMPAMAS.MPG HTTP/1.1" 200 520196 "-" "Mozilla/4.0 (compatible; MSIE 6.0; Windows 98)"
213.198.218.253 - - [01/Dec/2008:08:51:50 +0100] "GET /framez-zampa-lovers.html HTTP/1.1" 200 4322 "-" "Mozilla/4.0 (compatible; MSIE 6.0; Windows 98)"
213.198.218.253 - - [01/Dec/2008:08:51:54 +0100] "GET /frame-menu.html HTTP/1.1" 200 10536 "http://www.various-euro.com/framez-zampa-lovers.html" "Mozilla/4.0 (compatible; MSIE 6.0; Windows 98)"
213.198.218.253 - - [01/Dec/2008:08:51:54 +0100] "GET /zampa-lovers/index.html HTTP/1.1" 200 37790 "http://www.various-euro.com/framez-zampa-lovers.html" "Mozilla/4.0 (compatible; MSIE 6.0; Windows 98)"
213.198.218.253 - - [01/Dec/2008:08:51:55 +0100] "GET /frame-unten.html HTTP/1.1" 200 5308 "http://www.various-euro.com/framez-zampa-lovers.html" "Mozilla/4.0 (compatible; MSIE 6.0; Windows 98)"
213.198.218.253 - - [01/Dec/2008:08:51:55 +0100] "GET /style/various-euro.css HTTP/1.1" 200 3437 "http://www.various-euro.com/frame-menu.html" "Mozilla/4.0 (compatible; MSIE 6.0; Windows 98)"
213.198.218.253 - - [01/Dec/2008:08:51:56 +0100] "GET /zampa-lovers/kralle.gif HTTP/1.1" 404 2748 "http://www.various-euro.com/zampa-lovers/index.html" "Mozilla/4.0 (compatible; MSIE 6.0; Windows 98)"
213.198.218.253 - - [01/Dec/2008:08:51:57 +0100] "GET /bannerz/ve.jpg HTTP/1.1" 200 36912 "http://www.various-euro.com/frame-unten.html" "Mozilla/4.0 (compatible; MSIE 6.0; Windows 98)"
213.198.218.253 - - [01/Dec/2008:08:51:58 +0100] "GET /zampa-lovers/zampama2.mpg HTTP/1.1" 404 2748 "-" "Mozilla/4.0 (compatible; MSIE 6.0; Windows 98)"
213.198.218.253 - - [01/Dec/2008:08:51:57 +0100] "GET /bannerz/various-euro-girl.jpg HTTP/1.1" 200 91514 "http://www.various-euro.com/frame-unten.html" "Mozilla/4.0 (compatible; MSIE 6.0; Windows 98)"
213.198.218.253 - - [01/Dec/2008:08:52:42 +0100] "GET /zampa-lovers/kralle.gif HTTP/1.1" 404 2748 "http://www.various-euro.com/zampa-lovers/index.html" "Mozilla/4.0 (compatible; MSIE 6.0; Windows 98)"
213.198.218.253 - - [01/Dec/2008:08:52:44 +0100] "GET /zampa-lovers/zampama2.mpg HTTP/1.1" 404 2748 "-" "Mozilla/4.0 (compatible; MSIE 6.0; Windows 98)"
67.195.37.113 - - [01/Dec/2008:09:32:06 +0100] "GET /DgH/bull/index.html HTTP/1.0" 200 1915 "-" "Mozilla/5.0 (compatible; Yahoo! Slurp/3.0; http://help.yahoo.com/help/us/ysearch/slurp)"
81.52.143.15 - - [01/Dec/2008:09:51:33 +0100] "GET /f-maintitle.html HTTP/1.1" 200 5030 "-" "Mozilla/5.0 (Windows; U; Windows NT 5.1; fr; rv:1.8.1) VoilaBot BETA 1.2 (support.voilabot@orange-ftgroup.com)"
67.195.37.113 - - [01/Dec/2008:09:51:51 +0100] "GET /bmpp/euro_pal_111.html HTTP/1.0" 200 2129 "-" "Mozilla/5.0 (compatible; Yahoo! Slurp/3.0; http://help.yahoo.com/help/us/ysearch/slurp)"
67.195.37.113 - - [01/Dec/2008:10:12:45 +0100] "GET /bmpp/euro_pal_1.html HTTP/1.0" 200 18252 "-" "Mozilla/5.0 (compatible; Yahoo! Slurp/3.0; http://help.yahoo.com/help/us/ysearch/slurp)"
58.30.183.144 - - [01/Dec/2008:10:29:22 +0100] "GET /favicon.ico HTTP/1.1" 404 2748 "-" "Mozilla/4.0 (compatible; GoogleToolbar 4.0.1606.6690-big; Windows XP 5.1; MSIE 6.0.2900.2180)"
58.30.183.144 - - [01/Dec/2008:10:29:23 +0100] "GET /favicon.gif HTTP/1.1" 404 2748 "-" "Mozilla/4.0 (compatible; GoogleToolbar 4.0.1606.6690-big; Windows XP 5.1; MSIE 6.0.2900.2180)"
67.195.37.113 - - [01/Dec/2008:10:31:26 +0100] "GET /f-contact.html HTTP/1.0" 200 6804 "-" "Mozilla/5.0 (compatible; Yahoo! Slurp; http://help.yahoo.com/help/us/ysearch/slurp)"
81.52.143.16 - - [01/Dec/2008:10:33:56 +0100] "GET /frame-unten.html HTTP/1.1" 200 5308 "-" "Mozilla/5.0 (Windows; U; Windows NT 5.1; fr; rv:1.8.1) VoilaBot BETA 1.2 (support.voilabot@orange-ftgroup.com)"
72.30.65.49 - - [01/Dec/2008:11:40:57 +0100] "GET /robots.txt HTTP/1.0" 200 64 "-" "Mozilla/5.0 (compatible; Yahoo! Slurp; http://help.yahoo.com/help/us/ysearch/slurp)"
72.30.65.49 - - [01/Dec/2008:11:41:10 +0100] "GET /schubb/schubb-2.html HTTP/1.0" 200 16660 "-" "Mozilla/5.0 (compatible; Yahoo! Slurp; http://help.yahoo.com/help/us/ysearch/slurp)"
66.249.71.219 - - [01/Dec/2008:12:10:21 +0100] "GET /logs/usage_200812.html HTTP/1.1" 404 2748 "-" "Mozilla/5.0 (compatible; Googlebot/2.1; +http://www.google.com/bot.html)"
193.252.149.16 - - [01/Dec/2008:12:37:51 +0100] "GET /bmpp/18start.html HTTP/1.1" 200 320 "-" "Mozilla/5.0 (Windows; U; Windows NT 5.1; fr; rv:1.8.1) VoilaBot BETA 1.2 (support.voilabot@orange-ftgroup.com)"
72.30.65.49 - - [01/Dec/2008:13:03:24 +0100] "GET /logs/usage_200701.html HTTP/1.0" 200 109268 "-" "Mozilla/5.0 (compatible; Yahoo! Slurp; http://help.yahoo.com/help/us/ysearch/slurp)"
72.30.65.49 - - [01/Dec/2008:13:08:59 +0100] "GET /schubb/schubb-4.html HTTP/1.0" 200 17746 "-" "Mozilla/5.0 (compatible; Yahoo! Slurp; http://help.yahoo.com/help/us/ysearch/slurp)"
67.195.37.113 - - [01/Dec/2008:13:16:31 +0100] "GET /f-actions.html HTTP/1.0" 200 10429 "-" "Mozilla/5.0 (compatible; Yahoo! Slurp; http://help.yahoo.com/help/us/ysearch/slurp)"
97.74.73.23 - - [01/Dec/2008:13:25:49 +0100] "GET /zampa/montenegro/BATAW.html HTTP/1.0" 200 860 "-" "Mozilla/4.0 (compatible; MSIE 7.0; Windows NT 5.2; .NET CLR 1.1.4322; .NET CLR 2.0.50727; .NET CLR 3.0.4506.2152; .NET CLR 3.5.30729)"
97.74.73.23 - - [01/Dec/2008:13:25:50 +0100] "GET /zampa/montenegro/slike/grosse/BATAg.jpg HTTP/1.0" 200 13940 "http://various-euro.com/zampa/montenegro/BATAW.html" "Mozilla/4.0 (compatible; MSIE 7.0; Windows NT 5.2; .NET CLR 1.1.4322; .NET CLR 2.0.50727; .NET CLR 3.0.4506.2152; .NET CLR 3.5.30729)"
72.30.65.49 - - [01/Dec/2008:14:27:38 +0100] "GET /neon/euro.html HTTP/1.0" 200 2212 "-" "Mozilla/5.0 (compatible; Yahoo! Slurp; http://help.yahoo.com/help/us/ysearch/slurp)"
67.195.37.113 - - [01/Dec/2008:14:37:28 +0100] "GET /robots.txt HTTP/1.0" 200 64 "-" "Mozilla/5.0 (compatible; Yahoo! Slurp; http://help.yahoo.com/help/us/ysearch/slurp)"
67.195.37.113 - - [01/Dec/2008:14:37:28 +0100] "GET /logs/usage_200708.html HTTP/1.0" 200 111167 "-" "Mozilla/5.0 (compatible; Yahoo! Slurp/3.0; http://help.yahoo.com/help/us/ysearch/slurp)"
78.52.233.148 - - [01/Dec/2008:15:04:17 +0100] "GET /favicon.ico HTTP/1.1" 404 2748 "http://www.google.de/search?hl=de&lr=lang_de&rlz=1B3GGGL_deDE303DE303&q=flex01&start=20&sa=N" "Mozilla/5.0 (Windows; U; Windows NT 5.1; de; rv:1.9.0.1) Gecko/2008070208 Firefox/3.0.4"
67.195.37.113 - - [01/Dec/2008:16:31:54 +0100] "GET /f-zeug.html HTTP/1.0" 200 48203 "-" "Mozilla/5.0 (compatible; Yahoo! Slurp; http://help.yahoo.com/help/us/ysearch/slurp)"
77.77.53.11 - - [01/Dec/2008:17:02:10 +0100] "GET /zampa-lovers/index.html HTTP/1.1" 200 37790 "http://search.bearshare.com/intl/webResults.html?q=lov%20na%20zec&hl=en&o=10596&page=1&lr=1&src=hmp_intl" "Mozilla/5.0 (Windows; U; Windows NT 5.1; mk; rv:1.9) Gecko/2008052906 Firefox/3.0"
77.77.53.11 - - [01/Dec/2008:17:02:10 +0100] "GET /zampa-lovers/kralle.gif HTTP/1.1" 404 2748 "http://various-euro.com/zampa-lovers/index.html" "Mozilla/5.0 (Windows; U; Windows NT 5.1; mk; rv:1.9) Gecko/2008052906 Firefox/3.0"
77.77.53.11 - - [01/Dec/2008:17:02:10 +0100] "GET /zampa-lovers/DRAGAN_Z.JPG HTTP/1.1" 200 6850 "http://various-euro.com/zampa-lovers/index.html" "Mozilla/5.0 (Windows; U; Windows NT 5.1; mk; rv:1.9) Gecko/2008052906 Firefox/3.0"
77.77.53.11 - - [01/Dec/2008:17:02:11 +0100] "GET /zampa-lovers/MILIZA_B.JPG HTTP/1.1" 200 10947 "http://various-euro.com/zampa-lovers/index.html" "Mozilla/5.0 (Windows; U; Windows NT 5.1; mk; rv:1.9) Gecko/2008052906 Firefox/3.0"
77.77.53.11 - - [01/Dec/2008:17:02:11 +0100] "GET /zampa-lovers/zampa.ICO HTTP/1.1" 200 7134 "-" "Mozilla/5.0 (Windows; U; Windows NT 5.1; mk; rv:1.9) Gecko/2008052906 Firefox/3.0"
77.77.53.11 - - [01/Dec/2008:17:02:10 +0100] "GET /zampa-lovers/MILIZA_2.JPG HTTP/1.1" 200 22172 "http://various-euro.com/zampa-lovers/index.html" "Mozilla/5.0 (Windows; U; Windows NT 5.1; mk; rv:1.9) Gecko/2008052906 Firefox/3.0"
77.77.53.11 - - [01/Dec/2008:17:02:10 +0100] "GET /zampa-lovers/MILIZA_3.JPG HTTP/1.1" 200 26924 "http://various-euro.com/zampa-lovers/index.html" "Mozilla/5.0 (Windows; U; Windows NT 5.1; mk; rv:1.9) Gecko/2008052906 Firefox/3.0"
77.77.53.11 - - [01/Dec/2008:17:02:11 +0100] "GET /zampa-lovers/WASISTMI1.MPG HTTP/1.1" 200 271221 "http://various-euro.com/zampa-lovers/index.html" "Mozilla/5.0 (Windows; U; Windows NT 5.1; mk; rv:1.9) Gecko/2008052906 Firefox/3.0"
77.77.53.11 - - [01/Dec/2008:17:02:13 +0100] "GET /zampa-lovers/MILIZA_4.JPG HTTP/1.1" 200 9946 "http://various-euro.com/zampa-lovers/index.html" "Mozilla/5.0 (Windows; U; Windows NT 5.1; mk; rv:1.9) Gecko/2008052906 Firefox/3.0"
77.77.53.11 - - [01/Dec/2008:17:02:12 +0100] "GET /zampa-lovers/ZAMPAMAS.MPG HTTP/1.1" 200 520196 "http://various-euro.com/zampa-lovers/index.html" "Mozilla/5.0 (Windows; U; Windows NT 5.1; mk; rv:1.9) Gecko/2008052906 Firefox/3.0"
77.77.53.11 - - [01/Dec/2008:17:02:13 +0100] "GET /zampa-lovers/DRAGANZA.JPG HTTP/1.1" 200 18560 "http://various-euro.com/zampa-lovers/index.html" "Mozilla/5.0 (Windows; U; Windows NT 5.1; mk; rv:1.9) Gecko/2008052906 Firefox/3.0"
77.77.53.11 - - [01/Dec/2008:17:02:13 +0100] "GET /zampa-lovers/1SEITEVE.GIF HTTP/1.1" 200 78726 "http://various-euro.com/zampa-lovers/index.html" "Mozilla/5.0 (Windows; U; Windows NT 5.1; mk; rv:1.9) Gecko/2008052906 Firefox/3.0"
77.77.53.11 - - [01/Dec/2008:17:02:13 +0100] "GET /zampa-lovers/2SEITEVE.GIF HTTP/1.1" 200 83466 "http://various-euro.com/zampa-lovers/index.html" "Mozilla/5.0 (Windows; U; Windows NT 5.1; mk; rv:1.9) Gecko/2008052906 Firefox/3.0"
77.77.53.11 - - [01/Dec/2008:17:02:14 +0100] "GET /zampa-lovers/Kralle.gif HTTP/1.1" 200 260 "http://various-euro.com/zampa-lovers/index.html" "Mozilla/5.0 (Windows; U; Windows NT 5.1; mk; rv:1.9) Gecko/2008052906 Firefox/3.0"
77.77.53.11 - - [01/Dec/2008:17:02:14 +0100] "GET /zampa-lovers/zampa-2X2.gif HTTP/1.1" 200 6948 "http://various-euro.com/zampa-lovers/index.html" "Mozilla/5.0 (Windows; U; Windows NT 5.1; mk; rv:1.9) Gecko/2008052906 Firefox/3.0"
77.77.53.11 - - [01/Dec/2008:17:02:14 +0100] "GET /zampa-lovers/ZAMPAMA2.MPG HTTP/1.1" 200 63492 "http://various-euro.com/zampa-lovers/index.html" "Mozilla/5.0 (Windows; U; Windows NT 5.1; mk; rv:1.9) Gecko/2008052906 Firefox/3.0"
77.77.53.11 - - [01/Dec/2008:17:02:15 +0100] "GET /zampa-lovers/zampamali.gif HTTP/1.1" 200 2617 "http://various-euro.com/zampa-lovers/index.html" "Mozilla/5.0 (Windows; U; Windows NT 5.1; mk; rv:1.9) Gecko/2008052906 Firefox/3.0"
77.77.53.11 - - [01/Dec/2008:17:02:18 +0100] "GET /zampa-lovers/zampa.gif HTTP/1.1" 200 460627 "http://various-euro.com/zampa-lovers/index.html" "Mozilla/5.0 (Windows; U; Windows NT 5.1; mk; rv:1.9) Gecko/2008052906 Firefox/3.0"
77.77.53.11 - - [01/Dec/2008:17:02:29 +0100] "GET /framez-zampa-lovers.html HTTP/1.1" 200 4322 "http://various-euro.com/zampa-lovers/index.html" "Mozilla/5.0 (Windows; U; Windows NT 5.1; mk; rv:1.9) Gecko/2008052906 Firefox/3.0"
77.77.53.11 - - [01/Dec/2008:17:02:29 +0100] "GET /ve-icon-2.ico HTTP/1.1" 200 2238 "-" "Mozilla/5.0 (Windows; U; Windows NT 5.1; mk; rv:1.9) Gecko/2008052906 Firefox/3.0"
77.77.53.11 - - [01/Dec/2008:17:02:29 +0100] "GET /frame-menu.html HTTP/1.1" 200 10536 "http://various-euro.com/framez-zampa-lovers.html" "Mozilla/5.0 (Windows; U; Windows NT 5.1; mk; rv:1.9) Gecko/2008052906 Firefox/3.0"
77.77.53.11 - - [01/Dec/2008:17:02:29 +0100] "GET /frame-unten.html HTTP/1.1" 200 5308 "http://various-euro.com/framez-zampa-lovers.html" "Mozilla/5.0 (Windows; U; Windows NT 5.1; mk; rv:1.9) Gecko/2008052906 Firefox/3.0"
77.77.53.11 - - [01/Dec/2008:17:02:29 +0100] "GET /zampa-lovers/index.html HTTP/1.1" 200 37790 "http://various-euro.com/framez-zampa-lovers.html" "Mozilla/5.0 (Windows; U; Windows NT 5.1; mk; rv:1.9) Gecko/2008052906 Firefox/3.0"
77.77.53.11 - - [01/Dec/2008:17:02:30 +0100] "GET /style/various-euro.css HTTP/1.1" 200 3437 "http://various-euro.com/frame-menu.html" "Mozilla/5.0 (Windows; U; Windows NT 5.1; mk; rv:1.9) Gecko/2008052906 Firefox/3.0"
77.77.53.11 - - [01/Dec/2008:17:02:30 +0100] "GET /zampa-lovers/kralle.gif HTTP/1.1" 404 2748 "http://various-euro.com/zampa-lovers/index.html" "Mozilla/5.0 (Windows; U; Windows NT 5.1; mk; rv:1.9) Gecko/2008052906 Firefox/3.0"
77.77.53.11 - - [01/Dec/2008:17:02:30 +0100] "GET /zampa-lovers/ZAMPAMA2.MPG HTTP/1.1" 206 63492 "http://various-euro.com/zampa-lovers/index.html" "Mozilla/5.0 (Windows; U; Windows NT 5.1; mk; rv:1.9) Gecko/2008052906 Firefox/3.0"
77.77.53.11 - - [01/Dec/2008:17:02:31 +0100] "GET /bannerz/ve.jpg HTTP/1.1" 200 36912 "http://various-euro.com/frame-unten.html" "Mozilla/5.0 (Windows; U; Windows NT 5.1; mk; rv:1.9) Gecko/2008052906 Firefox/3.0"
77.77.53.11 - - [01/Dec/2008:17:02:31 +0100] "GET /zampa-lovers/ZAMPAMAS.MPG HTTP/1.1" 206 520196 "http://various-euro.com/zampa-lovers/index.html" "Mozilla/5.0 (Windows; U; Windows NT 5.1; mk; rv:1.9) Gecko/2008052906 Firefox/3.0"
77.77.53.11 - - [01/Dec/2008:17:02:31 +0100] "GET /bannerz/various-euro-girl.jpg HTTP/1.1" 200 91514 "http://various-euro.com/frame-unten.html" "Mozilla/5.0 (Windows; U; Windows NT 5.1; mk; rv:1.9) Gecko/2008052906 Firefox/3.0"
77.77.53.11 - - [01/Dec/2008:17:02:31 +0100] "GET /zampa-lovers/WASISTMI1.MPG HTTP/1.1" 206 271221 "http://various-euro.com/zampa-lovers/index.html" "Mozilla/5.0 (Windows; U; Windows NT 5.1; mk; rv:1.9) Gecko/2008052906 Firefox/3.0"
193.252.149.16 - - [01/Dec/2008:18:27:24 +0100] "GET /neon/large.html HTTP/1.1" 200 1547 "-" "Mozilla/5.0 (Windows; U; Windows NT 5.1; fr; rv:1.8.1) VoilaBot BETA 1.2 (support.voilabot@orange-ftgroup.com)"
209.19.170.51 - - [01/Dec/2008:18:28:35 +0100] "GET / HTTP/1.1" 200 7869 "-" "Mozilla/4.0 (compatible; MSIE 6.0; Windows NT 5.0; DigExt)"
91.37.186.157 - - [01/Dec/2008:18:50:42 +0100] "GET /menueleiste.js HTTP/1.1" 404 2748 "http://www.various-euro.com/restate_copy.html" "Mozilla/4.0 (compatible; MSIE 7.0; Windows NT 5.1; .NET CLR 2.0.50727)"
91.37.186.157 - - [01/Dec/2008:18:50:42 +0100] "GET /bannerz/rebelle.gif HTTP/1.1" 200 6986 "http://www.various-euro.com/restate_copy.html" "Mozilla/4.0 (compatible; MSIE 7.0; Windows NT 5.1; .NET CLR 2.0.50727)"
91.37.186.157 - - [01/Dec/2008:18:50:42 +0100] "GET /restate_copy.html HTTP/1.1" 200 97631 "http://de.search.yahoo.com/search?ei=UTF-8&fr=slv8-msgr&p=brain+adams+please+%2Bvorgive+me+text&fr2=sp-qrw-orig-top&norw=1" "Mozilla/4.0 (compatible; MSIE 7.0; Windows NT 5.1; .NET CLR 2.0.50727)"
91.37.186.157 - - [01/Dec/2008:18:50:42 +0100] "GET /detonators.gif HTTP/1.1" 200 14892 "http://www.various-euro.com/restate_copy.html" "Mozilla/4.0 (compatible; MSIE 7.0; Windows NT 5.1; .NET CLR 2.0.50727)"
91.37.186.157 - - [01/Dec/2008:18:50:43 +0100] "GET /favicon.ico HTTP/1.1" 404 2748 "-" "Mozilla/4.0 (compatible; MSIE 7.0; Windows NT 5.1; .NET CLR 2.0.50727)"
91.37.186.157 - - [01/Dec/2008:18:50:43 +0100] "GET /framez-restate.html HTTP/1.1" 200 4328 "-" "Mozilla/4.0 (compatible; MSIE 7.0; Windows NT 5.1; .NET CLR 2.0.50727)"
91.37.186.157 - - [01/Dec/2008:18:50:43 +0100] "GET /frame-menu.html HTTP/1.1" 200 10536 "http://www.various-euro.com/framez-restate.html" "Mozilla/4.0 (compatible; MSIE 7.0; Windows NT 5.1; .NET CLR 2.0.50727)"
91.37.186.157 - - [01/Dec/2008:18:50:43 +0100] "GET /frame-unten.html HTTP/1.1" 200 5308 "http://www.various-euro.com/framez-restate.html" "Mozilla/4.0 (compatible; MSIE 7.0; Windows NT 5.1; .NET CLR 2.0.50727)"
91.37.186.157 - - [01/Dec/2008:18:50:44 +0100] "GET /style/various-euro.css HTTP/1.1" 200 3437 "http://www.various-euro.com/frame-menu.html" "Mozilla/4.0 (compatible; MSIE 7.0; Windows NT 5.1; .NET CLR 2.0.50727)"
91.37.186.157 - - [01/Dec/2008:18:50:44 +0100] "GET /menueleiste.js HTTP/1.1" 404 2748 "http://www.various-euro.com/restate_copy.html" "Mozilla/4.0 (compatible; MSIE 7.0; Windows NT 5.1; .NET CLR 2.0.50727)"
91.37.186.157 - - [01/Dec/2008:18:50:44 +0100] "GET /bannerz/ve.jpg HTTP/1.1" 200 36912 "http://www.various-euro.com/frame-unten.html" "Mozilla/4.0 (compatible; MSIE 7.0; Windows NT 5.1; .NET CLR 2.0.50727)"
91.37.186.157 - - [01/Dec/2008:18:50:43 +0100] "GET /restate_copy.html HTTP/1.1" 200 97631 "http://www.various-euro.com/framez-restate.html" "Mozilla/4.0 (compatible; MSIE 7.0; Windows NT 5.1; .NET CLR 2.0.50727)"
91.37.186.157 - - [01/Dec/2008:18:50:44 +0100] "GET /bannerz/various-euro-girl.jpg HTTP/1.1" 200 91514 "http://www.various-euro.com/frame-unten.html" "Mozilla/4.0 (compatible; MSIE 7.0; Windows NT 5.1; .NET CLR 2.0.50727)"
91.37.186.157 - - [01/Dec/2008:18:50:44 +0100] "GET /ve-icon-2.ico HTTP/1.1" 200 2238 "-" "Mozilla/4.0 (compatible; MSIE 7.0; Windows NT 5.1; .NET CLR 2.0.50727)"
91.37.186.157 - - [01/Dec/2008:18:50:54 +0100] "GET /menueleiste.js HTTP/1.1" 404 2748 "http://www.various-euro.com/restate_copy.html" "Mozilla/4.0 (compatible; MSIE 7.0; Windows NT 5.1; .NET CLR 2.0.50727)"
91.37.186.157 - - [01/Dec/2008:18:50:54 +0100] "GET /framez-restate.html HTTP/1.1" 200 4328 "-" "Mozilla/4.0 (compatible; MSIE 7.0; Windows NT 5.1; .NET CLR 2.0.50727)"
91.37.186.157 - - [01/Dec/2008:18:50:55 +0100] "GET /frame-menu.html HTTP/1.1" 200 10536 "http://www.various-euro.com/framez-restate.html" "Mozilla/4.0 (compatible; MSIE 7.0; Windows NT 5.1; .NET CLR 2.0.50727)"
91.37.186.157 - - [01/Dec/2008:18:50:55 +0100] "GET /frame-unten.html HTTP/1.1" 200 5308 "http://www.various-euro.com/framez-restate.html" "Mozilla/4.0 (compatible; MSIE 7.0; Windows NT 5.1; .NET CLR 2.0.50727)"
91.37.186.157 - - [01/Dec/2008:18:50:55 +0100] "GET /menueleiste.js HTTP/1.1" 404 2748 "http://www.various-euro.com/restate_copy.html" "Mozilla/4.0 (compatible; MSIE 7.0; Windows NT 5.1; .NET CLR 2.0.50727)"
91.37.186.157 - - [01/Dec/2008:18:50:57 +0100] "GET /menueleiste.js HTTP/1.1" 404 2748 "http://www.various-euro.com/restate_copy.html" "Mozilla/4.0 (compatible; MSIE 7.0; Windows NT 5.1; .NET CLR 2.0.50727)"
91.37.186.157 - - [01/Dec/2008:18:50:57 +0100] "GET /framez-restate.html HTTP/1.1" 200 4328 "-" "Mozilla/4.0 (compatible; MSIE 7.0; Windows NT 5.1; .NET CLR 2.0.50727)"
91.37.186.157 - - [01/Dec/2008:18:50:57 +0100] "GET /frame-menu.html HTTP/1.1" 200 10536 "http://www.various-euro.com/framez-restate.html" "Mozilla/4.0 (compatible; MSIE 7.0; Windows NT 5.1; .NET CLR 2.0.50727)"
91.37.186.157 - - [01/Dec/2008:18:50:57 +0100] "GET /frame-unten.html HTTP/1.1" 200 5308 "http://www.various-euro.com/framez-restate.html" "Mozilla/4.0 (compatible; MSIE 7.0; Windows NT 5.1; .NET CLR 2.0.50727)"
91.37.186.157 - - [01/Dec/2008:18:50:57 +0100] "GET /menueleiste.js HTTP/1.1" 404 2748 "http://www.various-euro.com/restate_copy.html" "Mozilla/4.0 (compatible; MSIE 7.0; Windows NT 5.1; .NET CLR 2.0.50727)"
91.37.186.157 - - [01/Dec/2008:18:50:59 +0100] "GET /menueleiste.js HTTP/1.1" 404 2748 "http://www.various-euro.com/restate_copy.html" "Mozilla/4.0 (compatible; MSIE 7.0; Windows NT 5.1; .NET CLR 2.0.50727)"
91.37.186.157 - - [01/Dec/2008:18:50:59 +0100] "GET /framez-restate.html HTTP/1.1" 200 4328 "-" "Mozilla/4.0 (compatible; MSIE 7.0; Windows NT 5.1; .NET CLR 2.0.50727)"
91.37.186.157 - - [01/Dec/2008:18:51:00 +0100] "GET /frame-menu.html HTTP/1.1" 200 10536 "http://www.various-euro.com/framez-restate.html" "Mozilla/4.0 (compatible; MSIE 7.0; Windows NT 5.1; .NET CLR 2.0.50727)"
91.37.186.157 - - [01/Dec/2008:18:51:00 +0100] "GET /frame-unten.html HTTP/1.1" 200 5308 "http://www.various-euro.com/framez-restate.html" "Mozilla/4.0 (compatible; MSIE 7.0; Windows NT 5.1; .NET CLR 2.0.50727)"
91.37.186.157 - - [01/Dec/2008:18:51:00 +0100] "GET /menueleiste.js HTTP/1.1" 404 2748 "http://www.various-euro.com/restate_copy.html" "Mozilla/4.0 (compatible; MSIE 7.0; Windows NT 5.1; .NET CLR 2.0.50727)"
91.37.186.157 - - [01/Dec/2008:18:51:00 +0100] "GET /restate_copy.html HTTP/1.1" 200 97631 "http://www.various-euro.com/framez-restate.html" "Mozilla/4.0 (compatible; MSIE 7.0; Windows NT 5.1; .NET CLR 2.0.50727)"
91.37.186.157 - - [01/Dec/2008:18:51:01 +0100] "GET /menueleiste.js HTTP/1.1" 404 2748 "http://www.various-euro.com/restate_copy.html" "Mozilla/4.0 (compatible; MSIE 7.0; Windows NT 5.1; .NET CLR 2.0.50727)"
91.37.186.157 - - [01/Dec/2008:18:51:01 +0100] "GET /frame-menu.html HTTP/1.1" 200 10536 "http://www.various-euro.com/framez-restate.html" "Mozilla/4.0 (compatible; MSIE 7.0; Windows NT 5.1; .NET CLR 2.0.50727)"
91.37.186.157 - - [01/Dec/2008:18:51:01 +0100] "GET /frame-unten.html HTTP/1.1" 200 5308 "http://www.various-euro.com/framez-restate.html" "Mozilla/4.0 (compatible; MSIE 7.0; Windows NT 5.1; .NET CLR 2.0.50727)"
91.37.186.157 - - [01/Dec/2008:18:51:01 +0100] "GET /menueleiste.js HTTP/1.1" 404 2748 "http://www.various-euro.com/restate_copy.html" "Mozilla/4.0 (compatible; MSIE 7.0; Windows NT 5.1; .NET CLR 2.0.50727)"
38.100.41.107 - - [01/Dec/2008:20:19:38 +0100] "GET /restate_copy.html HTTP/1.1" 200 97631 "http://www.google.com/custom?cof=GALT%3A336600%3BVLC%3A000066%3BAH%3Acenter%3BBGC%3AFFFFFF%3BLH%3A81%3BLC%3A000066%3BGFNT%3A336600%3BL%3Ahttp%3A%2F%2Fcyveillance.allthesites.com%2Fimages%2Fats_logo.gif%3BALC%3A000066%3BLW%3A361%3BT%3A000066%3BGIMP%3A336600%3BAWFID%3A248cacfbbe0ae58f%3B&q=%22state%20farm%22%20yahoo%20%22previous%20message%22&num=100&hl=en&start=0&filter=0" "Mozilla/4.0 (compatible; MSIE 5.5; Windows NT 5.0)"
38.100.41.107 - - [01/Dec/2008:20:24:22 +0100] "GET /framez-restate.html HTTP/1.1" 200 4328 "http://www.google.com/search?q=%22state%20farm%22%20yahoo%20%22previous%20message%22&num=100&hl=en&start=100&filter=0" "Mozilla/4.0 (compatible; MSIE 5.5; Windows NT 5.0)"
193.252.149.16 - - [01/Dec/2008:20:27:55 +0100] "GET /DgH/ HTTP/1.1" 200 5024 "-" "Mozilla/5.0 (Windows; U; Windows NT 5.1; fr; rv:1.8.1) VoilaBot BETA 1.2 (support.voilabot@orange-ftgroup.com)"
193.252.149.16 - - [01/Dec/2008:21:12:15 +0100] "GET /robots.txt HTTP/1.1" 200 64 "-" "Mozilla/5.0 (Windows; U; Windows NT 5.1; fr; rv:1.8.1) VoilaBot BETA 1.2 (support.voilabot@orange-ftgroup.com)"
193.252.149.16 - - [01/Dec/2008:21:12:21 +0100] "GET /DgH/rampe/index.html HTTP/1.1" 200 2056 "-" "Mozilla/5.0 (Windows; U; Windows NT 5.1; fr; rv:1.8.1) VoilaBot BETA 1.2 (support.voilabot@orange-ftgroup.com)"
65.33.29.52 - - [01/Dec/2008:21:12:49 +0100] "GET /favicon.ico HTTP/1.1" 404 2748 "-" "Mozilla/5.0 (Windows; U; Windows NT 5.1; en-US; rv:1.9.0.4) Gecko/2008102920 Firefox/3.0.4"
38.108.180.65 - - [01/Dec/2008:21:39:24 +0100] "GET /robots.txt HTTP/1.1" 200 64 "-" "Mozilla/5.0 (compatible; ScoutJet; +http://www.scoutjet.com/)"
38.108.180.65 - - [01/Dec/2008:21:39:26 +0100] "GET /neon/girlz2.html HTTP/1.1" 200 2937 "-" "Mozilla/5.0 (compatible; ScoutJet; +http://www.scoutjet.com/)"
38.108.180.65 - - [01/Dec/2008:21:42:00 +0100] "GET /neon/europa.html HTTP/1.1" 200 389 "-" "Mozilla/5.0 (compatible; ScoutJet; +http://www.scoutjet.com/)"
81.52.143.16 - - [01/Dec/2008:21:52:16 +0100] "GET /neon/warning.html HTTP/1.1" 200 5134 "-" "Mozilla/5.0 (Windows; U; Windows NT 5.1; fr; rv:1.8.1) VoilaBot BETA 1.2 (support.voilabot@orange-ftgroup.com)"
67.195.37.113 - - [01/Dec/2008:21:52:53 +0100] "GET /bmpp/18.html HTTP/1.0" 200 4467 "-" "Mozilla/5.0 (compatible; Yahoo! Slurp/3.0; http://help.yahoo.com/help/us/ysearch/slurp)"
67.195.37.113 - - [01/Dec/2008:22:04:48 +0100] "GET /bmpp/18_x.html HTTP/1.0" 200 1100 "-" "Mozilla/5.0 (compatible; Yahoo! Slurp/3.0; http://help.yahoo.com/help/us/ysearch/slurp)"
85.113.243.124 - - [01/Dec/2008:22:05:14 +0100] "GET / HTTP/1.0" 200 7869 "-" "Mozilla/5.0 (compatible; Rexyobot/1.12; +http://www.rexyo.com/robot.html)"
81.52.143.15 - - [01/Dec/2008:22:06:57 +0100] "GET /bmpp/euro_pal_1.html HTTP/1.1" 200 18252 "-" "Mozilla/5.0 (Windows; U; Windows NT 5.1; fr; rv:1.8.1) VoilaBot BETA 1.2 (support.voilabot@orange-ftgroup.com)"
67.195.37.113 - - [01/Dec/2008:22:10:55 +0100] "GET /framez-rez.html HTTP/1.0" 200 4323 "-" "Mozilla/5.0 (compatible; Yahoo! Slurp; http://help.yahoo.com/help/us/ysearch/slurp)"
67.195.37.113 - - [01/Dec/2008:22:11:05 +0100] "GET /frame-menu.html HTTP/1.0" 200 10536 "-" "Mozilla/5.0 (compatible; Yahoo! Slurp; http://help.yahoo.com/help/us/ysearch/slurp)"
67.195.37.113 - - [01/Dec/2008:22:11:15 +0100] "GET /f-rez.html HTTP/1.0" 200 9765 "-" "Mozilla/5.0 (compatible; Yahoo! Slurp; http://help.yahoo.com/help/us/ysearch/slurp)"
67.195.37.113 - - [01/Dec/2008:22:11:25 +0100] "GET /frame-unten.html HTTP/1.0" 200 5308 "-" "Mozilla/5.0 (compatible; Yahoo! Slurp; http://help.yahoo.com/help/us/ysearch/slurp)"
66.249.71.218 - - [01/Dec/2008:22:38:18 +0100] "GET /robots.txt HTTP/1.1" 200 64 "-" "Mozilla/5.0 (compatible; Googlebot/2.1; +http://www.google.com/bot.html)"
66.249.71.218 - - [01/Dec/2008:22:38:18 +0100] "GET /neon/code.html HTTP/1.1" 200 1109 "-" "Mozilla/5.0 (compatible; Googlebot/2.1; +http://www.google.com/bot.html)"
88.77.243.101 - - [01/Dec/2008:22:51:11 +0100] "POST /cgi-bin/imageFolio.cgi HTTP/1.1" 404 2748 "http://various-euro.com/cgi-bin/imageFolio.cgi" "Mozilla/4.0 (compatible; MSIE 6.0; Windows NT 5.1)"
89.216.206.252 - - [01/Dec/2008:23:30:18 +0100] "GET /zampa-lovers/kralle.gif HTTP/1.1" 404 2748 "http://various-euro.com/zampa-lovers/index.html" "Mozilla/5.0 (Windows; U; Windows NT 5.1; en-US; rv:1.8.1.18) Gecko/20081029 Firefox/2.0.0.18"
89.216.206.252 - - [01/Dec/2008:23:30:18 +0100] "GET /zampa-lovers/zampa.ICO HTTP/1.1" 200 7134 "-" "Mozilla/5.0 (Windows; U; Windows NT 5.1; en-US; rv:1.8.1.18) Gecko/20081029 Firefox/2.0.0.18"
89.216.206.252 - - [01/Dec/2008:23:30:16 +0100] "GET /zampa-lovers/index.html HTTP/1.1" 200 37790 "http://www.ask.com/web?q=sta+oces&qsrc=0&o=101764&l=dis" "Mozilla/5.0 (Windows; U; Windows NT 5.1; en-US; rv:1.8.1.18) Gecko/20081029 Firefox/2.0.0.18"
89.216.206.252 - - [01/Dec/2008:23:30:20 +0100] "GET /zampa-lovers/MILIZA_2.JPG HTTP/1.1" 200 22172 "http://various-euro.com/zampa-lovers/index.html" "Mozilla/5.0 (Windows; U; Windows NT 5.1; en-US; rv:1.8.1.18) Gecko/20081029 Firefox/2.0.0.18"
89.216.206.252 - - [01/Dec/2008:23:30:20 +0100] "GET /zampa-lovers/DRAGAN_Z.JPG HTTP/1.1" 200 6850 "http://various-euro.com/zampa-lovers/index.html" "Mozilla/5.0 (Windows; U; Windows NT 5.1; en-US; rv:1.8.1.18) Gecko/20081029 Firefox/2.0.0.18"
89.216.206.252 - - [01/Dec/2008:23:30:22 +0100] "GET /zampa-lovers/MILIZA_3.JPG HTTP/1.1" 200 26924 "http://various-euro.com/zampa-lovers/index.html" "Mozilla/5.0 (Windows; U; Windows NT 5.1; en-US; rv:1.8.1.18) Gecko/20081029 Firefox/2.0.0.18"
89.216.206.252 - - [01/Dec/2008:23:30:22 +0100] "GET /zampa-lovers/MILIZA_B.JPG HTTP/1.1" 200 10947 "http://various-euro.com/zampa-lovers/index.html" "Mozilla/5.0 (Windows; U; Windows NT 5.1; en-US; rv:1.8.1.18) Gecko/20081029 Firefox/2.0.0.18"
89.216.206.252 - - [01/Dec/2008:23:30:24 +0100] "GET /zampa-lovers/MILIZA_4.JPG HTTP/1.1" 200 9946 "http://various-euro.com/zampa-lovers/index.html" "Mozilla/5.0 (Windows; U; Windows NT 5.1; en-US; rv:1.8.1.18) Gecko/20081029 Firefox/2.0.0.18"
89.216.206.252 - - [01/Dec/2008:23:30:24 +0100] "GET /zampa-lovers/DRAGANZA.JPG HTTP/1.1" 200 18560 "http://various-euro.com/zampa-lovers/index.html" "Mozilla/5.0 (Windows; U; Windows NT 5.1; en-US; rv:1.8.1.18) Gecko/20081029 Firefox/2.0.0.18"
89.216.206.252 - - [01/Dec/2008:23:30:25 +0100] "GET /zampa-lovers/1SEITEVE.GIF HTTP/1.1" 200 78726 "http://various-euro.com/zampa-lovers/index.html" "Mozilla/5.0 (Windows; U; Windows NT 5.1; en-US; rv:1.8.1.18) Gecko/20081029 Firefox/2.0.0.18"
89.216.206.252 - - [01/Dec/2008:23:30:31 +0100] "GET /zampa-lovers/Kralle.gif HTTP/1.1" 200 260 "http://various-euro.com/zampa-lovers/index.html" "Mozilla/5.0 (Windows; U; Windows NT 5.1; en-US; rv:1.8.1.18) Gecko/20081029 Firefox/2.0.0.18"
89.216.206.252 - - [01/Dec/2008:23:30:26 +0100] "GET /zampa-lovers/2SEITEVE.GIF HTTP/1.1" 200 83466 "http://various-euro.com/zampa-lovers/index.html" "Mozilla/5.0 (Windows; U; Windows NT 5.1; en-US; rv:1.8.1.18) Gecko/20081029 Firefox/2.0.0.18"
89.216.206.252 - - [01/Dec/2008:23:30:32 +0100] "GET /zampa-lovers/zampa-2X2.gif HTTP/1.1" 200 6948 "http://various-euro.com/zampa-lovers/index.html" "Mozilla/5.0 (Windows; U; Windows NT 5.1; en-US; rv:1.8.1.18) Gecko/20081029 Firefox/2.0.0.18"
89.216.206.252 - - [01/Dec/2008:23:30:33 +0100] "GET /zampa-lovers/zampamali.gif HTTP/1.1" 200 2617 "http://various-euro.com/zampa-lovers/index.html" "Mozilla/5.0 (Windows; U; Windows NT 5.1; en-US; rv:1.8.1.18) Gecko/20081029 Firefox/2.0.0.18"
89.216.206.252 - - [01/Dec/2008:23:30:36 +0100] "GET /framez-zampa-lovers.html HTTP/1.1" 200 4322 "http://various-euro.com/zampa-lovers/index.html" "Mozilla/5.0 (Windows; U; Windows NT 5.1; en-US; rv:1.8.1.18) Gecko/20081029 Firefox/2.0.0.18"
89.216.206.252 - - [01/Dec/2008:23:30:37 +0100] "GET /frame-menu.html HTTP/1.1" 200 10536 "http://various-euro.com/framez-zampa-lovers.html" "Mozilla/5.0 (Windows; U; Windows NT 5.1; en-US; rv:1.8.1.18) Gecko/20081029 Firefox/2.0.0.18"
89.216.206.252 - - [01/Dec/2008:23:30:34 +0100] "GET /zampa-lovers/zampa.gif HTTP/1.1" 200 460627 "http://various-euro.com/zampa-lovers/index.html" "Mozilla/5.0 (Windows; U; Windows NT 5.1; en-US; rv:1.8.1.18) Gecko/20081029 Firefox/2.0.0.18"
89.216.206.252 - - [01/Dec/2008:23:30:38 +0100] "GET /ve-icon-2.ico HTTP/1.1" 200 2238 "-" "Mozilla/5.0 (Windows; U; Windows NT 5.1; en-US; rv:1.8.1.18) Gecko/20081029 Firefox/2.0.0.18"
89.216.206.252 - - [01/Dec/2008:23:30:39 +0100] "GET /frame-unten.html HTTP/1.1" 200 5308 "http://various-euro.com/framez-zampa-lovers.html" "Mozilla/5.0 (Windows; U; Windows NT 5.1; en-US; rv:1.8.1.18) Gecko/20081029 Firefox/2.0.0.18"
89.216.206.252 - - [01/Dec/2008:23:30:40 +0100] "GET /style/various-euro.css HTTP/1.1" 200 3437 "http://various-euro.com/frame-menu.html" "Mozilla/5.0 (Windows; U; Windows NT 5.1; en-US; rv:1.8.1.18) Gecko/20081029 Firefox/2.0.0.18"
89.216.206.252 - - [01/Dec/2008:23:30:38 +0100] "GET /zampa-lovers/index.html HTTP/1.1" 200 37790 "http://various-euro.com/framez-zampa-lovers.html" "Mozilla/5.0 (Windows; U; Windows NT 5.1; en-US; rv:1.8.1.18) Gecko/20081029 Firefox/2.0.0.18"
89.216.206.252 - - [01/Dec/2008:23:30:40 +0100] "GET /bannerz/ve.jpg HTTP/1.1" 200 36912 "http://various-euro.com/frame-unten.html" "Mozilla/5.0 (Windows; U; Windows NT 5.1; en-US; rv:1.8.1.18) Gecko/20081029 Firefox/2.0.0.18"
89.216.206.252 - - [01/Dec/2008:23:30:44 +0100] "GET /zampa-lovers/kralle.gif HTTP/1.1" 404 2748 "http://various-euro.com/zampa-lovers/index.html" "Mozilla/5.0 (Windows; U; Windows NT 5.1; en-US; rv:1.8.1.18) Gecko/20081029 Firefox/2.0.0.18"
89.216.206.252 - - [01/Dec/2008:23:30:43 +0100] "GET /bannerz/various-euro-girl.jpg HTTP/1.1" 200 91514 "http://various-euro.com/frame-unten.html" "Mozilla/5.0 (Windows; U; Windows NT 5.1; en-US; rv:1.8.1.18) Gecko/20081029 Firefox/2.0.0.18"
89.216.206.252 - - [01/Dec/2008:23:30:46 +0100] "GET /zampa-lovers/zampa.gif HTTP/1.1" 206 404031 "http://various-euro.com/zampa-lovers/index.html" "Mozilla/5.0 (Windows; U; Windows NT 5.1; en-US; rv:1.8.1.18) Gecko/20081029 Firefox/2.0.0.18"
66.249.71.219 - - [02/Dec/2008:00:05:22 +0100] "GET /f-actions.html HTTP/1.1" 200 10429 "-" "Mozilla/5.0 (compatible; Googlebot/2.1; +http://www.google.com/bot.html)"
67.195.37.163 - - [02/Dec/2008:01:15:50 +0100] "GET /robots.txt HTTP/1.0" 200 64 "-" "Mozilla/5.0 (compatible; Yahoo! Slurp; http://help.yahoo.com/help/us/ysearch/slurp)"
67.195.37.163 - - [02/Dec/2008:01:15:51 +0100] "GET / HTTP/1.0" 200 7869 "-" "Mozilla/5.0 (compatible; Yahoo! Slurp; http://help.yahoo.com/help/us/ysearch/slurp)"
93.136.120.65 - - [02/Dec/2008:01:16:52 +0100] "GET /framez.html HTTP/1.1" 200 3959 "http://www.google.hr/search?hl=hr&q=euro+portal&meta=" "Mozilla/4.0 (compatible; MSIE 6.0; Windows NT 5.1; SV1; .NET CLR 2.0.50727; .NET CLR 3.0.04506.30; .NET CLR 1.1.4322)"
93.136.120.65 - - [02/Dec/2008:01:16:52 +0100] "GET /style/various-euro.css HTTP/1.1" 200 3437 "http://www.various-euro.com/framez.html" "Mozilla/4.0 (compatible; MSIE 6.0; Windows NT 5.1; SV1; .NET CLR 2.0.50727; .NET CLR 3.0.04506.30; .NET CLR 1.1.4322)"
93.136.120.65 - - [02/Dec/2008:01:16:52 +0100] "GET /frame-menu.html HTTP/1.1" 200 10536 "http://www.various-euro.com/framez.html" "Mozilla/4.0 (compatible; MSIE 6.0; Windows NT 5.1; SV1; .NET CLR 2.0.50727; .NET CLR 3.0.04506.30; .NET CLR 1.1.4322)"
93.136.120.65 - - [02/Dec/2008:01:16:52 +0100] "GET /frame-inhalt.html HTTP/1.1" 200 5418 "http://www.various-euro.com/framez.html" "Mozilla/4.0 (compatible; MSIE 6.0; Windows NT 5.1; SV1; .NET CLR 2.0.50727; .NET CLR 3.0.04506.30; .NET CLR 1.1.4322)"
93.136.120.65 - - [02/Dec/2008:01:16:52 +0100] "GET /frame-unten.html HTTP/1.1" 200 5308 "http://www.various-euro.com/framez.html" "Mozilla/4.0 (compatible; MSIE 6.0; Windows NT 5.1; SV1; .NET CLR 2.0.50727; .NET CLR 3.0.04506.30; .NET CLR 1.1.4322)"
93.136.120.65 - - [02/Dec/2008:01:16:52 +0100] "GET /bannerz/neon_click_3.gif HTTP/1.1" 200 240 "http://www.various-euro.com/frame-inhalt.html" "Mozilla/4.0 (compatible; MSIE 6.0; Windows NT 5.1; SV1; .NET CLR 2.0.50727; .NET CLR 3.0.04506.30; .NET CLR 1.1.4322)"
93.136.120.65 - - [02/Dec/2008:01:16:52 +0100] "GET /bannerz/neon_click_1.gif HTTP/1.1" 200 890 "http://www.various-euro.com/frame-inhalt.html" "Mozilla/4.0 (compatible; MSIE 6.0; Windows NT 5.1; SV1; .NET CLR 2.0.50727; .NET CLR 3.0.04506.30; .NET CLR 1.1.4322)"
93.136.120.65 - - [02/Dec/2008:01:16:53 +0100] "GET /eurosign3.gif HTTP/1.1" 200 7879 "http://www.various-euro.com/frame-inhalt.html" "Mozilla/4.0 (compatible; MSIE 6.0; Windows NT 5.1; SV1; .NET CLR 2.0.50727; .NET CLR 3.0.04506.30; .NET CLR 1.1.4322)"
93.136.120.65 - - [02/Dec/2008:01:16:52 +0100] "GET /bannerz/goolag_468.jpg HTTP/1.1" 200 28285 "http://www.various-euro.com/frame-inhalt.html" "Mozilla/4.0 (compatible; MSIE 6.0; Windows NT 5.1; SV1; .NET CLR 2.0.50727; .NET CLR 3.0.04506.30; .NET CLR 1.1.4322)"
93.136.120.65 - - [02/Dec/2008:01:16:53 +0100] "GET /bannerz/wet.gif HTTP/1.1" 200 18561 "http://www.various-euro.com/frame-inhalt.html" "Mozilla/4.0 (compatible; MSIE 6.0; Windows NT 5.1; SV1; .NET CLR 2.0.50727; .NET CLR 3.0.04506.30; .NET CLR 1.1.4322)"
93.136.120.65 - - [02/Dec/2008:01:16:53 +0100] "GET /bannerz/google/Logo_40blk.gif HTTP/1.1" 200 2308 "http://www.various-euro.com/frame-inhalt.html" "Mozilla/4.0 (compatible; MSIE 6.0; Windows NT 5.1; SV1; .NET CLR 2.0.50727; .NET CLR 3.0.04506.30; .NET CLR 1.1.4322)"
93.136.120.65 - - [02/Dec/2008:01:16:53 +0100] "GET /bannerz/douwil.gif HTTP/1.1" 200 528 "http://www.various-euro.com/frame-inhalt.html" "Mozilla/4.0 (compatible; MSIE 6.0; Windows NT 5.1; SV1; .NET CLR 2.0.50727; .NET CLR 3.0.04506.30; .NET CLR 1.1.4322)"
93.136.120.65 - - [02/Dec/2008:01:16:53 +0100] "GET /bannerz/neon_click_2.gif HTTP/1.1" 200 387 "http://www.various-euro.com/frame-inhalt.html" "Mozilla/4.0 (compatible; MSIE 6.0; Windows NT 5.1; SV1; .NET CLR 2.0.50727; .NET CLR 3.0.04506.30; .NET CLR 1.1.4322)"
93.136.120.65 - - [02/Dec/2008:01:16:53 +0100] "GET /bannerz/copyleft_black_small.gif HTTP/1.1" 200 1231 "http://www.various-euro.com/frame-inhalt.html" "Mozilla/4.0 (compatible; MSIE 6.0; Windows NT 5.1; SV1; .NET CLR 2.0.50727; .NET CLR 3.0.04506.30; .NET CLR 1.1.4322)"
93.136.120.65 - - [02/Dec/2008:01:16:53 +0100] "GET /bannerz/anti_black_small.gif HTTP/1.1" 200 1009 "http://www.various-euro.com/frame-inhalt.html" "Mozilla/4.0 (compatible; MSIE 6.0; Windows NT 5.1; SV1; .NET CLR 2.0.50727; .NET CLR 3.0.04506.30; .NET CLR 1.1.4322)"
93.136.120.65 - - [02/Dec/2008:01:16:53 +0100] "GET /bannerz/ve.jpg HTTP/1.1" 200 36912 "http://www.various-euro.com/frame-unten.html" "Mozilla/4.0 (compatible; MSIE 6.0; Windows NT 5.1; SV1; .NET CLR 2.0.50727; .NET CLR 3.0.04506.30; .NET CLR 1.1.4322)"
93.136.120.65 - - [02/Dec/2008:01:16:53 +0100] "GET /bannerz/various-euro-girl.jpg HTTP/1.1" 200 91514 "http://www.various-euro.com/frame-unten.html" "Mozilla/4.0 (compatible; MSIE 6.0; Windows NT 5.1; SV1; .NET CLR 2.0.50727; .NET CLR 3.0.04506.30; .NET CLR 1.1.4322)"
67.195.37.163 - - [02/Dec/2008:01:22:23 +0100] "GET /framez.html HTTP/1.0" 200 3959 "-" "Mozilla/5.0 (compatible; Yahoo! Slurp; http://help.yahoo.com/help/us/ysearch/slurp)"
67.195.37.163 - - [02/Dec/2008:01:22:38 +0100] "GET /frame-menu.html HTTP/1.0" 200 10536 "-" "Mozilla/5.0 (compatible; Yahoo! Slurp; http://help.yahoo.com/help/us/ysearch/slurp)"
67.195.37.163 - - [02/Dec/2008:01:22:51 +0100] "GET /frame-inhalt.html HTTP/1.0" 200 5418 "-" "Mozilla/5.0 (compatible; Yahoo! Slurp; http://help.yahoo.com/help/us/ysearch/slurp)"
67.195.37.163 - - [02/Dec/2008:01:23:11 +0100] "GET /frame-unten.html HTTP/1.0" 200 5308 "-" "Mozilla/5.0 (compatible; Yahoo! Slurp; http://help.yahoo.com/help/us/ysearch/slurp)"
67.195.37.113 - - [02/Dec/2008:01:56:08 +0100] "GET /zampa/montenegro/index.html HTTP/1.0" 200 2651 "-" "Mozilla/5.0 (compatible; Yahoo! Slurp; http://help.yahoo.com/help/us/ysearch/slurp)"
72.30.79.115 - - [02/Dec/2008:02:04:28 +0100] "GET /robots.txt HTTP/1.0" 200 64 "-" "Mozilla/5.0 (compatible; Yahoo! Slurp; http://help.yahoo.com/help/us/ysearch/slurp)"
72.30.79.115 - - [02/Dec/2008:02:04:36 +0100] "GET /f-actions.html HTTP/1.0" 200 10429 "-" "Mozilla/5.0 (compatible; Yahoo! Slurp; http://help.yahoo.com/help/us/ysearch/slurp)"
65.55.211.181 - - [02/Dec/2008:02:19:05 +0100] "GET /robots.txt HTTP/1.1" 200 64 "-" "msnbot/1.1 (+http://search.msn.com/msnbot.htm)"
