208.80.194.36 - - [05/Dec/2008:20:08:13 +0100] "GET / HTTP/1.0" 200 7869 "-" "Mozilla/4.0 (compatible; MSIE 6.0; Windows NT 5.1; SV1; IEMB3; FunWebProducts; .NET CLR 1.1.4322; InfoPath.1)"
74.6.22.164 - - [05/Dec/2008:20:17:54 +0100] "GET /robots.txt HTTP/1.0" 200 64 "-" "Mozilla/5.0 (compatible; Yahoo! Slurp; http://help.yahoo.com/help/us/ysearch/slurp)"
74.6.22.164 - - [05/Dec/2008:20:17:57 +0100] "GET /framez.html HTTP/1.0" 200 3959 "-" "Mozilla/5.0 (compatible; Yahoo! Slurp; http://help.yahoo.com/help/us/ysearch/slurp)"
74.6.22.164 - - [05/Dec/2008:20:18:03 +0100] "GET /frame-menu.html HTTP/1.0" 200 10536 "-" "Mozilla/5.0 (compatible; Yahoo! Slurp; http://help.yahoo.com/help/us/ysearch/slurp)"
74.6.22.164 - - [05/Dec/2008:20:18:05 +0100] "GET /frame-inhalt.html HTTP/1.0" 200 5418 "-" "Mozilla/5.0 (compatible; Yahoo! Slurp; http://help.yahoo.com/help/us/ysearch/slurp)"
74.6.22.164 - - [05/Dec/2008:20:18:11 +0100] "GET /frame-unten.html HTTP/1.0" 200 5308 "-" "Mozilla/5.0 (compatible; Yahoo! Slurp; http://help.yahoo.com/help/us/ysearch/slurp)"
208.96.54.71 - - [05/Dec/2008:20:20:16 +0100] "GET /robots.txt HTTP/1.1" 200 64 "-" "Mozilla/5.0 (compatible; discobot/1.0; +http://discoveryengine.com/discobot.html)"
74.6.22.164 - - [05/Dec/2008:20:27:19 +0100] "GET /bmpp/euro_pal_1.html HTTP/1.0" 200 18252 "-" "Mozilla/5.0 (compatible; Yahoo! Slurp; http://help.yahoo.com/help/us/ysearch/slurp)"
66.150.224.245 - - [05/Dec/2008:20:32:55 +0100] "GET / HTTP/1.1" 200 7869 "-" "Mozilla/5.0 (compatible; WebDataCentreBot/1.0; +http://WebDataCentre.com/)"
66.150.224.245 - - [05/Dec/2008:20:32:56 +0100] "GET /framez.html HTTP/1.1" 200 3959 "-" "Mozilla/5.0 (compatible; WebDataCentreBot/1.0; +http://WebDataCentre.com/)"
66.150.224.245 - - [05/Dec/2008:20:32:56 +0100] "GET /self.location; HTTP/1.1" 404 2748 "-" "Mozilla/5.0 (compatible; WebDataCentreBot/1.0; +http://WebDataCentre.com/)"
194.24.251.9 - - [05/Dec/2008:20:34:31 +0100] "GET /framez-euro.html HTTP/1.0" 200 4319 "http://www.google.co.uk/search?hl=en&q=euro+portal+&btnG=Google+Search&meta=" "Mozilla/5.0 (X11; U; Linux i686; en-US; rv:1.8.1.3) Gecko/20061201 Firefox/2.0.0.3 (Ubuntu-feisty)"
194.24.251.9 - - [05/Dec/2008:20:34:31 +0100] "GET /ve-icon-2.ico HTTP/1.0" 200 2238 "-" "Mozilla/5.0 (X11; U; Linux i686; en-US; rv:1.8.1.3) Gecko/20061201 Firefox/2.0.0.3 (Ubuntu-feisty)"
194.24.251.9 - - [05/Dec/2008:20:34:31 +0100] "GET /frame-menu.html HTTP/1.0" 200 10536 "http://www.various-euro.com/framez-euro.html" "Mozilla/5.0 (X11; U; Linux i686; en-US; rv:1.8.1.3) Gecko/20061201 Firefox/2.0.0.3 (Ubuntu-feisty)"
194.24.251.9 - - [05/Dec/2008:20:34:31 +0100] "GET /f-euro.html HTTP/1.0" 200 12203 "http://www.various-euro.com/framez-euro.html" "Mozilla/5.0 (X11; U; Linux i686; en-US; rv:1.8.1.3) Gecko/20061201 Firefox/2.0.0.3 (Ubuntu-feisty)"
194.24.251.9 - - [05/Dec/2008:20:34:31 +0100] "GET /style/various-euro.css HTTP/1.0" 200 3437 "http://www.various-euro.com/frame-menu.html" "Mozilla/5.0 (X11; U; Linux i686; en-US; rv:1.8.1.3) Gecko/20061201 Firefox/2.0.0.3 (Ubuntu-feisty)"
194.24.251.9 - - [05/Dec/2008:20:34:31 +0100] "GET /frame-unten.html HTTP/1.0" 200 5308 "http://www.various-euro.com/framez-euro.html" "Mozilla/5.0 (X11; U; Linux i686; en-US; rv:1.8.1.3) Gecko/20061201 Firefox/2.0.0.3 (Ubuntu-feisty)"
194.24.251.9 - - [05/Dec/2008:20:34:31 +0100] "GET /WLlabel.gif HTTP/1.0" 200 1834 "http://www.various-euro.com/f-euro.html" "Mozilla/5.0 (X11; U; Linux i686; en-US; rv:1.8.1.3) Gecko/20061201 Firefox/2.0.0.3 (Ubuntu-feisty)"
194.24.251.9 - - [05/Dec/2008:20:34:31 +0100] "GET /naziline468_60.gif HTTP/1.0" 200 16867 "http://www.various-euro.com/f-euro.html" "Mozilla/5.0 (X11; U; Linux i686; en-US; rv:1.8.1.3) Gecko/20061201 Firefox/2.0.0.3 (Ubuntu-feisty)"
194.24.251.9 - - [05/Dec/2008:20:34:31 +0100] "GET /etxtreme_breakfast.gif HTTP/1.0" 200 14204 "http://www.various-euro.com/f-euro.html" "Mozilla/5.0 (X11; U; Linux i686; en-US; rv:1.8.1.3) Gecko/20061201 Firefox/2.0.0.3 (Ubuntu-feisty)"
194.24.251.9 - - [05/Dec/2008:20:34:31 +0100] "GET /Rampe-DgH.jpg HTTP/1.0" 200 12044 "http://www.various-euro.com/f-euro.html" "Mozilla/5.0 (X11; U; Linux i686; en-US; rv:1.8.1.3) Gecko/20061201 Firefox/2.0.0.3 (Ubuntu-feisty)"
194.24.251.9 - - [05/Dec/2008:20:34:32 +0100] "GET /DgH001.jpg HTTP/1.0" 200 6960 "http://www.various-euro.com/f-euro.html" "Mozilla/5.0 (X11; U; Linux i686; en-US; rv:1.8.1.3) Gecko/20061201 Firefox/2.0.0.3 (Ubuntu-feisty)"
194.24.251.9 - - [05/Dec/2008:20:34:32 +0100] "GET /Bull-DgH01.jpg HTTP/1.0" 200 9010 "http://www.various-euro.com/f-euro.html" "Mozilla/5.0 (X11; U; Linux i686; en-US; rv:1.8.1.3) Gecko/20061201 Firefox/2.0.0.3 (Ubuntu-feisty)"
194.24.251.9 - - [05/Dec/2008:20:34:32 +0100] "GET /Watch-DgH.jpg HTTP/1.0" 200 12152 "http://www.various-euro.com/f-euro.html" "Mozilla/5.0 (X11; U; Linux i686; en-US; rv:1.8.1.3) Gecko/20061201 Firefox/2.0.0.3 (Ubuntu-feisty)"
194.24.251.9 - - [05/Dec/2008:20:34:32 +0100] "GET /bannerz/whosafraid-banner.gif HTTP/1.0" 200 3866 "http://www.various-euro.com/f-euro.html" "Mozilla/5.0 (X11; U; Linux i686; en-US; rv:1.8.1.3) Gecko/20061201 Firefox/2.0.0.3 (Ubuntu-feisty)"
194.24.251.9 - - [05/Dec/2008:20:34:32 +0100] "GET /bannerz/ugs-b.gif HTTP/1.0" 200 3128 "http://www.various-euro.com/f-euro.html" "Mozilla/5.0 (X11; U; Linux i686; en-US; rv:1.8.1.3) Gecko/20061201 Firefox/2.0.0.3 (Ubuntu-feisty)"
194.24.251.9 - - [05/Dec/2008:20:34:32 +0100] "GET /bannerz/raf-logo02_tn.gif HTTP/1.0" 200 11804 "http://www.various-euro.com/f-euro.html" "Mozilla/5.0 (X11; U; Linux i686; en-US; rv:1.8.1.3) Gecko/20061201 Firefox/2.0.0.3 (Ubuntu-feisty)"
194.24.251.9 - - [05/Dec/2008:20:34:32 +0100] "GET /bannerz/ve.jpg HTTP/1.0" 200 36912 "http://www.various-euro.com/frame-unten.html" "Mozilla/5.0 (X11; U; Linux i686; en-US; rv:1.8.1.3) Gecko/20061201 Firefox/2.0.0.3 (Ubuntu-feisty)"
194.24.251.9 - - [05/Dec/2008:20:34:32 +0100] "GET /bannerz/various-euro-girl.jpg HTTP/1.0" 200 91514 "http://www.various-euro.com/frame-unten.html" "Mozilla/5.0 (X11; U; Linux i686; en-US; rv:1.8.1.3) Gecko/20061201 Firefox/2.0.0.3 (Ubuntu-feisty)"
67.195.37.153 - - [05/Dec/2008:20:35:38 +0100] "GET /robots.txt HTTP/1.0" 200 64 "-" "Mozilla/5.0 (compatible; Yahoo! Slurp; http://help.yahoo.com/help/us/ysearch/slurp)"
67.195.37.153 - - [05/Dec/2008:20:35:38 +0100] "GET /your_tour.html HTTP/1.0" 200 29760 "-" "Mozilla/5.0 (compatible; Yahoo! Slurp; http://help.yahoo.com/help/us/ysearch/slurp)"
67.195.37.153 - - [05/Dec/2008:20:38:44 +0100] "GET /schubb/schubb-2.html HTTP/1.0" 200 16660 "-" "Mozilla/5.0 (compatible; Yahoo! Slurp/3.0; http://help.yahoo.com/help/us/ysearch/slurp)"
74.6.22.164 - - [05/Dec/2008:20:55:09 +0100] "GET /framez_0.html HTTP/1.0" 200 12444 "-" "Mozilla/5.0 (compatible; Yahoo! Slurp; http://help.yahoo.com/help/us/ysearch/slurp)"
208.96.54.71 - - [05/Dec/2008:21:13:45 +0100] "GET /robots.txt HTTP/1.1" 302 363 "-" "Mozilla/5.0 (compatible; discobot/1.0; +http://discoveryengine.com/discobot.html)"
193.47.80.51 - - [05/Dec/2008:21:18:46 +0100] "GET /robots.txt HTTP/1.1" 302 363 "-" "Mozilla/5.0 (compatible; Exabot/3.0; +http://www.exabot.com/go/robot)"
193.47.80.51 - - [05/Dec/2008:21:18:46 +0100] "GET /zampa/robots.txt HTTP/1.1" 404 2748 "-" "Mozilla/5.0 (compatible; Exabot/3.0; +http://www.exabot.com/go/robot)"
193.47.80.51 - - [05/Dec/2008:21:18:46 +0100] "GET /montenegro/dajpare.html HTTP/1.1" 302 376 "-" "Mozilla/5.0 (compatible; Exabot/3.0; +http://www.exabot.com/go/robot)"
89.216.254.79 - - [05/Dec/2008:21:20:49 +0100] "GET /favicon.ico HTTP/1.1" 404 2748 "-" "Mozilla/5.0 (Windows; U; Windows NT 5.1; sr-SP-Cyrl; rv:1.9.0.4) Gecko/2008102920 (BT-djmick) Firefox/3.0.4"
89.216.254.79 - - [05/Dec/2008:21:20:53 +0100] "GET /favicon.ico HTTP/1.1" 404 2748 "http://www.google.com/search?client=firefox-a&rls=org.mozilla%3Aen-US%3Aofficial&channel=s&hl=sr&q=deca+junkovca&lr=&btnG=Google+%D0%BF%D1%80%D0%B5%D1%82%D1%80%D0%B0%D0%B3%D0%B0&aq=f&oq=" "Mozilla/5.0 (Windows; U; Windows NT 5.1; sr-SP-Cyrl; rv:1.9.0.4) Gecko/2008102920 (BT-djmick) Firefox/3.0.4"
61.247.222.55 - - [05/Dec/2008:21:40:04 +0100] "GET /robots.txt HTTP/1.1" 200 64 "-" "Yeti/1.0 (NHN Corp.; http://help.naver.com/robots/)"
61.247.222.55 - - [05/Dec/2008:21:40:05 +0100] "GET / HTTP/1.1" 200 7869 "-" "Yeti/1.0 (NHN Corp.; http://help.naver.com/robots/)"
61.247.222.49 - - [05/Dec/2008:21:40:13 +0100] "GET /style/various-euro.css HTTP/1.1" 200 3437 "-" "Yeti/1.0 (NHN Corp.; http://help.naver.com/robots/)"
67.195.37.153 - - [05/Dec/2008:21:44:24 +0100] "GET /neon/click.html HTTP/1.0" 200 521 "-" "Mozilla/5.0 (compatible; Yahoo! Slurp; http://help.yahoo.com/help/us/ysearch/slurp)"
67.195.37.153 - - [05/Dec/2008:21:46:30 +0100] "GET /neon/sushi.html HTTP/1.0" 200 687 "-" "Mozilla/5.0 (compatible; Yahoo! Slurp; http://help.yahoo.com/help/us/ysearch/slurp)"
74.6.22.164 - - [05/Dec/2008:21:48:21 +0100] "GET /framez-rez.html HTTP/1.0" 200 4323 "-" "Mozilla/5.0 (compatible; Yahoo! Slurp/3.0; http://help.yahoo.com/help/us/ysearch/slurp)"
74.6.22.164 - - [05/Dec/2008:21:48:21 +0100] "GET /f-rez.html HTTP/1.0" 200 9765 "http://www.various-euro.com/framez-rez.html" "Mozilla/5.0 (compatible; Yahoo! Slurp/3.0; http://help.yahoo.com/help/us/ysearch/slurp)"
74.6.22.164 - - [05/Dec/2008:21:48:21 +0100] "GET /frame-menu.html HTTP/1.0" 200 10536 "http://www.various-euro.com/framez-rez.html" "Mozilla/5.0 (compatible; Yahoo! Slurp/3.0; http://help.yahoo.com/help/us/ysearch/slurp)"
74.6.22.164 - - [05/Dec/2008:21:48:21 +0100] "GET /frame-unten.html HTTP/1.0" 200 5308 "http://www.various-euro.com/framez-rez.html" "Mozilla/5.0 (compatible; Yahoo! Slurp/3.0; http://help.yahoo.com/help/us/ysearch/slurp)"
74.6.22.164 - - [05/Dec/2008:21:48:21 +0100] "GET /style/various-euro.css HTTP/1.0" 200 3437 "http://www.various-euro.com/frame-menu.html" "Mozilla/5.0 (compatible; Yahoo! Slurp/3.0; http://help.yahoo.com/help/us/ysearch/slurp)"
65.98.224.4 - - [05/Dec/2008:22:05:39 +0100] "GET /robots.txt HTTP/1.0" 200 64 "-" "TurnitinBot/2.1 (http://www.turnitin.com/robot/crawlerinfo.html)"
65.98.224.4 - - [05/Dec/2008:22:06:35 +0100] "GET /logs/usage_200712.html HTTP/1.0" 200 92577 "-" "TurnitinBot/2.1 (http://www.turnitin.com/robot/crawlerinfo.html)"
65.98.224.4 - - [05/Dec/2008:22:07:53 +0100] "GET /logs/usage_200711.html HTTP/1.0" 200 109628 "-" "TurnitinBot/2.1 (http://www.turnitin.com/robot/crawlerinfo.html)"
65.98.224.4 - - [05/Dec/2008:22:08:46 +0100] "GET /logs/usage_200710.html HTTP/1.0" 200 110952 "-" "TurnitinBot/2.1 (http://www.turnitin.com/robot/crawlerinfo.html)"
65.98.224.4 - - [05/Dec/2008:22:09:48 +0100] "GET /logs/usage_200709.html HTTP/1.0" 200 110974 "-" "TurnitinBot/2.1 (http://www.turnitin.com/robot/crawlerinfo.html)"
65.98.224.4 - - [05/Dec/2008:22:10:51 +0100] "GET /logs/usage_200708.html HTTP/1.0" 200 111167 "-" "TurnitinBot/2.1 (http://www.turnitin.com/robot/crawlerinfo.html)"
65.98.224.4 - - [05/Dec/2008:22:11:40 +0100] "GET /logs/usage_200707.html HTTP/1.0" 200 110942 "-" "TurnitinBot/2.1 (http://www.turnitin.com/robot/crawlerinfo.html)"
67.195.37.153 - - [05/Dec/2008:22:34:30 +0100] "GET /zampa/ HTTP/1.0" 200 7153 "-" "Mozilla/5.0 (compatible; Yahoo! Slurp; http://help.yahoo.com/help/us/ysearch/slurp)"
74.6.22.164 - - [05/Dec/2008:23:08:22 +0100] "GET /logs/usage_200701.html HTTP/1.0" 200 109268 "-" "Mozilla/5.0 (compatible; Yahoo! Slurp; http://help.yahoo.com/help/us/ysearch/slurp)"
74.6.22.164 - - [06/Dec/2008:00:51:30 +0100] "GET /f-maintitle.html HTTP/1.0" 200 5030 "-" "Mozilla/5.0 (compatible; Yahoo! Slurp/3.0; http://help.yahoo.com/help/us/ysearch/slurp)"
67.195.37.107 - - [06/Dec/2008:00:59:44 +0100] "GET /robots.txt HTTP/1.0" 200 64 "-" "Mozilla/5.0 (compatible; Yahoo! Slurp; http://help.yahoo.com/help/us/ysearch/slurp)"
67.195.37.107 - - [06/Dec/2008:00:59:44 +0100] "GET /schubb/schubb-4.html HTTP/1.0" 200 17746 "-" "Mozilla/5.0 (compatible; Yahoo! Slurp/3.0; http://help.yahoo.com/help/us/ysearch/slurp)"
67.195.37.107 - - [06/Dec/2008:00:59:55 +0100] "GET /logs/ HTTP/1.0" 200 10079 "-" "Mozilla/5.0 (compatible; Yahoo! Slurp; http://help.yahoo.com/help/us/ysearch/slurp)"
67.195.37.107 - - [06/Dec/2008:01:02:17 +0100] "GET /logs/usage_200707.html HTTP/1.0" 200 110942 "-" "Mozilla/5.0 (compatible; Yahoo! Slurp; http://help.yahoo.com/help/us/ysearch/slurp)"
67.195.37.107 - - [06/Dec/2008:01:03:03 +0100] "GET /logs/usage_200708.html HTTP/1.0" 200 111167 "-" "Mozilla/5.0 (compatible; Yahoo! Slurp; http://help.yahoo.com/help/us/ysearch/slurp)"
67.195.37.107 - - [06/Dec/2008:01:03:13 +0100] "GET /logs/usage_200704.html HTTP/1.0" 200 108835 "-" "Mozilla/5.0 (compatible; Yahoo! Slurp; http://help.yahoo.com/help/us/ysearch/slurp)"
67.195.37.107 - - [06/Dec/2008:01:04:25 +0100] "GET /logs/usage_200705.html HTTP/1.0" 200 109447 "-" "Mozilla/5.0 (compatible; Yahoo! Slurp; http://help.yahoo.com/help/us/ysearch/slurp)"
67.195.37.107 - - [06/Dec/2008:01:05:31 +0100] "GET /logs/usage_200710.html HTTP/1.0" 200 110952 "-" "Mozilla/5.0 (compatible; Yahoo! Slurp; http://help.yahoo.com/help/us/ysearch/slurp)"
77.105.19.159 - - [06/Dec/2008:01:05:58 +0100] "GET / HTTP/1.1" 302 353 "http://www.google.co.uk/search?hl=en&q=%22zampa+di+leone%22+&meta=" "Mozilla/4.0 (compatible; MSIE 7.0; Windows NT 5.1; .NET CLR 2.0.50727)"
77.105.19.159 - - [06/Dec/2008:01:06:02 +0100] "GET /zampa/ HTTP/1.1" 200 7153 "http://www.google.co.uk/search?hl=en&q=%22zampa+di+leone%22+&meta=" "Mozilla/4.0 (compatible; MSIE 7.0; Windows NT 5.1; .NET CLR 2.0.50727)"
77.105.19.159 - - [06/Dec/2008:01:06:02 +0100] "GET /zampa/slike/zampa.gif HTTP/1.1" 200 5310 "http://www.various-euro.com/zampa/" "Mozilla/4.0 (compatible; MSIE 7.0; Windows NT 5.1; .NET CLR 2.0.50727)"
77.105.19.159 - - [06/Dec/2008:01:06:02 +0100] "GET /zampa/slike/udupetu.gif HTTP/1.1" 200 4138 "http://www.various-euro.com/zampa/" "Mozilla/4.0 (compatible; MSIE 7.0; Windows NT 5.1; .NET CLR 2.0.50727)"
77.105.19.159 - - [06/Dec/2008:01:06:02 +0100] "GET /zampa/slike/inthearse.gif HTTP/1.1" 200 4077 "http://www.various-euro.com/zampa/" "Mozilla/4.0 (compatible; MSIE 7.0; Windows NT 5.1; .NET CLR 2.0.50727)"
77.105.19.159 - - [06/Dec/2008:01:06:03 +0100] "GET /favicon.ico HTTP/1.1" 404 2748 "-" "Mozilla/4.0 (compatible; MSIE 7.0; Windows NT 5.1; .NET CLR 2.0.50727)"
67.195.37.107 - - [06/Dec/2008:01:07:17 +0100] "GET /zampa-lovers/ HTTP/1.0" 200 37790 "-" "Mozilla/5.0 (compatible; Yahoo! Slurp; http://help.yahoo.com/help/us/ysearch/slurp)"
74.6.22.164 - - [06/Dec/2008:01:14:49 +0100] "GET /f-actions.html HTTP/1.0" 200 10429 "-" "Mozilla/5.0 (compatible; Yahoo! Slurp; http://help.yahoo.com/help/us/ysearch/slurp)"
67.195.37.107 - - [06/Dec/2008:01:16:39 +0100] "GET /logs/usage_200703.html HTTP/1.0" 200 108444 "-" "Mozilla/5.0 (compatible; Yahoo! Slurp; http://help.yahoo.com/help/us/ysearch/slurp)"
67.195.37.107 - - [06/Dec/2008:01:17:27 +0100] "GET /logs/usage_200701.html HTTP/1.0" 200 109268 "-" "Mozilla/5.0 (compatible; Yahoo! Slurp; http://help.yahoo.com/help/us/ysearch/slurp)"
67.195.37.107 - - [06/Dec/2008:01:17:36 +0100] "GET /logs/usage_200709.html HTTP/1.0" 200 110974 "-" "Mozilla/5.0 (compatible; Yahoo! Slurp; http://help.yahoo.com/help/us/ysearch/slurp)"
124.217.251.50 - - [06/Dec/2008:01:33:32 +0100] "GET /f-logz_old.html HTTP/1.1" 200 43773 "-" "-"
124.217.251.50 - - [06/Dec/2008:01:33:35 +0100] "GET /restate_copy.html HTTP/1.1" 200 97631 "-" "-"
65.55.211.165 - - [06/Dec/2008:01:45:13 +0100] "GET /robots.txt HTTP/1.1" 200 64 "-" "msnbot/1.1 (+http://search.msn.com/msnbot.htm)"
65.55.211.165 - - [06/Dec/2008:01:45:13 +0100] "GET /zampa/montenegro/contributions.html HTTP/1.1" 200 18843 "-" "msnbot/1.1 (+http://search.msn.com/msnbot.htm)"
74.6.22.164 - - [06/Dec/2008:01:45:28 +0100] "GET /zampa-lovers/ HTTP/1.0" 200 37790 "-" "Mozilla/5.0 (compatible; Yahoo! Slurp; http://help.yahoo.com/help/us/ysearch/slurp)"
74.6.22.164 - - [06/Dec/2008:01:53:53 +0100] "GET /f-sponsor.html HTTP/1.0" 200 8578 "-" "Mozilla/5.0 (compatible; Yahoo! Slurp; http://help.yahoo.com/help/us/ysearch/slurp)"
65.55.211.170 - - [06/Dec/2008:02:01:12 +0100] "GET /robots.txt HTTP/1.1" 200 64 "-" "msnbot/1.1 (+http://search.msn.com/msnbot.htm)"
65.55.211.170 - - [06/Dec/2008:02:01:13 +0100] "GET /framez-zampa-lovers.html HTTP/1.1" 200 4322 "-" "msnbot/1.1 (+http://search.msn.com/msnbot.htm)"
65.55.211.170 - - [06/Dec/2008:02:06:49 +0100] "GET /robots.txt HTTP/1.1" 200 64 "-" "msnbot/1.0 (+http://search.msn.com/msnbot.htm)"
65.55.211.170 - - [06/Dec/2008:02:06:50 +0100] "GET /frame-menu.html HTTP/1.1" 200 10536 "-" "msnbot/1.0 (+http://search.msn.com/msnbot.htm)"
65.55.211.170 - - [06/Dec/2008:02:06:50 +0100] "GET /zampa-lovers/index.html HTTP/1.1" 200 37790 "-" "msnbot/1.0 (+http://search.msn.com/msnbot.htm)"
65.55.211.170 - - [06/Dec/2008:02:06:53 +0100] "GET /frame-unten.html HTTP/1.1" 200 5308 "-" "msnbot/1.0 (+http://search.msn.com/msnbot.htm)"
65.55.109.186 - - [06/Dec/2008:02:10:56 +0100] "GET /framez-zampa-lovers.html HTTP/1.0" 200 4322 "http://search.live.com/results.aspx?q=zampa" "Mozilla/4.0 (compatible; MSIE 6.0; Windows NT 5.2; SV1; .NET CLR 1.1.4322)"
65.55.109.186 - - [06/Dec/2008:02:10:56 +0100] "GET /frame-menu.html HTTP/1.0" 200 10536 "http://www.various-euro.com/framez-zampa-lovers.html" "Mozilla/4.0 (compatible; MSIE 6.0; Windows NT 5.2; SV1; .NET CLR 1.1.4322)"
65.55.109.186 - - [06/Dec/2008:02:10:57 +0100] "GET /zampa-lovers/index.html HTTP/1.0" 200 37790 "http://www.various-euro.com/framez-zampa-lovers.html" "Mozilla/4.0 (compatible; MSIE 6.0; Windows NT 5.2; SV1; .NET CLR 1.1.4322)"
65.55.109.186 - - [06/Dec/2008:02:10:57 +0100] "GET /frame-unten.html HTTP/1.0" 200 5308 "http://www.various-euro.com/framez-zampa-lovers.html" "Mozilla/4.0 (compatible; MSIE 6.0; Windows NT 5.2; SV1; .NET CLR 1.1.4322)"
65.55.109.186 - - [06/Dec/2008:02:10:57 +0100] "GET /zampa-lovers/ZAMPAMA2.MPG HTTP/1.0" 200 63492 "-" "Windows-Media-Player/10.00.00.3700"
65.55.109.186 - - [06/Dec/2008:02:10:57 +0100] "GET /zampa-lovers/WASISTMI1.MPG HTTP/1.0" 200 271221 "-" "Windows-Media-Player/10.00.00.3700"
65.55.109.186 - - [06/Dec/2008:02:10:59 +0100] "GET /style/various-euro.css HTTP/1.0" 200 3437 "http://www.various-euro.com/frame-menu.html" "Mozilla/4.0 (compatible; MSIE 6.0; Windows NT 5.2; SV1; .NET CLR 1.1.4322)"
65.55.109.186 - - [06/Dec/2008:02:10:58 +0100] "GET /zampa-lovers/ZAMPAMAS.MPG HTTP/1.0" 200 520196 "-" "Windows-Media-Player/10.00.00.3700"
66.249.65.169 - - [06/Dec/2008:02:15:24 +0100] "GET /f-rez.html HTTP/1.1" 200 9765 "-" "Mozilla/5.0 (compatible; Googlebot/2.1; +http://www.google.com/bot.html)"
64.17.2.164 - - [06/Dec/2008:02:25:46 +0100] "GET /robots.txt HTTP/1.1" 200 64 "-" "MLBot (www.metadatalabs.com/mlbot)"
64.17.2.164 - - [06/Dec/2008:02:25:46 +0100] "GET / HTTP/1.1" 200 7869 "-" "MLBot (www.metadatalabs.com/mlbot)"
74.6.22.164 - - [06/Dec/2008:03:15:50 +0100] "GET /zampa/montenegro/SEKAW.html HTTP/1.0" 200 860 "-" "Mozilla/5.0 (compatible; Yahoo! Slurp; http://help.yahoo.com/help/us/ysearch/slurp)"
206.207.116.58 - - [06/Dec/2008:03:25:01 +0100] "GET / HTTP/1.1" 200 7869 "-" "Mozilla/4.0 (compatible; MSIE 6.0; MSIE 5.5; Windows NT 4.0) Opera 7.0 [en]"
67.195.37.107 - - [06/Dec/2008:03:26:34 +0100] "GET /neon/slow-walk2.html HTTP/1.0" 200 1777 "-" "Mozilla/5.0 (compatible; Yahoo! Slurp; http://help.yahoo.com/help/us/ysearch/slurp)"
89.120.154.98 - - [06/Dec/2008:03:30:29 +0100] "GET /framez-restate.html HTTP/1.0" 200 4328 "-" "Mozilla/2.0 (compatible; NEWT ActiveX; Win32)"
86.69.133.219 - - [06/Dec/2008:03:37:10 +0100] "GET / HTTP/1.1" 200 7869 "-" "Mozilla/4.0 (compatible; MSIE 6.0; Windows NT 5.1; SV1; .NET CLR 1.1.4322; .NET CLR 2.0.50727)"
86.69.133.219 - - [06/Dec/2008:03:37:10 +0100] "GET /style/various-euro.css HTTP/1.1" 200 3437 "-" "Mozilla/4.0 (compatible; MSIE 6.0; Windows NT 5.1)"
86.69.133.219 - - [06/Dec/2008:03:37:11 +0100] "GET /framez.html HTTP/1.1" 200 3959 "-" "Mozilla/4.0 (compatible; MSIE 6.0; Windows NT 5.1; SV1; .NET CLR 1.1.4322; InfoPath.1)"
65.55.165.95 - - [06/Dec/2008:03:48:41 +0100] "GET / HTTP/1.0" 302 353 "http://search.live.com/results.aspx?q=various" "Mozilla/4.0 (compatible; MSIE 6.0; Windows NT 5.2; SV1; .NET CLR 1.1.4322)"
65.55.165.95 - - [06/Dec/2008:03:48:42 +0100] "GET /zampa/ HTTP/1.0" 200 7153 "http://search.live.com/results.aspx?q=various" "Mozilla/4.0 (compatible; MSIE 6.0; Windows NT 5.2; SV1; .NET CLR 1.1.4322)"
220.181.61.192 - - [06/Dec/2008:04:13:38 +0100] "GET / HTTP/1.1" 200 7869 "-" "Sogou web spider/4.0(+http://www.sogou.com/docs/help/webmasters.htm#07)"
67.195.37.107 - - [06/Dec/2008:04:34:14 +0100] "GET /frame-inhalt.html HTTP/1.0" 200 5418 "-" "Mozilla/5.0 (compatible; Yahoo! Slurp/3.0; http://help.yahoo.com/help/us/ysearch/slurp)"
67.195.37.107 - - [06/Dec/2008:04:34:15 +0100] "GET /style/various-euro.css HTTP/1.0" 200 3437 "http://www.various-euro.com/frame-inhalt.html" "Mozilla/5.0 (compatible; Yahoo! Slurp/3.0; http://help.yahoo.com/help/us/ysearch/slurp)"
67.195.37.107 - - [06/Dec/2008:04:41:36 +0100] "GET /neon/code.html HTTP/1.0" 200 1109 "-" "Mozilla/5.0 (compatible; Yahoo! Slurp/3.0; http://help.yahoo.com/help/us/ysearch/slurp)"
67.195.37.107 - - [06/Dec/2008:04:43:36 +0100] "GET /f-euro.html HTTP/1.0" 200 12203 "-" "Mozilla/5.0 (compatible; Yahoo! Slurp; http://help.yahoo.com/help/us/ysearch/slurp)"
67.195.37.107 - - [06/Dec/2008:04:44:23 +0100] "GET /DgH/rampe/index.html HTTP/1.0" 200 2056 "-" "Mozilla/5.0 (compatible; Yahoo! Slurp; http://help.yahoo.com/help/us/ysearch/slurp)"
74.6.22.105 - - [06/Dec/2008:04:47:35 +0100] "GET /robots.txt HTTP/1.0" 200 64 "-" "Mozilla/5.0 (compatible; Yahoo! Slurp; http://help.yahoo.com/help/us/ysearch/slurp)"
74.6.22.105 - - [06/Dec/2008:04:47:36 +0100] "GET /logs/usage_200702.html HTTP/1.0" 200 107861 "-" "Mozilla/5.0 (compatible; Yahoo! Slurp; http://help.yahoo.com/help/us/ysearch/slurp)"
65.55.211.162 - - [06/Dec/2008:04:56:23 +0100] "GET /robots.txt HTTP/1.1" 200 64 "-" "msnbot/1.1 (+http://search.msn.com/msnbot.htm)"
65.55.211.162 - - [06/Dec/2008:04:56:26 +0100] "GET /f-channel1.html HTTP/1.1" 200 8471 "-" "msnbot/1.1 (+http://search.msn.com/msnbot.htm)"
65.55.211.173 - - [06/Dec/2008:05:04:35 +0100] "GET /robots.txt HTTP/1.1" 200 64 "-" "msnbot/1.1 (+http://search.msn.com/msnbot.htm)"
65.55.211.173 - - [06/Dec/2008:05:04:35 +0100] "GET /f-world.html HTTP/1.1" 200 35590 "-" "msnbot/1.1 (+http://search.msn.com/msnbot.htm)"
119.63.193.43 - - [06/Dec/2008:05:11:07 +0100] "GET / HTTP/1.1" 200 7869 "-" "Baiduspider+(+http://help.baidu.jp/system/05.html)"
74.6.22.105 - - [06/Dec/2008:05:21:12 +0100] "GET /schubb/hs~schubb-1.html HTTP/1.0" 200 7568 "-" "Mozilla/5.0 (compatible; Yahoo! Slurp; http://help.yahoo.com/help/us/ysearch/slurp)"
67.195.37.107 - - [06/Dec/2008:06:04:54 +0100] "GET /contact.html HTTP/1.0" 404 2748 "-" "Mozilla/5.0 (compatible; Yahoo! Slurp/3.0; http://help.yahoo.com/help/us/ysearch/slurp)"
208.36.144.10 - - [06/Dec/2008:06:11:52 +0100] "GET /robots.txt HTTP/1.0" 200 64 "-" "Mozilla/5.0 (Twiceler-0.9 http://www.cuil.com/twiceler/robot.html)"
67.195.37.107 - - [06/Dec/2008:06:31:36 +0100] "GET /logs/usage_200706.html HTTP/1.0" 200 107008 "-" "Mozilla/5.0 (compatible; Yahoo! Slurp; http://help.yahoo.com/help/us/ysearch/slurp)"
67.195.37.107 - - [06/Dec/2008:06:50:38 +0100] "GET /logs/usage_200711.html HTTP/1.0" 200 109628 "-" "Mozilla/5.0 (compatible; Yahoo! Slurp; http://help.yahoo.com/help/us/ysearch/slurp)"
74.6.18.238 - - [06/Dec/2008:08:08:00 +0100] "GET /robots.txt HTTP/1.0" 200 64 "-" "Mozilla/5.0 (compatible; Yahoo! Slurp; http://help.yahoo.com/help/us/ysearch/slurp)"
74.6.18.238 - - [06/Dec/2008:08:08:03 +0100] "GET /zampa/montenegro/ HTTP/1.0" 200 2651 "-" "Mozilla/5.0 (compatible; Yahoo! Slurp; http://help.yahoo.com/help/us/ysearch/slurp)"
193.47.80.51 - - [06/Dec/2008:08:10:51 +0100] "GET / HTTP/1.1" 302 353 "-" "Mozilla/5.0 (compatible; Exabot/3.0; +http://www.exabot.com/go/robot)"
67.195.37.107 - - [06/Dec/2008:08:18:21 +0100] "GET /robots.txt HTTP/1.0" 200 64 "-" "Mozilla/5.0 (compatible; Yahoo! Slurp; http://help.yahoo.com/help/us/ysearch/slurp)"
67.195.37.107 - - [06/Dec/2008:08:18:21 +0100] "GET /logs/usage_200712.html HTTP/1.0" 200 92577 "-" "Mozilla/5.0 (compatible; Yahoo! Slurp; http://help.yahoo.com/help/us/ysearch/slurp)"
74.6.18.238 - - [06/Dec/2008:08:40:47 +0100] "GET /neon/euro.html HTTP/1.0" 200 2212 "-" "Mozilla/5.0 (compatible; Yahoo! Slurp; http://help.yahoo.com/help/us/ysearch/slurp)"
149.20.54.197 - - [06/Dec/2008:08:50:53 +0100] "GET /robots.txt HTTP/1.0" 200 64 "-" "IOI/2.0 (ISC Open Index crawler; http://index.isc.org/; bot@index.isc.org)"
149.20.54.197 - - [06/Dec/2008:08:51:14 +0100] "GET / HTTP/1.0" 200 7869 "-" "IOI/2.0 (ISC Open Index crawler; http://index.isc.org/; bot@index.isc.org)"
74.6.18.238 - - [06/Dec/2008:08:53:22 +0100] "GET /robots.txt HTTP/1.0" 200 64 "-" "Mozilla/5.0 (compatible; Yahoo! Slurp; http://help.yahoo.com/help/us/ysearch/slurp)"
74.6.18.238 - - [06/Dec/2008:08:53:23 +0100] "GET /f-channel1.html HTTP/1.0" 200 8471 "-" "Mozilla/5.0 (compatible; Yahoo! Slurp; http://help.yahoo.com/help/us/ysearch/slurp)"
67.195.37.107 - - [06/Dec/2008:09:04:45 +0100] "GET /ve-icon-2.ico HTTP/1.0" 200 2238 "-" "Mozilla/5.0 (compatible; Yahoo! Slurp/3.0; http://help.yahoo.com/help/us/ysearch/slurp)"
74.6.18.238 - - [06/Dec/2008:09:33:48 +0100] "GET /neon/channel.html HTTP/1.0" 200 1942 "-" "Mozilla/5.0 (compatible; Yahoo! Slurp; http://help.yahoo.com/help/us/ysearch/slurp)"
77.29.227.158 - - [06/Dec/2008:09:45:54 +0100] "GET /zampa-lovers/index.html HTTP/1.1" 200 37790 "http://search.imesh.com/intl/webResults.html?q=igri%20strategija&hl=en&o=10592&page=1&lr=1&src=hmp_intl" "Mozilla/5.0 (Windows; U; Windows NT 5.1; mk; rv:1.9.0.4) Gecko/2008102920 Firefox/3.0.4"
77.29.227.158 - - [06/Dec/2008:09:45:54 +0100] "GET /zampa-lovers/kralle.gif HTTP/1.1" 404 2748 "http://various-euro.com/zampa-lovers/index.html" "Mozilla/5.0 (Windows; U; Windows NT 5.1; mk; rv:1.9.0.4) Gecko/2008102920 Firefox/3.0.4"
77.29.227.158 - - [06/Dec/2008:09:45:54 +0100] "GET /zampa-lovers/DRAGAN_Z.JPG HTTP/1.1" 200 6850 "http://various-euro.com/zampa-lovers/index.html" "Mozilla/5.0 (Windows; U; Windows NT 5.1; mk; rv:1.9.0.4) Gecko/2008102920 Firefox/3.0.4"
77.29.227.158 - - [06/Dec/2008:09:45:55 +0100] "GET /zampa-lovers/MILIZA_B.JPG HTTP/1.1" 200 10947 "http://various-euro.com/zampa-lovers/index.html" "Mozilla/5.0 (Windows; U; Windows NT 5.1; mk; rv:1.9.0.4) Gecko/2008102920 Firefox/3.0.4"
77.29.227.158 - - [06/Dec/2008:09:45:55 +0100] "GET /zampa-lovers/zampa.ICO HTTP/1.1" 200 7134 "-" "Mozilla/5.0 (Windows; U; Windows NT 5.1; mk; rv:1.9.0.4) Gecko/2008102920 Firefox/3.0.4"
77.29.227.158 - - [06/Dec/2008:09:45:55 +0100] "GET /zampa-lovers/ZAMPAMA2.MPG HTTP/1.1" 200 63492 "http://various-euro.com/zampa-lovers/index.html" "Mozilla/5.0 (Windows; U; Windows NT 5.1; mk; rv:1.9.0.4) Gecko/2008102920 Firefox/3.0.4"
77.29.227.158 - - [06/Dec/2008:09:45:54 +0100] "GET /zampa-lovers/MILIZA_2.JPG HTTP/1.1" 200 22172 "http://various-euro.com/zampa-lovers/index.html" "Mozilla/5.0 (Windows; U; Windows NT 5.1; mk; rv:1.9.0.4) Gecko/2008102920 Firefox/3.0.4"
77.29.227.158 - - [06/Dec/2008:09:45:55 +0100] "GET /zampa-lovers/MILIZA_4.JPG HTTP/1.1" 200 9946 "http://various-euro.com/zampa-lovers/index.html" "Mozilla/5.0 (Windows; U; Windows NT 5.1; mk; rv:1.9.0.4) Gecko/2008102920 Firefox/3.0.4"
77.29.227.158 - - [06/Dec/2008:09:45:55 +0100] "GET /zampa-lovers/MILIZA_3.JPG HTTP/1.1" 200 26924 "http://various-euro.com/zampa-lovers/index.html" "Mozilla/5.0 (Windows; U; Windows NT 5.1; mk; rv:1.9.0.4) Gecko/2008102920 Firefox/3.0.4"
77.29.227.158 - - [06/Dec/2008:09:45:56 +0100] "GET /zampa-lovers/zampa-2X2.gif HTTP/1.1" 200 6948 "http://various-euro.com/zampa-lovers/index.html" "Mozilla/5.0 (Windows; U; Windows NT 5.1; mk; rv:1.9.0.4) Gecko/2008102920 Firefox/3.0.4"
77.29.227.158 - - [06/Dec/2008:09:45:55 +0100] "GET /zampa-lovers/ZAMPAMAS.MPG HTTP/1.1" 200 520196 "http://various-euro.com/zampa-lovers/index.html" "Mozilla/5.0 (Windows; U; Windows NT 5.1; mk; rv:1.9.0.4) Gecko/2008102920 Firefox/3.0.4"
77.29.227.158 - - [06/Dec/2008:09:45:56 +0100] "GET /zampa-lovers/zampamali.gif HTTP/1.1" 200 2617 "http://various-euro.com/zampa-lovers/index.html" "Mozilla/5.0 (Windows; U; Windows NT 5.1; mk; rv:1.9.0.4) Gecko/2008102920 Firefox/3.0.4"
77.29.227.158 - - [06/Dec/2008:09:45:56 +0100] "GET /zampa-lovers/Kralle.gif HTTP/1.1" 200 260 "http://various-euro.com/zampa-lovers/index.html" "Mozilla/5.0 (Windows; U; Windows NT 5.1; mk; rv:1.9.0.4) Gecko/2008102920 Firefox/3.0.4"
77.29.227.158 - - [06/Dec/2008:09:45:55 +0100] "GET /zampa-lovers/WASISTMI1.MPG HTTP/1.1" 200 271221 "http://various-euro.com/zampa-lovers/index.html" "Mozilla/5.0 (Windows; U; Windows NT 5.1; mk; rv:1.9.0.4) Gecko/2008102920 Firefox/3.0.4"
77.29.227.158 - - [06/Dec/2008:09:45:56 +0100] "GET /zampa-lovers/DRAGANZA.JPG HTTP/1.1" 200 18560 "http://various-euro.com/zampa-lovers/index.html" "Mozilla/5.0 (Windows; U; Windows NT 5.1; mk; rv:1.9.0.4) Gecko/2008102920 Firefox/3.0.4"
77.29.227.158 - - [06/Dec/2008:09:45:56 +0100] "GET /zampa-lovers/2SEITEVE.GIF HTTP/1.1" 200 83466 "http://various-euro.com/zampa-lovers/index.html" "Mozilla/5.0 (Windows; U; Windows NT 5.1; mk; rv:1.9.0.4) Gecko/2008102920 Firefox/3.0.4"
77.29.227.158 - - [06/Dec/2008:09:45:56 +0100] "GET /zampa-lovers/1SEITEVE.GIF HTTP/1.1" 200 78726 "http://various-euro.com/zampa-lovers/index.html" "Mozilla/5.0 (Windows; U; Windows NT 5.1; mk; rv:1.9.0.4) Gecko/2008102920 Firefox/3.0.4"
77.29.227.158 - - [06/Dec/2008:09:45:56 +0100] "GET /zampa-lovers/zampa.gif HTTP/1.1" 200 460627 "http://various-euro.com/zampa-lovers/index.html" "Mozilla/5.0 (Windows; U; Windows NT 5.1; mk; rv:1.9.0.4) Gecko/2008102920 Firefox/3.0.4"
77.29.227.158 - - [06/Dec/2008:09:46:00 +0100] "GET /framez-zampa-lovers.html HTTP/1.1" 200 4322 "http://various-euro.com/zampa-lovers/index.html" "Mozilla/5.0 (Windows; U; Windows NT 5.1; mk; rv:1.9.0.4) Gecko/2008102920 Firefox/3.0.4"
77.29.227.158 - - [06/Dec/2008:09:46:00 +0100] "GET /ve-icon-2.ico HTTP/1.1" 200 2238 "-" "Mozilla/5.0 (Windows; U; Windows NT 5.1; mk; rv:1.9.0.4) Gecko/2008102920 Firefox/3.0.4"
77.29.227.158 - - [06/Dec/2008:09:46:00 +0100] "GET /zampa-lovers/index.html HTTP/1.1" 200 37790 "http://various-euro.com/framez-zampa-lovers.html" "Mozilla/5.0 (Windows; U; Windows NT 5.1; mk; rv:1.9.0.4) Gecko/2008102920 Firefox/3.0.4"
77.29.227.158 - - [06/Dec/2008:09:46:00 +0100] "GET /frame-menu.html HTTP/1.1" 200 10536 "http://various-euro.com/framez-zampa-lovers.html" "Mozilla/5.0 (Windows; U; Windows NT 5.1; mk; rv:1.9.0.4) Gecko/2008102920 Firefox/3.0.4"
77.29.227.158 - - [06/Dec/2008:09:46:00 +0100] "GET /frame-unten.html HTTP/1.1" 200 5308 "http://various-euro.com/framez-zampa-lovers.html" "Mozilla/5.0 (Windows; U; Windows NT 5.1; mk; rv:1.9.0.4) Gecko/2008102920 Firefox/3.0.4"
77.29.227.158 - - [06/Dec/2008:09:46:01 +0100] "GET /bannerz/various-euro-girl.jpg HTTP/1.1" 200 91514 "http://various-euro.com/frame-unten.html" "Mozilla/5.0 (Windows; U; Windows NT 5.1; mk; rv:1.9.0.4) Gecko/2008102920 Firefox/3.0.4"
77.29.227.158 - - [06/Dec/2008:09:46:01 +0100] "GET /bannerz/ve.jpg HTTP/1.1" 200 36912 "http://various-euro.com/frame-unten.html" "Mozilla/5.0 (Windows; U; Windows NT 5.1; mk; rv:1.9.0.4) Gecko/2008102920 Firefox/3.0.4"
77.29.227.158 - - [06/Dec/2008:09:46:01 +0100] "GET /style/various-euro.css HTTP/1.1" 200 3437 "http://various-euro.com/frame-menu.html" "Mozilla/5.0 (Windows; U; Windows NT 5.1; mk; rv:1.9.0.4) Gecko/2008102920 Firefox/3.0.4"
77.29.227.158 - - [06/Dec/2008:09:46:01 +0100] "GET /zampa-lovers/kralle.gif HTTP/1.1" 404 2748 "http://various-euro.com/zampa-lovers/index.html" "Mozilla/5.0 (Windows; U; Windows NT 5.1; mk; rv:1.9.0.4) Gecko/2008102920 Firefox/3.0.4"
77.29.227.158 - - [06/Dec/2008:09:46:01 +0100] "GET /zampa-lovers/WASISTMI1.MPG HTTP/1.1" 206 271221 "http://various-euro.com/zampa-lovers/index.html" "Mozilla/5.0 (Windows; U; Windows NT 5.1; mk; rv:1.9.0.4) Gecko/2008102920 Firefox/3.0.4"
77.29.227.158 - - [06/Dec/2008:09:46:02 +0100] "GET /zampa-lovers/ZAMPAMA2.MPG HTTP/1.1" 206 63492 "http://various-euro.com/zampa-lovers/index.html" "Mozilla/5.0 (Windows; U; Windows NT 5.1; mk; rv:1.9.0.4) Gecko/2008102920 Firefox/3.0.4"
77.29.227.158 - - [06/Dec/2008:09:46:01 +0100] "GET /zampa-lovers/ZAMPAMAS.MPG HTTP/1.1" 206 520196 "http://various-euro.com/zampa-lovers/index.html" "Mozilla/5.0 (Windows; U; Windows NT 5.1; mk; rv:1.9.0.4) Gecko/2008102920 Firefox/3.0.4"
67.195.37.107 - - [06/Dec/2008:10:34:24 +0100] "GET /DgH/bull/ HTTP/1.0" 200 1915 "-" "Mozilla/5.0 (compatible; Yahoo! Slurp; http://help.yahoo.com/help/us/ysearch/slurp)"
67.195.37.107 - - [06/Dec/2008:10:38:47 +0100] "GET /f-logz_old.html HTTP/1.0" 200 43773 "-" "Mozilla/5.0 (compatible; Yahoo! Slurp/3.0; http://help.yahoo.com/help/us/ysearch/slurp)"
74.6.18.241 - - [06/Dec/2008:10:56:16 +0100] "GET /robots.txt HTTP/1.0" 200 64 "-" "Mozilla/5.0 (compatible; Yahoo! Slurp; http://help.yahoo.com/help/us/ysearch/slurp)"
74.6.18.241 - - [06/Dec/2008:10:56:18 +0100] "GET /framez-girlz.html HTTP/1.0" 200 4271 "-" "Mozilla/5.0 (compatible; Yahoo! Slurp; http://help.yahoo.com/help/us/ysearch/slurp)"
74.6.18.241 - - [06/Dec/2008:10:56:21 +0100] "GET /frame-menu.html HTTP/1.0" 200 10536 "-" "Mozilla/5.0 (compatible; Yahoo! Slurp; http://help.yahoo.com/help/us/ysearch/slurp)"
74.6.18.241 - - [06/Dec/2008:10:56:25 +0100] "GET /neon/girlz2.html HTTP/1.0" 200 2937 "-" "Mozilla/5.0 (compatible; Yahoo! Slurp; http://help.yahoo.com/help/us/ysearch/slurp)"
74.6.18.241 - - [06/Dec/2008:10:56:27 +0100] "GET /frame-unten.html HTTP/1.0" 200 5308 "-" "Mozilla/5.0 (compatible; Yahoo! Slurp; http://help.yahoo.com/help/us/ysearch/slurp)"
82.99.30.36 - - [06/Dec/2008:10:59:52 +0100] "GET /rez/ma.jpg HTTP/1.0" 200 12893 "http://www.various-euro.com/f-rez.html" "Mozilla/4.0 (compatible; MSIE 6.0; Windows NT 5.1)"
82.99.30.36 - - [06/Dec/2008:10:59:52 +0100] "GET /rez/mb.jpg HTTP/1.0" 200 12467 "http://www.various-euro.com/f-rez.html" "Mozilla/4.0 (compatible; MSIE 6.0; Windows NT 5.1)"
82.99.30.36 - - [06/Dec/2008:10:59:52 +0100] "GET /rez/557.mp3 HTTP/1.0" 200 9164800 "http://www.various-euro.com/f-rez.html" "Mozilla/4.0 (compatible; MSIE 6.0; Windows NT 5.1)"
82.99.30.36 - - [06/Dec/2008:10:59:52 +0100] "GET /rez/327.mp3 HTTP/1.0" 200 2771948 "http://www.various-euro.com/f-rez.html" "Mozilla/4.0 (compatible; MSIE 6.0; Windows NT 5.1)"
82.99.30.36 - - [06/Dec/2008:10:59:52 +0100] "GET /rez/108.mp3 HTTP/1.0" 200 2086040 "http://www.various-euro.com/f-rez.html" "Mozilla/4.0 (compatible; MSIE 6.0; Windows NT 5.1)"
82.99.30.36 - - [06/Dec/2008:10:59:52 +0100] "GET /rez/555.mp3 HTTP/1.0" 200 6017674 "http://www.various-euro.com/f-rez.html" "Mozilla/4.0 (compatible; MSIE 6.0; Windows NT 5.1)"
82.99.30.36 - - [06/Dec/2008:10:59:52 +0100] "GET /rez/601.mp3 HTTP/1.0" 200 5052711 "http://www.various-euro.com/f-rez.html" "Mozilla/4.0 (compatible; MSIE 6.0; Windows NT 5.1)"
82.99.30.36 - - [06/Dec/2008:10:59:52 +0100] "GET /rez/607.mp3 HTTP/1.0" 200 4964417 "http://www.various-euro.com/f-rez.html" "Mozilla/4.0 (compatible; MSIE 6.0; Windows NT 5.1)"
82.99.30.36 - - [06/Dec/2008:10:59:52 +0100] "GET /rez/611.mp3 HTTP/1.0" 200 6782540 "http://www.various-euro.com/f-rez.html" "Mozilla/4.0 (compatible; MSIE 6.0; Windows NT 5.1)"
82.99.30.36 - - [06/Dec/2008:10:59:52 +0100] "GET /rez/326.mp3 HTTP/1.0" 200 7672484 "http://www.various-euro.com/f-rez.html" "Mozilla/4.0 (compatible; MSIE 6.0; Windows NT 5.1)"
82.99.30.36 - - [06/Dec/2008:10:59:52 +0100] "GET /rez/554.mp3 HTTP/1.0" 200 13335140 "http://www.various-euro.com/f-rez.html" "Mozilla/4.0 (compatible; MSIE 6.0; Windows NT 5.1)"
82.99.30.36 - - [06/Dec/2008:10:59:52 +0100] "GET /rez/556.mp3 HTTP/1.0" 200 2674419 "http://www.various-euro.com/f-rez.html" "Mozilla/4.0 (compatible; MSIE 6.0; Windows NT 5.1)"
82.99.30.39 - - [06/Dec/2008:11:13:10 +0100] "GET /bannerz/various-euro-girl.jpg HTTP/1.0" 200 91514 "http://www.various-euro.com/frame-unten.html" "Mozilla/4.0 (compatible; MSIE 6.0; Windows NT 5.1)"
67.195.37.107 - - [06/Dec/2008:11:36:43 +0100] "GET /warez.html HTTP/1.0" 200 9754 "-" "Mozilla/5.0 (compatible; Yahoo! Slurp; http://help.yahoo.com/help/us/ysearch/slurp)"
121.54.97.30 - - [06/Dec/2008:11:46:24 +0100] "GET /menueleiste.js HTTP/1.1" 404 2748 "http://www.various-euro.com/restate_copy.html" "Mozilla/4.0 (compatible; MSIE 6.0; Windows NT 5.1; SV1)"
121.54.97.30 - - [06/Dec/2008:11:46:26 +0100] "GET /bannerz/rebelle.gif HTTP/1.1" 200 6986 "http://www.various-euro.com/restate_copy.html" "Mozilla/4.0 (compatible; MSIE 6.0; Windows NT 5.1; SV1)"
121.54.97.30 - - [06/Dec/2008:11:46:23 +0100] "GET /restate_copy.html HTTP/1.1" 200 97631 "http://www.search.com/search?q=description+of+discontentment/dogpile&respell=1" "Mozilla/4.0 (compatible; MSIE 6.0; Windows NT 5.1; SV1)"
121.54.97.30 - - [06/Dec/2008:11:46:27 +0100] "GET /detonators.gif HTTP/1.1" 200 14892 "http://www.various-euro.com/restate_copy.html" "Mozilla/4.0 (compatible; MSIE 6.0; Windows NT 5.1; SV1)"
121.54.97.30 - - [06/Dec/2008:11:46:31 +0100] "GET /framez-restate.html HTTP/1.1" 200 4328 "-" "Mozilla/4.0 (compatible; MSIE 6.0; Windows NT 5.1; SV1)"
121.54.97.30 - - [06/Dec/2008:11:46:31 +0100] "GET /frame-menu.html HTTP/1.1" 200 10536 "http://www.various-euro.com/framez-restate.html" "Mozilla/4.0 (compatible; MSIE 6.0; Windows NT 5.1; SV1)"
121.54.97.30 - - [06/Dec/2008:11:46:32 +0100] "GET /restate_copy.html HTTP/1.1" 200 97631 "http://www.various-euro.com/framez-restate.html" "Mozilla/4.0 (compatible; MSIE 6.0; Windows NT 5.1; SV1)"
121.54.97.30 - - [06/Dec/2008:11:46:34 +0100] "GET /frame-unten.html HTTP/1.1" 200 5308 "http://www.various-euro.com/framez-restate.html" "Mozilla/4.0 (compatible; MSIE 6.0; Windows NT 5.1; SV1)"
121.54.97.30 - - [06/Dec/2008:11:46:35 +0100] "GET /style/various-euro.css HTTP/1.1" 200 3437 "http://www.various-euro.com/frame-menu.html" "Mozilla/4.0 (compatible; MSIE 6.0; Windows NT 5.1; SV1)"
121.54.97.30 - - [06/Dec/2008:11:46:35 +0100] "GET /menueleiste.js HTTP/1.1" 404 2748 "http://www.various-euro.com/restate_copy.html" "Mozilla/4.0 (compatible; MSIE 6.0; Windows NT 5.1; SV1)"
121.54.97.30 - - [06/Dec/2008:11:46:36 +0100] "GET /bannerz/ve.jpg HTTP/1.1" 200 36912 "http://www.various-euro.com/frame-unten.html" "Mozilla/4.0 (compatible; MSIE 6.0; Windows NT 5.1; SV1)"
121.54.97.30 - - [06/Dec/2008:11:46:36 +0100] "GET /bannerz/various-euro-girl.jpg HTTP/1.1" 200 91514 "http://www.various-euro.com/frame-unten.html" "Mozilla/4.0 (compatible; MSIE 6.0; Windows NT 5.1; SV1)"
121.54.97.30 - - [06/Dec/2008:11:46:41 +0100] "GET /menueleiste.js HTTP/1.1" 404 2748 "http://www.various-euro.com/restate_copy.html" "Mozilla/4.0 (compatible; MSIE 6.0; Windows NT 5.1; SV1)"
121.54.97.30 - - [06/Dec/2008:11:46:43 +0100] "GET /framez-restate.html HTTP/1.1" 200 4328 "-" "Mozilla/4.0 (compatible; MSIE 6.0; Windows NT 5.1; SV1)"
66.249.65.169 - - [06/Dec/2008:12:05:05 +0100] "GET /robots.txt HTTP/1.1" 200 64 "-" "Mozilla/5.0 (compatible; Googlebot/2.1; +http://www.google.com/bot.html)"
66.249.65.169 - - [06/Dec/2008:12:05:06 +0100] "GET /logs/usage_200812.html HTTP/1.1" 404 2748 "-" "Mozilla/5.0 (compatible; Googlebot/2.1; +http://www.google.com/bot.html)"
72.30.161.236 - - [06/Dec/2008:12:16:46 +0100] "GET /robots.txt HTTP/1.0" 200 64 "-" "Mozilla/5.0 (compatible; Yahoo! Slurp; http://help.yahoo.com/help/us/ysearch/slurp)"
72.30.161.236 - - [06/Dec/2008:12:16:47 +0100] "GET /f-actions.html HTTP/1.0" 200 10429 "-" "Mozilla/5.0 (compatible; Yahoo! Slurp/3.0; http://help.yahoo.com/help/us/ysearch/slurp)"
67.195.37.107 - - [06/Dec/2008:12:34:24 +0100] "GET /f-world.html HTTP/1.0" 200 35590 "-" "Mozilla/5.0 (compatible; Yahoo! Slurp/3.0; http://help.yahoo.com/help/us/ysearch/slurp)"
67.195.37.107 - - [06/Dec/2008:13:24:46 +0100] "GET /DgH/orginal/index.html HTTP/1.0" 200 1727 "-" "Mozilla/5.0 (compatible; Yahoo! Slurp/3.0; http://help.yahoo.com/help/us/ysearch/slurp)"
67.195.37.107 - - [06/Dec/2008:13:30:37 +0100] "GET /f-horrorkatze.html HTTP/1.0" 200 7865 "-" "Mozilla/5.0 (compatible; Yahoo! Slurp/3.0; http://help.yahoo.com/help/us/ysearch/slurp)"
77.88.25.28 - - [06/Dec/2008:13:33:44 +0100] "GET /robots.txt HTTP/1.1" 200 64 "-" "Yandex/1.01.001 (compatible; Win16; I)"
77.88.25.28 - - [06/Dec/2008:13:35:13 +0100] "GET / HTTP/1.1" 200 7869 "-" "Yandex/1.01.001 (compatible; Win16; I)"
65.55.211.181 - - [06/Dec/2008:13:35:23 +0100] "GET /robots.txt HTTP/1.1" 200 64 "-" "msnbot/1.1 (+http://search.msn.com/msnbot.htm)"
65.55.211.181 - - [06/Dec/2008:13:35:23 +0100] "GET /DgH/ HTTP/1.1" 200 5024 "-" "msnbot/1.1 (+http://search.msn.com/msnbot.htm)"
212.154.159.36 - - [06/Dec/2008:13:43:29 +0100] "GET / HTTP/1.1" 200 7869 "-" "Mozilla/5.0 (Macintosh; U; Intel Mac OS X 10.5; en-US; rv:1.9.2a1pre) Gecko/20081205 Minefield/3.2a1pre"
212.154.159.36 - - [06/Dec/2008:13:43:32 +0100] "GET /style/various-euro.css HTTP/1.1" 200 3437 "http://www.various-euro.com/" "Mozilla/5.0 (Macintosh; U; Intel Mac OS X 10.5; en-US; rv:1.9.2a1pre) Gecko/20081205 Minefield/3.2a1pre"
212.154.159.36 - - [06/Dec/2008:13:43:40 +0100] "GET /ve-icon-2.ico HTTP/1.1" 200 2238 "-" "Mozilla/5.0 (Macintosh; U; Intel Mac OS X 10.5; en-US; rv:1.9.2a1pre) Gecko/20081205 Minefield/3.2a1pre"
65.55.211.181 - - [06/Dec/2008:14:12:15 +0100] "GET /bmpp/euro_pal_111.html HTTP/1.1" 200 2129 "-" "msnbot/1.1 (+http://search.msn.com/msnbot.htm)"
74.6.8.115 - - [06/Dec/2008:14:28:09 +0100] "GET /robots.txt HTTP/1.0" 200 64 "-" "Mozilla/5.0 (compatible; Yahoo! Slurp; http://help.yahoo.com/help/us/ysearch/slurp)"
74.6.8.115 - - [06/Dec/2008:14:28:10 +0100] "GET /framez-rez.html HTTP/1.0" 200 4323 "-" "Mozilla/5.0 (compatible; Yahoo! Slurp/3.0; http://help.yahoo.com/help/us/ysearch/slurp)"
74.6.8.115 - - [06/Dec/2008:14:28:11 +0100] "GET /frame-unten.html HTTP/1.0" 200 5308 "http://www.various-euro.com/framez-rez.html" "Mozilla/5.0 (compatible; Yahoo! Slurp/3.0; http://help.yahoo.com/help/us/ysearch/slurp)"
74.6.8.115 - - [06/Dec/2008:14:28:11 +0100] "GET /frame-menu.html HTTP/1.0" 200 10536 "http://www.various-euro.com/framez-rez.html" "Mozilla/5.0 (compatible; Yahoo! Slurp/3.0; http://help.yahoo.com/help/us/ysearch/slurp)"
74.6.8.115 - - [06/Dec/2008:14:28:11 +0100] "GET /f-rez.html HTTP/1.0" 200 9765 "http://www.various-euro.com/framez-rez.html" "Mozilla/5.0 (compatible; Yahoo! Slurp/3.0; http://help.yahoo.com/help/us/ysearch/slurp)"
74.6.8.115 - - [06/Dec/2008:14:28:12 +0100] "GET /style/various-euro.css HTTP/1.0" 200 3437 "http://www.various-euro.com/frame-menu.html" "Mozilla/5.0 (compatible; Yahoo! Slurp/3.0; http://help.yahoo.com/help/us/ysearch/slurp)"
67.195.37.107 - - [06/Dec/2008:14:54:20 +0100] "GET /neon/code.html HTTP/1.0" 200 1109 "-" "Mozilla/5.0 (compatible; Yahoo! Slurp/3.0; http://help.yahoo.com/help/us/ysearch/slurp)"
67.195.37.107 - - [06/Dec/2008:15:07:19 +0100] "GET /f-bannnerz.html HTTP/1.0" 200 12651 "-" "Mozilla/5.0 (compatible; Yahoo! Slurp/3.0; http://help.yahoo.com/help/us/ysearch/slurp)"
74.6.8.115 - - [06/Dec/2008:15:21:16 +0100] "GET /DgH/ HTTP/1.0" 200 5024 "-" "Mozilla/5.0 (compatible; Yahoo! Slurp; http://help.yahoo.com/help/us/ysearch/slurp)"
82.158.201.10 - - [06/Dec/2008:15:25:01 +0100] "GET / HTTP/1.1" 200 7869 "-" "Mozilla/4.0 (compatible; MSIE 6.0; Windows NT 5.0)"
82.158.201.10 - - [06/Dec/2008:15:25:01 +0100] "GET / HTTP/1.1" 200 7869 "-" "Mozilla/4.0 (compatible; MSIE 6.0; Windows NT 5.0)"
65.55.211.164 - - [06/Dec/2008:16:14:14 +0100] "GET /robots.txt HTTP/1.1" 200 64 "-" "msnbot/1.1 (+http://search.msn.com/msnbot.htm)"
65.55.211.164 - - [06/Dec/2008:16:14:15 +0100] "GET /logs/ HTTP/1.1" 200 10079 "-" "msnbot/1.1 (+http://search.msn.com/msnbot.htm)"
72.30.142.245 - - [06/Dec/2008:16:35:13 +0100] "GET /robots.txt HTTP/1.0" 200 64 "-" "Mozilla/5.0 (compatible; Yahoo! Slurp; http://help.yahoo.com/help/us/ysearch/slurp)"
72.30.142.245 - - [06/Dec/2008:16:35:13 +0100] "GET /f-search.html HTTP/1.0" 200 11800 "-" "Mozilla/5.0 (compatible; Yahoo! Slurp; http://help.yahoo.com/help/us/ysearch/slurp)"
72.30.142.245 - - [06/Dec/2008:16:43:51 +0100] "GET /frame-inhalt.html HTTP/1.0" 200 5418 "-" "Mozilla/5.0 (compatible; Yahoo! Slurp; http://help.yahoo.com/help/us/ysearch/slurp)"
94.189.194.220 - - [06/Dec/2008:16:53:35 +0100] "GET /framez-zampa-lovers.html HTTP/1.1" 200 4322 "http://www.google.com/search?hl=en&q=kako+jebati+madonu&aq=f&oq=" "Mozilla/4.0 (compatible; MSIE 6.0; Windows NT 5.1; SV1; .NET CLR 1.1.4322)"
94.189.194.220 - - [06/Dec/2008:16:53:35 +0100] "GET /frame-menu.html HTTP/1.1" 200 10536 "http://www.various-euro.com/framez-zampa-lovers.html" "Mozilla/4.0 (compatible; MSIE 6.0; Windows NT 5.1; SV1; .NET CLR 1.1.4322)"
94.189.194.220 - - [06/Dec/2008:16:53:35 +0100] "GET /zampa-lovers/index.html HTTP/1.1" 200 37790 "http://www.various-euro.com/framez-zampa-lovers.html" "Mozilla/4.0 (compatible; MSIE 6.0; Windows NT 5.1; SV1; .NET CLR 1.1.4322)"
94.189.194.220 - - [06/Dec/2008:16:53:36 +0100] "GET /frame-unten.html HTTP/1.1" 200 5308 "http://www.various-euro.com/framez-zampa-lovers.html" "Mozilla/4.0 (compatible; MSIE 6.0; Windows NT 5.1; SV1; .NET CLR 1.1.4322)"
94.189.194.220 - - [06/Dec/2008:16:53:36 +0100] "GET /style/various-euro.css HTTP/1.1" 200 3437 "http://www.various-euro.com/frame-menu.html" "Mozilla/4.0 (compatible; MSIE 6.0; Windows NT 5.1; SV1; .NET CLR 1.1.4322)"
94.189.194.220 - - [06/Dec/2008:16:53:37 +0100] "GET /zampa-lovers/kralle.gif HTTP/1.1" 404 2748 "http://www.various-euro.com/zampa-lovers/index.html" "Mozilla/4.0 (compatible; MSIE 6.0; Windows NT 5.1; SV1; .NET CLR 1.1.4322)"
94.189.194.220 - - [06/Dec/2008:16:53:37 +0100] "GET /zampa-lovers/ZAMPAMA2.MPG HTTP/1.1" 200 63492 "-" "Windows-Media-Player/9.00.00.3354"
94.189.194.220 - - [06/Dec/2008:16:53:38 +0100] "GET /zampa-lovers/WASISTMI1.MPG HTTP/1.1" 200 271221 "-" "Windows-Media-Player/9.00.00.3354"
94.189.194.220 - - [06/Dec/2008:16:53:39 +0100] "GET /zampa-lovers/ZAMPAMAS.MPG HTTP/1.1" 200 520196 "-" "Windows-Media-Player/9.00.00.3354"
94.189.194.220 - - [06/Dec/2008:16:53:36 +0100] "GET /zampa-lovers/zampa.gif HTTP/1.1" 200 460627 "http://www.various-euro.com/zampa-lovers/index.html" "Mozilla/4.0 (compatible; MSIE 6.0; Windows NT 5.1; SV1; .NET CLR 1.1.4322)"
94.189.194.220 - - [06/Dec/2008:16:53:40 +0100] "GET /zampa-lovers/ZAMPAMA2.MPG HTTP/1.1" 206 60916 "-" "Mozilla/4.0 (compatible; MSIE 6.0; Windows NT 5.1; SV1; .NET CLR 1.1.4322)"
72.30.142.245 - - [06/Dec/2008:17:00:12 +0100] "GET /f-logz_old.html HTTP/1.0" 200 43773 "-" "Mozilla/5.0 (compatible; Yahoo! Slurp; http://help.yahoo.com/help/us/ysearch/slurp)"
58.30.183.144 - - [06/Dec/2008:17:12:55 +0100] "GET /favicon.ico HTTP/1.1" 404 2748 "-" "Mozilla/4.0 (compatible; GoogleToolbar 4.0.1606.6690-big; Windows XP 5.1; MSIE 6.0.2900.2180)"
58.30.183.144 - - [06/Dec/2008:17:12:56 +0100] "GET /favicon.gif HTTP/1.1" 404 2748 "-" "Mozilla/4.0 (compatible; GoogleToolbar 4.0.1606.6690-big; Windows XP 5.1; MSIE 6.0.2900.2180)"
65.55.211.181 - - [06/Dec/2008:17:44:17 +0100] "GET /frame-inhalt.html HTTP/1.1" 200 5418 "-" "msnbot/1.1 (+http://search.msn.com/msnbot.htm)"
67.195.37.107 - - [06/Dec/2008:17:45:11 +0100] "GET /neon/annniiii.html HTTP/1.0" 200 686 "-" "Mozilla/5.0 (compatible; Yahoo! Slurp; http://help.yahoo.com/help/us/ysearch/slurp)"
65.55.211.181 - - [06/Dec/2008:18:22:51 +0100] "GET /neon/code.html HTTP/1.1" 200 1109 "-" "msnbot/1.1 (+http://search.msn.com/msnbot.htm)"
66.249.65.169 - - [06/Dec/2008:18:25:45 +0100] "GET /framez-search.html HTTP/1.1" 200 4326 "-" "Mozilla/5.0 (compatible; Googlebot/2.1; +http://www.google.com/bot.html)"
68.180.139.114 - - [06/Dec/2008:19:25:00 +0100] "GET /robots.txt HTTP/1.0" 200 64 "-" "REAP-crawler Nutch/Nutch-1.0-dev (Reap Project; http://reap.cs.cmu.edu/REAP-crawler/; Reap Project)"
68.180.139.114 - - [06/Dec/2008:19:25:00 +0100] "GET /menue.html HTTP/1.0" 404 2748 "-" "REAP-crawler Nutch/Nutch-1.0-dev (Reap Project; http://reap.cs.cmu.edu/REAP-crawler/; Reap Project)"
82.99.30.71 - - [06/Dec/2008:19:26:10 +0100] "GET /bannerz/docubanner2.gif HTTP/1.0" 200 14804 "http://www.various-euro.com/f-sponsor.html" "Mozilla/4.0 (compatible; MSIE 6.0; Windows NT 5.1)"
82.99.30.71 - - [06/Dec/2008:19:26:10 +0100] "GET /bannerz/pavuokwui.gif HTTP/1.0" 200 82088 "http://www.various-euro.com/f-sponsor.html" "Mozilla/4.0 (compatible; MSIE 6.0; Windows NT 5.1)"
119.63.193.43 - - [06/Dec/2008:19:28:40 +0100] "GET /framez.html HTTP/1.1" 200 3959 "-" "Baiduspider+(+http://help.baidu.jp/system/05.html)"
119.63.193.43 - - [06/Dec/2008:19:28:41 +0100] "GET /frame-menu.html HTTP/1.1" 200 10536 "-" "Baiduspider+(+http://help.baidu.jp/system/05.html)"
119.63.193.43 - - [06/Dec/2008:19:28:42 +0100] "GET /frame-inhalt.html HTTP/1.1" 200 5418 "-" "Baiduspider+(+http://help.baidu.jp/system/05.html)"
119.63.193.43 - - [06/Dec/2008:19:28:42 +0100] "GET /frame-unten.html HTTP/1.1" 200 5308 "-" "Baiduspider+(+http://help.baidu.jp/system/05.html)"
67.195.37.107 - - [06/Dec/2008:19:35:02 +0100] "GET /zampa/montenegro/contributions.html HTTP/1.0" 200 18843 "-" "Mozilla/5.0 (compatible; Yahoo! Slurp; http://help.yahoo.com/help/us/ysearch/slurp)"
67.195.37.107 - - [06/Dec/2008:19:56:59 +0100] "GET /robots.txt HTTP/1.0" 200 64 "-" "Mozilla/5.0 (compatible; Yahoo! Slurp; http://help.yahoo.com/help/us/ysearch/slurp)"
67.195.37.107 - - [06/Dec/2008:19:57:00 +0100] "GET /DgH/rampe/index.html HTTP/1.0" 200 2056 "-" "Mozilla/5.0 (compatible; Yahoo! Slurp/3.0; http://help.yahoo.com/help/us/ysearch/slurp)"
67.195.37.107 - - [06/Dec/2008:19:57:00 +0100] "GET /DgH/rampe/pict/Rampe.mp3 HTTP/1.0" 200 8295 "http://www.various-euro.com/DgH/rampe/index.html" "Mozilla/5.0 (compatible; Yahoo! Slurp/3.0; http://help.yahoo.com/help/us/ysearch/slurp)"
67.195.37.107 - - [06/Dec/2008:20:02:03 +0100] "GET /f-logz_old.html HTTP/1.0" 200 43773 "-" "Mozilla/5.0 (compatible; Yahoo! Slurp; http://help.yahoo.com/help/us/ysearch/slurp)"
