70.134.212.80 - - [18/Jan/2009:19:57:43 +0100] "GET /frame-unten.html HTTP/1.1" 200 5308 "http://www.various-euro.com/framez-restate.html" "Mozilla/4.0 (compatible; MSIE 7.0; Windows NT 5.1; sbcydsl 3.12; yie6; iebar; FunWebProducts; .NET CLR 1.0.3705; .NET CLR 1.1.4322; .NET CLR 2.0.50727)"
70.134.212.80 - - [18/Jan/2009:19:57:43 +0100] "GET /style/various-euro.css HTTP/1.1" 200 3437 "http://www.various-euro.com/frame-menu.html" "Mozilla/4.0 (compatible; MSIE 7.0; Windows NT 5.1; sbcydsl 3.12; yie6; iebar; FunWebProducts; .NET CLR 1.0.3705; .NET CLR 1.1.4322; .NET CLR 2.0.50727)"
70.134.212.80 - - [18/Jan/2009:19:57:43 +0100] "GET /menueleiste.js HTTP/1.1" 404 2748 "http://www.various-euro.com/restate_copy.html" "Mozilla/4.0 (compatible; MSIE 7.0; Windows NT 5.1; sbcydsl 3.12; yie6; iebar; FunWebProducts; .NET CLR 1.0.3705; .NET CLR 1.1.4322; .NET CLR 2.0.50727)"
70.134.212.80 - - [18/Jan/2009:19:57:43 +0100] "GET /restate_copy.html HTTP/1.1" 200 97631 "http://www.various-euro.com/framez-restate.html" "Mozilla/4.0 (compatible; MSIE 7.0; Windows NT 5.1; sbcydsl 3.12; yie6; iebar; FunWebProducts; .NET CLR 1.0.3705; .NET CLR 1.1.4322; .NET CLR 2.0.50727)"
70.134.212.80 - - [18/Jan/2009:19:57:43 +0100] "GET /bannerz/ve.jpg HTTP/1.1" 200 36912 "http://www.various-euro.com/frame-unten.html" "Mozilla/4.0 (compatible; MSIE 7.0; Windows NT 5.1; sbcydsl 3.12; yie6; iebar; FunWebProducts; .NET CLR 1.0.3705; .NET CLR 1.1.4322; .NET CLR 2.0.50727)"
70.134.212.80 - - [18/Jan/2009:19:57:44 +0100] "GET /bannerz/various-euro-girl.jpg HTTP/1.1" 200 91514 "http://www.various-euro.com/frame-unten.html" "Mozilla/4.0 (compatible; MSIE 7.0; Windows NT 5.1; sbcydsl 3.12; yie6; iebar; FunWebProducts; .NET CLR 1.0.3705; .NET CLR 1.1.4322; .NET CLR 2.0.50727)"
70.134.212.80 - - [18/Jan/2009:19:57:45 +0100] "GET /ve-icon-2.ico HTTP/1.1" 200 2238 "-" "Mozilla/4.0 (compatible; MSIE 7.0; Windows NT 5.1; sbcydsl 3.12; yie6; iebar; FunWebProducts; .NET CLR 1.0.3705; .NET CLR 1.1.4322; .NET CLR 2.0.50727)"
70.134.212.80 - - [18/Jan/2009:19:57:55 +0100] "GET /menueleiste.js HTTP/1.1" 404 2748 "http://www.various-euro.com/restate_copy.html" "Mozilla/4.0 (compatible; MSIE 7.0; Windows NT 5.1; sbcydsl 3.12; yie6; iebar; FunWebProducts; .NET CLR 1.0.3705; .NET CLR 1.1.4322; .NET CLR 2.0.50727)"
70.134.212.80 - - [18/Jan/2009:19:57:56 +0100] "GET /framez-restate.html HTTP/1.1" 200 4328 "-" "Mozilla/4.0 (compatible; MSIE 7.0; Windows NT 5.1; sbcydsl 3.12; yie6; iebar; FunWebProducts; .NET CLR 1.0.3705; .NET CLR 1.1.4322; .NET CLR 2.0.50727)"
70.134.212.80 - - [18/Jan/2009:19:57:57 +0100] "GET /frame-menu.html HTTP/1.1" 200 10536 "http://www.various-euro.com/framez-restate.html" "Mozilla/4.0 (compatible; MSIE 7.0; Windows NT 5.1; sbcydsl 3.12; yie6; iebar; FunWebProducts; .NET CLR 1.0.3705; .NET CLR 1.1.4322; .NET CLR 2.0.50727)"
70.134.212.80 - - [18/Jan/2009:19:57:57 +0100] "GET /frame-unten.html HTTP/1.1" 200 5308 "http://www.various-euro.com/framez-restate.html" "Mozilla/4.0 (compatible; MSIE 7.0; Windows NT 5.1; sbcydsl 3.12; yie6; iebar; FunWebProducts; .NET CLR 1.0.3705; .NET CLR 1.1.4322; .NET CLR 2.0.50727)"
70.134.212.80 - - [18/Jan/2009:19:57:57 +0100] "GET /menueleiste.js HTTP/1.1" 404 2748 "http://www.various-euro.com/restate_copy.html" "Mozilla/4.0 (compatible; MSIE 7.0; Windows NT 5.1; sbcydsl 3.12; yie6; iebar; FunWebProducts; .NET CLR 1.0.3705; .NET CLR 1.1.4322; .NET CLR 2.0.50727)"
70.134.212.80 - - [18/Jan/2009:19:57:57 +0100] "GET /restate_copy.html HTTP/1.1" 200 97631 "http://www.various-euro.com/framez-restate.html" "Mozilla/4.0 (compatible; MSIE 7.0; Windows NT 5.1; sbcydsl 3.12; yie6; iebar; FunWebProducts; .NET CLR 1.0.3705; .NET CLR 1.1.4322; .NET CLR 2.0.50727)"
70.134.212.80 - - [18/Jan/2009:19:57:59 +0100] "GET /menueleiste.js HTTP/1.1" 404 2748 "http://www.various-euro.com/restate_copy.html" "Mozilla/4.0 (compatible; MSIE 7.0; Windows NT 5.1; sbcydsl 3.12; yie6; iebar; FunWebProducts; .NET CLR 1.0.3705; .NET CLR 1.1.4322; .NET CLR 2.0.50727)"
65.55.211.181 - - [18/Jan/2009:20:20:28 +0100] "GET /robots.txt HTTP/1.1" 200 64 "-" "msnbot/1.1 (+http://search.msn.com/msnbot.htm)"
65.55.211.181 - - [18/Jan/2009:20:20:28 +0100] "GET /logs/usage_200706.html HTTP/1.1" 200 107008 "-" "msnbot/1.1 (+http://search.msn.com/msnbot.htm)"
67.195.37.126 - - [18/Jan/2009:20:20:40 +0100] "GET /games/virtualcop/virtualcop.swf HTTP/1.0" 200 2563562 "-" "Mozilla/5.0 (compatible; Yahoo! Slurp/3.0; http://help.yahoo.com/help/us/ysearch/slurp)"
72.30.65.62 - - [18/Jan/2009:21:10:06 +0100] "GET /logs/usage_200711.html HTTP/1.0" 200 109628 "-" "Mozilla/5.0 (compatible; Yahoo! Slurp; http://help.yahoo.com/help/us/ysearch/slurp)"
66.249.65.169 - - [18/Jan/2009:21:25:04 +0100] "GET /neon/slow-walk2.html HTTP/1.1" 200 1777 "-" "Mozilla/5.0 (compatible; Googlebot/2.1; +http://www.google.com/bot.html)"
65.55.211.167 - - [18/Jan/2009:21:40:02 +0100] "GET /robots.txt HTTP/1.1" 200 64 "-" "msnbot/1.1 (+http://search.msn.com/msnbot.htm)"
65.55.211.167 - - [18/Jan/2009:21:40:03 +0100] "GET /f-other.html HTTP/1.1" 200 33189 "-" "msnbot/1.1 (+http://search.msn.com/msnbot.htm)"
65.55.211.173 - - [18/Jan/2009:21:48:37 +0100] "GET /robots.txt HTTP/1.1" 200 64 "-" "msnbot/1.1 (+http://search.msn.com/msnbot.htm)"
65.55.211.173 - - [18/Jan/2009:21:48:37 +0100] "GET /f-world.html HTTP/1.1" 200 35590 "-" "msnbot/1.1 (+http://search.msn.com/msnbot.htm)"
66.249.65.169 - - [18/Jan/2009:21:52:58 +0100] "GET /framez-zampa-lovers.html HTTP/1.1" 200 4322 "-" "Mozilla/5.0 (compatible; Googlebot/2.1; +http://www.google.com/bot.html)"
208.36.144.6 - - [18/Jan/2009:22:14:53 +0100] "GET /robots.txt HTTP/1.0" 302 363 "-" "Mozilla/5.0 (Twiceler-0.9 http://www.cuil.com/twiceler/robot.html)"
64.1.215.165 - - [18/Jan/2009:22:32:41 +0100] "GET / HTTP/1.0" 200 7869 "-" "Mozilla/5.0 (Twiceler-0.9 http://www.cuil.com/twiceler/robot.html)"
65.55.211.167 - - [18/Jan/2009:22:46:22 +0100] "GET /robots.txt HTTP/1.1" 200 64 "-" "msnbot/1.1 (+http://search.msn.com/msnbot.htm)"
65.55.211.167 - - [18/Jan/2009:22:46:22 +0100] "GET /neon/warning.html HTTP/1.1" 200 5134 "-" "msnbot/1.1 (+http://search.msn.com/msnbot.htm)"
72.30.65.62 - - [18/Jan/2009:22:46:23 +0100] "GET /robots.txt HTTP/1.0" 200 64 "-" "Mozilla/5.0 (compatible; Yahoo! Slurp; http://help.yahoo.com/help/us/ysearch/slurp)"
72.30.65.62 - - [18/Jan/2009:22:46:24 +0100] "GET /logs/usage_200609.html HTTP/1.0" 200 108989 "-" "Mozilla/5.0 (compatible; Yahoo! Slurp; http://help.yahoo.com/help/us/ysearch/slurp)"
66.249.65.169 - - [18/Jan/2009:22:48:52 +0100] "GET /f-rez.html HTTP/1.1" 200 9765 "-" "Mozilla/5.0 (compatible; Googlebot/2.1; +http://www.google.com/bot.html)"
66.249.65.169 - - [18/Jan/2009:23:06:45 +0100] "GET /neon/annniiii.html HTTP/1.1" 200 686 "-" "Mozilla/5.0 (compatible; Googlebot/2.1; +http://www.google.com/bot.html)"
67.195.37.107 - - [18/Jan/2009:23:14:39 +0100] "GET /robots.txt HTTP/1.0" 200 64 "-" "Mozilla/5.0 (compatible; Yahoo! Slurp; http://help.yahoo.com/help/us/ysearch/slurp)"
67.195.37.107 - - [18/Jan/2009:23:14:39 +0100] "GET / HTTP/1.0" 200 7869 "-" "Mozilla/5.0 (compatible; Yahoo! Slurp/3.0; http://help.yahoo.com/help/us/ysearch/slurp)"
67.195.37.107 - - [18/Jan/2009:23:14:40 +0100] "GET /style/various-euro.css HTTP/1.0" 200 3437 "http://various-euro.com/" "Mozilla/5.0 (compatible; Yahoo! Slurp/3.0; http://help.yahoo.com/help/us/ysearch/slurp)"
208.36.144.10 - - [18/Jan/2009:23:55:52 +0100] "GET / HTTP/1.0" 200 7869 "-" "Mozilla/5.0 (Twiceler-0.9 http://www.cuil.com/twiceler/robot.html)"
72.30.65.62 - - [18/Jan/2009:23:56:23 +0100] "GET /zampa/montenegro/SEKAW.html HTTP/1.0" 200 860 "-" "Mozilla/5.0 (compatible; Yahoo! Slurp; http://help.yahoo.com/help/us/ysearch/slurp)"
87.118.112.133 - - [18/Jan/2009:23:56:34 +0100] "GET /framez-schubb5.html HTTP/1.0" 200 4330 "-" "Mozilla/4.0 (compatible; MSIE 6.0; Windows NT 5.1; Q312461)"
87.118.112.133 - - [18/Jan/2009:23:56:34 +0100] "GET /frame-menu.html HTTP/1.0" 200 10536 "-" "Mozilla/4.0 (compatible; MSIE 6.0; Windows NT 5.1; Q312461)"
87.118.112.133 - - [18/Jan/2009:23:56:34 +0100] "GET /schubb/schubb-5.html HTTP/1.0" 200 72944 "-" "Mozilla/4.0 (compatible; MSIE 6.0; Windows NT 5.1; Q312461)"
87.118.112.133 - - [18/Jan/2009:23:56:34 +0100] "GET /frame-unten.html HTTP/1.0" 200 5308 "-" "Mozilla/4.0 (compatible; MSIE 6.0; Windows NT 5.1; Q312461)"
67.195.37.126 - - [19/Jan/2009:00:05:32 +0100] "GET /robots.txt HTTP/1.0" 200 64 "-" "Mozilla/5.0 (compatible; Yahoo! Slurp; http://help.yahoo.com/help/us/ysearch/slurp)"
67.195.37.126 - - [19/Jan/2009:00:05:32 +0100] "GET /framez_0.html HTTP/1.0" 200 12444 "-" "Mozilla/5.0 (compatible; Yahoo! Slurp/3.0; http://help.yahoo.com/help/us/ysearch/slurp)"
67.195.37.126 - - [19/Jan/2009:00:07:02 +0100] "GET /frame-unten.html HTTP/1.0" 200 5308 "-" "Mozilla/5.0 (compatible; Yahoo! Slurp/3.0; http://help.yahoo.com/help/us/ysearch/slurp)"
72.30.65.62 - - [19/Jan/2009:00:15:27 +0100] "GET /framez_0.html HTTP/1.0" 200 12444 "-" "Mozilla/5.0 (compatible; Yahoo! Slurp; http://help.yahoo.com/help/us/ysearch/slurp)"
72.30.65.62 - - [19/Jan/2009:01:13:07 +0100] "GET /logs/usage_200710.html HTTP/1.0" 200 110952 "-" "Mozilla/5.0 (compatible; Yahoo! Slurp; http://help.yahoo.com/help/us/ysearch/slurp)"
220.248.224.54 - - [19/Jan/2009:01:43:34 +0100] "GET / HTTP/1.0" 200 7869 "http://juffiao.tripod.com/index.html" "Mozilla/5.0 (Windows; U; Windows NT 5.1; en-US; rv:1.7.12) Gecko/20050915 Firefox/1.0.7"
220.248.224.54 - - [19/Jan/2009:01:43:37 +0100] "GET / HTTP/1.0" 200 7869 "http://juffiao.tripod.com/index.html" "Mozilla/5.0 (Windows; U; Windows NT 5.1; en-US; rv:1.7.12) Gecko/20050915 Firefox/1.0.7"
220.248.224.54 - - [19/Jan/2009:01:43:39 +0100] "GET / HTTP/1.0" 200 7869 "http://juffiao.tripod.com/index.html" "Mozilla/5.0 (Windows; U; Windows NT 5.1; en-US; rv:1.7.12) Gecko/20050915 Firefox/1.0.7"
220.248.224.54 - - [19/Jan/2009:01:43:42 +0100] "GET / HTTP/1.0" 200 7869 "http://juffiao.tripod.com/index.html" "Mozilla/5.0 (Windows; U; Windows NT 5.1; en-US; rv:1.7.12) Gecko/20050915 Firefox/1.0.7"
76.204.144.106 - - [19/Jan/2009:01:44:03 +0100] "GET / HTTP/1.0" 200 7869 "http://yiuggpi.tripod.com/index.html" "Mozilla/5.0 (Windows; U; Windows NT 5.1; en-US; rv:1.9a1) Gecko/20060612 Minefield/3.0a1"
76.204.144.106 - - [19/Jan/2009:01:44:16 +0100] "GET / HTTP/1.0" 200 7869 "http://yiuggpi.tripod.com/index.html" "Mozilla/5.0 (Windows; U; Windows NT 5.1; en-US; rv:1.9a1) Gecko/20060612 Minefield/3.0a1"
76.204.144.106 - - [19/Jan/2009:01:44:22 +0100] "GET / HTTP/1.0" 200 7869 "http://yiuggpi.tripod.com/index.html" "Mozilla/5.0 (Windows; U; Windows NT 5.1; en-US; rv:1.9a1) Gecko/20060612 Minefield/3.0a1"
76.204.144.106 - - [19/Jan/2009:01:44:44 +0100] "GET / HTTP/1.0" 200 7869 "http://yiuggpi.tripod.com/index.html" "Mozilla/5.0 (Windows; U; Windows NT 5.1; en-US; rv:1.9a1) Gecko/20060612 Minefield/3.0a1"
66.249.65.169 - - [19/Jan/2009:01:49:24 +0100] "GET /framez-dbrau.html HTTP/1.1" 200 4313 "-" "Mozilla/5.0 (compatible; Googlebot/2.1; +http://www.google.com/bot.html)"
67.195.37.108 - - [19/Jan/2009:01:59:31 +0100] "GET /robots.txt HTTP/1.0" 200 64 "-" "Mozilla/5.0 (compatible; Yahoo! Slurp; http://help.yahoo.com/help/us/ysearch/slurp)"
67.195.37.108 - - [19/Jan/2009:01:59:32 +0100] "GET /f-warez.html HTTP/1.0" 200 10953 "-" "Mozilla/5.0 (compatible; Yahoo! Slurp/3.0; http://help.yahoo.com/help/us/ysearch/slurp)"
67.195.37.108 - - [19/Jan/2009:02:06:18 +0100] "GET /games/virtualcop/virtualcop.html HTTP/1.0" 200 4487 "-" "Mozilla/5.0 (compatible; Yahoo! Slurp/3.0; http://help.yahoo.com/help/us/ysearch/slurp)"
64.1.215.165 - - [19/Jan/2009:02:18:52 +0100] "GET / HTTP/1.0" 200 7869 "-" "Mozilla/5.0 (Twiceler-0.9 http://www.cuil.com/twiceler/robot.html)"
129.187.148.244 - - [19/Jan/2009:02:28:12 +0100] "GET / HTTP/1.0" 200 7869 "http://www.google.de" "Mozilla/4.7 [de] (WinNT; I) [Netscape]"
129.187.148.244 - - [19/Jan/2009:02:28:12 +0100] "GET /robots.txt HTTP/1.1" 200 64 "http://www.various-euro.com" "Mozilla/4.7 [de] (WinNT; I) [Netscape]"
129.187.148.244 - - [19/Jan/2009:02:28:14 +0100] "GET /framez.html HTTP/1.0" 200 3959 "http://www.google.de" "Mozilla/4.7 [de] (WinNT; I) [Netscape]"
129.187.148.244 - - [19/Jan/2009:02:28:14 +0100] "GET /frame-menu.html HTTP/1.0" 200 10536 "http://www.google.de" "Mozilla/4.7 [de] (WinNT; I) [Netscape]"
129.187.148.244 - - [19/Jan/2009:02:28:14 +0100] "GET /frame-unten.html HTTP/1.0" 200 5308 "http://www.google.de" "Mozilla/4.7 [de] (WinNT; I) [Netscape]"
129.187.148.244 - - [19/Jan/2009:02:28:14 +0100] "GET /frame-inhalt.html HTTP/1.0" 200 5418 "http://www.google.de" "Mozilla/4.7 [de] (WinNT; I) [Netscape]"
129.187.148.244 - - [19/Jan/2009:02:28:14 +0100] "GET /f-contact.html HTTP/1.0" 200 6804 "http://www.google.de" "Mozilla/4.7 [de] (WinNT; I) [Netscape]"
129.187.148.244 - - [19/Jan/2009:02:28:15 +0100] "GET /zampa-lovers/index.html HTTP/1.0" 200 37790 "http://www.google.de" "Mozilla/4.7 [de] (WinNT; I) [Netscape]"
129.187.148.244 - - [19/Jan/2009:02:28:15 +0100] "GET /partnergegenberlin.html HTTP/1.0" 200 5022 "http://www.google.de" "Mozilla/4.7 [de] (WinNT; I) [Netscape]"
129.187.148.244 - - [19/Jan/2009:02:28:15 +0100] "GET /framez-pgb.html HTTP/1.0" 200 4336 "http://www.google.de" "Mozilla/4.7 [de] (WinNT; I) [Netscape]"
129.187.148.244 - - [19/Jan/2009:02:28:15 +0100] "GET /framez-contact.html HTTP/1.0" 200 4325 "http://www.google.de" "Mozilla/4.7 [de] (WinNT; I) [Netscape]"
129.187.148.244 - - [19/Jan/2009:02:28:15 +0100] "GET /framez-zampa-lovers.html HTTP/1.0" 200 4322 "http://www.google.de" "Mozilla/4.7 [de] (WinNT; I) [Netscape]"
129.187.148.244 - - [19/Jan/2009:02:28:15 +0100] "GET /logs/ HTTP/1.0" 200 10079 "http://www.google.de" "Mozilla/4.7 [de] (WinNT; I) [Netscape]"
67.195.37.108 - - [19/Jan/2009:02:44:58 +0100] "GET /neon/code.html HTTP/1.0" 200 1109 "-" "Mozilla/5.0 (compatible; Yahoo! Slurp/3.0; http://help.yahoo.com/help/us/ysearch/slurp)"
66.249.65.169 - - [19/Jan/2009:02:47:04 +0100] "GET /f-logz_old.html HTTP/1.1" 200 43773 "-" "Mozilla/5.0 (compatible; Googlebot/2.1; +http://www.google.com/bot.html)"
67.195.37.108 - - [19/Jan/2009:02:48:23 +0100] "GET /bmpp/18.html HTTP/1.0" 200 4467 "-" "Mozilla/5.0 (compatible; Yahoo! Slurp; http://help.yahoo.com/help/us/ysearch/slurp)"
66.249.65.169 - - [19/Jan/2009:03:11:48 +0100] "GET /framez-sponsor.html HTTP/1.1" 200 4325 "-" "Mozilla/5.0 (compatible; Googlebot/2.1; +http://www.google.com/bot.html)"
189.137.140.137 - - [19/Jan/2009:03:12:06 +0100] "GET /ccbill/index.php HTTP/1.1" 404 2748 "http://various-euro.com/ccbill/index.php" "Mozilla/4.0 (compatible; MSIE 6.0; Windows NT 5.1)"
208.80.194.50 - - [19/Jan/2009:04:00:23 +0100] "GET / HTTP/1.0" 200 7869 "-" "Mozilla/4.0 (compatible; MSIE 7.0; Windows NT 5.1; elertz 2.4.010; .NET CLR 2.0.50727; .NET CLR 1.1.4322)"
208.80.194.50 - - [19/Jan/2009:04:00:23 +0100] "GET / HTTP/1.0" 200 7869 "-" "Mozilla/4.0 (compatible; MSIE 6.0; Windows NT 5.1; {6FBCE1A8-CDFC-5B37-9296-C58768EEA33A}; .NET CLR 1.1.4322)"
66.249.65.169 - - [19/Jan/2009:04:01:11 +0100] "GET /f-sponsor.html HTTP/1.1" 200 8578 "-" "Mozilla/5.0 (compatible; Googlebot/2.1; +http://www.google.com/bot.html)"
87.118.112.133 - - [19/Jan/2009:04:05:03 +0100] "GET /framez-schubb5.html HTTP/1.0" 200 4330 "http://www.various-euro.com/framez-schubb5.html" "Mozilla/4.0 (compatible; MSIE 6.0; Windows 98; Win 9x 4.90)"
66.249.65.169 - - [19/Jan/2009:04:11:27 +0100] "GET /robots.txt HTTP/1.1" 200 64 "-" "Mozilla/5.0 (compatible; Googlebot/2.1; +http://www.google.com/bot.html)"
66.249.65.169 - - [19/Jan/2009:04:11:27 +0100] "GET /prog.html HTTP/1.1" 404 2748 "-" "Mozilla/5.0 (compatible; Googlebot/2.1; +http://www.google.com/bot.html)"
66.249.65.169 - - [19/Jan/2009:04:11:32 +0100] "GET /moz_menue.html HTTP/1.1" 404 2748 "-" "Mozilla/5.0 (compatible; Googlebot/2.1; +http://www.google.com/bot.html)"
66.249.65.169 - - [19/Jan/2009:04:11:36 +0100] "GET /news.html HTTP/1.1" 404 2748 "-" "Mozilla/5.0 (compatible; Googlebot/2.1; +http://www.google.com/bot.html)"
66.249.65.169 - - [19/Jan/2009:04:11:40 +0100] "GET /ie_menue.html HTTP/1.1" 404 2748 "-" "Mozilla/5.0 (compatible; Googlebot/2.1; +http://www.google.com/bot.html)"
65.55.211.168 - - [19/Jan/2009:04:29:23 +0100] "GET /robots.txt HTTP/1.1" 200 64 "-" "msnbot/1.1 (+http://search.msn.com/msnbot.htm)"
65.55.211.168 - - [19/Jan/2009:04:29:23 +0100] "GET /frame-menu.html HTTP/1.1" 200 10536 "-" "msnbot/1.1 (+http://search.msn.com/msnbot.htm)"
72.30.65.62 - - [19/Jan/2009:04:41:00 +0100] "GET /f-euro.html HTTP/1.0" 200 12203 "-" "Mozilla/5.0 (compatible; Yahoo! Slurp; http://help.yahoo.com/help/us/ysearch/slurp)"
66.249.65.169 - - [19/Jan/2009:04:42:23 +0100] "GET /neon/channel.html HTTP/1.1" 200 1942 "-" "Mozilla/5.0 (compatible; Googlebot/2.1; +http://www.google.com/bot.html)"
66.249.65.169 - - [19/Jan/2009:05:07:07 +0100] "GET /logs/usage_200706.html HTTP/1.1" 200 107008 "-" "Mozilla/5.0 (compatible; Googlebot/2.1; +http://www.google.com/bot.html)"
87.118.112.133 - - [19/Jan/2009:05:22:32 +0100] "GET /framez-schubb5.html HTTP/1.0" 200 4330 "http://www.various-euro.com/framez-schubb5.html" "Mozilla/4.0 (compatible; MSIE 6.0; Windows 98; Win 9x 4.90)"
66.249.65.169 - - [19/Jan/2009:05:23:34 +0100] "GET /zampa/lybia/index.html HTTP/1.1" 200 3036 "-" "Mozilla/5.0 (compatible; Googlebot/2.1; +http://www.google.com/bot.html)"
65.55.211.173 - - [19/Jan/2009:05:24:20 +0100] "GET /robots.txt HTTP/1.1" 200 64 "-" "msnbot/1.1 (+http://search.msn.com/msnbot.htm)"
65.55.211.173 - - [19/Jan/2009:05:24:20 +0100] "GET /schubb/schubb-1.html HTTP/1.1" 200 9070 "-" "msnbot/1.1 (+http://search.msn.com/msnbot.htm)"
67.195.37.157 - - [19/Jan/2009:05:28:23 +0100] "GET /robots.txt HTTP/1.0" 200 64 "-" "Mozilla/5.0 (compatible; Yahoo! Slurp; http://help.yahoo.com/help/us/ysearch/slurp)"
67.195.37.157 - - [19/Jan/2009:05:28:23 +0100] "GET /neon/girlz2.html HTTP/1.0" 200 2937 "-" "Mozilla/5.0 (compatible; Yahoo! Slurp/3.0; http://help.yahoo.com/help/us/ysearch/slurp)"
67.195.37.157 - - [19/Jan/2009:05:34:53 +0100] "GET /your_tour.html HTTP/1.0" 200 29760 "-" "Mozilla/5.0 (compatible; Yahoo! Slurp/3.0; http://help.yahoo.com/help/us/ysearch/slurp)"
67.195.37.157 - - [19/Jan/2009:05:34:53 +0100] "GET /anon.css HTTP/1.0" 404 2748 "http://www.various-euro.com/your_tour.html" "Mozilla/5.0 (compatible; Yahoo! Slurp/3.0; http://help.yahoo.com/help/us/ysearch/slurp)"
67.195.37.157 - - [19/Jan/2009:05:43:28 +0100] "GET /anon.css HTTP/1.0" 404 2748 "http://www.various-euro.com/your_tour.html" "Mozilla/5.0 (compatible; Yahoo! Slurp/3.0; http://help.yahoo.com/help/us/ysearch/slurp)"
67.195.37.157 - - [19/Jan/2009:06:01:35 +0100] "GET /f-horrorkatze.html HTTP/1.0" 200 7865 "-" "Mozilla/5.0 (compatible; Yahoo! Slurp; http://help.yahoo.com/help/us/ysearch/slurp)"
66.43.205.9 - - [19/Jan/2009:06:16:25 +0100] "GET / HTTP/1.1" 200 7869 "http://www.randomwebsite.com/" "Mozilla/5.0 (X11; U; Linux i686; en-US; rv:1.9.0.5) Gecko/2008121711 Ubuntu/9.04 (jaunty) Firefox/3.0.5"
66.43.205.9 - - [19/Jan/2009:06:16:26 +0100] "GET /ve-icon-2.ico HTTP/1.1" 200 2238 "-" "Mozilla/5.0 (X11; U; Linux i686; en-US; rv:1.9.0.5) Gecko/2008121711 Ubuntu/9.04 (jaunty) Firefox/3.0.5"
66.43.205.9 - - [19/Jan/2009:06:16:26 +0100] "GET /style/various-euro.css HTTP/1.1" 200 3437 "http://www.various-euro.com/" "Mozilla/5.0 (X11; U; Linux i686; en-US; rv:1.9.0.5) Gecko/2008121711 Ubuntu/9.04 (jaunty) Firefox/3.0.5"
66.43.205.9 - - [19/Jan/2009:06:16:26 +0100] "GET /framez_0.html HTTP/1.1" 200 12444 "http://www.various-euro.com/" "Mozilla/5.0 (X11; U; Linux i686; en-US; rv:1.9.0.5) Gecko/2008121711 Ubuntu/9.04 (jaunty) Firefox/3.0.5"
66.43.205.9 - - [19/Jan/2009:06:16:28 +0100] "GET /framez.html HTTP/1.1" 200 3959 "http://www.various-euro.com/framez_0.html" "Mozilla/5.0 (X11; U; Linux i686; en-US; rv:1.9.0.5) Gecko/2008121711 Ubuntu/9.04 (jaunty) Firefox/3.0.5"
66.43.205.9 - - [19/Jan/2009:06:16:29 +0100] "GET /frame-menu.html HTTP/1.1" 200 10536 "http://www.various-euro.com/framez.html" "Mozilla/5.0 (X11; U; Linux i686; en-US; rv:1.9.0.5) Gecko/2008121711 Ubuntu/9.04 (jaunty) Firefox/3.0.5"
66.43.205.9 - - [19/Jan/2009:06:16:29 +0100] "GET /frame-inhalt.html HTTP/1.1" 200 5418 "http://www.various-euro.com/framez.html" "Mozilla/5.0 (X11; U; Linux i686; en-US; rv:1.9.0.5) Gecko/2008121711 Ubuntu/9.04 (jaunty) Firefox/3.0.5"
66.43.205.9 - - [19/Jan/2009:06:16:29 +0100] "GET /frame-unten.html HTTP/1.1" 200 5308 "http://www.various-euro.com/framez.html" "Mozilla/5.0 (X11; U; Linux i686; en-US; rv:1.9.0.5) Gecko/2008121711 Ubuntu/9.04 (jaunty) Firefox/3.0.5"
66.43.205.9 - - [19/Jan/2009:06:16:29 +0100] "GET /bannerz/neon_click_3.gif HTTP/1.1" 200 240 "http://www.various-euro.com/frame-inhalt.html" "Mozilla/5.0 (X11; U; Linux i686; en-US; rv:1.9.0.5) Gecko/2008121711 Ubuntu/9.04 (jaunty) Firefox/3.0.5"
66.43.205.9 - - [19/Jan/2009:06:16:30 +0100] "GET /eurosign3.gif HTTP/1.1" 200 7879 "http://www.various-euro.com/frame-inhalt.html" "Mozilla/5.0 (X11; U; Linux i686; en-US; rv:1.9.0.5) Gecko/2008121711 Ubuntu/9.04 (jaunty) Firefox/3.0.5"
66.43.205.9 - - [19/Jan/2009:06:16:30 +0100] "GET /bannerz/neon_click_1.gif HTTP/1.1" 200 890 "http://www.various-euro.com/frame-inhalt.html" "Mozilla/5.0 (X11; U; Linux i686; en-US; rv:1.9.0.5) Gecko/2008121711 Ubuntu/9.04 (jaunty) Firefox/3.0.5"
66.43.205.9 - - [19/Jan/2009:06:16:29 +0100] "GET /bannerz/ve.jpg HTTP/1.1" 200 36912 "http://www.various-euro.com/frame-unten.html" "Mozilla/5.0 (X11; U; Linux i686; en-US; rv:1.9.0.5) Gecko/2008121711 Ubuntu/9.04 (jaunty) Firefox/3.0.5"
66.43.205.9 - - [19/Jan/2009:06:16:30 +0100] "GET /bannerz/wet.gif HTTP/1.1" 200 18561 "http://www.various-euro.com/frame-inhalt.html" "Mozilla/5.0 (X11; U; Linux i686; en-US; rv:1.9.0.5) Gecko/2008121711 Ubuntu/9.04 (jaunty) Firefox/3.0.5"
66.43.205.9 - - [19/Jan/2009:06:16:30 +0100] "GET /bannerz/neon_click_2.gif HTTP/1.1" 200 387 "http://www.various-euro.com/frame-inhalt.html" "Mozilla/5.0 (X11; U; Linux i686; en-US; rv:1.9.0.5) Gecko/2008121711 Ubuntu/9.04 (jaunty) Firefox/3.0.5"
66.43.205.9 - - [19/Jan/2009:06:16:29 +0100] "GET /bannerz/goolag_468.jpg HTTP/1.1" 200 28285 "http://www.various-euro.com/frame-inhalt.html" "Mozilla/5.0 (X11; U; Linux i686; en-US; rv:1.9.0.5) Gecko/2008121711 Ubuntu/9.04 (jaunty) Firefox/3.0.5"
66.43.205.9 - - [19/Jan/2009:06:16:30 +0100] "GET /bannerz/douwil.gif HTTP/1.1" 200 528 "http://www.various-euro.com/frame-inhalt.html" "Mozilla/5.0 (X11; U; Linux i686; en-US; rv:1.9.0.5) Gecko/2008121711 Ubuntu/9.04 (jaunty) Firefox/3.0.5"
66.43.205.9 - - [19/Jan/2009:06:16:30 +0100] "GET /bannerz/anti_black_small.gif HTTP/1.1" 200 1009 "http://www.various-euro.com/frame-inhalt.html" "Mozilla/5.0 (X11; U; Linux i686; en-US; rv:1.9.0.5) Gecko/2008121711 Ubuntu/9.04 (jaunty) Firefox/3.0.5"
66.43.205.9 - - [19/Jan/2009:06:16:30 +0100] "GET /bannerz/copyleft_black_small.gif HTTP/1.1" 200 1231 "http://www.various-euro.com/frame-inhalt.html" "Mozilla/5.0 (X11; U; Linux i686; en-US; rv:1.9.0.5) Gecko/2008121711 Ubuntu/9.04 (jaunty) Firefox/3.0.5"
66.43.205.9 - - [19/Jan/2009:06:16:30 +0100] "GET /bannerz/google/Logo_40blk.gif HTTP/1.1" 200 2308 "http://www.various-euro.com/frame-inhalt.html" "Mozilla/5.0 (X11; U; Linux i686; en-US; rv:1.9.0.5) Gecko/2008121711 Ubuntu/9.04 (jaunty) Firefox/3.0.5"
66.43.205.9 - - [19/Jan/2009:06:16:29 +0100] "GET /bannerz/various-euro-girl.jpg HTTP/1.1" 200 91514 "http://www.various-euro.com/frame-unten.html" "Mozilla/5.0 (X11; U; Linux i686; en-US; rv:1.9.0.5) Gecko/2008121711 Ubuntu/9.04 (jaunty) Firefox/3.0.5"
67.195.37.155 - - [19/Jan/2009:06:55:54 +0100] "GET /robots.txt HTTP/1.0" 200 64 "-" "Mozilla/5.0 (compatible; Yahoo! Slurp; http://help.yahoo.com/help/us/ysearch/slurp)"
67.195.37.155 - - [19/Jan/2009:06:55:54 +0100] "GET /schubb/schubb-4.html HTTP/1.0" 200 17746 "-" "Mozilla/5.0 (compatible; Yahoo! Slurp; http://help.yahoo.com/help/us/ysearch/slurp)"
66.249.65.169 - - [19/Jan/2009:07:10:44 +0100] "GET /robots.txt HTTP/1.1" 302 363 "-" "Mozilla/5.0 (compatible; Googlebot/2.1; +http://www.google.com/bot.html)"
66.249.65.169 - - [19/Jan/2009:07:10:45 +0100] "GET /zampa/robots.txt HTTP/1.1" 404 2748 "-" "Mozilla/5.0 (compatible; Googlebot/2.1; +http://www.google.com/bot.html)"
66.249.65.169 - - [19/Jan/2009:07:10:45 +0100] "GET /lybia/index.html HTTP/1.1" 302 369 "-" "Mozilla/5.0 (compatible; Googlebot/2.1; +http://www.google.com/bot.html)"
66.249.65.169 - - [19/Jan/2009:07:10:45 +0100] "GET /robots.txt HTTP/1.1" 200 64 "-" "Mozilla/5.0 (compatible; Googlebot/2.1; +http://www.google.com/bot.html)"
72.30.65.62 - - [19/Jan/2009:07:37:33 +0100] "GET /framez-rez.html HTTP/1.0" 200 4323 "-" "Mozilla/5.0 (compatible; Yahoo! Slurp/3.0; http://help.yahoo.com/help/us/ysearch/slurp)"
72.30.65.62 - - [19/Jan/2009:07:37:35 +0100] "GET /frame-unten.html HTTP/1.0" 200 5308 "http://www.various-euro.com/framez-rez.html" "Mozilla/5.0 (compatible; Yahoo! Slurp/3.0; http://help.yahoo.com/help/us/ysearch/slurp)"
72.30.65.62 - - [19/Jan/2009:07:37:35 +0100] "GET /frame-menu.html HTTP/1.0" 200 10536 "http://www.various-euro.com/framez-rez.html" "Mozilla/5.0 (compatible; Yahoo! Slurp/3.0; http://help.yahoo.com/help/us/ysearch/slurp)"
72.30.65.62 - - [19/Jan/2009:07:37:35 +0100] "GET /f-rez.html HTTP/1.0" 200 9765 "http://www.various-euro.com/framez-rez.html" "Mozilla/5.0 (compatible; Yahoo! Slurp/3.0; http://help.yahoo.com/help/us/ysearch/slurp)"
72.30.65.62 - - [19/Jan/2009:07:37:38 +0100] "GET /style/various-euro.css HTTP/1.0" 304 - "http://www.various-euro.com/frame-menu.html" "Mozilla/5.0 (compatible; Yahoo! Slurp/3.0; http://help.yahoo.com/help/us/ysearch/slurp)"
87.118.112.133 - - [19/Jan/2009:07:46:03 +0100] "GET /framez-schubb5.html HTTP/1.0" 200 4330 "http://www.various-euro.com/framez-schubb5.html" "Mozilla/4.0 (compatible; MSIE 6.0; Windows 98; Win 9x 4.90)"
72.30.65.62 - - [19/Jan/2009:08:02:58 +0100] "GET /neon/left-one-new.html HTTP/1.0" 200 1483 "-" "Mozilla/5.0 (compatible; Yahoo! Slurp; http://help.yahoo.com/help/us/ysearch/slurp)"
62.101.65.29 - - [19/Jan/2009:08:12:58 +0100] "GET / HTTP/1.1" 302 353 "http://www.google.it/search?q=zampa+di+leone&ie=utf-8&oe=utf-8&aq=t&rls=org.mozilla:it:official&client=firefox-a" "Mozilla/5.0 (Windows; U; Windows NT 5.1; it; rv:1.9.0.5) Gecko/2008120122 Firefox/3.0.5"
62.101.65.29 - - [19/Jan/2009:08:12:58 +0100] "GET /zampa/ HTTP/1.1" 200 7153 "http://www.google.it/search?q=zampa+di+leone&ie=utf-8&oe=utf-8&aq=t&rls=org.mozilla:it:official&client=firefox-a" "Mozilla/5.0 (Windows; U; Windows NT 5.1; it; rv:1.9.0.5) Gecko/2008120122 Firefox/3.0.5"
62.101.65.29 - - [19/Jan/2009:08:12:58 +0100] "GET /zampa/slike/udupetu.gif HTTP/1.1" 200 4138 "http://www.various-euro.com/zampa/" "Mozilla/5.0 (Windows; U; Windows NT 5.1; it; rv:1.9.0.5) Gecko/2008120122 Firefox/3.0.5"
62.101.65.29 - - [19/Jan/2009:08:12:58 +0100] "GET /zampa/slike/zampa.gif HTTP/1.1" 200 5310 "http://www.various-euro.com/zampa/" "Mozilla/5.0 (Windows; U; Windows NT 5.1; it; rv:1.9.0.5) Gecko/2008120122 Firefox/3.0.5"
62.101.65.29 - - [19/Jan/2009:08:12:58 +0100] "GET /zampa/slike/inthearse.gif HTTP/1.1" 200 4077 "http://www.various-euro.com/zampa/" "Mozilla/5.0 (Windows; U; Windows NT 5.1; it; rv:1.9.0.5) Gecko/2008120122 Firefox/3.0.5"
62.101.65.29 - - [19/Jan/2009:08:12:59 +0100] "GET /favicon.ico HTTP/1.1" 404 2748 "-" "Mozilla/5.0 (Windows; U; Windows NT 5.1; it; rv:1.9.0.5) Gecko/2008120122 Firefox/3.0.5"
62.101.65.29 - - [19/Jan/2009:08:13:02 +0100] "GET /favicon.ico HTTP/1.1" 404 2748 "-" "Mozilla/5.0 (Windows; U; Windows NT 5.1; it; rv:1.9.0.5) Gecko/2008120122 Firefox/3.0.5"
62.101.65.29 - - [19/Jan/2009:08:13:10 +0100] "GET /zampa/slike/E3VAMPIR.GIF HTTP/1.1" 200 52553 "http://www.various-euro.com/zampa/" "Mozilla/5.0 (Windows; U; Windows NT 5.1; it; rv:1.9.0.5) Gecko/2008120122 Firefox/3.0.5"
62.101.65.29 - - [19/Jan/2009:08:13:24 +0100] "GET /zampa/wonderland/index.html HTTP/1.1" 200 2084 "http://www.various-euro.com/zampa/" "Mozilla/5.0 (Windows; U; Windows NT 5.1; it; rv:1.9.0.5) Gecko/2008120122 Firefox/3.0.5"
62.101.65.29 - - [19/Jan/2009:08:13:25 +0100] "GET /zampa/wonderland/TWonder.gif HTTP/1.1" 200 76757 "http://www.various-euro.com/zampa/wonderland/index.html" "Mozilla/5.0 (Windows; U; Windows NT 5.1; it; rv:1.9.0.5) Gecko/2008120122 Firefox/3.0.5"
62.101.65.29 - - [19/Jan/2009:08:14:28 +0100] "GET /zampa/lybia/index.html HTTP/1.1" 200 3036 "http://www.various-euro.com/zampa/" "Mozilla/5.0 (Windows; U; Windows NT 5.1; it; rv:1.9.0.5) Gecko/2008120122 Firefox/3.0.5"
62.101.65.29 - - [19/Jan/2009:08:14:28 +0100] "GET /zampa/lybia/slike/tele.jpg HTTP/1.1" 200 28022 "http://www.various-euro.com/zampa/lybia/index.html" "Mozilla/5.0 (Windows; U; Windows NT 5.1; it; rv:1.9.0.5) Gecko/2008120122 Firefox/3.0.5"
62.101.65.29 - - [19/Jan/2009:08:14:39 +0100] "GET /zampa/slike/E1TITEL.GIF HTTP/1.1" 200 16284 "http://www.various-euro.com/zampa/" "Mozilla/5.0 (Windows; U; Windows NT 5.1; it; rv:1.9.0.5) Gecko/2008120122 Firefox/3.0.5"
62.101.65.29 - - [19/Jan/2009:08:14:52 +0100] "GET /zampa/slike/E2COPY.GIF HTTP/1.1" 200 10416 "http://www.various-euro.com/zampa/" "Mozilla/5.0 (Windows; U; Windows NT 5.1; it; rv:1.9.0.5) Gecko/2008120122 Firefox/3.0.5"
62.101.65.29 - - [19/Jan/2009:08:14:59 +0100] "GET /zampa/slike/E4IRWIN.GIF HTTP/1.1" 200 53174 "http://www.various-euro.com/zampa/" "Mozilla/5.0 (Windows; U; Windows NT 5.1; it; rv:1.9.0.5) Gecko/2008120122 Firefox/3.0.5"
62.101.65.29 - - [19/Jan/2009:08:15:06 +0100] "GET /zampa/slike/E6BIENNI.GIF HTTP/1.1" 200 33736 "http://www.various-euro.com/zampa/" "Mozilla/5.0 (Windows; U; Windows NT 5.1; it; rv:1.9.0.5) Gecko/2008120122 Firefox/3.0.5"
62.101.65.29 - - [19/Jan/2009:08:16:27 +0100] "GET /zampa/slike/E8CURATO.GIF HTTP/1.1" 200 15386 "http://www.various-euro.com/zampa/" "Mozilla/5.0 (Windows; U; Windows NT 5.1; it; rv:1.9.0.5) Gecko/2008120122 Firefox/3.0.5"
62.101.65.29 - - [19/Jan/2009:08:16:38 +0100] "GET /zampa/slike/E7MEDIAA.GIF HTTP/1.1" 200 44716 "http://www.various-euro.com/zampa/" "Mozilla/5.0 (Windows; U; Windows NT 5.1; it; rv:1.9.0.5) Gecko/2008120122 Firefox/3.0.5"
62.101.65.29 - - [19/Jan/2009:08:17:24 +0100] "GET /zampa/slike/E5UROSTO.GIF HTTP/1.1" 200 42690 "http://www.various-euro.com/zampa/" "Mozilla/5.0 (Windows; U; Windows NT 5.1; it; rv:1.9.0.5) Gecko/2008120122 Firefox/3.0.5"
62.101.65.29 - - [19/Jan/2009:08:18:23 +0100] "GET /zampa/montenegro/dajpare.html HTTP/1.1" 200 2503 "http://www.various-euro.com/zampa/" "Mozilla/5.0 (Windows; U; Windows NT 5.1; it; rv:1.9.0.5) Gecko/2008120122 Firefox/3.0.5"
62.101.65.29 - - [19/Jan/2009:08:18:23 +0100] "GET /zampa/montenegro/slike/TESLAW.jpg HTTP/1.1" 200 3770 "http://www.various-euro.com/zampa/montenegro/dajpare.html" "Mozilla/5.0 (Windows; U; Windows NT 5.1; it; rv:1.9.0.5) Gecko/2008120122 Firefox/3.0.5"
62.101.65.29 - - [19/Jan/2009:08:18:23 +0100] "GET /zampa/montenegro/slike/SEKAW.jpg HTTP/1.1" 200 2786 "http://www.various-euro.com/zampa/montenegro/dajpare.html" "Mozilla/5.0 (Windows; U; Windows NT 5.1; it; rv:1.9.0.5) Gecko/2008120122 Firefox/3.0.5"
62.101.65.29 - - [19/Jan/2009:08:18:23 +0100] "GET /zampa/montenegro/slike/BATAW.jpg HTTP/1.1" 200 2631 "http://www.various-euro.com/zampa/montenegro/dajpare.html" "Mozilla/5.0 (Windows; U; Windows NT 5.1; it; rv:1.9.0.5) Gecko/2008120122 Firefox/3.0.5"
62.101.65.29 - - [19/Jan/2009:08:18:23 +0100] "GET /zampa/montenegro/slike/ZMAJW.jpg HTTP/1.1" 200 4555 "http://www.various-euro.com/zampa/montenegro/dajpare.html" "Mozilla/5.0 (Windows; U; Windows NT 5.1; it; rv:1.9.0.5) Gecko/2008120122 Firefox/3.0.5"
62.101.65.29 - - [19/Jan/2009:08:18:23 +0100] "GET /zampa/montenegro/slike/MILOW.jpg HTTP/1.1" 200 3823 "http://www.various-euro.com/zampa/montenegro/dajpare.html" "Mozilla/5.0 (Windows; U; Windows NT 5.1; it; rv:1.9.0.5) Gecko/2008120122 Firefox/3.0.5"
72.30.65.62 - - [19/Jan/2009:08:20:48 +0100] "GET /f-warez.html HTTP/1.0" 200 10953 "-" "Mozilla/5.0 (compatible; Yahoo! Slurp; http://help.yahoo.com/help/us/ysearch/slurp)"
72.30.65.62 - - [19/Jan/2009:08:53:34 +0100] "GET /logs/usage_200508.html HTTP/1.0" 200 109784 "-" "Mozilla/5.0 (compatible; Yahoo! Slurp; http://help.yahoo.com/help/us/ysearch/slurp)"
208.36.144.10 - - [19/Jan/2009:08:57:22 +0100] "GET /framez.html HTTP/1.0" 200 3959 "-" "Mozilla/5.0 (Twiceler-0.9 http://www.cuil.com/twiceler/robot.html)"
87.118.112.133 - - [19/Jan/2009:09:13:32 +0100] "GET /framez-schubb5.html HTTP/1.0" 200 4330 "-" "Mozilla/5.0 (Windows NT 5.1; U; en) Opera 8.01"
87.118.112.133 - - [19/Jan/2009:09:13:32 +0100] "GET /frame-menu.html HTTP/1.0" 200 10536 "-" "Mozilla/5.0 (Windows NT 5.1; U; en) Opera 8.01"
87.118.112.133 - - [19/Jan/2009:09:13:32 +0100] "GET /schubb/schubb-5.html HTTP/1.0" 200 72944 "-" "Mozilla/5.0 (Windows NT 5.1; U; en) Opera 8.01"
87.118.112.133 - - [19/Jan/2009:09:13:33 +0100] "GET /frame-unten.html HTTP/1.0" 200 5308 "-" "Mozilla/5.0 (Windows NT 5.1; U; en) Opera 8.01"
77.220.131.217 - - [19/Jan/2009:09:19:29 +0100] "GET / HTTP/1.1" 206 7869 "http://otvetoff.ru/question/129512" "Mozilla/4.0 (compatible; MSIE 6.0; Windows NT 5.1; SV1; MRA 4.9 (build 01863); .NET CLR 2.0.50727)"
67.195.37.93 - - [19/Jan/2009:10:05:31 +0100] "GET /robots.txt HTTP/1.0" 200 64 "-" "Mozilla/5.0 (compatible; Yahoo! Slurp; http://help.yahoo.com/help/us/ysearch/slurp)"
67.195.37.93 - - [19/Jan/2009:10:05:31 +0100] "GET /bmpp/euro_pal_111.html HTTP/1.0" 200 2129 "-" "Mozilla/5.0 (compatible; Yahoo! Slurp; http://help.yahoo.com/help/us/ysearch/slurp)"
193.252.149.16 - - [19/Jan/2009:10:33:44 +0100] "GET /world.html HTTP/1.1" 200 16295 "-" "Mozilla/5.0 (Windows; U; Windows NT 5.1; fr; rv:1.8.1) VoilaBot BETA 1.2 (support.voilabot@orange-ftgroup.com)"
72.30.65.62 - - [19/Jan/2009:10:35:23 +0100] "GET /schubb/schubb-5.html HTTP/1.0" 200 72944 "-" "Mozilla/5.0 (compatible; Yahoo! Slurp; http://help.yahoo.com/help/us/ysearch/slurp)"
79.101.217.75 - - [19/Jan/2009:11:19:45 +0100] "GET / HTTP/1.1" 200 7869 "http://www.modukit.com/horrorkatze/tekstovi/situ/situationist.html" "Mozilla/4.0 (compatible; MSIE 6.0; Windows NT 5.1; SV1)"
79.101.217.75 - - [19/Jan/2009:11:19:45 +0100] "GET /style/various-euro.css HTTP/1.1" 200 3437 "http://various-euro.com/" "Mozilla/4.0 (compatible; MSIE 6.0; Windows NT 5.1; SV1)"
79.101.217.75 - - [19/Jan/2009:11:19:45 +0100] "GET /framez_0.html HTTP/1.1" 200 12444 "-" "Mozilla/4.0 (compatible; MSIE 6.0; Windows NT 5.1; SV1)"
79.101.217.75 - - [19/Jan/2009:11:19:48 +0100] "GET /framez.html HTTP/1.1" 200 3959 "-" "Mozilla/4.0 (compatible; MSIE 6.0; Windows NT 5.1; SV1)"
79.101.217.75 - - [19/Jan/2009:11:19:48 +0100] "GET /frame-menu.html HTTP/1.1" 200 10536 "http://various-euro.com/framez.html" "Mozilla/4.0 (compatible; MSIE 6.0; Windows NT 5.1; SV1)"
79.101.217.75 - - [19/Jan/2009:11:19:48 +0100] "GET /frame-inhalt.html HTTP/1.1" 200 5418 "http://various-euro.com/framez.html" "Mozilla/4.0 (compatible; MSIE 6.0; Windows NT 5.1; SV1)"
79.101.217.75 - - [19/Jan/2009:11:19:48 +0100] "GET /frame-unten.html HTTP/1.1" 200 5308 "http://various-euro.com/framez.html" "Mozilla/4.0 (compatible; MSIE 6.0; Windows NT 5.1; SV1)"
79.101.217.75 - - [19/Jan/2009:11:19:48 +0100] "GET /bannerz/neon_click_3.gif HTTP/1.1" 200 240 "http://various-euro.com/frame-inhalt.html" "Mozilla/4.0 (compatible; MSIE 6.0; Windows NT 5.1; SV1)"
79.101.217.75 - - [19/Jan/2009:11:19:48 +0100] "GET /bannerz/goolag_468.jpg HTTP/1.1" 200 28285 "http://various-euro.com/frame-inhalt.html" "Mozilla/4.0 (compatible; MSIE 6.0; Windows NT 5.1; SV1)"
79.101.217.75 - - [19/Jan/2009:11:19:48 +0100] "GET /eurosign3.gif HTTP/1.1" 200 7879 "http://various-euro.com/frame-inhalt.html" "Mozilla/4.0 (compatible; MSIE 6.0; Windows NT 5.1; SV1)"
79.101.217.75 - - [19/Jan/2009:11:19:49 +0100] "GET /bannerz/neon_click_1.gif HTTP/1.1" 200 890 "http://various-euro.com/frame-inhalt.html" "Mozilla/4.0 (compatible; MSIE 6.0; Windows NT 5.1; SV1)"
79.101.217.75 - - [19/Jan/2009:11:19:49 +0100] "GET /bannerz/google/Logo_40blk.gif HTTP/1.1" 200 2308 "http://various-euro.com/frame-inhalt.html" "Mozilla/4.0 (compatible; MSIE 6.0; Windows NT 5.1; SV1)"
79.101.217.75 - - [19/Jan/2009:11:19:49 +0100] "GET /bannerz/neon_click_2.gif HTTP/1.1" 200 387 "http://various-euro.com/frame-inhalt.html" "Mozilla/4.0 (compatible; MSIE 6.0; Windows NT 5.1; SV1)"
79.101.217.75 - - [19/Jan/2009:11:19:49 +0100] "GET /bannerz/douwil.gif HTTP/1.1" 200 528 "http://various-euro.com/frame-inhalt.html" "Mozilla/4.0 (compatible; MSIE 6.0; Windows NT 5.1; SV1)"
79.101.217.75 - - [19/Jan/2009:11:19:49 +0100] "GET /bannerz/wet.gif HTTP/1.1" 200 18561 "http://various-euro.com/frame-inhalt.html" "Mozilla/4.0 (compatible; MSIE 6.0; Windows NT 5.1; SV1)"
79.101.217.75 - - [19/Jan/2009:11:19:49 +0100] "GET /bannerz/copyleft_black_small.gif HTTP/1.1" 200 1231 "http://various-euro.com/frame-inhalt.html" "Mozilla/4.0 (compatible; MSIE 6.0; Windows NT 5.1; SV1)"
79.101.217.75 - - [19/Jan/2009:11:19:49 +0100] "GET /bannerz/anti_black_small.gif HTTP/1.1" 200 1009 "http://various-euro.com/frame-inhalt.html" "Mozilla/4.0 (compatible; MSIE 6.0; Windows NT 5.1; SV1)"
79.101.217.75 - - [19/Jan/2009:11:19:49 +0100] "GET /bannerz/ve.jpg HTTP/1.1" 200 36912 "http://various-euro.com/frame-unten.html" "Mozilla/4.0 (compatible; MSIE 6.0; Windows NT 5.1; SV1)"
79.101.217.75 - - [19/Jan/2009:11:19:49 +0100] "GET /bannerz/various-euro-girl.jpg HTTP/1.1" 200 91514 "http://various-euro.com/frame-unten.html" "Mozilla/4.0 (compatible; MSIE 6.0; Windows NT 5.1; SV1)"
79.101.217.75 - - [19/Jan/2009:11:20:14 +0100] "GET / HTTP/1.1" 200 7869 "http://www.modukit.com/horrorkatze/tekstovi/situ/situationist.html" "Mozilla/4.0 (compatible; MSIE 6.0; Windows NT 5.1; SV1)"
79.101.217.75 - - [19/Jan/2009:11:20:15 +0100] "GET /style/various-euro.css HTTP/1.1" 304 - "http://various-euro.com/" "Mozilla/4.0 (compatible; MSIE 6.0; Windows NT 5.1; SV1)"
79.101.217.75 - - [19/Jan/2009:11:20:15 +0100] "GET /framez_0.html HTTP/1.1" 200 12444 "-" "Mozilla/4.0 (compatible; MSIE 6.0; Windows NT 5.1; SV1)"
79.101.217.75 - - [19/Jan/2009:11:20:16 +0100] "GET /framez_0.html HTTP/1.1" 200 12444 "-" "Mozilla/4.0 (compatible; MSIE 6.0; Windows NT 5.1; SV1)"
79.101.217.75 - - [19/Jan/2009:11:20:17 +0100] "GET /framez_0.html HTTP/1.1" 200 12444 "-" "Mozilla/4.0 (compatible; MSIE 6.0; Windows NT 5.1; SV1)"
72.30.65.62 - - [19/Jan/2009:11:31:19 +0100] "GET /robots.txt HTTP/1.0" 200 64 "-" "Mozilla/5.0 (compatible; Yahoo! Slurp; http://help.yahoo.com/help/us/ysearch/slurp)"
72.30.65.62 - - [19/Jan/2009:11:31:20 +0100] "GET /f-sponsor.html HTTP/1.0" 200 8578 "-" "Mozilla/5.0 (compatible; Yahoo! Slurp; http://help.yahoo.com/help/us/ysearch/slurp)"
79.101.217.75 - - [19/Jan/2009:11:54:51 +0100] "GET / HTTP/1.1" 200 7869 "http://www.modukit.com/horrorkatze/tekstovi/situ/situationist.html" "Mozilla/4.0 (compatible; MSIE 6.0; Windows NT 5.1; SV1)"
79.101.217.75 - - [19/Jan/2009:11:54:51 +0100] "GET /style/various-euro.css HTTP/1.1" 304 - "http://various-euro.com/" "Mozilla/4.0 (compatible; MSIE 6.0; Windows NT 5.1; SV1)"
79.101.217.75 - - [19/Jan/2009:11:54:52 +0100] "GET /framez_0.html HTTP/1.1" 200 12444 "-" "Mozilla/4.0 (compatible; MSIE 6.0; Windows NT 5.1; SV1)"
79.101.217.75 - - [19/Jan/2009:11:54:55 +0100] "GET /framez.html HTTP/1.1" 200 3959 "-" "Mozilla/4.0 (compatible; MSIE 6.0; Windows NT 5.1; SV1)"
79.101.217.75 - - [19/Jan/2009:11:54:55 +0100] "GET /frame-menu.html HTTP/1.1" 200 10536 "http://various-euro.com/framez.html" "Mozilla/4.0 (compatible; MSIE 6.0; Windows NT 5.1; SV1)"
79.101.217.75 - - [19/Jan/2009:11:54:55 +0100] "GET /frame-inhalt.html HTTP/1.1" 200 5418 "http://various-euro.com/framez.html" "Mozilla/4.0 (compatible; MSIE 6.0; Windows NT 5.1; SV1)"
79.101.217.75 - - [19/Jan/2009:11:54:56 +0100] "GET /frame-unten.html HTTP/1.1" 200 5308 "http://various-euro.com/framez.html" "Mozilla/4.0 (compatible; MSIE 6.0; Windows NT 5.1; SV1)"
79.101.217.75 - - [19/Jan/2009:11:54:56 +0100] "GET /bannerz/neon_click_3.gif HTTP/1.1" 304 - "http://various-euro.com/frame-inhalt.html" "Mozilla/4.0 (compatible; MSIE 6.0; Windows NT 5.1; SV1)"
79.101.217.75 - - [19/Jan/2009:11:54:56 +0100] "GET /bannerz/goolag_468.jpg HTTP/1.1" 304 - "http://various-euro.com/frame-inhalt.html" "Mozilla/4.0 (compatible; MSIE 6.0; Windows NT 5.1; SV1)"
79.101.217.75 - - [19/Jan/2009:11:54:56 +0100] "GET /eurosign3.gif HTTP/1.1" 304 - "http://various-euro.com/frame-inhalt.html" "Mozilla/4.0 (compatible; MSIE 6.0; Windows NT 5.1; SV1)"
79.101.217.75 - - [19/Jan/2009:11:54:56 +0100] "GET /bannerz/neon_click_1.gif HTTP/1.1" 304 - "http://various-euro.com/frame-inhalt.html" "Mozilla/4.0 (compatible; MSIE 6.0; Windows NT 5.1; SV1)"
79.101.217.75 - - [19/Jan/2009:11:54:56 +0100] "GET /bannerz/wet.gif HTTP/1.1" 304 - "http://various-euro.com/frame-inhalt.html" "Mozilla/4.0 (compatible; MSIE 6.0; Windows NT 5.1; SV1)"
79.101.217.75 - - [19/Jan/2009:11:54:56 +0100] "GET /bannerz/neon_click_2.gif HTTP/1.1" 304 - "http://various-euro.com/frame-inhalt.html" "Mozilla/4.0 (compatible; MSIE 6.0; Windows NT 5.1; SV1)"
79.101.217.75 - - [19/Jan/2009:11:54:56 +0100] "GET /bannerz/douwil.gif HTTP/1.1" 304 - "http://various-euro.com/frame-inhalt.html" "Mozilla/4.0 (compatible; MSIE 6.0; Windows NT 5.1; SV1)"
79.101.217.75 - - [19/Jan/2009:11:54:56 +0100] "GET /bannerz/anti_black_small.gif HTTP/1.1" 304 - "http://various-euro.com/frame-inhalt.html" "Mozilla/4.0 (compatible; MSIE 6.0; Windows NT 5.1; SV1)"
79.101.217.75 - - [19/Jan/2009:11:54:56 +0100] "GET /bannerz/google/Logo_40blk.gif HTTP/1.1" 304 - "http://various-euro.com/frame-inhalt.html" "Mozilla/4.0 (compatible; MSIE 6.0; Windows NT 5.1; SV1)"
79.101.217.75 - - [19/Jan/2009:11:54:56 +0100] "GET /bannerz/copyleft_black_small.gif HTTP/1.1" 304 - "http://various-euro.com/frame-inhalt.html" "Mozilla/4.0 (compatible; MSIE 6.0; Windows NT 5.1; SV1)"
79.101.217.75 - - [19/Jan/2009:11:54:56 +0100] "GET /bannerz/ve.jpg HTTP/1.1" 304 - "http://various-euro.com/frame-unten.html" "Mozilla/4.0 (compatible; MSIE 6.0; Windows NT 5.1; SV1)"
79.101.217.75 - - [19/Jan/2009:11:54:56 +0100] "GET /bannerz/various-euro-girl.jpg HTTP/1.1" 304 - "http://various-euro.com/frame-unten.html" "Mozilla/4.0 (compatible; MSIE 6.0; Windows NT 5.1; SV1)"
79.101.217.75 - - [19/Jan/2009:11:54:57 +0100] "GET /framez_0.html HTTP/1.1" 200 12444 "-" "Mozilla/4.0 (compatible; MSIE 6.0; Windows NT 5.1; SV1)"
79.101.217.75 - - [19/Jan/2009:11:55:00 +0100] "GET /framez.html HTTP/1.1" 200 3959 "-" "Mozilla/4.0 (compatible; MSIE 6.0; Windows NT 5.1; SV1)"
79.101.217.75 - - [19/Jan/2009:11:55:00 +0100] "GET /framez_0.html HTTP/1.1" 200 12444 "-" "Mozilla/4.0 (compatible; MSIE 6.0; Windows NT 5.1; SV1)"
79.101.217.75 - - [19/Jan/2009:11:55:03 +0100] "GET /framez_0.html HTTP/1.1" 200 12444 "-" "Mozilla/4.0 (compatible; MSIE 6.0; Windows NT 5.1; SV1)"
79.101.217.75 - - [19/Jan/2009:11:55:04 +0100] "GET /framez_0.html HTTP/1.1" 200 12444 "-" "Mozilla/4.0 (compatible; MSIE 6.0; Windows NT 5.1; SV1)"
79.101.217.75 - - [19/Jan/2009:11:55:07 +0100] "GET /framez.html HTTP/1.1" 200 3959 "-" "Mozilla/4.0 (compatible; MSIE 6.0; Windows NT 5.1; SV1)"
79.101.217.75 - - [19/Jan/2009:11:55:08 +0100] "GET /frame-inhalt.html HTTP/1.1" 200 5418 "http://various-euro.com/framez.html" "Mozilla/4.0 (compatible; MSIE 6.0; Windows NT 5.1; SV1)"
79.101.217.75 - - [19/Jan/2009:11:55:08 +0100] "GET /frame-menu.html HTTP/1.1" 200 10536 "http://various-euro.com/framez.html" "Mozilla/4.0 (compatible; MSIE 6.0; Windows NT 5.1; SV1)"
79.101.217.75 - - [19/Jan/2009:11:55:08 +0100] "GET /frame-unten.html HTTP/1.1" 200 5308 "http://various-euro.com/framez.html" "Mozilla/4.0 (compatible; MSIE 6.0; Windows NT 5.1; SV1)"
79.101.217.75 - - [19/Jan/2009:11:55:21 +0100] "GET / HTTP/1.1" 302 353 "http://www.google.com/search?sourceid=navclient&ie=UTF-8&rlz=1T4IRFA_enRS308RS308&q=zampa+di+leone" "Mozilla/4.0 (compatible; MSIE 6.0; Windows NT 5.1; SV1)"
79.101.217.75 - - [19/Jan/2009:11:55:21 +0100] "GET /zampa/ HTTP/1.1" 200 7153 "http://www.google.com/search?sourceid=navclient&ie=UTF-8&rlz=1T4IRFA_enRS308RS308&q=zampa+di+leone" "Mozilla/4.0 (compatible; MSIE 6.0; Windows NT 5.1; SV1)"
79.101.217.75 - - [19/Jan/2009:11:55:22 +0100] "GET /zampa/slike/zampa.gif HTTP/1.1" 200 5310 "http://www.various-euro.com/zampa/" "Mozilla/4.0 (compatible; MSIE 6.0; Windows NT 5.1; SV1)"
79.101.217.75 - - [19/Jan/2009:11:55:22 +0100] "GET /zampa/slike/inthearse.gif HTTP/1.1" 200 4077 "http://www.various-euro.com/zampa/" "Mozilla/4.0 (compatible; MSIE 6.0; Windows NT 5.1; SV1)"
79.101.217.75 - - [19/Jan/2009:11:55:22 +0100] "GET /zampa/slike/udupetu.gif HTTP/1.1" 200 4138 "http://www.various-euro.com/zampa/" "Mozilla/4.0 (compatible; MSIE 6.0; Windows NT 5.1; SV1)"
79.101.217.75 - - [19/Jan/2009:11:55:30 +0100] "GET /zampa/slike/S1TITEL.GIF HTTP/1.1" 200 15244 "http://www.various-euro.com/zampa/" "Mozilla/4.0 (compatible; MSIE 6.0; Windows NT 5.1; SV1)"
79.101.217.75 - - [19/Jan/2009:11:55:41 +0100] "GET /zampa/montenegro/index.html HTTP/1.1" 200 2651 "http://www.various-euro.com/zampa/" "Mozilla/4.0 (compatible; MSIE 6.0; Windows NT 5.1; SV1)"
79.101.217.75 - - [19/Jan/2009:11:55:41 +0100] "GET /zampa/montenegro/slike/plakat.jpg HTTP/1.1" 200 47879 "http://www.various-euro.com/zampa/montenegro/index.html" "Mozilla/4.0 (compatible; MSIE 6.0; Windows NT 5.1; SV1)"
79.101.217.75 - - [19/Jan/2009:11:55:56 +0100] "GET /zampa/montenegro/dajpare.html HTTP/1.1" 200 2503 "http://www.various-euro.com/zampa/montenegro/index.html" "Mozilla/4.0 (compatible; MSIE 6.0; Windows NT 5.1; SV1)"
79.101.217.75 - - [19/Jan/2009:11:55:56 +0100] "GET /zampa/montenegro/slike/SEKAW.jpg HTTP/1.1" 200 2786 "http://www.various-euro.com/zampa/montenegro/dajpare.html" "Mozilla/4.0 (compatible; MSIE 6.0; Windows NT 5.1; SV1)"
79.101.217.75 - - [19/Jan/2009:11:55:57 +0100] "GET /zampa/montenegro/slike/ZMAJW.jpg HTTP/1.1" 200 4555 "http://www.various-euro.com/zampa/montenegro/dajpare.html" "Mozilla/4.0 (compatible; MSIE 6.0; Windows NT 5.1; SV1)"
79.101.217.75 - - [19/Jan/2009:11:55:57 +0100] "GET /zampa/montenegro/slike/TESLAW.jpg HTTP/1.1" 200 3770 "http://www.various-euro.com/zampa/montenegro/dajpare.html" "Mozilla/4.0 (compatible; MSIE 6.0; Windows NT 5.1; SV1)"
79.101.217.75 - - [19/Jan/2009:11:55:57 +0100] "GET /zampa/montenegro/slike/BATAW.jpg HTTP/1.1" 200 2631 "http://www.various-euro.com/zampa/montenegro/dajpare.html" "Mozilla/4.0 (compatible; MSIE 6.0; Windows NT 5.1; SV1)"
79.101.217.75 - - [19/Jan/2009:11:55:57 +0100] "GET /zampa/montenegro/slike/MILOW.jpg HTTP/1.1" 200 3823 "http://www.various-euro.com/zampa/montenegro/dajpare.html" "Mozilla/4.0 (compatible; MSIE 6.0; Windows NT 5.1; SV1)"
79.101.217.75 - - [19/Jan/2009:11:56:07 +0100] "GET /zampa/montenegro/dajpare.html HTTP/1.1" 200 2503 "http://www.various-euro.com/zampa/" "Mozilla/4.0 (compatible; MSIE 6.0; Windows NT 5.1; SV1)"
79.101.217.75 - - [19/Jan/2009:11:56:07 +0100] "GET /zampa/montenegro/slike/BATAW.jpg HTTP/1.1" 304 - "http://www.various-euro.com/zampa/montenegro/dajpare.html" "Mozilla/4.0 (compatible; MSIE 6.0; Windows NT 5.1; SV1)"
79.101.217.75 - - [19/Jan/2009:11:56:07 +0100] "GET /zampa/montenegro/slike/SEKAW.jpg HTTP/1.1" 304 - "http://www.various-euro.com/zampa/montenegro/dajpare.html" "Mozilla/4.0 (compatible; MSIE 6.0; Windows NT 5.1; SV1)"
79.101.217.75 - - [19/Jan/2009:11:56:07 +0100] "GET /zampa/montenegro/slike/ZMAJW.jpg HTTP/1.1" 304 - "http://www.various-euro.com/zampa/montenegro/dajpare.html" "Mozilla/4.0 (compatible; MSIE 6.0; Windows NT 5.1; SV1)"
79.101.217.75 - - [19/Jan/2009:11:56:07 +0100] "GET /zampa/montenegro/slike/TESLAW.jpg HTTP/1.1" 304 - "http://www.various-euro.com/zampa/montenegro/dajpare.html" "Mozilla/4.0 (compatible; MSIE 6.0; Windows NT 5.1; SV1)"
79.101.217.75 - - [19/Jan/2009:11:56:07 +0100] "GET /zampa/montenegro/slike/MILOW.jpg HTTP/1.1" 304 - "http://www.various-euro.com/zampa/montenegro/dajpare.html" "Mozilla/4.0 (compatible; MSIE 6.0; Windows NT 5.1; SV1)"
79.101.217.75 - - [19/Jan/2009:11:56:09 +0100] "GET /zampa/lybia/index.html HTTP/1.1" 200 3036 "http://www.various-euro.com/zampa/" "Mozilla/4.0 (compatible; MSIE 6.0; Windows NT 5.1; SV1)"
79.101.217.75 - - [19/Jan/2009:11:56:09 +0100] "GET /zampa/lybia/slike/tele.jpg HTTP/1.1" 200 28022 "http://www.various-euro.com/zampa/lybia/index.html" "Mozilla/4.0 (compatible; MSIE 6.0; Windows NT 5.1; SV1)"
79.101.217.75 - - [19/Jan/2009:11:56:28 +0100] "GET /zampa/wonderland/index.html HTTP/1.1" 200 2084 "http://www.various-euro.com/zampa/" "Mozilla/4.0 (compatible; MSIE 6.0; Windows NT 5.1; SV1)"
79.101.217.75 - - [19/Jan/2009:11:56:28 +0100] "GET /zampa/wonderland/TWonder.gif HTTP/1.1" 200 76757 "http://www.various-euro.com/zampa/wonderland/index.html" "Mozilla/4.0 (compatible; MSIE 6.0; Windows NT 5.1; SV1)"
79.101.217.75 - - [19/Jan/2009:12:04:31 +0100] "GET /zampa/lybia/index.html HTTP/1.1" 200 3036 "http://www.various-euro.com/zampa/" "Mozilla/4.0 (compatible; MSIE 6.0; Windows NT 5.1; SV1)"
79.101.217.75 - - [19/Jan/2009:12:04:31 +0100] "GET /zampa/lybia/slike/tele.jpg HTTP/1.1" 304 - "http://www.various-euro.com/zampa/lybia/index.html" "Mozilla/4.0 (compatible; MSIE 6.0; Windows NT 5.1; SV1)"
79.101.217.75 - - [19/Jan/2009:12:04:35 +0100] "GET /zampa/slike/S2COPY.GIF HTTP/1.1" 200 12771 "http://www.various-euro.com/zampa/" "Mozilla/4.0 (compatible; MSIE 6.0; Windows NT 5.1; SV1)"
66.249.65.169 - - [19/Jan/2009:12:04:37 +0100] "GET /logs/usage_200901.html HTTP/1.1" 404 2748 "-" "Mozilla/5.0 (compatible; Googlebot/2.1; +http://www.google.com/bot.html)"
79.101.217.75 - - [19/Jan/2009:12:05:03 +0100] "GET /zampa/slike/S3VAMPIR.GIF HTTP/1.1" 200 55504 "http://www.various-euro.com/zampa/" "Mozilla/4.0 (compatible; MSIE 6.0; Windows NT 5.1; SV1)"
79.101.217.75 - - [19/Jan/2009:12:08:35 +0100] "GET /zampa/slike/S4IRWIN.GIF HTTP/1.1" 200 54718 "http://www.various-euro.com/zampa/" "Mozilla/4.0 (compatible; MSIE 6.0; Windows NT 5.1; SV1)"
