217.30.96.127 - - [23/Jan/2009:14:21:10 +0100] "GET /frame-menu.html HTTP/1.1" 200 10536 "http://www.various-euro.com/framez-girlz.html" "Mozilla/4.0 (compatible; MSIE 6.0; Windows NT 5.1; SV1)"
217.30.96.127 - - [23/Jan/2009:14:21:10 +0100] "GET /neon/girlz2.html HTTP/1.1" 200 2937 "http://www.various-euro.com/framez-girlz.html" "Mozilla/4.0 (compatible; MSIE 6.0; Windows NT 5.1; SV1)"
217.30.96.127 - - [23/Jan/2009:14:21:11 +0100] "GET /frame-unten.html HTTP/1.1" 200 5308 "http://www.various-euro.com/framez-girlz.html" "Mozilla/4.0 (compatible; MSIE 6.0; Windows NT 5.1; SV1)"
217.30.96.127 - - [23/Jan/2009:14:21:11 +0100] "GET /style/various-euro.css HTTP/1.1" 200 3437 "http://www.various-euro.com/frame-menu.html" "Mozilla/4.0 (compatible; MSIE 6.0; Windows NT 5.1; SV1)"
217.30.96.127 - - [23/Jan/2009:14:21:12 +0100] "GET /bannerz/ve.jpg HTTP/1.1" 200 36912 "http://www.various-euro.com/frame-unten.html" "Mozilla/4.0 (compatible; MSIE 6.0; Windows NT 5.1; SV1)"
217.30.96.127 - - [23/Jan/2009:14:21:12 +0100] "GET /bannerz/various-euro-girl.jpg HTTP/1.1" 200 91514 "http://www.various-euro.com/frame-unten.html" "Mozilla/4.0 (compatible; MSIE 6.0; Windows NT 5.1; SV1)"
217.30.96.127 - - [23/Jan/2009:14:21:17 +0100] "GET /framez-girlz.html HTTP/1.1" 200 4271 "-" "Mozilla/4.0 (compatible; MSIE 6.0; Windows NT 5.1; SV1)"
217.30.96.127 - - [23/Jan/2009:14:21:18 +0100] "GET /frame-menu.html HTTP/1.1" 200 10536 "http://www.various-euro.com/framez-girlz.html" "Mozilla/4.0 (compatible; MSIE 6.0; Windows NT 5.1; SV1)"
217.30.96.127 - - [23/Jan/2009:14:21:18 +0100] "GET /frame-unten.html HTTP/1.1" 200 5308 "http://www.various-euro.com/framez-girlz.html" "Mozilla/4.0 (compatible; MSIE 6.0; Windows NT 5.1; SV1)"
217.30.96.127 - - [23/Jan/2009:14:21:18 +0100] "GET /framez-girlz.html HTTP/1.1" 200 4271 "-" "Mozilla/4.0 (compatible; MSIE 6.0; Windows NT 5.1; SV1)"
217.30.96.127 - - [23/Jan/2009:14:21:19 +0100] "GET /frame-menu.html HTTP/1.1" 200 10536 "http://www.various-euro.com/framez-girlz.html" "Mozilla/4.0 (compatible; MSIE 6.0; Windows NT 5.1; SV1)"
217.30.96.127 - - [23/Jan/2009:14:21:19 +0100] "GET /frame-unten.html HTTP/1.1" 200 5308 "http://www.various-euro.com/framez-girlz.html" "Mozilla/4.0 (compatible; MSIE 6.0; Windows NT 5.1; SV1)"
217.30.96.127 - - [23/Jan/2009:14:21:19 +0100] "GET /framez-girlz.html HTTP/1.1" 200 4271 "-" "Mozilla/4.0 (compatible; MSIE 6.0; Windows NT 5.1; SV1)"
217.30.96.127 - - [23/Jan/2009:14:21:19 +0100] "GET /frame-menu.html HTTP/1.1" 200 10536 "http://www.various-euro.com/framez-girlz.html" "Mozilla/4.0 (compatible; MSIE 6.0; Windows NT 5.1; SV1)"
217.30.96.127 - - [23/Jan/2009:14:21:19 +0100] "GET /frame-unten.html HTTP/1.1" 200 5308 "http://www.various-euro.com/framez-girlz.html" "Mozilla/4.0 (compatible; MSIE 6.0; Windows NT 5.1; SV1)"
66.249.65.169 - - [23/Jan/2009:14:23:22 +0100] "GET /logs/usage_200702.html HTTP/1.1" 200 107861 "-" "Mozilla/5.0 (compatible; Googlebot/2.1; +http://www.google.com/bot.html)"
66.249.65.169 - - [23/Jan/2009:14:38:29 +0100] "GET /logs/usage_200704.html HTTP/1.1" 200 108835 "-" "Mozilla/5.0 (compatible; Googlebot/2.1; +http://www.google.com/bot.html)"
72.30.65.62 - - [23/Jan/2009:14:42:16 +0100] "GET /logs/usage_200706.html HTTP/1.0" 200 107008 "-" "Mozilla/5.0 (compatible; Yahoo! Slurp; http://help.yahoo.com/help/us/ysearch/slurp)"
67.195.37.106 - - [23/Jan/2009:14:56:20 +0100] "GET /robots.txt HTTP/1.0" 200 64 "-" "Mozilla/5.0 (compatible; Yahoo! Slurp; http://help.yahoo.com/help/us/ysearch/slurp)"
67.195.37.106 - - [23/Jan/2009:14:56:21 +0100] "GET /neon/channel.html HTTP/1.0" 200 1942 "-" "Mozilla/5.0 (compatible; Yahoo! Slurp/3.0; http://help.yahoo.com/help/us/ysearch/slurp)"
193.252.149.16 - - [23/Jan/2009:15:28:39 +0100] "GET /DgH/ HTTP/1.1" 200 5024 "-" "Mozilla/5.0 (Windows; U; Windows NT 5.1; fr; rv:1.8.1) VoilaBot BETA 1.2 (support.voilabot@orange-ftgroup.com)"
72.30.65.62 - - [23/Jan/2009:15:43:11 +0100] "GET /schubb/schubb-5.html HTTP/1.0" 200 72944 "-" "Mozilla/5.0 (compatible; Yahoo! Slurp; http://help.yahoo.com/help/us/ysearch/slurp)"
64.56.65.37 - - [23/Jan/2009:15:48:41 +0100] "GET / HTTP/1.1" 302 353 "http://www.keywordspy.com/keyword-research/zampa.various-euro.com" "Mozilla/4.0 (compatible; MSIE 7.0; Windows NT 5.1; Alexa Toolbar)"
64.56.65.37 - - [23/Jan/2009:15:48:42 +0100] "GET /zampa/ HTTP/1.1" 200 7153 "http://www.keywordspy.com/keyword-research/zampa.various-euro.com" "Mozilla/4.0 (compatible; MSIE 7.0; Windows NT 5.1; Alexa Toolbar)"
64.56.65.37 - - [23/Jan/2009:15:48:42 +0100] "GET / HTTP/1.1" 302 353 "http://www.keywordspy.com/keyword-research/zampa.various-euro.com" "Mozilla/4.0 (compatible; MSIE 7.0; Windows NT 5.1; Alexa Toolbar)"
64.56.65.37 - - [23/Jan/2009:15:48:43 +0100] "GET /zampa/ HTTP/1.1" 200 7153 "http://www.keywordspy.com/keyword-research/zampa.various-euro.com" "Mozilla/4.0 (compatible; MSIE 7.0; Windows NT 5.1; Alexa Toolbar)"
64.56.65.37 - - [23/Jan/2009:15:48:43 +0100] "GET / HTTP/1.1" 302 353 "http://www.keywordspy.com/keyword-research/zampa.various-euro.com" "Mozilla/4.0 (compatible; MSIE 7.0; Windows NT 5.1; Alexa Toolbar)"
64.56.65.37 - - [23/Jan/2009:15:48:43 +0100] "GET /zampa/ HTTP/1.1" 200 7153 "http://www.keywordspy.com/keyword-research/zampa.various-euro.com" "Mozilla/4.0 (compatible; MSIE 7.0; Windows NT 5.1; Alexa Toolbar)"
66.249.65.169 - - [23/Jan/2009:15:54:00 +0100] "GET /e-counter.html HTTP/1.1" 200 4047 "-" "Mozilla/5.0 (compatible; Googlebot/2.1; +http://www.google.com/bot.html)"
65.55.211.169 - - [23/Jan/2009:15:58:02 +0100] "GET /schubb/schubb-2.html HTTP/1.1" 200 16660 "-" "msnbot/1.1 (+http://search.msn.com/msnbot.htm)"
67.195.37.157 - - [23/Jan/2009:15:59:21 +0100] "GET /robots.txt HTTP/1.0" 200 64 "-" "Mozilla/5.0 (compatible; Yahoo! Slurp; http://help.yahoo.com/help/us/ysearch/slurp)"
67.195.37.157 - - [23/Jan/2009:15:59:21 +0100] "GET /web.html HTTP/1.0" 404 2748 "-" "Mozilla/5.0 (compatible; Yahoo! Slurp/3.0; http://help.yahoo.com/help/us/ysearch/slurp)"
65.55.110.132 - - [23/Jan/2009:16:00:21 +0100] "GET /schubb/schubb-2.html HTTP/1.0" 200 16660 "http://search.live.com/results.aspx?q=schubb" "Mozilla/4.0 (compatible; MSIE 6.0; Windows NT 5.2; SV1; .NET CLR 1.1.4322)"
65.55.110.132 - - [23/Jan/2009:16:00:21 +0100] "GET /framez-schubb2.html HTTP/1.0" 200 4314 "-" "Mozilla/4.0 (compatible; MSIE 6.0; Windows NT 5.2; SV1; .NET CLR 1.1.4322)"
65.55.110.132 - - [23/Jan/2009:16:00:22 +0100] "GET /frame-unten.html HTTP/1.0" 200 5308 "http://www.various-euro.com/framez-schubb2.html" "Mozilla/4.0 (compatible; MSIE 6.0; Windows NT 5.2; SV1; .NET CLR 1.1.4322)"
65.55.110.132 - - [23/Jan/2009:16:00:22 +0100] "GET /frame-menu.html HTTP/1.0" 200 10536 "http://www.various-euro.com/framez-schubb2.html" "Mozilla/4.0 (compatible; MSIE 6.0; Windows NT 5.2; SV1; .NET CLR 1.1.4322)"
65.55.110.132 - - [23/Jan/2009:16:00:22 +0100] "GET /schubb/schubb-2.html HTTP/1.0" 200 16660 "http://www.various-euro.com/framez-schubb2.html" "Mozilla/4.0 (compatible; MSIE 6.0; Windows NT 5.2; SV1; .NET CLR 1.1.4322)"
65.55.110.132 - - [23/Jan/2009:16:00:22 +0100] "GET /style/various-euro.css HTTP/1.0" 200 3437 "http://www.various-euro.com/frame-menu.html" "Mozilla/4.0 (compatible; MSIE 6.0; Windows NT 5.2; SV1; .NET CLR 1.1.4322)"
72.30.65.62 - - [23/Jan/2009:16:01:59 +0100] "GET /robots.txt HTTP/1.0" 200 64 "-" "Mozilla/5.0 (compatible; Yahoo! Slurp; http://help.yahoo.com/help/us/ysearch/slurp)"
72.30.65.62 - - [23/Jan/2009:16:02:00 +0100] "GET /zampa/montenegro/index.html HTTP/1.0" 200 2651 "-" "Mozilla/5.0 (compatible; Yahoo! Slurp; http://help.yahoo.com/help/us/ysearch/slurp)"
67.195.37.157 - - [23/Jan/2009:16:32:36 +0100] "GET /neon/annniiii.html HTTP/1.0" 200 686 "-" "Mozilla/5.0 (compatible; Yahoo! Slurp; http://help.yahoo.com/help/us/ysearch/slurp)"
66.249.65.169 - - [23/Jan/2009:17:17:05 +0100] "GET /framez-net.html HTTP/1.1" 200 4319 "-" "Mozilla/5.0 (compatible; Googlebot/2.1; +http://www.google.com/bot.html)"
66.249.65.169 - - [23/Jan/2009:17:32:11 +0100] "GET /robots.txt HTTP/1.1" 200 64 "-" "Mozilla/5.0 (compatible; Googlebot/2.1; +http://www.google.com/bot.html)"
72.30.65.62 - - [23/Jan/2009:17:39:26 +0100] "GET /logs/usage_200710.html HTTP/1.0" 200 110952 "-" "Mozilla/5.0 (compatible; Yahoo! Slurp; http://help.yahoo.com/help/us/ysearch/slurp)"
65.55.211.171 - - [23/Jan/2009:18:29:22 +0100] "GET /robots.txt HTTP/1.1" 200 64 "-" "msnbot/1.1 (+http://search.msn.com/msnbot.htm)"
65.55.211.171 - - [23/Jan/2009:18:29:22 +0100] "GET /f-contact.html HTTP/1.1" 200 6804 "-" "msnbot/1.1 (+http://search.msn.com/msnbot.htm)"
65.55.107.193 - - [23/Jan/2009:18:36:02 +0100] "GET /f-contact.html HTTP/1.0" 200 6804 "http://search.live.com/results.aspx?q=various" "Mozilla/4.0 (compatible; MSIE 6.0; Windows NT 5.2; SV1; .NET CLR 1.1.4322)"
65.55.107.193 - - [23/Jan/2009:18:36:03 +0100] "GET /framez-contact.html HTTP/1.0" 200 4325 "-" "Mozilla/4.0 (compatible; MSIE 6.0; Windows NT 5.2; SV1; .NET CLR 1.1.4322)"
65.55.107.193 - - [23/Jan/2009:18:36:03 +0100] "GET /frame-menu.html HTTP/1.0" 200 10536 "http://www.various-euro.com/framez-contact.html" "Mozilla/4.0 (compatible; MSIE 6.0; Windows NT 5.2; SV1; .NET CLR 1.1.4322)"
65.55.107.193 - - [23/Jan/2009:18:36:03 +0100] "GET /f-contact.html HTTP/1.0" 200 6804 "http://www.various-euro.com/framez-contact.html" "Mozilla/4.0 (compatible; MSIE 6.0; Windows NT 5.2; SV1; .NET CLR 1.1.4322)"
65.55.107.193 - - [23/Jan/2009:18:36:03 +0100] "GET /frame-unten.html HTTP/1.0" 200 5308 "http://www.various-euro.com/framez-contact.html" "Mozilla/4.0 (compatible; MSIE 6.0; Windows NT 5.2; SV1; .NET CLR 1.1.4322)"
65.55.107.193 - - [23/Jan/2009:18:36:03 +0100] "GET /style/various-euro.css HTTP/1.0" 200 3437 "http://www.various-euro.com/frame-menu.html" "Mozilla/4.0 (compatible; MSIE 6.0; Windows NT 5.2; SV1; .NET CLR 1.1.4322)"
66.235.124.61 - - [23/Jan/2009:18:41:24 +0100] "GET /framez_0.html HTTP/1.1" 200 12444 "-" "Mozilla/5.0 (compatible; Ask Jeeves/Teoma; +http://about.ask.com/en/docs/about/webmasters.shtml)"
207.70.9.106 - - [23/Jan/2009:18:43:55 +0100] "GET / HTTP/1.1" 200 7869 "-" "Mozilla/4.7 [en] (Win95; U)"
66.249.65.169 - - [23/Jan/2009:19:18:42 +0100] "GET /framez-rez.html HTTP/1.1" 200 4323 "-" "Nokia6820/2.0 (4.83) Profile/MIDP-1.0 Configuration/CLDC-1.0 (compatible; Googlebot-Mobile/2.1; +http://www.google.com/bot.html)"
193.252.149.16 - - [23/Jan/2009:19:45:35 +0100] "GET /neon/large.html HTTP/1.1" 200 1547 "-" "Mozilla/5.0 (Windows; U; Windows NT 5.1; fr; rv:1.8.1) VoilaBot BETA 1.2 (support.voilabot@orange-ftgroup.com)"
67.195.37.90 - - [23/Jan/2009:20:01:23 +0100] "GET /robots.txt HTTP/1.0" 200 64 "-" "Mozilla/5.0 (compatible; Yahoo! Slurp; http://help.yahoo.com/help/us/ysearch/slurp)"
67.195.37.90 - - [23/Jan/2009:20:01:23 +0100] "GET /neon/europa.html HTTP/1.0" 200 389 "-" "Mozilla/5.0 (compatible; Yahoo! Slurp/3.0; http://help.yahoo.com/help/us/ysearch/slurp)"
65.55.211.172 - - [23/Jan/2009:20:08:28 +0100] "GET /schubb/schubb-3.html HTTP/1.1" 200 17546 "-" "msnbot/1.1 (+http://search.msn.com/msnbot.htm)"
65.55.110.93 - - [23/Jan/2009:20:11:23 +0100] "GET /schubb/schubb-3.html HTTP/1.0" 200 17546 "http://search.live.com/results.aspx?q=deutschland" "Mozilla/4.0 (compatible; MSIE 6.0; Windows NT 5.2; SV1; .NET CLR 1.1.4322)"
65.55.110.93 - - [23/Jan/2009:20:11:24 +0100] "GET /framez-schubb3.html HTTP/1.0" 200 4317 "-" "Mozilla/4.0 (compatible; MSIE 6.0; Windows NT 5.2; SV1; .NET CLR 1.1.4322)"
65.55.110.93 - - [23/Jan/2009:20:11:24 +0100] "GET /frame-unten.html HTTP/1.0" 200 5308 "http://www.various-euro.com/framez-schubb3.html" "Mozilla/4.0 (compatible; MSIE 6.0; Windows NT 5.2; SV1; .NET CLR 1.1.4322)"
65.55.110.93 - - [23/Jan/2009:20:11:24 +0100] "GET /frame-menu.html HTTP/1.0" 200 10536 "http://www.various-euro.com/framez-schubb3.html" "Mozilla/4.0 (compatible; MSIE 6.0; Windows NT 5.2; SV1; .NET CLR 1.1.4322)"
65.55.110.93 - - [23/Jan/2009:20:11:24 +0100] "GET /schubb/schubb-3.html HTTP/1.0" 200 17546 "http://www.various-euro.com/framez-schubb3.html" "Mozilla/4.0 (compatible; MSIE 6.0; Windows NT 5.2; SV1; .NET CLR 1.1.4322)"
65.55.110.93 - - [23/Jan/2009:20:11:25 +0100] "GET /style/various-euro.css HTTP/1.0" 200 3437 "http://www.various-euro.com/frame-menu.html" "Mozilla/4.0 (compatible; MSIE 6.0; Windows NT 5.2; SV1; .NET CLR 1.1.4322)"
72.30.65.62 - - [23/Jan/2009:20:25:59 +0100] "GET /bmpp/18_x.html HTTP/1.0" 200 1100 "-" "Mozilla/5.0 (compatible; Yahoo! Slurp; http://help.yahoo.com/help/us/ysearch/slurp)"
72.30.65.62 - - [23/Jan/2009:20:34:21 +0100] "GET /warez.html HTTP/1.0" 200 9754 "-" "Mozilla/5.0 (compatible; Yahoo! Slurp; http://help.yahoo.com/help/us/ysearch/slurp)"
81.52.143.15 - - [23/Jan/2009:21:09:39 +0100] "GET /bmpp/euro_pal_1.html HTTP/1.1" 200 18252 "-" "Mozilla/5.0 (Windows; U; Windows NT 5.1; fr; rv:1.8.1) VoilaBot BETA 1.2 (support.voilabot@orange-ftgroup.com)"
66.249.65.169 - - [23/Jan/2009:21:15:04 +0100] "GET /f-horrorkatze.html HTTP/1.1" 200 7865 "-" "Mozilla/5.0 (compatible; Googlebot/2.1; +http://www.google.com/bot.html)"
72.30.65.62 - - [23/Jan/2009:21:21:23 +0100] "GET /logs/usage_200711.html HTTP/1.0" 200 109628 "-" "Mozilla/5.0 (compatible; Yahoo! Slurp; http://help.yahoo.com/help/us/ysearch/slurp)"
193.252.149.15 - - [23/Jan/2009:21:37:29 +0100] "GET /neon/slow-walk.html HTTP/1.1" 200 1640 "-" "Mozilla/5.0 (Windows; U; Windows NT 5.1; fr; rv:1.8.1) VoilaBot BETA 1.2 (support.voilabot@orange-ftgroup.com)"
93.86.16.183 - - [23/Jan/2009:21:47:00 +0100] "GET / HTTP/1.1" 302 353 "http://koracnikola.blogspot.com/" "Mozilla/5.0 (Windows; U; Windows NT 5.1; en-US; rv:1.9.0.5) Gecko/2008120122 Firefox/3.0.5"
93.86.16.183 - - [23/Jan/2009:21:47:00 +0100] "GET /zampa/ HTTP/1.1" 200 7153 "http://koracnikola.blogspot.com/" "Mozilla/5.0 (Windows; U; Windows NT 5.1; en-US; rv:1.9.0.5) Gecko/2008120122 Firefox/3.0.5"
93.86.16.183 - - [23/Jan/2009:21:47:01 +0100] "GET /zampa/slike/udupetu.gif HTTP/1.1" 200 4138 "http://www.various-euro.com/zampa/" "Mozilla/5.0 (Windows; U; Windows NT 5.1; en-US; rv:1.9.0.5) Gecko/2008120122 Firefox/3.0.5"
93.86.16.183 - - [23/Jan/2009:21:47:01 +0100] "GET /zampa/slike/zampa.gif HTTP/1.1" 200 5310 "http://www.various-euro.com/zampa/" "Mozilla/5.0 (Windows; U; Windows NT 5.1; en-US; rv:1.9.0.5) Gecko/2008120122 Firefox/3.0.5"
93.86.16.183 - - [23/Jan/2009:21:47:01 +0100] "GET /zampa/slike/inthearse.gif HTTP/1.1" 200 4077 "http://www.various-euro.com/zampa/" "Mozilla/5.0 (Windows; U; Windows NT 5.1; en-US; rv:1.9.0.5) Gecko/2008120122 Firefox/3.0.5"
93.86.16.183 - - [23/Jan/2009:21:47:01 +0100] "GET /favicon.ico HTTP/1.1" 404 2748 "-" "Mozilla/5.0 (Windows; U; Windows NT 5.1; en-US; rv:1.9.0.5) Gecko/2008120122 Firefox/3.0.5"
93.86.16.183 - - [23/Jan/2009:21:47:04 +0100] "GET /favicon.ico HTTP/1.1" 404 2748 "-" "Mozilla/5.0 (Windows; U; Windows NT 5.1; en-US; rv:1.9.0.5) Gecko/2008120122 Firefox/3.0.5"
93.86.16.183 - - [23/Jan/2009:21:47:16 +0100] "GET /zampa/slike/S5UROSTO.GIF HTTP/1.1" 200 45220 "http://www.various-euro.com/zampa/" "Mozilla/5.0 (Windows; U; Windows NT 5.1; en-US; rv:1.9.0.5) Gecko/2008120122 Firefox/3.0.5"
93.86.16.183 - - [23/Jan/2009:21:47:58 +0100] "GET /zampa/slike/S6BIENNI.GIF HTTP/1.1" 200 35877 "http://www.various-euro.com/zampa/" "Mozilla/5.0 (Windows; U; Windows NT 5.1; en-US; rv:1.9.0.5) Gecko/2008120122 Firefox/3.0.5"
93.86.16.183 - - [23/Jan/2009:21:48:14 +0100] "GET /zampa/slike/S3VAMPIR.GIF HTTP/1.1" 200 55504 "http://www.various-euro.com/zampa/" "Mozilla/5.0 (Windows; U; Windows NT 5.1; en-US; rv:1.9.0.5) Gecko/2008120122 Firefox/3.0.5"
67.195.37.155 - - [23/Jan/2009:22:18:32 +0100] "GET /robots.txt HTTP/1.0" 200 64 "-" "Mozilla/5.0 (compatible; Yahoo! Slurp; http://help.yahoo.com/help/us/ysearch/slurp)"
67.195.37.155 - - [23/Jan/2009:22:18:33 +0100] "GET /neon/euro.html HTTP/1.0" 200 2212 "-" "Mozilla/5.0 (compatible; Yahoo! Slurp; http://help.yahoo.com/help/us/ysearch/slurp)"
67.195.37.155 - - [23/Jan/2009:22:20:27 +0100] "GET /neon/europa.html HTTP/1.0" 200 389 "-" "Mozilla/5.0 (compatible; Yahoo! Slurp; http://help.yahoo.com/help/us/ysearch/slurp)"
72.30.65.62 - - [23/Jan/2009:22:24:25 +0100] "GET /schubb/schubb-2.html HTTP/1.0" 200 16660 "-" "Mozilla/5.0 (compatible; Yahoo! Slurp; http://help.yahoo.com/help/us/ysearch/slurp)"
72.30.65.62 - - [23/Jan/2009:22:40:00 +0100] "GET /logs/ HTTP/1.0" 200 10079 "-" "Mozilla/5.0 (compatible; Yahoo! Slurp; http://help.yahoo.com/help/us/ysearch/slurp)"
67.195.37.155 - - [23/Jan/2009:22:44:36 +0100] "GET /neon/channel.html HTTP/1.0" 200 1942 "-" "Mozilla/5.0 (compatible; Yahoo! Slurp; http://help.yahoo.com/help/us/ysearch/slurp)"
66.249.65.169 - - [23/Jan/2009:23:14:08 +0100] "GET /framez-euro.html HTTP/1.1" 200 4319 "-" "Mozilla/5.0 (compatible; Googlebot/2.1; +http://www.google.com/bot.html)"
72.30.65.62 - - [23/Jan/2009:23:53:50 +0100] "GET /DgH/ HTTP/1.0" 200 5024 "-" "Mozilla/5.0 (compatible; Yahoo! Slurp; http://help.yahoo.com/help/us/ysearch/slurp)"
72.30.65.62 - - [24/Jan/2009:00:13:29 +0100] "GET /world.html HTTP/1.0" 200 16295 "-" "Mozilla/5.0 (compatible; Yahoo! Slurp; http://help.yahoo.com/help/us/ysearch/slurp)"
67.195.37.175 - - [24/Jan/2009:00:27:43 +0100] "GET /robots.txt HTTP/1.0" 200 64 "-" "Mozilla/5.0 (compatible; Yahoo! Slurp; http://help.yahoo.com/help/us/ysearch/slurp)"
67.195.37.175 - - [24/Jan/2009:00:27:44 +0100] "GET /DgH/watch/index.html HTTP/1.0" 200 2028 "-" "Mozilla/5.0 (compatible; Yahoo! Slurp; http://help.yahoo.com/help/us/ysearch/slurp)"
66.235.124.7 - - [24/Jan/2009:00:53:26 +0100] "GET /robots.txt HTTP/1.1" 200 64 "-" "Mozilla/5.0 (compatible; Ask Jeeves/Teoma; +http://about.ask.com/en/docs/about/webmasters.shtml)"
66.235.124.7 - - [24/Jan/2009:00:53:42 +0100] "GET /zampa-lovers/index.html HTTP/1.1" 200 37790 "-" "Mozilla/5.0 (compatible; Ask Jeeves/Teoma; +http://about.ask.com/en/docs/about/webmasters.shtml)"
82.237.212.168 - - [24/Jan/2009:00:58:28 +0100] "POST http://various-euro.com/cgi-bin/adspro/dhtml.pl HTTP/1.0" 404 2748 "http://various-euro.com/cgi-bin/adspro/dhtml.pl" "Mozilla/4.0 (compatible; MSIE 6.0; Windows NT 5.1)"
67.195.37.175 - - [24/Jan/2009:01:10:08 +0100] "GET / HTTP/1.0" 200 7869 "-" "Mozilla/5.0 (compatible; Yahoo! Slurp/3.0; http://help.yahoo.com/help/us/ysearch/slurp)"
67.195.37.175 - - [24/Jan/2009:01:10:08 +0100] "GET /style/various-euro.css HTTP/1.0" 200 3437 "http://www.various-euro.com/" "Mozilla/5.0 (compatible; Yahoo! Slurp/3.0; http://help.yahoo.com/help/us/ysearch/slurp)"
72.30.65.62 - - [24/Jan/2009:01:23:13 +0100] "GET /menue.html HTTP/1.0" 404 2748 "-" "Mozilla/5.0 (compatible; Yahoo! Slurp; http://help.yahoo.com/help/us/ysearch/slurp)"
61.247.222.56 - - [24/Jan/2009:01:28:17 +0100] "GET /robots.txt HTTP/1.1" 200 64 "-" "Yeti/1.0 (NHN Corp.; http://help.naver.com/robots/)"
61.247.222.56 - - [24/Jan/2009:01:28:17 +0100] "GET /framez-zampa-lovers.html HTTP/1.1" 200 4322 "-" "Yeti/1.0 (NHN Corp.; http://help.naver.com/robots/)"
72.30.65.62 - - [24/Jan/2009:01:33:44 +0100] "GET /neon/annniiii.html HTTP/1.0" 200 686 "-" "Mozilla/5.0 (compatible; Yahoo! Slurp; http://help.yahoo.com/help/us/ysearch/slurp)"
193.252.149.15 - - [24/Jan/2009:01:44:08 +0100] "GET /f-bannnerz.html HTTP/1.1" 200 12651 "-" "Mozilla/5.0 (Windows; U; Windows NT 5.1; fr; rv:1.8.1) VoilaBot BETA 1.2 (support.voilabot@orange-ftgroup.com)"
66.249.65.169 - - [24/Jan/2009:02:50:57 +0100] "GET /f-zeug.html HTTP/1.1" 200 48203 "-" "Mozilla/5.0 (compatible; Googlebot/2.1; +http://www.google.com/bot.html)"
81.52.143.16 - - [24/Jan/2009:03:47:12 +0100] "GET /frame-unten.html HTTP/1.1" 200 5308 "-" "Mozilla/5.0 (Windows; U; Windows NT 5.1; fr; rv:1.8.1) VoilaBot BETA 1.2 (support.voilabot@orange-ftgroup.com)"
66.249.65.169 - - [24/Jan/2009:04:22:55 +0100] "GET /framez-zampa-lovers.html HTTP/1.1" 200 4322 "-" "Mozilla/5.0 (compatible; Googlebot/2.1; +http://www.google.com/bot.html)"
72.30.65.62 - - [24/Jan/2009:04:24:37 +0100] "GET /games/virtualcop/virtualcop.html HTTP/1.0" 200 4487 "-" "Mozilla/5.0 (compatible; Yahoo! Slurp; http://help.yahoo.com/help/us/ysearch/slurp)"
72.30.65.62 - - [24/Jan/2009:04:39:13 +0100] "GET /frame-unten.html HTTP/1.0" 200 5308 "-" "Mozilla/5.0 (compatible; Yahoo! Slurp; http://help.yahoo.com/help/us/ysearch/slurp)"
66.249.65.169 - - [24/Jan/2009:06:08:33 +0100] "GET /f-euro.html HTTP/1.1" 200 12203 "-" "Mozilla/5.0 (compatible; Googlebot/2.1; +http://www.google.com/bot.html)"
193.252.149.16 - - [24/Jan/2009:06:16:51 +0100] "GET /framez.html HTTP/1.1" 200 3959 "-" "Mozilla/5.0 (Windows; U; Windows NT 5.1; fr; rv:1.8.1) VoilaBot BETA 1.2 (support.voilabot@orange-ftgroup.com)"
193.252.149.16 - - [24/Jan/2009:06:17:14 +0100] "GET /frame-inhalt.html HTTP/1.1" 200 5418 "-" "Mozilla/5.0 (Windows; U; Windows NT 5.1; fr; rv:1.8.1) VoilaBot BETA 1.2 (support.voilabot@orange-ftgroup.com)"
193.252.149.16 - - [24/Jan/2009:06:17:14 +0100] "GET /frame-menu.html HTTP/1.1" 200 10536 "-" "Mozilla/5.0 (Windows; U; Windows NT 5.1; fr; rv:1.8.1) VoilaBot BETA 1.2 (support.voilabot@orange-ftgroup.com)"
193.252.149.16 - - [24/Jan/2009:06:17:14 +0100] "GET /frame-unten.html HTTP/1.1" 200 5308 "-" "Mozilla/5.0 (Windows; U; Windows NT 5.1; fr; rv:1.8.1) VoilaBot BETA 1.2 (support.voilabot@orange-ftgroup.com)"
67.195.37.180 - - [24/Jan/2009:06:19:12 +0100] "GET /robots.txt HTTP/1.0" 200 64 "-" "Mozilla/5.0 (compatible; Yahoo! Slurp; http://help.yahoo.com/help/us/ysearch/slurp)"
67.195.37.180 - - [24/Jan/2009:06:19:13 +0100] "GET /zampa HTTP/1.0" 301 375 "-" "Mozilla/5.0 (compatible; Yahoo! Slurp; http://help.yahoo.com/help/us/ysearch/slurp)"
67.195.37.180 - - [24/Jan/2009:06:19:22 +0100] "GET /zampa/ HTTP/1.0" 200 7153 "-" "Mozilla/5.0 (compatible; Yahoo! Slurp; http://help.yahoo.com/help/us/ysearch/slurp)"
67.195.37.180 - - [24/Jan/2009:06:35:12 +0100] "GET /zampa/montenegro/BATAW.html HTTP/1.0" 200 860 "-" "Mozilla/5.0 (compatible; Yahoo! Slurp; http://help.yahoo.com/help/us/ysearch/slurp)"
66.235.124.7 - - [24/Jan/2009:06:36:11 +0100] "GET /robots.txt HTTP/1.1" 200 64 "-" "Mozilla/5.0 (compatible; Ask Jeeves/Teoma; +http://about.ask.com/en/docs/about/webmasters.shtml)"
66.235.124.7 - - [24/Jan/2009:06:36:26 +0100] "GET /neon/girlz2.html HTTP/1.1" 200 2937 "-" "Mozilla/5.0 (compatible; Ask Jeeves/Teoma; +http://about.ask.com/en/docs/about/webmasters.shtml)"
67.195.37.180 - - [24/Jan/2009:06:36:47 +0100] "GET /zampa/montenegro/MILOW.html HTTP/1.0" 200 860 "-" "Mozilla/5.0 (compatible; Yahoo! Slurp; http://help.yahoo.com/help/us/ysearch/slurp)"
67.195.37.98 - - [24/Jan/2009:06:41:35 +0100] "GET /robots.txt HTTP/1.0" 200 64 "-" "Mozilla/5.0 (compatible; Yahoo! Slurp; http://help.yahoo.com/help/us/ysearch/slurp)"
67.195.37.98 - - [24/Jan/2009:06:41:35 +0100] "GET /zampa/montenegro/TESLAW.html HTTP/1.0" 200 861 "-" "Mozilla/5.0 (compatible; Yahoo! Slurp; http://help.yahoo.com/help/us/ysearch/slurp)"
67.195.37.180 - - [24/Jan/2009:06:43:32 +0100] "GET /zampa/montenegro/SEKAW.html HTTP/1.0" 200 860 "-" "Mozilla/5.0 (compatible; Yahoo! Slurp; http://help.yahoo.com/help/us/ysearch/slurp)"
81.52.143.15 - - [24/Jan/2009:07:05:09 +0100] "GET /f-warez.html HTTP/1.1" 200 10953 "-" "Mozilla/5.0 (Windows; U; Windows NT 5.1; fr; rv:1.8.1) VoilaBot BETA 1.2 (support.voilabot@orange-ftgroup.com)"
74.6.18.247 - - [24/Jan/2009:07:08:55 +0100] "GET /robots.txt HTTP/1.0" 302 363 "-" "Mozilla/5.0 (compatible; Yahoo! Slurp; http://help.yahoo.com/help/us/ysearch/slurp)"
74.6.18.247 - - [24/Jan/2009:07:08:55 +0100] "GET /zampa/robots.txt HTTP/1.0" 404 2748 "-" "Mozilla/5.0 (compatible; Yahoo! Slurp; http://help.yahoo.com/help/us/ysearch/slurp)"
74.6.18.247 - - [24/Jan/2009:07:08:55 +0100] "GET / HTTP/1.0" 302 353 "-" "Mozilla/5.0 (compatible; Yahoo! Slurp; http://help.yahoo.com/help/us/ysearch/slurp)"
72.30.65.62 - - [24/Jan/2009:07:08:56 +0100] "GET /robots.txt HTTP/1.0" 200 64 "-" "Mozilla/5.0 (compatible; Yahoo! Slurp; http://help.yahoo.com/help/us/ysearch/slurp)"
72.30.65.62 - - [24/Jan/2009:07:08:56 +0100] "GET /zampa/ HTTP/1.0" 200 7153 "-" "Mozilla/5.0 (compatible; Yahoo! Slurp; http://help.yahoo.com/help/us/ysearch/slurp)"
72.30.65.62 - - [24/Jan/2009:07:08:58 +0100] "GET /your_tour.html HTTP/1.0" 200 29760 "-" "Mozilla/5.0 (compatible; Yahoo! Slurp; http://help.yahoo.com/help/us/ysearch/slurp)"
82.69.50.168 - - [24/Jan/2009:07:18:14 +0100] "GET / HTTP/1.1" 200 7869 "-" "Opera/9.51 (Linux 2.6; en)"
66.235.124.7 - - [24/Jan/2009:07:20:56 +0100] "GET /restate_copy.html HTTP/1.1" 200 97631 "-" "Mozilla/5.0 (compatible; Ask Jeeves/Teoma; +http://about.ask.com/en/docs/about/webmasters.shtml)"
193.252.149.16 - - [24/Jan/2009:07:32:33 +0100] "GET /frame-inhalt.html HTTP/1.1" 200 5418 "-" "Mozilla/5.0 (Windows; U; Windows NT 5.1; fr; rv:1.8.1) VoilaBot BETA 1.2 (support.voilabot@orange-ftgroup.com)"
157.82.156.164 - - [24/Jan/2009:07:45:50 +0100] "GET /robots.txt HTTP/1.1" 200 64 "-" "Mozilla/5.0 (compatible; Steeler/3.4; http://www.tkl.iis.u-tokyo.ac.jp/~crawler/)"
157.82.156.164 - - [24/Jan/2009:07:46:05 +0100] "GET /bannerz/various-euro-girl.jpg HTTP/1.1" 304 - "http://h.jp-anime.net/script/?name=various&m=asin&mode=Blended&asin=B000PFN2BE" "Mozilla/5.0 (compatible; Steeler/3.4; http://www.tkl.iis.u-tokyo.ac.jp/~crawler/)"
157.82.156.164 - - [24/Jan/2009:07:49:00 +0100] "GET /framez-rez.html HTTP/1.1" 200 4323 "http://www.technart.net/" "Mozilla/5.0 (compatible; Steeler/3.4; http://www.tkl.iis.u-tokyo.ac.jp/~crawler/)"
72.30.65.62 - - [24/Jan/2009:07:53:18 +0100] "GET /rez/ HTTP/1.0" 403 1223 "-" "Mozilla/5.0 (compatible; Yahoo! Slurp; http://help.yahoo.com/help/us/ysearch/slurp)"
67.195.37.159 - - [24/Jan/2009:07:58:07 +0100] "GET /robots.txt HTTP/1.0" 200 64 "-" "Mozilla/5.0 (compatible; Yahoo! Slurp; http://help.yahoo.com/help/us/ysearch/slurp)"
67.195.37.159 - - [24/Jan/2009:07:58:08 +0100] "GET /framez-zampa-lovers.html HTTP/1.0" 200 4322 "-" "Mozilla/5.0 (compatible; Yahoo! Slurp; http://help.yahoo.com/help/us/ysearch/slurp)"
67.195.37.180 - - [24/Jan/2009:07:58:24 +0100] "GET /frame-menu.html HTTP/1.0" 200 10536 "-" "Mozilla/5.0 (compatible; Yahoo! Slurp; http://help.yahoo.com/help/us/ysearch/slurp)"
67.195.37.180 - - [24/Jan/2009:07:58:36 +0100] "GET /zampa-lovers/index.html HTTP/1.0" 200 37790 "-" "Mozilla/5.0 (compatible; Yahoo! Slurp; http://help.yahoo.com/help/us/ysearch/slurp)"
67.195.37.180 - - [24/Jan/2009:07:58:50 +0100] "GET /frame-unten.html HTTP/1.0" 200 5308 "-" "Mozilla/5.0 (compatible; Yahoo! Slurp; http://help.yahoo.com/help/us/ysearch/slurp)"
208.80.194.52 - - [24/Jan/2009:08:02:46 +0100] "GET / HTTP/1.0" 200 7869 "-" "Mozilla/4.0 (compatible; MSIE 6.0; Windows NT 5.1; Q312461; YComp 5.0.0.0; SV1)"
208.80.194.52 - - [24/Jan/2009:08:02:46 +0100] "GET / HTTP/1.0" 200 7869 "-" "Mozilla/4.0 (compatible; MSIE 6.0; AOL 9.0; Windows NT 5.1; sbcydsl 3.12; FunWebProducts; SV1)"
119.63.193.43 - - [24/Jan/2009:08:27:56 +0100] "GET / HTTP/1.1" 200 7869 "-" "Baiduspider+(+http://help.baidu.jp/system/05.html)"
67.195.37.153 - - [24/Jan/2009:08:53:37 +0100] "GET /robots.txt HTTP/1.0" 200 64 "-" "Mozilla/5.0 (compatible; Yahoo! Slurp; http://help.yahoo.com/help/us/ysearch/slurp)"
67.195.37.153 - - [24/Jan/2009:08:53:37 +0100] "GET /zampa/montenegro/ZMAJW.html HTTP/1.0" 200 860 "-" "Mozilla/5.0 (compatible; Yahoo! Slurp; http://help.yahoo.com/help/us/ysearch/slurp)"
72.14.164.168 - - [24/Jan/2009:09:21:27 +0100] "GET /robots.txt HTTP/1.1" 200 64 "http://www.bdbrandprotect.com" "Mozilla/4.0+(compatible;+MSIE+6.0;+Windows+NT+5.1)"
72.14.164.168 - - [24/Jan/2009:09:21:27 +0100] "HEAD /DgH/bannerz/gg1.gif HTTP/1.1" 404 - "-" "BPImageWalker/2.0 (www.bdbrandprotect.com)"
72.14.164.165 - - [24/Jan/2009:09:21:43 +0100] "HEAD /16cols.gif HTTP/1.1" 404 - "-" "BPImageWalker/2.0 (www.bdbrandprotect.com)"
72.14.164.175 - - [24/Jan/2009:09:22:00 +0100] "HEAD /rez/car.gif HTTP/1.1" 404 - "-" "BPImageWalker/2.0 (www.bdbrandprotect.com)"
193.252.149.16 - - [24/Jan/2009:10:03:18 +0100] "GET / HTTP/1.1" 200 7869 "-" "Mozilla/5.0 (Windows; U; Windows NT 5.1; fr; rv:1.8.1) VoilaBot BETA 1.2 (support.voilabot@orange-ftgroup.com)"
72.30.65.62 - - [24/Jan/2009:10:11:30 +0100] "GET /zampa/ HTTP/1.0" 200 7153 "-" "Mozilla/5.0 (compatible; Yahoo! Slurp; http://help.yahoo.com/help/us/ysearch/slurp)"
193.252.149.15 - - [24/Jan/2009:10:40:16 +0100] "GET /neon/euro.html HTTP/1.1" 200 2212 "-" "Mozilla/5.0 (Windows; U; Windows NT 5.1; fr; rv:1.8.1) VoilaBot BETA 1.2 (support.voilabot@orange-ftgroup.com)"
62.47.187.12 - - [24/Jan/2009:10:49:38 +0100] "GET /restate_copy.html HTTP/1.1" 200 97631 "-" "Mozilla/5.0 (X11; U; Linux i686; de; rv:1.9.0.5) Gecko/2008121622 Ubuntu/8.10 (intrepid) Firefox/3.0.5"
81.52.143.26 - - [24/Jan/2009:11:28:36 +0100] "GET /neon/warning2.html HTTP/1.1" 200 997 "-" "Mozilla/5.0 (Windows; U; Windows NT 5.1; fr; rv:1.8.1) VoilaBot BETA 1.2 (support.voilabot@orange-ftgroup.com)"
66.249.65.169 - - [24/Jan/2009:12:03:57 +0100] "GET /robots.txt HTTP/1.1" 200 64 "-" "Mozilla/5.0 (compatible; Googlebot/2.1; +http://www.google.com/bot.html)"
66.249.65.169 - - [24/Jan/2009:12:03:57 +0100] "GET /logs/usage_200901.html HTTP/1.1" 404 2748 "-" "Mozilla/5.0 (compatible; Googlebot/2.1; +http://www.google.com/bot.html)"
65.55.211.172 - - [24/Jan/2009:12:04:43 +0100] "GET /robots.txt HTTP/1.1" 200 64 "-" "msnbot/1.1 (+http://search.msn.com/msnbot.htm)"
65.55.211.172 - - [24/Jan/2009:12:04:44 +0100] "GET /bmpp/18_x.html HTTP/1.1" 200 1100 "-" "msnbot/1.1 (+http://search.msn.com/msnbot.htm)"
210.149.120.127 - - [24/Jan/2009:12:05:13 +0100] "GET /neon/girlz2.html HTTP/1.1" 200 2937 "http://search.msn.com/results.aspx?q=euro-girls&first=51&FORM=PERE5" "Mozilla/4.0 (compatible; MSIE 7.0; Windows NT 5.1)"
210.149.120.127 - - [24/Jan/2009:12:05:14 +0100] "GET /vgirls/button10.gif HTTP/1.1" 200 15687 "http://www.various-euro.com/neon/girlz2.html" "Mozilla/4.0 (compatible; MSIE 7.0; Windows NT 5.1)"
210.149.120.127 - - [24/Jan/2009:12:05:14 +0100] "GET /vgirls/wm_02.gif HTTP/1.1" 200 36891 "http://www.various-euro.com/neon/girlz2.html" "Mozilla/4.0 (compatible; MSIE 7.0; Windows NT 5.1)"
210.149.120.127 - - [24/Jan/2009:12:05:15 +0100] "GET /vgirls/button1.gif HTTP/1.1" 200 9099 "http://www.various-euro.com/neon/girlz2.html" "Mozilla/4.0 (compatible; MSIE 7.0; Windows NT 5.1)"
210.149.120.127 - - [24/Jan/2009:12:05:16 +0100] "GET /vgirls/virtua4.gif HTTP/1.1" 200 12643 "http://www.various-euro.com/neon/girlz2.html" "Mozilla/4.0 (compatible; MSIE 7.0; Windows NT 5.1)"
210.149.120.127 - - [24/Jan/2009:12:05:16 +0100] "GET /vgirls/button3.gif HTTP/1.1" 200 9634 "http://www.various-euro.com/neon/girlz2.html" "Mozilla/4.0 (compatible; MSIE 7.0; Windows NT 5.1)"
210.149.120.127 - - [24/Jan/2009:12:05:16 +0100] "GET /vgirls/dora_01.gif HTTP/1.1" 200 15465 "http://www.various-euro.com/neon/girlz2.html" "Mozilla/4.0 (compatible; MSIE 7.0; Windows NT 5.1)"
210.149.120.127 - - [24/Jan/2009:12:05:16 +0100] "GET /vgirls/shaina_big.gif HTTP/1.1" 200 16169 "http://www.various-euro.com/neon/girlz2.html" "Mozilla/4.0 (compatible; MSIE 7.0; Windows NT 5.1)"
210.149.120.127 - - [24/Jan/2009:12:05:17 +0100] "GET /favicon.ico HTTP/1.1" 404 2748 "-" "Mozilla/4.0 (compatible; MSIE 7.0; Windows NT 5.1)"
210.149.120.127 - - [24/Jan/2009:12:05:17 +0100] "GET /framez-girlz.html HTTP/1.1" 200 4271 "-" "Mozilla/4.0 (compatible; MSIE 7.0; Windows NT 5.1)"
210.149.120.127 - - [24/Jan/2009:12:05:17 +0100] "GET /frame-menu.html HTTP/1.1" 200 10536 "http://www.various-euro.com/framez-girlz.html" "Mozilla/4.0 (compatible; MSIE 7.0; Windows NT 5.1)"
210.149.120.127 - - [24/Jan/2009:12:05:18 +0100] "GET /neon/girlz2.html HTTP/1.1" 200 2937 "http://www.various-euro.com/framez-girlz.html" "Mozilla/4.0 (compatible; MSIE 7.0; Windows NT 5.1)"
210.149.120.127 - - [24/Jan/2009:12:05:18 +0100] "GET /frame-unten.html HTTP/1.1" 200 5308 "http://www.various-euro.com/framez-girlz.html" "Mozilla/4.0 (compatible; MSIE 7.0; Windows NT 5.1)"
210.149.120.127 - - [24/Jan/2009:12:05:18 +0100] "GET /style/various-euro.css HTTP/1.1" 200 3437 "http://www.various-euro.com/frame-menu.html" "Mozilla/4.0 (compatible; MSIE 7.0; Windows NT 5.1)"
210.149.120.127 - - [24/Jan/2009:12:05:18 +0100] "GET /bannerz/ve.jpg HTTP/1.1" 200 36912 "http://www.various-euro.com/frame-unten.html" "Mozilla/4.0 (compatible; MSIE 7.0; Windows NT 5.1)"
210.149.120.127 - - [24/Jan/2009:12:05:18 +0100] "GET /bannerz/various-euro-girl.jpg HTTP/1.1" 200 91514 "http://www.various-euro.com/frame-unten.html" "Mozilla/4.0 (compatible; MSIE 7.0; Windows NT 5.1)"
210.149.120.127 - - [24/Jan/2009:12:05:20 +0100] "GET /ve-icon-2.ico HTTP/1.1" 200 2238 "-" "Mozilla/4.0 (compatible; MSIE 7.0; Windows NT 5.1)"
210.149.120.127 - - [24/Jan/2009:12:05:22 +0100] "GET /neon/biggtani.html HTTP/1.1" 200 1698 "http://www.various-euro.com/neon/girlz2.html" "Mozilla/4.0 (compatible; MSIE 7.0; Windows NT 5.1)"
210.149.120.127 - - [24/Jan/2009:12:05:22 +0100] "GET /neon/biggtani.html HTTP/1.1" 200 1698 "http://www.various-euro.com/neon/girlz2.html" "Mozilla/4.0 (compatible; MSIE 7.0; Windows NT 5.1)"
210.149.120.127 - - [24/Jan/2009:12:05:23 +0100] "GET /neon/wp3button.gif HTTP/1.1" 200 7799 "http://www.various-euro.com/neon/biggtani.html" "Mozilla/4.0 (compatible; MSIE 7.0; Windows NT 5.1)"
210.149.120.127 - - [24/Jan/2009:12:05:23 +0100] "GET /neon/123button-neo5a.gif HTTP/1.1" 200 9625 "http://www.various-euro.com/neon/biggtani.html" "Mozilla/4.0 (compatible; MSIE 7.0; Windows NT 5.1)"
210.149.120.127 - - [24/Jan/2009:12:05:24 +0100] "GET /neon/wpbutton.gif HTTP/1.1" 200 4738 "http://www.various-euro.com/neon/biggtani.html" "Mozilla/4.0 (compatible; MSIE 7.0; Windows NT 5.1)"
210.149.120.127 - - [24/Jan/2009:12:05:31 +0100] "GET /neon/girlz2.html HTTP/1.1" 200 2937 "http://www.various-euro.com/neon/biggtani.html" "Mozilla/4.0 (compatible; MSIE 7.0; Windows NT 5.1)"
210.149.120.127 - - [24/Jan/2009:12:05:39 +0100] "GET /framez-girlz.html HTTP/1.1" 200 4271 "-" "Mozilla/4.0 (compatible; MSIE 7.0; Windows NT 5.1)"
210.149.120.127 - - [24/Jan/2009:12:07:46 +0100] "GET /neon/girlz2.html HTTP/1.1" 200 2937 "-" "Mozilla/4.0 (compatible; MSIE 7.0; Windows NT 5.1)"
210.149.120.127 - - [24/Jan/2009:12:07:47 +0100] "GET /framez-girlz.html HTTP/1.1" 200 4271 "-" "Mozilla/4.0 (compatible; MSIE 7.0; Windows NT 5.1)"
210.149.120.127 - - [24/Jan/2009:12:07:48 +0100] "GET /frame-menu.html HTTP/1.1" 200 10536 "http://www.various-euro.com/framez-girlz.html" "Mozilla/4.0 (compatible; MSIE 7.0; Windows NT 5.1)"
210.149.120.127 - - [24/Jan/2009:12:07:48 +0100] "GET /neon/girlz2.html HTTP/1.1" 200 2937 "http://www.various-euro.com/framez-girlz.html" "Mozilla/4.0 (compatible; MSIE 7.0; Windows NT 5.1)"
210.149.120.127 - - [24/Jan/2009:12:07:48 +0100] "GET /frame-unten.html HTTP/1.1" 200 5308 "http://www.various-euro.com/framez-girlz.html" "Mozilla/4.0 (compatible; MSIE 7.0; Windows NT 5.1)"
66.249.65.169 - - [24/Jan/2009:12:08:58 +0100] "GET /schubb/schubb-2.html HTTP/1.1" 200 16660 "-" "Mozilla/5.0 (compatible; Googlebot/2.1; +http://www.google.com/bot.html)"
81.52.143.26 - - [24/Jan/2009:12:10:12 +0100] "GET /bmpp/18asi_2.html HTTP/1.1" 200 8674 "-" "Mozilla/5.0 (Windows; U; Windows NT 5.1; fr; rv:1.8.1) VoilaBot BETA 1.2 (support.voilabot@orange-ftgroup.com)"
90.191.227.117 - - [24/Jan/2009:12:26:19 +0100] "GET /sendi_agent.html HTTP/1.1" 200 6213 "http://www.google.ee/search?hl=et&q=euro+sendid&start=10&sa=N" "Mozilla/4.0 (compatible; MSIE 7.0; Windows NT 5.1; .NET CLR 2.0.50727; .NET CLR 3.0.4506.2152; .NET CLR 3.5.30729; .NET CLR 1.1.4322)"
90.191.227.117 - - [24/Jan/2009:12:26:20 +0100] "GET /3dsf3/sendi/index.html HTTP/1.1" 200 1837 "http://www.various-euro.com/sendi_agent.html" "Mozilla/4.0 (compatible; MSIE 7.0; Windows NT 5.1; .NET CLR 2.0.50727; .NET CLR 3.0.4506.2152; .NET CLR 3.5.30729; .NET CLR 1.1.4322)"
90.191.227.117 - - [24/Jan/2009:12:26:20 +0100] "GET /bannerz/horrorkatze/xSENDI_BA.jpg HTTP/1.1" 200 4876 "http://www.various-euro.com/sendi_agent.html" "Mozilla/4.0 (compatible; MSIE 7.0; Windows NT 5.1; .NET CLR 2.0.50727; .NET CLR 3.0.4506.2152; .NET CLR 3.5.30729; .NET CLR 1.1.4322)"
90.191.227.117 - - [24/Jan/2009:12:26:20 +0100] "GET /3dsf3/sendi/sendisendi.html HTTP/1.1" 200 5118 "http://www.various-euro.com/sendi_agent.html" "Mozilla/4.0 (compatible; MSIE 7.0; Windows NT 5.1; .NET CLR 2.0.50727; .NET CLR 3.0.4506.2152; .NET CLR 3.5.30729; .NET CLR 1.1.4322)"
90.191.227.117 - - [24/Jan/2009:12:26:20 +0100] "GET /3dsf3/sendi/formate.css HTTP/1.1" 200 474 "http://www.various-euro.com/3dsf3/sendi/index.html" "Mozilla/4.0 (compatible; MSIE 7.0; Windows NT 5.1; .NET CLR 2.0.50727; .NET CLR 3.0.4506.2152; .NET CLR 3.5.30729; .NET CLR 1.1.4322)"
90.191.227.117 - - [24/Jan/2009:12:26:20 +0100] "GET /3dsf3/sendi/slike/wewant.jpg HTTP/1.1" 200 7142 "http://www.various-euro.com/3dsf3/sendi/index.html" "Mozilla/4.0 (compatible; MSIE 7.0; Windows NT 5.1; .NET CLR 2.0.50727; .NET CLR 3.0.4506.2152; .NET CLR 3.5.30729; .NET CLR 1.1.4322)"
90.191.227.117 - - [24/Jan/2009:12:26:20 +0100] "GET /3dsf3/sendi/slike/sendi-install.jpg HTTP/1.1" 200 6966 "http://www.various-euro.com/3dsf3/sendi/index.html" "Mozilla/4.0 (compatible; MSIE 7.0; Windows NT 5.1; .NET CLR 2.0.50727; .NET CLR 3.0.4506.2152; .NET CLR 3.5.30729; .NET CLR 1.1.4322)"
90.191.227.117 - - [24/Jan/2009:12:26:20 +0100] "GET /3dsf3/sendi/slike/various-sendi.jpg HTTP/1.1" 200 6368 "http://www.various-euro.com/3dsf3/sendi/index.html" "Mozilla/4.0 (compatible; MSIE 7.0; Windows NT 5.1; .NET CLR 2.0.50727; .NET CLR 3.0.4506.2152; .NET CLR 3.5.30729; .NET CLR 1.1.4322)"
90.191.227.117 - - [24/Jan/2009:12:26:20 +0100] "GET /3dsf3/sendi/slike/ifi.jpg HTTP/1.1" 200 5735 "http://www.various-euro.com/3dsf3/sendi/index.html" "Mozilla/4.0 (compatible; MSIE 7.0; Windows NT 5.1; .NET CLR 2.0.50727; .NET CLR 3.0.4506.2152; .NET CLR 3.5.30729; .NET CLR 1.1.4322)"
90.191.227.117 - - [24/Jan/2009:12:26:20 +0100] "GET /3dsf3/sendi/slike/sendichannel3.jpg HTTP/1.1" 200 10395 "http://www.various-euro.com/3dsf3/sendi/sendisendi.html" "Mozilla/4.0 (compatible; MSIE 7.0; Windows NT 5.1; .NET CLR 2.0.50727; .NET CLR 3.0.4506.2152; .NET CLR 3.5.30729; .NET CLR 1.1.4322)"
90.191.227.117 - - [24/Jan/2009:12:26:20 +0100] "GET /3dsf3/sendi/slike/SHEMA.JPG HTTP/1.1" 200 24378 "http://www.various-euro.com/3dsf3/sendi/sendisendi.html" "Mozilla/4.0 (compatible; MSIE 7.0; Windows NT 5.1; .NET CLR 2.0.50727; .NET CLR 3.0.4506.2152; .NET CLR 3.5.30729; .NET CLR 1.1.4322)"
90.191.227.117 - - [24/Jan/2009:12:26:20 +0100] "GET /3dsf3/sendi/slike/sendichannel1.jpg HTTP/1.1" 200 10755 "http://www.various-euro.com/3dsf3/sendi/sendisendi.html" "Mozilla/4.0 (compatible; MSIE 7.0; Windows NT 5.1; .NET CLR 2.0.50727; .NET CLR 3.0.4506.2152; .NET CLR 3.5.30729; .NET CLR 1.1.4322)"
90.191.227.117 - - [24/Jan/2009:12:26:20 +0100] "GET /3dsf3/sendi/slike/sendichannel2.jpg HTTP/1.1" 200 9728 "http://www.various-euro.com/3dsf3/sendi/sendisendi.html" "Mozilla/4.0 (compatible; MSIE 7.0; Windows NT 5.1; .NET CLR 2.0.50727; .NET CLR 3.0.4506.2152; .NET CLR 3.5.30729; .NET CLR 1.1.4322)"
90.191.227.117 - - [24/Jan/2009:12:26:20 +0100] "GET /3dsf3/sendi/slike/ddplugin-table.jpg HTTP/1.1" 200 10146 "http://www.various-euro.com/3dsf3/sendi/sendisendi.html" "Mozilla/4.0 (compatible; MSIE 7.0; Windows NT 5.1; .NET CLR 2.0.50727; .NET CLR 3.0.4506.2152; .NET CLR 3.5.30729; .NET CLR 1.1.4322)"
90.191.227.117 - - [24/Jan/2009:12:26:20 +0100] "GET /3dsf3/sendi/slike/ddplugin-table2.jpg HTTP/1.1" 200 10055 "http://www.various-euro.com/3dsf3/sendi/sendisendi.html" "Mozilla/4.0 (compatible; MSIE 7.0; Windows NT 5.1; .NET CLR 2.0.50727; .NET CLR 3.0.4506.2152; .NET CLR 3.5.30729; .NET CLR 1.1.4322)"
90.191.227.117 - - [24/Jan/2009:12:26:21 +0100] "GET /3dsf3/sendi/slike/xSENDI_BA.jpg HTTP/1.1" 200 4876 "http://www.various-euro.com/3dsf3/sendi/sendisendi.html" "Mozilla/4.0 (compatible; MSIE 7.0; Windows NT 5.1; .NET CLR 2.0.50727; .NET CLR 3.0.4506.2152; .NET CLR 3.5.30729; .NET CLR 1.1.4322)"
90.191.227.117 - - [24/Jan/2009:12:26:21 +0100] "GET /ve-icon-2.ico HTTP/1.1" 200 2238 "-" "Mozilla/4.0 (compatible; MSIE 7.0; Windows NT 5.1; .NET CLR 2.0.50727; .NET CLR 3.0.4506.2152; .NET CLR 3.5.30729; .NET CLR 1.1.4322)"
87.250.42.67 - - [24/Jan/2009:12:28:25 +0100] "GET /favicon.ico HTTP/1.1" 302 364 "-" "Mozilla/4.0 (compatible; GoogleToolbar 5.0.2124.6042; Windows XP 5.1; MSIE 7.0.5730.13)"
87.250.42.67 - - [24/Jan/2009:12:28:25 +0100] "GET /zampa/favicon.ico HTTP/1.1" 404 2748 "-" "Mozilla/4.0 (compatible; GoogleToolbar 5.0.2124.6042; Windows XP 5.1; MSIE 7.0.5730.13)"
87.250.42.67 - - [24/Jan/2009:12:28:25 +0100] "GET /favicon.gif HTTP/1.1" 302 364 "-" "Mozilla/4.0 (compatible; GoogleToolbar 5.0.2124.6042; Windows XP 5.1; MSIE 7.0.5730.13)"
87.250.42.67 - - [24/Jan/2009:12:28:25 +0100] "GET /zampa/favicon.gif HTTP/1.1" 404 2748 "-" "Mozilla/4.0 (compatible; GoogleToolbar 5.0.2124.6042; Windows XP 5.1; MSIE 7.0.5730.13)"
72.30.65.62 - - [24/Jan/2009:12:29:08 +0100] "GET /neon/europa.html HTTP/1.0" 200 389 "-" "Mozilla/5.0 (compatible; Yahoo! Slurp; http://help.yahoo.com/help/us/ysearch/slurp)"
66.235.124.7 - - [24/Jan/2009:13:09:35 +0100] "GET / HTTP/1.1" 200 7869 "-" "Mozilla/5.0 (compatible; Ask Jeeves/Teoma; +http://about.ask.com/en/docs/about/webmasters.shtml)"
65.55.211.160 - - [24/Jan/2009:13:23:15 +0100] "GET /robots.txt HTTP/1.1" 200 64 "-" "msnbot/1.1 (+http://search.msn.com/msnbot.htm)"
65.55.211.160 - - [24/Jan/2009:13:23:15 +0100] "GET /DgH/bull/index.html HTTP/1.1" 200 1915 "-" "msnbot/1.1 (+http://search.msn.com/msnbot.htm)"
65.55.211.164 - - [24/Jan/2009:13:28:49 +0100] "GET /robots.txt HTTP/1.1" 200 64 "-" "msnbot/1.1 (+http://search.msn.com/msnbot.htm)"
65.55.211.164 - - [24/Jan/2009:13:28:49 +0100] "GET /neon/slow-walk.html HTTP/1.1" 200 1640 "-" "msnbot/1.1 (+http://search.msn.com/msnbot.htm)"
87.118.114.82 - - [24/Jan/2009:13:37:30 +0100] "GET /restate_copy.html HTTP/1.0" 200 97631 "-" "Mozilla/4.0 (compatible; MSIE 6.0; Windows NT 5.2; Win64; AMD64)"
81.52.143.26 - - [24/Jan/2009:13:46:39 +0100] "GET /neon/annniiii.html HTTP/1.1" 200 686 "-" "Mozilla/5.0 (Windows; U; Windows NT 5.1; fr; rv:1.8.1) VoilaBot BETA 1.2 (support.voilabot@orange-ftgroup.com)"
72.30.65.62 - - [24/Jan/2009:14:05:33 +0100] "GET /neon/sushi.html HTTP/1.0" 200 687 "-" "Mozilla/5.0 (compatible; Yahoo! Slurp; http://help.yahoo.com/help/us/ysearch/slurp)"
89.80.180.157 - - [24/Jan/2009:14:38:41 +0100] "GET /framez.html HTTP/1.1" 200 3959 "-" "Mozilla/5.0 (Windows; U; Windows NT 5.1; fr; rv:1.9.0.5) Gecko/2008120122 Firefox/3.0.5"
67.195.37.172 - - [24/Jan/2009:15:17:41 +0100] "GET /robots.txt HTTP/1.0" 200 64 "-" "Mozilla/5.0 (compatible; Yahoo! Slurp; http://help.yahoo.com/help/us/ysearch/slurp)"
67.195.37.172 - - [24/Jan/2009:15:17:41 +0100] "GET /framez-zampa-lovers.html HTTP/1.0" 200 4322 "-" "Mozilla/5.0 (compatible; Yahoo! Slurp/3.0; http://help.yahoo.com/help/us/ysearch/slurp)"
67.195.37.172 - - [24/Jan/2009:15:17:43 +0100] "GET /frame-menu.html HTTP/1.0" 200 10536 "http://www.various-euro.com/framez-zampa-lovers.html" "Mozilla/5.0 (compatible; Yahoo! Slurp/3.0; http://help.yahoo.com/help/us/ysearch/slurp)"
67.195.37.172 - - [24/Jan/2009:15:17:43 +0100] "GET /frame-unten.html HTTP/1.0" 200 5308 "http://www.various-euro.com/framez-zampa-lovers.html" "Mozilla/5.0 (compatible; Yahoo! Slurp/3.0; http://help.yahoo.com/help/us/ysearch/slurp)"
67.195.37.172 - - [24/Jan/2009:15:17:43 +0100] "GET /zampa-lovers/index.html HTTP/1.0" 200 37790 "http://www.various-euro.com/framez-zampa-lovers.html" "Mozilla/5.0 (compatible; Yahoo! Slurp/3.0; http://help.yahoo.com/help/us/ysearch/slurp)"
67.195.37.172 - - [24/Jan/2009:15:17:44 +0100] "GET /style/various-euro.css HTTP/1.0" 200 3437 "http://www.various-euro.com/frame-menu.html" "Mozilla/5.0 (compatible; Yahoo! Slurp/3.0; http://help.yahoo.com/help/us/ysearch/slurp)"
84.52.22.148 - - [24/Jan/2009:15:56:54 +0100] "GET /f-sponsor.html HTTP/1.1" 200 8578 "-" "Mozilla/4.0 (compatible; MSIE 6.0; Windows NT 5.0)"
72.30.65.62 - - [24/Jan/2009:16:38:45 +0100] "GET /logs/usage_200712.html HTTP/1.0" 200 92577 "-" "Mozilla/5.0 (compatible; Yahoo! Slurp; http://help.yahoo.com/help/us/ysearch/slurp)"
67.195.37.172 - - [24/Jan/2009:16:48:49 +0100] "GET /sendi_agent.html HTTP/1.0" 200 6213 "-" "Mozilla/5.0 (compatible; Yahoo! Slurp/3.0; http://help.yahoo.com/help/us/ysearch/slurp)"
67.195.37.172 - - [24/Jan/2009:16:48:50 +0100] "GET /3dsf3/sendi/index.html HTTP/1.0" 200 1837 "http://www.various-euro.com/sendi_agent.html" "Mozilla/5.0 (compatible; Yahoo! Slurp/3.0; http://help.yahoo.com/help/us/ysearch/slurp)"
67.195.37.172 - - [24/Jan/2009:16:48:50 +0100] "GET /3dsf3/sendi/sendisendi.html HTTP/1.0" 200 5118 "http://www.various-euro.com/sendi_agent.html" "Mozilla/5.0 (compatible; Yahoo! Slurp/3.0; http://help.yahoo.com/help/us/ysearch/slurp)"
67.195.37.172 - - [24/Jan/2009:16:48:50 +0100] "GET /3dsf3/sendi/formate.css HTTP/1.0" 200 474 "http://www.various-euro.com/3dsf3/sendi/index.html" "Mozilla/5.0 (compatible; Yahoo! Slurp/3.0; http://help.yahoo.com/help/us/ysearch/slurp)"
67.195.37.172 - - [24/Jan/2009:16:48:51 +0100] "GET /3dsf3/sendi/formate.css HTTP/1.0" 200 474 "http://www.various-euro.com/3dsf3/sendi/sendisendi.html" "Mozilla/5.0 (compatible; Yahoo! Slurp/3.0; http://help.yahoo.com/help/us/ysearch/slurp)"
72.30.65.62 - - [24/Jan/2009:17:02:02 +0100] "GET / HTTP/1.0" 200 7869 "-" "Mozilla/5.0 (compatible; Yahoo! Slurp; http://help.yahoo.com/help/us/ysearch/slurp)"
67.195.37.89 - - [24/Jan/2009:17:19:01 +0100] "GET /robots.txt HTTP/1.0" 200 64 "-" "Mozilla/5.0 (compatible; Yahoo! Slurp; http://help.yahoo.com/help/us/ysearch/slurp)"
67.195.37.89 - - [24/Jan/2009:17:19:02 +0100] "GET /framez.html HTTP/1.0" 200 3959 "-" "Mozilla/5.0 (compatible; Yahoo! Slurp; http://help.yahoo.com/help/us/ysearch/slurp)"
67.195.37.89 - - [24/Jan/2009:17:19:15 +0100] "GET /frame-menu.html HTTP/1.0" 200 10536 "-" "Mozilla/5.0 (compatible; Yahoo! Slurp; http://help.yahoo.com/help/us/ysearch/slurp)"
67.195.37.89 - - [24/Jan/2009:17:19:27 +0100] "GET /frame-inhalt.html HTTP/1.0" 200 5418 "-" "Mozilla/5.0 (compatible; Yahoo! Slurp; http://help.yahoo.com/help/us/ysearch/slurp)"
67.195.37.89 - - [24/Jan/2009:17:19:39 +0100] "GET /frame-unten.html HTTP/1.0" 200 5308 "-" "Mozilla/5.0 (compatible; Yahoo! Slurp; http://help.yahoo.com/help/us/ysearch/slurp)"
67.195.37.89 - - [24/Jan/2009:17:23:02 +0100] "GET /bmpp/euro_pal_1.html HTTP/1.0" 200 18252 "-" "Mozilla/5.0 (compatible; Yahoo! Slurp; http://help.yahoo.com/help/us/ysearch/slurp)"
72.30.65.62 - - [24/Jan/2009:17:58:55 +0100] "GET /framez-rez.html HTTP/1.0" 200 4323 "-" "Mozilla/5.0 (compatible; Yahoo! Slurp; http://help.yahoo.com/help/us/ysearch/slurp)"
72.30.65.62 - - [24/Jan/2009:17:58:56 +0100] "GET /frame-menu.html HTTP/1.0" 200 10536 "-" "Mozilla/5.0 (compatible; Yahoo! Slurp; http://help.yahoo.com/help/us/ysearch/slurp)"
72.30.65.62 - - [24/Jan/2009:17:58:57 +0100] "GET /f-rez.html HTTP/1.0" 200 9765 "-" "Mozilla/5.0 (compatible; Yahoo! Slurp; http://help.yahoo.com/help/us/ysearch/slurp)"
72.30.65.62 - - [24/Jan/2009:17:58:57 +0100] "GET /frame-unten.html HTTP/1.0" 200 5308 "-" "Mozilla/5.0 (compatible; Yahoo! Slurp; http://help.yahoo.com/help/us/ysearch/slurp)"
67.195.37.89 - - [24/Jan/2009:18:16:25 +0100] "GET /f-maintitle.html HTTP/1.0" 200 5030 "-" "Mozilla/5.0 (compatible; Yahoo! Slurp; http://help.yahoo.com/help/us/ysearch/slurp)"
67.195.37.89 - - [24/Jan/2009:18:22:55 +0100] "GET /neon/code.html HTTP/1.0" 200 1109 "-" "Mozilla/5.0 (compatible; Yahoo! Slurp; http://help.yahoo.com/help/us/ysearch/slurp)"
66.249.65.169 - - [24/Jan/2009:20:07:03 +0100] "GET /framez-schubb.html HTTP/1.1" 200 4324 "-" "Mozilla/5.0 (compatible; Googlebot/2.1; +http://www.google.com/bot.html)"
67.195.37.89 - - [24/Jan/2009:20:10:22 +0100] "GET /f-channel1.html HTTP/1.0" 200 8471 "-" "Mozilla/5.0 (compatible; Yahoo! Slurp; http://help.yahoo.com/help/us/ysearch/slurp)"
67.195.37.89 - - [24/Jan/2009:20:20:02 +0100] "GET /f-search.html HTTP/1.0" 200 11800 "-" "Mozilla/5.0 (compatible; Yahoo! Slurp/3.0; http://help.yahoo.com/help/us/ysearch/slurp)"
67.195.37.89 - - [24/Jan/2009:20:20:13 +0100] "GET /f-bannnerz.html HTTP/1.0" 200 12651 "-" "Mozilla/5.0 (compatible; Yahoo! Slurp/3.0; http://help.yahoo.com/help/us/ysearch/slurp)"
67.195.37.89 - - [24/Jan/2009:20:21:00 +0100] "GET /neon/click.html HTTP/1.0" 200 521 "-" "Mozilla/5.0 (compatible; Yahoo! Slurp/3.0; http://help.yahoo.com/help/us/ysearch/slurp)"
72.30.65.62 - - [24/Jan/2009:20:28:58 +0100] "GET /robots.txt HTTP/1.0" 200 64 "-" "Mozilla/5.0 (compatible; Yahoo! Slurp; http://help.yahoo.com/help/us/ysearch/slurp)"
72.30.65.62 - - [24/Jan/2009:20:29:00 +0100] "GET /DgH/watch/index.html HTTP/1.0" 200 2028 "-" "Mozilla/5.0 (compatible; Yahoo! Slurp; http://help.yahoo.com/help/us/ysearch/slurp)"
67.195.37.89 - - [24/Jan/2009:20:30:25 +0100] "GET /neon/sushi.html HTTP/1.0" 200 687 "-" "Mozilla/5.0 (compatible; Yahoo! Slurp/3.0; http://help.yahoo.com/help/us/ysearch/slurp)"
65.55.211.160 - - [24/Jan/2009:20:36:39 +0100] "GET /f-logz_old.html HTTP/1.1" 200 43773 "-" "msnbot/1.1 (+http://search.msn.com/msnbot.htm)"
72.30.65.62 - - [24/Jan/2009:20:51:24 +0100] "GET /f-net.html HTTP/1.0" 200 9913 "-" "Mozilla/5.0 (compatible; Yahoo! Slurp; http://help.yahoo.com/help/us/ysearch/slurp)"
65.55.211.164 - - [24/Jan/2009:21:39:23 +0100] "GET /3dsf3/sendi/sendisendi.html HTTP/1.1" 200 5118 "-" "msnbot/1.1 (+http://search.msn.com/msnbot.htm)"
193.252.149.16 - - [24/Jan/2009:22:16:37 +0100] "GET /DgH/watch/index.html HTTP/1.1" 200 2028 "-" "Mozilla/5.0 (Windows; U; Windows NT 5.1; fr; rv:1.8.1) VoilaBot BETA 1.2 (support.voilabot@orange-ftgroup.com)"
67.195.37.180 - - [24/Jan/2009:22:20:14 +0100] "GET /robots.txt HTTP/1.0" 200 64 "-" "Mozilla/5.0 (compatible; Yahoo! Slurp; http://help.yahoo.com/help/us/ysearch/slurp)"
67.195.37.180 - - [24/Jan/2009:22:20:14 +0100] "GET / HTTP/1.0" 200 7869 "-" "Mozilla/5.0 (compatible; Yahoo! Slurp/3.0; http://help.yahoo.com/help/us/ysearch/slurp)"
