67.195.37.120 - - [09/Jan/2009:20:09:30 +0100] "GET /style/various-euro.css HTTP/1.0" 200 3437 "http://www.various-euro.com/" "Mozilla/5.0 (compatible; Yahoo! Slurp/3.0; http://help.yahoo.com/help/us/ysearch/slurp)"
66.249.65.169 - - [09/Jan/2009:20:17:37 +0100] "GET /f-sponsor.html HTTP/1.1" 200 8578 "-" "Mozilla/5.0 (compatible; Googlebot/2.1; +http://www.google.com/bot.html)"
66.249.65.169 - - [09/Jan/2009:20:18:54 +0100] "GET /frame-menu.html HTTP/1.1" 200 10536 "-" "Mozilla/5.0 (compatible; Googlebot/2.1; +http://www.google.com/bot.html)"
67.195.37.120 - - [09/Jan/2009:20:19:31 +0100] "GET /zampa HTTP/1.0" 301 375 "-" "Mozilla/5.0 (compatible; Yahoo! Slurp/3.0; http://help.yahoo.com/help/us/ysearch/slurp)"
67.195.37.120 - - [09/Jan/2009:20:19:40 +0100] "GET /zampa/ HTTP/1.0" 200 7153 "-" "Mozilla/5.0 (compatible; Yahoo! Slurp/3.0; http://help.yahoo.com/help/us/ysearch/slurp)"
66.249.65.169 - - [09/Jan/2009:20:20:04 +0100] "GET /f-other.html HTTP/1.1" 200 33189 "-" "Mozilla/5.0 (compatible; Googlebot/2.1; +http://www.google.com/bot.html)"
66.249.65.169 - - [09/Jan/2009:20:20:53 +0100] "GET /logs/ HTTP/1.1" 200 10079 "-" "Mozilla/5.0 (compatible; Googlebot/2.1; +http://www.google.com/bot.html)"
66.249.65.169 - - [09/Jan/2009:20:21:59 +0100] "GET /f-euro.html HTTP/1.1" 200 12203 "-" "Mozilla/5.0 (compatible; Googlebot/2.1; +http://www.google.com/bot.html)"
66.249.65.169 - - [09/Jan/2009:20:27:00 +0100] "GET /frame-unten.html HTTP/1.1" 200 5308 "-" "Mozilla/5.0 (compatible; Googlebot/2.1; +http://www.google.com/bot.html)"
66.249.65.169 - - [09/Jan/2009:20:28:27 +0100] "GET /f-actions.html HTTP/1.1" 200 10429 "-" "Mozilla/5.0 (compatible; Googlebot/2.1; +http://www.google.com/bot.html)"
66.249.65.169 - - [09/Jan/2009:20:33:56 +0100] "GET /robots.txt HTTP/1.1" 200 64 "-" "Mozilla/5.0 (compatible; Googlebot/2.1; +http://www.google.com/bot.html)"
66.249.65.169 - - [09/Jan/2009:20:33:56 +0100] "GET /f-net.html HTTP/1.1" 200 9913 "-" "Mozilla/5.0 (compatible; Googlebot/2.1; +http://www.google.com/bot.html)"
66.249.65.169 - - [09/Jan/2009:20:39:26 +0100] "GET /f-maintitle.html HTTP/1.1" 200 5030 "-" "Mozilla/5.0 (compatible; Googlebot/2.1; +http://www.google.com/bot.html)"
66.249.65.169 - - [09/Jan/2009:20:46:36 +0100] "GET /frame-inhalt.html HTTP/1.1" 200 5418 "-" "Mozilla/5.0 (compatible; Googlebot/2.1; +http://www.google.com/bot.html)"
66.249.65.169 - - [09/Jan/2009:20:48:27 +0100] "GET /restate_copy.html HTTP/1.1" 200 97631 "-" "Mozilla/5.0 (compatible; Googlebot/2.1; +http://www.google.com/bot.html)"
66.249.65.169 - - [09/Jan/2009:20:54:32 +0100] "GET /f-contact.html HTTP/1.1" 200 6804 "-" "Mozilla/5.0 (compatible; Googlebot/2.1; +http://www.google.com/bot.html)"
66.249.65.169 - - [09/Jan/2009:20:58:42 +0100] "GET /f-channel1.html HTTP/1.1" 200 8471 "-" "Mozilla/5.0 (compatible; Googlebot/2.1; +http://www.google.com/bot.html)"
66.249.65.169 - - [09/Jan/2009:21:01:48 +0100] "GET /f-rez.html HTTP/1.1" 200 9765 "-" "Mozilla/5.0 (compatible; Googlebot/2.1; +http://www.google.com/bot.html)"
66.249.65.169 - - [09/Jan/2009:21:03:10 +0100] "GET /f-horrorkatze.html HTTP/1.1" 200 7865 "-" "Mozilla/5.0 (compatible; Googlebot/2.1; +http://www.google.com/bot.html)"
66.249.65.169 - - [09/Jan/2009:21:05:58 +0100] "GET /framez-schubb5.html HTTP/1.1" 200 4330 "-" "Mozilla/5.0 (compatible; Googlebot/2.1; +http://www.google.com/bot.html)"
66.249.65.169 - - [09/Jan/2009:21:10:26 +0100] "GET /partnergegenberlin.html HTTP/1.1" 200 5022 "-" "Mozilla/5.0 (compatible; Googlebot/2.1; +http://www.google.com/bot.html)"
66.249.65.169 - - [09/Jan/2009:21:12:59 +0100] "GET /f-bannnerz.html HTTP/1.1" 200 12651 "-" "Mozilla/5.0 (compatible; Googlebot/2.1; +http://www.google.com/bot.html)"
67.195.37.120 - - [09/Jan/2009:21:17:04 +0100] "GET /schubb/schubb-5.html HTTP/1.0" 200 72944 "-" "Mozilla/5.0 (compatible; Yahoo! Slurp/3.0; http://help.yahoo.com/help/us/ysearch/slurp)"
66.249.65.169 - - [09/Jan/2009:21:20:46 +0100] "GET /f-web.html HTTP/1.1" 200 13605 "-" "Mozilla/5.0 (compatible; Googlebot/2.1; +http://www.google.com/bot.html)"
66.249.65.169 - - [09/Jan/2009:21:21:31 +0100] "GET /f-warez.html HTTP/1.1" 200 10953 "-" "Mozilla/5.0 (compatible; Googlebot/2.1; +http://www.google.com/bot.html)"
66.249.65.169 - - [09/Jan/2009:21:22:43 +0100] "GET /f-search.html HTTP/1.1" 200 11800 "-" "Mozilla/5.0 (compatible; Googlebot/2.1; +http://www.google.com/bot.html)"
66.249.65.169 - - [09/Jan/2009:21:24:36 +0100] "GET /framez-contact.html HTTP/1.1" 200 4325 "-" "Mozilla/5.0 (compatible; Googlebot/2.1; +http://www.google.com/bot.html)"
66.249.65.169 - - [09/Jan/2009:21:25:45 +0100] "GET /your_tour.html HTTP/1.1" 200 29760 "-" "Mozilla/5.0 (compatible; Googlebot/2.1; +http://www.google.com/bot.html)"
66.249.65.169 - - [09/Jan/2009:21:29:59 +0100] "GET /f-doku-brau.html HTTP/1.1" 200 7152 "-" "Mozilla/5.0 (compatible; Googlebot/2.1; +http://www.google.com/bot.html)"
66.249.65.169 - - [09/Jan/2009:21:32:16 +0100] "GET /f-world.html HTTP/1.1" 200 35590 "-" "Mozilla/5.0 (compatible; Googlebot/2.1; +http://www.google.com/bot.html)"
67.195.37.120 - - [09/Jan/2009:21:32:56 +0100] "GET /schubb/schubb-3.html HTTP/1.0" 200 17546 "-" "Mozilla/5.0 (compatible; Yahoo! Slurp/3.0; http://help.yahoo.com/help/us/ysearch/slurp)"
66.249.65.169 - - [09/Jan/2009:21:34:12 +0100] "GET /sendi_agent.html HTTP/1.1" 200 6213 "-" "Mozilla/5.0 (compatible; Googlebot/2.1; +http://www.google.com/bot.html)"
67.195.37.120 - - [09/Jan/2009:22:42:57 +0100] "GET /schubb/schubb-5.html HTTP/1.0" 200 72944 "-" "Mozilla/5.0 (compatible; Yahoo! Slurp/3.0; http://help.yahoo.com/help/us/ysearch/slurp)"
193.252.149.15 - - [09/Jan/2009:22:44:05 +0100] "GET /DgH/bull/index.html HTTP/1.1" 200 1915 "-" "Mozilla/5.0 (Windows; U; Windows NT 5.1; fr; rv:1.8.1) VoilaBot BETA 1.2 (support.voilabot@orange-ftgroup.com)"
208.80.194.120 - - [09/Jan/2009:23:12:37 +0100] "GET / HTTP/1.0" 200 7869 "-" "Mozilla/4.0 (compatible; MSIE 7.0; Windows NT 5.1; CATC IE 101306; .NET CLR 1.1.4322)"
208.80.194.120 - - [09/Jan/2009:23:12:37 +0100] "GET / HTTP/1.0" 200 7869 "-" "Mozilla/4.0 (compatible; MSIE 6.0; Windows NT 5.1; {57992C8E-F993-9409-3CD4-2099814F5804})"
66.249.65.169 - - [09/Jan/2009:23:29:09 +0100] "GET /neon/euro.html HTTP/1.1" 200 2212 "-" "Mozilla/5.0 (compatible; Googlebot/2.1; +http://www.google.com/bot.html)"
72.30.87.88 - - [10/Jan/2009:00:03:06 +0100] "GET /robots.txt HTTP/1.0" 200 64 "-" "Mozilla/5.0 (compatible; Yahoo! Slurp; http://help.yahoo.com/help/us/ysearch/slurp)"
72.30.87.88 - - [10/Jan/2009:00:03:06 +0100] "GET /world.html HTTP/1.0" 200 16295 "-" "Mozilla/5.0 (compatible; Yahoo! Slurp; http://help.yahoo.com/help/us/ysearch/slurp)"
67.195.37.120 - - [10/Jan/2009:00:15:42 +0100] "GET /zampa HTTP/1.0" 301 375 "-" "Mozilla/5.0 (compatible; Yahoo! Slurp/3.0; http://help.yahoo.com/help/us/ysearch/slurp)"
67.195.37.120 - - [10/Jan/2009:00:15:52 +0100] "GET /zampa/ HTTP/1.0" 200 7153 "-" "Mozilla/5.0 (compatible; Yahoo! Slurp/3.0; http://help.yahoo.com/help/us/ysearch/slurp)"
67.195.37.120 - - [10/Jan/2009:00:17:07 +0100] "GET /f-rez.html HTTP/1.0" 200 9765 "-" "Mozilla/5.0 (compatible; Yahoo! Slurp; http://help.yahoo.com/help/us/ysearch/slurp)"
81.52.143.16 - - [10/Jan/2009:00:22:19 +0100] "GET /frame-unten.html HTTP/1.1" 200 5308 "-" "Mozilla/5.0 (Windows; U; Windows NT 5.1; fr; rv:1.8.1) VoilaBot BETA 1.2 (support.voilabot@orange-ftgroup.com)"
66.235.124.58 - - [10/Jan/2009:00:50:52 +0100] "GET /robots.txt HTTP/1.0" 200 64 "-" "Mozilla/5.0 (compatible; Ask Jeeves/Teoma; +http://about.ask.com/en/docs/about/webmasters.shtml)"
66.235.124.58 - - [10/Jan/2009:00:50:52 +0100] "GET /framez-zampa-lovers.html HTTP/1.0" 200 4322 "-" "Mozilla/5.0 (compatible; Ask Jeeves/Teoma; +http://about.ask.com/en/docs/about/webmasters.shtml)"
66.235.124.58 - - [10/Jan/2009:00:50:53 +0100] "GET /frame-menu.html HTTP/1.0" 200 10536 "-" "Mozilla/5.0 (compatible; Ask Jeeves/Teoma; +http://about.ask.com/en/docs/about/webmasters.shtml)"
66.235.124.58 - - [10/Jan/2009:00:50:53 +0100] "GET /zampa-lovers/index.html HTTP/1.0" 200 37790 "-" "Mozilla/5.0 (compatible; Ask Jeeves/Teoma; +http://about.ask.com/en/docs/about/webmasters.shtml)"
66.235.124.58 - - [10/Jan/2009:00:50:54 +0100] "GET /frame-unten.html HTTP/1.0" 200 5308 "-" "Mozilla/5.0 (compatible; Ask Jeeves/Teoma; +http://about.ask.com/en/docs/about/webmasters.shtml)"
193.252.149.16 - - [10/Jan/2009:01:27:31 +0100] "GET /framez.html HTTP/1.1" 200 3959 "-" "Mozilla/5.0 (Windows; U; Windows NT 5.1; fr; rv:1.8.1) VoilaBot BETA 1.2 (support.voilabot@orange-ftgroup.com)"
193.252.149.16 - - [10/Jan/2009:01:27:47 +0100] "GET /frame-menu.html HTTP/1.1" 200 10536 "-" "Mozilla/5.0 (Windows; U; Windows NT 5.1; fr; rv:1.8.1) VoilaBot BETA 1.2 (support.voilabot@orange-ftgroup.com)"
193.252.149.16 - - [10/Jan/2009:01:27:47 +0100] "GET /frame-unten.html HTTP/1.1" 200 5308 "-" "Mozilla/5.0 (Windows; U; Windows NT 5.1; fr; rv:1.8.1) VoilaBot BETA 1.2 (support.voilabot@orange-ftgroup.com)"
193.252.149.16 - - [10/Jan/2009:01:27:47 +0100] "GET /frame-inhalt.html HTTP/1.1" 200 5418 "-" "Mozilla/5.0 (Windows; U; Windows NT 5.1; fr; rv:1.8.1) VoilaBot BETA 1.2 (support.voilabot@orange-ftgroup.com)"
216.145.19.211 - - [10/Jan/2009:01:43:11 +0100] "GET / HTTP/1.1" 200 7869 "-" "Mozilla/5.0 (X11; U; Linux i686; en-US; rv:1.6) Gecko/20040225 Firefox/0.8"
64.1.215.165 - - [10/Jan/2009:01:47:56 +0100] "GET /robots.txt HTTP/1.0" 200 64 "-" "Mozilla/5.0 (Twiceler-0.9 http://www.cuil.com/twiceler/robot.html)"
81.52.143.26 - - [10/Jan/2009:02:15:10 +0100] "GET /robots.txt HTTP/1.1" 200 64 "-" "Mozilla/5.0 (Windows; U; Windows NT 5.1; fr; rv:1.8.1) VoilaBot BETA 1.2 (support.voilabot@orange-ftgroup.com)"
81.52.143.26 - - [10/Jan/2009:02:15:20 +0100] "GET /f-net.html HTTP/1.1" 200 9913 "-" "Mozilla/5.0 (Windows; U; Windows NT 5.1; fr; rv:1.8.1) VoilaBot BETA 1.2 (support.voilabot@orange-ftgroup.com)"
142.165.143.60 - - [10/Jan/2009:02:20:52 +0100] "GET /neon/girl-tv.html HTTP/1.1" 200 1717 "http://search.live.com/results.aspx?q=euro+girls+tv&entrypoint=IE-SearchBox&FORM=HVDUS7" "Mozilla/4.0 (compatible; MSIE 7.0; Windows NT 6.0; SLCC1; .NET CLR 2.0.50727; Media Center PC 5.0; .NET CLR 3.0.04506)"
142.165.143.60 - - [10/Jan/2009:02:20:52 +0100] "GET /neon/dollar-shadow.jpg HTTP/1.1" 200 3045 "http://www.various-euro.com/neon/girl-tv.html" "Mozilla/4.0 (compatible; MSIE 7.0; Windows NT 6.0; SLCC1; .NET CLR 2.0.50727; Media Center PC 5.0; .NET CLR 3.0.04506)"
142.165.143.60 - - [10/Jan/2009:02:20:52 +0100] "GET /neon/girl-tv.gif HTTP/1.1" 200 15982 "http://www.various-euro.com/neon/girl-tv.html" "Mozilla/4.0 (compatible; MSIE 7.0; Windows NT 6.0; SLCC1; .NET CLR 2.0.50727; Media Center PC 5.0; .NET CLR 3.0.04506)"
142.165.143.60 - - [10/Jan/2009:02:20:53 +0100] "GET /favicon.ico HTTP/1.1" 404 2748 "-" "Mozilla/4.0 (compatible; MSIE 7.0; Windows NT 6.0; SLCC1; .NET CLR 2.0.50727; Media Center PC 5.0; .NET CLR 3.0.04506)"
142.165.143.60 - - [10/Jan/2009:02:20:59 +0100] "GET /neon/girlz2.html HTTP/1.1" 200 2937 "http://www.various-euro.com/neon/girl-tv.html" "Mozilla/4.0 (compatible; MSIE 7.0; Windows NT 6.0; SLCC1; .NET CLR 2.0.50727; Media Center PC 5.0; .NET CLR 3.0.04506)"
142.165.143.60 - - [10/Jan/2009:02:20:59 +0100] "GET /vgirls/button1.gif HTTP/1.1" 200 9099 "http://www.various-euro.com/neon/girlz2.html" "Mozilla/4.0 (compatible; MSIE 7.0; Windows NT 6.0; SLCC1; .NET CLR 2.0.50727; Media Center PC 5.0; .NET CLR 3.0.04506)"
142.165.143.60 - - [10/Jan/2009:02:20:59 +0100] "GET /vgirls/wm_02.gif HTTP/1.1" 200 36891 "http://www.various-euro.com/neon/girlz2.html" "Mozilla/4.0 (compatible; MSIE 7.0; Windows NT 6.0; SLCC1; .NET CLR 2.0.50727; Media Center PC 5.0; .NET CLR 3.0.04506)"
142.165.143.60 - - [10/Jan/2009:02:21:00 +0100] "GET /vgirls/virtua4.gif HTTP/1.1" 200 12643 "http://www.various-euro.com/neon/girlz2.html" "Mozilla/4.0 (compatible; MSIE 7.0; Windows NT 6.0; SLCC1; .NET CLR 2.0.50727; Media Center PC 5.0; .NET CLR 3.0.04506)"
142.165.143.60 - - [10/Jan/2009:02:21:00 +0100] "GET /vgirls/button10.gif HTTP/1.1" 200 15687 "http://www.various-euro.com/neon/girlz2.html" "Mozilla/4.0 (compatible; MSIE 7.0; Windows NT 6.0; SLCC1; .NET CLR 2.0.50727; Media Center PC 5.0; .NET CLR 3.0.04506)"
142.165.143.60 - - [10/Jan/2009:02:21:00 +0100] "GET /vgirls/button3.gif HTTP/1.1" 200 9634 "http://www.various-euro.com/neon/girlz2.html" "Mozilla/4.0 (compatible; MSIE 7.0; Windows NT 6.0; SLCC1; .NET CLR 2.0.50727; Media Center PC 5.0; .NET CLR 3.0.04506)"
142.165.143.60 - - [10/Jan/2009:02:21:00 +0100] "GET /vgirls/dora_01.gif HTTP/1.1" 200 15465 "http://www.various-euro.com/neon/girlz2.html" "Mozilla/4.0 (compatible; MSIE 7.0; Windows NT 6.0; SLCC1; .NET CLR 2.0.50727; Media Center PC 5.0; .NET CLR 3.0.04506)"
142.165.143.60 - - [10/Jan/2009:02:21:00 +0100] "GET /vgirls/shaina_big.gif HTTP/1.1" 200 16169 "http://www.various-euro.com/neon/girlz2.html" "Mozilla/4.0 (compatible; MSIE 7.0; Windows NT 6.0; SLCC1; .NET CLR 2.0.50727; Media Center PC 5.0; .NET CLR 3.0.04506)"
142.165.143.60 - - [10/Jan/2009:02:21:01 +0100] "GET /framez-girlz.html HTTP/1.1" 200 4271 "-" "Mozilla/4.0 (compatible; MSIE 7.0; Windows NT 6.0; SLCC1; .NET CLR 2.0.50727; Media Center PC 5.0; .NET CLR 3.0.04506)"
142.165.143.60 - - [10/Jan/2009:02:21:01 +0100] "GET /neon/girlz2.html HTTP/1.1" 200 2937 "http://www.various-euro.com/framez-girlz.html" "Mozilla/4.0 (compatible; MSIE 7.0; Windows NT 6.0; SLCC1; .NET CLR 2.0.50727; Media Center PC 5.0; .NET CLR 3.0.04506)"
142.165.143.60 - - [10/Jan/2009:02:21:01 +0100] "GET /frame-menu.html HTTP/1.1" 200 10536 "http://www.various-euro.com/framez-girlz.html" "Mozilla/4.0 (compatible; MSIE 7.0; Windows NT 6.0; SLCC1; .NET CLR 2.0.50727; Media Center PC 5.0; .NET CLR 3.0.04506)"
142.165.143.60 - - [10/Jan/2009:02:21:02 +0100] "GET /frame-unten.html HTTP/1.1" 200 5308 "http://www.various-euro.com/framez-girlz.html" "Mozilla/4.0 (compatible; MSIE 7.0; Windows NT 6.0; SLCC1; .NET CLR 2.0.50727; Media Center PC 5.0; .NET CLR 3.0.04506)"
142.165.143.60 - - [10/Jan/2009:02:21:02 +0100] "GET /style/various-euro.css HTTP/1.1" 200 3437 "http://www.various-euro.com/frame-menu.html" "Mozilla/4.0 (compatible; MSIE 7.0; Windows NT 6.0; SLCC1; .NET CLR 2.0.50727; Media Center PC 5.0; .NET CLR 3.0.04506)"
142.165.143.60 - - [10/Jan/2009:02:21:02 +0100] "GET /bannerz/ve.jpg HTTP/1.1" 200 36912 "http://www.various-euro.com/frame-unten.html" "Mozilla/4.0 (compatible; MSIE 7.0; Windows NT 6.0; SLCC1; .NET CLR 2.0.50727; Media Center PC 5.0; .NET CLR 3.0.04506)"
142.165.143.60 - - [10/Jan/2009:02:21:02 +0100] "GET /bannerz/various-euro-girl.jpg HTTP/1.1" 200 91514 "http://www.various-euro.com/frame-unten.html" "Mozilla/4.0 (compatible; MSIE 7.0; Windows NT 6.0; SLCC1; .NET CLR 2.0.50727; Media Center PC 5.0; .NET CLR 3.0.04506)"
142.165.143.60 - - [10/Jan/2009:02:21:03 +0100] "GET /ve-icon-2.ico HTTP/1.1" 200 2238 "-" "Mozilla/4.0 (compatible; MSIE 7.0; Windows NT 6.0; SLCC1; .NET CLR 2.0.50727; Media Center PC 5.0; .NET CLR 3.0.04506)"
142.165.143.60 - - [10/Jan/2009:02:21:11 +0100] "GET /neon/slow-walk2.html HTTP/1.1" 200 1777 "http://www.various-euro.com/neon/girlz2.html" "Mozilla/4.0 (compatible; MSIE 7.0; Windows NT 6.0; SLCC1; .NET CLR 2.0.50727; Media Center PC 5.0; .NET CLR 3.0.04506)"
142.165.143.60 - - [10/Jan/2009:02:21:11 +0100] "GET /neon/girl-blond.gif HTTP/1.1" 200 16360 "http://www.various-euro.com/neon/slow-walk2.html" "Mozilla/4.0 (compatible; MSIE 7.0; Windows NT 6.0; SLCC1; .NET CLR 2.0.50727; Media Center PC 5.0; .NET CLR 3.0.04506)"
142.165.143.60 - - [10/Jan/2009:02:21:18 +0100] "GET /neon/girlz2.html HTTP/1.1" 200 2937 "http://www.various-euro.com/neon/slow-walk2.html" "Mozilla/4.0 (compatible; MSIE 7.0; Windows NT 6.0; SLCC1; .NET CLR 2.0.50727; Media Center PC 5.0; .NET CLR 3.0.04506)"
142.165.143.60 - - [10/Jan/2009:02:21:25 +0100] "GET /frame-inhalt.html HTTP/1.1" 200 5418 "http://www.various-euro.com/frame-menu.html" "Mozilla/4.0 (compatible; MSIE 7.0; Windows NT 6.0; SLCC1; .NET CLR 2.0.50727; Media Center PC 5.0; .NET CLR 3.0.04506)"
142.165.143.60 - - [10/Jan/2009:02:21:25 +0100] "GET /bannerz/neon_click_3.gif HTTP/1.1" 200 240 "http://www.various-euro.com/frame-inhalt.html" "Mozilla/4.0 (compatible; MSIE 7.0; Windows NT 6.0; SLCC1; .NET CLR 2.0.50727; Media Center PC 5.0; .NET CLR 3.0.04506)"
142.165.143.60 - - [10/Jan/2009:02:21:25 +0100] "GET /bannerz/goolag_468.jpg HTTP/1.1" 200 28285 "http://www.various-euro.com/frame-inhalt.html" "Mozilla/4.0 (compatible; MSIE 7.0; Windows NT 6.0; SLCC1; .NET CLR 2.0.50727; Media Center PC 5.0; .NET CLR 3.0.04506)"
142.165.143.60 - - [10/Jan/2009:02:21:25 +0100] "GET /eurosign3.gif HTTP/1.1" 200 7879 "http://www.various-euro.com/frame-inhalt.html" "Mozilla/4.0 (compatible; MSIE 7.0; Windows NT 6.0; SLCC1; .NET CLR 2.0.50727; Media Center PC 5.0; .NET CLR 3.0.04506)"
142.165.143.60 - - [10/Jan/2009:02:21:26 +0100] "GET /bannerz/neon_click_1.gif HTTP/1.1" 200 890 "http://www.various-euro.com/frame-inhalt.html" "Mozilla/4.0 (compatible; MSIE 7.0; Windows NT 6.0; SLCC1; .NET CLR 2.0.50727; Media Center PC 5.0; .NET CLR 3.0.04506)"
142.165.143.60 - - [10/Jan/2009:02:21:26 +0100] "GET /bannerz/wet.gif HTTP/1.1" 200 18561 "http://www.various-euro.com/frame-inhalt.html" "Mozilla/4.0 (compatible; MSIE 7.0; Windows NT 6.0; SLCC1; .NET CLR 2.0.50727; Media Center PC 5.0; .NET CLR 3.0.04506)"
142.165.143.60 - - [10/Jan/2009:02:21:26 +0100] "GET /bannerz/google/Logo_40blk.gif HTTP/1.1" 200 2308 "http://www.various-euro.com/frame-inhalt.html" "Mozilla/4.0 (compatible; MSIE 7.0; Windows NT 6.0; SLCC1; .NET CLR 2.0.50727; Media Center PC 5.0; .NET CLR 3.0.04506)"
142.165.143.60 - - [10/Jan/2009:02:21:26 +0100] "GET /bannerz/neon_click_2.gif HTTP/1.1" 200 387 "http://www.various-euro.com/frame-inhalt.html" "Mozilla/4.0 (compatible; MSIE 7.0; Windows NT 6.0; SLCC1; .NET CLR 2.0.50727; Media Center PC 5.0; .NET CLR 3.0.04506)"
142.165.143.60 - - [10/Jan/2009:02:21:27 +0100] "GET /bannerz/douwil.gif HTTP/1.1" 200 528 "http://www.various-euro.com/frame-inhalt.html" "Mozilla/4.0 (compatible; MSIE 7.0; Windows NT 6.0; SLCC1; .NET CLR 2.0.50727; Media Center PC 5.0; .NET CLR 3.0.04506)"
142.165.143.60 - - [10/Jan/2009:02:21:27 +0100] "GET /bannerz/anti_black_small.gif HTTP/1.1" 200 1009 "http://www.various-euro.com/frame-inhalt.html" "Mozilla/4.0 (compatible; MSIE 7.0; Windows NT 6.0; SLCC1; .NET CLR 2.0.50727; Media Center PC 5.0; .NET CLR 3.0.04506)"
142.165.143.60 - - [10/Jan/2009:02:21:27 +0100] "GET /bannerz/copyleft_black_small.gif HTTP/1.1" 200 1231 "http://www.various-euro.com/frame-inhalt.html" "Mozilla/4.0 (compatible; MSIE 7.0; Windows NT 6.0; SLCC1; .NET CLR 2.0.50727; Media Center PC 5.0; .NET CLR 3.0.04506)"
66.249.65.169 - - [10/Jan/2009:02:31:51 +0100] "GET /zampa-lovers/index.html HTTP/1.1" 200 37790 "-" "Mozilla/5.0 (compatible; Googlebot/2.1; +http://www.google.com/bot.html)"
81.52.143.15 - - [10/Jan/2009:02:37:44 +0100] "GET /f-warez.html HTTP/1.1" 200 10953 "-" "Mozilla/5.0 (Windows; U; Windows NT 5.1; fr; rv:1.8.1) VoilaBot BETA 1.2 (support.voilabot@orange-ftgroup.com)"
66.249.65.169 - - [10/Jan/2009:02:43:38 +0100] "GET /schubb/schubb-1.html HTTP/1.1" 200 9070 "-" "Mozilla/5.0 (compatible; Googlebot/2.1; +http://www.google.com/bot.html)"
67.195.37.120 - - [10/Jan/2009:02:48:09 +0100] "GET /world.html HTTP/1.0" 200 16295 "-" "Mozilla/5.0 (compatible; Yahoo! Slurp/3.0; http://help.yahoo.com/help/us/ysearch/slurp)"
66.249.65.169 - - [10/Jan/2009:03:08:02 +0100] "GET /bmpp/euro_pal_1.html HTTP/1.1" 200 18252 "-" "Mozilla/5.0 (compatible; Googlebot/2.1; +http://www.google.com/bot.html)"
65.55.211.165 - - [10/Jan/2009:03:27:43 +0100] "GET /robots.txt HTTP/1.1" 200 64 "-" "msnbot/1.1 (+http://search.msn.com/msnbot.htm)"
65.55.211.165 - - [10/Jan/2009:03:27:43 +0100] "GET /zampa-lovers/ HTTP/1.1" 200 37790 "-" "msnbot/1.1 (+http://search.msn.com/msnbot.htm)"
66.249.65.169 - - [10/Jan/2009:03:28:35 +0100] "GET /bmpp/euro_pal_111.html HTTP/1.1" 200 2129 "-" "Mozilla/5.0 (compatible; Googlebot/2.1; +http://www.google.com/bot.html)"
65.55.110.22 - - [10/Jan/2009:03:29:43 +0100] "GET /zampa-lovers/ HTTP/1.0" 200 37790 "http://search.live.com/results.aspx?q=zampa" "Mozilla/4.0 (compatible; MSIE 6.0; Windows NT 5.2; SV1; .NET CLR 1.1.4322)"
65.55.110.22 - - [10/Jan/2009:03:29:44 +0100] "GET /framez-zampa-lovers.html HTTP/1.0" 200 4322 "-" "Mozilla/4.0 (compatible; MSIE 6.0; Windows NT 5.2; SV1; .NET CLR 1.1.4322)"
65.55.110.22 - - [10/Jan/2009:03:29:44 +0100] "GET /zampa-lovers/ZAMPAMA2.MPG HTTP/1.0" 200 63492 "-" "Windows-Media-Player/10.00.00.3700"
65.55.110.22 - - [10/Jan/2009:03:29:45 +0100] "GET /frame-unten.html HTTP/1.0" 200 5308 "http://www.various-euro.com/framez-zampa-lovers.html" "Mozilla/4.0 (compatible; MSIE 6.0; Windows NT 5.2; SV1; .NET CLR 1.1.4322)"
65.55.110.22 - - [10/Jan/2009:03:29:45 +0100] "GET /frame-menu.html HTTP/1.0" 200 10536 "http://www.various-euro.com/framez-zampa-lovers.html" "Mozilla/4.0 (compatible; MSIE 6.0; Windows NT 5.2; SV1; .NET CLR 1.1.4322)"
65.55.110.22 - - [10/Jan/2009:03:29:45 +0100] "GET /zampa-lovers/index.html HTTP/1.0" 200 37790 "http://www.various-euro.com/framez-zampa-lovers.html" "Mozilla/4.0 (compatible; MSIE 6.0; Windows NT 5.2; SV1; .NET CLR 1.1.4322)"
65.55.110.22 - - [10/Jan/2009:03:29:46 +0100] "GET /style/various-euro.css HTTP/1.0" 200 3437 "http://www.various-euro.com/frame-menu.html" "Mozilla/4.0 (compatible; MSIE 6.0; Windows NT 5.2; SV1; .NET CLR 1.1.4322)"
65.55.110.22 - - [10/Jan/2009:03:29:46 +0100] "GET /zampa-lovers/ZAMPAMA2.MPG HTTP/1.0" 200 63492 "-" "Windows-Media-Player/10.00.00.3700"
65.55.110.22 - - [10/Jan/2009:03:29:46 +0100] "GET /zampa-lovers/WASISTMI1.MPG HTTP/1.0" 200 271221 "-" "Windows-Media-Player/10.00.00.3700"
65.55.110.22 - - [10/Jan/2009:03:29:46 +0100] "GET /zampa-lovers/ZAMPAMAS.MPG HTTP/1.0" 200 520196 "-" "Windows-Media-Player/10.00.00.3700"
65.55.211.165 - - [10/Jan/2009:03:29:57 +0100] "GET /DgH/orginal/index.html HTTP/1.1" 200 1727 "-" "msnbot/1.1 (+http://search.msn.com/msnbot.htm)"
72.30.78.236 - - [10/Jan/2009:03:29:58 +0100] "GET /robots.txt HTTP/1.0" 200 64 "-" "Mozilla/5.0 (compatible; Yahoo! Slurp; http://help.yahoo.com/help/us/ysearch/slurp)"
72.30.78.236 - - [10/Jan/2009:03:29:59 +0100] "GET /framez.html HTTP/1.0" 200 3959 "-" "Mozilla/5.0 (compatible; Yahoo! Slurp; http://help.yahoo.com/help/us/ysearch/slurp)"
72.30.78.236 - - [10/Jan/2009:03:29:59 +0100] "GET /frame-menu.html HTTP/1.0" 200 10536 "-" "Mozilla/5.0 (compatible; Yahoo! Slurp; http://help.yahoo.com/help/us/ysearch/slurp)"
72.30.78.236 - - [10/Jan/2009:03:30:00 +0100] "GET /frame-inhalt.html HTTP/1.0" 200 5418 "-" "Mozilla/5.0 (compatible; Yahoo! Slurp; http://help.yahoo.com/help/us/ysearch/slurp)"
72.30.78.236 - - [10/Jan/2009:03:30:00 +0100] "GET /frame-unten.html HTTP/1.0" 200 5308 "-" "Mozilla/5.0 (compatible; Yahoo! Slurp; http://help.yahoo.com/help/us/ysearch/slurp)"
67.195.37.120 - - [10/Jan/2009:03:41:46 +0100] "GET /robots.txt HTTP/1.0" 200 64 "-" "Mozilla/5.0 (compatible; Yahoo! Slurp; http://help.yahoo.com/help/us/ysearch/slurp)"
67.195.37.120 - - [10/Jan/2009:03:49:07 +0100] "GET /f-maintitle.html HTTP/1.0" 200 5030 "-" "Mozilla/5.0 (compatible; Yahoo! Slurp; http://help.yahoo.com/help/us/ysearch/slurp)"
193.252.149.16 - - [10/Jan/2009:03:54:00 +0100] "GET / HTTP/1.1" 200 7869 "-" "Mozilla/5.0 (Windows; U; Windows NT 5.1; fr; rv:1.8.1) VoilaBot BETA 1.2 (support.voilabot@orange-ftgroup.com)"
69.58.178.26 - - [10/Jan/2009:04:17:25 +0100] "GET /robots.txt HTTP/1.1" 200 64 "-" "Mozilla/5.0 (X11; U; Linux i686; en-US; rv:1.7.12; ips-agent) Gecko/20050922 Fedora/1.0.7-1.1.fc4 Firefox/1.0.7"
69.58.178.26 - - [10/Jan/2009:04:17:57 +0100] "GET / HTTP/1.1" 200 7869 "-" "Mozilla/5.0 (X11; U; Linux i686; en-US; rv:1.7.12; ips-agent) Gecko/20050922 Fedora/1.0.7-1.1.fc4 Firefox/1.0.7"
69.58.178.26 - - [10/Jan/2009:04:18:27 +0100] "GET /framez.html HTTP/1.1" 200 3959 "-" "Mozilla/5.0 (X11; U; Linux i686; en-US; rv:1.7.12; ips-agent) Gecko/20050922 Fedora/1.0.7-1.1.fc4 Firefox/1.0.7"
69.58.178.26 - - [10/Jan/2009:04:19:02 +0100] "GET /frame-menu.html HTTP/1.1" 200 10536 "-" "Mozilla/5.0 (X11; U; Linux i686; en-US; rv:1.7.12; ips-agent) Gecko/20050922 Fedora/1.0.7-1.1.fc4 Firefox/1.0.7"
69.58.178.26 - - [10/Jan/2009:04:19:46 +0100] "GET /f-contact.html HTTP/1.1" 200 6804 "-" "Mozilla/5.0 (X11; U; Linux i686; en-US; rv:1.7.12; ips-agent) Gecko/20050922 Fedora/1.0.7-1.1.fc4 Firefox/1.0.7"
69.58.178.26 - - [10/Jan/2009:04:20:36 +0100] "GET /frame-inhalt.html HTTP/1.1" 200 5418 "-" "Mozilla/5.0 (X11; U; Linux i686; en-US; rv:1.7.12; ips-agent) Gecko/20050922 Fedora/1.0.7-1.1.fc4 Firefox/1.0.7"
69.58.178.26 - - [10/Jan/2009:04:21:32 +0100] "GET /frame-unten.html HTTP/1.1" 200 5308 "-" "Mozilla/5.0 (X11; U; Linux i686; en-US; rv:1.7.12; ips-agent) Gecko/20050922 Fedora/1.0.7-1.1.fc4 Firefox/1.0.7"
69.58.178.26 - - [10/Jan/2009:04:22:13 +0100] "GET /f-search.html HTTP/1.1" 200 11800 "-" "Mozilla/5.0 (X11; U; Linux i686; en-US; rv:1.7.12; ips-agent) Gecko/20050922 Fedora/1.0.7-1.1.fc4 Firefox/1.0.7"
69.58.178.26 - - [10/Jan/2009:04:29:08 +0100] "GET /f-sponsor.html HTTP/1.1" 200 8578 "-" "Mozilla/5.0 (X11; U; Linux i686; en-US; rv:1.7.12; ips-agent) Gecko/20050922 Fedora/1.0.7-1.1.fc4 Firefox/1.0.7"
69.58.178.26 - - [10/Jan/2009:04:29:42 +0100] "GET /f-warez.html HTTP/1.1" 200 10953 "-" "Mozilla/5.0 (X11; U; Linux i686; en-US; rv:1.7.12; ips-agent) Gecko/20050922 Fedora/1.0.7-1.1.fc4 Firefox/1.0.7"
69.58.178.26 - - [10/Jan/2009:04:30:17 +0100] "GET /f-web.html HTTP/1.1" 200 13605 "-" "Mozilla/5.0 (X11; U; Linux i686; en-US; rv:1.7.12; ips-agent) Gecko/20050922 Fedora/1.0.7-1.1.fc4 Firefox/1.0.7"
222.161.2.180 - - [10/Jan/2009:04:31:13 +0100] "GET / HTTP/1.0" 200 7869 "http://mkwoisa.tripod.com/index.html" "Mozilla/5.0 (Windows; U; Win95; en-US; rv:1.7.5) Gecko/20041107 Firefox/1.0"
71.197.36.32 - - [10/Jan/2009:04:31:22 +0100] "GET / HTTP/1.0" 200 7869 "http://ymoejuy.tripod.com/index.html" "Mozilla/5.0 (Windows; U; Windows NT 5.1; en-US; rv:1.2b) Gecko/20020923 Phoenix/0.1"
76.114.89.238 - - [10/Jan/2009:04:31:33 +0100] "GET / HTTP/1.0" 200 7869 "http://ymoejuy.tripod.com/index.html" "Mozilla/5.0 (Windows; U; Windows NT 5.1; en-US; rv:1.2b) Gecko/20020923 Phoenix/0.1"
165.160.2.20 - - [10/Jan/2009:04:31:36 +0100] "GET /restate_copy.html HTTP/1.1" 200 97631 "-" "Mozilla/5.0 (Windows; U; Windows NT 5.1; en-US; rv:1.8.1.6) Gecko/20070725 Firefox/2.0.0.6"
76.114.89.238 - - [10/Jan/2009:04:31:43 +0100] "GET / HTTP/1.0" 200 7869 "http://ymoejuy.tripod.com/index.html" "Mozilla/5.0 (Windows; U; Windows NT 5.1; en-US; rv:1.2b) Gecko/20020923 Phoenix/0.1"
76.114.89.238 - - [10/Jan/2009:04:32:08 +0100] "GET / HTTP/1.0" 200 7869 "http://ymoejuy.tripod.com/index.html" "Mozilla/5.0 (Windows; U; Windows NT 5.1; en-US; rv:1.2b) Gecko/20020923 Phoenix/0.1"
24.191.9.245 - - [10/Jan/2009:04:32:43 +0100] "GET / HTTP/1.0" 200 7869 "http://mkwoisa.tripod.com/index.html" "Mozilla/5.0 (Windows; U; Win95; en-US; rv:1.7.5) Gecko/20041107 Firefox/1.0"
220.248.224.54 - - [10/Jan/2009:04:32:58 +0100] "GET / HTTP/1.0" 200 7869 "http://mkwoisa.tripod.com/index.html" "Mozilla/5.0 (Windows; U; Win95; en-US; rv:1.7.5) Gecko/20041107 Firefox/1.0"
69.27.74.132 - - [10/Jan/2009:04:33:09 +0100] "GET / HTTP/1.0" 200 7869 "http://mkwoisa.tripod.com/index.html" "Mozilla/5.0 (Windows; U; Win95; en-US; rv:1.7.5) Gecko/20041107 Firefox/1.0"
74.6.22.177 - - [10/Jan/2009:05:17:51 +0100] "GET /robots.txt HTTP/1.0" 200 64 "-" "Mozilla/5.0 (compatible; Yahoo! Slurp; http://help.yahoo.com/help/us/ysearch/slurp)"
74.6.22.177 - - [10/Jan/2009:05:17:53 +0100] "GET /bmpp/euro_pal_111.html HTTP/1.0" 200 2129 "-" "Mozilla/5.0 (compatible; Yahoo! Slurp; http://help.yahoo.com/help/us/ysearch/slurp)"
74.6.22.177 - - [10/Jan/2009:05:24:26 +0100] "GET /neon/sushi.html HTTP/1.0" 200 687 "-" "Mozilla/5.0 (compatible; Yahoo! Slurp; http://help.yahoo.com/help/us/ysearch/slurp)"
66.249.65.169 - - [10/Jan/2009:05:24:39 +0100] "GET /zampa/montenegro/BATAW.html HTTP/1.1" 200 860 "-" "Mozilla/5.0 (compatible; Googlebot/2.1; +http://www.google.com/bot.html)"
66.249.65.169 - - [10/Jan/2009:05:28:33 +0100] "GET /zampa/montenegro/ZMAJW.html HTTP/1.1" 200 860 "-" "Mozilla/5.0 (compatible; Googlebot/2.1; +http://www.google.com/bot.html)"
81.52.143.15 - - [10/Jan/2009:05:30:36 +0100] "GET /warez.html HTTP/1.1" 200 9754 "-" "Mozilla/5.0 (Windows; U; Windows NT 5.1; fr; rv:1.8.1) VoilaBot BETA 1.2 (support.voilabot@orange-ftgroup.com)"
81.52.143.26 - - [10/Jan/2009:05:31:49 +0100] "GET /warez.html HTTP/1.1" 200 9754 "-" "Mozilla/5.0 (Windows; U; Windows NT 5.1; fr; rv:1.8.1) VoilaBot BETA 1.2 (support.voilabot@orange-ftgroup.com)"
74.6.22.177 - - [10/Jan/2009:05:44:54 +0100] "GET /logs/usage_200706.html HTTP/1.0" 200 107008 "-" "Mozilla/5.0 (compatible; Yahoo! Slurp; http://help.yahoo.com/help/us/ysearch/slurp)"
65.55.212.218 - - [10/Jan/2009:05:46:27 +0100] "GET /robots.txt HTTP/1.0" 200 64 "-" "msnbot-media/1.0 (+http://search.msn.com/msnbot.htm)"
65.55.212.218 - - [10/Jan/2009:05:46:27 +0100] "GET / HTTP/1.0" 200 7869 "-" "msnbot-media/1.0 (+http://search.msn.com/msnbot.htm)"
67.195.37.120 - - [10/Jan/2009:06:23:13 +0100] "GET /f-sponsor.html HTTP/1.0" 200 8578 "-" "Mozilla/5.0 (compatible; Yahoo! Slurp/3.0; http://help.yahoo.com/help/us/ysearch/slurp)"
74.6.22.177 - - [10/Jan/2009:06:43:02 +0100] "GET /logs/usage_200710.html HTTP/1.0" 200 110952 "-" "Mozilla/5.0 (compatible; Yahoo! Slurp; http://help.yahoo.com/help/us/ysearch/slurp)"
74.6.22.177 - - [10/Jan/2009:06:47:02 +0100] "GET /neon/euro.html HTTP/1.0" 200 2212 "-" "Mozilla/5.0 (compatible; Yahoo! Slurp; http://help.yahoo.com/help/us/ysearch/slurp)"
193.252.149.16 - - [10/Jan/2009:07:14:44 +0100] "GET /robots.txt HTTP/1.1" 200 64 "-" "Mozilla/5.0 (Windows; U; Windows NT 5.1; fr; rv:1.8.1) VoilaBot BETA 1.2 (support.voilabot@orange-ftgroup.com)"
193.252.149.16 - - [10/Jan/2009:07:14:48 +0100] "GET /world.html HTTP/1.1" 200 16295 "-" "Mozilla/5.0 (Windows; U; Windows NT 5.1; fr; rv:1.8.1) VoilaBot BETA 1.2 (support.voilabot@orange-ftgroup.com)"
66.249.65.169 - - [10/Jan/2009:07:38:41 +0100] "GET /zampa/montenegro/MILOW.html HTTP/1.1" 200 860 "-" "Mozilla/5.0 (compatible; Googlebot/2.1; +http://www.google.com/bot.html)"
193.252.149.16 - - [10/Jan/2009:07:59:27 +0100] "GET /frame-inhalt.html HTTP/1.1" 200 5418 "-" "Mozilla/5.0 (Windows; U; Windows NT 5.1; fr; rv:1.8.1) VoilaBot BETA 1.2 (support.voilabot@orange-ftgroup.com)"
66.249.65.169 - - [10/Jan/2009:08:00:29 +0100] "GET /zampa/montenegro/contributions.html HTTP/1.1" 200 18843 "-" "Mozilla/5.0 (compatible; Googlebot/2.1; +http://www.google.com/bot.html)"
65.55.211.166 - - [10/Jan/2009:08:11:06 +0100] "GET /robots.txt HTTP/1.1" 200 64 "-" "msnbot/1.1 (+http://search.msn.com/msnbot.htm)"
65.55.211.166 - - [10/Jan/2009:08:11:07 +0100] "GET /neon/biggtani.html HTTP/1.1" 200 1698 "-" "msnbot/1.1 (+http://search.msn.com/msnbot.htm)"
66.249.65.169 - - [10/Jan/2009:08:13:38 +0100] "GET /zampa/montenegro/SEKAW.html HTTP/1.1" 200 860 "-" "Mozilla/5.0 (compatible; Googlebot/2.1; +http://www.google.com/bot.html)"
66.249.65.169 - - [10/Jan/2009:08:18:04 +0100] "GET /zampa/montenegro/TESLAW.html HTTP/1.1" 200 861 "-" "Mozilla/5.0 (compatible; Googlebot/2.1; +http://www.google.com/bot.html)"
81.52.143.15 - - [10/Jan/2009:08:31:10 +0100] "GET /f-maintitle.html HTTP/1.1" 200 5030 "-" "Mozilla/5.0 (Windows; U; Windows NT 5.1; fr; rv:1.8.1) VoilaBot BETA 1.2 (support.voilabot@orange-ftgroup.com)"
74.6.22.177 - - [10/Jan/2009:08:33:43 +0100] "GET /frame-inhalt.html HTTP/1.0" 200 5418 "-" "Mozilla/5.0 (compatible; Yahoo! Slurp; http://help.yahoo.com/help/us/ysearch/slurp)"
74.6.22.177 - - [10/Jan/2009:08:44:29 +0100] "GET /f-horrorkatze.html HTTP/1.0" 200 7865 "-" "Mozilla/5.0 (compatible; Yahoo! Slurp; http://help.yahoo.com/help/us/ysearch/slurp)"
74.6.22.177 - - [10/Jan/2009:08:44:38 +0100] "GET /schubb/schubb-5.html HTTP/1.0" 200 72944 "-" "Mozilla/5.0 (compatible; Yahoo! Slurp; http://help.yahoo.com/help/us/ysearch/slurp)"
74.6.22.177 - - [10/Jan/2009:09:02:19 +0100] "GET /zampa/wonderland/index.html HTTP/1.0" 200 2084 "-" "Mozilla/5.0 (compatible; Yahoo! Slurp; http://help.yahoo.com/help/us/ysearch/slurp)"
74.6.22.177 - - [10/Jan/2009:09:11:08 +0100] "GET /bmpp/18_x.html HTTP/1.0" 200 1100 "-" "Mozilla/5.0 (compatible; Yahoo! Slurp; http://help.yahoo.com/help/us/ysearch/slurp)"
119.63.193.43 - - [10/Jan/2009:09:44:17 +0100] "GET / HTTP/1.1" 200 7869 "-" "Baiduspider+(+http://help.baidu.jp/system/05.html)"
89.122.29.105 - - [10/Jan/2009:10:06:15 +0100] "GET / HTTP/1.1" 200 7869 "-" "Java/1.6.0_04"
89.122.29.105 - - [10/Jan/2009:10:06:15 +0100] "GET /framez.html HTTP/1.1" 200 3959 "-" "Java/1.6.0_04"
89.122.29.105 - - [10/Jan/2009:10:06:15 +0100] "GET /framez_0.html HTTP/1.1" 200 12444 "-" "Java/1.6.0_04"
89.122.29.105 - - [10/Jan/2009:10:06:15 +0100] "GET /frame-inhalt.html HTTP/1.1" 200 5418 "-" "Java/1.6.0_04"
89.122.29.105 - - [10/Jan/2009:10:06:15 +0100] "GET /frame-menu.html HTTP/1.1" 200 10536 "-" "Java/1.6.0_04"
74.6.22.177 - - [10/Jan/2009:10:15:34 +0100] "GET /3dsf3/sendi/receiver.html HTTP/1.0" 200 1402 "-" "Mozilla/5.0 (compatible; Yahoo! Slurp; http://help.yahoo.com/help/us/ysearch/slurp)"
66.249.65.169 - - [10/Jan/2009:10:29:21 +0100] "GET /web.html HTTP/1.1" 404 2748 "-" "Mozilla/5.0 (compatible; Googlebot/2.1; +http://www.google.com/bot.html)"
66.249.65.169 - - [10/Jan/2009:10:29:35 +0100] "GET /net.html HTTP/1.1" 404 2748 "-" "Mozilla/5.0 (compatible; Googlebot/2.1; +http://www.google.com/bot.html)"
66.235.124.7 - - [10/Jan/2009:10:31:53 +0100] "GET /robots.txt HTTP/1.1" 302 363 "-" "Mozilla/5.0 (compatible; Ask Jeeves/Teoma; +http://about.ask.com/en/docs/about/webmasters.shtml)"
66.235.124.7 - - [10/Jan/2009:10:32:08 +0100] "GET /zampa/robots.txt HTTP/1.1" 404 2748 "-" "Mozilla/5.0 (compatible; Ask Jeeves/Teoma; +http://about.ask.com/en/docs/about/webmasters.shtml)"
66.235.124.7 - - [10/Jan/2009:10:32:23 +0100] "GET / HTTP/1.1" 302 353 "-" "Mozilla/5.0 (compatible; Ask Jeeves/Teoma; +http://about.ask.com/en/docs/about/webmasters.shtml)"
66.235.124.7 - - [10/Jan/2009:10:32:23 +0100] "GET /robots.txt HTTP/1.1" 200 64 "-" "Mozilla/5.0 (compatible; Ask Jeeves/Teoma; +http://about.ask.com/en/docs/about/webmasters.shtml)"
66.235.124.7 - - [10/Jan/2009:10:32:38 +0100] "GET /zampa/ HTTP/1.1" 200 7153 "-" "Mozilla/5.0 (compatible; Ask Jeeves/Teoma; +http://about.ask.com/en/docs/about/webmasters.shtml)"
66.249.65.169 - - [10/Jan/2009:10:33:26 +0100] "GET /logz_old.html HTTP/1.1" 404 2748 "-" "Mozilla/5.0 (compatible; Googlebot/2.1; +http://www.google.com/bot.html)"
66.249.65.169 - - [10/Jan/2009:10:33:35 +0100] "GET /logz.html HTTP/1.1" 404 2748 "-" "Mozilla/5.0 (compatible; Googlebot/2.1; +http://www.google.com/bot.html)"
66.249.65.169 - - [10/Jan/2009:10:34:34 +0100] "GET /contact.html HTTP/1.1" 404 2748 "-" "Mozilla/5.0 (compatible; Googlebot/2.1; +http://www.google.com/bot.html)"
66.249.65.169 - - [10/Jan/2009:10:35:16 +0100] "GET /warez.html HTTP/1.1" 200 9754 "-" "Mozilla/5.0 (compatible; Googlebot/2.1; +http://www.google.com/bot.html)"
66.249.65.169 - - [10/Jan/2009:10:36:00 +0100] "GET /channel1.html HTTP/1.1" 404 2748 "-" "Mozilla/5.0 (compatible; Googlebot/2.1; +http://www.google.com/bot.html)"
66.249.65.169 - - [10/Jan/2009:10:39:15 +0100] "GET /bannnerz.html HTTP/1.1" 404 2748 "-" "Mozilla/5.0 (compatible; Googlebot/2.1; +http://www.google.com/bot.html)"
66.249.65.169 - - [10/Jan/2009:10:40:46 +0100] "GET /search.html HTTP/1.1" 200 1440 "-" "Mozilla/5.0 (compatible; Googlebot/2.1; +http://www.google.com/bot.html)"
66.249.65.169 - - [10/Jan/2009:10:43:42 +0100] "GET /world.html HTTP/1.1" 200 16295 "-" "Mozilla/5.0 (compatible; Googlebot/2.1; +http://www.google.com/bot.html)"
74.6.22.177 - - [10/Jan/2009:10:46:28 +0100] "GET /zampa/montenegro/dajpare.html HTTP/1.0" 200 2503 "-" "Mozilla/5.0 (compatible; Yahoo! Slurp; http://help.yahoo.com/help/us/ysearch/slurp)"
66.249.65.169 - - [10/Jan/2009:10:48:54 +0100] "GET /tour1_new.html HTTP/1.1" 404 2748 "-" "Mozilla/5.0 (compatible; Googlebot/2.1; +http://www.google.com/bot.html)"
67.195.37.93 - - [10/Jan/2009:10:54:15 +0100] "GET /robots.txt HTTP/1.0" 200 64 "-" "Mozilla/5.0 (compatible; Yahoo! Slurp; http://help.yahoo.com/help/us/ysearch/slurp)"
67.195.37.93 - - [10/Jan/2009:10:54:16 +0100] "GET / HTTP/1.0" 200 7869 "-" "Mozilla/5.0 (compatible; Yahoo! Slurp/3.0; http://help.yahoo.com/help/us/ysearch/slurp)"
67.195.37.93 - - [10/Jan/2009:10:54:16 +0100] "GET /style/various-euro.css HTTP/1.0" 200 3437 "http://various-euro.com/" "Mozilla/5.0 (compatible; Yahoo! Slurp/3.0; http://help.yahoo.com/help/us/ysearch/slurp)"
66.249.65.169 - - [10/Jan/2009:10:58:31 +0100] "GET /euro.html HTTP/1.1" 404 2748 "-" "Mozilla/5.0 (compatible; Googlebot/2.1; +http://www.google.com/bot.html)"
193.252.149.15 - - [10/Jan/2009:11:04:07 +0100] "GET /f-bannnerz.html HTTP/1.1" 200 12651 "-" "Mozilla/5.0 (Windows; U; Windows NT 5.1; fr; rv:1.8.1) VoilaBot BETA 1.2 (support.voilabot@orange-ftgroup.com)"
89.149.253.223 - - [10/Jan/2009:11:22:28 +0100] "GET /schubb/schubb-5.html HTTP/1.0" 200 72944 "http://www.various-euro.com/schubb/schubb-5.html" "Mozilla/4.0 (compatible; MSIE 6.0; Windows 98; Win 9x 4.90)"
66.249.65.169 - - [10/Jan/2009:11:25:42 +0100] "GET /framez-pal1.html HTTP/1.1" 200 4326 "-" "Mozilla/5.0 (compatible; Googlebot/2.1; +http://www.google.com/bot.html)"
74.6.22.177 - - [10/Jan/2009:11:30:00 +0100] "GET /neon/click.html HTTP/1.0" 200 521 "-" "Mozilla/5.0 (compatible; Yahoo! Slurp; http://help.yahoo.com/help/us/ysearch/slurp)"
66.249.65.169 - - [10/Jan/2009:11:50:56 +0100] "GET /neon/code.html HTTP/1.1" 200 1109 "-" "Mozilla/5.0 (compatible; Googlebot/2.1; +http://www.google.com/bot.html)"
66.249.65.169 - - [10/Jan/2009:11:59:19 +0100] "GET /framez-schubb.html HTTP/1.1" 200 4324 "-" "Mozilla/5.0 (compatible; Googlebot/2.1; +http://www.google.com/bot.html)"
66.249.65.169 - - [10/Jan/2009:12:02:01 +0100] "GET /logs/usage_200706.html HTTP/1.1" 200 107008 "-" "Mozilla/5.0 (compatible; Googlebot/2.1; +http://www.google.com/bot.html)"
88.160.72.118 - - [10/Jan/2009:12:04:36 +0100] "GET /framez-zampa-lovers.html HTTP/1.1" 200 4322 "http://www.google.fr/search?hl=fr&q=gledati+rts1+direktno+na+internetu&btnG=Recherche+Google&meta=&rlz=1W1PBEA_fr&aq=f&oq=" "Mozilla/4.0 (compatible; MSIE 7.0; Windows NT 6.0; GTB5; Mozilla/4.0 (compatible; MSIE 6.0; Windows NT 5.1; SV1) ; SLCC1; .NET CLR 2.0.50727; Media Center PC 5.0; .NET CLR 3.0.04506)"
88.160.72.118 - - [10/Jan/2009:12:04:38 +0100] "GET /frame-menu.html HTTP/1.1" 200 10536 "http://www.various-euro.com/framez-zampa-lovers.html" "Mozilla/4.0 (compatible; MSIE 7.0; Windows NT 6.0; GTB5; Mozilla/4.0 (compatible; MSIE 6.0; Windows NT 5.1; SV1) ; SLCC1; .NET CLR 2.0.50727; Media Center PC 5.0; .NET CLR 3.0.04506)"
88.160.72.118 - - [10/Jan/2009:12:04:40 +0100] "GET /zampa-lovers/index.html HTTP/1.1" 200 37790 "http://www.various-euro.com/framez-zampa-lovers.html" "Mozilla/4.0 (compatible; MSIE 7.0; Windows NT 6.0; GTB5; Mozilla/4.0 (compatible; MSIE 6.0; Windows NT 5.1; SV1) ; SLCC1; .NET CLR 2.0.50727; Media Center PC 5.0; .NET CLR 3.0.04506)"
88.160.72.118 - - [10/Jan/2009:12:04:42 +0100] "GET /style/various-euro.css HTTP/1.1" 200 3437 "http://www.various-euro.com/frame-menu.html" "Mozilla/4.0 (compatible; MSIE 7.0; Windows NT 6.0; GTB5; Mozilla/4.0 (compatible; MSIE 6.0; Windows NT 5.1; SV1) ; SLCC1; .NET CLR 2.0.50727; Media Center PC 5.0; .NET CLR 3.0.04506)"
88.160.72.118 - - [10/Jan/2009:12:04:42 +0100] "GET /frame-unten.html HTTP/1.1" 200 5308 "http://www.various-euro.com/framez-zampa-lovers.html" "Mozilla/4.0 (compatible; MSIE 7.0; Windows NT 6.0; GTB5; Mozilla/4.0 (compatible; MSIE 6.0; Windows NT 5.1; SV1) ; SLCC1; .NET CLR 2.0.50727; Media Center PC 5.0; .NET CLR 3.0.04506)"
88.160.72.118 - - [10/Jan/2009:12:04:42 +0100] "GET /zampa-lovers/kralle.gif HTTP/1.1" 404 2748 "http://www.various-euro.com/zampa-lovers/index.html" "Mozilla/4.0 (compatible; MSIE 7.0; Windows NT 6.0; GTB5; Mozilla/4.0 (compatible; MSIE 6.0; Windows NT 5.1; SV1) ; SLCC1; .NET CLR 2.0.50727; Media Center PC 5.0; .NET CLR 3.0.04506)"
88.160.72.118 - - [10/Jan/2009:12:04:42 +0100] "GET /zampa-lovers/DRAGAN_Z.JPG HTTP/1.1" 200 6850 "http://www.various-euro.com/zampa-lovers/index.html" "Mozilla/4.0 (compatible; MSIE 7.0; Windows NT 6.0; GTB5; Mozilla/4.0 (compatible; MSIE 6.0; Windows NT 5.1; SV1) ; SLCC1; .NET CLR 2.0.50727; Media Center PC 5.0; .NET CLR 3.0.04506)"
88.160.72.118 - - [10/Jan/2009:12:04:42 +0100] "GET /zampa-lovers/MILIZA_2.JPG HTTP/1.1" 200 22172 "http://www.various-euro.com/zampa-lovers/index.html" "Mozilla/4.0 (compatible; MSIE 7.0; Windows NT 6.0; GTB5; Mozilla/4.0 (compatible; MSIE 6.0; Windows NT 5.1; SV1) ; SLCC1; .NET CLR 2.0.50727; Media Center PC 5.0; .NET CLR 3.0.04506)"
88.160.72.118 - - [10/Jan/2009:12:04:43 +0100] "GET /zampa-lovers/MILIZA_3.JPG HTTP/1.1" 200 26924 "http://www.various-euro.com/zampa-lovers/index.html" "Mozilla/4.0 (compatible; MSIE 7.0; Windows NT 6.0; GTB5; Mozilla/4.0 (compatible; MSIE 6.0; Windows NT 5.1; SV1) ; SLCC1; .NET CLR 2.0.50727; Media Center PC 5.0; .NET CLR 3.0.04506)"
88.160.72.118 - - [10/Jan/2009:12:04:44 +0100] "GET /zampa-lovers/MILIZA_B.JPG HTTP/1.1" 200 10947 "http://www.various-euro.com/zampa-lovers/index.html" "Mozilla/4.0 (compatible; MSIE 7.0; Windows NT 6.0; GTB5; Mozilla/4.0 (compatible; MSIE 6.0; Windows NT 5.1; SV1) ; SLCC1; .NET CLR 2.0.50727; Media Center PC 5.0; .NET CLR 3.0.04506)"
88.160.72.118 - - [10/Jan/2009:12:04:42 +0100] "GET /zampa-lovers/zampa.gif HTTP/1.1" 200 460627 "http://www.various-euro.com/zampa-lovers/index.html" "Mozilla/4.0 (compatible; MSIE 7.0; Windows NT 6.0; GTB5; Mozilla/4.0 (compatible; MSIE 6.0; Windows NT 5.1; SV1) ; SLCC1; .NET CLR 2.0.50727; Media Center PC 5.0; .NET CLR 3.0.04506)"
88.160.72.118 - - [10/Jan/2009:12:04:44 +0100] "GET /zampa-lovers/MILIZA_4.JPG HTTP/1.1" 200 9946 "http://www.various-euro.com/zampa-lovers/index.html" "Mozilla/4.0 (compatible; MSIE 7.0; Windows NT 6.0; GTB5; Mozilla/4.0 (compatible; MSIE 6.0; Windows NT 5.1; SV1) ; SLCC1; .NET CLR 2.0.50727; Media Center PC 5.0; .NET CLR 3.0.04506)"
88.160.72.118 - - [10/Jan/2009:12:04:44 +0100] "GET /zampa-lovers/DRAGANZA.JPG HTTP/1.1" 200 18560 "http://www.various-euro.com/zampa-lovers/index.html" "Mozilla/4.0 (compatible; MSIE 7.0; Windows NT 6.0; GTB5; Mozilla/4.0 (compatible; MSIE 6.0; Windows NT 5.1; SV1) ; SLCC1; .NET CLR 2.0.50727; Media Center PC 5.0; .NET CLR 3.0.04506)"
88.160.72.118 - - [10/Jan/2009:12:04:44 +0100] "GET /zampa-lovers/2SEITEVE.GIF HTTP/1.1" 200 83466 "http://www.various-euro.com/zampa-lovers/index.html" "Mozilla/4.0 (compatible; MSIE 7.0; Windows NT 6.0; GTB5; Mozilla/4.0 (compatible; MSIE 6.0; Windows NT 5.1; SV1) ; SLCC1; .NET CLR 2.0.50727; Media Center PC 5.0; .NET CLR 3.0.04506)"
88.160.72.118 - - [10/Jan/2009:12:04:44 +0100] "GET /zampa-lovers/Kralle.gif HTTP/1.1" 200 260 "http://www.various-euro.com/zampa-lovers/index.html" "Mozilla/4.0 (compatible; MSIE 7.0; Windows NT 6.0; GTB5; Mozilla/4.0 (compatible; MSIE 6.0; Windows NT 5.1; SV1) ; SLCC1; .NET CLR 2.0.50727; Media Center PC 5.0; .NET CLR 3.0.04506)"
88.160.72.118 - - [10/Jan/2009:12:04:45 +0100] "GET /zampa-lovers/zampa-2X2.gif HTTP/1.1" 200 6948 "http://www.various-euro.com/zampa-lovers/index.html" "Mozilla/4.0 (compatible; MSIE 7.0; Windows NT 6.0; GTB5; Mozilla/4.0 (compatible; MSIE 6.0; Windows NT 5.1; SV1) ; SLCC1; .NET CLR 2.0.50727; Media Center PC 5.0; .NET CLR 3.0.04506)"
88.160.72.118 - - [10/Jan/2009:12:04:44 +0100] "GET /zampa-lovers/1SEITEVE.GIF HTTP/1.1" 200 78726 "http://www.various-euro.com/zampa-lovers/index.html" "Mozilla/4.0 (compatible; MSIE 7.0; Windows NT 6.0; GTB5; Mozilla/4.0 (compatible; MSIE 6.0; Windows NT 5.1; SV1) ; SLCC1; .NET CLR 2.0.50727; Media Center PC 5.0; .NET CLR 3.0.04506)"
88.160.72.118 - - [10/Jan/2009:12:04:45 +0100] "GET /zampa-lovers/zampamali.gif HTTP/1.1" 200 2617 "http://www.various-euro.com/zampa-lovers/index.html" "Mozilla/4.0 (compatible; MSIE 7.0; Windows NT 6.0; GTB5; Mozilla/4.0 (compatible; MSIE 6.0; Windows NT 5.1; SV1) ; SLCC1; .NET CLR 2.0.50727; Media Center PC 5.0; .NET CLR 3.0.04506)"
88.160.72.118 - - [10/Jan/2009:12:04:45 +0100] "GET /bannerz/ve.jpg HTTP/1.1" 200 36912 "http://www.various-euro.com/frame-unten.html" "Mozilla/4.0 (compatible; MSIE 7.0; Windows NT 6.0; GTB5; Mozilla/4.0 (compatible; MSIE 6.0; Windows NT 5.1; SV1) ; SLCC1; .NET CLR 2.0.50727; Media Center PC 5.0; .NET CLR 3.0.04506)"
88.160.72.118 - - [10/Jan/2009:12:04:45 +0100] "GET /bannerz/various-euro-girl.jpg HTTP/1.1" 200 91514 "http://www.various-euro.com/frame-unten.html" "Mozilla/4.0 (compatible; MSIE 7.0; Windows NT 6.0; GTB5; Mozilla/4.0 (compatible; MSIE 6.0; Windows NT 5.1; SV1) ; SLCC1; .NET CLR 2.0.50727; Media Center PC 5.0; .NET CLR 3.0.04506)"
88.160.72.118 - - [10/Jan/2009:12:04:45 +0100] "GET /ve-icon-2.ico HTTP/1.1" 200 2238 "-" "Mozilla/4.0 (compatible; MSIE 7.0; Windows NT 6.0; GTB5; Mozilla/4.0 (compatible; MSIE 6.0; Windows NT 5.1; SV1) ; SLCC1; .NET CLR 2.0.50727; Media Center PC 5.0; .NET CLR 3.0.04506)"
66.249.65.169 - - [10/Jan/2009:12:05:25 +0100] "GET /logs/usage_200710.html HTTP/1.1" 200 110952 "-" "Mozilla/5.0 (compatible; Googlebot/2.1; +http://www.google.com/bot.html)"
66.249.65.169 - - [10/Jan/2009:12:06:47 +0100] "GET /bmpp/18.html HTTP/1.1" 200 4467 "-" "Mozilla/5.0 (compatible; Googlebot/2.1; +http://www.google.com/bot.html)"
74.6.22.177 - - [10/Jan/2009:12:07:02 +0100] "GET /DgH/rampe/index.html HTTP/1.0" 200 2056 "-" "Mozilla/5.0 (compatible; Yahoo! Slurp; http://help.yahoo.com/help/us/ysearch/slurp)"
66.249.65.169 - - [10/Jan/2009:12:13:46 +0100] "GET /framez-pal111.html HTTP/1.1" 200 4328 "-" "Mozilla/5.0 (compatible; Googlebot/2.1; +http://www.google.com/bot.html)"
66.249.65.169 - - [10/Jan/2009:12:15:18 +0100] "GET /logs/usage_200901.html HTTP/1.1" 404 2748 "-" "Mozilla/5.0 (compatible; Googlebot/2.1; +http://www.google.com/bot.html)"
66.249.65.169 - - [10/Jan/2009:12:17:42 +0100] "GET /logs/usage_200701.html HTTP/1.1" 200 109268 "-" "Mozilla/5.0 (compatible; Googlebot/2.1; +http://www.google.com/bot.html)"
66.249.65.169 - - [10/Jan/2009:12:19:19 +0100] "GET /neon/girlz3.html HTTP/1.1" 200 2479 "-" "Mozilla/5.0 (compatible; Googlebot/2.1; +http://www.google.com/bot.html)"
66.249.65.169 - - [10/Jan/2009:12:25:42 +0100] "GET /logs/usage_200712.html HTTP/1.1" 200 92577 "-" "Mozilla/5.0 (compatible; Googlebot/2.1; +http://www.google.com/bot.html)"
66.249.65.169 - - [10/Jan/2009:12:37:43 +0100] "GET /neon/click.html HTTP/1.1" 200 521 "-" "Mozilla/5.0 (compatible; Googlebot/2.1; +http://www.google.com/bot.html)"
89.149.253.223 - - [10/Jan/2009:12:41:49 +0100] "GET /framez-schubb5.html HTTP/1.0" 200 4330 "http://www.various-euro.com/framez-schubb5.html" "Mozilla/4.0 (compatible; MSIE 6.0; Windows 98; Win 9x 4.90)"
66.249.65.169 - - [10/Jan/2009:12:45:30 +0100] "GET /schubb/schubb-2.html HTTP/1.1" 200 16660 "-" "Mozilla/5.0 (compatible; Googlebot/2.1; +http://www.google.com/bot.html)"
66.249.65.169 - - [10/Jan/2009:12:45:43 +0100] "GET /logs/usage_200711.html HTTP/1.1" 200 109628 "-" "Mozilla/5.0 (compatible; Googlebot/2.1; +http://www.google.com/bot.html)"
66.249.65.169 - - [10/Jan/2009:12:45:56 +0100] "GET /logs/usage_200708.html HTTP/1.1" 200 111167 "-" "Mozilla/5.0 (compatible; Googlebot/2.1; +http://www.google.com/bot.html)"
66.249.65.169 - - [10/Jan/2009:12:46:28 +0100] "GET /logs/usage_200705.html HTTP/1.1" 200 109447 "-" "Mozilla/5.0 (compatible; Googlebot/2.1; +http://www.google.com/bot.html)"
66.249.65.169 - - [10/Jan/2009:12:55:56 +0100] "GET /logs/usage_200702.html HTTP/1.1" 200 107861 "-" "Mozilla/5.0 (compatible; Googlebot/2.1; +http://www.google.com/bot.html)"
66.249.65.169 - - [10/Jan/2009:12:56:04 +0100] "GET /neon/channel.html HTTP/1.1" 200 1942 "-" "Mozilla/5.0 (compatible; Googlebot/2.1; +http://www.google.com/bot.html)"
66.249.65.169 - - [10/Jan/2009:12:56:11 +0100] "GET /neon/warning2.html HTTP/1.1" 200 997 "-" "Mozilla/5.0 (compatible; Googlebot/2.1; +http://www.google.com/bot.html)"
66.249.65.169 - - [10/Jan/2009:12:56:19 +0100] "GET /logs/usage_200709.html HTTP/1.1" 200 110974 "-" "Mozilla/5.0 (compatible; Googlebot/2.1; +http://www.google.com/bot.html)"
66.249.65.169 - - [10/Jan/2009:12:56:31 +0100] "GET /neon/europa.html HTTP/1.1" 200 389 "-" "Mozilla/5.0 (compatible; Googlebot/2.1; +http://www.google.com/bot.html)"
66.249.65.169 - - [10/Jan/2009:12:56:55 +0100] "GET /logs/usage_200707.html HTTP/1.1" 200 110942 "-" "Mozilla/5.0 (compatible; Googlebot/2.1; +http://www.google.com/bot.html)"
66.249.65.169 - - [10/Jan/2009:12:57:02 +0100] "GET /logs/usage_200703.html HTTP/1.1" 200 108444 "-" "Mozilla/5.0 (compatible; Googlebot/2.1; +http://www.google.com/bot.html)"
66.249.65.169 - - [10/Jan/2009:12:58:12 +0100] "GET /logs/usage_200704.html HTTP/1.1" 200 108835 "-" "Mozilla/5.0 (compatible; Googlebot/2.1; +http://www.google.com/bot.html)"
67.195.37.120 - - [10/Jan/2009:13:17:13 +0100] "GET /framez.html HTTP/1.0" 200 3959 "-" "Mozilla/5.0 (compatible; Yahoo! Slurp/3.0; http://help.yahoo.com/help/us/ysearch/slurp)"
67.195.37.120 - - [10/Jan/2009:13:17:14 +0100] "GET /style/various-euro.css HTTP/1.0" 304 - "http://www.various-euro.com/framez.html" "Mozilla/5.0 (compatible; Yahoo! Slurp/3.0; http://help.yahoo.com/help/us/ysearch/slurp)"
67.195.37.120 - - [10/Jan/2009:13:17:14 +0100] "GET /frame-inhalt.html HTTP/1.0" 200 5418 "http://www.various-euro.com/framez.html" "Mozilla/5.0 (compatible; Yahoo! Slurp/3.0; http://help.yahoo.com/help/us/ysearch/slurp)"
67.195.37.120 - - [10/Jan/2009:13:17:14 +0100] "GET /frame-menu.html HTTP/1.0" 200 10536 "http://www.various-euro.com/framez.html" "Mozilla/5.0 (compatible; Yahoo! Slurp/3.0; http://help.yahoo.com/help/us/ysearch/slurp)"
