173.105.62.27 - - [22/Jan/2009:09:30:17 +0100] "GET /neon/blacksatin.jpg HTTP/1.1" 200 5695 "http://www.various-euro.com/neon/annniiii.html" "Mozilla/4.0 (compatible; MSIE 7.0; Windows NT 5.1; .NET CLR 1.1.4322; InfoPath.1; .NET CLR 3.0.04506.30; .NET CLR 2.0.50727; .NET CLR 3.0.04506.648)"
173.105.62.27 - - [22/Jan/2009:09:30:17 +0100] "GET /neon/pamtv.gif HTTP/1.1" 200 9732 "http://www.various-euro.com/neon/annniiii.html" "Mozilla/4.0 (compatible; MSIE 7.0; Windows NT 5.1; .NET CLR 1.1.4322; InfoPath.1; .NET CLR 3.0.04506.30; .NET CLR 2.0.50727; .NET CLR 3.0.04506.648)"
173.105.62.27 - - [22/Jan/2009:09:30:18 +0100] "GET /neon/pam.gif HTTP/1.1" 200 17268 "http://www.various-euro.com/neon/annniiii.html" "Mozilla/4.0 (compatible; MSIE 7.0; Windows NT 5.1; .NET CLR 1.1.4322; InfoPath.1; .NET CLR 3.0.04506.30; .NET CLR 2.0.50727; .NET CLR 3.0.04506.648)"
173.105.62.27 - - [22/Jan/2009:09:30:19 +0100] "GET /favicon.ico HTTP/1.1" 404 2748 "-" "Mozilla/4.0 (compatible; MSIE 7.0; Windows NT 5.1; .NET CLR 1.1.4322; InfoPath.1; .NET CLR 3.0.04506.30; .NET CLR 2.0.50727; .NET CLR 3.0.04506.648)"
67.195.37.167 - - [22/Jan/2009:09:43:57 +0100] "GET /robots.txt HTTP/1.0" 200 64 "-" "Mozilla/5.0 (compatible; Yahoo! Slurp; http://help.yahoo.com/help/us/ysearch/slurp)"
67.195.37.167 - - [22/Jan/2009:09:43:57 +0100] "GET /neon/biggtani.html HTTP/1.0" 200 1698 "-" "Mozilla/5.0 (compatible; Yahoo! Slurp/3.0; http://help.yahoo.com/help/us/ysearch/slurp)"
72.30.65.62 - - [22/Jan/2009:10:01:56 +0100] "GET /zampa/montenegro/ZMAJW.html HTTP/1.0" 200 860 "-" "Mozilla/5.0 (compatible; Yahoo! Slurp; http://help.yahoo.com/help/us/ysearch/slurp)"
72.30.65.62 - - [22/Jan/2009:10:03:25 +0100] "GET /f-other.html HTTP/1.0" 200 33189 "-" "Mozilla/5.0 (compatible; Yahoo! Slurp; http://help.yahoo.com/help/us/ysearch/slurp)"
81.52.143.15 - - [22/Jan/2009:10:47:34 +0100] "GET /DgH/orginal/index.html HTTP/1.1" 200 1727 "-" "Mozilla/5.0 (Windows; U; Windows NT 5.1; fr; rv:1.8.1) VoilaBot BETA 1.2 (support.voilabot@orange-ftgroup.com)"
72.30.65.62 - - [22/Jan/2009:10:55:38 +0100] "GET /tour1_new.html HTTP/1.0" 404 2748 "-" "Mozilla/5.0 (compatible; Yahoo! Slurp; http://help.yahoo.com/help/us/ysearch/slurp)"
67.195.37.110 - - [22/Jan/2009:11:00:47 +0100] "GET /robots.txt HTTP/1.0" 200 64 "-" "Mozilla/5.0 (compatible; Yahoo! Slurp; http://help.yahoo.com/help/us/ysearch/slurp)"
67.195.37.110 - - [22/Jan/2009:11:00:47 +0100] "GET /logs/usage_200707.html HTTP/1.0" 200 110942 "-" "Mozilla/5.0 (compatible; Yahoo! Slurp/3.0; http://help.yahoo.com/help/us/ysearch/slurp)"
114.111.36.26 - - [22/Jan/2009:11:01:15 +0100] "GET /robots.txt HTTP/1.1" 302 363 "-" "Mozilla/4.0 (compatible; NaverBot/1.0; http://help.naver.com/customer_webtxt_02.jsp)"
114.111.36.26 - - [22/Jan/2009:11:01:16 +0100] "GET / HTTP/1.1" 302 353 "-" "Mozilla/4.0 (compatible; NaverBot/1.0; http://help.naver.com/customer_webtxt_02.jsp)"
64.1.215.165 - - [22/Jan/2009:11:01:45 +0100] "GET /zampa/wonderland/index.html HTTP/1.0" 200 2084 "-" "Mozilla/5.0 (Twiceler-0.9 http://www.cuil.com/twiceler/robot.html)"
72.30.65.62 - - [22/Jan/2009:11:02:59 +0100] "GET /zampa-lovers/index.html HTTP/1.0" 200 37790 "-" "Mozilla/5.0 (compatible; Yahoo! Slurp; http://help.yahoo.com/help/us/ysearch/slurp)"
72.30.65.62 - - [22/Jan/2009:11:05:07 +0100] "GET /logs/usage_200705.html HTTP/1.0" 200 109447 "-" "Mozilla/5.0 (compatible; Yahoo! Slurp; http://help.yahoo.com/help/us/ysearch/slurp)"
72.30.65.62 - - [22/Jan/2009:11:34:59 +0100] "GET /bmpp/euro_pal_1.html HTTP/1.0" 200 18252 "-" "Mozilla/5.0 (compatible; Yahoo! Slurp; http://help.yahoo.com/help/us/ysearch/slurp)"
66.249.65.169 - - [22/Jan/2009:11:41:41 +0100] "GET /framez-zeug.html HTTP/1.1" 200 4311 "-" "Mozilla/5.0 (compatible; Googlebot/2.1; +http://www.google.com/bot.html)"
66.235.124.7 - - [22/Jan/2009:11:50:49 +0100] "GET /robots.txt HTTP/1.1" 200 64 "-" "Mozilla/5.0 (compatible; Ask Jeeves/Teoma; +http://about.ask.com/en/docs/about/webmasters.shtml)"
66.235.124.7 - - [22/Jan/2009:11:51:04 +0100] "GET / HTTP/1.1" 200 7869 "-" "Mozilla/5.0 (compatible; Ask Jeeves/Teoma; +http://about.ask.com/en/docs/about/webmasters.shtml)"
66.249.65.169 - - [22/Jan/2009:12:04:44 +0100] "GET /logs/usage_200901.html HTTP/1.1" 404 2748 "-" "Mozilla/5.0 (compatible; Googlebot/2.1; +http://www.google.com/bot.html)"
64.1.215.165 - - [22/Jan/2009:12:23:13 +0100] "GET /zampa/montenegro/dajpare.html HTTP/1.0" 200 2503 "-" "Mozilla/5.0 (Twiceler-0.9 http://www.cuil.com/twiceler/robot.html)"
64.1.215.165 - - [22/Jan/2009:12:38:37 +0100] "GET /zampa/lybia/index.html HTTP/1.0" 200 3036 "-" "Mozilla/5.0 (Twiceler-0.9 http://www.cuil.com/twiceler/robot.html)"
81.52.143.26 - - [22/Jan/2009:12:39:00 +0100] "GET /robots.txt HTTP/1.1" 200 64 "-" "Mozilla/5.0 (Windows; U; Windows NT 5.1; fr; rv:1.8.1) VoilaBot BETA 1.2 (support.voilabot@orange-ftgroup.com)"
81.52.143.26 - - [22/Jan/2009:12:39:14 +0100] "GET /f-net.html HTTP/1.1" 200 9913 "-" "Mozilla/5.0 (Windows; U; Windows NT 5.1; fr; rv:1.8.1) VoilaBot BETA 1.2 (support.voilabot@orange-ftgroup.com)"
81.52.143.16 - - [22/Jan/2009:12:45:48 +0100] "GET /schubb/schubb-2.html HTTP/1.1" 200 16660 "-" "Mozilla/5.0 (Windows; U; Windows NT 5.1; fr; rv:1.8.1) VoilaBot BETA 1.2 (support.voilabot@orange-ftgroup.com)"
67.195.37.110 - - [22/Jan/2009:12:49:58 +0100] "GET /zampa-lovers/index.html HTTP/1.0" 200 37790 "-" "Mozilla/5.0 (compatible; Yahoo! Slurp; http://help.yahoo.com/help/us/ysearch/slurp)"
66.249.65.169 - - [22/Jan/2009:13:03:44 +0100] "GET /games/virtualcop/virtualcop.html HTTP/1.1" 200 4487 "-" "Mozilla/5.0 (compatible; Googlebot/2.1; +http://www.google.com/bot.html)"
193.252.149.16 - - [22/Jan/2009:13:11:12 +0100] "GET /neon/sushi.html HTTP/1.1" 200 687 "-" "Mozilla/5.0 (Windows; U; Windows NT 5.1; fr; rv:1.8.1) VoilaBot BETA 1.2 (support.voilabot@orange-ftgroup.com)"
114.111.36.31 - - [22/Jan/2009:13:24:07 +0100] "GET /robots.txt HTTP/1.1" 200 64 "-" "Mozilla/4.0 (compatible; NaverBot/1.0; http://help.naver.com/customer_webtxt_02.jsp)"
114.111.36.31 - - [22/Jan/2009:13:24:08 +0100] "GET /f-contact.html HTTP/1.1" 200 6804 "-" "Mozilla/4.0 (compatible; NaverBot/1.0; http://help.naver.com/customer_webtxt_02.jsp)"
114.111.36.31 - - [22/Jan/2009:13:24:24 +0100] "GET /frame-menu.html HTTP/1.1" 200 10536 "-" "Mozilla/4.0 (compatible; NaverBot/1.0; http://help.naver.com/customer_webtxt_02.jsp)"
189.137.140.137 - - [22/Jan/2009:13:45:28 +0100] "GET /sd3/ShowImage.php?name=../../../../../../../../../etc/passwd HTTP/1.1" 404 2748 "http://various-euro.com/sd3/ShowImage.php?name=../../../../../../../../../etc/passwd" "Mozilla/4.0 (compatible; MSIE 6.0; Windows NT 5.1)"
72.30.65.62 - - [22/Jan/2009:13:45:50 +0100] "GET /robots.txt HTTP/1.0" 200 64 "-" "Mozilla/5.0 (compatible; Yahoo! Slurp; http://help.yahoo.com/help/us/ysearch/slurp)"
72.30.65.62 - - [22/Jan/2009:13:45:50 +0100] "GET /search.html HTTP/1.0" 200 1440 "-" "Mozilla/5.0 (compatible; Yahoo! Slurp; http://help.yahoo.com/help/us/ysearch/slurp)"
58.18.64.42 - - [22/Jan/2009:13:50:05 +0100] "GET /f-sponsor.html HTTP/1.1" 200 8578 "-" "Mozilla/4.0 (compatible; MSIE 6.0; Windows NT 5.0)"
72.30.65.62 - - [22/Jan/2009:14:06:49 +0100] "GET /framez_0.html HTTP/1.0" 200 12444 "-" "Mozilla/5.0 (compatible; Yahoo! Slurp; http://help.yahoo.com/help/us/ysearch/slurp)"
67.195.37.110 - - [22/Jan/2009:14:37:31 +0100] "GET /menue.html HTTP/1.0" 404 2748 "-" "Mozilla/5.0 (compatible; Yahoo! Slurp/3.0; http://help.yahoo.com/help/us/ysearch/slurp)"
72.30.65.62 - - [22/Jan/2009:15:09:47 +0100] "GET /logs/usage_200707.html HTTP/1.0" 200 110942 "-" "Mozilla/5.0 (compatible; Yahoo! Slurp; http://help.yahoo.com/help/us/ysearch/slurp)"
65.55.211.165 - - [22/Jan/2009:15:23:38 +0100] "GET /robots.txt HTTP/1.1" 200 64 "-" "msnbot/1.1 (+http://search.msn.com/msnbot.htm)"
65.55.211.165 - - [22/Jan/2009:15:23:38 +0100] "GET /triple-double-u/ HTTP/1.1" 403 1223 "-" "msnbot/1.1 (+http://search.msn.com/msnbot.htm)"
81.52.143.26 - - [22/Jan/2009:15:24:01 +0100] "GET /warez.html HTTP/1.1" 200 9754 "-" "Mozilla/5.0 (Windows; U; Windows NT 5.1; fr; rv:1.8.1) VoilaBot BETA 1.2 (support.voilabot@orange-ftgroup.com)"
64.1.215.165 - - [22/Jan/2009:15:25:02 +0100] "GET /zampa/montenegro/index.html HTTP/1.0" 200 2651 "-" "Mozilla/5.0 (Twiceler-0.9 http://www.cuil.com/twiceler/robot.html)"
81.52.143.16 - - [22/Jan/2009:16:23:19 +0100] "GET /bmpp/18.html HTTP/1.1" 200 4467 "-" "Mozilla/5.0 (Windows; U; Windows NT 5.1; fr; rv:1.8.1) VoilaBot BETA 1.2 (support.voilabot@orange-ftgroup.com)"
67.195.37.110 - - [22/Jan/2009:16:38:20 +0100] "GET /robots.txt HTTP/1.0" 200 64 "-" "Mozilla/5.0 (compatible; Yahoo! Slurp; http://help.yahoo.com/help/us/ysearch/slurp)"
67.195.37.110 - - [22/Jan/2009:16:38:20 +0100] "GET /f-web.html HTTP/1.0" 200 13605 "-" "Mozilla/5.0 (compatible; Yahoo! Slurp; http://help.yahoo.com/help/us/ysearch/slurp)"
65.55.211.164 - - [22/Jan/2009:16:40:56 +0100] "GET /robots.txt HTTP/1.1" 200 64 "-" "msnbot/1.1 (+http://search.msn.com/msnbot.htm)"
65.55.211.164 - - [22/Jan/2009:16:40:56 +0100] "GET /games/virtualcop/virtualcop.html HTTP/1.1" 200 4487 "-" "msnbot/1.1 (+http://search.msn.com/msnbot.htm)"
65.55.109.85 - - [22/Jan/2009:16:41:07 +0100] "GET /games/virtualcop/virtualcop.html HTTP/1.0" 200 4487 "http://search.live.com/results.aspx?q=various" "Mozilla/4.0 (compatible; MSIE 6.0; Windows NT 5.2; SV1; .NET CLR 1.1.4322)"
65.55.211.181 - - [22/Jan/2009:17:14:26 +0100] "GET /robots.txt HTTP/1.1" 200 64 "-" "msnbot/1.1 (+http://search.msn.com/msnbot.htm)"
65.55.211.181 - - [22/Jan/2009:17:14:26 +0100] "GET /f-warez.html HTTP/1.1" 200 10953 "-" "msnbot/1.1 (+http://search.msn.com/msnbot.htm)"
65.55.109.74 - - [22/Jan/2009:17:16:40 +0100] "GET /f-warez.html HTTP/1.0" 200 10953 "http://search.live.com/results.aspx?q=stuff" "Mozilla/4.0 (compatible; MSIE 6.0; Windows NT 5.2; SV1; .NET CLR 1.1.4322)"
65.55.109.74 - - [22/Jan/2009:17:16:41 +0100] "GET /framez-warez.html HTTP/1.0" 200 4322 "-" "Mozilla/4.0 (compatible; MSIE 6.0; Windows NT 5.2; SV1; .NET CLR 1.1.4322)"
65.55.109.74 - - [22/Jan/2009:17:16:41 +0100] "GET /f-warez.html HTTP/1.0" 200 10953 "http://www.various-euro.com/framez-warez.html" "Mozilla/4.0 (compatible; MSIE 6.0; Windows NT 5.2; SV1; .NET CLR 1.1.4322)"
65.55.109.74 - - [22/Jan/2009:17:16:41 +0100] "GET /frame-menu.html HTTP/1.0" 200 10536 "http://www.various-euro.com/framez-warez.html" "Mozilla/4.0 (compatible; MSIE 6.0; Windows NT 5.2; SV1; .NET CLR 1.1.4322)"
65.55.109.74 - - [22/Jan/2009:17:16:42 +0100] "GET /frame-unten.html HTTP/1.0" 200 5308 "http://www.various-euro.com/framez-warez.html" "Mozilla/4.0 (compatible; MSIE 6.0; Windows NT 5.2; SV1; .NET CLR 1.1.4322)"
65.55.109.74 - - [22/Jan/2009:17:16:42 +0100] "GET /style/various-euro.css HTTP/1.0" 200 3437 "http://www.various-euro.com/frame-menu.html" "Mozilla/4.0 (compatible; MSIE 6.0; Windows NT 5.2; SV1; .NET CLR 1.1.4322)"
72.30.65.62 - - [22/Jan/2009:17:22:20 +0100] "GET /bmpp/eurolauf.html HTTP/1.0" 200 3078 "-" "Mozilla/5.0 (compatible; Yahoo! Slurp; http://help.yahoo.com/help/us/ysearch/slurp)"
72.30.65.62 - - [22/Jan/2009:17:40:44 +0100] "GET /DgH/rampe/ HTTP/1.0" 200 2056 "-" "Mozilla/5.0 (compatible; Yahoo! Slurp; http://help.yahoo.com/help/us/ysearch/slurp)"
208.80.194.52 - - [22/Jan/2009:17:43:23 +0100] "GET / HTTP/1.0" 200 7869 "-" "Mozilla/4.0 (compatible; MSIE 7.0; Windows NT 5.1; .NET CLR 1.1.4322; .NET CLR 2.0.50727; MEGAUPLOAD 1.0; InfoPath.1)"
208.80.194.52 - - [22/Jan/2009:17:43:23 +0100] "GET / HTTP/1.0" 200 7869 "-" "Mozilla/4.0 (compatible; MSIE 7.0; Windows NT 5.1; snprtz|S25904300001469|2600#Service Pack 2#2#5#1)"
193.252.149.16 - - [22/Jan/2009:18:03:24 +0100] "GET /neon/girl-tv.html HTTP/1.1" 200 1717 "-" "Mozilla/5.0 (Windows; U; Windows NT 5.1; fr; rv:1.8.1) VoilaBot BETA 1.2 (support.voilabot@orange-ftgroup.com)"
72.30.65.62 - - [22/Jan/2009:18:04:08 +0100] "GET /logs/usage_200701.html HTTP/1.0" 200 109268 "-" "Mozilla/5.0 (compatible; Yahoo! Slurp; http://help.yahoo.com/help/us/ysearch/slurp)"
87.173.160.72 - - [22/Jan/2009:18:16:48 +0100] "GET / HTTP/1.1" 200 7869 "-" "Mozilla/5.0 (Windows; U; Windows NT 5.1; de; rv:1.9.0.5) Gecko/2008120122 Firefox/3.0.5 (.NET CLR 3.5.30729)"
87.173.160.72 - - [22/Jan/2009:18:16:48 +0100] "GET /style/various-euro.css HTTP/1.1" 200 3437 "http://www.various-euro.com/" "Mozilla/5.0 (Windows; U; Windows NT 5.1; de; rv:1.9.0.5) Gecko/2008120122 Firefox/3.0.5 (.NET CLR 3.5.30729)"
87.173.160.72 - - [22/Jan/2009:18:16:49 +0100] "GET /favicon.ico HTTP/1.1" 404 2748 "-" "Mozilla/5.0 (Windows; U; Windows NT 5.1; de; rv:1.9.0.5) Gecko/2008120122 Firefox/3.0.5 (.NET CLR 3.5.30729)"
83.112.222.49 - - [22/Jan/2009:18:18:00 +0100] "GET /cgi-bin/sblogin/report/usermanage.cgi?action=list HTTP/1.1" 404 2748 "http://various-euro.com/cgi-bin/sblogin/report/usermanage.cgi?action=list" "Mozilla/4.0 (compatible; MSIE 6.0; Windows NT 5.1)"
66.249.65.169 - - [22/Jan/2009:18:30:24 +0100] "GET /framez.html HTTP/1.1" 200 3959 "-" "Mozilla/5.0 (compatible; Googlebot/2.1; +http://www.google.com/bot.html)"
193.252.149.15 - - [22/Jan/2009:18:34:40 +0100] "GET /DgH/bull/index.html HTTP/1.1" 200 1915 "-" "Mozilla/5.0 (Windows; U; Windows NT 5.1; fr; rv:1.8.1) VoilaBot BETA 1.2 (support.voilabot@orange-ftgroup.com)"
72.30.65.62 - - [22/Jan/2009:18:49:21 +0100] "GET /neon/code.html HTTP/1.0" 200 1109 "-" "Mozilla/5.0 (compatible; Yahoo! Slurp; http://help.yahoo.com/help/us/ysearch/slurp)"
67.195.37.95 - - [22/Jan/2009:19:03:25 +0100] "GET /robots.txt HTTP/1.0" 200 64 "-" "Mozilla/5.0 (compatible; Yahoo! Slurp; http://help.yahoo.com/help/us/ysearch/slurp)"
67.195.37.95 - - [22/Jan/2009:19:03:25 +0100] "GET /f-world.html HTTP/1.0" 200 35590 "-" "Mozilla/5.0 (compatible; Yahoo! Slurp; http://help.yahoo.com/help/us/ysearch/slurp)"
66.249.65.169 - - [22/Jan/2009:19:32:20 +0100] "GET /bmpp/euro_pal_111.html HTTP/1.1" 200 2129 "-" "Mozilla/5.0 (compatible; Googlebot/2.1; +http://www.google.com/bot.html)"
72.30.65.62 - - [22/Jan/2009:19:36:57 +0100] "GET /zampa/montenegro/BATAW.html HTTP/1.0" 200 860 "-" "Mozilla/5.0 (compatible; Yahoo! Slurp; http://help.yahoo.com/help/us/ysearch/slurp)"
81.52.143.26 - - [22/Jan/2009:19:38:38 +0100] "GET /neon/left-one-new.html HTTP/1.1" 200 1483 "-" "Mozilla/5.0 (Windows; U; Windows NT 5.1; fr; rv:1.8.1) VoilaBot BETA 1.2 (support.voilabot@orange-ftgroup.com)"
72.30.65.62 - - [22/Jan/2009:20:02:29 +0100] "GET /logs/usage_200510.html HTTP/1.0" 200 109497 "-" "Mozilla/5.0 (compatible; Yahoo! Slurp; http://help.yahoo.com/help/us/ysearch/slurp)"
67.195.37.190 - - [22/Jan/2009:20:16:19 +0100] "GET /robots.txt HTTP/1.0" 200 64 "-" "Mozilla/5.0 (compatible; Yahoo! Slurp; http://help.yahoo.com/help/us/ysearch/slurp)"
67.195.37.190 - - [22/Jan/2009:20:16:20 +0100] "GET /f-actions.html HTTP/1.0" 200 10429 "-" "Mozilla/5.0 (compatible; Yahoo! Slurp; http://help.yahoo.com/help/us/ysearch/slurp)"
72.30.65.62 - - [22/Jan/2009:20:43:14 +0100] "GET /f-net.html HTTP/1.0" 200 9913 "-" "Mozilla/5.0 (compatible; Yahoo! Slurp; http://help.yahoo.com/help/us/ysearch/slurp)"
72.30.65.62 - - [22/Jan/2009:21:14:36 +0100] "GET /schubb/schubb-1.html HTTP/1.0" 200 9070 "-" "Mozilla/5.0 (compatible; Yahoo! Slurp; http://help.yahoo.com/help/us/ysearch/slurp)"
81.52.143.16 - - [22/Jan/2009:22:00:16 +0100] "GET /bmpp/18_x.html HTTP/1.1" 200 1100 "-" "Mozilla/5.0 (Windows; U; Windows NT 5.1; fr; rv:1.8.1) VoilaBot BETA 1.2 (support.voilabot@orange-ftgroup.com)"
67.195.37.120 - - [22/Jan/2009:22:15:33 +0100] "GET /robots.txt HTTP/1.0" 200 64 "-" "Mozilla/5.0 (compatible; Yahoo! Slurp; http://help.yahoo.com/help/us/ysearch/slurp)"
67.195.37.120 - - [22/Jan/2009:22:15:39 +0100] "GET /logs/usage_200703.html HTTP/1.0" 200 108444 "-" "Mozilla/5.0 (compatible; Yahoo! Slurp/3.0; http://help.yahoo.com/help/us/ysearch/slurp)"
67.195.37.120 - - [22/Jan/2009:22:22:31 +0100] "GET /f-actions.html HTTP/1.0" 200 10429 "-" "Mozilla/5.0 (compatible; Yahoo! Slurp/3.0; http://help.yahoo.com/help/us/ysearch/slurp)"
72.36.115.86 - - [22/Jan/2009:22:30:21 +0100] "GET /robots.txt HTTP/1.1" 302 363 "-" "CazoodleBot/0.0.2 (http://www.cazoodle.com/contact.php; cbot@cazoodle.com)"
72.36.115.86 - - [22/Jan/2009:22:31:19 +0100] "GET /zampa/robots.txt HTTP/1.1" 404 2748 "-" "CazoodleBot/0.0.2 (http://www.cazoodle.com/contact.php; cbot@cazoodle.com)"
76.216.132.38 - - [22/Jan/2009:22:39:49 +0100] "GET /bannerz/various-euro-girl.jpg HTTP/1.0" 200 91514 "http://images.devilfinder.com/go.php?q=euro+girl" "Mozilla/4.0 (compatible; MSIE 6.0; Windows NT 5.1; .NET CLR 1.1.4322)"
67.195.37.185 - - [22/Jan/2009:23:28:50 +0100] "GET /robots.txt HTTP/1.0" 200 64 "-" "Mozilla/5.0 (compatible; Yahoo! Slurp; http://help.yahoo.com/help/us/ysearch/slurp)"
67.195.37.185 - - [22/Jan/2009:23:35:08 +0100] "GET /partnergegenberlin.html HTTP/1.0" 200 5022 "-" "Mozilla/5.0 (compatible; Yahoo! Slurp; http://help.yahoo.com/help/us/ysearch/slurp)"
193.252.149.15 - - [22/Jan/2009:23:43:30 +0100] "GET /neon/slow-walk2.html HTTP/1.1" 200 1777 "-" "Mozilla/5.0 (Windows; U; Windows NT 5.1; fr; rv:1.8.1) VoilaBot BETA 1.2 (support.voilabot@orange-ftgroup.com)"
66.249.65.169 - - [22/Jan/2009:23:47:27 +0100] "GET /framez-schubb.html HTTP/1.1" 200 4324 "-" "Mozilla/5.0 (compatible; Googlebot/2.1; +http://www.google.com/bot.html)"
193.252.149.16 - - [22/Jan/2009:23:50:31 +0100] "GET /bmpp/18start.html HTTP/1.1" 200 320 "-" "Mozilla/5.0 (Windows; U; Windows NT 5.1; fr; rv:1.8.1) VoilaBot BETA 1.2 (support.voilabot@orange-ftgroup.com)"
193.47.80.51 - - [23/Jan/2009:00:07:35 +0100] "GET /robots.txt HTTP/1.1" 302 363 "-" "Mozilla/5.0 (compatible; Exabot/3.0; +http://www.exabot.com/go/robot)"
193.47.80.51 - - [23/Jan/2009:00:07:35 +0100] "GET /zampa/robots.txt HTTP/1.1" 404 2748 "-" "Mozilla/5.0 (compatible; Exabot/3.0; +http://www.exabot.com/go/robot)"
193.47.80.51 - - [23/Jan/2009:00:07:35 +0100] "GET / HTTP/1.1" 302 353 "-" "Mozilla/5.0 (compatible; Exabot/3.0; +http://www.exabot.com/go/robot)"
189.137.140.137 - - [23/Jan/2009:00:31:22 +0100] "POST /smpro/s.pl HTTP/1.1" 404 2748 "http://various-euro.com/smpro/s.pl" "Mozilla/4.0 (compatible; MSIE 6.0; Windows NT 5.1)"
72.30.65.62 - - [23/Jan/2009:00:47:12 +0100] "GET /DgH/bull/index.html HTTP/1.0" 200 1915 "-" "Mozilla/5.0 (compatible; Yahoo! Slurp; http://help.yahoo.com/help/us/ysearch/slurp)"
66.249.65.169 - - [23/Jan/2009:00:53:41 +0100] "GET /bmpp/crashh3.html HTTP/1.1" 200 9689 "-" "Mozilla/5.0 (compatible; Googlebot/2.1; +http://www.google.com/bot.html)"
66.249.65.169 - - [23/Jan/2009:01:03:09 +0100] "GET /f-search.html HTTP/1.1" 200 11800 "-" "Mozilla/5.0 (compatible; Googlebot/2.1; +http://www.google.com/bot.html)"
72.30.65.62 - - [23/Jan/2009:01:11:31 +0100] "GET /f-maintitle.html HTTP/1.0" 200 5030 "-" "Mozilla/5.0 (compatible; Yahoo! Slurp; http://help.yahoo.com/help/us/ysearch/slurp)"
72.30.65.62 - - [23/Jan/2009:01:11:44 +0100] "GET /neon/girlz2.html HTTP/1.0" 200 2937 "-" "Mozilla/5.0 (compatible; Yahoo! Slurp; http://help.yahoo.com/help/us/ysearch/slurp)"
64.1.215.165 - - [23/Jan/2009:01:31:21 +0100] "GET /robots.txt HTTP/1.0" 200 64 "-" "Mozilla/5.0 (Twiceler-0.9 http://www.cuil.com/twiceler/robot.html)"
66.249.65.169 - - [23/Jan/2009:01:36:17 +0100] "GET /logs/ HTTP/1.1" 200 10079 "-" "Mozilla/5.0 (compatible; Googlebot/2.1; +http://www.google.com/bot.html)"
67.195.37.185 - - [23/Jan/2009:01:41:37 +0100] "GET /sendi_agent.html HTTP/1.0" 200 6213 "-" "Mozilla/5.0 (compatible; Yahoo! Slurp; http://help.yahoo.com/help/us/ysearch/slurp)"
218.186.14.92 - - [23/Jan/2009:01:42:07 +0100] "GET /f-actions.html HTTP/1.1" 200 10429 "http://www.google.com.sg/search?q=Actions%2B+&ie=utf-8&oe=utf-8&aq=t&rls=org.mozilla:en-US:official&client=firefox-a" "Mozilla/5.0 (Windows; U; Windows NT 5.1; en-US; rv:1.9.0.5) Gecko/2008120122 Firefox/3.0.5 (.NET CLR 3.5.30729)"
218.186.14.92 - - [23/Jan/2009:01:42:07 +0100] "GET /ve-icon-2.ico HTTP/1.1" 200 2238 "-" "Mozilla/5.0 (Windows; U; Windows NT 5.1; en-US; rv:1.9.0.5) Gecko/2008120122 Firefox/3.0.5 (.NET CLR 3.5.30729)"
218.186.14.74 - - [23/Jan/2009:01:42:08 +0100] "GET /bannerz/camubg.gif HTTP/1.1" 200 4375 "http://www.various-euro.com/f-actions.html" "Mozilla/5.0 (Windows; U; Windows NT 5.1; en-US; rv:1.9.0.5) Gecko/2008120122 Firefox/3.0.5 (.NET CLR 3.5.30729)"
218.186.14.74 - - [23/Jan/2009:01:42:08 +0100] "GET /bannerz/interfiction-logo-rot-2006.gif HTTP/1.1" 200 743 "http://www.various-euro.com/f-actions.html" "Mozilla/5.0 (Windows; U; Windows NT 5.1; en-US; rv:1.9.0.5) Gecko/2008120122 Firefox/3.0.5 (.NET CLR 3.5.30729)"
218.186.14.74 - - [23/Jan/2009:01:42:08 +0100] "GET /bannerz/iflogo-XII.gif HTTP/1.1" 200 2363 "http://www.various-euro.com/f-actions.html" "Mozilla/5.0 (Windows; U; Windows NT 5.1; en-US; rv:1.9.0.5) Gecko/2008120122 Firefox/3.0.5 (.NET CLR 3.5.30729)"
218.186.14.74 - - [23/Jan/2009:01:42:08 +0100] "GET /bannerz/gradio_berlin.gif HTTP/1.1" 200 4400 "http://www.various-euro.com/f-actions.html" "Mozilla/5.0 (Windows; U; Windows NT 5.1; en-US; rv:1.9.0.5) Gecko/2008120122 Firefox/3.0.5 (.NET CLR 3.5.30729)"
218.186.14.74 - - [23/Jan/2009:01:42:08 +0100] "GET /bannerz/iflogo-black-inv.gif HTTP/1.1" 200 661 "http://www.various-euro.com/f-actions.html" "Mozilla/5.0 (Windows; U; Windows NT 5.1; en-US; rv:1.9.0.5) Gecko/2008120122 Firefox/3.0.5 (.NET CLR 3.5.30729)"
218.186.14.74 - - [23/Jan/2009:01:42:08 +0100] "GET /bannerz/iflogow.gif HTTP/1.1" 200 1295 "http://www.various-euro.com/f-actions.html" "Mozilla/5.0 (Windows; U; Windows NT 5.1; en-US; rv:1.9.0.5) Gecko/2008120122 Firefox/3.0.5 (.NET CLR 3.5.30729)"
218.186.14.74 - - [23/Jan/2009:01:42:09 +0100] "GET /bannerz/sf-banner-2.gif HTTP/1.1" 200 1836 "http://www.various-euro.com/f-actions.html" "Mozilla/5.0 (Windows; U; Windows NT 5.1; en-US; rv:1.9.0.5) Gecko/2008120122 Firefox/3.0.5 (.NET CLR 3.5.30729)"
218.186.14.74 - - [23/Jan/2009:01:42:09 +0100] "GET /bannerz/horrorkatze/various-sendi.jpg HTTP/1.1" 200 6368 "http://www.various-euro.com/f-actions.html" "Mozilla/5.0 (Windows; U; Windows NT 5.1; en-US; rv:1.9.0.5) Gecko/2008120122 Firefox/3.0.5 (.NET CLR 3.5.30729)"
218.186.14.74 - - [23/Jan/2009:01:42:09 +0100] "GET /bannerz/displaced-dilemma.jpg HTTP/1.1" 200 10530 "http://www.various-euro.com/f-actions.html" "Mozilla/5.0 (Windows; U; Windows NT 5.1; en-US; rv:1.9.0.5) Gecko/2008120122 Firefox/3.0.5 (.NET CLR 3.5.30729)"
218.186.14.74 - - [23/Jan/2009:01:42:10 +0100] "GET /bannerz/sound/bruce.mid HTTP/1.1" 200 3515 "http://www.various-euro.com/f-actions.html" "Mozilla/5.0 (Windows; U; Windows NT 5.1; en-US; rv:1.9.0.5) Gecko/2008120122 Firefox/3.0.5 (.NET CLR 3.5.30729)"
218.186.14.74 - - [23/Jan/2009:01:42:09 +0100] "GET /bannerz/various-euro-girl.jpg HTTP/1.1" 200 91514 "http://www.various-euro.com/f-actions.html" "Mozilla/5.0 (Windows; U; Windows NT 5.1; en-US; rv:1.9.0.5) Gecko/2008120122 Firefox/3.0.5 (.NET CLR 3.5.30729)"
218.186.14.74 - - [23/Jan/2009:01:42:09 +0100] "GET /bannerz/doom-ph.jpg HTTP/1.1" 200 69650 "http://www.various-euro.com/f-actions.html" "Mozilla/5.0 (Windows; U; Windows NT 5.1; en-US; rv:1.9.0.5) Gecko/2008120122 Firefox/3.0.5 (.NET CLR 3.5.30729)"
218.186.14.74 - - [23/Jan/2009:01:42:11 +0100] "GET /bannerz/canalbleu.gif HTTP/1.1" 200 2319 "http://www.various-euro.com/f-actions.html" "Mozilla/5.0 (Windows; U; Windows NT 5.1; en-US; rv:1.9.0.5) Gecko/2008120122 Firefox/3.0.5 (.NET CLR 3.5.30729)"
218.186.14.74 - - [23/Jan/2009:01:42:09 +0100] "GET /bannerz/joerggruneberg_VARIOUS-EURO.gif HTTP/1.1" 200 231267 "http://www.various-euro.com/f-actions.html" "Mozilla/5.0 (Windows; U; Windows NT 5.1; en-US; rv:1.9.0.5) Gecko/2008120122 Firefox/3.0.5 (.NET CLR 3.5.30729)"
218.186.14.74 - - [23/Jan/2009:01:42:10 +0100] "GET /bannerz/flyer-front.jpg HTTP/1.1" 200 49246 "http://www.various-euro.com/f-actions.html" "Mozilla/5.0 (Windows; U; Windows NT 5.1; en-US; rv:1.9.0.5) Gecko/2008120122 Firefox/3.0.5 (.NET CLR 3.5.30729)"
218.186.14.74 - - [23/Jan/2009:01:42:12 +0100] "GET /bannerz/vszenarien1.gif HTTP/1.1" 200 8659 "http://www.various-euro.com/f-actions.html" "Mozilla/5.0 (Windows; U; Windows NT 5.1; en-US; rv:1.9.0.5) Gecko/2008120122 Firefox/3.0.5 (.NET CLR 3.5.30729)"
218.186.14.74 - - [23/Jan/2009:01:42:11 +0100] "GET /bannerz/invite.gif HTTP/1.1" 200 23929 "http://www.various-euro.com/f-actions.html" "Mozilla/5.0 (Windows; U; Windows NT 5.1; en-US; rv:1.9.0.5) Gecko/2008120122 Firefox/3.0.5 (.NET CLR 3.5.30729)"
218.186.14.74 - - [23/Jan/2009:01:42:12 +0100] "GET /bannerz/superfactory-lt.gif HTTP/1.1" 200 1951 "http://www.various-euro.com/f-actions.html" "Mozilla/5.0 (Windows; U; Windows NT 5.1; en-US; rv:1.9.0.5) Gecko/2008120122 Firefox/3.0.5 (.NET CLR 3.5.30729)"
218.186.14.74 - - [23/Jan/2009:01:42:12 +0100] "GET /bannerz/superfactory-volksbuehne.jpg HTTP/1.1" 200 5445 "http://www.various-euro.com/f-actions.html" "Mozilla/5.0 (Windows; U; Windows NT 5.1; en-US; rv:1.9.0.5) Gecko/2008120122 Firefox/3.0.5 (.NET CLR 3.5.30729)"
218.186.14.74 - - [23/Jan/2009:01:42:11 +0100] "GET /bannerz/pseudo.gif HTTP/1.1" 200 202305 "http://www.various-euro.com/f-actions.html" "Mozilla/5.0 (Windows; U; Windows NT 5.1; en-US; rv:1.9.0.5) Gecko/2008120122 Firefox/3.0.5 (.NET CLR 3.5.30729)"
218.186.14.74 - - [23/Jan/2009:01:42:13 +0100] "GET /bannerz/overgarden-toplogo.jpg HTTP/1.1" 200 28153 "http://www.various-euro.com/f-actions.html" "Mozilla/5.0 (Windows; U; Windows NT 5.1; en-US; rv:1.9.0.5) Gecko/2008120122 Firefox/3.0.5 (.NET CLR 3.5.30729)"
218.186.14.74 - - [23/Jan/2009:01:42:14 +0100] "GET /bannerz/list2.gif HTTP/1.1" 200 17776 "http://www.various-euro.com/f-actions.html" "Mozilla/5.0 (Windows; U; Windows NT 5.1; en-US; rv:1.9.0.5) Gecko/2008120122 Firefox/3.0.5 (.NET CLR 3.5.30729)"
66.249.65.169 - - [23/Jan/2009:02:23:36 +0100] "GET /3dsf3/sendi/connection.html HTTP/1.1" 200 1336 "-" "Mozilla/5.0 (compatible; Googlebot/2.1; +http://www.google.com/bot.html)"
81.52.143.15 - - [23/Jan/2009:02:43:57 +0100] "GET /f-maintitle.html HTTP/1.1" 200 5030 "-" "Mozilla/5.0 (Windows; U; Windows NT 5.1; fr; rv:1.8.1) VoilaBot BETA 1.2 (support.voilabot@orange-ftgroup.com)"
66.235.124.61 - - [23/Jan/2009:02:55:10 +0100] "GET /robots.txt HTTP/1.1" 200 64 "-" "Mozilla/5.0 (compatible; Ask Jeeves/Teoma; +http://about.ask.com/en/docs/about/webmasters.shtml)"
66.235.124.61 - - [23/Jan/2009:02:55:26 +0100] "GET /framez-zampa-lovers.html HTTP/1.1" 200 4322 "-" "Mozilla/5.0 (compatible; Ask Jeeves/Teoma; +http://about.ask.com/en/docs/about/webmasters.shtml)"
66.235.124.61 - - [23/Jan/2009:02:55:26 +0100] "GET /frame-menu.html HTTP/1.1" 200 10536 "-" "Mozilla/5.0 (compatible; Ask Jeeves/Teoma; +http://about.ask.com/en/docs/about/webmasters.shtml)"
66.235.124.61 - - [23/Jan/2009:02:55:27 +0100] "GET /zampa-lovers/index.html HTTP/1.1" 200 37790 "-" "Mozilla/5.0 (compatible; Ask Jeeves/Teoma; +http://about.ask.com/en/docs/about/webmasters.shtml)"
66.235.124.61 - - [23/Jan/2009:02:55:27 +0100] "GET /frame-unten.html HTTP/1.1" 200 5308 "-" "Mozilla/5.0 (compatible; Ask Jeeves/Teoma; +http://about.ask.com/en/docs/about/webmasters.shtml)"
65.55.211.174 - - [23/Jan/2009:03:01:04 +0100] "GET /robots.txt HTTP/1.1" 200 64 "-" "msnbot/1.1 (+http://search.msn.com/msnbot.htm)"
65.55.211.174 - - [23/Jan/2009:03:01:05 +0100] "GET /DgH/watch/index.html HTTP/1.1" 200 2028 "-" "msnbot/1.1 (+http://search.msn.com/msnbot.htm)"
67.195.37.185 - - [23/Jan/2009:03:01:05 +0100] "GET /bmpp/euro_pal_111.html HTTP/1.0" 200 2129 "-" "Mozilla/5.0 (compatible; Yahoo! Slurp/3.0; http://help.yahoo.com/help/us/ysearch/slurp)"
67.195.37.177 - - [23/Jan/2009:03:01:36 +0100] "GET /robots.txt HTTP/1.0" 200 64 "-" "Mozilla/5.0 (compatible; Yahoo! Slurp; http://help.yahoo.com/help/us/ysearch/slurp)"
67.195.37.177 - - [23/Jan/2009:03:01:36 +0100] "GET / HTTP/1.0" 200 7869 "-" "Mozilla/5.0 (compatible; Yahoo! Slurp/3.0; http://help.yahoo.com/help/us/ysearch/slurp)"
67.195.37.177 - - [23/Jan/2009:03:01:37 +0100] "GET /style/various-euro.css HTTP/1.0" 200 3437 "http://various-euro.com/" "Mozilla/5.0 (compatible; Yahoo! Slurp/3.0; http://help.yahoo.com/help/us/ysearch/slurp)"
66.235.124.61 - - [23/Jan/2009:03:04:50 +0100] "GET /framez.html HTTP/1.1" 200 3959 "-" "Mozilla/5.0 (compatible; Ask Jeeves/Teoma; +http://about.ask.com/en/docs/about/webmasters.shtml)"
66.235.124.61 - - [23/Jan/2009:03:04:50 +0100] "GET /framez.html HTTP/1.1" 200 3959 "-" "Mozilla/5.0 (compatible; Ask Jeeves/Teoma; +http://about.ask.com/en/docs/about/webmasters.shtml)"
66.235.124.61 - - [23/Jan/2009:03:04:50 +0100] "GET /frame-inhalt.html HTTP/1.1" 200 5418 "-" "Mozilla/5.0 (compatible; Ask Jeeves/Teoma; +http://about.ask.com/en/docs/about/webmasters.shtml)"
193.252.149.15 - - [23/Jan/2009:03:18:18 +0100] "GET /f-channel1.html HTTP/1.1" 200 8471 "-" "Mozilla/5.0 (Windows; U; Windows NT 5.1; fr; rv:1.8.1) VoilaBot BETA 1.2 (support.voilabot@orange-ftgroup.com)"
81.52.143.16 - - [23/Jan/2009:03:53:54 +0100] "GET /f-web.html HTTP/1.1" 200 13605 "-" "Mozilla/5.0 (Windows; U; Windows NT 5.1; fr; rv:1.8.1) VoilaBot BETA 1.2 (support.voilabot@orange-ftgroup.com)"
65.55.211.171 - - [23/Jan/2009:04:03:26 +0100] "GET /robots.txt HTTP/1.1" 200 64 "-" "msnbot/1.1 (+http://search.msn.com/msnbot.htm)"
65.55.211.171 - - [23/Jan/2009:04:03:26 +0100] "GET /world.html HTTP/1.1" 200 16295 "-" "msnbot/1.1 (+http://search.msn.com/msnbot.htm)"
67.195.37.185 - - [23/Jan/2009:04:23:20 +0100] "GET /f-euro.html HTTP/1.0" 200 12203 "-" "Mozilla/5.0 (compatible; Yahoo! Slurp/3.0; http://help.yahoo.com/help/us/ysearch/slurp)"
193.252.149.16 - - [23/Jan/2009:04:33:45 +0100] "GET /world.html HTTP/1.1" 200 16295 "-" "Mozilla/5.0 (Windows; U; Windows NT 5.1; fr; rv:1.8.1) VoilaBot BETA 1.2 (support.voilabot@orange-ftgroup.com)"
67.195.37.185 - - [23/Jan/2009:05:15:54 +0100] "GET /games/virtualcop/virtualcop.html HTTP/1.0" 200 4487 "-" "Mozilla/5.0 (compatible; Yahoo! Slurp/3.0; http://help.yahoo.com/help/us/ysearch/slurp)"
72.30.65.62 - - [23/Jan/2009:05:20:20 +0100] "GET /robots.txt HTTP/1.0" 200 64 "-" "Mozilla/5.0 (compatible; Yahoo! Slurp; http://help.yahoo.com/help/us/ysearch/slurp)"
72.30.65.62 - - [23/Jan/2009:05:20:21 +0100] "GET /bmpp/18.html HTTP/1.0" 200 4467 "-" "Mozilla/5.0 (compatible; Yahoo! Slurp; http://help.yahoo.com/help/us/ysearch/slurp)"
67.195.37.185 - - [23/Jan/2009:05:30:01 +0100] "GET /logz_old.html HTTP/1.0" 404 2748 "-" "Mozilla/5.0 (compatible; Yahoo! Slurp/3.0; http://help.yahoo.com/help/us/ysearch/slurp)"
67.195.37.185 - - [23/Jan/2009:05:32:08 +0100] "GET /zampa-lovers/ HTTP/1.0" 200 37790 "-" "Mozilla/5.0 (compatible; Yahoo! Slurp/3.0; http://help.yahoo.com/help/us/ysearch/slurp)"
67.195.37.185 - - [23/Jan/2009:06:05:26 +0100] "GET /robots.txt HTTP/1.0" 200 64 "-" "Mozilla/5.0 (compatible; Yahoo! Slurp; http://help.yahoo.com/help/us/ysearch/slurp)"
67.195.37.185 - - [23/Jan/2009:06:05:26 +0100] "GET /euro.html HTTP/1.0" 404 2748 "-" "Mozilla/5.0 (compatible; Yahoo! Slurp/3.0; http://help.yahoo.com/help/us/ysearch/slurp)"
81.52.143.15 - - [23/Jan/2009:06:18:46 +0100] "GET /warez.html HTTP/1.1" 200 9754 "-" "Mozilla/5.0 (Windows; U; Windows NT 5.1; fr; rv:1.8.1) VoilaBot BETA 1.2 (support.voilabot@orange-ftgroup.com)"
67.195.37.185 - - [23/Jan/2009:06:35:00 +0100] "GET /neon/code.html HTTP/1.0" 200 1109 "-" "Mozilla/5.0 (compatible; Yahoo! Slurp; http://help.yahoo.com/help/us/ysearch/slurp)"
72.30.65.62 - - [23/Jan/2009:06:55:38 +0100] "GET /framez-rez.html HTTP/1.0" 200 4323 "-" "Mozilla/5.0 (compatible; Yahoo! Slurp/3.0; http://help.yahoo.com/help/us/ysearch/slurp)"
72.30.65.62 - - [23/Jan/2009:06:55:40 +0100] "GET /frame-unten.html HTTP/1.0" 200 5308 "http://www.various-euro.com/framez-rez.html" "Mozilla/5.0 (compatible; Yahoo! Slurp/3.0; http://help.yahoo.com/help/us/ysearch/slurp)"
72.30.65.62 - - [23/Jan/2009:06:55:40 +0100] "GET /frame-menu.html HTTP/1.0" 200 10536 "http://www.various-euro.com/framez-rez.html" "Mozilla/5.0 (compatible; Yahoo! Slurp/3.0; http://help.yahoo.com/help/us/ysearch/slurp)"
72.30.65.62 - - [23/Jan/2009:06:55:40 +0100] "GET /f-rez.html HTTP/1.0" 200 9765 "http://www.various-euro.com/framez-rez.html" "Mozilla/5.0 (compatible; Yahoo! Slurp/3.0; http://help.yahoo.com/help/us/ysearch/slurp)"
72.30.65.62 - - [23/Jan/2009:06:55:41 +0100] "GET /style/various-euro.css HTTP/1.0" 304 - "http://www.various-euro.com/frame-menu.html" "Mozilla/5.0 (compatible; Yahoo! Slurp/3.0; http://help.yahoo.com/help/us/ysearch/slurp)"
67.195.37.185 - - [23/Jan/2009:06:56:06 +0100] "GET /frame-inhalt.html HTTP/1.0" 200 5418 "-" "Mozilla/5.0 (compatible; Yahoo! Slurp/3.0; http://help.yahoo.com/help/us/ysearch/slurp)"
67.195.37.185 - - [23/Jan/2009:06:56:07 +0100] "GET /style/various-euro.css HTTP/1.0" 200 3437 "http://www.various-euro.com/frame-inhalt.html" "Mozilla/5.0 (compatible; Yahoo! Slurp/3.0; http://help.yahoo.com/help/us/ysearch/slurp)"
67.195.37.185 - - [23/Jan/2009:07:02:05 +0100] "GET /f-doku-brau.html HTTP/1.0" 200 7152 "-" "Mozilla/5.0 (compatible; Yahoo! Slurp; http://help.yahoo.com/help/us/ysearch/slurp)"
72.30.65.62 - - [23/Jan/2009:07:06:48 +0100] "GET /f-world.html HTTP/1.0" 200 35590 "-" "Mozilla/5.0 (compatible; Yahoo! Slurp; http://help.yahoo.com/help/us/ysearch/slurp)"
81.52.143.16 - - [23/Jan/2009:07:40:41 +0100] "GET /schubb/schubb-1.html HTTP/1.1" 200 9070 "-" "Mozilla/5.0 (Windows; U; Windows NT 5.1; fr; rv:1.8.1) VoilaBot BETA 1.2 (support.voilabot@orange-ftgroup.com)"
72.30.65.62 - - [23/Jan/2009:07:51:54 +0100] "GET /framez.html HTTP/1.0" 200 3959 "-" "Mozilla/5.0 (compatible; Yahoo! Slurp; http://help.yahoo.com/help/us/ysearch/slurp)"
72.30.65.62 - - [23/Jan/2009:07:51:57 +0100] "GET /frame-inhalt.html HTTP/1.0" 200 5418 "-" "Mozilla/5.0 (compatible; Yahoo! Slurp; http://help.yahoo.com/help/us/ysearch/slurp)"
66.235.124.61 - - [23/Jan/2009:08:38:46 +0100] "GET /robots.txt HTTP/1.1" 200 64 "-" "Mozilla/5.0 (compatible; Ask Jeeves/Teoma; +http://about.ask.com/en/docs/about/webmasters.shtml)"
66.235.124.61 - - [23/Jan/2009:08:39:01 +0100] "GET /framez-girlz.html HTTP/1.1" 200 4271 "-" "Mozilla/5.0 (compatible; Ask Jeeves/Teoma; +http://about.ask.com/en/docs/about/webmasters.shtml)"
66.235.124.61 - - [23/Jan/2009:08:39:01 +0100] "GET /frame-menu.html HTTP/1.1" 200 10536 "-" "Mozilla/5.0 (compatible; Ask Jeeves/Teoma; +http://about.ask.com/en/docs/about/webmasters.shtml)"
66.235.124.61 - - [23/Jan/2009:08:39:02 +0100] "GET /neon/girlz2.html HTTP/1.1" 200 2937 "-" "Mozilla/5.0 (compatible; Ask Jeeves/Teoma; +http://about.ask.com/en/docs/about/webmasters.shtml)"
66.235.124.61 - - [23/Jan/2009:08:39:02 +0100] "GET /frame-unten.html HTTP/1.1" 200 5308 "-" "Mozilla/5.0 (compatible; Ask Jeeves/Teoma; +http://about.ask.com/en/docs/about/webmasters.shtml)"
66.235.124.61 - - [23/Jan/2009:08:47:24 +0100] "GET /framez.html HTTP/1.1" 200 3959 "-" "Mozilla/5.0 (compatible; Ask Jeeves/Teoma; +http://about.ask.com/en/docs/about/webmasters.shtml)"
66.235.124.61 - - [23/Jan/2009:08:47:25 +0100] "GET /framez.html HTTP/1.1" 200 3959 "-" "Mozilla/5.0 (compatible; Ask Jeeves/Teoma; +http://about.ask.com/en/docs/about/webmasters.shtml)"
66.235.124.61 - - [23/Jan/2009:08:47:25 +0100] "GET /frame-inhalt.html HTTP/1.1" 200 5418 "-" "Mozilla/5.0 (compatible; Ask Jeeves/Teoma; +http://about.ask.com/en/docs/about/webmasters.shtml)"
72.30.65.62 - - [23/Jan/2009:09:01:03 +0100] "GET /f-rez.html HTTP/1.0" 200 9765 "-" "Mozilla/5.0 (compatible; Yahoo! Slurp; http://help.yahoo.com/help/us/ysearch/slurp)"
85.43.248.225 - - [23/Jan/2009:09:05:02 +0100] "GET / HTTP/1.1" 200 7869 "-" "Mozilla/4.0 (compatible; MSIE 6.0; Windows NT 5.1; SV1; .NET CLR 1.1.4322)"
85.43.248.225 - - [23/Jan/2009:09:05:03 +0100] "GET /style/various-euro.css HTTP/1.1" 200 3437 "-" "Mozilla/4.0 (compatible; MSIE 6.0; Windows NT 5.1; SV1; .NET)"
85.43.248.225 - - [23/Jan/2009:09:05:04 +0100] "GET /framez.html HTTP/1.1" 200 3959 "-" "Mozilla/5.0 (Windows; U; Windows NT 5.1; en-US; rv:1.8.0.7) Gecko/20060909 Firefox/1.5.0.7"
65.55.211.168 - - [23/Jan/2009:09:05:09 +0100] "GET /robots.txt HTTP/1.1" 200 64 "-" "msnbot/1.1 (+http://search.msn.com/msnbot.htm)"
65.55.211.168 - - [23/Jan/2009:09:05:10 +0100] "GET /f-euro.html HTTP/1.1" 200 12203 "-" "msnbot/1.1 (+http://search.msn.com/msnbot.htm)"
65.55.109.67 - - [23/Jan/2009:09:09:58 +0100] "GET /f-euro.html HTTP/1.0" 200 12203 "http://search.live.com/results.aspx?q=various" "Mozilla/4.0 (compatible; MSIE 6.0; Windows NT 5.2; SV1; .NET CLR 1.1.4322)"
65.55.109.67 - - [23/Jan/2009:09:09:58 +0100] "GET /framez-euro.html HTTP/1.0" 200 4319 "-" "Mozilla/4.0 (compatible; MSIE 6.0; Windows NT 5.2; SV1; .NET CLR 1.1.4322)"
65.55.109.67 - - [23/Jan/2009:09:09:59 +0100] "GET /frame-menu.html HTTP/1.0" 200 10536 "http://www.various-euro.com/framez-euro.html" "Mozilla/4.0 (compatible; MSIE 6.0; Windows NT 5.2; SV1; .NET CLR 1.1.4322)"
65.55.109.67 - - [23/Jan/2009:09:09:59 +0100] "GET /f-euro.html HTTP/1.0" 200 12203 "http://www.various-euro.com/framez-euro.html" "Mozilla/4.0 (compatible; MSIE 6.0; Windows NT 5.2; SV1; .NET CLR 1.1.4322)"
65.55.109.67 - - [23/Jan/2009:09:09:59 +0100] "GET /frame-unten.html HTTP/1.0" 200 5308 "http://www.various-euro.com/framez-euro.html" "Mozilla/4.0 (compatible; MSIE 6.0; Windows NT 5.2; SV1; .NET CLR 1.1.4322)"
65.55.109.67 - - [23/Jan/2009:09:09:59 +0100] "GET /style/various-euro.css HTTP/1.0" 200 3437 "http://www.various-euro.com/frame-menu.html" "Mozilla/4.0 (compatible; MSIE 6.0; Windows NT 5.2; SV1; .NET CLR 1.1.4322)"
66.235.124.61 - - [23/Jan/2009:09:15:05 +0100] "GET /framez-restate.html HTTP/1.1" 200 4328 "-" "Mozilla/5.0 (compatible; Ask Jeeves/Teoma; +http://about.ask.com/en/docs/about/webmasters.shtml)"
66.235.124.61 - - [23/Jan/2009:09:15:06 +0100] "GET /restate_copy.html HTTP/1.1" 200 97631 "-" "Mozilla/5.0 (compatible; Ask Jeeves/Teoma; +http://about.ask.com/en/docs/about/webmasters.shtml)"
66.235.124.61 - - [23/Jan/2009:09:15:07 +0100] "GET /menueleiste.js HTTP/1.1" 404 2748 "-" "Mozilla/5.0 (compatible; Ask Jeeves/Teoma; +http://about.ask.com/en/docs/about/webmasters.shtml)"
66.235.124.61 - - [23/Jan/2009:09:23:35 +0100] "GET /framez.html HTTP/1.1" 200 3959 "-" "Mozilla/5.0 (compatible; Ask Jeeves/Teoma; +http://about.ask.com/en/docs/about/webmasters.shtml)"
67.195.37.185 - - [23/Jan/2009:09:33:27 +0100] "GET /neon/europa.html HTTP/1.0" 200 389 "-" "Mozilla/5.0 (compatible; Yahoo! Slurp/3.0; http://help.yahoo.com/help/us/ysearch/slurp)"
67.195.37.124 - - [23/Jan/2009:10:00:27 +0100] "GET /robots.txt HTTP/1.0" 200 64 "-" "Mozilla/5.0 (compatible; Yahoo! Slurp; http://help.yahoo.com/help/us/ysearch/slurp)"
67.195.37.124 - - [23/Jan/2009:10:00:28 +0100] "GET /bmpp/euro_pal_111.html HTTP/1.0" 200 2129 "-" "Mozilla/5.0 (compatible; Yahoo! Slurp; http://help.yahoo.com/help/us/ysearch/slurp)"
68.45.3.13 - - [23/Jan/2009:10:00:57 +0100] "GET /f-sponsor.html HTTP/1.1" 200 8578 "-" "Mozilla/4.0 (compatible; MSIE 6.0; Windows NT 5.0)"
65.55.211.172 - - [23/Jan/2009:10:06:08 +0100] "GET /robots.txt HTTP/1.1" 200 64 "-" "msnbot/1.1 (+http://search.msn.com/msnbot.htm)"
65.55.211.172 - - [23/Jan/2009:10:06:13 +0100] "GET /bmpp/euro_pal_1.html HTTP/1.1" 200 18252 "-" "msnbot/1.1 (+http://search.msn.com/msnbot.htm)"
74.6.18.215 - - [23/Jan/2009:10:27:23 +0100] "GET /robots.txt HTTP/1.0" 200 64 "-" "Mozilla/5.0 (compatible; Yahoo! Slurp; http://help.yahoo.com/help/us/ysearch/slurp)"
74.6.18.215 - - [23/Jan/2009:10:27:23 +0100] "GET / HTTP/1.0" 200 7869 "-" "Mozilla/5.0 (compatible; Yahoo! Slurp; http://help.yahoo.com/help/us/ysearch/slurp)"
59.96.185.0 - - [23/Jan/2009:10:37:28 +0100] "GET /neon/click.html HTTP/1.1" 200 521 "http://www.google.co.in/search?hl=en&q=adulteuros&meta=" "Mozilla/4.0 (compatible; MSIE 6.0; Windows NT 5.1; SV1; Media Center PC 3.0; .NET CLR 1.0.3705)"
59.96.185.0 - - [23/Jan/2009:10:37:29 +0100] "GET /vgirls/hyg1.gif HTTP/1.1" 200 29672 "http://www.various-euro.com/neon/click.html" "Mozilla/4.0 (compatible; MSIE 6.0; Windows NT 5.1; SV1; Media Center PC 3.0; .NET CLR 1.0.3705)"
59.96.185.0 - - [23/Jan/2009:10:37:31 +0100] "GET /neon/blacksatin.jpg HTTP/1.1" 200 5695 "http://www.various-euro.com/neon/click.html" "Mozilla/4.0 (compatible; MSIE 6.0; Windows NT 5.1; SV1; Media Center PC 3.0; .NET CLR 1.0.3705)"
59.96.185.0 - - [23/Jan/2009:10:37:31 +0100] "GET /neon/clicktoenter.gif HTTP/1.1" 200 16302 "http://www.various-euro.com/neon/click.html" "Mozilla/4.0 (compatible; MSIE 6.0; Windows NT 5.1; SV1; Media Center PC 3.0; .NET CLR 1.0.3705)"
59.96.185.0 - - [23/Jan/2009:10:38:12 +0100] "GET /neon/sushi.html HTTP/1.1" 200 687 "http://www.various-euro.com/neon/click.html" "Mozilla/4.0 (compatible; MSIE 6.0; Windows NT 5.1; SV1; Media Center PC 3.0; .NET CLR 1.0.3705)"
59.96.185.0 - - [23/Jan/2009:10:38:12 +0100] "GET /neon/rawsuishi3.gif HTTP/1.1" 200 7327 "http://www.various-euro.com/neon/sushi.html" "Mozilla/4.0 (compatible; MSIE 6.0; Windows NT 5.1; SV1; Media Center PC 3.0; .NET CLR 1.0.3705)"
59.96.185.0 - - [23/Jan/2009:10:42:04 +0100] "GET /framez-girlz-neon.html HTTP/1.1" 200 4388 "http://www.various-euro.com/neon/sushi.html" "Mozilla/4.0 (compatible; MSIE 6.0; Windows NT 5.1; SV1; Media Center PC 3.0; .NET CLR 1.0.3705)"
59.96.185.0 - - [23/Jan/2009:10:42:06 +0100] "GET /frame-menu.html HTTP/1.1" 200 10536 "http://www.various-euro.com/framez-girlz-neon.html" "Mozilla/4.0 (compatible; MSIE 6.0; Windows NT 5.1; SV1; Media Center PC 3.0; .NET CLR 1.0.3705)"
59.96.185.0 - - [23/Jan/2009:10:42:06 +0100] "GET /neon/girlz2.html HTTP/1.1" 200 2937 "http://www.various-euro.com/framez-girlz-neon.html" "Mozilla/4.0 (compatible; MSIE 6.0; Windows NT 5.1; SV1; Media Center PC 3.0; .NET CLR 1.0.3705)"
59.96.185.0 - - [23/Jan/2009:10:42:06 +0100] "GET /frame-unten.html HTTP/1.1" 200 5308 "http://www.various-euro.com/framez-girlz-neon.html" "Mozilla/4.0 (compatible; MSIE 6.0; Windows NT 5.1; SV1; Media Center PC 3.0; .NET CLR 1.0.3705)"
59.96.185.0 - - [23/Jan/2009:10:42:07 +0100] "GET /style/various-euro.css HTTP/1.1" 200 3437 "http://www.various-euro.com/frame-menu.html" "Mozilla/4.0 (compatible; MSIE 6.0; Windows NT 5.1; SV1; Media Center PC 3.0; .NET CLR 1.0.3705)"
59.96.185.0 - - [23/Jan/2009:10:42:09 +0100] "GET /vgirls/button1.gif HTTP/1.1" 200 9099 "http://www.various-euro.com/neon/girlz2.html" "Mozilla/4.0 (compatible; MSIE 6.0; Windows NT 5.1; SV1; Media Center PC 3.0; .NET CLR 1.0.3705)"
59.96.185.0 - - [23/Jan/2009:10:42:09 +0100] "GET /vgirls/wm_02.gif HTTP/1.1" 200 36891 "http://www.various-euro.com/neon/girlz2.html" "Mozilla/4.0 (compatible; MSIE 6.0; Windows NT 5.1; SV1; Media Center PC 3.0; .NET CLR 1.0.3705)"
59.96.185.0 - - [23/Jan/2009:10:42:11 +0100] "GET /vgirls/virtua4.gif HTTP/1.1" 200 12643 "http://www.various-euro.com/neon/girlz2.html" "Mozilla/4.0 (compatible; MSIE 6.0; Windows NT 5.1; SV1; Media Center PC 3.0; .NET CLR 1.0.3705)"
59.96.185.0 - - [23/Jan/2009:10:42:11 +0100] "GET /vgirls/button10.gif HTTP/1.1" 200 15687 "http://www.various-euro.com/neon/girlz2.html" "Mozilla/4.0 (compatible; MSIE 6.0; Windows NT 5.1; SV1; Media Center PC 3.0; .NET CLR 1.0.3705)"
59.96.185.0 - - [23/Jan/2009:10:42:12 +0100] "GET /bannerz/ve.jpg HTTP/1.1" 200 36912 "http://www.various-euro.com/frame-unten.html" "Mozilla/4.0 (compatible; MSIE 6.0; Windows NT 5.1; SV1; Media Center PC 3.0; .NET CLR 1.0.3705)"
59.96.185.0 - - [23/Jan/2009:10:42:15 +0100] "GET /vgirls/button3.gif HTTP/1.1" 200 9634 "http://www.various-euro.com/neon/girlz2.html" "Mozilla/4.0 (compatible; MSIE 6.0; Windows NT 5.1; SV1; Media Center PC 3.0; .NET CLR 1.0.3705)"
59.96.185.0 - - [23/Jan/2009:10:42:12 +0100] "GET /bannerz/various-euro-girl.jpg HTTP/1.1" 200 91514 "http://www.various-euro.com/frame-unten.html" "Mozilla/4.0 (compatible; MSIE 6.0; Windows NT 5.1; SV1; Media Center PC 3.0; .NET CLR 1.0.3705)"
59.96.185.0 - - [23/Jan/2009:10:42:15 +0100] "GET /vgirls/dora_01.gif HTTP/1.1" 200 15465 "http://www.various-euro.com/neon/girlz2.html" "Mozilla/4.0 (compatible; MSIE 6.0; Windows NT 5.1; SV1; Media Center PC 3.0; .NET CLR 1.0.3705)"
59.96.185.0 - - [23/Jan/2009:10:42:16 +0100] "GET /vgirls/shaina_big.gif HTTP/1.1" 200 16169 "http://www.various-euro.com/neon/girlz2.html" "Mozilla/4.0 (compatible; MSIE 6.0; Windows NT 5.1; SV1; Media Center PC 3.0; .NET CLR 1.0.3705)"
67.195.37.124 - - [23/Jan/2009:11:04:47 +0100] "GET /neon/europa.html HTTP/1.0" 200 389 "-" "Mozilla/5.0 (compatible; Yahoo! Slurp/3.0; http://help.yahoo.com/help/us/ysearch/slurp)"
66.249.65.169 - - [23/Jan/2009:11:20:27 +0100] "GET /robots.txt HTTP/1.1" 200 64 "-" "Googlebot-Image/1.0"
72.30.65.62 - - [23/Jan/2009:11:38:45 +0100] "GET /bmpp/euro_pal_1.html HTTP/1.0" 200 18252 "-" "Mozilla/5.0 (compatible; Yahoo! Slurp; http://help.yahoo.com/help/us/ysearch/slurp)"
193.252.149.15 - - [23/Jan/2009:11:53:07 +0100] "GET /neon/girlz3.html HTTP/1.1" 200 2479 "-" "Mozilla/5.0 (Windows; U; Windows NT 5.1; fr; rv:1.8.1) VoilaBot BETA 1.2 (support.voilabot@orange-ftgroup.com)"
189.137.140.137 - - [23/Jan/2009:11:55:26 +0100] "POST /cgi-bin/redir.cgi HTTP/1.1" 404 2748 "http://various-euro.com/cgi-bin/redir.cgi" "Mozilla/4.0 (compatible; MSIE 6.0; Windows NT 5.1)"
66.249.65.169 - - [23/Jan/2009:11:59:51 +0100] "GET /f-net.html HTTP/1.1" 200 9913 "-" "Mozilla/5.0 (compatible; Googlebot/2.1; +http://www.google.com/bot.html)"
72.30.65.62 - - [23/Jan/2009:12:06:15 +0100] "GET /f-web.html HTTP/1.0" 200 13605 "-" "Mozilla/5.0 (compatible; Yahoo! Slurp; http://help.yahoo.com/help/us/ysearch/slurp)"
66.249.65.169 - - [23/Jan/2009:12:06:34 +0100] "GET /logs/usage_200901.html HTTP/1.1" 404 2748 "-" "Mozilla/5.0 (compatible; Googlebot/2.1; +http://www.google.com/bot.html)"
65.55.211.169 - - [23/Jan/2009:12:28:42 +0100] "GET /robots.txt HTTP/1.1" 200 64 "-" "msnbot/1.1 (+http://search.msn.com/msnbot.htm)"
65.55.211.169 - - [23/Jan/2009:12:28:43 +0100] "GET /ve-icon-2.ico HTTP/1.1" 200 2238 "-" "msnbot/1.1 (+http://search.msn.com/msnbot.htm)"
72.30.65.62 - - [23/Jan/2009:12:40:19 +0100] "GET /framez-dgh-bull.html HTTP/1.0" 200 4324 "-" "Mozilla/5.0 (compatible; Yahoo! Slurp; http://help.yahoo.com/help/us/ysearch/slurp)"
72.30.65.62 - - [23/Jan/2009:12:40:20 +0100] "GET /frame-menu.html HTTP/1.0" 200 10536 "-" "Mozilla/5.0 (compatible; Yahoo! Slurp; http://help.yahoo.com/help/us/ysearch/slurp)"
72.30.65.62 - - [23/Jan/2009:12:40:21 +0100] "GET /dgh/bull/index.html HTTP/1.0" 404 2748 "-" "Mozilla/5.0 (compatible; Yahoo! Slurp; http://help.yahoo.com/help/us/ysearch/slurp)"
72.30.65.62 - - [23/Jan/2009:12:40:21 +0100] "GET /frame-unten.html HTTP/1.0" 200 5308 "-" "Mozilla/5.0 (compatible; Yahoo! Slurp; http://help.yahoo.com/help/us/ysearch/slurp)"
72.30.65.62 - - [23/Jan/2009:12:52:11 +0100] "GET /logs/usage_200709.html HTTP/1.0" 200 110974 "-" "Mozilla/5.0 (compatible; Yahoo! Slurp; http://help.yahoo.com/help/us/ysearch/slurp)"
67.195.37.124 - - [23/Jan/2009:13:09:27 +0100] "GET /neon/code.html HTTP/1.0" 200 1109 "-" "Mozilla/5.0 (compatible; Yahoo! Slurp/3.0; http://help.yahoo.com/help/us/ysearch/slurp)"
66.249.65.169 - - [23/Jan/2009:13:30:29 +0100] "GET /f-channel1.html HTTP/1.1" 200 8471 "-" "Mozilla/5.0 (compatible; Googlebot/2.1; +http://www.google.com/bot.html)"
72.30.65.62 - - [23/Jan/2009:13:32:00 +0100] "GET / HTTP/1.0" 200 7869 "-" "Mozilla/5.0 (compatible; Yahoo! Slurp; http://help.yahoo.com/help/us/ysearch/slurp)"
65.55.211.172 - - [23/Jan/2009:13:45:20 +0100] "GET /robots.txt HTTP/1.1" 200 64 "-" "msnbot/1.1 (+http://search.msn.com/msnbot.htm)"
65.55.211.172 - - [23/Jan/2009:13:45:20 +0100] "GET / HTTP/1.1" 200 7869 "-" "msnbot/1.1 (+http://search.msn.com/msnbot.htm)"
66.249.65.169 - - [23/Jan/2009:13:53:10 +0100] "GET /logs/usage_200701.html HTTP/1.1" 200 109268 "-" "Mozilla/5.0 (compatible; Googlebot/2.1; +http://www.google.com/bot.html)"
84.90.200.154 - - [23/Jan/2009:14:03:40 +0100] "GET /f-search.html HTTP/1.1" 200 11800 "-" "Mozilla/4.0 (compatible; MSIE 6.0; Windows NT 5.0)"
67.195.37.124 - - [23/Jan/2009:14:12:28 +0100] "GET /zampa/lybia/index.html HTTP/1.0" 200 3036 "-" "Mozilla/5.0 (compatible; Yahoo! Slurp/3.0; http://help.yahoo.com/help/us/ysearch/slurp)"
208.115.138.254 - - [23/Jan/2009:14:20:56 +0100] "GET /neon/girlz2.html HTTP/1.1" 200 2937 "-" "Mozilla/4.0"
217.30.96.127 - - [23/Jan/2009:14:21:03 +0100] "GET /neon/girlz2.html HTTP/1.1" 200 2937 "http://www.google.com.mt/search?hl=en&q=euro+girls&start=110&sa=N" "Mozilla/4.0 (compatible; MSIE 6.0; Windows NT 5.1; SV1)"
217.30.96.127 - - [23/Jan/2009:14:21:04 +0100] "GET /vgirls/wm_02.gif HTTP/1.1" 200 36891 "http://www.various-euro.com/neon/girlz2.html" "Mozilla/4.0 (compatible; MSIE 6.0; Windows NT 5.1; SV1)"
217.30.96.127 - - [23/Jan/2009:14:21:04 +0100] "GET /vgirls/button1.gif HTTP/1.1" 200 9099 "http://www.various-euro.com/neon/girlz2.html" "Mozilla/4.0 (compatible; MSIE 6.0; Windows NT 5.1; SV1)"
217.30.96.127 - - [23/Jan/2009:14:21:05 +0100] "GET /vgirls/virtua4.gif HTTP/1.1" 200 12643 "http://www.various-euro.com/neon/girlz2.html" "Mozilla/4.0 (compatible; MSIE 6.0; Windows NT 5.1; SV1)"
217.30.96.127 - - [23/Jan/2009:14:21:06 +0100] "GET /vgirls/button3.gif HTTP/1.1" 200 9634 "http://www.various-euro.com/neon/girlz2.html" "Mozilla/4.0 (compatible; MSIE 6.0; Windows NT 5.1; SV1)"
217.30.96.127 - - [23/Jan/2009:14:21:06 +0100] "GET /vgirls/dora_01.gif HTTP/1.1" 200 15465 "http://www.various-euro.com/neon/girlz2.html" "Mozilla/4.0 (compatible; MSIE 6.0; Windows NT 5.1; SV1)"
217.30.96.127 - - [23/Jan/2009:14:21:07 +0100] "GET /vgirls/shaina_big.gif HTTP/1.1" 200 16169 "http://www.various-euro.com/neon/girlz2.html" "Mozilla/4.0 (compatible; MSIE 6.0; Windows NT 5.1; SV1)"
217.30.96.127 - - [23/Jan/2009:14:21:07 +0100] "GET /vgirls/button10.gif HTTP/1.1" 200 15687 "http://www.various-euro.com/neon/girlz2.html" "Mozilla/4.0 (compatible; MSIE 6.0; Windows NT 5.1; SV1)"
208.115.138.254 - - [23/Jan/2009:14:21:10 +0100] "GET /framez-girlz.html HTTP/1.1" 200 4271 "-" "Mozilla/4.0"
217.30.96.127 - - [23/Jan/2009:14:21:10 +0100] "GET /framez-girlz.html HTTP/1.1" 200 4271 "-" "Mozilla/4.0 (compatible; MSIE 6.0; Windows NT 5.1; SV1)"
