88.131.106.12 - - [02/Jan/2009:02:50:23 +0100] "GET / HTTP/1.0" 200 7869 "-" "Speedy Spider (http://www.entireweb.com/about/search_tech/speedy_spider/)"
65.55.232.24 - - [02/Jan/2009:02:58:18 +0100] "GET /robots.txt HTTP/1.1" 200 64 "-" "msnbot/1.1 (+http://search.msn.com/msnbot.htm)"
65.55.232.24 - - [02/Jan/2009:02:58:23 +0100] "GET / HTTP/1.1" 200 7869 "-" "msnbot/1.1 (+http://search.msn.com/msnbot.htm)"
65.55.211.168 - - [02/Jan/2009:02:59:34 +0100] "GET /robots.txt HTTP/1.1" 200 64 "-" "msnbot/1.1 (+http://search.msn.com/msnbot.htm)"
65.55.211.168 - - [02/Jan/2009:02:59:34 +0100] "GET /f-euro.html HTTP/1.1" 200 12203 "-" "msnbot/1.1 (+http://search.msn.com/msnbot.htm)"
66.249.65.169 - - [02/Jan/2009:03:34:44 +0100] "GET /logs/usage_200712.html HTTP/1.1" 200 92577 "-" "Mozilla/5.0 (compatible; Googlebot/2.1; +http://www.google.com/bot.html)"
66.231.189.124 - - [02/Jan/2009:04:21:22 +0100] "GET /robots.txt HTTP/1.0" 200 64 "-" "Gigabot/3.0 (http://www.gigablast.com/spider.html)"
66.231.189.124 - - [02/Jan/2009:04:21:22 +0100] "GET / HTTP/1.0" 200 7869 "-" "Gigabot/3.0 (http://www.gigablast.com/spider.html)"
72.30.65.58 - - [02/Jan/2009:04:31:05 +0100] "GET /logs/ HTTP/1.0" 200 10079 "-" "Mozilla/5.0 (compatible; Yahoo! Slurp; http://help.yahoo.com/help/us/ysearch/slurp)"
72.30.65.58 - - [02/Jan/2009:04:43:46 +0100] "GET /zampa/montenegro/index.html HTTP/1.0" 200 2651 "-" "Mozilla/5.0 (compatible; Yahoo! Slurp; http://help.yahoo.com/help/us/ysearch/slurp)"
85.94.203.130 - - [02/Jan/2009:05:42:42 +0100] "HEAD / HTTP/1.1" 200 - "-" "LLWC"
72.30.65.58 - - [02/Jan/2009:05:56:34 +0100] "GET /framez-e-count.html HTTP/1.0" 200 4321 "-" "Mozilla/5.0 (compatible; Yahoo! Slurp/3.0; http://help.yahoo.com/help/us/ysearch/slurp)"
72.30.65.58 - - [02/Jan/2009:05:56:35 +0100] "GET /e-counter.html HTTP/1.0" 200 4047 "http://www.various-euro.com/framez-e-count.html" "Mozilla/5.0 (compatible; Yahoo! Slurp/3.0; http://help.yahoo.com/help/us/ysearch/slurp)"
72.30.65.58 - - [02/Jan/2009:05:56:35 +0100] "GET /frame-unten.html HTTP/1.0" 200 5308 "http://www.various-euro.com/framez-e-count.html" "Mozilla/5.0 (compatible; Yahoo! Slurp/3.0; http://help.yahoo.com/help/us/ysearch/slurp)"
72.30.65.58 - - [02/Jan/2009:05:56:35 +0100] "GET /frame-menu.html HTTP/1.0" 200 10536 "http://www.various-euro.com/framez-e-count.html" "Mozilla/5.0 (compatible; Yahoo! Slurp/3.0; http://help.yahoo.com/help/us/ysearch/slurp)"
72.30.65.58 - - [02/Jan/2009:05:56:35 +0100] "GET /style/various-euro.css HTTP/1.0" 304 - "http://www.various-euro.com/frame-menu.html" "Mozilla/5.0 (compatible; Yahoo! Slurp/3.0; http://help.yahoo.com/help/us/ysearch/slurp)"
119.63.193.43 - - [02/Jan/2009:06:10:12 +0100] "GET / HTTP/1.1" 200 7869 "-" "Baiduspider+(+http://help.baidu.jp/system/05.html)"
193.252.149.15 - - [02/Jan/2009:06:12:54 +0100] "GET /robots.txt HTTP/1.1" 200 64 "-" "Mozilla/5.0 (Windows; U; Windows NT 5.1; fr; rv:1.8.1) VoilaBot BETA 1.2 (support.voilabot@orange-ftgroup.com)"
193.252.149.15 - - [02/Jan/2009:06:13:04 +0100] "GET /f-channel1.html HTTP/1.1" 200 8471 "-" "Mozilla/5.0 (Windows; U; Windows NT 5.1; fr; rv:1.8.1) VoilaBot BETA 1.2 (support.voilabot@orange-ftgroup.com)"
66.249.65.169 - - [02/Jan/2009:06:20:10 +0100] "GET /DgH/rampe/index.html HTTP/1.1" 200 2056 "-" "Mozilla/5.0 (compatible; Googlebot/2.1; +http://www.google.com/bot.html)"
67.195.37.119 - - [02/Jan/2009:06:55:46 +0100] "GET /neon/click.html HTTP/1.0" 200 521 "-" "Mozilla/5.0 (compatible; Yahoo! Slurp/3.0; http://help.yahoo.com/help/us/ysearch/slurp)"
66.249.65.169 - - [02/Jan/2009:07:08:14 +0100] "GET /neon/slow-walk2.html HTTP/1.1" 200 1777 "-" "Mozilla/5.0 (compatible; Googlebot/2.1; +http://www.google.com/bot.html)"
193.252.149.16 - - [02/Jan/2009:07:52:54 +0100] "GET /DgH/rampe/index.html HTTP/1.1" 200 2056 "-" "Mozilla/5.0 (Windows; U; Windows NT 5.1; fr; rv:1.8.1) VoilaBot BETA 1.2 (support.voilabot@orange-ftgroup.com)"
67.195.37.119 - - [02/Jan/2009:07:53:24 +0100] "GET /neon/sushi.html HTTP/1.0" 200 687 "-" "Mozilla/5.0 (compatible; Yahoo! Slurp/3.0; http://help.yahoo.com/help/us/ysearch/slurp)"
66.249.65.169 - - [02/Jan/2009:07:57:33 +0100] "GET /neon/europa.html HTTP/1.1" 200 389 "-" "Mozilla/5.0 (compatible; Googlebot/2.1; +http://www.google.com/bot.html)"
66.249.65.169 - - [02/Jan/2009:08:29:42 +0100] "GET /framez-web.html HTTP/1.1" 200 4322 "-" "Mozilla/5.0 (compatible; Googlebot/2.1; +http://www.google.com/bot.html)"
74.6.18.245 - - [02/Jan/2009:08:39:24 +0100] "GET /robots.txt HTTP/1.0" 200 64 "-" "Mozilla/5.0 (compatible; Yahoo! Slurp; http://help.yahoo.com/help/us/ysearch/slurp)"
74.6.18.245 - - [02/Jan/2009:08:39:25 +0100] "GET / HTTP/1.0" 200 7869 "-" "Mozilla/5.0 (compatible; Yahoo! Slurp/3.0; http://help.yahoo.com/help/us/ysearch/slurp)"
74.6.18.245 - - [02/Jan/2009:08:39:26 +0100] "GET /style/various-euro.css HTTP/1.0" 200 3437 "http://various-euro.com/" "Mozilla/5.0 (compatible; Yahoo! Slurp/3.0; http://help.yahoo.com/help/us/ysearch/slurp)"
66.249.65.169 - - [02/Jan/2009:08:50:52 +0100] "GET /f-other.html HTTP/1.1" 200 33189 "-" "Mozilla/5.0 (compatible; Googlebot/2.1; +http://www.google.com/bot.html)"
72.30.65.58 - - [02/Jan/2009:09:13:19 +0100] "GET /robots.txt HTTP/1.0" 200 64 "-" "Mozilla/5.0 (compatible; Yahoo! Slurp; http://help.yahoo.com/help/us/ysearch/slurp)"
72.30.65.58 - - [02/Jan/2009:09:13:20 +0100] "GET /neon/code.html HTTP/1.0" 200 1109 "-" "Mozilla/5.0 (compatible; Yahoo! Slurp; http://help.yahoo.com/help/us/ysearch/slurp)"
66.249.65.169 - - [02/Jan/2009:09:18:00 +0100] "GET /logs/usage_200709.html HTTP/1.1" 200 110974 "-" "Mozilla/5.0 (compatible; Googlebot/2.1; +http://www.google.com/bot.html)"
67.195.37.119 - - [02/Jan/2009:09:42:47 +0100] "GET /robots.txt HTTP/1.0" 200 64 "-" "Mozilla/5.0 (compatible; Yahoo! Slurp; http://help.yahoo.com/help/us/ysearch/slurp)"
67.195.37.119 - - [02/Jan/2009:09:42:47 +0100] "GET /neon/girlz2.html HTTP/1.0" 200 2937 "-" "Mozilla/5.0 (compatible; Yahoo! Slurp; http://help.yahoo.com/help/us/ysearch/slurp)"
72.30.65.58 - - [02/Jan/2009:09:52:54 +0100] "GET /framez-e-count.html HTTP/1.0" 200 4321 "-" "Mozilla/5.0 (compatible; Yahoo! Slurp/3.0; http://help.yahoo.com/help/us/ysearch/slurp)"
72.30.65.58 - - [02/Jan/2009:09:52:58 +0100] "GET /frame-menu.html HTTP/1.0" 200 10536 "http://www.various-euro.com/framez-e-count.html" "Mozilla/5.0 (compatible; Yahoo! Slurp/3.0; http://help.yahoo.com/help/us/ysearch/slurp)"
72.30.65.58 - - [02/Jan/2009:09:52:58 +0100] "GET /frame-unten.html HTTP/1.0" 200 5308 "http://www.various-euro.com/framez-e-count.html" "Mozilla/5.0 (compatible; Yahoo! Slurp/3.0; http://help.yahoo.com/help/us/ysearch/slurp)"
72.30.65.58 - - [02/Jan/2009:09:52:58 +0100] "GET /e-counter.html HTTP/1.0" 200 4047 "http://www.various-euro.com/framez-e-count.html" "Mozilla/5.0 (compatible; Yahoo! Slurp/3.0; http://help.yahoo.com/help/us/ysearch/slurp)"
72.30.65.58 - - [02/Jan/2009:09:53:02 +0100] "GET /style/various-euro.css HTTP/1.0" 304 - "http://www.various-euro.com/frame-menu.html" "Mozilla/5.0 (compatible; Yahoo! Slurp/3.0; http://help.yahoo.com/help/us/ysearch/slurp)"
69.63.178.251 - - [02/Jan/2009:10:07:44 +0100] "GET / HTTP/1.1" 302 353 "-" "facebookexternalhit/1.0 (+http://www.facebook.com/externalhit_uatext.php)"
69.63.178.247 - - [02/Jan/2009:10:07:44 +0100] "GET /zampa/ HTTP/1.1" 200 7153 "-" "facebookexternalhit/1.0 (+http://www.facebook.com/externalhit_uatext.php)"
89.216.174.18 - - [02/Jan/2009:10:07:45 +0100] "GET /zampa/slike/zampa.gif HTTP/1.1" 200 5310 "http://www.facebook.com/home.php" "Mozilla/5.0 (Windows; U; Windows NT 5.1; en-US; rv:1.9.0.5) Gecko/2008120122 Firefox/3.0.5"
89.216.174.18 - - [02/Jan/2009:10:07:45 +0100] "GET /zampa/slike/inthearse.gif HTTP/1.1" 200 4077 "http://www.facebook.com/home.php" "Mozilla/5.0 (Windows; U; Windows NT 5.1; en-US; rv:1.9.0.5) Gecko/2008120122 Firefox/3.0.5"
89.216.174.18 - - [02/Jan/2009:10:07:45 +0100] "GET /zampa/slike/udupetu.gif HTTP/1.1" 200 4138 "http://www.facebook.com/home.php" "Mozilla/5.0 (Windows; U; Windows NT 5.1; en-US; rv:1.9.0.5) Gecko/2008120122 Firefox/3.0.5"
66.249.65.169 - - [02/Jan/2009:10:22:13 +0100] "GET /f-web.html HTTP/1.1" 200 13605 "-" "Mozilla/5.0 (compatible; Googlebot/2.1; +http://www.google.com/bot.html)"
72.30.65.58 - - [02/Jan/2009:10:28:46 +0100] "GET /neon/slow-walk.html HTTP/1.0" 200 1640 "-" "Mozilla/5.0 (compatible; Yahoo! Slurp; http://help.yahoo.com/help/us/ysearch/slurp)"
72.30.65.58 - - [02/Jan/2009:10:34:16 +0100] "GET /logs/usage_200612.html HTTP/1.0" 200 109590 "-" "Mozilla/5.0 (compatible; Yahoo! Slurp; http://help.yahoo.com/help/us/ysearch/slurp)"
67.195.37.119 - - [02/Jan/2009:10:45:08 +0100] "GET /sendi_agent.html HTTP/1.0" 200 6213 "-" "Mozilla/5.0 (compatible; Yahoo! Slurp/3.0; http://help.yahoo.com/help/us/ysearch/slurp)"
67.195.37.119 - - [02/Jan/2009:10:45:08 +0100] "GET /3dsf3/sendi/index.html HTTP/1.0" 200 1837 "http://www.various-euro.com/sendi_agent.html" "Mozilla/5.0 (compatible; Yahoo! Slurp/3.0; http://help.yahoo.com/help/us/ysearch/slurp)"
67.195.37.119 - - [02/Jan/2009:10:45:08 +0100] "GET /3dsf3/sendi/sendisendi.html HTTP/1.0" 200 5118 "http://www.various-euro.com/sendi_agent.html" "Mozilla/5.0 (compatible; Yahoo! Slurp/3.0; http://help.yahoo.com/help/us/ysearch/slurp)"
67.195.37.119 - - [02/Jan/2009:10:45:09 +0100] "GET /3dsf3/sendi/formate.css HTTP/1.0" 200 474 "http://www.various-euro.com/3dsf3/sendi/index.html" "Mozilla/5.0 (compatible; Yahoo! Slurp/3.0; http://help.yahoo.com/help/us/ysearch/slurp)"
67.195.37.119 - - [02/Jan/2009:10:45:09 +0100] "GET /3dsf3/sendi/formate.css HTTP/1.0" 200 474 "http://www.various-euro.com/3dsf3/sendi/sendisendi.html" "Mozilla/5.0 (compatible; Yahoo! Slurp/3.0; http://help.yahoo.com/help/us/ysearch/slurp)"
125.161.142.6 - - [02/Jan/2009:10:51:53 +0100] "GET /neon/girlz2.html HTTP/1.1" 200 2937 "http://www.ask.com/web?q=NEON+GIRL&qsrc=121&o=101487&l=dis&qid=83F2271D6880701667D21D0C876AD77B&page=4&jss=1" "Opera/9.60 (Windows NT 5.1; U; en) Presto/2.1.1"
125.161.142.6 - - [02/Jan/2009:10:51:54 +0100] "GET /vgirls/virtua4.gif HTTP/1.1" 200 12643 "http://www.various-euro.com/neon/girlz2.html" "Opera/9.60 (Windows NT 5.1; U; en) Presto/2.1.1"
125.161.142.6 - - [02/Jan/2009:10:51:57 +0100] "GET /vgirls/button1.gif HTTP/1.1" 200 9099 "http://www.various-euro.com/neon/girlz2.html" "Opera/9.60 (Windows NT 5.1; U; en) Presto/2.1.1"
125.161.142.6 - - [02/Jan/2009:10:51:59 +0100] "GET /vgirls/button3.gif HTTP/1.1" 200 9634 "http://www.various-euro.com/neon/girlz2.html" "Opera/9.60 (Windows NT 5.1; U; en) Presto/2.1.1"
125.161.142.6 - - [02/Jan/2009:10:51:55 +0100] "GET /vgirls/button10.gif HTTP/1.1" 200 15687 "http://www.various-euro.com/neon/girlz2.html" "Opera/9.60 (Windows NT 5.1; U; en) Presto/2.1.1"
125.161.142.6 - - [02/Jan/2009:10:51:58 +0100] "GET /vgirls/dora_01.gif HTTP/1.1" 200 15465 "http://www.various-euro.com/neon/girlz2.html" "Opera/9.60 (Windows NT 5.1; U; en) Presto/2.1.1"
125.161.142.6 - - [02/Jan/2009:10:51:55 +0100] "GET /vgirls/wm_02.gif HTTP/1.1" 200 36891 "http://www.various-euro.com/neon/girlz2.html" "Opera/9.60 (Windows NT 5.1; U; en) Presto/2.1.1"
125.161.142.6 - - [02/Jan/2009:10:51:59 +0100] "GET /vgirls/shaina_big.gif HTTP/1.1" 200 16169 "http://www.various-euro.com/neon/girlz2.html" "Opera/9.60 (Windows NT 5.1; U; en) Presto/2.1.1"
125.161.142.6 - - [02/Jan/2009:10:52:03 +0100] "GET /vgirls/button3.gif HTTP/1.1" 200 9634 "http://www.various-euro.com/neon/girlz2.html" "Opera/9.60 (Windows NT 5.1; U; en) Presto/2.1.1"
125.161.142.6 - - [02/Jan/2009:10:52:18 +0100] "GET /vgirls/wm_02.gif HTTP/1.1" 200 36891 "http://www.various-euro.com/neon/girlz2.html" "Opera/9.60 (Windows NT 5.1; U; en) Presto/2.1.1"
125.161.142.6 - - [02/Jan/2009:10:52:39 +0100] "GET /neon/left-one-new.html HTTP/1.1" 200 1483 "http://www.various-euro.com/neon/girlz2.html" "Opera/9.60 (Windows NT 5.1; U; en) Presto/2.1.1"
125.161.142.6 - - [02/Jan/2009:10:52:41 +0100] "GET /bannerz/behindd.gif HTTP/1.1" 200 7760 "http://www.various-euro.com/neon/left-one-new.html" "Opera/9.60 (Windows NT 5.1; U; en) Presto/2.1.1"
125.161.142.6 - - [02/Jan/2009:10:52:45 +0100] "GET /favicon.ico HTTP/1.1" 404 2748 "http://www.various-euro.com/neon/left-one-new.html" "Opera/9.60 (Windows NT 5.1; U; en) Presto/2.1.1"
125.161.142.6 - - [02/Jan/2009:10:52:57 +0100] "GET /neon/girlz2.html HTTP/1.1" 200 2937 "http://www.various-euro.com/neon/left-one-new.html" "Opera/9.60 (Windows NT 5.1; U; en) Presto/2.1.1"
125.161.142.6 - - [02/Jan/2009:10:52:58 +0100] "GET /vgirls/wm_02.gif HTTP/1.1" 200 36891 "http://www.various-euro.com/neon/girlz2.html" "Opera/9.60 (Windows NT 5.1; U; en) Presto/2.1.1"
125.161.142.6 - - [02/Jan/2009:10:53:00 +0100] "GET /framez-girlz.html HTTP/1.1" 200 4271 "http://www.various-euro.com/neon/girlz2.html" "Opera/9.60 (Windows NT 5.1; U; en) Presto/2.1.1"
62.244.126.185 - - [02/Jan/2009:10:59:03 +0100] "GET /favicon.ico HTTP/1.1" 404 2748 "http://search.ke.voila.fr/S/voila?dt=*&kw=SCHUBB" "Mozilla/4.0 (compatible; MSIE 7.0; Windows NT 6.0; SLCC1; .NET CLR 2.0.50727; Media Center PC 5.0; .NET CLR 3.0.04506; InfoPath.2)"
80.98.60.200 - - [02/Jan/2009:11:02:23 +0100] "GET / HTTP/1.1" 200 7869 "http://www.pavu.com/herald-tribute/" "Mozilla/4.0 (compatible; MSIE 6.0; Windows NT 5.1; SV1; FDM)"
80.98.60.200 - - [02/Jan/2009:11:02:23 +0100] "GET /style/various-euro.css HTTP/1.1" 200 3437 "http://www.various-euro.com/" "Mozilla/4.0 (compatible; MSIE 6.0; Windows NT 5.1; SV1; FDM)"
80.98.60.200 - - [02/Jan/2009:11:02:23 +0100] "GET /framez_0.html HTTP/1.1" 200 12444 "-" "Mozilla/4.0 (compatible; MSIE 6.0; Windows NT 5.1; SV1; FDM)"
80.98.60.200 - - [02/Jan/2009:11:02:28 +0100] "GET /framez_0.html HTTP/1.1" 200 12444 "-" "Mozilla/4.0 (compatible; MSIE 6.0; Windows NT 5.1; SV1; FDM)"
80.98.60.200 - - [02/Jan/2009:11:02:30 +0100] "GET /framez_0.html HTTP/1.1" 200 12444 "-" "Mozilla/4.0 (compatible; MSIE 6.0; Windows NT 5.1; SV1; FDM)"
80.98.60.200 - - [02/Jan/2009:11:02:32 +0100] "GET /framez_0.html HTTP/1.1" 200 12444 "-" "Mozilla/4.0 (compatible; MSIE 6.0; Windows NT 5.1; SV1; FDM)"
80.98.60.200 - - [02/Jan/2009:11:02:33 +0100] "GET /framez_0.html HTTP/1.1" 200 12444 "-" "Mozilla/4.0 (compatible; MSIE 6.0; Windows NT 5.1; SV1; FDM)"
80.98.60.200 - - [02/Jan/2009:11:02:47 +0100] "GET / HTTP/1.1" 200 7869 "http://www.pavu.com/herald-tribute/" "Mozilla/4.0 (compatible; MSIE 6.0; Windows NT 5.1; SV1; FDM)"
80.98.60.200 - - [02/Jan/2009:11:02:48 +0100] "GET /style/various-euro.css HTTP/1.1" 304 - "http://www.various-euro.com/" "Mozilla/4.0 (compatible; MSIE 6.0; Windows NT 5.1; SV1; FDM)"
80.98.60.200 - - [02/Jan/2009:11:02:48 +0100] "GET /framez_0.html HTTP/1.1" 200 12444 "-" "Mozilla/4.0 (compatible; MSIE 6.0; Windows NT 5.1; SV1; FDM)"
80.98.60.200 - - [02/Jan/2009:11:02:54 +0100] "GET /framez.html HTTP/1.1" 200 3959 "-" "Mozilla/4.0 (compatible; MSIE 6.0; Windows NT 5.1; SV1; FDM)"
80.98.60.200 - - [02/Jan/2009:11:02:54 +0100] "GET /frame-menu.html HTTP/1.1" 200 10536 "http://www.various-euro.com/framez.html" "Mozilla/4.0 (compatible; MSIE 6.0; Windows NT 5.1; SV1; FDM)"
80.98.60.200 - - [02/Jan/2009:11:02:54 +0100] "GET /frame-inhalt.html HTTP/1.1" 200 5418 "http://www.various-euro.com/framez.html" "Mozilla/4.0 (compatible; MSIE 6.0; Windows NT 5.1; SV1; FDM)"
80.98.60.200 - - [02/Jan/2009:11:02:54 +0100] "GET /frame-unten.html HTTP/1.1" 200 5308 "http://www.various-euro.com/framez.html" "Mozilla/4.0 (compatible; MSIE 6.0; Windows NT 5.1; SV1; FDM)"
80.98.60.200 - - [02/Jan/2009:11:02:54 +0100] "GET /bannerz/ve.jpg HTTP/1.1" 200 36912 "http://www.various-euro.com/frame-unten.html" "Mozilla/4.0 (compatible; MSIE 6.0; Windows NT 5.1; SV1; FDM)"
80.98.60.200 - - [02/Jan/2009:11:02:54 +0100] "GET /bannerz/various-euro-girl.jpg HTTP/1.1" 200 91514 "http://www.various-euro.com/frame-unten.html" "Mozilla/4.0 (compatible; MSIE 6.0; Windows NT 5.1; SV1; FDM)"
80.98.60.200 - - [02/Jan/2009:11:02:54 +0100] "GET /bannerz/neon_click_3.gif HTTP/1.1" 200 240 "http://www.various-euro.com/frame-inhalt.html" "Mozilla/4.0 (compatible; MSIE 6.0; Windows NT 5.1; SV1; FDM)"
80.98.60.200 - - [02/Jan/2009:11:02:54 +0100] "GET /bannerz/goolag_468.jpg HTTP/1.1" 200 28285 "http://www.various-euro.com/frame-inhalt.html" "Mozilla/4.0 (compatible; MSIE 6.0; Windows NT 5.1; SV1; FDM)"
80.98.60.200 - - [02/Jan/2009:11:02:54 +0100] "GET /eurosign3.gif HTTP/1.1" 200 7879 "http://www.various-euro.com/frame-inhalt.html" "Mozilla/4.0 (compatible; MSIE 6.0; Windows NT 5.1; SV1; FDM)"
80.98.60.200 - - [02/Jan/2009:11:02:54 +0100] "GET /bannerz/neon_click_1.gif HTTP/1.1" 200 890 "http://www.various-euro.com/frame-inhalt.html" "Mozilla/4.0 (compatible; MSIE 6.0; Windows NT 5.1; SV1; FDM)"
80.98.60.200 - - [02/Jan/2009:11:02:54 +0100] "GET /bannerz/google/Logo_40blk.gif HTTP/1.1" 200 2308 "http://www.various-euro.com/frame-inhalt.html" "Mozilla/4.0 (compatible; MSIE 6.0; Windows NT 5.1; SV1; FDM)"
80.98.60.200 - - [02/Jan/2009:11:02:54 +0100] "GET /bannerz/wet.gif HTTP/1.1" 200 18561 "http://www.various-euro.com/frame-inhalt.html" "Mozilla/4.0 (compatible; MSIE 6.0; Windows NT 5.1; SV1; FDM)"
80.98.60.200 - - [02/Jan/2009:11:02:54 +0100] "GET /bannerz/douwil.gif HTTP/1.1" 200 528 "http://www.various-euro.com/frame-inhalt.html" "Mozilla/4.0 (compatible; MSIE 6.0; Windows NT 5.1; SV1; FDM)"
80.98.60.200 - - [02/Jan/2009:11:02:55 +0100] "GET /bannerz/anti_black_small.gif HTTP/1.1" 200 1009 "http://www.various-euro.com/frame-inhalt.html" "Mozilla/4.0 (compatible; MSIE 6.0; Windows NT 5.1; SV1; FDM)"
80.98.60.200 - - [02/Jan/2009:11:02:55 +0100] "GET /bannerz/neon_click_2.gif HTTP/1.1" 200 387 "http://www.various-euro.com/frame-inhalt.html" "Mozilla/4.0 (compatible; MSIE 6.0; Windows NT 5.1; SV1; FDM)"
80.98.60.200 - - [02/Jan/2009:11:02:55 +0100] "GET /bannerz/copyleft_black_small.gif HTTP/1.1" 200 1231 "http://www.various-euro.com/frame-inhalt.html" "Mozilla/4.0 (compatible; MSIE 6.0; Windows NT 5.1; SV1; FDM)"
80.98.60.200 - - [02/Jan/2009:11:03:02 +0100] "GET /framez_0.html HTTP/1.1" 200 12444 "-" "Mozilla/4.0 (compatible; MSIE 6.0; Windows NT 5.1; SV1; FDM)"
80.98.60.200 - - [02/Jan/2009:11:03:05 +0100] "GET /framez_0.html HTTP/1.1" 200 12444 "-" "Mozilla/4.0 (compatible; MSIE 6.0; Windows NT 5.1; SV1; FDM)"
65.55.211.175 - - [02/Jan/2009:11:03:11 +0100] "GET /robots.txt HTTP/1.1" 200 64 "-" "msnbot/1.1 (+http://search.msn.com/msnbot.htm)"
65.55.211.175 - - [02/Jan/2009:11:03:12 +0100] "GET /your_tour.html HTTP/1.1" 200 29760 "-" "msnbot/1.1 (+http://search.msn.com/msnbot.htm)"
65.55.211.170 - - [02/Jan/2009:11:25:18 +0100] "GET /robots.txt HTTP/1.1" 200 64 "-" "msnbot/1.1 (+http://search.msn.com/msnbot.htm)"
65.55.211.170 - - [02/Jan/2009:11:25:18 +0100] "GET /zampa/montenegro/index.html HTTP/1.1" 200 2651 "-" "msnbot/1.1 (+http://search.msn.com/msnbot.htm)"
65.55.230.243 - - [02/Jan/2009:11:25:22 +0100] "GET /robots.txt HTTP/1.1" 200 64 "-" "msnbot-media/1.1 (+http://search.msn.com/msnbot.htm)"
65.55.230.243 - - [02/Jan/2009:11:25:22 +0100] "GET /framez-girlz.html HTTP/1.1" 200 4271 "-" "msnbot-media/1.1 (+http://search.msn.com/msnbot.htm)"
193.252.149.16 - - [02/Jan/2009:11:26:21 +0100] "GET /neon/channel.html HTTP/1.1" 200 1942 "-" "Mozilla/5.0 (Windows; U; Windows NT 5.1; fr; rv:1.8.1) VoilaBot BETA 1.2 (support.voilabot@orange-ftgroup.com)"
72.30.65.58 - - [02/Jan/2009:11:30:08 +0100] "GET /3dsf3/sendi/sendisendi.html HTTP/1.0" 200 5118 "-" "Mozilla/5.0 (compatible; Yahoo! Slurp; http://help.yahoo.com/help/us/ysearch/slurp)"
67.195.37.119 - - [02/Jan/2009:11:30:11 +0100] "GET /f-world.html HTTP/1.0" 200 35590 "-" "Mozilla/5.0 (compatible; Yahoo! Slurp/3.0; http://help.yahoo.com/help/us/ysearch/slurp)"
66.249.65.169 - - [02/Jan/2009:12:04:40 +0100] "GET /logs/usage_200901.html HTTP/1.1" 404 2748 "-" "Mozilla/5.0 (compatible; Googlebot/2.1; +http://www.google.com/bot.html)"
67.195.37.119 - - [02/Jan/2009:13:11:40 +0100] "GET /DgH/rampe/index.html HTTP/1.0" 200 2056 "-" "Mozilla/5.0 (compatible; Yahoo! Slurp; http://help.yahoo.com/help/us/ysearch/slurp)"
81.52.143.16 - - [02/Jan/2009:13:15:39 +0100] "GET /robots.txt HTTP/1.1" 200 64 "-" "Mozilla/5.0 (Windows; U; Windows NT 5.1; fr; rv:1.8.1) VoilaBot BETA 1.2 (support.voilabot@orange-ftgroup.com)"
81.52.143.16 - - [02/Jan/2009:13:15:53 +0100] "GET /f-web.html HTTP/1.1" 200 13605 "-" "Mozilla/5.0 (Windows; U; Windows NT 5.1; fr; rv:1.8.1) VoilaBot BETA 1.2 (support.voilabot@orange-ftgroup.com)"
81.52.143.26 - - [02/Jan/2009:13:24:23 +0100] "GET /bmpp/18asi_2.html HTTP/1.1" 200 8674 "-" "Mozilla/5.0 (Windows; U; Windows NT 5.1; fr; rv:1.8.1) VoilaBot BETA 1.2 (support.voilabot@orange-ftgroup.com)"
81.52.143.26 - - [02/Jan/2009:13:32:32 +0100] "GET /neon/warning2.html HTTP/1.1" 200 997 "-" "Mozilla/5.0 (Windows; U; Windows NT 5.1; fr; rv:1.8.1) VoilaBot BETA 1.2 (support.voilabot@orange-ftgroup.com)"
65.55.211.173 - - [02/Jan/2009:13:36:11 +0100] "GET /robots.txt HTTP/1.1" 200 64 "-" "msnbot/1.1 (+http://search.msn.com/msnbot.htm)"
65.55.211.173 - - [02/Jan/2009:13:36:15 +0100] "GET /f-world.html HTTP/1.1" 200 35590 "-" "msnbot/1.1 (+http://search.msn.com/msnbot.htm)"
66.249.65.169 - - [02/Jan/2009:13:49:26 +0100] "GET /robots.txt HTTP/1.1" 302 363 "-" "Mozilla/5.0 (compatible; Googlebot/2.1; +http://www.google.com/bot.html)"
66.249.65.169 - - [02/Jan/2009:13:49:27 +0100] "GET /zampa/robots.txt HTTP/1.1" 404 2748 "-" "Mozilla/5.0 (compatible; Googlebot/2.1; +http://www.google.com/bot.html)"
66.249.65.169 - - [02/Jan/2009:13:49:28 +0100] "GET / HTTP/1.1" 302 353 "-" "Mozilla/5.0 (compatible; Googlebot/2.1; +http://www.google.com/bot.html)"
66.249.65.169 - - [02/Jan/2009:13:49:29 +0100] "GET /zampa/ HTTP/1.1" 200 7153 "-" "Mozilla/5.0 (compatible; Googlebot/2.1; +http://www.google.com/bot.html)"
72.30.65.58 - - [02/Jan/2009:14:00:56 +0100] "GET /framez-rez.html HTTP/1.0" 200 4323 "-" "Mozilla/5.0 (compatible; Yahoo! Slurp/3.0; http://help.yahoo.com/help/us/ysearch/slurp)"
72.30.65.58 - - [02/Jan/2009:14:00:58 +0100] "GET /frame-unten.html HTTP/1.0" 200 5308 "http://www.various-euro.com/framez-rez.html" "Mozilla/5.0 (compatible; Yahoo! Slurp/3.0; http://help.yahoo.com/help/us/ysearch/slurp)"
72.30.65.58 - - [02/Jan/2009:14:00:58 +0100] "GET /frame-menu.html HTTP/1.0" 200 10536 "http://www.various-euro.com/framez-rez.html" "Mozilla/5.0 (compatible; Yahoo! Slurp/3.0; http://help.yahoo.com/help/us/ysearch/slurp)"
72.30.65.58 - - [02/Jan/2009:14:00:58 +0100] "GET /f-rez.html HTTP/1.0" 200 9765 "http://www.various-euro.com/framez-rez.html" "Mozilla/5.0 (compatible; Yahoo! Slurp/3.0; http://help.yahoo.com/help/us/ysearch/slurp)"
72.30.65.58 - - [02/Jan/2009:14:01:00 +0100] "GET /style/various-euro.css HTTP/1.0" 304 - "http://www.various-euro.com/frame-menu.html" "Mozilla/5.0 (compatible; Yahoo! Slurp/3.0; http://help.yahoo.com/help/us/ysearch/slurp)"
66.249.65.169 - - [02/Jan/2009:14:17:26 +0100] "GET /neon/click.html HTTP/1.1" 200 521 "-" "Mozilla/5.0 (compatible; Googlebot/2.1; +http://www.google.com/bot.html)"
81.52.143.26 - - [02/Jan/2009:14:29:53 +0100] "GET /robots.txt HTTP/1.1" 200 64 "-" "Mozilla/5.0 (Windows; U; Windows NT 5.1; fr; rv:1.8.1) VoilaBot BETA 1.2 (support.voilabot@orange-ftgroup.com)"
81.52.143.26 - - [02/Jan/2009:14:30:03 +0100] "GET /neon/annniiii.html HTTP/1.1" 200 686 "-" "Mozilla/5.0 (Windows; U; Windows NT 5.1; fr; rv:1.8.1) VoilaBot BETA 1.2 (support.voilabot@orange-ftgroup.com)"
81.52.143.26 - - [02/Jan/2009:14:32:56 +0100] "GET /neon/left-one-new.html HTTP/1.1" 200 1483 "-" "Mozilla/5.0 (Windows; U; Windows NT 5.1; fr; rv:1.8.1) VoilaBot BETA 1.2 (support.voilabot@orange-ftgroup.com)"
81.52.143.16 - - [02/Jan/2009:14:37:09 +0100] "GET /schubb/schubb-2.html HTTP/1.1" 200 16660 "-" "Mozilla/5.0 (Windows; U; Windows NT 5.1; fr; rv:1.8.1) VoilaBot BETA 1.2 (support.voilabot@orange-ftgroup.com)"
67.195.37.119 - - [02/Jan/2009:14:52:14 +0100] "GET / HTTP/1.0" 200 7869 "-" "Mozilla/5.0 (compatible; Yahoo! Slurp/3.0; http://help.yahoo.com/help/us/ysearch/slurp)"
67.195.37.119 - - [02/Jan/2009:14:52:15 +0100] "GET /style/various-euro.css HTTP/1.0" 200 3437 "http://www.various-euro.com/" "Mozilla/5.0 (compatible; Yahoo! Slurp/3.0; http://help.yahoo.com/help/us/ysearch/slurp)"
66.249.65.169 - - [02/Jan/2009:15:13:25 +0100] "GET /3dsf3/sendi/index.html HTTP/1.1" 200 1837 "-" "Mozilla/5.0 (compatible; Googlebot/2.1; +http://www.google.com/bot.html)"
89.120.154.98 - - [02/Jan/2009:15:18:44 +0100] "GET /framez-restate.html HTTP/1.0" 200 4328 "-" "Mozilla/2.0 (compatible; NEWT ActiveX; Win32)"
89.120.154.98 - - [02/Jan/2009:15:18:44 +0100] "GET /restate_copy.html HTTP/1.0" 200 97631 "-" "Mozilla/2.0 (compatible; NEWT ActiveX; Win32)"
81.18.61.162 - - [02/Jan/2009:15:23:22 +0100] "GET / HTTP/1.1" 302 353 "http://www.facebook.com/note.php?note_id=55981648056&ref=nf" "Mozilla/5.0 (Windows; U; Windows NT 5.1; en-US; rv:1.9.0.5) Gecko/2008120122 Firefox/3.0.5"
81.18.61.162 - - [02/Jan/2009:15:23:22 +0100] "GET /zampa/ HTTP/1.1" 200 7153 "http://www.facebook.com/note.php?note_id=55981648056&ref=nf" "Mozilla/5.0 (Windows; U; Windows NT 5.1; en-US; rv:1.9.0.5) Gecko/2008120122 Firefox/3.0.5"
81.18.61.162 - - [02/Jan/2009:15:23:22 +0100] "GET /zampa/slike/zampa.gif HTTP/1.1" 200 5310 "http://www.various-euro.com/zampa/" "Mozilla/5.0 (Windows; U; Windows NT 5.1; en-US; rv:1.9.0.5) Gecko/2008120122 Firefox/3.0.5"
81.18.61.162 - - [02/Jan/2009:15:23:22 +0100] "GET /zampa/slike/udupetu.gif HTTP/1.1" 200 4138 "http://www.various-euro.com/zampa/" "Mozilla/5.0 (Windows; U; Windows NT 5.1; en-US; rv:1.9.0.5) Gecko/2008120122 Firefox/3.0.5"
81.18.61.162 - - [02/Jan/2009:15:23:22 +0100] "GET /zampa/slike/inthearse.gif HTTP/1.1" 200 4077 "http://www.various-euro.com/zampa/" "Mozilla/5.0 (Windows; U; Windows NT 5.1; en-US; rv:1.9.0.5) Gecko/2008120122 Firefox/3.0.5"
81.18.61.162 - - [02/Jan/2009:15:23:23 +0100] "GET /favicon.ico HTTP/1.1" 404 2748 "-" "Mozilla/5.0 (Windows; U; Windows NT 5.1; en-US; rv:1.9.0.5) Gecko/2008120122 Firefox/3.0.5"
81.18.61.162 - - [02/Jan/2009:15:23:26 +0100] "GET /favicon.ico HTTP/1.1" 404 2748 "-" "Mozilla/5.0 (Windows; U; Windows NT 5.1; en-US; rv:1.9.0.5) Gecko/2008120122 Firefox/3.0.5"
93.141.1.174 - - [02/Jan/2009:15:23:37 +0100] "GET /framez-zampa-lovers.html HTTP/1.1" 200 4322 "http://www.google.com/search?hl=en&q=naja%C4%8De+oru%C5%BEje&btnG=Search&aq=f&oq=" "Mozilla/5.0 (Windows; U; Windows NT 5.1; en-US; rv:1.8.1.20) Gecko/20081217 Firefox/2.0.0.20"
93.141.1.174 - - [02/Jan/2009:15:23:37 +0100] "GET /frame-menu.html HTTP/1.1" 200 10536 "http://www.various-euro.com/framez-zampa-lovers.html" "Mozilla/5.0 (Windows; U; Windows NT 5.1; en-US; rv:1.8.1.20) Gecko/20081217 Firefox/2.0.0.20"
93.141.1.174 - - [02/Jan/2009:15:23:37 +0100] "GET /ve-icon-2.ico HTTP/1.1" 200 2238 "-" "Mozilla/5.0 (Windows; U; Windows NT 5.1; en-US; rv:1.8.1.20) Gecko/20081217 Firefox/2.0.0.20"
93.141.1.174 - - [02/Jan/2009:15:23:38 +0100] "GET /frame-unten.html HTTP/1.1" 200 5308 "http://www.various-euro.com/framez-zampa-lovers.html" "Mozilla/5.0 (Windows; U; Windows NT 5.1; en-US; rv:1.8.1.20) Gecko/20081217 Firefox/2.0.0.20"
93.141.1.174 - - [02/Jan/2009:15:23:38 +0100] "GET /style/various-euro.css HTTP/1.1" 200 3437 "http://www.various-euro.com/frame-menu.html" "Mozilla/5.0 (Windows; U; Windows NT 5.1; en-US; rv:1.8.1.20) Gecko/20081217 Firefox/2.0.0.20"
93.141.1.174 - - [02/Jan/2009:15:23:38 +0100] "GET /zampa-lovers/DRAGAN_Z.JPG HTTP/1.1" 200 6850 "http://www.various-euro.com/zampa-lovers/index.html" "Mozilla/5.0 (Windows; U; Windows NT 5.1; en-US; rv:1.8.1.20) Gecko/20081217 Firefox/2.0.0.20"
93.141.1.174 - - [02/Jan/2009:15:23:37 +0100] "GET /zampa-lovers/index.html HTTP/1.1" 200 37790 "http://www.various-euro.com/framez-zampa-lovers.html" "Mozilla/5.0 (Windows; U; Windows NT 5.1; en-US; rv:1.8.1.20) Gecko/20081217 Firefox/2.0.0.20"
93.141.1.174 - - [02/Jan/2009:15:23:38 +0100] "GET /zampa-lovers/MILIZA_3.JPG HTTP/1.1" 200 26924 "http://www.various-euro.com/zampa-lovers/index.html" "Mozilla/5.0 (Windows; U; Windows NT 5.1; en-US; rv:1.8.1.20) Gecko/20081217 Firefox/2.0.0.20"
93.141.1.174 - - [02/Jan/2009:15:23:38 +0100] "GET /zampa-lovers/MILIZA_2.JPG HTTP/1.1" 200 22172 "http://www.various-euro.com/zampa-lovers/index.html" "Mozilla/5.0 (Windows; U; Windows NT 5.1; en-US; rv:1.8.1.20) Gecko/20081217 Firefox/2.0.0.20"
93.141.1.174 - - [02/Jan/2009:15:23:38 +0100] "GET /zampa-lovers/MILIZA_B.JPG HTTP/1.1" 200 10947 "http://www.various-euro.com/zampa-lovers/index.html" "Mozilla/5.0 (Windows; U; Windows NT 5.1; en-US; rv:1.8.1.20) Gecko/20081217 Firefox/2.0.0.20"
93.141.1.174 - - [02/Jan/2009:15:23:38 +0100] "GET /zampa-lovers/MILIZA_4.JPG HTTP/1.1" 200 9946 "http://www.various-euro.com/zampa-lovers/index.html" "Mozilla/5.0 (Windows; U; Windows NT 5.1; en-US; rv:1.8.1.20) Gecko/20081217 Firefox/2.0.0.20"
93.141.1.174 - - [02/Jan/2009:15:23:38 +0100] "GET /zampa-lovers/DRAGANZA.JPG HTTP/1.1" 200 18560 "http://www.various-euro.com/zampa-lovers/index.html" "Mozilla/5.0 (Windows; U; Windows NT 5.1; en-US; rv:1.8.1.20) Gecko/20081217 Firefox/2.0.0.20"
93.141.1.174 - - [02/Jan/2009:15:23:38 +0100] "GET /bannerz/ve.jpg HTTP/1.1" 200 36912 "http://www.various-euro.com/frame-unten.html" "Mozilla/5.0 (Windows; U; Windows NT 5.1; en-US; rv:1.8.1.20) Gecko/20081217 Firefox/2.0.0.20"
93.141.1.174 - - [02/Jan/2009:15:23:39 +0100] "GET /zampa-lovers/1SEITEVE.GIF HTTP/1.1" 200 78726 "http://www.various-euro.com/zampa-lovers/index.html" "Mozilla/5.0 (Windows; U; Windows NT 5.1; en-US; rv:1.8.1.20) Gecko/20081217 Firefox/2.0.0.20"
93.141.1.174 - - [02/Jan/2009:15:23:39 +0100] "GET /bannerz/various-euro-girl.jpg HTTP/1.1" 200 91514 "http://www.various-euro.com/frame-unten.html" "Mozilla/5.0 (Windows; U; Windows NT 5.1; en-US; rv:1.8.1.20) Gecko/20081217 Firefox/2.0.0.20"
93.141.1.174 - - [02/Jan/2009:15:23:39 +0100] "GET /zampa-lovers/Kralle.gif HTTP/1.1" 200 260 "http://www.various-euro.com/zampa-lovers/index.html" "Mozilla/5.0 (Windows; U; Windows NT 5.1; en-US; rv:1.8.1.20) Gecko/20081217 Firefox/2.0.0.20"
93.141.1.174 - - [02/Jan/2009:15:23:39 +0100] "GET /zampa-lovers/2SEITEVE.GIF HTTP/1.1" 200 83466 "http://www.various-euro.com/zampa-lovers/index.html" "Mozilla/5.0 (Windows; U; Windows NT 5.1; en-US; rv:1.8.1.20) Gecko/20081217 Firefox/2.0.0.20"
93.141.1.174 - - [02/Jan/2009:15:23:40 +0100] "GET /zampa-lovers/zampa-2X2.gif HTTP/1.1" 200 6948 "http://www.various-euro.com/zampa-lovers/index.html" "Mozilla/5.0 (Windows; U; Windows NT 5.1; en-US; rv:1.8.1.20) Gecko/20081217 Firefox/2.0.0.20"
93.141.1.174 - - [02/Jan/2009:15:23:40 +0100] "GET /zampa-lovers/zampamali.gif HTTP/1.1" 200 2617 "http://www.various-euro.com/zampa-lovers/index.html" "Mozilla/5.0 (Windows; U; Windows NT 5.1; en-US; rv:1.8.1.20) Gecko/20081217 Firefox/2.0.0.20"
93.141.1.174 - - [02/Jan/2009:15:23:40 +0100] "GET /zampa-lovers/kralle.gif HTTP/1.1" 404 2748 "http://www.various-euro.com/zampa-lovers/index.html" "Mozilla/5.0 (Windows; U; Windows NT 5.1; en-US; rv:1.8.1.20) Gecko/20081217 Firefox/2.0.0.20"
93.141.1.174 - - [02/Jan/2009:15:23:40 +0100] "GET /zampa-lovers/zampa.gif HTTP/1.1" 200 460627 "http://www.various-euro.com/zampa-lovers/index.html" "Mozilla/5.0 (Windows; U; Windows NT 5.1; en-US; rv:1.8.1.20) Gecko/20081217 Firefox/2.0.0.20"
81.18.61.162 - - [02/Jan/2009:15:23:46 +0100] "GET /zampa/slike/S4IRWIN.GIF HTTP/1.1" 200 54718 "http://www.various-euro.com/zampa/" "Mozilla/5.0 (Windows; U; Windows NT 5.1; en-US; rv:1.9.0.5) Gecko/2008120122 Firefox/3.0.5"
65.55.211.164 - - [02/Jan/2009:15:25:53 +0100] "GET /robots.txt HTTP/1.1" 200 64 "-" "msnbot/1.1 (+http://search.msn.com/msnbot.htm)"
65.55.211.164 - - [02/Jan/2009:15:25:54 +0100] "GET /euro.html HTTP/1.1" 404 2748 "-" "msnbot/1.1 (+http://search.msn.com/msnbot.htm)"
72.30.65.29 - - [02/Jan/2009:15:43:19 +0100] "GET /robots.txt HTTP/1.0" 302 363 "-" "Mozilla/5.0 (compatible; Yahoo! Slurp; http://help.yahoo.com/help/us/ysearch/slurp)"
72.30.65.29 - - [02/Jan/2009:15:43:19 +0100] "GET /zampa/robots.txt HTTP/1.0" 404 2748 "-" "Mozilla/5.0 (compatible; Yahoo! Slurp; http://help.yahoo.com/help/us/ysearch/slurp)"
72.30.65.29 - - [02/Jan/2009:15:43:20 +0100] "GET / HTTP/1.0" 302 353 "-" "Mozilla/5.0 (compatible; Yahoo! Slurp; http://help.yahoo.com/help/us/ysearch/slurp)"
72.30.65.58 - - [02/Jan/2009:15:43:20 +0100] "GET /zampa/ HTTP/1.0" 200 7153 "-" "Mozilla/5.0 (compatible; Yahoo! Slurp; http://help.yahoo.com/help/us/ysearch/slurp)"
94.189.215.195 - - [02/Jan/2009:15:52:29 +0100] "GET / HTTP/1.1" 302 353 "http://www.facebook.com/inbox/?ref=mb" "Mozilla/5.0 (Windows; U; Windows NT 5.1; sr; rv:1.9.0.5) Gecko/2008120122 Firefox/3.0.5"
94.189.215.195 - - [02/Jan/2009:15:52:29 +0100] "GET /zampa/ HTTP/1.1" 200 7153 "http://www.facebook.com/inbox/?ref=mb" "Mozilla/5.0 (Windows; U; Windows NT 5.1; sr; rv:1.9.0.5) Gecko/2008120122 Firefox/3.0.5"
94.189.215.195 - - [02/Jan/2009:15:52:33 +0100] "GET /zampa/slike/zampa.gif HTTP/1.1" 200 5310 "http://www.various-euro.com/zampa/" "Mozilla/5.0 (Windows; U; Windows NT 5.1; sr; rv:1.9.0.5) Gecko/2008120122 Firefox/3.0.5"
94.189.215.195 - - [02/Jan/2009:15:52:33 +0100] "GET /zampa/slike/inthearse.gif HTTP/1.1" 200 4077 "http://www.various-euro.com/zampa/" "Mozilla/5.0 (Windows; U; Windows NT 5.1; sr; rv:1.9.0.5) Gecko/2008120122 Firefox/3.0.5"
94.189.215.195 - - [02/Jan/2009:15:52:33 +0100] "GET /zampa/slike/udupetu.gif HTTP/1.1" 200 4138 "http://www.various-euro.com/zampa/" "Mozilla/5.0 (Windows; U; Windows NT 5.1; sr; rv:1.9.0.5) Gecko/2008120122 Firefox/3.0.5"
94.189.215.195 - - [02/Jan/2009:15:52:33 +0100] "GET /favicon.ico HTTP/1.1" 404 2748 "-" "Mozilla/5.0 (Windows; U; Windows NT 5.1; sr; rv:1.9.0.5) Gecko/2008120122 Firefox/3.0.5"
94.189.215.195 - - [02/Jan/2009:15:52:36 +0100] "GET /favicon.ico HTTP/1.1" 404 2748 "-" "Mozilla/5.0 (Windows; U; Windows NT 5.1; sr; rv:1.9.0.5) Gecko/2008120122 Firefox/3.0.5"
94.189.215.195 - - [02/Jan/2009:15:52:46 +0100] "GET /zampa/slike/S4IRWIN.GIF HTTP/1.1" 200 54718 "http://www.various-euro.com/zampa/" "Mozilla/5.0 (Windows; U; Windows NT 5.1; sr; rv:1.9.0.5) Gecko/2008120122 Firefox/3.0.5"
72.30.65.58 - - [02/Jan/2009:16:02:09 +0100] "GET /your_tour.html HTTP/1.0" 200 29760 "-" "Mozilla/5.0 (compatible; Yahoo! Slurp; http://help.yahoo.com/help/us/ysearch/slurp)"
66.231.189.124 - - [02/Jan/2009:16:06:13 +0100] "GET /robots.txt HTTP/1.0" 200 64 "-" "Gigabot/3.0 (http://www.gigablast.com/spider.html)"
212.200.195.141 - - [02/Jan/2009:16:16:23 +0100] "GET /framez-zampa-lovers.html HTTP/1.1" 200 4322 "http://www.google.com/search?hl=en&q=+pdf+%C4%8Covek+jedne+dimenzije&btnG=Search" "Mozilla/4.0 (compatible; MSIE 6.0; Windows NT 5.1; SV1; FDM; InfoPath.1; .NET CLR 2.0.50727)"
212.200.195.141 - - [02/Jan/2009:16:16:23 +0100] "GET /frame-menu.html HTTP/1.1" 200 10536 "http://www.various-euro.com/framez-zampa-lovers.html" "Mozilla/4.0 (compatible; MSIE 6.0; Windows NT 5.1; SV1; FDM; InfoPath.1; .NET CLR 2.0.50727)"
212.200.195.141 - - [02/Jan/2009:16:16:23 +0100] "GET /zampa-lovers/index.html HTTP/1.1" 200 37790 "http://www.various-euro.com/framez-zampa-lovers.html" "Mozilla/4.0 (compatible; MSIE 6.0; Windows NT 5.1; SV1; FDM; InfoPath.1; .NET CLR 2.0.50727)"
212.200.195.141 - - [02/Jan/2009:16:16:25 +0100] "GET /frame-unten.html HTTP/1.1" 200 5308 "http://www.various-euro.com/framez-zampa-lovers.html" "Mozilla/4.0 (compatible; MSIE 6.0; Windows NT 5.1; SV1; FDM; InfoPath.1; .NET CLR 2.0.50727)"
212.200.195.141 - - [02/Jan/2009:16:16:25 +0100] "GET /zampa-lovers/kralle.gif HTTP/1.1" 404 2748 "http://www.various-euro.com/zampa-lovers/index.html" "Mozilla/4.0 (compatible; MSIE 6.0; Windows NT 5.1; SV1; FDM; InfoPath.1; .NET CLR 2.0.50727)"
212.200.195.141 - - [02/Jan/2009:16:16:25 +0100] "GET /zampa-lovers/ZAMPAMA2.MPG HTTP/1.1" 200 63492 "-" "Windows-Media-Player/9.00.00.3250"
212.200.195.141 - - [02/Jan/2009:16:16:25 +0100] "GET /zampa-lovers/WASISTMI1.MPG HTTP/1.1" 200 271221 "-" "Windows-Media-Player/9.00.00.3250"
212.200.195.141 - - [02/Jan/2009:16:16:27 +0100] "GET /zampa-lovers/ZAMPAMAS.MPG HTTP/1.1" 200 520196 "-" "Windows-Media-Player/9.00.00.3250"
212.200.195.141 - - [02/Jan/2009:16:16:28 +0100] "GET /zampa-lovers/ZAMPAMA2.MPG HTTP/1.1" 206 34292 "-" "Mozilla/4.0 (compatible; MSIE 6.0; Windows NT 5.1; SV1; FDM; InfoPath.1; .NET CLR 2.0.50727)"
212.200.195.141 - - [02/Jan/2009:16:16:29 +0100] "GET /zampa-lovers/ZAMPAMAS.MPG HTTP/1.1" 206 509022 "-" "Mozilla/4.0 (compatible; MSIE 6.0; Windows NT 5.1; SV1; FDM; InfoPath.1; .NET CLR 2.0.50727)"
212.200.195.141 - - [02/Jan/2009:16:16:27 +0100] "GET /zampa-lovers/WASISTMI1.MPG HTTP/1.1" 206 257166 "-" "Mozilla/4.0 (compatible; MSIE 6.0; Windows NT 5.1; SV1; FDM; InfoPath.1; .NET CLR 2.0.50727)"
212.200.195.141 - - [02/Jan/2009:16:16:40 +0100] "GET /zampa-lovers/ZAMPAMAS.MPG HTTP/1.1" 200 520196 "-" "Mozilla/4.0 (compatible; MSIE 6.0; Windows NT 5.1; SV1; FDM; InfoPath.1; .NET CLR 2.0.50727)"
212.200.195.141 - - [02/Jan/2009:16:16:43 +0100] "GET /zampa-lovers/WASISTMI1.MPG HTTP/1.1" 200 271221 "-" "Mozilla/4.0 (compatible; MSIE 6.0; Windows NT 5.1; SV1; FDM; InfoPath.1; .NET CLR 2.0.50727)"
212.200.195.141 - - [02/Jan/2009:16:16:53 +0100] "GET /zampa-lovers/zampa.gif HTTP/1.1" 200 460627 "http://www.various-euro.com/zampa-lovers/index.html" "Mozilla/4.0 (compatible; MSIE 6.0; Windows NT 5.1; SV1; FDM; InfoPath.1; .NET CLR 2.0.50727)"
212.200.195.141 - - [02/Jan/2009:16:17:02 +0100] "GET /zampa-lovers/DRAGAN_Z.JPG HTTP/1.1" 200 6850 "http://www.various-euro.com/zampa-lovers/index.html" "Mozilla/4.0 (compatible; MSIE 6.0; Windows NT 5.1; SV1; FDM; InfoPath.1; .NET CLR 2.0.50727)"
212.200.195.141 - - [02/Jan/2009:16:17:14 +0100] "GET /framez-zampa-lovers.html HTTP/1.1" 200 4322 "http://www.google.com/search?hl=en&q=+pdf+%C4%8Covek+jedne+dimenzije&btnG=Search" "Mozilla/4.0 (compatible; MSIE 6.0; Windows NT 5.1; SV1; FDM; InfoPath.1; .NET CLR 2.0.50727)"
212.200.195.141 - - [02/Jan/2009:16:17:14 +0100] "GET /frame-menu.html HTTP/1.1" 200 10536 "http://www.various-euro.com/framez-zampa-lovers.html" "Mozilla/4.0 (compatible; MSIE 6.0; Windows NT 5.1; SV1; FDM; InfoPath.1; .NET CLR 2.0.50727)"
212.200.195.141 - - [02/Jan/2009:16:17:15 +0100] "GET /frame-unten.html HTTP/1.1" 200 5308 "http://www.various-euro.com/framez-zampa-lovers.html" "Mozilla/4.0 (compatible; MSIE 6.0; Windows NT 5.1; SV1; FDM; InfoPath.1; .NET CLR 2.0.50727)"
212.200.195.141 - - [02/Jan/2009:16:17:15 +0100] "GET /style/various-euro.css HTTP/1.1" 200 3437 "http://www.various-euro.com/frame-menu.html" "Mozilla/4.0 (compatible; MSIE 6.0; Windows NT 5.1; SV1; FDM; InfoPath.1; .NET CLR 2.0.50727)"
212.200.195.141 - - [02/Jan/2009:16:17:15 +0100] "GET /zampa-lovers/index.html HTTP/1.1" 200 37790 "http://www.various-euro.com/framez-zampa-lovers.html" "Mozilla/4.0 (compatible; MSIE 6.0; Windows NT 5.1; SV1; FDM; InfoPath.1; .NET CLR 2.0.50727)"
212.200.195.141 - - [02/Jan/2009:16:17:16 +0100] "GET /bannerz/various-euro-girl.jpg HTTP/1.1" 200 91514 "http://www.various-euro.com/frame-unten.html" "Mozilla/4.0 (compatible; MSIE 6.0; Windows NT 5.1; SV1; FDM; InfoPath.1; .NET CLR 2.0.50727)"
212.200.195.141 - - [02/Jan/2009:16:17:15 +0100] "GET /bannerz/ve.jpg HTTP/1.1" 200 36912 "http://www.various-euro.com/frame-unten.html" "Mozilla/4.0 (compatible; MSIE 6.0; Windows NT 5.1; SV1; FDM; InfoPath.1; .NET CLR 2.0.50727)"
212.200.195.141 - - [02/Jan/2009:16:17:18 +0100] "GET /zampa-lovers/kralle.gif HTTP/1.1" 404 2748 "http://www.various-euro.com/zampa-lovers/index.html" "Mozilla/4.0 (compatible; MSIE 6.0; Windows NT 5.1; SV1; FDM; InfoPath.1; .NET CLR 2.0.50727)"
212.200.195.141 - - [02/Jan/2009:16:17:18 +0100] "GET /zampa-lovers/MILIZA_2.JPG HTTP/1.1" 200 22172 "http://www.various-euro.com/zampa-lovers/index.html" "Mozilla/4.0 (compatible; MSIE 6.0; Windows NT 5.1; SV1; FDM; InfoPath.1; .NET CLR 2.0.50727)"
212.200.195.141 - - [02/Jan/2009:16:17:19 +0100] "GET /zampa-lovers/DRAGAN_Z.JPG HTTP/1.1" 200 6850 "http://www.various-euro.com/zampa-lovers/index.html" "Mozilla/4.0 (compatible; MSIE 6.0; Windows NT 5.1; SV1; FDM; InfoPath.1; .NET CLR 2.0.50727)"
212.200.195.141 - - [02/Jan/2009:16:17:20 +0100] "GET /zampa-lovers/MILIZA_3.JPG HTTP/1.1" 200 26924 "http://www.various-euro.com/zampa-lovers/index.html" "Mozilla/4.0 (compatible; MSIE 6.0; Windows NT 5.1; SV1; FDM; InfoPath.1; .NET CLR 2.0.50727)"
212.200.195.141 - - [02/Jan/2009:16:17:22 +0100] "GET /zampa-lovers/MILIZA_B.JPG HTTP/1.1" 200 10947 "http://www.various-euro.com/zampa-lovers/index.html" "Mozilla/4.0 (compatible; MSIE 6.0; Windows NT 5.1; SV1; FDM; InfoPath.1; .NET CLR 2.0.50727)"
212.200.195.141 - - [02/Jan/2009:16:17:22 +0100] "GET /zampa-lovers/MILIZA_4.JPG HTTP/1.1" 200 9946 "http://www.various-euro.com/zampa-lovers/index.html" "Mozilla/4.0 (compatible; MSIE 6.0; Windows NT 5.1; SV1; FDM; InfoPath.1; .NET CLR 2.0.50727)"
212.200.195.141 - - [02/Jan/2009:16:17:23 +0100] "GET /zampa-lovers/DRAGANZA.JPG HTTP/1.1" 200 18560 "http://www.various-euro.com/zampa-lovers/index.html" "Mozilla/4.0 (compatible; MSIE 6.0; Windows NT 5.1; SV1; FDM; InfoPath.1; .NET CLR 2.0.50727)"
212.200.195.141 - - [02/Jan/2009:16:17:18 +0100] "GET /zampa-lovers/zampa.gif HTTP/1.1" 206 298251 "http://www.various-euro.com/zampa-lovers/index.html" "Mozilla/4.0 (compatible; MSIE 6.0; Windows NT 5.1; SV1; FDM; InfoPath.1; .NET CLR 2.0.50727)"
212.200.195.141 - - [02/Jan/2009:16:17:24 +0100] "GET /zampa-lovers/1SEITEVE.GIF HTTP/1.1" 200 78726 "http://www.various-euro.com/zampa-lovers/index.html" "Mozilla/4.0 (compatible; MSIE 6.0; Windows NT 5.1; SV1; FDM; InfoPath.1; .NET CLR 2.0.50727)"
212.200.195.141 - - [02/Jan/2009:16:17:29 +0100] "GET /zampa-lovers/Kralle.gif HTTP/1.1" 200 260 "http://www.various-euro.com/zampa-lovers/index.html" "Mozilla/4.0 (compatible; MSIE 6.0; Windows NT 5.1; SV1; FDM; InfoPath.1; .NET CLR 2.0.50727)"
212.200.195.141 - - [02/Jan/2009:16:17:29 +0100] "GET /zampa-lovers/zampamali.gif HTTP/1.1" 200 2617 "http://www.various-euro.com/zampa-lovers/index.html" "Mozilla/4.0 (compatible; MSIE 6.0; Windows NT 5.1; SV1; FDM; InfoPath.1; .NET CLR 2.0.50727)"
212.200.195.141 - - [02/Jan/2009:16:17:29 +0100] "GET /zampa-lovers/zampa-2X2.gif HTTP/1.1" 200 6948 "http://www.various-euro.com/zampa-lovers/index.html" "Mozilla/4.0 (compatible; MSIE 6.0; Windows NT 5.1; SV1; FDM; InfoPath.1; .NET CLR 2.0.50727)"
212.200.195.141 - - [02/Jan/2009:16:17:27 +0100] "GET /zampa-lovers/2SEITEVE.GIF HTTP/1.1" 200 83466 "http://www.various-euro.com/zampa-lovers/index.html" "Mozilla/4.0 (compatible; MSIE 6.0; Windows NT 5.1; SV1; FDM; InfoPath.1; .NET CLR 2.0.50727)"
92.244.139.40 - - [02/Jan/2009:16:18:54 +0100] "GET / HTTP/1.1" 302 353 "http://www.facebook.com/note.php?note_id=55981648056&ref=nf" "Mozilla/5.0 (Windows; U; Windows NT 5.1; en-US; rv:1.8.1.20) Gecko/20081217 Firefox/2.0.0.20"
92.244.139.40 - - [02/Jan/2009:16:18:54 +0100] "GET /zampa/ HTTP/1.1" 200 7153 "http://www.facebook.com/note.php?note_id=55981648056&ref=nf" "Mozilla/5.0 (Windows; U; Windows NT 5.1; en-US; rv:1.8.1.20) Gecko/20081217 Firefox/2.0.0.20"
92.244.139.40 - - [02/Jan/2009:16:18:54 +0100] "GET /zampa/slike/zampa.gif HTTP/1.1" 200 5310 "http://www.various-euro.com/zampa/" "Mozilla/5.0 (Windows; U; Windows NT 5.1; en-US; rv:1.8.1.20) Gecko/20081217 Firefox/2.0.0.20"
92.244.139.40 - - [02/Jan/2009:16:18:54 +0100] "GET /zampa/slike/udupetu.gif HTTP/1.1" 200 4138 "http://www.various-euro.com/zampa/" "Mozilla/5.0 (Windows; U; Windows NT 5.1; en-US; rv:1.8.1.20) Gecko/20081217 Firefox/2.0.0.20"
92.244.139.40 - - [02/Jan/2009:16:18:54 +0100] "GET /zampa/slike/inthearse.gif HTTP/1.1" 200 4077 "http://www.various-euro.com/zampa/" "Mozilla/5.0 (Windows; U; Windows NT 5.1; en-US; rv:1.8.1.20) Gecko/20081217 Firefox/2.0.0.20"
92.244.139.40 - - [02/Jan/2009:16:18:56 +0100] "GET /favicon.ico HTTP/1.1" 404 2748 "-" "Mozilla/5.0 (Windows; U; Windows NT 5.1; en-US; rv:1.8.1.20) Gecko/20081217 Firefox/2.0.0.20"
92.244.139.40 - - [02/Jan/2009:16:18:56 +0100] "GET /favicon.ico HTTP/1.1" 404 2748 "-" "Mozilla/5.0 (Windows; U; Windows NT 5.1; en-US; rv:1.8.1.20) Gecko/20081217 Firefox/2.0.0.20"
92.244.139.40 - - [02/Jan/2009:16:25:49 +0100] "GET /favicon.ico HTTP/1.1" 404 2748 "-" "Mozilla/5.0 (Windows; U; Windows NT 5.1; en-US; rv:1.8.1.20) Gecko/20081217 Firefox/2.0.0.20"
95.28.105.175 - - [02/Jan/2009:16:28:27 +0100] "GET /framez-zampa-lovers.html HTTP/1.0" 200 4322 "-" "Mozilla/4.0 (compatible; MSIE 5.5; Windows NT 5.0; T312461)"
95.28.105.175 - - [02/Jan/2009:16:28:27 +0100] "GET /frame-menu.html HTTP/1.0" 200 10536 "-" "Mozilla/4.0 (compatible; MSIE 5.5; Windows NT 5.0; T312461)"
95.28.105.175 - - [02/Jan/2009:16:28:28 +0100] "GET /zampa-lovers/index.html HTTP/1.0" 200 37790 "-" "Mozilla/4.0 (compatible; MSIE 5.5; Windows NT 5.0; T312461)"
95.28.105.175 - - [02/Jan/2009:16:28:28 +0100] "GET /frame-unten.html HTTP/1.0" 200 5308 "-" "Mozilla/4.0 (compatible; MSIE 5.5; Windows NT 5.0; T312461)"
92.244.139.40 - - [02/Jan/2009:16:31:35 +0100] "GET /favicon.ico HTTP/1.1" 404 2748 "-" "Mozilla/5.0 (Windows; U; Windows NT 5.1; en-US; rv:1.8.1.20) Gecko/20081217 Firefox/2.0.0.20"
67.195.37.119 - - [02/Jan/2009:16:44:27 +0100] "GET /f-rez.html HTTP/1.0" 200 9765 "-" "Mozilla/5.0 (compatible; Yahoo! Slurp; http://help.yahoo.com/help/us/ysearch/slurp)"
92.244.139.40 - - [02/Jan/2009:16:44:57 +0100] "GET /favicon.ico HTTP/1.1" 404 2748 "-" "Mozilla/5.0 (Windows; U; Windows NT 5.1; en-US; rv:1.8.1.20) Gecko/20081217 Firefox/2.0.0.20"
81.52.143.16 - - [02/Jan/2009:16:51:09 +0100] "GET /bmpp/18.html HTTP/1.1" 200 4467 "-" "Mozilla/5.0 (Windows; U; Windows NT 5.1; fr; rv:1.8.1) VoilaBot BETA 1.2 (support.voilabot@orange-ftgroup.com)"
72.30.65.58 - - [02/Jan/2009:16:51:53 +0100] "GET /warez.html HTTP/1.0" 200 9754 "-" "Mozilla/5.0 (compatible; Yahoo! Slurp; http://help.yahoo.com/help/us/ysearch/slurp)"
89.216.174.18 - - [02/Jan/2009:16:58:36 +0100] "GET / HTTP/1.1" 302 353 "http://www.facebook.com/home.php?ref=logo" "Mozilla/5.0 (Windows; U; Windows NT 5.1; en-US; rv:1.9.0.5) Gecko/2008120122 Firefox/3.0.5"
89.216.174.18 - - [02/Jan/2009:16:58:36 +0100] "GET /zampa/ HTTP/1.1" 200 7153 "http://www.facebook.com/home.php?ref=logo" "Mozilla/5.0 (Windows; U; Windows NT 5.1; en-US; rv:1.9.0.5) Gecko/2008120122 Firefox/3.0.5"
89.216.174.18 - - [02/Jan/2009:16:58:36 +0100] "GET /zampa/slike/zampa.gif HTTP/1.1" 200 5310 "http://www.various-euro.com/zampa/" "Mozilla/5.0 (Windows; U; Windows NT 5.1; en-US; rv:1.9.0.5) Gecko/2008120122 Firefox/3.0.5"
89.216.174.18 - - [02/Jan/2009:16:58:36 +0100] "GET /zampa/slike/udupetu.gif HTTP/1.1" 200 4138 "http://www.various-euro.com/zampa/" "Mozilla/5.0 (Windows; U; Windows NT 5.1; en-US; rv:1.9.0.5) Gecko/2008120122 Firefox/3.0.5"
89.216.174.18 - - [02/Jan/2009:16:58:36 +0100] "GET /zampa/slike/inthearse.gif HTTP/1.1" 200 4077 "http://www.various-euro.com/zampa/" "Mozilla/5.0 (Windows; U; Windows NT 5.1; en-US; rv:1.9.0.5) Gecko/2008120122 Firefox/3.0.5"
89.216.174.18 - - [02/Jan/2009:16:58:37 +0100] "GET /favicon.ico HTTP/1.1" 404 2748 "-" "Mozilla/5.0 (Windows; U; Windows NT 5.1; en-US; rv:1.9.0.5) Gecko/2008120122 Firefox/3.0.5"
89.216.174.18 - - [02/Jan/2009:16:58:40 +0100] "GET /favicon.ico HTTP/1.1" 404 2748 "-" "Mozilla/5.0 (Windows; U; Windows NT 5.1; en-US; rv:1.9.0.5) Gecko/2008120122 Firefox/3.0.5"
89.216.174.18 - - [02/Jan/2009:16:58:47 +0100] "GET /zampa/slike/S1TITEL.GIF HTTP/1.1" 200 15244 "http://www.various-euro.com/zampa/" "Mozilla/5.0 (Windows; U; Windows NT 5.1; en-US; rv:1.9.0.5) Gecko/2008120122 Firefox/3.0.5"
89.216.174.18 - - [02/Jan/2009:16:59:02 +0100] "GET /zampa/slike/S2COPY.GIF HTTP/1.1" 200 12771 "http://www.various-euro.com/zampa/" "Mozilla/5.0 (Windows; U; Windows NT 5.1; en-US; rv:1.9.0.5) Gecko/2008120122 Firefox/3.0.5"
89.216.174.18 - - [02/Jan/2009:16:59:17 +0100] "GET /zampa/slike/S3VAMPIR.GIF HTTP/1.1" 200 55504 "http://www.various-euro.com/zampa/" "Mozilla/5.0 (Windows; U; Windows NT 5.1; en-US; rv:1.9.0.5) Gecko/2008120122 Firefox/3.0.5"
89.216.174.18 - - [02/Jan/2009:17:00:30 +0100] "GET /zampa/slike/S4IRWIN.GIF HTTP/1.1" 200 54718 "http://www.various-euro.com/zampa/" "Mozilla/5.0 (Windows; U; Windows NT 5.1; en-US; rv:1.9.0.5) Gecko/2008120122 Firefox/3.0.5"
66.249.65.169 - - [02/Jan/2009:17:03:26 +0100] "GET /%3E) HTTP/1.1" 302 357 "-" "Mozilla/5.0 (compatible; Googlebot/2.1; +http://www.google.com/bot.html)"
66.249.65.169 - - [02/Jan/2009:17:03:27 +0100] "GET /zampa/%3E) HTTP/1.1" 404 2748 "-" "Mozilla/5.0 (compatible; Googlebot/2.1; +http://www.google.com/bot.html)"
60.242.58.96 - - [02/Jan/2009:17:03:58 +0100] "GET / HTTP/1.1" 302 353 "http://www.google.com.au/search?hl=en&sa=X&oi=spell&resnum=0&ct=result&cd=1&q=zampa+di+leone&spell=1" "Mozilla/4.0 (compatible; MSIE 7.0; Windows NT 5.1; InfoPath.1; .NET CLR 1.1.4322)"
60.242.58.96 - - [02/Jan/2009:17:03:59 +0100] "GET /zampa/ HTTP/1.1" 200 7153 "http://www.google.com.au/search?hl=en&sa=X&oi=spell&resnum=0&ct=result&cd=1&q=zampa+di+leone&spell=1" "Mozilla/4.0 (compatible; MSIE 7.0; Windows NT 5.1; InfoPath.1; .NET CLR 1.1.4322)"
60.242.58.96 - - [02/Jan/2009:17:04:00 +0100] "GET /zampa/slike/zampa.gif HTTP/1.1" 200 5310 "http://www.various-euro.com/zampa/" "Mozilla/4.0 (compatible; MSIE 7.0; Windows NT 5.1; InfoPath.1; .NET CLR 1.1.4322)"
60.242.58.96 - - [02/Jan/2009:17:04:00 +0100] "GET /zampa/slike/udupetu.gif HTTP/1.1" 200 4138 "http://www.various-euro.com/zampa/" "Mozilla/4.0 (compatible; MSIE 7.0; Windows NT 5.1; InfoPath.1; .NET CLR 1.1.4322)"
60.242.58.96 - - [02/Jan/2009:17:04:00 +0100] "GET /zampa/slike/inthearse.gif HTTP/1.1" 200 4077 "http://www.various-euro.com/zampa/" "Mozilla/4.0 (compatible; MSIE 7.0; Windows NT 5.1; InfoPath.1; .NET CLR 1.1.4322)"
60.242.58.96 - - [02/Jan/2009:17:04:01 +0100] "GET /favicon.ico HTTP/1.1" 404 2748 "-" "Mozilla/4.0 (compatible; MSIE 7.0; Windows NT 5.1; InfoPath.1; .NET CLR 1.1.4322)"
