212.174.23.10 - - [15/Jan/2009:10:02:25 +0100] "GET /framez-restate.html HTTP/1.1" 200 4328 "-" "User-Agent: Mozilla/4.0 (compatible; MSIE 7.0; Windows NT 5.1; FunWebProducts; SIMBAR={1506A818-5854-42D4-B64B-B90032000D7E}; GTB5; InfoPath.1; .NET CLR 1.1.4322)"
212.174.23.10 - - [15/Jan/2009:10:02:38 +0100] "GET /framez-restate.html HTTP/1.1" 200 4328 "http://www.google.co.uk/search?q=europortal+amgen" "Mozilla/4.0 (compatible; MSIE 7.0; Windows NT 5.1; FunWebProducts; SIMBAR={1506A818-5854-42D4-B64B-B90032000D7E}; GTB5; InfoPath.1; .NET CLR 1.1.4322)"
212.174.23.10 - - [15/Jan/2009:10:02:38 +0100] "GET /frame-menu.html HTTP/1.1" 200 10536 "http://www.various-euro.com/framez-restate.html" "Mozilla/4.0 (compatible; MSIE 7.0; Windows NT 5.1; FunWebProducts; SIMBAR={1506A818-5854-42D4-B64B-B90032000D7E}; GTB5; InfoPath.1; .NET CLR 1.1.4322)"
212.174.23.10 - - [15/Jan/2009:10:02:38 +0100] "GET /frame-unten.html HTTP/1.1" 200 5308 "http://www.various-euro.com/framez-restate.html" "Mozilla/4.0 (compatible; MSIE 7.0; Windows NT 5.1; FunWebProducts; SIMBAR={1506A818-5854-42D4-B64B-B90032000D7E}; GTB5; InfoPath.1; .NET CLR 1.1.4322)"
212.174.23.10 - - [15/Jan/2009:10:02:38 +0100] "GET /menueleiste.js HTTP/1.1" 404 2748 "http://www.various-euro.com/restate_copy.html" "Mozilla/4.0 (compatible; MSIE 7.0; Windows NT 5.1; FunWebProducts; SIMBAR={1506A818-5854-42D4-B64B-B90032000D7E}; GTB5; InfoPath.1; .NET CLR 1.1.4322)"
212.174.23.10 - - [15/Jan/2009:10:02:38 +0100] "GET /style/various-euro.css HTTP/1.1" 200 3437 "http://www.various-euro.com/frame-menu.html" "Mozilla/4.0 (compatible; MSIE 7.0; Windows NT 5.1; FunWebProducts; SIMBAR={1506A818-5854-42D4-B64B-B90032000D7E}; GTB5; InfoPath.1; .NET CLR 1.1.4322)"
212.174.23.10 - - [15/Jan/2009:10:02:38 +0100] "GET /restate_copy.html HTTP/1.1" 200 97631 "http://www.various-euro.com/framez-restate.html" "Mozilla/4.0 (compatible; MSIE 7.0; Windows NT 5.1; FunWebProducts; SIMBAR={1506A818-5854-42D4-B64B-B90032000D7E}; GTB5; InfoPath.1; .NET CLR 1.1.4322)"
212.174.23.10 - - [15/Jan/2009:10:02:39 +0100] "GET /bannerz/various-euro-girl.jpg HTTP/1.1" 200 91514 "http://www.various-euro.com/frame-unten.html" "Mozilla/4.0 (compatible; MSIE 7.0; Windows NT 5.1; FunWebProducts; SIMBAR={1506A818-5854-42D4-B64B-B90032000D7E}; GTB5; InfoPath.1; .NET CLR 1.1.4322)"
212.174.23.10 - - [15/Jan/2009:10:02:39 +0100] "GET /bannerz/ve.jpg HTTP/1.1" 200 36912 "http://www.various-euro.com/frame-unten.html" "Mozilla/4.0 (compatible; MSIE 7.0; Windows NT 5.1; FunWebProducts; SIMBAR={1506A818-5854-42D4-B64B-B90032000D7E}; GTB5; InfoPath.1; .NET CLR 1.1.4322)"
212.174.23.10 - - [15/Jan/2009:10:02:39 +0100] "GET /bannerz/rebelle.gif HTTP/1.1" 200 6986 "http://www.various-euro.com/restate_copy.html" "Mozilla/4.0 (compatible; MSIE 7.0; Windows NT 5.1; FunWebProducts; SIMBAR={1506A818-5854-42D4-B64B-B90032000D7E}; GTB5; InfoPath.1; .NET CLR 1.1.4322)"
212.174.23.10 - - [15/Jan/2009:10:02:39 +0100] "GET /detonators.gif HTTP/1.1" 200 14892 "http://www.various-euro.com/restate_copy.html" "Mozilla/4.0 (compatible; MSIE 7.0; Windows NT 5.1; FunWebProducts; SIMBAR={1506A818-5854-42D4-B64B-B90032000D7E}; GTB5; InfoPath.1; .NET CLR 1.1.4322)"
212.174.23.10 - - [15/Jan/2009:10:02:40 +0100] "GET /ve-icon-2.ico HTTP/1.1" 200 2238 "-" "Mozilla/4.0 (compatible; MSIE 7.0; Windows NT 5.1; FunWebProducts; SIMBAR={1506A818-5854-42D4-B64B-B90032000D7E}; GTB5; InfoPath.1; .NET CLR 1.1.4322)"
212.174.23.10 - - [15/Jan/2009:10:02:41 +0100] "GET /favicon.ico HTTP/1.1" 404 2748 "-" "Mozilla/5.0 (compatible; Google Desktop)"
212.174.23.10 - - [15/Jan/2009:10:02:53 +0100] "GET /f-search.html HTTP/1.1" 200 11800 "http://www.various-euro.com/frame-menu.html" "Mozilla/4.0 (compatible; MSIE 7.0; Windows NT 5.1; FunWebProducts; SIMBAR={1506A818-5854-42D4-B64B-B90032000D7E}; GTB5; InfoPath.1; .NET CLR 1.1.4322)"
212.174.23.10 - - [15/Jan/2009:10:02:54 +0100] "GET /bannerz/notrace.gif HTTP/1.1" 200 485 "http://www.various-euro.com/f-search.html" "Mozilla/4.0 (compatible; MSIE 7.0; Windows NT 5.1; FunWebProducts; SIMBAR={1506A818-5854-42D4-B64B-B90032000D7E}; GTB5; InfoPath.1; .NET CLR 1.1.4322)"
212.174.23.10 - - [15/Jan/2009:10:03:23 +0100] "GET /menueleiste.js HTTP/1.1" 404 2748 "http://www.various-euro.com/restate_copy.html" "Mozilla/4.0 (compatible; MSIE 7.0; Windows NT 5.1; FunWebProducts; SIMBAR={1506A818-5854-42D4-B64B-B90032000D7E}; GTB5; InfoPath.1; .NET CLR 1.1.4322)"
66.249.65.169 - - [15/Jan/2009:10:06:57 +0100] "GET /logs/usage_200708.html HTTP/1.1" 200 111167 "-" "Mozilla/5.0 (compatible; Googlebot/2.1; +http://www.google.com/bot.html)"
74.6.18.241 - - [15/Jan/2009:10:30:24 +0100] "GET /games/virtualcop/virtualcop.html HTTP/1.0" 200 4487 "-" "Mozilla/5.0 (compatible; Yahoo! Slurp; http://help.yahoo.com/help/us/ysearch/slurp)"
64.1.215.165 - - [15/Jan/2009:10:35:13 +0100] "GET /f-logz.html HTTP/1.0" 200 132214 "-" "Mozilla/5.0 (Twiceler-0.9 http://www.cuil.com/twiceler/robot.html)"
74.6.18.241 - - [15/Jan/2009:11:03:57 +0100] "GET /robots.txt HTTP/1.0" 200 64 "-" "Mozilla/5.0 (compatible; Yahoo! Slurp; http://help.yahoo.com/help/us/ysearch/slurp)"
74.6.18.241 - - [15/Jan/2009:11:04:01 +0100] "GET /schubb/schubb-2.html HTTP/1.0" 200 16660 "-" "Mozilla/5.0 (compatible; Yahoo! Slurp; http://help.yahoo.com/help/us/ysearch/slurp)"
74.6.18.241 - - [15/Jan/2009:11:08:27 +0100] "GET /logs/usage_200710.html HTTP/1.0" 200 110952 "-" "Mozilla/5.0 (compatible; Yahoo! Slurp; http://help.yahoo.com/help/us/ysearch/slurp)"
74.6.18.241 - - [15/Jan/2009:11:31:37 +0100] "GET /robots.txt HTTP/1.0" 200 64 "-" "Mozilla/5.0 (compatible; Yahoo! Slurp; http://help.yahoo.com/help/us/ysearch/slurp)"
74.6.18.241 - - [15/Jan/2009:11:31:37 +0100] "GET /zampa/montenegro/ HTTP/1.0" 200 2651 "-" "Mozilla/5.0 (compatible; Yahoo! Slurp; http://help.yahoo.com/help/us/ysearch/slurp)"
74.6.18.241 - - [15/Jan/2009:11:44:40 +0100] "GET /bmpp/euro_pal_1.html HTTP/1.0" 200 18252 "-" "Mozilla/5.0 (compatible; Yahoo! Slurp; http://help.yahoo.com/help/us/ysearch/slurp)"
82.237.212.168 - - [15/Jan/2009:11:46:18 +0100] "POST http://various-euro.com/lists/admin/index.php HTTP/1.0" 404 2748 "http://various-euro.com/lists/admin/index.php" "Mozilla/4.0 (compatible; MSIE 6.0; Windows NT 5.1)"
66.249.65.169 - - [15/Jan/2009:11:52:29 +0100] "GET /framez.html HTTP/1.1" 200 3959 "-" "Mozilla/5.0 (compatible; Googlebot/2.1; +http://www.google.com/bot.html)"
66.249.65.169 - - [15/Jan/2009:12:04:35 +0100] "GET /logs/usage_200901.html HTTP/1.1" 404 2748 "-" "Mozilla/5.0 (compatible; Googlebot/2.1; +http://www.google.com/bot.html)"
67.195.37.126 - - [15/Jan/2009:12:47:19 +0100] "GET /robots.txt HTTP/1.0" 200 64 "-" "Mozilla/5.0 (compatible; Yahoo! Slurp; http://help.yahoo.com/help/us/ysearch/slurp)"
67.195.37.126 - - [15/Jan/2009:12:47:19 +0100] "GET /zampa-lovers/index.html HTTP/1.0" 200 37790 "-" "Mozilla/5.0 (compatible; Yahoo! Slurp; http://help.yahoo.com/help/us/ysearch/slurp)"
66.235.124.7 - - [15/Jan/2009:12:48:41 +0100] "GET /robots.txt HTTP/1.1" 200 64 "-" "Mozilla/5.0 (compatible; Ask Jeeves/Teoma; +http://about.ask.com/en/docs/about/webmasters.shtml)"
66.235.124.7 - - [15/Jan/2009:12:48:56 +0100] "GET /zampa-lovers/index.html HTTP/1.1" 200 37790 "-" "Mozilla/5.0 (compatible; Ask Jeeves/Teoma; +http://about.ask.com/en/docs/about/webmasters.shtml)"
193.252.149.16 - - [15/Jan/2009:13:31:47 +0100] "GET /robots.txt HTTP/1.1" 200 64 "-" "Mozilla/5.0 (Windows; U; Windows NT 5.1; fr; rv:1.8.1) VoilaBot BETA 1.2 (support.voilabot@orange-ftgroup.com)"
193.252.149.16 - - [15/Jan/2009:13:31:55 +0100] "GET /DgH/ HTTP/1.1" 200 5024 "-" "Mozilla/5.0 (Windows; U; Windows NT 5.1; fr; rv:1.8.1) VoilaBot BETA 1.2 (support.voilabot@orange-ftgroup.com)"
74.6.18.241 - - [15/Jan/2009:13:43:33 +0100] "GET /search.html HTTP/1.0" 200 1440 "-" "Mozilla/5.0 (compatible; Yahoo! Slurp; http://help.yahoo.com/help/us/ysearch/slurp)"
67.195.37.126 - - [15/Jan/2009:13:49:11 +0100] "GET /logs/usage_200703.html HTTP/1.0" 200 108444 "-" "Mozilla/5.0 (compatible; Yahoo! Slurp/3.0; http://help.yahoo.com/help/us/ysearch/slurp)"
93.86.152.158 - - [15/Jan/2009:13:54:08 +0100] "GET /framez-zampa-lovers.html HTTP/1.1" 200 4322 "-" "Mozilla/4.0 (compatible; MSIE 6.0; Windows NT 5.1;1813)"
93.86.152.158 - - [15/Jan/2009:13:54:10 +0100] "GET /frame-menu.html HTTP/1.1" 200 10536 "-" "Mozilla/4.0 (compatible; MSIE 6.0; Windows NT 5.1;1813)"
93.86.152.158 - - [15/Jan/2009:13:54:11 +0100] "GET /zampa-lovers/index.html HTTP/1.1" 200 37790 "-" "Mozilla/4.0 (compatible; MSIE 6.0; Windows NT 5.1;1813)"
93.86.152.158 - - [15/Jan/2009:13:54:13 +0100] "GET /frame-unten.html HTTP/1.1" 200 5308 "-" "Mozilla/4.0 (compatible; MSIE 6.0; Windows NT 5.1;1813)"
74.6.18.241 - - [15/Jan/2009:14:15:17 +0100] "GET /f-logz_old.html HTTP/1.0" 200 43773 "-" "Mozilla/5.0 (compatible; Yahoo! Slurp; http://help.yahoo.com/help/us/ysearch/slurp)"
74.6.18.241 - - [15/Jan/2009:14:33:00 +0100] "GET /logs/usage_200606.html HTTP/1.0" 200 108082 "-" "Mozilla/5.0 (compatible; Yahoo! Slurp; http://help.yahoo.com/help/us/ysearch/slurp)"
193.252.149.15 - - [15/Jan/2009:14:41:49 +0100] "GET /neon/euro.html HTTP/1.1" 200 2212 "-" "Mozilla/5.0 (Windows; U; Windows NT 5.1; fr; rv:1.8.1) VoilaBot BETA 1.2 (support.voilabot@orange-ftgroup.com)"
67.195.37.126 - - [15/Jan/2009:14:51:42 +0100] "GET /zampa/montenegro/MILOW.html HTTP/1.0" 200 860 "-" "Mozilla/5.0 (compatible; Yahoo! Slurp/3.0; http://help.yahoo.com/help/us/ysearch/slurp)"
67.195.37.126 - - [15/Jan/2009:14:52:58 +0100] "GET /zampa/montenegro/contributions.html HTTP/1.0" 200 18843 "-" "Mozilla/5.0 (compatible; Yahoo! Slurp/3.0; http://help.yahoo.com/help/us/ysearch/slurp)"
193.252.149.15 - - [15/Jan/2009:14:55:52 +0100] "GET /neon/girlz3.html HTTP/1.1" 200 2479 "-" "Mozilla/5.0 (Windows; U; Windows NT 5.1; fr; rv:1.8.1) VoilaBot BETA 1.2 (support.voilabot@orange-ftgroup.com)"
208.36.144.10 - - [15/Jan/2009:16:01:44 +0100] "GET /robots.txt HTTP/1.0" 200 64 "-" "Mozilla/5.0 (Twiceler-0.9 http://www.cuil.com/twiceler/robot.html)"
66.249.65.169 - - [15/Jan/2009:16:14:47 +0100] "GET /neon/click.html HTTP/1.1" 200 521 "-" "Mozilla/5.0 (compatible; Googlebot/2.1; +http://www.google.com/bot.html)"
74.6.18.241 - - [15/Jan/2009:16:18:00 +0100] "GET /neon/girlz3.html HTTP/1.0" 200 2479 "-" "Mozilla/5.0 (compatible; Yahoo! Slurp; http://help.yahoo.com/help/us/ysearch/slurp)"
79.101.13.125 - - [15/Jan/2009:16:19:55 +0100] "GET /favicon.ico HTTP/1.1" 404 2748 "-" "Mozilla/5.0 (Windows; U; Windows NT 5.1; en-US; rv:1.9.0.5) Gecko/2008120122 Firefox/3.0.5"
65.55.211.175 - - [15/Jan/2009:16:34:46 +0100] "GET /robots.txt HTTP/1.1" 200 64 "-" "msnbot/1.1 (+http://search.msn.com/msnbot.htm)"
65.55.211.175 - - [15/Jan/2009:16:34:46 +0100] "GET /neon/girlz3.html HTTP/1.1" 200 2479 "-" "msnbot/1.1 (+http://search.msn.com/msnbot.htm)"
67.195.37.122 - - [15/Jan/2009:16:36:02 +0100] "GET /robots.txt HTTP/1.0" 200 64 "-" "Mozilla/5.0 (compatible; Yahoo! Slurp; http://help.yahoo.com/help/us/ysearch/slurp)"
67.195.37.122 - - [15/Jan/2009:16:36:03 +0100] "GET /f-web.html HTTP/1.0" 200 13605 "-" "Mozilla/5.0 (compatible; Yahoo! Slurp; http://help.yahoo.com/help/us/ysearch/slurp)"
208.80.194.45 - - [15/Jan/2009:16:42:11 +0100] "GET / HTTP/1.0" 200 7869 "-" "Mozilla/4.0 (compatible; MSIE 6.0; Windows NT 5.1; SV1; .NET CLR 2.0.50727; .NET CLR 1.1.4322; .NET CLR 3.0.04506.30; InfoPath.1)"
208.80.194.45 - - [15/Jan/2009:16:42:15 +0100] "GET / HTTP/1.0" 200 7869 "-" "Mozilla/4.0 (compatible; MSIE 7.0; Windows NT 6.0; Mozilla/4.0 (compatible; MSIE 6.0; Windows NT 5.1; SV1) ; SLCC1; .NET CLR 2.0.50727; Media Center PC 5.0; .NET CLR 3.0.04506; InfoPath.2)"
66.249.65.169 - - [15/Jan/2009:16:47:08 +0100] "GET /f-other.html HTTP/1.1" 200 33189 "-" "Mozilla/5.0 (compatible; Googlebot/2.1; +http://www.google.com/bot.html)"
66.249.65.169 - - [15/Jan/2009:17:12:17 +0100] "GET /framez-schubb2.html HTTP/1.1" 200 4314 "-" "Mozilla/5.0 (compatible; Googlebot/2.1; +http://www.google.com/bot.html)"
65.55.211.165 - - [15/Jan/2009:17:28:59 +0100] "GET /robots.txt HTTP/1.1" 200 64 "-" "msnbot/1.1 (+http://search.msn.com/msnbot.htm)"
65.55.211.165 - - [15/Jan/2009:17:28:59 +0100] "GET /triple-double-u/ HTTP/1.1" 403 1223 "-" "msnbot/1.1 (+http://search.msn.com/msnbot.htm)"
66.249.65.169 - - [15/Jan/2009:17:48:13 +0100] "GET /your_tour.html HTTP/1.1" 200 29760 "-" "Mozilla/5.0 (compatible; Googlebot/2.1; +http://www.google.com/bot.html)"
74.6.18.241 - - [15/Jan/2009:18:10:39 +0100] "GET /logs/usage_200603.html HTTP/1.0" 200 109800 "-" "Mozilla/5.0 (compatible; Yahoo! Slurp/3.0; http://help.yahoo.com/help/us/ysearch/slurp)"
67.195.37.122 - - [15/Jan/2009:18:15:54 +0100] "GET /f-doku-brau.html HTTP/1.0" 200 7152 "-" "Mozilla/5.0 (compatible; Yahoo! Slurp; http://help.yahoo.com/help/us/ysearch/slurp)"
85.94.114.222 - - [15/Jan/2009:18:17:50 +0100] "GET /zampa-lovers/index.html HTTP/1.1" 200 24139 "-" "User-Agent: Mozilla/4.0 (compatible; MSIE 7.0; Windows NT 5.1; .NET CLR 1.1.4322; .NET CLR 2.0.50727; InfoPath.2)"
66.249.65.169 - - [15/Jan/2009:18:20:33 +0100] "GET /restate_copy.html HTTP/1.1" 200 97631 "-" "Mozilla/5.0 (compatible; Googlebot/2.1; +http://www.google.com/bot.html)"
66.235.124.7 - - [15/Jan/2009:18:33:56 +0100] "GET /robots.txt HTTP/1.1" 200 64 "-" "Mozilla/5.0 (compatible; Ask Jeeves/Teoma; +http://about.ask.com/en/docs/about/webmasters.shtml)"
66.235.124.7 - - [15/Jan/2009:18:34:11 +0100] "GET /neon/girlz2.html HTTP/1.1" 200 2937 "-" "Mozilla/5.0 (compatible; Ask Jeeves/Teoma; +http://about.ask.com/en/docs/about/webmasters.shtml)"
212.124.172.84 - - [15/Jan/2009:18:49:31 +0100] "GET / HTTP/1.1" 302 353 "http://www.google.com/search?hl=en&q=zampa+di+leone&btnG=Google+Search&aq=f&oq=" "Mozilla/5.0 (X11; U; Linux i686; en-US; rv:1.9.0.5) Gecko/2008121622 Ubuntu/8.10 (intrepid) Firefox/3.0.5"
212.124.172.84 - - [15/Jan/2009:18:49:31 +0100] "GET /zampa/ HTTP/1.1" 200 7153 "http://www.google.com/search?hl=en&q=zampa+di+leone&btnG=Google+Search&aq=f&oq=" "Mozilla/5.0 (X11; U; Linux i686; en-US; rv:1.9.0.5) Gecko/2008121622 Ubuntu/8.10 (intrepid) Firefox/3.0.5"
212.124.172.84 - - [15/Jan/2009:18:49:31 +0100] "GET /zampa/slike/zampa.gif HTTP/1.1" 200 5310 "http://www.various-euro.com/zampa/" "Mozilla/5.0 (X11; U; Linux i686; en-US; rv:1.9.0.5) Gecko/2008121622 Ubuntu/8.10 (intrepid) Firefox/3.0.5"
212.124.172.84 - - [15/Jan/2009:18:49:31 +0100] "GET /zampa/slike/udupetu.gif HTTP/1.1" 200 4138 "http://www.various-euro.com/zampa/" "Mozilla/5.0 (X11; U; Linux i686; en-US; rv:1.9.0.5) Gecko/2008121622 Ubuntu/8.10 (intrepid) Firefox/3.0.5"
212.124.172.84 - - [15/Jan/2009:18:49:31 +0100] "GET /zampa/slike/inthearse.gif HTTP/1.1" 200 4077 "http://www.various-euro.com/zampa/" "Mozilla/5.0 (X11; U; Linux i686; en-US; rv:1.9.0.5) Gecko/2008121622 Ubuntu/8.10 (intrepid) Firefox/3.0.5"
212.124.172.84 - - [15/Jan/2009:18:49:32 +0100] "GET /favicon.ico HTTP/1.1" 404 2748 "-" "Mozilla/5.0 (X11; U; Linux i686; en-US; rv:1.9.0.5) Gecko/2008121622 Ubuntu/8.10 (intrepid) Firefox/3.0.5"
212.124.172.84 - - [15/Jan/2009:18:49:35 +0100] "GET /favicon.ico HTTP/1.1" 404 2748 "-" "Mozilla/5.0 (X11; U; Linux i686; en-US; rv:1.9.0.5) Gecko/2008121622 Ubuntu/8.10 (intrepid) Firefox/3.0.5"
212.124.172.84 - - [15/Jan/2009:18:50:09 +0100] "GET /zampa/slike/S5UROSTO.GIF HTTP/1.1" 200 45220 "http://www.various-euro.com/zampa/" "Mozilla/5.0 (X11; U; Linux i686; en-US; rv:1.9.0.5) Gecko/2008121622 Ubuntu/8.10 (intrepid) Firefox/3.0.5"
212.124.172.84 - - [15/Jan/2009:18:50:33 +0100] "GET /zampa/slike/S1TITEL.GIF HTTP/1.1" 200 15244 "http://www.various-euro.com/zampa/" "Mozilla/5.0 (X11; U; Linux i686; en-US; rv:1.9.0.5) Gecko/2008121622 Ubuntu/8.10 (intrepid) Firefox/3.0.5"
212.124.172.84 - - [15/Jan/2009:18:50:45 +0100] "GET /zampa/slike/S2COPY.GIF HTTP/1.1" 200 12771 "http://www.various-euro.com/zampa/" "Mozilla/5.0 (X11; U; Linux i686; en-US; rv:1.9.0.5) Gecko/2008121622 Ubuntu/8.10 (intrepid) Firefox/3.0.5"
212.124.172.84 - - [15/Jan/2009:18:51:00 +0100] "GET /zampa/slike/S3VAMPIR.GIF HTTP/1.1" 200 55504 "http://www.various-euro.com/zampa/" "Mozilla/5.0 (X11; U; Linux i686; en-US; rv:1.9.0.5) Gecko/2008121622 Ubuntu/8.10 (intrepid) Firefox/3.0.5"
217.20.112.104 - - [15/Jan/2009:18:51:34 +0100] "GET /framez-schubb5.html HTTP/1.0" 200 4330 "http://www.various-euro.com/framez-schubb5.html" "Mozilla/4.0 (compatible; MSIE 6.0; Windows 98; Win 9x 4.90)"
212.124.172.84 - - [15/Jan/2009:18:52:06 +0100] "GET /zampa/slike/S4IRWIN.GIF HTTP/1.1" 200 54718 "http://www.various-euro.com/zampa/" "Mozilla/5.0 (X11; U; Linux i686; en-US; rv:1.9.0.5) Gecko/2008121622 Ubuntu/8.10 (intrepid) Firefox/3.0.5"
212.124.172.84 - - [15/Jan/2009:18:52:52 +0100] "GET /zampa/slike/S6BIENNI.GIF HTTP/1.1" 200 35877 "http://www.various-euro.com/zampa/" "Mozilla/5.0 (X11; U; Linux i686; en-US; rv:1.9.0.5) Gecko/2008121622 Ubuntu/8.10 (intrepid) Firefox/3.0.5"
66.249.65.169 - - [15/Jan/2009:18:52:54 +0100] "GET /framez-schubb4.html HTTP/1.1" 200 4318 "-" "Mozilla/5.0 (compatible; Googlebot/2.1; +http://www.google.com/bot.html)"
212.124.172.84 - - [15/Jan/2009:18:53:19 +0100] "GET /zampa/slike/S7MEDIAA.GIF HTTP/1.1" 200 45793 "http://www.various-euro.com/zampa/" "Mozilla/5.0 (X11; U; Linux i686; en-US; rv:1.9.0.5) Gecko/2008121622 Ubuntu/8.10 (intrepid) Firefox/3.0.5"
212.124.172.84 - - [15/Jan/2009:18:54:09 +0100] "GET /zampa/slike/S8CURATO.GIF HTTP/1.1" 200 16968 "http://www.various-euro.com/zampa/" "Mozilla/5.0 (X11; U; Linux i686; en-US; rv:1.9.0.5) Gecko/2008121622 Ubuntu/8.10 (intrepid) Firefox/3.0.5"
212.124.172.84 - - [15/Jan/2009:18:54:24 +0100] "GET /zampa/montenegro/dajpare.html HTTP/1.1" 200 2503 "http://www.various-euro.com/zampa/" "Mozilla/5.0 (X11; U; Linux i686; en-US; rv:1.9.0.5) Gecko/2008121622 Ubuntu/8.10 (intrepid) Firefox/3.0.5"
212.124.172.84 - - [15/Jan/2009:18:54:24 +0100] "GET /zampa/montenegro/slike/BATAW.jpg HTTP/1.1" 200 2631 "http://www.various-euro.com/zampa/montenegro/dajpare.html" "Mozilla/5.0 (X11; U; Linux i686; en-US; rv:1.9.0.5) Gecko/2008121622 Ubuntu/8.10 (intrepid) Firefox/3.0.5"
212.124.172.84 - - [15/Jan/2009:18:54:25 +0100] "GET /zampa/montenegro/slike/SEKAW.jpg HTTP/1.1" 200 2786 "http://www.various-euro.com/zampa/montenegro/dajpare.html" "Mozilla/5.0 (X11; U; Linux i686; en-US; rv:1.9.0.5) Gecko/2008121622 Ubuntu/8.10 (intrepid) Firefox/3.0.5"
212.124.172.84 - - [15/Jan/2009:18:54:25 +0100] "GET /zampa/montenegro/slike/TESLAW.jpg HTTP/1.1" 200 3770 "http://www.various-euro.com/zampa/montenegro/dajpare.html" "Mozilla/5.0 (X11; U; Linux i686; en-US; rv:1.9.0.5) Gecko/2008121622 Ubuntu/8.10 (intrepid) Firefox/3.0.5"
212.124.172.84 - - [15/Jan/2009:18:54:25 +0100] "GET /zampa/montenegro/slike/ZMAJW.jpg HTTP/1.1" 200 4555 "http://www.various-euro.com/zampa/montenegro/dajpare.html" "Mozilla/5.0 (X11; U; Linux i686; en-US; rv:1.9.0.5) Gecko/2008121622 Ubuntu/8.10 (intrepid) Firefox/3.0.5"
212.124.172.84 - - [15/Jan/2009:18:54:25 +0100] "GET /zampa/montenegro/slike/MILOW.jpg HTTP/1.1" 200 3823 "http://www.various-euro.com/zampa/montenegro/dajpare.html" "Mozilla/5.0 (X11; U; Linux i686; en-US; rv:1.9.0.5) Gecko/2008121622 Ubuntu/8.10 (intrepid) Firefox/3.0.5"
212.124.172.84 - - [15/Jan/2009:18:54:29 +0100] "GET /zampa/lybia/index.html HTTP/1.1" 200 3036 "http://www.various-euro.com/zampa/montenegro/dajpare.html" "Mozilla/5.0 (X11; U; Linux i686; en-US; rv:1.9.0.5) Gecko/2008121622 Ubuntu/8.10 (intrepid) Firefox/3.0.5"
212.124.172.84 - - [15/Jan/2009:18:54:29 +0100] "GET /zampa/lybia/slike/tele.jpg HTTP/1.1" 200 28022 "http://www.various-euro.com/zampa/lybia/index.html" "Mozilla/5.0 (X11; U; Linux i686; en-US; rv:1.9.0.5) Gecko/2008121622 Ubuntu/8.10 (intrepid) Firefox/3.0.5"
212.124.172.84 - - [15/Jan/2009:18:54:39 +0100] "GET /zampa/montenegro/dajpare.html HTTP/1.1" 200 2503 "http://www.various-euro.com/zampa/lybia/index.html" "Mozilla/5.0 (X11; U; Linux i686; en-US; rv:1.9.0.5) Gecko/2008121622 Ubuntu/8.10 (intrepid) Firefox/3.0.5"
212.124.172.84 - - [15/Jan/2009:18:54:43 +0100] "GET /zampa/montenegro/index.html HTTP/1.1" 200 2651 "http://www.various-euro.com/zampa/montenegro/dajpare.html" "Mozilla/5.0 (X11; U; Linux i686; en-US; rv:1.9.0.5) Gecko/2008121622 Ubuntu/8.10 (intrepid) Firefox/3.0.5"
212.124.172.84 - - [15/Jan/2009:18:54:43 +0100] "GET /zampa/montenegro/slike/plakat.jpg HTTP/1.1" 200 47879 "http://www.various-euro.com/zampa/montenegro/index.html" "Mozilla/5.0 (X11; U; Linux i686; en-US; rv:1.9.0.5) Gecko/2008121622 Ubuntu/8.10 (intrepid) Firefox/3.0.5"
212.124.172.84 - - [15/Jan/2009:18:55:19 +0100] "GET /zampa/montenegro/contributions.html HTTP/1.1" 200 18843 "http://www.various-euro.com/zampa/montenegro/dajpare.html" "Mozilla/5.0 (X11; U; Linux i686; en-US; rv:1.9.0.5) Gecko/2008121622 Ubuntu/8.10 (intrepid) Firefox/3.0.5"
66.249.65.169 - - [15/Jan/2009:18:56:29 +0100] "GET /3dsf3/sendi/index.html HTTP/1.1" 200 1837 "-" "Mozilla/5.0 (compatible; Googlebot/2.1; +http://www.google.com/bot.html)"
71.41.201.38 - - [15/Jan/2009:18:58:38 +0100] "GET /robots.txt HTTP/1.1" 200 64 "-" "MLBot (www.metadatalabs.com/mlbot)"
71.41.201.38 - - [15/Jan/2009:18:58:38 +0100] "GET /f-rez.html HTTP/1.1" 200 9765 "-" "MLBot (www.metadatalabs.com/mlbot)"
67.195.37.122 - - [15/Jan/2009:19:00:22 +0100] "GET /f-world.html HTTP/1.0" 200 35590 "-" "Mozilla/5.0 (compatible; Yahoo! Slurp; http://help.yahoo.com/help/us/ysearch/slurp)"
66.235.124.7 - - [15/Jan/2009:19:16:00 +0100] "GET /restate_copy.html HTTP/1.1" 200 97631 "-" "Mozilla/5.0 (compatible; Ask Jeeves/Teoma; +http://about.ask.com/en/docs/about/webmasters.shtml)"
66.235.124.7 - - [15/Jan/2009:19:16:01 +0100] "GET /menueleiste.js HTTP/1.1" 404 2748 "-" "Mozilla/5.0 (compatible; Ask Jeeves/Teoma; +http://about.ask.com/en/docs/about/webmasters.shtml)"
66.249.65.169 - - [15/Jan/2009:19:18:03 +0100] "GET /zampa/ HTTP/1.1" 200 7153 "-" "Mozilla/5.0 (compatible; Googlebot/2.1; +http://www.google.com/bot.html)"
66.249.65.169 - - [15/Jan/2009:19:25:15 +0100] "GET /schubb/schubb-4.html HTTP/1.1" 200 17746 "-" "Mozilla/5.0 (compatible; Googlebot/2.1; +http://www.google.com/bot.html)"
67.195.37.122 - - [15/Jan/2009:19:41:14 +0100] "GET /neon/code.html HTTP/1.0" 200 1109 "-" "Mozilla/5.0 (compatible; Yahoo! Slurp/3.0; http://help.yahoo.com/help/us/ysearch/slurp)"
66.249.65.169 - - [15/Jan/2009:19:43:12 +0100] "GET /frame-menu.html HTTP/1.1" 200 10536 "-" "Mozilla/5.0 (compatible; Googlebot/2.1; +http://www.google.com/bot.html)"
67.195.37.122 - - [15/Jan/2009:19:54:25 +0100] "GET /zampa HTTP/1.0" 301 375 "-" "Mozilla/5.0 (compatible; Yahoo! Slurp; http://help.yahoo.com/help/us/ysearch/slurp)"
67.195.37.122 - - [15/Jan/2009:19:54:41 +0100] "GET /zampa/ HTTP/1.0" 200 7153 "-" "Mozilla/5.0 (compatible; Yahoo! Slurp; http://help.yahoo.com/help/us/ysearch/slurp)"
67.195.37.122 - - [15/Jan/2009:20:13:15 +0100] "GET /f-actions.html HTTP/1.0" 200 10429 "-" "Mozilla/5.0 (compatible; Yahoo! Slurp; http://help.yahoo.com/help/us/ysearch/slurp)"
66.249.65.169 - - [15/Jan/2009:20:19:08 +0100] "GET /frame-unten.html HTTP/1.1" 200 5308 "-" "Mozilla/5.0 (compatible; Googlebot/2.1; +http://www.google.com/bot.html)"
220.181.61.232 - - [15/Jan/2009:20:27:23 +0100] "GET /zampa/ HTTP/1.1" 200 7153 "-" "Sogou web spider/4.0(+http://www.sogou.com/docs/help/webmasters.htm#07)"
220.181.61.232 - - [15/Jan/2009:20:32:09 +0100] "GET /robots.txt HTTP/1.1" 304 - "-" "-"
66.249.65.169 - - [15/Jan/2009:20:40:42 +0100] "GET /robots.txt HTTP/1.1" 302 363 "-" "Mozilla/5.0 (compatible; Googlebot/2.1; +http://www.google.com/bot.html)"
66.249.65.169 - - [15/Jan/2009:20:40:42 +0100] "GET /zampa/robots.txt HTTP/1.1" 404 2748 "-" "Mozilla/5.0 (compatible; Googlebot/2.1; +http://www.google.com/bot.html)"
66.249.65.169 - - [15/Jan/2009:20:40:42 +0100] "GET / HTTP/1.1" 302 353 "-" "Mozilla/5.0 (compatible; Googlebot/2.1; +http://www.google.com/bot.html)"
74.6.18.241 - - [15/Jan/2009:20:55:19 +0100] "GET /zampa/ HTTP/1.0" 200 7153 "-" "Mozilla/5.0 (compatible; Yahoo! Slurp; http://help.yahoo.com/help/us/ysearch/slurp)"
208.43.145.194 - - [15/Jan/2009:21:02:14 +0100] "GET /restate_copy.html HTTP/1.1" 200 97631 "-" "Mozilla/4.0 (compatible; MSIE 5.01; Windows NT 5.0)"
67.195.37.122 - - [15/Jan/2009:21:33:45 +0100] "GET /neon/code.html HTTP/1.0" 200 1109 "-" "Mozilla/5.0 (compatible; Yahoo! Slurp/3.0; http://help.yahoo.com/help/us/ysearch/slurp)"
84.190.4.31 - - [15/Jan/2009:21:41:07 +0100] "GET / HTTP/1.1" 200 7869 "-" "Mozilla/5.0 (X11; U; Linux i686; de; rv:1.9.0.5) Gecko/2008121622 Ubuntu/8.10 (intrepid) Firefox/3.0.5"
84.190.4.31 - - [15/Jan/2009:21:41:07 +0100] "GET /style/various-euro.css HTTP/1.1" 200 3437 "http://various-euro.com/" "Mozilla/5.0 (X11; U; Linux i686; de; rv:1.9.0.5) Gecko/2008121622 Ubuntu/8.10 (intrepid) Firefox/3.0.5"
84.190.4.31 - - [15/Jan/2009:21:41:07 +0100] "GET /ve-icon-2.ico HTTP/1.1" 200 2238 "-" "Mozilla/5.0 (X11; U; Linux i686; de; rv:1.9.0.5) Gecko/2008121622 Ubuntu/8.10 (intrepid) Firefox/3.0.5"
84.190.4.31 - - [15/Jan/2009:21:41:07 +0100] "GET /framez_0.html HTTP/1.1" 200 12444 "http://various-euro.com/" "Mozilla/5.0 (X11; U; Linux i686; de; rv:1.9.0.5) Gecko/2008121622 Ubuntu/8.10 (intrepid) Firefox/3.0.5"
84.190.4.31 - - [15/Jan/2009:21:41:11 +0100] "GET /framez.html HTTP/1.1" 200 3959 "http://various-euro.com/framez_0.html" "Mozilla/5.0 (X11; U; Linux i686; de; rv:1.9.0.5) Gecko/2008121622 Ubuntu/8.10 (intrepid) Firefox/3.0.5"
84.190.4.31 - - [15/Jan/2009:21:41:12 +0100] "GET /frame-menu.html HTTP/1.1" 200 10536 "http://various-euro.com/framez.html" "Mozilla/5.0 (X11; U; Linux i686; de; rv:1.9.0.5) Gecko/2008121622 Ubuntu/8.10 (intrepid) Firefox/3.0.5"
84.190.4.31 - - [15/Jan/2009:21:41:12 +0100] "GET /frame-inhalt.html HTTP/1.1" 200 5418 "http://various-euro.com/framez.html" "Mozilla/5.0 (X11; U; Linux i686; de; rv:1.9.0.5) Gecko/2008121622 Ubuntu/8.10 (intrepid) Firefox/3.0.5"
84.190.4.31 - - [15/Jan/2009:21:41:12 +0100] "GET /frame-unten.html HTTP/1.1" 200 5308 "http://various-euro.com/framez.html" "Mozilla/5.0 (X11; U; Linux i686; de; rv:1.9.0.5) Gecko/2008121622 Ubuntu/8.10 (intrepid) Firefox/3.0.5"
84.190.4.31 - - [15/Jan/2009:21:41:12 +0100] "GET /bannerz/neon_click_3.gif HTTP/1.1" 200 240 "http://various-euro.com/frame-inhalt.html" "Mozilla/5.0 (X11; U; Linux i686; de; rv:1.9.0.5) Gecko/2008121622 Ubuntu/8.10 (intrepid) Firefox/3.0.5"
84.190.4.31 - - [15/Jan/2009:21:41:12 +0100] "GET /bannerz/neon_click_1.gif HTTP/1.1" 200 890 "http://various-euro.com/frame-inhalt.html" "Mozilla/5.0 (X11; U; Linux i686; de; rv:1.9.0.5) Gecko/2008121622 Ubuntu/8.10 (intrepid) Firefox/3.0.5"
84.190.4.31 - - [15/Jan/2009:21:41:12 +0100] "GET /eurosign3.gif HTTP/1.1" 200 7879 "http://various-euro.com/frame-inhalt.html" "Mozilla/5.0 (X11; U; Linux i686; de; rv:1.9.0.5) Gecko/2008121622 Ubuntu/8.10 (intrepid) Firefox/3.0.5"
84.190.4.31 - - [15/Jan/2009:21:41:12 +0100] "GET /bannerz/neon_click_2.gif HTTP/1.1" 200 387 "http://various-euro.com/frame-inhalt.html" "Mozilla/5.0 (X11; U; Linux i686; de; rv:1.9.0.5) Gecko/2008121622 Ubuntu/8.10 (intrepid) Firefox/3.0.5"
84.190.4.31 - - [15/Jan/2009:21:41:12 +0100] "GET /bannerz/wet.gif HTTP/1.1" 200 18561 "http://various-euro.com/frame-inhalt.html" "Mozilla/5.0 (X11; U; Linux i686; de; rv:1.9.0.5) Gecko/2008121622 Ubuntu/8.10 (intrepid) Firefox/3.0.5"
84.190.4.31 - - [15/Jan/2009:21:41:12 +0100] "GET /bannerz/douwil.gif HTTP/1.1" 200 528 "http://various-euro.com/frame-inhalt.html" "Mozilla/5.0 (X11; U; Linux i686; de; rv:1.9.0.5) Gecko/2008121622 Ubuntu/8.10 (intrepid) Firefox/3.0.5"
84.190.4.31 - - [15/Jan/2009:21:41:12 +0100] "GET /bannerz/anti_black_small.gif HTTP/1.1" 200 1009 "http://various-euro.com/frame-inhalt.html" "Mozilla/5.0 (X11; U; Linux i686; de; rv:1.9.0.5) Gecko/2008121622 Ubuntu/8.10 (intrepid) Firefox/3.0.5"
84.190.4.31 - - [15/Jan/2009:21:41:12 +0100] "GET /bannerz/copyleft_black_small.gif HTTP/1.1" 200 1231 "http://various-euro.com/frame-inhalt.html" "Mozilla/5.0 (X11; U; Linux i686; de; rv:1.9.0.5) Gecko/2008121622 Ubuntu/8.10 (intrepid) Firefox/3.0.5"
84.190.4.31 - - [15/Jan/2009:21:41:12 +0100] "GET /bannerz/google/Logo_40blk.gif HTTP/1.1" 200 2308 "http://various-euro.com/frame-inhalt.html" "Mozilla/5.0 (X11; U; Linux i686; de; rv:1.9.0.5) Gecko/2008121622 Ubuntu/8.10 (intrepid) Firefox/3.0.5"
84.190.4.31 - - [15/Jan/2009:21:41:12 +0100] "GET /bannerz/goolag_468.jpg HTTP/1.1" 200 28285 "http://various-euro.com/frame-inhalt.html" "Mozilla/5.0 (X11; U; Linux i686; de; rv:1.9.0.5) Gecko/2008121622 Ubuntu/8.10 (intrepid) Firefox/3.0.5"
84.190.4.31 - - [15/Jan/2009:21:41:12 +0100] "GET /bannerz/ve.jpg HTTP/1.1" 200 36912 "http://various-euro.com/frame-unten.html" "Mozilla/5.0 (X11; U; Linux i686; de; rv:1.9.0.5) Gecko/2008121622 Ubuntu/8.10 (intrepid) Firefox/3.0.5"
84.190.4.31 - - [15/Jan/2009:21:41:12 +0100] "GET /bannerz/various-euro-girl.jpg HTTP/1.1" 200 91514 "http://various-euro.com/frame-unten.html" "Mozilla/5.0 (X11; U; Linux i686; de; rv:1.9.0.5) Gecko/2008121622 Ubuntu/8.10 (intrepid) Firefox/3.0.5"
84.190.4.31 - - [15/Jan/2009:21:41:33 +0100] "GET /f-warez.html HTTP/1.1" 200 10953 "http://various-euro.com/frame-menu.html" "Mozilla/5.0 (X11; U; Linux i686; de; rv:1.9.0.5) Gecko/2008121622 Ubuntu/8.10 (intrepid) Firefox/3.0.5"
84.190.4.31 - - [15/Jan/2009:21:41:33 +0100] "GET /bannerz/kmfms-banner.gif HTTP/1.1" 200 8484 "http://various-euro.com/f-warez.html" "Mozilla/5.0 (X11; U; Linux i686; de; rv:1.9.0.5) Gecko/2008121622 Ubuntu/8.10 (intrepid) Firefox/3.0.5"
84.190.4.31 - - [15/Jan/2009:21:41:33 +0100] "GET /bannerz/AgainstTCPA-Log01Banner.gif HTTP/1.1" 200 6186 "http://various-euro.com/f-warez.html" "Mozilla/5.0 (X11; U; Linux i686; de; rv:1.9.0.5) Gecko/2008121622 Ubuntu/8.10 (intrepid) Firefox/3.0.5"
84.190.4.31 - - [15/Jan/2009:21:41:33 +0100] "GET /shoppingcart.gif HTTP/1.1" 200 1386 "http://various-euro.com/f-warez.html" "Mozilla/5.0 (X11; U; Linux i686; de; rv:1.9.0.5) Gecko/2008121622 Ubuntu/8.10 (intrepid) Firefox/3.0.5"
84.190.4.31 - - [15/Jan/2009:21:41:33 +0100] "GET /textz.gif HTTP/1.1" 200 871 "http://various-euro.com/f-warez.html" "Mozilla/5.0 (X11; U; Linux i686; de; rv:1.9.0.5) Gecko/2008121622 Ubuntu/8.10 (intrepid) Firefox/3.0.5"
84.190.4.31 - - [15/Jan/2009:21:41:34 +0100] "GET /bannerz/quisse.gif HTTP/1.1" 200 2846 "http://various-euro.com/f-warez.html" "Mozilla/5.0 (X11; U; Linux i686; de; rv:1.9.0.5) Gecko/2008121622 Ubuntu/8.10 (intrepid) Firefox/3.0.5"
84.190.4.31 - - [15/Jan/2009:21:41:33 +0100] "GET /warezcrawler.jpg HTTP/1.1" 200 15588 "http://various-euro.com/f-warez.html" "Mozilla/5.0 (X11; U; Linux i686; de; rv:1.9.0.5) Gecko/2008121622 Ubuntu/8.10 (intrepid) Firefox/3.0.5"
84.190.4.31 - - [15/Jan/2009:21:41:34 +0100] "GET /hsp.gif HTTP/1.1" 200 42603 "http://various-euro.com/f-warez.html" "Mozilla/5.0 (X11; U; Linux i686; de; rv:1.9.0.5) Gecko/2008121622 Ubuntu/8.10 (intrepid) Firefox/3.0.5"
84.190.4.31 - - [15/Jan/2009:21:41:42 +0100] "GET /f-web.html HTTP/1.1" 200 13605 "http://various-euro.com/frame-menu.html" "Mozilla/5.0 (X11; U; Linux i686; de; rv:1.9.0.5) Gecko/2008121622 Ubuntu/8.10 (intrepid) Firefox/3.0.5"
84.190.4.31 - - [15/Jan/2009:21:41:42 +0100] "GET /bannerz/MatrixGamesSpwaw468x60.gif HTTP/1.1" 200 17743 "http://various-euro.com/f-web.html" "Mozilla/5.0 (X11; U; Linux i686; de; rv:1.9.0.5) Gecko/2008121622 Ubuntu/8.10 (intrepid) Firefox/3.0.5"
84.190.4.31 - - [15/Jan/2009:21:41:42 +0100] "GET /bannerz/camu3.jpg HTTP/1.1" 200 2318 "http://various-euro.com/f-web.html" "Mozilla/5.0 (X11; U; Linux i686; de; rv:1.9.0.5) Gecko/2008121622 Ubuntu/8.10 (intrepid) Firefox/3.0.5"
84.190.4.31 - - [15/Jan/2009:21:41:42 +0100] "GET /bannerz/webmasters_click_here.gif HTTP/1.1" 200 1207 "http://various-euro.com/f-web.html" "Mozilla/5.0 (X11; U; Linux i686; de; rv:1.9.0.5) Gecko/2008121622 Ubuntu/8.10 (intrepid) Firefox/3.0.5"
84.190.4.31 - - [15/Jan/2009:21:41:42 +0100] "GET /bannerz/nmap_bnr_matrix_iain.gif HTTP/1.1" 200 9785 "http://various-euro.com/f-web.html" "Mozilla/5.0 (X11; U; Linux i686; de; rv:1.9.0.5) Gecko/2008121622 Ubuntu/8.10 (intrepid) Firefox/3.0.5"
84.190.4.31 - - [15/Jan/2009:21:41:42 +0100] "GET /bannerz/csw13.gif HTTP/1.1" 200 12290 "http://various-euro.com/f-web.html" "Mozilla/5.0 (X11; U; Linux i686; de; rv:1.9.0.5) Gecko/2008121622 Ubuntu/8.10 (intrepid) Firefox/3.0.5"
84.190.4.31 - - [15/Jan/2009:21:41:42 +0100] "GET /bannerz/telekom.gif HTTP/1.1" 200 26749 "http://various-euro.com/f-web.html" "Mozilla/5.0 (X11; U; Linux i686; de; rv:1.9.0.5) Gecko/2008121622 Ubuntu/8.10 (intrepid) Firefox/3.0.5"
84.190.4.31 - - [15/Jan/2009:21:43:26 +0100] "GET /f-bannnerz.html HTTP/1.1" 200 12651 "http://various-euro.com/frame-menu.html" "Mozilla/5.0 (X11; U; Linux i686; de; rv:1.9.0.5) Gecko/2008121622 Ubuntu/8.10 (intrepid) Firefox/3.0.5"
84.190.4.31 - - [15/Jan/2009:21:43:27 +0100] "GET /bannerz/sound/blood-Sound002.mid HTTP/1.1" 200 9960 "http://various-euro.com/f-bannnerz.html" "Mozilla/5.0 (X11; U; Linux i686; de; rv:1.9.0.5) Gecko/2008121622 Ubuntu/8.10 (intrepid) Firefox/3.0.5"
84.190.4.31 - - [15/Jan/2009:21:43:26 +0100] "GET /bannerz/gg1.gif HTTP/1.1" 200 30485 "http://various-euro.com/f-bannnerz.html" "Mozilla/5.0 (X11; U; Linux i686; de; rv:1.9.0.5) Gecko/2008121622 Ubuntu/8.10 (intrepid) Firefox/3.0.5"
84.190.4.31 - - [15/Jan/2009:21:43:27 +0100] "GET /bannerz/ve-girl.gif HTTP/1.1" 200 61791 "http://various-euro.com/f-bannnerz.html" "Mozilla/5.0 (X11; U; Linux i686; de; rv:1.9.0.5) Gecko/2008121622 Ubuntu/8.10 (intrepid) Firefox/3.0.5"
84.190.4.31 - - [15/Jan/2009:21:43:26 +0100] "GET /bannerz/ve-campaign-strip-2.jpg HTTP/1.1" 200 54302 "http://various-euro.com/f-bannnerz.html" "Mozilla/5.0 (X11; U; Linux i686; de; rv:1.9.0.5) Gecko/2008121622 Ubuntu/8.10 (intrepid) Firefox/3.0.5"
84.190.4.31 - - [15/Jan/2009:21:43:26 +0100] "GET /bannerz/aani_2.gif HTTP/1.1" 200 49981 "http://various-euro.com/f-bannnerz.html" "Mozilla/5.0 (X11; U; Linux i686; de; rv:1.9.0.5) Gecko/2008121622 Ubuntu/8.10 (intrepid) Firefox/3.0.5"
84.190.4.31 - - [15/Jan/2009:21:43:27 +0100] "GET /bannerz/ve-campaign-strip-1.jpg HTTP/1.1" 200 61295 "http://various-euro.com/f-bannnerz.html" "Mozilla/5.0 (X11; U; Linux i686; de; rv:1.9.0.5) Gecko/2008121622 Ubuntu/8.10 (intrepid) Firefox/3.0.5"
84.190.4.31 - - [15/Jan/2009:21:43:54 +0100] "GET /f-doku-brau.html HTTP/1.1" 200 7152 "http://various-euro.com/frame-menu.html" "Mozilla/5.0 (X11; U; Linux i686; de; rv:1.9.0.5) Gecko/2008121622 Ubuntu/8.10 (intrepid) Firefox/3.0.5"
84.190.4.31 - - [15/Jan/2009:21:43:54 +0100] "GET /bannerz/dose.gif HTTP/1.1" 200 1868 "http://various-euro.com/f-doku-brau.html" "Mozilla/5.0 (X11; U; Linux i686; de; rv:1.9.0.5) Gecko/2008121622 Ubuntu/8.10 (intrepid) Firefox/3.0.5"
84.190.4.31 - - [15/Jan/2009:21:43:55 +0100] "GET /bannerz/bonus.gif HTTP/1.1" 200 2403 "http://various-euro.com/f-doku-brau.html" "Mozilla/5.0 (X11; U; Linux i686; de; rv:1.9.0.5) Gecko/2008121622 Ubuntu/8.10 (intrepid) Firefox/3.0.5"
84.190.4.31 - - [15/Jan/2009:21:43:55 +0100] "GET /bannerz/etikett.jpg HTTP/1.1" 200 12367 "http://various-euro.com/f-doku-brau.html" "Mozilla/5.0 (X11; U; Linux i686; de; rv:1.9.0.5) Gecko/2008121622 Ubuntu/8.10 (intrepid) Firefox/3.0.5"
84.190.4.31 - - [15/Jan/2009:21:43:58 +0100] "GET /menueleiste.js HTTP/1.1" 404 2748 "http://various-euro.com/restate_copy.html" "Mozilla/5.0 (X11; U; Linux i686; de; rv:1.9.0.5) Gecko/2008121622 Ubuntu/8.10 (intrepid) Firefox/3.0.5"
84.190.4.31 - - [15/Jan/2009:21:43:58 +0100] "GET /bannerz/rebelle.gif HTTP/1.1" 200 6986 "http://various-euro.com/restate_copy.html" "Mozilla/5.0 (X11; U; Linux i686; de; rv:1.9.0.5) Gecko/2008121622 Ubuntu/8.10 (intrepid) Firefox/3.0.5"
84.190.4.31 - - [15/Jan/2009:21:43:58 +0100] "GET /detonators.gif HTTP/1.1" 200 14892 "http://various-euro.com/restate_copy.html" "Mozilla/5.0 (X11; U; Linux i686; de; rv:1.9.0.5) Gecko/2008121622 Ubuntu/8.10 (intrepid) Firefox/3.0.5"
84.190.4.31 - - [15/Jan/2009:21:43:58 +0100] "GET /restate_copy.html HTTP/1.1" 200 97631 "http://various-euro.com/frame-menu.html" "Mozilla/5.0 (X11; U; Linux i686; de; rv:1.9.0.5) Gecko/2008121622 Ubuntu/8.10 (intrepid) Firefox/3.0.5"
84.190.4.31 - - [15/Jan/2009:21:44:00 +0100] "GET / HTTP/1.1" 302 353 "http://various-euro.com/frame-menu.html" "Mozilla/5.0 (X11; U; Linux i686; de; rv:1.9.0.5) Gecko/2008121622 Ubuntu/8.10 (intrepid) Firefox/3.0.5"
84.190.4.31 - - [15/Jan/2009:21:44:00 +0100] "GET /zampa/ HTTP/1.1" 200 7153 "http://various-euro.com/frame-menu.html" "Mozilla/5.0 (X11; U; Linux i686; de; rv:1.9.0.5) Gecko/2008121622 Ubuntu/8.10 (intrepid) Firefox/3.0.5"
84.190.4.31 - - [15/Jan/2009:21:44:00 +0100] "GET /zampa/slike/zampa.gif HTTP/1.1" 200 5310 "http://www.various-euro.com/zampa/" "Mozilla/5.0 (X11; U; Linux i686; de; rv:1.9.0.5) Gecko/2008121622 Ubuntu/8.10 (intrepid) Firefox/3.0.5"
84.190.4.31 - - [15/Jan/2009:21:44:00 +0100] "GET /zampa/slike/udupetu.gif HTTP/1.1" 200 4138 "http://www.various-euro.com/zampa/" "Mozilla/5.0 (X11; U; Linux i686; de; rv:1.9.0.5) Gecko/2008121622 Ubuntu/8.10 (intrepid) Firefox/3.0.5"
84.190.4.31 - - [15/Jan/2009:21:44:01 +0100] "GET /zampa/slike/inthearse.gif HTTP/1.1" 200 4077 "http://www.various-euro.com/zampa/" "Mozilla/5.0 (X11; U; Linux i686; de; rv:1.9.0.5) Gecko/2008121622 Ubuntu/8.10 (intrepid) Firefox/3.0.5"
84.190.4.31 - - [15/Jan/2009:21:44:02 +0100] "GET /f-horrorkatze.html HTTP/1.1" 200 7865 "http://various-euro.com/frame-menu.html" "Mozilla/5.0 (X11; U; Linux i686; de; rv:1.9.0.5) Gecko/2008121622 Ubuntu/8.10 (intrepid) Firefox/3.0.5"
84.190.4.31 - - [15/Jan/2009:21:44:03 +0100] "GET /bannerz/gras.jpg HTTP/1.1" 200 15895 "http://various-euro.com/f-horrorkatze.html" "Mozilla/5.0 (X11; U; Linux i686; de; rv:1.9.0.5) Gecko/2008121622 Ubuntu/8.10 (intrepid) Firefox/3.0.5"
84.190.4.31 - - [15/Jan/2009:21:44:03 +0100] "GET /bannerz/horrorkatze/teGIFT.JPG HTTP/1.1" 200 4873 "http://various-euro.com/f-horrorkatze.html" "Mozilla/5.0 (X11; U; Linux i686; de; rv:1.9.0.5) Gecko/2008121622 Ubuntu/8.10 (intrepid) Firefox/3.0.5"
84.190.4.31 - - [15/Jan/2009:21:44:03 +0100] "GET /bannerz/horrorkatze/struct-fotoalbum.mpg HTTP/1.1" 200 25146 "http://various-euro.com/f-horrorkatze.html" "Mozilla/5.0 (X11; U; Linux i686; de; rv:1.9.0.5) Gecko/2008121622 Ubuntu/8.10 (intrepid) Firefox/3.0.5"
84.190.4.31 - - [15/Jan/2009:21:44:03 +0100] "GET /sound/KEYWEST.MID HTTP/1.1" 404 2748 "http://various-euro.com/f-horrorkatze.html" "Mozilla/5.0 (X11; U; Linux i686; de; rv:1.9.0.5) Gecko/2008121622 Ubuntu/8.10 (intrepid) Firefox/3.0.5"
84.190.4.31 - - [15/Jan/2009:21:44:03 +0100] "GET /bannerz/horrorkatze/EAT.gif HTTP/1.1" 200 89369 "http://various-euro.com/f-horrorkatze.html" "Mozilla/5.0 (X11; U; Linux i686; de; rv:1.9.0.5) Gecko/2008121622 Ubuntu/8.10 (intrepid) Firefox/3.0.5"
84.190.4.31 - - [15/Jan/2009:21:44:03 +0100] "GET /bannerz/horrorkatze/kontext-inform.mpg HTTP/1.1" 200 96263 "http://various-euro.com/f-horrorkatze.html" "Mozilla/5.0 (X11; U; Linux i686; de; rv:1.9.0.5) Gecko/2008121622 Ubuntu/8.10 (intrepid) Firefox/3.0.5"
84.190.4.31 - - [15/Jan/2009:21:44:03 +0100] "GET /bannerz/horrorkatze/kontext-inform.mpg HTTP/1.1" 206 96263 "http://various-euro.com/f-horrorkatze.html" "Mozilla/5.0 (X11; U; Linux i686; de; rv:1.9.0.5) Gecko/2008121622 Ubuntu/8.10 (intrepid) Firefox/3.0.5"
84.190.4.31 - - [15/Jan/2009:21:44:03 +0100] "GET /bannerz/horrorkatze/struct-fotoalbum.mpg HTTP/1.1" 206 25146 "http://various-euro.com/f-horrorkatze.html" "Mozilla/5.0 (X11; U; Linux i686; de; rv:1.9.0.5) Gecko/2008121622 Ubuntu/8.10 (intrepid) Firefox/3.0.5"
84.190.4.31 - - [15/Jan/2009:21:44:04 +0100] "GET /bannerz/horrorkatze/kontext-inform.mpg HTTP/1.1" 206 92300 "-" "Mozilla/5.0 (X11; U; Linux i686; de; rv:1.9.0.5) Gecko/2008121622 Ubuntu/8.10 (intrepid) Firefox/3.0.5"
84.190.4.31 - - [15/Jan/2009:21:44:04 +0100] "GET /bannerz/horrorkatze/struct-fotoalbum.mpg HTTP/1.1" 206 22635 "-" "Mozilla/5.0 (X11; U; Linux i686; de; rv:1.9.0.5) Gecko/2008121622 Ubuntu/8.10 (intrepid) Firefox/3.0.5"
84.190.4.31 - - [15/Jan/2009:21:44:04 +0100] "GET /bannerz/horrorkatze/kontext-inform.mpg HTTP/1.1" 206 92300 "-" "Mozilla/5.0 (X11; U; Linux i686; de; rv:1.9.0.5) Gecko/2008121622 Ubuntu/8.10 (intrepid) Firefox/3.0.5"
84.190.4.31 - - [15/Jan/2009:21:44:04 +0100] "GET /bannerz/horrorkatze/struct-fotoalbum.mpg HTTP/1.1" 206 18674 "-" "Mozilla/5.0 (X11; U; Linux i686; de; rv:1.9.0.5) Gecko/2008121622 Ubuntu/8.10 (intrepid) Firefox/3.0.5"
84.190.4.31 - - [15/Jan/2009:21:44:12 +0100] "GET /sendi_agent.html HTTP/1.1" 200 6213 "http://various-euro.com/frame-menu.html" "Mozilla/5.0 (X11; U; Linux i686; de; rv:1.9.0.5) Gecko/2008121622 Ubuntu/8.10 (intrepid) Firefox/3.0.5"
84.190.4.31 - - [15/Jan/2009:21:44:12 +0100] "GET /bannerz/horrorkatze/xSENDI_BA.jpg HTTP/1.1" 200 4876 "http://various-euro.com/sendi_agent.html" "Mozilla/5.0 (X11; U; Linux i686; de; rv:1.9.0.5) Gecko/2008121622 Ubuntu/8.10 (intrepid) Firefox/3.0.5"
84.190.4.31 - - [15/Jan/2009:21:44:12 +0100] "GET /3dsf3/sendi/index.html HTTP/1.1" 200 1837 "http://various-euro.com/sendi_agent.html" "Mozilla/5.0 (X11; U; Linux i686; de; rv:1.9.0.5) Gecko/2008121622 Ubuntu/8.10 (intrepid) Firefox/3.0.5"
84.190.4.31 - - [15/Jan/2009:21:44:12 +0100] "GET /3dsf3/sendi/sendisendi.html HTTP/1.1" 200 5118 "http://various-euro.com/sendi_agent.html" "Mozilla/5.0 (X11; U; Linux i686; de; rv:1.9.0.5) Gecko/2008121622 Ubuntu/8.10 (intrepid) Firefox/3.0.5"
84.190.4.31 - - [15/Jan/2009:21:44:12 +0100] "GET /3dsf3/sendi/slike/sendi-install.jpg HTTP/1.1" 200 6966 "http://various-euro.com/3dsf3/sendi/index.html" "Mozilla/5.0 (X11; U; Linux i686; de; rv:1.9.0.5) Gecko/2008121622 Ubuntu/8.10 (intrepid) Firefox/3.0.5"
84.190.4.31 - - [15/Jan/2009:21:44:12 +0100] "GET /3dsf3/sendi/slike/ifi.jpg HTTP/1.1" 200 5735 "http://various-euro.com/3dsf3/sendi/index.html" "Mozilla/5.0 (X11; U; Linux i686; de; rv:1.9.0.5) Gecko/2008121622 Ubuntu/8.10 (intrepid) Firefox/3.0.5"
84.190.4.31 - - [15/Jan/2009:21:44:12 +0100] "GET /3dsf3/sendi/formate.css HTTP/1.1" 200 474 "http://various-euro.com/3dsf3/sendi/index.html" "Mozilla/5.0 (X11; U; Linux i686; de; rv:1.9.0.5) Gecko/2008121622 Ubuntu/8.10 (intrepid) Firefox/3.0.5"
84.190.4.31 - - [15/Jan/2009:21:44:12 +0100] "GET /3dsf3/sendi/slike/wewant.jpg HTTP/1.1" 200 7142 "http://various-euro.com/3dsf3/sendi/index.html" "Mozilla/5.0 (X11; U; Linux i686; de; rv:1.9.0.5) Gecko/2008121622 Ubuntu/8.10 (intrepid) Firefox/3.0.5"
84.190.4.31 - - [15/Jan/2009:21:44:12 +0100] "GET /3dsf3/sendi/slike/various-sendi.jpg HTTP/1.1" 200 6368 "http://various-euro.com/3dsf3/sendi/index.html" "Mozilla/5.0 (X11; U; Linux i686; de; rv:1.9.0.5) Gecko/2008121622 Ubuntu/8.10 (intrepid) Firefox/3.0.5"
84.190.4.31 - - [15/Jan/2009:21:44:12 +0100] "GET /3dsf3/sendi/slike/sendichannel3.jpg HTTP/1.1" 200 10395 "http://various-euro.com/3dsf3/sendi/sendisendi.html" "Mozilla/5.0 (X11; U; Linux i686; de; rv:1.9.0.5) Gecko/2008121622 Ubuntu/8.10 (intrepid) Firefox/3.0.5"
84.190.4.31 - - [15/Jan/2009:21:44:12 +0100] "GET /3dsf3/sendi/slike/sendichannel1.jpg HTTP/1.1" 200 10755 "http://various-euro.com/3dsf3/sendi/sendisendi.html" "Mozilla/5.0 (X11; U; Linux i686; de; rv:1.9.0.5) Gecko/2008121622 Ubuntu/8.10 (intrepid) Firefox/3.0.5"
84.190.4.31 - - [15/Jan/2009:21:44:12 +0100] "GET /3dsf3/sendi/slike/sendichannel2.jpg HTTP/1.1" 200 9728 "http://various-euro.com/3dsf3/sendi/sendisendi.html" "Mozilla/5.0 (X11; U; Linux i686; de; rv:1.9.0.5) Gecko/2008121622 Ubuntu/8.10 (intrepid) Firefox/3.0.5"
84.190.4.31 - - [15/Jan/2009:21:44:12 +0100] "GET /3dsf3/sendi/slike/SHEMA.JPG HTTP/1.1" 200 24378 "http://various-euro.com/3dsf3/sendi/sendisendi.html" "Mozilla/5.0 (X11; U; Linux i686; de; rv:1.9.0.5) Gecko/2008121622 Ubuntu/8.10 (intrepid) Firefox/3.0.5"
84.190.4.31 - - [15/Jan/2009:21:44:13 +0100] "GET /3dsf3/sendi/slike/ddplugin-table.jpg HTTP/1.1" 200 10146 "http://various-euro.com/3dsf3/sendi/sendisendi.html" "Mozilla/5.0 (X11; U; Linux i686; de; rv:1.9.0.5) Gecko/2008121622 Ubuntu/8.10 (intrepid) Firefox/3.0.5"
84.190.4.31 - - [15/Jan/2009:21:44:13 +0100] "GET /3dsf3/sendi/slike/ddplugin-table2.jpg HTTP/1.1" 200 10055 "http://various-euro.com/3dsf3/sendi/sendisendi.html" "Mozilla/5.0 (X11; U; Linux i686; de; rv:1.9.0.5) Gecko/2008121622 Ubuntu/8.10 (intrepid) Firefox/3.0.5"
84.190.4.31 - - [15/Jan/2009:21:44:13 +0100] "GET /3dsf3/sendi/slike/xSENDI_BA.jpg HTTP/1.1" 200 4876 "http://various-euro.com/3dsf3/sendi/sendisendi.html" "Mozilla/5.0 (X11; U; Linux i686; de; rv:1.9.0.5) Gecko/2008121622 Ubuntu/8.10 (intrepid) Firefox/3.0.5"
84.190.4.31 - - [15/Jan/2009:21:44:13 +0100] "GET /3dsf3/sendi/seks_sendi.mpg HTTP/1.1" 404 2748 "http://various-euro.com/3dsf3/sendi/sendisendi.html" "Mozilla/5.0 (X11; U; Linux i686; de; rv:1.9.0.5) Gecko/2008121622 Ubuntu/8.10 (intrepid) Firefox/3.0.5"
84.190.4.31 - - [15/Jan/2009:21:44:13 +0100] "GET /3dsf3/sendi/seks_sendi.mpg HTTP/1.1" 404 2748 "-" "Mozilla/5.0 (X11; U; Linux i686; de; rv:1.9.0.5) Gecko/2008121622 Ubuntu/8.10 (intrepid) Firefox/3.0.5"
84.190.4.31 - - [15/Jan/2009:21:44:37 +0100] "GET /zampa-lovers/index.html HTTP/1.1" 200 37790 "http://various-euro.com/frame-menu.html" "Mozilla/5.0 (X11; U; Linux i686; de; rv:1.9.0.5) Gecko/2008121622 Ubuntu/8.10 (intrepid) Firefox/3.0.5"
84.190.4.31 - - [15/Jan/2009:21:44:37 +0100] "GET /zampa-lovers/kralle.gif HTTP/1.1" 404 2748 "http://various-euro.com/zampa-lovers/index.html" "Mozilla/5.0 (X11; U; Linux i686; de; rv:1.9.0.5) Gecko/2008121622 Ubuntu/8.10 (intrepid) Firefox/3.0.5"
84.190.4.31 - - [15/Jan/2009:21:44:37 +0100] "GET /zampa-lovers/DRAGAN_Z.JPG HTTP/1.1" 200 6850 "http://various-euro.com/zampa-lovers/index.html" "Mozilla/5.0 (X11; U; Linux i686; de; rv:1.9.0.5) Gecko/2008121622 Ubuntu/8.10 (intrepid) Firefox/3.0.5"
84.190.4.31 - - [15/Jan/2009:21:44:37 +0100] "GET /zampa-lovers/MILIZA_B.JPG HTTP/1.1" 200 10947 "http://various-euro.com/zampa-lovers/index.html" "Mozilla/5.0 (X11; U; Linux i686; de; rv:1.9.0.5) Gecko/2008121622 Ubuntu/8.10 (intrepid) Firefox/3.0.5"
84.190.4.31 - - [15/Jan/2009:21:44:37 +0100] "GET /zampa-lovers/MILIZA_2.JPG HTTP/1.1" 200 22172 "http://various-euro.com/zampa-lovers/index.html" "Mozilla/5.0 (X11; U; Linux i686; de; rv:1.9.0.5) Gecko/2008121622 Ubuntu/8.10 (intrepid) Firefox/3.0.5"
84.190.4.31 - - [15/Jan/2009:21:44:37 +0100] "GET /zampa-lovers/ZAMPAMA2.MPG HTTP/1.1" 200 63492 "http://various-euro.com/zampa-lovers/index.html" "Mozilla/5.0 (X11; U; Linux i686; de; rv:1.9.0.5) Gecko/2008121622 Ubuntu/8.10 (intrepid) Firefox/3.0.5"
84.190.4.31 - - [15/Jan/2009:21:44:37 +0100] "GET /zampa-lovers/MILIZA_3.JPG HTTP/1.1" 200 26924 "http://various-euro.com/zampa-lovers/index.html" "Mozilla/5.0 (X11; U; Linux i686; de; rv:1.9.0.5) Gecko/2008121622 Ubuntu/8.10 (intrepid) Firefox/3.0.5"
84.190.4.31 - - [15/Jan/2009:21:44:38 +0100] "GET /zampa-lovers/MILIZA_4.JPG HTTP/1.1" 200 9946 "http://various-euro.com/zampa-lovers/index.html" "Mozilla/5.0 (X11; U; Linux i686; de; rv:1.9.0.5) Gecko/2008121622 Ubuntu/8.10 (intrepid) Firefox/3.0.5"
84.190.4.31 - - [15/Jan/2009:21:44:38 +0100] "GET /zampa-lovers/DRAGANZA.JPG HTTP/1.1" 200 18560 "http://various-euro.com/zampa-lovers/index.html" "Mozilla/5.0 (X11; U; Linux i686; de; rv:1.9.0.5) Gecko/2008121622 Ubuntu/8.10 (intrepid) Firefox/3.0.5"
84.190.4.31 - - [15/Jan/2009:21:44:37 +0100] "GET /zampa-lovers/WASISTMI1.MPG HTTP/1.1" 200 271221 "http://various-euro.com/zampa-lovers/index.html" "Mozilla/5.0 (X11; U; Linux i686; de; rv:1.9.0.5) Gecko/2008121622 Ubuntu/8.10 (intrepid) Firefox/3.0.5"
84.190.4.31 - - [15/Jan/2009:21:44:38 +0100] "GET /zampa-lovers/Kralle.gif HTTP/1.1" 200 260 "http://various-euro.com/zampa-lovers/index.html" "Mozilla/5.0 (X11; U; Linux i686; de; rv:1.9.0.5) Gecko/2008121622 Ubuntu/8.10 (intrepid) Firefox/3.0.5"
84.190.4.31 - - [15/Jan/2009:21:44:37 +0100] "GET /zampa-lovers/ZAMPAMAS.MPG HTTP/1.1" 200 520196 "http://various-euro.com/zampa-lovers/index.html" "Mozilla/5.0 (X11; U; Linux i686; de; rv:1.9.0.5) Gecko/2008121622 Ubuntu/8.10 (intrepid) Firefox/3.0.5"
84.190.4.31 - - [15/Jan/2009:21:44:38 +0100] "GET /zampa-lovers/zampa-2X2.gif HTTP/1.1" 200 6948 "http://various-euro.com/zampa-lovers/index.html" "Mozilla/5.0 (X11; U; Linux i686; de; rv:1.9.0.5) Gecko/2008121622 Ubuntu/8.10 (intrepid) Firefox/3.0.5"
84.190.4.31 - - [15/Jan/2009:21:44:38 +0100] "GET /zampa-lovers/zampamali.gif HTTP/1.1" 200 2617 "http://various-euro.com/zampa-lovers/index.html" "Mozilla/5.0 (X11; U; Linux i686; de; rv:1.9.0.5) Gecko/2008121622 Ubuntu/8.10 (intrepid) Firefox/3.0.5"
84.190.4.31 - - [15/Jan/2009:21:44:38 +0100] "GET /zampa-lovers/1SEITEVE.GIF HTTP/1.1" 200 78726 "http://various-euro.com/zampa-lovers/index.html" "Mozilla/5.0 (X11; U; Linux i686; de; rv:1.9.0.5) Gecko/2008121622 Ubuntu/8.10 (intrepid) Firefox/3.0.5"
84.190.4.31 - - [15/Jan/2009:21:44:38 +0100] "GET /zampa-lovers/ZAMPAMA2.MPG HTTP/1.1" 206 63492 "-" "Mozilla/5.0 (X11; U; Linux i686; de; rv:1.9.0.5) Gecko/2008121622 Ubuntu/8.10 (intrepid) Firefox/3.0.5"
84.190.4.31 - - [15/Jan/2009:21:44:38 +0100] "GET /zampa-lovers/2SEITEVE.GIF HTTP/1.1" 200 83466 "http://various-euro.com/zampa-lovers/index.html" "Mozilla/5.0 (X11; U; Linux i686; de; rv:1.9.0.5) Gecko/2008121622 Ubuntu/8.10 (intrepid) Firefox/3.0.5"
84.190.4.31 - - [15/Jan/2009:21:44:38 +0100] "GET /zampa-lovers/WASISTMI1.MPG HTTP/1.1" 206 271221 "-" "Mozilla/5.0 (X11; U; Linux i686; de; rv:1.9.0.5) Gecko/2008121622 Ubuntu/8.10 (intrepid) Firefox/3.0.5"
84.190.4.31 - - [15/Jan/2009:21:44:39 +0100] "GET /zampa-lovers/ZAMPAMAS.MPG HTTP/1.1" 206 520196 "-" "Mozilla/5.0 (X11; U; Linux i686; de; rv:1.9.0.5) Gecko/2008121622 Ubuntu/8.10 (intrepid) Firefox/3.0.5"
84.190.4.31 - - [15/Jan/2009:21:44:39 +0100] "GET /zampa-lovers/zampa.gif HTTP/1.1" 200 460627 "http://various-euro.com/zampa-lovers/index.html" "Mozilla/5.0 (X11; U; Linux i686; de; rv:1.9.0.5) Gecko/2008121622 Ubuntu/8.10 (intrepid) Firefox/3.0.5"
64.1.215.165 - - [15/Jan/2009:21:44:57 +0100] "GET /robots.txt HTTP/1.0" 200 64 "-" "Mozilla/5.0 (Twiceler-0.9 http://www.cuil.com/twiceler/robot.html)"
