67.195.37.165 - - [04/Jan/2009:02:28:11 +0100] "GET /frame-menu.html HTTP/1.0" 200 10536 "http://various-euro.com/framez.html" "Mozilla/5.0 (compatible; Yahoo! Slurp/3.0; http://help.yahoo.com/help/us/ysearch/slurp)"
67.195.37.165 - - [04/Jan/2009:02:28:11 +0100] "GET /frame-inhalt.html HTTP/1.0" 200 5418 "http://various-euro.com/framez.html" "Mozilla/5.0 (compatible; Yahoo! Slurp/3.0; http://help.yahoo.com/help/us/ysearch/slurp)"
67.195.37.165 - - [04/Jan/2009:02:28:11 +0100] "GET /frame-unten.html HTTP/1.0" 200 5308 "http://various-euro.com/framez.html" "Mozilla/5.0 (compatible; Yahoo! Slurp/3.0; http://help.yahoo.com/help/us/ysearch/slurp)"
81.52.143.26 - - [04/Jan/2009:02:29:00 +0100] "GET /warez.html HTTP/1.1" 200 9754 "-" "Mozilla/5.0 (Windows; U; Windows NT 5.1; fr; rv:1.8.1) VoilaBot BETA 1.2 (support.voilabot@orange-ftgroup.com)"
67.195.37.119 - - [04/Jan/2009:02:38:52 +0100] "GET /f-net.html HTTP/1.0" 200 9913 "-" "Mozilla/5.0 (compatible; Yahoo! Slurp/3.0; http://help.yahoo.com/help/us/ysearch/slurp)"
193.252.149.16 - - [04/Jan/2009:02:44:25 +0100] "GET / HTTP/1.1" 200 7869 "-" "Mozilla/5.0 (Windows; U; Windows NT 5.1; fr; rv:1.8.1) VoilaBot BETA 1.2 (support.voilabot@orange-ftgroup.com)"
72.36.115.86 - - [04/Jan/2009:02:53:24 +0100] "GET /robots.txt HTTP/1.1" 200 64 "-" "CazoodleBot/0.0.2 (http://www.cazoodle.com/contact.php; cbot@cazoodle.com)"
208.80.194.120 - - [04/Jan/2009:03:37:37 +0100] "GET / HTTP/1.0" 200 7869 "-" "Mozilla/4.0 (compatible; MSIE 7.0; Windows NT 5.1; FunWebProducts; 3B 3.4; .NET CLR 1.1.4322)"
208.80.194.120 - - [04/Jan/2009:03:37:37 +0100] "GET / HTTP/1.0" 200 7869 "-" "Mozilla/4.0 (compatible; MSIE 6.0; America Online Browser 1.1; Windows NT 5.1; SV1; .NET CLR 1.1.4322; ImageShack Toolbar 3.0.3)"
81.52.143.15 - - [04/Jan/2009:04:18:00 +0100] "GET /robots.txt HTTP/1.1" 200 64 "-" "Mozilla/5.0 (Windows; U; Windows NT 5.1; fr; rv:1.8.1) VoilaBot BETA 1.2 (support.voilabot@orange-ftgroup.com)"
81.52.143.15 - - [04/Jan/2009:04:18:12 +0100] "GET /f-warez.html HTTP/1.1" 200 10953 "-" "Mozilla/5.0 (Windows; U; Windows NT 5.1; fr; rv:1.8.1) VoilaBot BETA 1.2 (support.voilabot@orange-ftgroup.com)"
67.195.37.119 - - [04/Jan/2009:04:19:20 +0100] "GET /robots.txt HTTP/1.0" 200 64 "-" "Mozilla/5.0 (compatible; Yahoo! Slurp; http://help.yahoo.com/help/us/ysearch/slurp)"
67.195.37.119 - - [04/Jan/2009:04:19:20 +0100] "GET /neon/channel.html HTTP/1.0" 200 1942 "-" "Mozilla/5.0 (compatible; Yahoo! Slurp; http://help.yahoo.com/help/us/ysearch/slurp)"
81.52.143.16 - - [04/Jan/2009:05:54:23 +0100] "GET /frame-unten.html HTTP/1.1" 200 5308 "-" "Mozilla/5.0 (Windows; U; Windows NT 5.1; fr; rv:1.8.1) VoilaBot BETA 1.2 (support.voilabot@orange-ftgroup.com)"
67.195.37.184 - - [04/Jan/2009:05:56:31 +0100] "GET /robots.txt HTTP/1.0" 302 363 "-" "Mozilla/5.0 (compatible; Yahoo! Slurp; http://help.yahoo.com/help/us/ysearch/slurp)"
67.195.37.184 - - [04/Jan/2009:05:56:32 +0100] "GET /zampa/robots.txt HTTP/1.0" 404 2748 "-" "Mozilla/5.0 (compatible; Yahoo! Slurp; http://help.yahoo.com/help/us/ysearch/slurp)"
67.195.37.184 - - [04/Jan/2009:05:56:40 +0100] "GET / HTTP/1.0" 302 353 "-" "Mozilla/5.0 (compatible; Yahoo! Slurp/3.0; http://help.yahoo.com/help/us/ysearch/slurp)"
67.195.37.119 - - [04/Jan/2009:05:56:50 +0100] "GET /zampa/ HTTP/1.0" 200 7153 "-" "Mozilla/5.0 (compatible; Yahoo! Slurp/3.0; http://help.yahoo.com/help/us/ysearch/slurp)"
72.30.65.58 - - [04/Jan/2009:06:10:56 +0100] "GET /framez_0.html HTTP/1.0" 200 12444 "-" "Mozilla/5.0 (compatible; Yahoo! Slurp; http://help.yahoo.com/help/us/ysearch/slurp)"
72.30.65.58 - - [04/Jan/2009:06:34:22 +0100] "GET / HTTP/1.0" 200 7869 "-" "Mozilla/5.0 (compatible; Yahoo! Slurp/3.0; http://help.yahoo.com/help/us/ysearch/slurp)"
72.30.65.58 - - [04/Jan/2009:06:34:23 +0100] "GET /style/various-euro.css HTTP/1.0" 304 - "http://www.various-euro.com/" "Mozilla/5.0 (compatible; Yahoo! Slurp/3.0; http://help.yahoo.com/help/us/ysearch/slurp)"
65.55.230.243 - - [04/Jan/2009:06:50:33 +0100] "GET /zampa/wonderland/index.html HTTP/1.1" 200 2084 "-" "msnbot-media/1.1 (+http://search.msn.com/msnbot.htm)"
66.249.65.169 - - [04/Jan/2009:07:06:11 +0100] "GET /robots.txt HTTP/1.1" 200 64 "-" "Mozilla/5.0 (compatible; Googlebot/2.1; +http://www.google.com/bot.html)"
66.249.65.169 - - [04/Jan/2009:07:06:11 +0100] "GET /schubb/schubb-5.html HTTP/1.1" 200 72944 "-" "Mozilla/5.0 (compatible; Googlebot/2.1; +http://www.google.com/bot.html)"
72.30.65.58 - - [04/Jan/2009:07:16:11 +0100] "GET /frame-inhalt.html HTTP/1.0" 200 5418 "-" "Mozilla/5.0 (compatible; Yahoo! Slurp; http://help.yahoo.com/help/us/ysearch/slurp)"
67.195.37.119 - - [04/Jan/2009:07:20:36 +0100] "GET /zampa/ HTTP/1.0" 200 7153 "-" "Mozilla/5.0 (compatible; Yahoo! Slurp; http://help.yahoo.com/help/us/ysearch/slurp)"
193.252.149.16 - - [04/Jan/2009:07:31:31 +0100] "GET /framez.html HTTP/1.1" 200 3959 "-" "Mozilla/5.0 (Windows; U; Windows NT 5.1; fr; rv:1.8.1) VoilaBot BETA 1.2 (support.voilabot@orange-ftgroup.com)"
193.252.149.16 - - [04/Jan/2009:07:31:55 +0100] "GET /frame-unten.html HTTP/1.1" 200 5308 "-" "Mozilla/5.0 (Windows; U; Windows NT 5.1; fr; rv:1.8.1) VoilaBot BETA 1.2 (support.voilabot@orange-ftgroup.com)"
193.252.149.16 - - [04/Jan/2009:07:31:55 +0100] "GET /frame-inhalt.html HTTP/1.1" 200 5418 "-" "Mozilla/5.0 (Windows; U; Windows NT 5.1; fr; rv:1.8.1) VoilaBot BETA 1.2 (support.voilabot@orange-ftgroup.com)"
193.252.149.16 - - [04/Jan/2009:07:31:55 +0100] "GET /frame-menu.html HTTP/1.1" 200 10536 "-" "Mozilla/5.0 (Windows; U; Windows NT 5.1; fr; rv:1.8.1) VoilaBot BETA 1.2 (support.voilabot@orange-ftgroup.com)"
67.195.37.119 - - [04/Jan/2009:07:55:17 +0100] "GET /f-zeug.html HTTP/1.0" 200 48203 "-" "Mozilla/5.0 (compatible; Yahoo! Slurp/3.0; http://help.yahoo.com/help/us/ysearch/slurp)"
72.30.65.58 - - [04/Jan/2009:08:28:40 +0100] "GET /robots.txt HTTP/1.0" 200 64 "-" "Mozilla/5.0 (compatible; Yahoo! Slurp; http://help.yahoo.com/help/us/ysearch/slurp)"
72.30.65.58 - - [04/Jan/2009:08:28:41 +0100] "GET /f-horrorkatze.html HTTP/1.0" 200 7865 "-" "Mozilla/5.0 (compatible; Yahoo! Slurp; http://help.yahoo.com/help/us/ysearch/slurp)"
67.215.230.22 - - [04/Jan/2009:08:40:39 +0100] "GET /robots.txt HTTP/1.0" 200 64 "-" "OOZBOT/0.20 ( -- ; http://www.setooz.com/oozbot.html ; agentname at setooz dot_com )"
67.215.230.22 - - [04/Jan/2009:08:40:39 +0100] "GET / HTTP/1.0" 200 7869 "-" "OOZBOT/0.20 ( -- ; http://www.setooz.com/oozbot.html ; agentname at setooz dot_com )"
81.52.143.15 - - [04/Jan/2009:08:42:38 +0100] "GET /warez.html HTTP/1.1" 200 9754 "-" "Mozilla/5.0 (Windows; U; Windows NT 5.1; fr; rv:1.8.1) VoilaBot BETA 1.2 (support.voilabot@orange-ftgroup.com)"
193.252.149.16 - - [04/Jan/2009:08:48:02 +0100] "GET /world.html HTTP/1.1" 200 16295 "-" "Mozilla/5.0 (Windows; U; Windows NT 5.1; fr; rv:1.8.1) VoilaBot BETA 1.2 (support.voilabot@orange-ftgroup.com)"
119.63.193.43 - - [04/Jan/2009:08:51:15 +0100] "GET / HTTP/1.1" 200 7869 "-" "Baiduspider+(+http://help.baidu.jp/system/05.html)"
72.30.65.58 - - [04/Jan/2009:09:25:13 +0100] "GET /f-warez.html HTTP/1.0" 200 10953 "-" "Mozilla/5.0 (compatible; Yahoo! Slurp; http://help.yahoo.com/help/us/ysearch/slurp)"
67.195.37.119 - - [04/Jan/2009:09:45:31 +0100] "GET /ve-icon-2.ico HTTP/1.0" 200 2238 "-" "Mozilla/5.0 (compatible; Yahoo! Slurp; http://help.yahoo.com/help/us/ysearch/slurp)"
66.249.65.169 - - [04/Jan/2009:09:58:46 +0100] "GET /framez-restate.html HTTP/1.1" 200 4328 "-" "Mozilla/5.0 (compatible; Googlebot/2.1; +http://www.google.com/bot.html)"
72.30.65.58 - - [04/Jan/2009:10:00:23 +0100] "GET /logs/usage_200707.html HTTP/1.0" 200 110942 "-" "Mozilla/5.0 (compatible; Yahoo! Slurp; http://help.yahoo.com/help/us/ysearch/slurp)"
72.30.65.58 - - [04/Jan/2009:10:27:35 +0100] "GET /neon/left-one-new.html HTTP/1.0" 200 1483 "-" "Mozilla/5.0 (compatible; Yahoo! Slurp/3.0; http://help.yahoo.com/help/us/ysearch/slurp)"
65.55.211.173 - - [04/Jan/2009:10:28:16 +0100] "GET /robots.txt HTTP/1.1" 200 64 "-" "msnbot/1.1 (+http://search.msn.com/msnbot.htm)"
65.55.211.173 - - [04/Jan/2009:10:28:17 +0100] "GET /schubb/schubb-1.html HTTP/1.1" 200 9070 "-" "msnbot/1.1 (+http://search.msn.com/msnbot.htm)"
72.30.65.58 - - [04/Jan/2009:10:41:11 +0100] "GET /zampa/lybia/index.html HTTP/1.0" 200 3036 "-" "Mozilla/5.0 (compatible; Yahoo! Slurp; http://help.yahoo.com/help/us/ysearch/slurp)"
193.252.149.15 - - [04/Jan/2009:10:53:47 +0100] "GET /neon/europa.html HTTP/1.1" 200 389 "-" "Mozilla/5.0 (Windows; U; Windows NT 5.1; fr; rv:1.8.1) VoilaBot BETA 1.2 (support.voilabot@orange-ftgroup.com)"
72.30.78.236 - - [04/Jan/2009:10:56:01 +0100] "GET /robots.txt HTTP/1.0" 200 64 "-" "Mozilla/5.0 (compatible; Yahoo! Slurp; http://help.yahoo.com/help/us/ysearch/slurp)"
72.30.78.236 - - [04/Jan/2009:10:56:03 +0100] "GET /bannnerz.html HTTP/1.0" 404 2748 "-" "Mozilla/5.0 (compatible; Yahoo! Slurp/3.0; http://help.yahoo.com/help/us/ysearch/slurp)"
81.52.143.16 - - [04/Jan/2009:11:19:44 +0100] "GET /neon/warning.html HTTP/1.1" 200 5134 "-" "Mozilla/5.0 (Windows; U; Windows NT 5.1; fr; rv:1.8.1) VoilaBot BETA 1.2 (support.voilabot@orange-ftgroup.com)"
67.195.37.119 - - [04/Jan/2009:11:56:49 +0100] "GET /logs/ HTTP/1.0" 200 10079 "-" "Mozilla/5.0 (compatible; Yahoo! Slurp; http://help.yahoo.com/help/us/ysearch/slurp)"
72.30.65.58 - - [04/Jan/2009:12:14:26 +0100] "GET /neon/large.html HTTP/1.0" 200 1547 "-" "Mozilla/5.0 (compatible; Yahoo! Slurp; http://help.yahoo.com/help/us/ysearch/slurp)"
72.30.65.58 - - [04/Jan/2009:12:26:29 +0100] "GET /euro.html HTTP/1.0" 404 2748 "-" "Mozilla/5.0 (compatible; Yahoo! Slurp; http://help.yahoo.com/help/us/ysearch/slurp)"
81.52.143.15 - - [04/Jan/2009:12:29:50 +0100] "GET /DgH/orginal/index.html HTTP/1.1" 200 1727 "-" "Mozilla/5.0 (Windows; U; Windows NT 5.1; fr; rv:1.8.1) VoilaBot BETA 1.2 (support.voilabot@orange-ftgroup.com)"
72.30.65.58 - - [04/Jan/2009:12:40:30 +0100] "GET /zampa/montenegro/ HTTP/1.0" 200 2651 "-" "Mozilla/5.0 (compatible; Yahoo! Slurp; http://help.yahoo.com/help/us/ysearch/slurp)"
66.249.65.169 - - [04/Jan/2009:12:44:48 +0100] "GET /logs/usage_200901.html HTTP/1.1" 404 2748 "-" "Mozilla/5.0 (compatible; Googlebot/2.1; +http://www.google.com/bot.html)"
66.249.65.169 - - [04/Jan/2009:13:03:58 +0100] "GET /framez.html HTTP/1.1" 200 3959 "-" "Mozilla/5.0 (compatible; Googlebot/2.1; +http://www.google.com/bot.html)"
72.30.65.58 - - [04/Jan/2009:13:35:42 +0100] "GET /web.html HTTP/1.0" 404 2748 "-" "Mozilla/5.0 (compatible; Yahoo! Slurp; http://help.yahoo.com/help/us/ysearch/slurp)"
72.30.65.58 - - [04/Jan/2009:13:49:24 +0100] "GET /logs/usage_200711.html HTTP/1.0" 200 109628 "-" "Mozilla/5.0 (compatible; Yahoo! Slurp; http://help.yahoo.com/help/us/ysearch/slurp)"
66.249.65.169 - - [04/Jan/2009:13:50:16 +0100] "GET /neon/slow-walk.html HTTP/1.1" 200 1640 "-" "Mozilla/5.0 (compatible; Googlebot/2.1; +http://www.google.com/bot.html)"
66.249.65.169 - - [04/Jan/2009:14:15:31 +0100] "GET /restate_copy.html HTTP/1.1" 200 97631 "-" "Mozilla/5.0 (compatible; Googlebot/2.1; +http://www.google.com/bot.html)"
72.30.65.58 - - [04/Jan/2009:14:49:15 +0100] "GET /framez-rez.html HTTP/1.0" 200 4323 "-" "Mozilla/5.0 (compatible; Yahoo! Slurp; http://help.yahoo.com/help/us/ysearch/slurp)"
72.30.65.58 - - [04/Jan/2009:14:49:17 +0100] "GET /frame-menu.html HTTP/1.0" 200 10536 "-" "Mozilla/5.0 (compatible; Yahoo! Slurp; http://help.yahoo.com/help/us/ysearch/slurp)"
72.30.65.58 - - [04/Jan/2009:14:49:19 +0100] "GET /f-rez.html HTTP/1.0" 200 9765 "-" "Mozilla/5.0 (compatible; Yahoo! Slurp; http://help.yahoo.com/help/us/ysearch/slurp)"
72.30.65.58 - - [04/Jan/2009:14:49:20 +0100] "GET /frame-unten.html HTTP/1.0" 200 5308 "-" "Mozilla/5.0 (compatible; Yahoo! Slurp; http://help.yahoo.com/help/us/ysearch/slurp)"
72.30.65.58 - - [04/Jan/2009:15:15:19 +0100] "GET /DgH/rampe/index.html HTTP/1.0" 200 2056 "-" "Mozilla/5.0 (compatible; Yahoo! Slurp; http://help.yahoo.com/help/us/ysearch/slurp)"
67.195.37.119 - - [04/Jan/2009:15:19:37 +0100] "GET /f-other.html HTTP/1.0" 200 33189 "-" "Mozilla/5.0 (compatible; Yahoo! Slurp/3.0; http://help.yahoo.com/help/us/ysearch/slurp)"
79.101.182.245 - - [04/Jan/2009:15:52:49 +0100] "GET /framez-zampa-lovers.html HTTP/1.1" 200 4322 "http://www.google.com/search?client=firefox-a&rls=org.mozilla%3Aen-US%3Aofficial&channel=s&hl=en&q=kurac+u+dupetu&btnG=Google+Search" "Mozilla/5.0 (Windows; U; Windows NT 5.1; en-US; rv:1.9.0.5) Gecko/2008120122 Firefox/3.0.5"
79.101.182.245 - - [04/Jan/2009:15:52:50 +0100] "GET /frame-menu.html HTTP/1.1" 200 10536 "http://www.various-euro.com/framez-zampa-lovers.html" "Mozilla/5.0 (Windows; U; Windows NT 5.1; en-US; rv:1.9.0.5) Gecko/2008120122 Firefox/3.0.5"
79.101.182.245 - - [04/Jan/2009:15:52:50 +0100] "GET /ve-icon-2.ico HTTP/1.1" 200 2238 "-" "Mozilla/5.0 (Windows; U; Windows NT 5.1; en-US; rv:1.9.0.5) Gecko/2008120122 Firefox/3.0.5"
79.101.182.245 - - [04/Jan/2009:15:52:50 +0100] "GET /frame-unten.html HTTP/1.1" 200 5308 "http://www.various-euro.com/framez-zampa-lovers.html" "Mozilla/5.0 (Windows; U; Windows NT 5.1; en-US; rv:1.9.0.5) Gecko/2008120122 Firefox/3.0.5"
79.101.182.245 - - [04/Jan/2009:15:52:50 +0100] "GET /style/various-euro.css HTTP/1.1" 200 3437 "http://www.various-euro.com/frame-menu.html" "Mozilla/5.0 (Windows; U; Windows NT 5.1; en-US; rv:1.9.0.5) Gecko/2008120122 Firefox/3.0.5"
79.101.182.245 - - [04/Jan/2009:15:52:50 +0100] "GET /zampa-lovers/kralle.gif HTTP/1.1" 404 2748 "http://www.various-euro.com/zampa-lovers/index.html" "Mozilla/5.0 (Windows; U; Windows NT 5.1; en-US; rv:1.9.0.5) Gecko/2008120122 Firefox/3.0.5"
79.101.182.245 - - [04/Jan/2009:15:52:50 +0100] "GET /zampa-lovers/DRAGAN_Z.JPG HTTP/1.1" 200 6850 "http://www.various-euro.com/zampa-lovers/index.html" "Mozilla/5.0 (Windows; U; Windows NT 5.1; en-US; rv:1.9.0.5) Gecko/2008120122 Firefox/3.0.5"
79.101.182.245 - - [04/Jan/2009:15:52:50 +0100] "GET /zampa-lovers/index.html HTTP/1.1" 200 37790 "http://www.various-euro.com/framez-zampa-lovers.html" "Mozilla/5.0 (Windows; U; Windows NT 5.1; en-US; rv:1.9.0.5) Gecko/2008120122 Firefox/3.0.5"
79.101.182.245 - - [04/Jan/2009:15:52:50 +0100] "GET /bannerz/ve.jpg HTTP/1.1" 200 36912 "http://www.various-euro.com/frame-unten.html" "Mozilla/5.0 (Windows; U; Windows NT 5.1; en-US; rv:1.9.0.5) Gecko/2008120122 Firefox/3.0.5"
79.101.182.245 - - [04/Jan/2009:15:52:50 +0100] "GET /bannerz/various-euro-girl.jpg HTTP/1.1" 200 91514 "http://www.various-euro.com/frame-unten.html" "Mozilla/5.0 (Windows; U; Windows NT 5.1; en-US; rv:1.9.0.5) Gecko/2008120122 Firefox/3.0.5"
79.101.182.245 - - [04/Jan/2009:15:52:50 +0100] "GET /zampa-lovers/MILIZA_2.JPG HTTP/1.1" 200 22172 "http://www.various-euro.com/zampa-lovers/index.html" "Mozilla/5.0 (Windows; U; Windows NT 5.1; en-US; rv:1.9.0.5) Gecko/2008120122 Firefox/3.0.5"
79.101.182.245 - - [04/Jan/2009:15:52:50 +0100] "GET /zampa-lovers/MILIZA_3.JPG HTTP/1.1" 200 26924 "http://www.various-euro.com/zampa-lovers/index.html" "Mozilla/5.0 (Windows; U; Windows NT 5.1; en-US; rv:1.9.0.5) Gecko/2008120122 Firefox/3.0.5"
79.101.182.245 - - [04/Jan/2009:15:52:51 +0100] "GET /zampa-lovers/MILIZA_4.JPG HTTP/1.1" 200 9946 "http://www.various-euro.com/zampa-lovers/index.html" "Mozilla/5.0 (Windows; U; Windows NT 5.1; en-US; rv:1.9.0.5) Gecko/2008120122 Firefox/3.0.5"
79.101.182.245 - - [04/Jan/2009:15:52:51 +0100] "GET /zampa-lovers/MILIZA_B.JPG HTTP/1.1" 200 10947 "http://www.various-euro.com/zampa-lovers/index.html" "Mozilla/5.0 (Windows; U; Windows NT 5.1; en-US; rv:1.9.0.5) Gecko/2008120122 Firefox/3.0.5"
79.101.182.245 - - [04/Jan/2009:15:52:51 +0100] "GET /zampa-lovers/Kralle.gif HTTP/1.1" 200 260 "http://www.various-euro.com/zampa-lovers/index.html" "Mozilla/5.0 (Windows; U; Windows NT 5.1; en-US; rv:1.9.0.5) Gecko/2008120122 Firefox/3.0.5"
79.101.182.245 - - [04/Jan/2009:15:52:51 +0100] "GET /zampa-lovers/DRAGANZA.JPG HTTP/1.1" 200 18560 "http://www.various-euro.com/zampa-lovers/index.html" "Mozilla/5.0 (Windows; U; Windows NT 5.1; en-US; rv:1.9.0.5) Gecko/2008120122 Firefox/3.0.5"
79.101.182.245 - - [04/Jan/2009:15:52:51 +0100] "GET /zampa-lovers/2SEITEVE.GIF HTTP/1.1" 200 83466 "http://www.various-euro.com/zampa-lovers/index.html" "Mozilla/5.0 (Windows; U; Windows NT 5.1; en-US; rv:1.9.0.5) Gecko/2008120122 Firefox/3.0.5"
79.101.182.245 - - [04/Jan/2009:15:52:51 +0100] "GET /zampa-lovers/1SEITEVE.GIF HTTP/1.1" 200 78726 "http://www.various-euro.com/zampa-lovers/index.html" "Mozilla/5.0 (Windows; U; Windows NT 5.1; en-US; rv:1.9.0.5) Gecko/2008120122 Firefox/3.0.5"
79.101.182.245 - - [04/Jan/2009:15:52:56 +0100] "GET /zampa-lovers/ZAMPAMA2.MPG HTTP/1.1" 200 63492 "http://www.various-euro.com/zampa-lovers/index.html" "Mozilla/5.0 (Windows; U; Windows NT 5.1; en-US; rv:1.9.0.5) Gecko/2008120122 Firefox/3.0.5"
79.101.182.245 - - [04/Jan/2009:15:52:56 +0100] "GET /zampa-lovers/WASISTMI1.MPG HTTP/1.1" 200 271221 "http://www.various-euro.com/zampa-lovers/index.html" "Mozilla/5.0 (Windows; U; Windows NT 5.1; en-US; rv:1.9.0.5) Gecko/2008120122 Firefox/3.0.5"
79.101.182.245 - - [04/Jan/2009:15:52:57 +0100] "GET /zampa-lovers/zampa-2X2.gif HTTP/1.1" 200 6948 "http://www.various-euro.com/zampa-lovers/index.html" "Mozilla/5.0 (Windows; U; Windows NT 5.1; en-US; rv:1.9.0.5) Gecko/2008120122 Firefox/3.0.5"
79.101.182.245 - - [04/Jan/2009:15:52:57 +0100] "GET /zampa-lovers/ZAMPAMAS.MPG HTTP/1.1" 200 520196 "http://www.various-euro.com/zampa-lovers/index.html" "Mozilla/5.0 (Windows; U; Windows NT 5.1; en-US; rv:1.9.0.5) Gecko/2008120122 Firefox/3.0.5"
79.101.182.245 - - [04/Jan/2009:15:52:51 +0100] "GET /zampa-lovers/zampa.gif HTTP/1.1" 200 460627 "http://www.various-euro.com/zampa-lovers/index.html" "Mozilla/5.0 (Windows; U; Windows NT 5.1; en-US; rv:1.9.0.5) Gecko/2008120122 Firefox/3.0.5"
79.101.182.245 - - [04/Jan/2009:15:52:59 +0100] "GET /framez-zampa-lovers.html HTTP/1.1" 200 4322 "http://www.google.com/search?client=firefox-a&rls=org.mozilla%3Aen-US%3Aofficial&channel=s&hl=en&q=kurac+u+dupetu&btnG=Google+Search" "Mozilla/5.0 (Windows; U; Windows NT 5.1; en-US; rv:1.9.0.5) Gecko/2008120122 Firefox/3.0.5"
79.101.182.245 - - [04/Jan/2009:15:53:00 +0100] "GET /frame-menu.html HTTP/1.1" 200 10536 "http://www.various-euro.com/framez-zampa-lovers.html" "Mozilla/5.0 (Windows; U; Windows NT 5.1; en-US; rv:1.9.0.5) Gecko/2008120122 Firefox/3.0.5"
79.101.182.245 - - [04/Jan/2009:15:53:00 +0100] "GET /frame-unten.html HTTP/1.1" 200 5308 "http://www.various-euro.com/framez-zampa-lovers.html" "Mozilla/5.0 (Windows; U; Windows NT 5.1; en-US; rv:1.9.0.5) Gecko/2008120122 Firefox/3.0.5"
79.101.182.245 - - [04/Jan/2009:15:53:00 +0100] "GET /zampa-lovers/kralle.gif HTTP/1.1" 404 2748 "http://www.various-euro.com/zampa-lovers/index.html" "Mozilla/5.0 (Windows; U; Windows NT 5.1; en-US; rv:1.9.0.5) Gecko/2008120122 Firefox/3.0.5"
79.101.182.245 - - [04/Jan/2009:15:53:00 +0100] "GET /zampa-lovers/DRAGAN_Z.JPG HTTP/1.1" 200 6850 "http://www.various-euro.com/zampa-lovers/index.html" "Mozilla/5.0 (Windows; U; Windows NT 5.1; en-US; rv:1.9.0.5) Gecko/2008120122 Firefox/3.0.5"
79.101.182.245 - - [04/Jan/2009:15:53:00 +0100] "GET /bannerz/ve.jpg HTTP/1.1" 206 34455 "http://www.various-euro.com/frame-unten.html" "Mozilla/5.0 (Windows; U; Windows NT 5.1; en-US; rv:1.9.0.5) Gecko/2008120122 Firefox/3.0.5"
79.101.182.245 - - [04/Jan/2009:15:53:00 +0100] "GET /zampa-lovers/index.html HTTP/1.1" 200 37790 "http://www.various-euro.com/framez-zampa-lovers.html" "Mozilla/5.0 (Windows; U; Windows NT 5.1; en-US; rv:1.9.0.5) Gecko/2008120122 Firefox/3.0.5"
79.101.182.245 - - [04/Jan/2009:15:53:00 +0100] "GET /zampa-lovers/MILIZA_2.JPG HTTP/1.1" 200 22172 "http://www.various-euro.com/zampa-lovers/index.html" "Mozilla/5.0 (Windows; U; Windows NT 5.1; en-US; rv:1.9.0.5) Gecko/2008120122 Firefox/3.0.5"
79.101.182.245 - - [04/Jan/2009:15:53:01 +0100] "GET /zampa-lovers/MILIZA_B.JPG HTTP/1.1" 200 10947 "http://www.various-euro.com/zampa-lovers/index.html" "Mozilla/5.0 (Windows; U; Windows NT 5.1; en-US; rv:1.9.0.5) Gecko/2008120122 Firefox/3.0.5"
79.101.182.245 - - [04/Jan/2009:15:53:01 +0100] "GET /zampa-lovers/MILIZA_3.JPG HTTP/1.1" 200 26924 "http://www.various-euro.com/zampa-lovers/index.html" "Mozilla/5.0 (Windows; U; Windows NT 5.1; en-US; rv:1.9.0.5) Gecko/2008120122 Firefox/3.0.5"
79.101.182.245 - - [04/Jan/2009:15:53:01 +0100] "GET /zampa-lovers/MILIZA_4.JPG HTTP/1.1" 200 9946 "http://www.various-euro.com/zampa-lovers/index.html" "Mozilla/5.0 (Windows; U; Windows NT 5.1; en-US; rv:1.9.0.5) Gecko/2008120122 Firefox/3.0.5"
79.101.182.245 - - [04/Jan/2009:15:53:01 +0100] "GET /zampa-lovers/DRAGANZA.JPG HTTP/1.1" 200 18560 "http://www.various-euro.com/zampa-lovers/index.html" "Mozilla/5.0 (Windows; U; Windows NT 5.1; en-US; rv:1.9.0.5) Gecko/2008120122 Firefox/3.0.5"
79.101.182.245 - - [04/Jan/2009:15:53:00 +0100] "GET /bannerz/various-euro-girl.jpg HTTP/1.1" 206 84858 "http://www.various-euro.com/frame-unten.html" "Mozilla/5.0 (Windows; U; Windows NT 5.1; en-US; rv:1.9.0.5) Gecko/2008120122 Firefox/3.0.5"
79.101.182.245 - - [04/Jan/2009:15:53:01 +0100] "GET /zampa-lovers/Kralle.gif HTTP/1.1" 200 260 "http://www.various-euro.com/zampa-lovers/index.html" "Mozilla/5.0 (Windows; U; Windows NT 5.1; en-US; rv:1.9.0.5) Gecko/2008120122 Firefox/3.0.5"
79.101.182.245 - - [04/Jan/2009:15:53:00 +0100] "GET /zampa-lovers/WASISTMI1.MPG HTTP/1.1" 200 271221 "http://www.various-euro.com/zampa-lovers/index.html" "Mozilla/5.0 (Windows; U; Windows NT 5.1; en-US; rv:1.9.0.5) Gecko/2008120122 Firefox/3.0.5"
79.101.182.245 - - [04/Jan/2009:15:53:01 +0100] "GET /zampa-lovers/zampa-2X2.gif HTTP/1.1" 200 6948 "http://www.various-euro.com/zampa-lovers/index.html" "Mozilla/5.0 (Windows; U; Windows NT 5.1; en-US; rv:1.9.0.5) Gecko/2008120122 Firefox/3.0.5"
79.101.182.245 - - [04/Jan/2009:15:53:02 +0100] "GET /zampa-lovers/zampamali.gif HTTP/1.1" 200 2617 "http://www.various-euro.com/zampa-lovers/index.html" "Mozilla/5.0 (Windows; U; Windows NT 5.1; en-US; rv:1.9.0.5) Gecko/2008120122 Firefox/3.0.5"
79.101.182.245 - - [04/Jan/2009:15:53:01 +0100] "GET /zampa-lovers/1SEITEVE.GIF HTTP/1.1" 200 78726 "http://www.various-euro.com/zampa-lovers/index.html" "Mozilla/5.0 (Windows; U; Windows NT 5.1; en-US; rv:1.9.0.5) Gecko/2008120122 Firefox/3.0.5"
79.101.182.245 - - [04/Jan/2009:15:53:01 +0100] "GET /zampa-lovers/2SEITEVE.GIF HTTP/1.1" 200 83466 "http://www.various-euro.com/zampa-lovers/index.html" "Mozilla/5.0 (Windows; U; Windows NT 5.1; en-US; rv:1.9.0.5) Gecko/2008120122 Firefox/3.0.5"
79.101.182.245 - - [04/Jan/2009:15:53:01 +0100] "GET /zampa-lovers/ZAMPAMA2.MPG HTTP/1.1" 200 63492 "http://www.various-euro.com/zampa-lovers/index.html" "Mozilla/5.0 (Windows; U; Windows NT 5.1; en-US; rv:1.9.0.5) Gecko/2008120122 Firefox/3.0.5"
79.101.182.245 - - [04/Jan/2009:15:53:03 +0100] "GET /zampa-lovers/zampa.gif HTTP/1.1" 206 267771 "http://www.various-euro.com/zampa-lovers/index.html" "Mozilla/5.0 (Windows; U; Windows NT 5.1; en-US; rv:1.9.0.5) Gecko/2008120122 Firefox/3.0.5"
79.101.182.245 - - [04/Jan/2009:15:53:01 +0100] "GET /zampa-lovers/ZAMPAMAS.MPG HTTP/1.1" 206 517742 "http://www.various-euro.com/zampa-lovers/index.html" "Mozilla/5.0 (Windows; U; Windows NT 5.1; en-US; rv:1.9.0.5) Gecko/2008120122 Firefox/3.0.5"
72.30.65.58 - - [04/Jan/2009:15:53:39 +0100] "GET /f-sponsor.html HTTP/1.0" 200 8578 "-" "Mozilla/5.0 (compatible; Yahoo! Slurp; http://help.yahoo.com/help/us/ysearch/slurp)"
89.122.29.33 - - [04/Jan/2009:15:58:14 +0100] "GET / HTTP/1.1" 200 7869 "-" "Java/1.6.0_04"
89.122.29.33 - - [04/Jan/2009:15:58:15 +0100] "GET /framez.html HTTP/1.1" 200 3959 "-" "Java/1.6.0_04"
89.122.29.33 - - [04/Jan/2009:15:58:15 +0100] "GET /framez_0.html HTTP/1.1" 200 12444 "-" "Java/1.6.0_04"
89.122.29.33 - - [04/Jan/2009:15:58:16 +0100] "GET /frame-inhalt.html HTTP/1.1" 200 5418 "-" "Java/1.6.0_04"
89.122.29.33 - - [04/Jan/2009:15:58:16 +0100] "GET /frame-menu.html HTTP/1.1" 200 10536 "-" "Java/1.6.0_04"
89.122.29.33 - - [04/Jan/2009:15:58:16 +0100] "GET /frame-unten.html HTTP/1.1" 200 5308 "-" "Java/1.6.0_04"
89.122.29.33 - - [04/Jan/2009:15:58:16 +0100] "GET /f-maintitle.html HTTP/1.1" 200 5030 "-" "Java/1.6.0_04"
89.122.29.33 - - [04/Jan/2009:15:58:17 +0100] "GET /partnergegenberlin.html HTTP/1.1" 200 5022 "-" "Java/1.6.0_04"
89.122.29.33 - - [04/Jan/2009:15:58:17 +0100] "GET /f-actions.html HTTP/1.1" 200 10429 "-" "Java/1.6.0_04"
89.122.29.33 - - [04/Jan/2009:15:58:17 +0100] "GET /f-bannnerz.html HTTP/1.1" 200 12651 "-" "Java/1.6.0_04"
89.122.29.33 - - [04/Jan/2009:15:58:18 +0100] "GET /f-channel1.html HTTP/1.1" 200 8471 "-" "Java/1.6.0_04"
89.122.29.33 - - [04/Jan/2009:15:58:18 +0100] "GET /f-contact.html HTTP/1.1" 200 6804 "-" "Java/1.6.0_04"
89.122.29.33 - - [04/Jan/2009:15:58:18 +0100] "GET /f-doku-brau.html HTTP/1.1" 200 7152 "-" "Java/1.6.0_04"
89.122.29.33 - - [04/Jan/2009:15:58:19 +0100] "GET /f-euro.html HTTP/1.1" 200 12203 "-" "Java/1.6.0_04"
89.122.29.33 - - [04/Jan/2009:15:58:19 +0100] "GET /f-horrorkatze.html HTTP/1.1" 200 7865 "-" "Java/1.6.0_04"
89.122.29.33 - - [04/Jan/2009:15:58:20 +0100] "GET /f-net.html HTTP/1.1" 200 9913 "-" "Java/1.6.0_04"
89.122.29.33 - - [04/Jan/2009:15:58:20 +0100] "GET /f-other.html HTTP/1.1" 200 33189 "-" "Java/1.6.0_04"
89.122.29.33 - - [04/Jan/2009:15:58:20 +0100] "GET /f-rez.html HTTP/1.1" 200 9765 "-" "Java/1.6.0_04"
89.122.29.33 - - [04/Jan/2009:15:58:21 +0100] "GET /f-search.html HTTP/1.1" 200 11800 "-" "Java/1.6.0_04"
89.122.29.33 - - [04/Jan/2009:15:58:21 +0100] "GET /f-sponsor.html HTTP/1.1" 200 8578 "-" "Java/1.6.0_04"
89.122.29.33 - - [04/Jan/2009:15:58:21 +0100] "GET /f-warez.html HTTP/1.1" 200 10953 "-" "Java/1.6.0_04"
89.122.29.33 - - [04/Jan/2009:15:58:22 +0100] "GET /f-web.html HTTP/1.1" 200 13605 "-" "Java/1.6.0_04"
89.122.29.33 - - [04/Jan/2009:15:58:22 +0100] "GET /f-world.html HTTP/1.1" 200 35590 "-" "Java/1.6.0_04"
89.122.29.33 - - [04/Jan/2009:15:58:23 +0100] "GET /f-zeug.html HTTP/1.1" 200 48203 "-" "Java/1.6.0_04"
89.122.29.33 - - [04/Jan/2009:15:58:24 +0100] "GET /restate_copy.html HTTP/1.1" 200 97631 "-" "Java/1.6.0_04"
89.122.29.33 - - [04/Jan/2009:15:58:25 +0100] "GET /sendi_agent.html HTTP/1.1" 200 6213 "-" "Java/1.6.0_04"
89.122.29.33 - - [04/Jan/2009:15:58:26 +0100] "GET /your_tour.html HTTP/1.1" 200 31664 "-" "Java/1.6.0_04"
89.122.29.33 - - [04/Jan/2009:15:58:26 +0100] "GET /framez-pgb.html HTTP/1.1" 200 4336 "-" "Java/1.6.0_04"
89.122.29.33 - - [04/Jan/2009:15:58:27 +0100] "GET /framez-actions.html HTTP/1.1" 200 4322 "-" "Java/1.6.0_04"
89.122.29.33 - - [04/Jan/2009:15:58:27 +0100] "GET /framez-contact.html HTTP/1.1" 200 4325 "-" "Java/1.6.0_04"
89.122.29.33 - - [04/Jan/2009:15:58:27 +0100] "GET /framez-dbrau.html HTTP/1.1" 200 4313 "-" "Java/1.6.0_04"
89.122.29.33 - - [04/Jan/2009:15:58:27 +0100] "GET /framez-euro.html HTTP/1.1" 200 4319 "-" "Java/1.6.0_04"
89.122.29.33 - - [04/Jan/2009:15:58:28 +0100] "GET /framez-net.html HTTP/1.1" 200 4319 "-" "Java/1.6.0_04"
89.122.29.33 - - [04/Jan/2009:15:58:28 +0100] "GET /'+veURL+advisories[i].name+' HTTP/1.1" 404 2748 "-" "Java/1.6.0_04"
89.122.29.33 - - [04/Jan/2009:15:58:29 +0100] "GET /.htm HTTP/1.1" 403 1223 "-" "Java/1.6.0_04"
89.122.29.33 - - [04/Jan/2009:15:58:29 +0100] "GET /framez-rez.html HTTP/1.1" 200 4323 "-" "Java/1.6.0_04"
89.122.29.33 - - [04/Jan/2009:15:58:30 +0100] "GET /framez-search.html HTTP/1.1" 200 4326 "-" "Java/1.6.0_04"
89.122.29.33 - - [04/Jan/2009:15:58:30 +0100] "GET /framez-sponsor.html HTTP/1.1" 200 4325 "-" "Java/1.6.0_04"
89.122.29.33 - - [04/Jan/2009:15:58:30 +0100] "GET /framez-warez.html HTTP/1.1" 200 4322 "-" "Java/1.6.0_04"
89.122.29.33 - - [04/Jan/2009:15:58:30 +0100] "GET /framez-web.html HTTP/1.1" 200 4322 "-" "Java/1.6.0_04"
89.122.29.33 - - [04/Jan/2009:15:58:30 +0100] "GET /framez-world.html HTTP/1.1" 200 4325 "-" "Java/1.6.0_04"
89.122.29.33 - - [04/Jan/2009:15:58:31 +0100] "GET /framez-zeug.html HTTP/1.1" 200 4311 "-" "Java/1.6.0_04"
89.122.29.33 - - [04/Jan/2009:15:58:32 +0100] "GET /bannnerz.html HTTP/1.1" 404 2748 "-" "Java/1.6.0_04"
89.122.29.33 - - [04/Jan/2009:15:58:33 +0100] "GET /channel1.html HTTP/1.1" 404 2748 "-" "Java/1.6.0_04"
89.122.29.33 - - [04/Jan/2009:15:58:33 +0100] "GET /contact.html HTTP/1.1" 404 2748 "-" "Java/1.6.0_04"
89.122.29.33 - - [04/Jan/2009:15:58:34 +0100] "GET /euro.html HTTP/1.1" 404 2748 "-" "Java/1.6.0_04"
89.122.29.33 - - [04/Jan/2009:15:58:35 +0100] "GET /framez-restate.html HTTP/1.1" 200 4328 "-" "Java/1.6.0_04"
89.122.29.33 - - [04/Jan/2009:15:58:35 +0100] "GET /index.php?TTAGGG=111011100111000010001001011101 HTTP/1.1" 404 2748 "-" "Java/1.6.0_04"
89.122.29.33 - - [04/Jan/2009:15:58:36 +0100] "GET /logz.html HTTP/1.1" 404 2748 "-" "Java/1.6.0_04"
89.122.29.33 - - [04/Jan/2009:15:58:36 +0100] "GET /logz_old.html HTTP/1.1" 404 2748 "-" "Java/1.6.0_04"
89.122.29.33 - - [04/Jan/2009:15:58:37 +0100] "GET /menue.html HTTP/1.1" 404 2748 "-" "Java/1.6.0_04"
89.122.29.33 - - [04/Jan/2009:15:58:39 +0100] "GET /menueleiste.js HTTP/1.1" 404 2748 "-" "Java/1.6.0_04"
89.122.29.33 - - [04/Jan/2009:15:58:39 +0100] "GET /net.html HTTP/1.1" 404 2748 "-" "Java/1.6.0_04"
89.122.29.33 - - [04/Jan/2009:15:58:40 +0100] "GET /search.html HTTP/1.1" 200 1440 "-" "Java/1.6.0_04"
89.122.29.33 - - [04/Jan/2009:15:58:40 +0100] "GET /tour1_new.html HTTP/1.1" 404 2748 "-" "Java/1.6.0_04"
89.122.29.33 - - [04/Jan/2009:15:58:41 +0100] "GET /warez.html HTTP/1.1" 200 9754 "-" "Java/1.6.0_04"
89.122.29.33 - - [04/Jan/2009:15:58:42 +0100] "GET /web.html HTTP/1.1" 404 2748 "-" "Java/1.6.0_04"
85.178.57.7 - - [04/Jan/2009:16:14:54 +0100] "GET / HTTP/1.1" 302 353 "http://www.google.com/search?um=1&hl=en&rlz=1B3GGGL_enDE296DE296&q=zampa%20di%20leone&ie=UTF-8&sa=N&tab=iw" "Mozilla/5.0 (Macintosh; U; PPC Mac OS X 10.4; en-US; rv:1.9.0.5) Gecko/2008120121 Firefox/3.0.5"
85.178.57.7 - - [04/Jan/2009:16:14:54 +0100] "GET /zampa/ HTTP/1.1" 200 7153 "http://www.google.com/search?um=1&hl=en&rlz=1B3GGGL_enDE296DE296&q=zampa%20di%20leone&ie=UTF-8&sa=N&tab=iw" "Mozilla/5.0 (Macintosh; U; PPC Mac OS X 10.4; en-US; rv:1.9.0.5) Gecko/2008120121 Firefox/3.0.5"
85.178.57.7 - - [04/Jan/2009:16:14:54 +0100] "GET /zampa/slike/zampa.gif HTTP/1.1" 200 5310 "http://www.various-euro.com/zampa/" "Mozilla/5.0 (Macintosh; U; PPC Mac OS X 10.4; en-US; rv:1.9.0.5) Gecko/2008120121 Firefox/3.0.5"
85.178.57.7 - - [04/Jan/2009:16:14:54 +0100] "GET /zampa/slike/udupetu.gif HTTP/1.1" 200 4138 "http://www.various-euro.com/zampa/" "Mozilla/5.0 (Macintosh; U; PPC Mac OS X 10.4; en-US; rv:1.9.0.5) Gecko/2008120121 Firefox/3.0.5"
85.178.57.7 - - [04/Jan/2009:16:14:54 +0100] "GET /zampa/slike/inthearse.gif HTTP/1.1" 200 4077 "http://www.various-euro.com/zampa/" "Mozilla/5.0 (Macintosh; U; PPC Mac OS X 10.4; en-US; rv:1.9.0.5) Gecko/2008120121 Firefox/3.0.5"
85.178.57.7 - - [04/Jan/2009:16:14:55 +0100] "GET /favicon.ico HTTP/1.1" 404 2748 "-" "Mozilla/5.0 (Macintosh; U; PPC Mac OS X 10.4; en-US; rv:1.9.0.5) Gecko/2008120121 Firefox/3.0.5"
85.178.57.7 - - [04/Jan/2009:16:14:58 +0100] "GET /favicon.ico HTTP/1.1" 404 2748 "-" "Mozilla/5.0 (Macintosh; U; PPC Mac OS X 10.4; en-US; rv:1.9.0.5) Gecko/2008120121 Firefox/3.0.5"
193.252.149.15 - - [04/Jan/2009:16:25:08 +0100] "GET /neon/slow-walk2.html HTTP/1.1" 200 1777 "-" "Mozilla/5.0 (Windows; U; Windows NT 5.1; fr; rv:1.8.1) VoilaBot BETA 1.2 (support.voilabot@orange-ftgroup.com)"
67.195.37.119 - - [04/Jan/2009:17:14:35 +0100] "GET /robots.txt HTTP/1.0" 200 64 "-" "Mozilla/5.0 (compatible; Yahoo! Slurp; http://help.yahoo.com/help/us/ysearch/slurp)"
67.195.37.119 - - [04/Jan/2009:17:14:44 +0100] "GET /f-euro.html HTTP/1.0" 200 12203 "-" "Mozilla/5.0 (compatible; Yahoo! Slurp; http://help.yahoo.com/help/us/ysearch/slurp)"
66.249.65.169 - - [04/Jan/2009:17:30:30 +0100] "GET /framez-pgb.html HTTP/1.1" 200 4336 "-" "Mozilla/5.0 (compatible; Googlebot/2.1; +http://www.google.com/bot.html)"
72.30.65.58 - - [04/Jan/2009:17:42:25 +0100] "GET /logs/usage_200705.html HTTP/1.0" 200 109447 "-" "Mozilla/5.0 (compatible; Yahoo! Slurp; http://help.yahoo.com/help/us/ysearch/slurp)"
72.30.65.58 - - [04/Jan/2009:17:54:56 +0100] "GET /logs/usage_200708.html HTTP/1.0" 200 111167 "-" "Mozilla/5.0 (compatible; Yahoo! Slurp; http://help.yahoo.com/help/us/ysearch/slurp)"
94.250.30.182 - - [04/Jan/2009:18:06:30 +0100] "GET /framez-zampa-lovers.html HTTP/1.1" 200 4322 "http://www.google.ba/search?client=firefox-a&rls=org.mozilla%3Aen-US%3Aofficial&channel=s&hl=en&q=kraj+liberalnog+kapitalizma&btnG=Google+Search" "Mozilla/5.0 (Windows; U; Windows NT 5.1; en-US; rv:1.9.0.5) Gecko/2008120122 Firefox/3.0.5"
94.250.30.182 - - [04/Jan/2009:18:06:31 +0100] "GET /ve-icon-2.ico HTTP/1.1" 200 2238 "-" "Mozilla/5.0 (Windows; U; Windows NT 5.1; en-US; rv:1.9.0.5) Gecko/2008120122 Firefox/3.0.5"
94.250.30.182 - - [04/Jan/2009:18:06:31 +0100] "GET /frame-menu.html HTTP/1.1" 200 10536 "http://www.various-euro.com/framez-zampa-lovers.html" "Mozilla/5.0 (Windows; U; Windows NT 5.1; en-US; rv:1.9.0.5) Gecko/2008120122 Firefox/3.0.5"
94.250.30.182 - - [04/Jan/2009:18:06:31 +0100] "GET /frame-unten.html HTTP/1.1" 200 5308 "http://www.various-euro.com/framez-zampa-lovers.html" "Mozilla/5.0 (Windows; U; Windows NT 5.1; en-US; rv:1.9.0.5) Gecko/2008120122 Firefox/3.0.5"
94.250.30.182 - - [04/Jan/2009:18:06:32 +0100] "GET /style/various-euro.css HTTP/1.1" 200 3437 "http://www.various-euro.com/frame-menu.html" "Mozilla/5.0 (Windows; U; Windows NT 5.1; en-US; rv:1.9.0.5) Gecko/2008120122 Firefox/3.0.5"
94.250.30.182 - - [04/Jan/2009:18:06:32 +0100] "GET /zampa-lovers/kralle.gif HTTP/1.1" 404 2748 "http://www.various-euro.com/zampa-lovers/index.html" "Mozilla/5.0 (Windows; U; Windows NT 5.1; en-US; rv:1.9.0.5) Gecko/2008120122 Firefox/3.0.5"
94.250.30.182 - - [04/Jan/2009:18:06:32 +0100] "GET /zampa-lovers/MILIZA_B.JPG HTTP/1.1" 200 10947 "http://www.various-euro.com/zampa-lovers/index.html" "Mozilla/5.0 (Windows; U; Windows NT 5.1; en-US; rv:1.9.0.5) Gecko/2008120122 Firefox/3.0.5"
94.250.30.182 - - [04/Jan/2009:18:06:33 +0100] "GET /zampa-lovers/MILIZA_4.JPG HTTP/1.1" 200 9946 "http://www.various-euro.com/zampa-lovers/index.html" "Mozilla/5.0 (Windows; U; Windows NT 5.1; en-US; rv:1.9.0.5) Gecko/2008120122 Firefox/3.0.5"
94.250.30.182 - - [04/Jan/2009:18:06:33 +0100] "GET /zampa-lovers/DRAGAN_Z.JPG HTTP/1.1" 200 6850 "http://www.various-euro.com/zampa-lovers/index.html" "Mozilla/5.0 (Windows; U; Windows NT 5.1; en-US; rv:1.9.0.5) Gecko/2008120122 Firefox/3.0.5"
94.250.30.182 - - [04/Jan/2009:18:06:31 +0100] "GET /zampa-lovers/index.html HTTP/1.1" 200 37790 "http://www.various-euro.com/framez-zampa-lovers.html" "Mozilla/5.0 (Windows; U; Windows NT 5.1; en-US; rv:1.9.0.5) Gecko/2008120122 Firefox/3.0.5"
94.250.30.182 - - [04/Jan/2009:18:06:32 +0100] "GET /zampa-lovers/MILIZA_2.JPG HTTP/1.1" 200 22172 "http://www.various-euro.com/zampa-lovers/index.html" "Mozilla/5.0 (Windows; U; Windows NT 5.1; en-US; rv:1.9.0.5) Gecko/2008120122 Firefox/3.0.5"
94.250.30.182 - - [04/Jan/2009:18:06:32 +0100] "GET /zampa-lovers/MILIZA_3.JPG HTTP/1.1" 200 26924 "http://www.various-euro.com/zampa-lovers/index.html" "Mozilla/5.0 (Windows; U; Windows NT 5.1; en-US; rv:1.9.0.5) Gecko/2008120122 Firefox/3.0.5"
94.250.30.182 - - [04/Jan/2009:18:06:34 +0100] "GET /zampa-lovers/DRAGANZA.JPG HTTP/1.1" 200 18560 "http://www.various-euro.com/zampa-lovers/index.html" "Mozilla/5.0 (Windows; U; Windows NT 5.1; en-US; rv:1.9.0.5) Gecko/2008120122 Firefox/3.0.5"
94.250.30.182 - - [04/Jan/2009:18:06:34 +0100] "GET /bannerz/ve.jpg HTTP/1.1" 200 36912 "http://www.various-euro.com/frame-unten.html" "Mozilla/5.0 (Windows; U; Windows NT 5.1; en-US; rv:1.9.0.5) Gecko/2008120122 Firefox/3.0.5"
94.250.30.182 - - [04/Jan/2009:18:06:34 +0100] "GET /zampa-lovers/1SEITEVE.GIF HTTP/1.1" 200 78726 "http://www.various-euro.com/zampa-lovers/index.html" "Mozilla/5.0 (Windows; U; Windows NT 5.1; en-US; rv:1.9.0.5) Gecko/2008120122 Firefox/3.0.5"
94.250.30.182 - - [04/Jan/2009:18:06:34 +0100] "GET /zampa-lovers/2SEITEVE.GIF HTTP/1.1" 200 83466 "http://www.various-euro.com/zampa-lovers/index.html" "Mozilla/5.0 (Windows; U; Windows NT 5.1; en-US; rv:1.9.0.5) Gecko/2008120122 Firefox/3.0.5"
94.250.30.182 - - [04/Jan/2009:18:06:38 +0100] "GET /zampa-lovers/ZAMPAMA2.MPG HTTP/1.1" 200 63492 "http://www.various-euro.com/zampa-lovers/index.html" "Mozilla/5.0 (Windows; U; Windows NT 5.1; en-US; rv:1.9.0.5) Gecko/2008120122 Firefox/3.0.5"
94.250.30.182 - - [04/Jan/2009:18:06:34 +0100] "GET /bannerz/various-euro-girl.jpg HTTP/1.1" 200 91514 "http://www.various-euro.com/frame-unten.html" "Mozilla/5.0 (Windows; U; Windows NT 5.1; en-US; rv:1.9.0.5) Gecko/2008120122 Firefox/3.0.5"
94.250.30.182 - - [04/Jan/2009:18:06:40 +0100] "GET /zampa-lovers/WASISTMI1.MPG HTTP/1.1" 200 271221 "http://www.various-euro.com/zampa-lovers/index.html" "Mozilla/5.0 (Windows; U; Windows NT 5.1; en-US; rv:1.9.0.5) Gecko/2008120122 Firefox/3.0.5"
94.250.30.182 - - [04/Jan/2009:18:06:45 +0100] "GET /zampa-lovers/Kralle.gif HTTP/1.1" 200 260 "http://www.various-euro.com/zampa-lovers/index.html" "Mozilla/5.0 (Windows; U; Windows NT 5.1; en-US; rv:1.9.0.5) Gecko/2008120122 Firefox/3.0.5"
94.250.30.182 - - [04/Jan/2009:18:06:46 +0100] "GET /zampa-lovers/zampa-2X2.gif HTTP/1.1" 200 6948 "http://www.various-euro.com/zampa-lovers/index.html" "Mozilla/5.0 (Windows; U; Windows NT 5.1; en-US; rv:1.9.0.5) Gecko/2008120122 Firefox/3.0.5"
94.250.30.182 - - [04/Jan/2009:18:06:46 +0100] "GET /zampa-lovers/ZAMPAMAS.MPG HTTP/1.1" 200 520196 "http://www.various-euro.com/zampa-lovers/index.html" "Mozilla/5.0 (Windows; U; Windows NT 5.1; en-US; rv:1.9.0.5) Gecko/2008120122 Firefox/3.0.5"
94.250.30.182 - - [04/Jan/2009:18:06:50 +0100] "GET /zampa-lovers/zampamali.gif HTTP/1.1" 200 2617 "http://www.various-euro.com/zampa-lovers/index.html" "Mozilla/5.0 (Windows; U; Windows NT 5.1; en-US; rv:1.9.0.5) Gecko/2008120122 Firefox/3.0.5"
94.250.30.182 - - [04/Jan/2009:18:06:35 +0100] "GET /zampa-lovers/zampa.gif HTTP/1.1" 200 460627 "http://www.various-euro.com/zampa-lovers/index.html" "Mozilla/5.0 (Windows; U; Windows NT 5.1; en-US; rv:1.9.0.5) Gecko/2008120122 Firefox/3.0.5"
94.250.30.182 - - [04/Jan/2009:18:06:42 +0100] "GET /zampa-lovers/ZAMPAMA2.MPG HTTP/1.1" 206 63492 "http://www.various-euro.com/zampa-lovers/index.html" "Mozilla/5.0 (Windows; U; Windows NT 5.1; en-US; rv:1.9.0.5) Gecko/2008120122 Firefox/3.0.5"
94.250.30.182 - - [04/Jan/2009:18:06:47 +0100] "GET /zampa-lovers/ZAMPAMAS.MPG HTTP/1.1" 206 520196 "http://www.various-euro.com/zampa-lovers/index.html" "Mozilla/5.0 (Windows; U; Windows NT 5.1; en-US; rv:1.9.0.5) Gecko/2008120122 Firefox/3.0.5"
94.250.30.182 - - [04/Jan/2009:18:06:45 +0100] "GET /zampa-lovers/WASISTMI1.MPG HTTP/1.1" 206 271221 "http://www.various-euro.com/zampa-lovers/index.html" "Mozilla/5.0 (Windows; U; Windows NT 5.1; en-US; rv:1.9.0.5) Gecko/2008120122 Firefox/3.0.5"
72.30.65.58 - - [04/Jan/2009:18:21:48 +0100] "GET /neon/girlz3.html HTTP/1.0" 200 2479 "-" "Mozilla/5.0 (compatible; Yahoo! Slurp; http://help.yahoo.com/help/us/ysearch/slurp)"
67.195.37.119 - - [04/Jan/2009:18:24:41 +0100] "GET /zampa/wonderland/index.html HTTP/1.0" 200 2084 "-" "Mozilla/5.0 (compatible; Yahoo! Slurp; http://help.yahoo.com/help/us/ysearch/slurp)"
193.252.149.16 - - [04/Jan/2009:20:05:56 +0100] "GET /bmpp/18start.html HTTP/1.1" 200 320 "-" "Mozilla/5.0 (Windows; U; Windows NT 5.1; fr; rv:1.8.1) VoilaBot BETA 1.2 (support.voilabot@orange-ftgroup.com)"
208.36.144.6 - - [04/Jan/2009:20:14:55 +0100] "GET /robots.txt HTTP/1.0" 302 363 "-" "Mozilla/5.0 (Twiceler-0.9 http://www.cuil.com/twiceler/robot.html)"
89.122.29.33 - - [04/Jan/2009:20:26:48 +0100] "GET / HTTP/1.1" 200 7869 "-" "Java/1.6.0_04"
89.122.29.33 - - [04/Jan/2009:20:26:49 +0100] "GET /framez.html HTTP/1.1" 200 3959 "-" "Java/1.6.0_04"
89.122.29.33 - - [04/Jan/2009:20:26:49 +0100] "GET /framez_0.html HTTP/1.1" 200 12444 "-" "Java/1.6.0_04"
89.122.29.33 - - [04/Jan/2009:20:26:50 +0100] "GET /frame-inhalt.html HTTP/1.1" 200 5418 "-" "Java/1.6.0_04"
89.122.29.33 - - [04/Jan/2009:20:26:51 +0100] "GET /frame-menu.html HTTP/1.1" 200 10536 "-" "Java/1.6.0_04"
89.122.29.33 - - [04/Jan/2009:20:26:52 +0100] "GET /frame-unten.html HTTP/1.1" 200 5308 "-" "Java/1.6.0_04"
89.122.29.33 - - [04/Jan/2009:20:26:52 +0100] "GET /f-maintitle.html HTTP/1.1" 200 5030 "-" "Java/1.6.0_04"
89.122.29.33 - - [04/Jan/2009:20:26:52 +0100] "GET /partnergegenberlin.html HTTP/1.1" 200 5022 "-" "Java/1.6.0_04"
89.122.29.33 - - [04/Jan/2009:20:26:52 +0100] "GET /f-actions.html HTTP/1.1" 200 10429 "-" "Java/1.6.0_04"
89.122.29.33 - - [04/Jan/2009:20:26:53 +0100] "GET /f-bannnerz.html HTTP/1.1" 200 12651 "-" "Java/1.6.0_04"
89.122.29.33 - - [04/Jan/2009:20:26:54 +0100] "GET /f-channel1.html HTTP/1.1" 200 8471 "-" "Java/1.6.0_04"
89.122.29.33 - - [04/Jan/2009:20:26:54 +0100] "GET /f-contact.html HTTP/1.1" 200 6804 "-" "Java/1.6.0_04"
89.122.29.33 - - [04/Jan/2009:20:26:54 +0100] "GET /f-doku-brau.html HTTP/1.1" 200 7152 "-" "Java/1.6.0_04"
89.122.29.33 - - [04/Jan/2009:20:26:55 +0100] "GET /f-euro.html HTTP/1.1" 200 12203 "-" "Java/1.6.0_04"
89.122.29.33 - - [04/Jan/2009:20:26:55 +0100] "GET /f-horrorkatze.html HTTP/1.1" 200 7865 "-" "Java/1.6.0_04"
89.122.29.33 - - [04/Jan/2009:20:26:55 +0100] "GET /f-net.html HTTP/1.1" 200 9913 "-" "Java/1.6.0_04"
89.122.29.33 - - [04/Jan/2009:20:26:56 +0100] "GET /f-other.html HTTP/1.1" 200 33189 "-" "Java/1.6.0_04"
89.122.29.33 - - [04/Jan/2009:20:26:57 +0100] "GET /f-rez.html HTTP/1.1" 200 9765 "-" "Java/1.6.0_04"
89.122.29.33 - - [04/Jan/2009:20:26:57 +0100] "GET /f-search.html HTTP/1.1" 200 11800 "-" "Java/1.6.0_04"
89.122.29.33 - - [04/Jan/2009:20:26:58 +0100] "GET /f-sponsor.html HTTP/1.1" 200 8578 "-" "Java/1.6.0_04"
89.122.29.33 - - [04/Jan/2009:20:26:58 +0100] "GET /f-warez.html HTTP/1.1" 200 10953 "-" "Java/1.6.0_04"
89.122.29.33 - - [04/Jan/2009:20:26:58 +0100] "GET /f-web.html HTTP/1.1" 200 13605 "-" "Java/1.6.0_04"
89.122.29.33 - - [04/Jan/2009:20:26:59 +0100] "GET /f-world.html HTTP/1.1" 200 35590 "-" "Java/1.6.0_04"
89.122.29.33 - - [04/Jan/2009:20:26:59 +0100] "GET /f-zeug.html HTTP/1.1" 200 48203 "-" "Java/1.6.0_04"
89.122.29.33 - - [04/Jan/2009:20:27:00 +0100] "GET /restate_copy.html HTTP/1.1" 200 97631 "-" "Java/1.6.0_04"
89.122.29.33 - - [04/Jan/2009:20:27:01 +0100] "GET /sendi_agent.html HTTP/1.1" 200 6213 "-" "Java/1.6.0_04"
89.122.29.33 - - [04/Jan/2009:20:27:02 +0100] "GET /your_tour.html HTTP/1.1" 200 31664 "-" "Java/1.6.0_04"
89.122.29.33 - - [04/Jan/2009:20:27:03 +0100] "GET /framez-pgb.html HTTP/1.1" 200 4336 "-" "Java/1.6.0_04"
89.122.29.33 - - [04/Jan/2009:20:27:03 +0100] "GET /framez-actions.html HTTP/1.1" 200 4322 "-" "Java/1.6.0_04"
89.122.29.33 - - [04/Jan/2009:20:27:03 +0100] "GET /framez-contact.html HTTP/1.1" 200 4325 "-" "Java/1.6.0_04"
89.122.29.33 - - [04/Jan/2009:20:27:04 +0100] "GET /framez-dbrau.html HTTP/1.1" 200 4313 "-" "Java/1.6.0_04"
89.122.29.33 - - [04/Jan/2009:20:27:05 +0100] "GET /framez-euro.html HTTP/1.1" 200 4319 "-" "Java/1.6.0_04"
89.122.29.33 - - [04/Jan/2009:20:27:05 +0100] "GET /framez-net.html HTTP/1.1" 200 4319 "-" "Java/1.6.0_04"
89.122.29.33 - - [04/Jan/2009:20:27:06 +0100] "GET /'+veURL+advisories[i].name+' HTTP/1.1" 404 2748 "-" "Java/1.6.0_04"
89.122.29.33 - - [04/Jan/2009:20:27:06 +0100] "GET /.htm HTTP/1.1" 403 1223 "-" "Java/1.6.0_04"
89.122.29.33 - - [04/Jan/2009:20:27:07 +0100] "GET /framez-rez.html HTTP/1.1" 200 4323 "-" "Java/1.6.0_04"
89.122.29.33 - - [04/Jan/2009:20:27:08 +0100] "GET /framez-search.html HTTP/1.1" 200 4326 "-" "Java/1.6.0_04"
89.122.29.33 - - [04/Jan/2009:20:27:09 +0100] "GET /framez-sponsor.html HTTP/1.1" 200 4325 "-" "Java/1.6.0_04"
89.122.29.33 - - [04/Jan/2009:20:27:09 +0100] "GET /framez-warez.html HTTP/1.1" 200 4322 "-" "Java/1.6.0_04"
89.122.29.33 - - [04/Jan/2009:20:27:09 +0100] "GET /framez-web.html HTTP/1.1" 200 4322 "-" "Java/1.6.0_04"
89.122.29.33 - - [04/Jan/2009:20:27:09 +0100] "GET /framez-world.html HTTP/1.1" 200 4325 "-" "Java/1.6.0_04"
89.122.29.33 - - [04/Jan/2009:20:27:09 +0100] "GET /framez-zeug.html HTTP/1.1" 200 4311 "-" "Java/1.6.0_04"
89.122.29.33 - - [04/Jan/2009:20:27:09 +0100] "GET /bannnerz.html HTTP/1.1" 404 2748 "-" "Java/1.6.0_04"
89.122.29.33 - - [04/Jan/2009:20:27:10 +0100] "GET /channel1.html HTTP/1.1" 404 2748 "-" "Java/1.6.0_04"
89.122.29.33 - - [04/Jan/2009:20:27:10 +0100] "GET /contact.html HTTP/1.1" 404 2748 "-" "Java/1.6.0_04"
89.122.29.33 - - [04/Jan/2009:20:27:12 +0100] "GET /euro.html HTTP/1.1" 404 2748 "-" "Java/1.6.0_04"
89.122.29.33 - - [04/Jan/2009:20:27:13 +0100] "GET /framez-restate.html HTTP/1.1" 200 4328 "-" "Java/1.6.0_04"
89.122.29.33 - - [04/Jan/2009:20:27:14 +0100] "GET /index.php?TTAGGG=111011100111000010001001011101 HTTP/1.1" 404 2748 "-" "Java/1.6.0_04"
89.122.29.33 - - [04/Jan/2009:20:27:15 +0100] "GET /logz.html HTTP/1.1" 404 2748 "-" "Java/1.6.0_04"
89.122.29.33 - - [04/Jan/2009:20:27:16 +0100] "GET /logz_old.html HTTP/1.1" 404 2748 "-" "Java/1.6.0_04"
89.122.29.33 - - [04/Jan/2009:20:27:16 +0100] "GET /menue.html HTTP/1.1" 404 2748 "-" "Java/1.6.0_04"
89.122.29.33 - - [04/Jan/2009:20:27:16 +0100] "GET /menueleiste.js HTTP/1.1" 404 2748 "-" "Java/1.6.0_04"
89.122.29.33 - - [04/Jan/2009:20:27:17 +0100] "GET /net.html HTTP/1.1" 404 2748 "-" "Java/1.6.0_04"
89.122.29.33 - - [04/Jan/2009:20:27:17 +0100] "GET /search.html HTTP/1.1" 200 1440 "-" "Java/1.6.0_04"
89.122.29.33 - - [04/Jan/2009:20:27:17 +0100] "GET /tour1_new.html HTTP/1.1" 404 2748 "-" "Java/1.6.0_04"
89.122.29.33 - - [04/Jan/2009:20:27:18 +0100] "GET /warez.html HTTP/1.1" 200 9754 "-" "Java/1.6.0_04"
89.122.29.33 - - [04/Jan/2009:20:27:19 +0100] "GET /web.html HTTP/1.1" 404 2748 "-" "Java/1.6.0_04"
67.195.37.119 - - [04/Jan/2009:20:43:18 +0100] "GET /neon/euro.html HTTP/1.0" 200 2212 "-" "Mozilla/5.0 (compatible; Yahoo! Slurp/3.0; http://help.yahoo.com/help/us/ysearch/slurp)"
66.249.65.169 - - [04/Jan/2009:20:58:45 +0100] "GET /neon/warning2.html HTTP/1.1" 200 997 "-" "Mozilla/5.0 (compatible; Googlebot/2.1; +http://www.google.com/bot.html)"
65.55.212.218 - - [04/Jan/2009:21:05:52 +0100] "GET /robots.txt HTTP/1.0" 200 64 "-" "msnbot-media/1.0 (+http://search.msn.com/msnbot.htm)"
65.55.212.218 - - [04/Jan/2009:21:05:52 +0100] "GET /restate_copy.html HTTP/1.0" 200 97631 "-" "msnbot-media/1.0 (+http://search.msn.com/msnbot.htm)"
72.30.65.58 - - [04/Jan/2009:21:06:49 +0100] "GET /games/virtualcop/virtualcop.html HTTP/1.0" 200 4487 "-" "Mozilla/5.0 (compatible; Yahoo! Slurp; http://help.yahoo.com/help/us/ysearch/slurp)"
67.195.37.119 - - [04/Jan/2009:21:07:05 +0100] "GET /neon/channel.html HTTP/1.0" 200 1942 "-" "Mozilla/5.0 (compatible; Yahoo! Slurp/3.0; http://help.yahoo.com/help/us/ysearch/slurp)"
67.195.37.119 - - [04/Jan/2009:21:53:24 +0100] "GET /euro.html HTTP/1.0" 404 2748 "-" "Mozilla/5.0 (compatible; Yahoo! Slurp; http://help.yahoo.com/help/us/ysearch/slurp)"
66.249.65.169 - - [04/Jan/2009:22:08:08 +0100] "GET /framez-girlz.html HTTP/1.1" 200 4271 "-" "Mozilla/5.0 (compatible; Googlebot/2.1; +http://www.google.com/bot.html)"
80.127.29.89 - - [04/Jan/2009:22:16:06 +0100] "GET / HTTP/1.1" 302 353 "http://www.google.co.uk/search?hl=en&q=zampa+di+leone&btnG=Google+Search&meta=" "Mozilla/5.0 (Macintosh; U; Intel Mac OS X 10.5; en-US; rv:1.9.0.5) Gecko/2008120121 Firefox/3.0.5"
80.127.29.89 - - [04/Jan/2009:22:16:06 +0100] "GET /zampa/ HTTP/1.1" 200 7153 "http://www.google.co.uk/search?hl=en&q=zampa+di+leone&btnG=Google+Search&meta=" "Mozilla/5.0 (Macintosh; U; Intel Mac OS X 10.5; en-US; rv:1.9.0.5) Gecko/2008120121 Firefox/3.0.5"
80.127.29.89 - - [04/Jan/2009:22:16:06 +0100] "GET /zampa/slike/zampa.gif HTTP/1.1" 200 5310 "http://www.various-euro.com/zampa/" "Mozilla/5.0 (Macintosh; U; Intel Mac OS X 10.5; en-US; rv:1.9.0.5) Gecko/2008120121 Firefox/3.0.5"
80.127.29.89 - - [04/Jan/2009:22:16:06 +0100] "GET /zampa/slike/udupetu.gif HTTP/1.1" 200 4138 "http://www.various-euro.com/zampa/" "Mozilla/5.0 (Macintosh; U; Intel Mac OS X 10.5; en-US; rv:1.9.0.5) Gecko/2008120121 Firefox/3.0.5"
80.127.29.89 - - [04/Jan/2009:22:16:06 +0100] "GET /zampa/slike/inthearse.gif HTTP/1.1" 200 4077 "http://www.various-euro.com/zampa/" "Mozilla/5.0 (Macintosh; U; Intel Mac OS X 10.5; en-US; rv:1.9.0.5) Gecko/2008120121 Firefox/3.0.5"
80.127.29.89 - - [04/Jan/2009:22:16:06 +0100] "GET /favicon.ico HTTP/1.1" 404 2748 "-" "Mozilla/5.0 (Macintosh; U; Intel Mac OS X 10.5; en-US; rv:1.9.0.5) Gecko/2008120121 Firefox/3.0.5"
80.127.29.89 - - [04/Jan/2009:22:16:09 +0100] "GET /favicon.ico HTTP/1.1" 404 2748 "-" "Mozilla/5.0 (Macintosh; U; Intel Mac OS X 10.5; en-US; rv:1.9.0.5) Gecko/2008120121 Firefox/3.0.5"
85.90.166.58 - - [04/Jan/2009:22:18:22 +0100] "GET /framez-zampa-lovers.html HTTP/1.1" 200 4322 "http://www.google.com/search?hl=en&q=postideo+se+majke&btnG=Google+Search&aq=o&oq=" "Mozilla/5.0 (Windows; U; Windows NT 5.1; en-US; rv:1.9.0.5) Gecko/2008120122 Firefox/3.0.5"
67.195.37.119 - - [04/Jan/2009:22:34:18 +0100] "GET /schubb/schubb-1.html HTTP/1.0" 200 9070 "-" "Mozilla/5.0 (compatible; Yahoo! Slurp/3.0; http://help.yahoo.com/help/us/ysearch/slurp)"
83.204.201.72 - - [04/Jan/2009:23:16:45 +0100] "GET / HTTP/1.1" 200 7869 "-" "-"
72.30.65.58 - - [04/Jan/2009:23:17:23 +0100] "GET /robots.txt HTTP/1.0" 200 64 "-" "Mozilla/5.0 (compatible; Yahoo! Slurp; http://help.yahoo.com/help/us/ysearch/slurp)"
72.30.65.58 - - [04/Jan/2009:23:17:23 +0100] "GET /neon/girl-tv.html HTTP/1.0" 200 1717 "-" "Mozilla/5.0 (compatible; Yahoo! Slurp; http://help.yahoo.com/help/us/ysearch/slurp)"
65.55.211.181 - - [04/Jan/2009:23:54:18 +0100] "GET /robots.txt HTTP/1.1" 200 64 "-" "msnbot/1.1 (+http://search.msn.com/msnbot.htm)"
65.55.211.181 - - [04/Jan/2009:23:54:18 +0100] "GET /logs/usage_200704.html HTTP/1.1" 200 108835 "-" "msnbot/1.1 (+http://search.msn.com/msnbot.htm)"
72.30.65.58 - - [04/Jan/2009:23:57:01 +0100] "GET /DgH/watch/ HTTP/1.0" 200 2028 "-" "Mozilla/5.0 (compatible; Yahoo! Slurp; http://help.yahoo.com/help/us/ysearch/slurp)"
