88.217.183.35 - - [07/Jan/2009:16:22:57 +0100] "GET /ve-icon-2.ico HTTP/1.1" 200 2238 "-" "Mozilla/5.0 (Macintosh; U; Intel Mac OS X 10.5; de; rv:1.9.0.5) Gecko/2008120121 Firefox/3.0.5"
88.217.183.35 - - [07/Jan/2009:16:23:00 +0100] "GET /ve-icon-2.ico HTTP/1.1" 200 2238 "-" "Mozilla/5.0 (Macintosh; U; Intel Mac OS X 10.5; de; rv:1.9.0.5) Gecko/2008120121 Firefox/3.0.5"
88.217.183.35 - - [07/Jan/2009:16:28:46 +0100] "GET / HTTP/1.1" 200 7869 "http://www.modukit.com/" "Mozilla/5.0 (Macintosh; U; Intel Mac OS X 10.5; de; rv:1.9.0.5) Gecko/2008120121 Firefox/3.0.5"
88.217.183.35 - - [07/Jan/2009:16:28:46 +0100] "GET /ve-icon-2.ico HTTP/1.1" 200 2238 "-" "Mozilla/5.0 (Macintosh; U; Intel Mac OS X 10.5; de; rv:1.9.0.5) Gecko/2008120121 Firefox/3.0.5"
88.217.183.35 - - [07/Jan/2009:16:28:46 +0100] "GET /style/various-euro.css HTTP/1.1" 200 3437 "http://www.various-euro.com/" "Mozilla/5.0 (Macintosh; U; Intel Mac OS X 10.5; de; rv:1.9.0.5) Gecko/2008120121 Firefox/3.0.5"
88.217.183.35 - - [07/Jan/2009:16:28:46 +0100] "GET /ve-icon-2.ico HTTP/1.1" 200 2238 "-" "Mozilla/5.0 (Macintosh; U; Intel Mac OS X 10.5; de; rv:1.9.0.5) Gecko/2008120121 Firefox/3.0.5"
88.217.183.35 - - [07/Jan/2009:16:28:46 +0100] "GET /framez_0.html HTTP/1.1" 200 12444 "http://www.various-euro.com/" "Mozilla/5.0 (Macintosh; U; Intel Mac OS X 10.5; de; rv:1.9.0.5) Gecko/2008120121 Firefox/3.0.5"
88.217.183.35 - - [07/Jan/2009:16:28:46 +0100] "GET /ve-icon-2.ico HTTP/1.1" 200 2238 "-" "Mozilla/5.0 (Macintosh; U; Intel Mac OS X 10.5; de; rv:1.9.0.5) Gecko/2008120121 Firefox/3.0.5"
88.217.183.35 - - [07/Jan/2009:16:28:47 +0100] "GET /ve-icon-2.ico HTTP/1.1" 200 2238 "-" "Mozilla/5.0 (Macintosh; U; Intel Mac OS X 10.5; de; rv:1.9.0.5) Gecko/2008120121 Firefox/3.0.5"
88.217.183.35 - - [07/Jan/2009:16:28:52 +0100] "GET /framez_0.html HTTP/1.1" 200 12444 "http://www.various-euro.com/" "Mozilla/5.0 (Macintosh; U; Intel Mac OS X 10.5; de; rv:1.9.0.5) Gecko/2008120121 Firefox/3.0.5"
88.217.183.35 - - [07/Jan/2009:16:28:52 +0100] "GET /ve-icon-2.ico HTTP/1.1" 200 2238 "-" "Mozilla/5.0 (Macintosh; U; Intel Mac OS X 10.5; de; rv:1.9.0.5) Gecko/2008120121 Firefox/3.0.5"
88.217.183.35 - - [07/Jan/2009:16:28:52 +0100] "GET /ve-icon-2.ico HTTP/1.1" 200 2238 "-" "Mozilla/5.0 (Macintosh; U; Intel Mac OS X 10.5; de; rv:1.9.0.5) Gecko/2008120121 Firefox/3.0.5"
88.217.183.35 - - [07/Jan/2009:16:28:54 +0100] "GET /framez_0.html HTTP/1.1" 200 12444 "http://www.various-euro.com/" "Mozilla/5.0 (Macintosh; U; Intel Mac OS X 10.5; de; rv:1.9.0.5) Gecko/2008120121 Firefox/3.0.5"
88.217.183.35 - - [07/Jan/2009:16:28:55 +0100] "GET /ve-icon-2.ico HTTP/1.1" 200 2238 "-" "Mozilla/5.0 (Macintosh; U; Intel Mac OS X 10.5; de; rv:1.9.0.5) Gecko/2008120121 Firefox/3.0.5"
88.217.183.35 - - [07/Jan/2009:16:28:55 +0100] "GET /ve-icon-2.ico HTTP/1.1" 200 2238 "-" "Mozilla/5.0 (Macintosh; U; Intel Mac OS X 10.5; de; rv:1.9.0.5) Gecko/2008120121 Firefox/3.0.5"
88.217.183.35 - - [07/Jan/2009:16:29:06 +0100] "GET /framez_0.html HTTP/1.1" 200 12444 "http://www.various-euro.com/" "Mozilla/5.0 (Macintosh; U; Intel Mac OS X 10.5; de; rv:1.9.0.5) Gecko/2008120121 Firefox/3.0.5"
88.217.183.35 - - [07/Jan/2009:16:29:37 +0100] "GET /ve-icon-2.ico HTTP/1.1" 200 2238 "-" "Mozilla/5.0 (Macintosh; U; Intel Mac OS X 10_5_6; de-de) AppleWebKit/525.27.1 (KHTML, like Gecko) Version/3.2.1 Safari/525.27.1"
88.217.183.35 - - [07/Jan/2009:16:30:10 +0100] "GET /ve-icon-2.ico HTTP/1.1" 200 2238 "-" "Mozilla/5.0 (Macintosh; U; Intel Mac OS X 10_5_6; de-de) AppleWebKit/525.27.1 (KHTML, like Gecko) Version/3.2.1 Safari/525.27.1"
65.55.211.173 - - [07/Jan/2009:16:58:58 +0100] "GET /robots.txt HTTP/1.1" 200 64 "-" "msnbot/1.1 (+http://search.msn.com/msnbot.htm)"
65.55.211.173 - - [07/Jan/2009:16:58:58 +0100] "GET /neon/annniiii.html HTTP/1.1" 200 686 "-" "msnbot/1.1 (+http://search.msn.com/msnbot.htm)"
212.41.142.242 - - [07/Jan/2009:17:24:10 +0100] "GET / HTTP/1.1" 302 353 "http://www.google.nl/search?hl=nl&q=Zampa+di+Leone+strip+&btnG=Zoeken&meta=" "Mozilla/4.0 (compatible; MSIE 6.0; Windows NT 5.1; SV1; .NET CLR 1.0.3705; .NET CLR 1.1.4322; .NET CLR 2.0.50727)"
212.41.142.242 - - [07/Jan/2009:17:24:10 +0100] "GET /zampa/ HTTP/1.1" 200 7153 "http://www.google.nl/search?hl=nl&q=Zampa+di+Leone+strip+&btnG=Zoeken&meta=" "Mozilla/4.0 (compatible; MSIE 6.0; Windows NT 5.1; SV1; .NET CLR 1.0.3705; .NET CLR 1.1.4322; .NET CLR 2.0.50727)"
212.41.142.242 - - [07/Jan/2009:17:24:10 +0100] "GET /zampa/slike/inthearse.gif HTTP/1.1" 200 4077 "http://www.various-euro.com/zampa/" "Mozilla/4.0 (compatible; MSIE 6.0; Windows NT 5.1; SV1; .NET CLR 1.0.3705; .NET CLR 1.1.4322; .NET CLR 2.0.50727)"
212.41.142.242 - - [07/Jan/2009:17:24:10 +0100] "GET /zampa/slike/zampa.gif HTTP/1.1" 200 5310 "http://www.various-euro.com/zampa/" "Mozilla/4.0 (compatible; MSIE 6.0; Windows NT 5.1; SV1; .NET CLR 1.0.3705; .NET CLR 1.1.4322; .NET CLR 2.0.50727)"
212.41.142.242 - - [07/Jan/2009:17:24:10 +0100] "GET /zampa/slike/udupetu.gif HTTP/1.1" 200 4138 "http://www.various-euro.com/zampa/" "Mozilla/4.0 (compatible; MSIE 6.0; Windows NT 5.1; SV1; .NET CLR 1.0.3705; .NET CLR 1.1.4322; .NET CLR 2.0.50727)"
212.41.142.242 - - [07/Jan/2009:17:24:18 +0100] "GET /zampa/slike/S1TITEL.GIF HTTP/1.1" 200 15244 "http://www.various-euro.com/zampa/" "Mozilla/4.0 (compatible; MSIE 6.0; Windows NT 5.1; SV1; .NET CLR 1.0.3705; .NET CLR 1.1.4322; .NET CLR 2.0.50727)"
212.41.142.242 - - [07/Jan/2009:17:24:26 +0100] "GET /zampa/slike/S3VAMPIR.GIF HTTP/1.1" 200 55504 "http://www.various-euro.com/zampa/" "Mozilla/4.0 (compatible; MSIE 6.0; Windows NT 5.1; SV1; .NET CLR 1.0.3705; .NET CLR 1.1.4322; .NET CLR 2.0.50727)"
212.41.142.242 - - [07/Jan/2009:17:25:43 +0100] "GET /zampa/slike/E1TITEL.GIF HTTP/1.1" 200 16284 "http://www.various-euro.com/zampa/" "Mozilla/4.0 (compatible; MSIE 6.0; Windows NT 5.1; SV1; .NET CLR 1.0.3705; .NET CLR 1.1.4322; .NET CLR 2.0.50727)"
212.41.142.242 - - [07/Jan/2009:17:25:51 +0100] "GET /zampa/slike/E4IRWIN.GIF HTTP/1.1" 200 53174 "http://www.various-euro.com/zampa/" "Mozilla/4.0 (compatible; MSIE 6.0; Windows NT 5.1; SV1; .NET CLR 1.0.3705; .NET CLR 1.1.4322; .NET CLR 2.0.50727)"
212.41.142.242 - - [07/Jan/2009:17:26:22 +0100] "GET /zampa/slike/S4IRWIN.GIF HTTP/1.1" 200 54718 "http://www.various-euro.com/zampa/" "Mozilla/4.0 (compatible; MSIE 6.0; Windows NT 5.1; SV1; .NET CLR 1.0.3705; .NET CLR 1.1.4322; .NET CLR 2.0.50727)"
212.41.142.242 - - [07/Jan/2009:17:26:57 +0100] "GET /zampa/slike/E8CURATO.GIF HTTP/1.1" 200 15386 "http://www.various-euro.com/zampa/" "Mozilla/4.0 (compatible; MSIE 6.0; Windows NT 5.1; SV1; .NET CLR 1.0.3705; .NET CLR 1.1.4322; .NET CLR 2.0.50727)"
68.178.200.27 - - [07/Jan/2009:17:30:08 +0100] "GET / HTTP/1.1" 200 7869 "-" "-"
65.55.211.169 - - [07/Jan/2009:17:36:55 +0100] "GET /neon/slow-walk.html HTTP/1.1" 200 1640 "-" "msnbot/1.1 (+http://search.msn.com/msnbot.htm)"
66.249.65.169 - - [07/Jan/2009:17:39:45 +0100] "GET /robots.txt HTTP/1.1" 200 64 "-" "Googlebot-Image/1.0"
72.30.65.58 - - [07/Jan/2009:17:42:36 +0100] "GET /schubb/schubb-2.html HTTP/1.0" 200 16660 "-" "Mozilla/5.0 (compatible; Yahoo! Slurp; http://help.yahoo.com/help/us/ysearch/slurp)"
81.52.143.15 - - [07/Jan/2009:17:46:07 +0100] "GET /bmpp/euro_pal_1.html HTTP/1.1" 200 18252 "-" "Mozilla/5.0 (Windows; U; Windows NT 5.1; fr; rv:1.8.1) VoilaBot BETA 1.2 (support.voilabot@orange-ftgroup.com)"
193.252.149.16 - - [07/Jan/2009:17:47:32 +0100] "GET /neon/biggtani.html HTTP/1.1" 200 1698 "-" "Mozilla/5.0 (Windows; U; Windows NT 5.1; fr; rv:1.8.1) VoilaBot BETA 1.2 (support.voilabot@orange-ftgroup.com)"
208.109.208.129 - - [07/Jan/2009:18:04:21 +0100] "GET / HTTP/1.1" 200 7869 "-" "-"
67.195.37.119 - - [07/Jan/2009:18:05:35 +0100] "GET /f-search.html HTTP/1.0" 200 11800 "-" "Mozilla/5.0 (compatible; Yahoo! Slurp/3.0; http://help.yahoo.com/help/us/ysearch/slurp)"
193.252.149.16 - - [07/Jan/2009:18:07:27 +0100] "GET /DgH/ HTTP/1.1" 200 5024 "-" "Mozilla/5.0 (Windows; U; Windows NT 5.1; fr; rv:1.8.1) VoilaBot BETA 1.2 (support.voilabot@orange-ftgroup.com)"
65.55.211.162 - - [07/Jan/2009:18:23:46 +0100] "GET /robots.txt HTTP/1.1" 200 64 "-" "msnbot/1.1 (+http://search.msn.com/msnbot.htm)"
65.55.211.162 - - [07/Jan/2009:18:23:48 +0100] "GET /zampa/montenegro/MILOW.html HTTP/1.1" 200 860 "-" "msnbot/1.1 (+http://search.msn.com/msnbot.htm)"
65.55.211.168 - - [07/Jan/2009:18:25:27 +0100] "GET /robots.txt HTTP/1.1" 200 64 "-" "msnbot/1.1 (+http://search.msn.com/msnbot.htm)"
65.55.211.168 - - [07/Jan/2009:18:25:27 +0100] "GET /zampa/montenegro/dajpare.html HTTP/1.1" 200 2503 "-" "msnbot/1.1 (+http://search.msn.com/msnbot.htm)"
193.252.149.15 - - [07/Jan/2009:18:50:29 +0100] "GET /robots.txt HTTP/1.1" 200 64 "-" "Mozilla/5.0 (Windows; U; Windows NT 5.1; fr; rv:1.8.1) VoilaBot BETA 1.2 (support.voilabot@orange-ftgroup.com)"
193.252.149.15 - - [07/Jan/2009:18:50:35 +0100] "GET /neon/code.html HTTP/1.1" 200 1109 "-" "Mozilla/5.0 (Windows; U; Windows NT 5.1; fr; rv:1.8.1) VoilaBot BETA 1.2 (support.voilabot@orange-ftgroup.com)"
65.55.211.181 - - [07/Jan/2009:19:20:21 +0100] "GET /robots.txt HTTP/1.1" 200 64 "-" "msnbot/1.1 (+http://search.msn.com/msnbot.htm)"
65.55.211.181 - - [07/Jan/2009:19:20:21 +0100] "GET /e-counter.html HTTP/1.1" 200 4047 "-" "msnbot/1.1 (+http://search.msn.com/msnbot.htm)"
65.55.109.213 - - [07/Jan/2009:19:26:29 +0100] "GET /e-counter.html HTTP/1.0" 200 4047 "http://search.live.com/results.aspx?q=warning" "Mozilla/4.0 (compatible; MSIE 6.0; Windows NT 5.2; SV1; .NET CLR 1.1.4322)"
66.249.65.169 - - [07/Jan/2009:19:41:05 +0100] "GET /style/various-euro.css HTTP/1.1" 200 3437 "-" "Mozilla/5.0 (compatible; Googlebot/2.1; +http://www.google.com/bot.html)"
65.55.230.243 - - [07/Jan/2009:19:47:35 +0100] "GET /robots.txt HTTP/1.1" 200 64 "-" "msnbot-media/1.1 (+http://search.msn.com/msnbot.htm)"
65.55.230.243 - - [07/Jan/2009:19:47:36 +0100] "GET /framez-girlz.html HTTP/1.1" 200 4271 "-" "msnbot-media/1.1 (+http://search.msn.com/msnbot.htm)"
72.30.65.58 - - [07/Jan/2009:19:53:33 +0100] "GET /robots.txt HTTP/1.0" 200 64 "-" "Mozilla/5.0 (compatible; Yahoo! Slurp; http://help.yahoo.com/help/us/ysearch/slurp)"
72.30.65.58 - - [07/Jan/2009:19:53:34 +0100] "GET /zampa/montenegro/MILOW.html HTTP/1.0" 200 860 "-" "Mozilla/5.0 (compatible; Yahoo! Slurp; http://help.yahoo.com/help/us/ysearch/slurp)"
193.252.149.16 - - [07/Jan/2009:20:07:53 +0100] "GET /DgH/watch/index.html HTTP/1.1" 200 2028 "-" "Mozilla/5.0 (Windows; U; Windows NT 5.1; fr; rv:1.8.1) VoilaBot BETA 1.2 (support.voilabot@orange-ftgroup.com)"
65.55.211.165 - - [07/Jan/2009:20:34:04 +0100] "GET /robots.txt HTTP/1.1" 200 64 "-" "msnbot/1.1 (+http://search.msn.com/msnbot.htm)"
65.55.211.165 - - [07/Jan/2009:20:34:05 +0100] "GET /neon/click.html HTTP/1.1" 200 521 "-" "msnbot/1.1 (+http://search.msn.com/msnbot.htm)"
193.252.149.16 - - [07/Jan/2009:20:39:13 +0100] "GET /neon/large.html HTTP/1.1" 200 1547 "-" "Mozilla/5.0 (Windows; U; Windows NT 5.1; fr; rv:1.8.1) VoilaBot BETA 1.2 (support.voilabot@orange-ftgroup.com)"
66.235.124.7 - - [07/Jan/2009:21:16:13 +0100] "GET / HTTP/1.1" 200 7869 "-" "Mozilla/5.0 (compatible; Ask Jeeves/Teoma; +http://about.ask.com/en/docs/about/webmasters.shtml)"
67.195.37.119 - - [07/Jan/2009:21:20:26 +0100] "GET /logs/ HTTP/1.0" 200 10079 "-" "Mozilla/5.0 (compatible; Yahoo! Slurp/3.0; http://help.yahoo.com/help/us/ysearch/slurp)"
67.195.37.119 - - [07/Jan/2009:21:21:11 +0100] "GET /neon/channel.html HTTP/1.0" 200 1942 "-" "Mozilla/5.0 (compatible; Yahoo! Slurp/3.0; http://help.yahoo.com/help/us/ysearch/slurp)"
72.30.65.58 - - [07/Jan/2009:21:27:00 +0100] "GET /neon/onlytttt.html HTTP/1.0" 200 1536 "-" "Mozilla/5.0 (compatible; Yahoo! Slurp; http://help.yahoo.com/help/us/ysearch/slurp)"
66.249.65.169 - - [07/Jan/2009:21:30:41 +0100] "GET /style/various-euro.css HTTP/1.1" 304 - "-" "Mozilla/5.0 (compatible; Googlebot/2.1; +http://www.google.com/bot.html)"
67.195.37.119 - - [07/Jan/2009:21:58:35 +0100] "GET / HTTP/1.0" 200 7869 "-" "Mozilla/5.0 (compatible; Yahoo! Slurp; http://help.yahoo.com/help/us/ysearch/slurp)"
67.195.37.119 - - [07/Jan/2009:22:01:10 +0100] "GET /net.html HTTP/1.0" 404 2748 "-" "Mozilla/5.0 (compatible; Yahoo! Slurp; http://help.yahoo.com/help/us/ysearch/slurp)"
193.252.149.15 - - [07/Jan/2009:22:04:10 +0100] "GET /robots.txt HTTP/1.1" 200 64 "-" "Mozilla/5.0 (Windows; U; Windows NT 5.1; fr; rv:1.8.1) VoilaBot BETA 1.2 (support.voilabot@orange-ftgroup.com)"
193.252.149.15 - - [07/Jan/2009:22:04:13 +0100] "GET /neon/euro.html HTTP/1.1" 200 2212 "-" "Mozilla/5.0 (Windows; U; Windows NT 5.1; fr; rv:1.8.1) VoilaBot BETA 1.2 (support.voilabot@orange-ftgroup.com)"
67.195.37.119 - - [07/Jan/2009:22:17:26 +0100] "GET /neon/sushi.html HTTP/1.0" 200 687 "-" "Mozilla/5.0 (compatible; Yahoo! Slurp; http://help.yahoo.com/help/us/ysearch/slurp)"
65.55.230.242 - - [07/Jan/2009:22:57:08 +0100] "GET /robots.txt HTTP/1.1" 200 64 "-" "msnbot-media/1.1 (+http://search.msn.com/msnbot.htm)"
65.55.230.242 - - [07/Jan/2009:22:57:08 +0100] "GET /framez-e-count.html HTTP/1.1" 200 4321 "-" "msnbot-media/1.1 (+http://search.msn.com/msnbot.htm)"
79.101.204.87 - - [07/Jan/2009:23:43:31 +0100] "GET /framez-zampa-lovers.html HTTP/1.1" 200 4322 "http://www.google.com/search?hl=en&client=firefox-a&channel=s&rls=org.mozilla:en-US:official&hs=Yp1&q=rad+u+sumi+video&start=10&sa=N" "Mozilla/5.0 (Windows; U; Windows NT 5.1; en-US; rv:1.9.0.5) Gecko/2008120122 Firefox/3.0.5"
79.101.204.87 - - [07/Jan/2009:23:43:31 +0100] "GET /ve-icon-2.ico HTTP/1.1" 200 2238 "-" "Mozilla/5.0 (Windows; U; Windows NT 5.1; en-US; rv:1.9.0.5) Gecko/2008120122 Firefox/3.0.5"
79.101.204.87 - - [07/Jan/2009:23:43:32 +0100] "GET /frame-menu.html HTTP/1.1" 200 10536 "http://www.various-euro.com/framez-zampa-lovers.html" "Mozilla/5.0 (Windows; U; Windows NT 5.1; en-US; rv:1.9.0.5) Gecko/2008120122 Firefox/3.0.5"
79.101.204.87 - - [07/Jan/2009:23:43:32 +0100] "GET /frame-unten.html HTTP/1.1" 200 5308 "http://www.various-euro.com/framez-zampa-lovers.html" "Mozilla/5.0 (Windows; U; Windows NT 5.1; en-US; rv:1.9.0.5) Gecko/2008120122 Firefox/3.0.5"
79.101.204.87 - - [07/Jan/2009:23:43:32 +0100] "GET /zampa-lovers/kralle.gif HTTP/1.1" 404 2748 "http://www.various-euro.com/zampa-lovers/index.html" "Mozilla/5.0 (Windows; U; Windows NT 5.1; en-US; rv:1.9.0.5) Gecko/2008120122 Firefox/3.0.5"
79.101.204.87 - - [07/Jan/2009:23:43:32 +0100] "GET /zampa-lovers/DRAGAN_Z.JPG HTTP/1.1" 200 6850 "http://www.various-euro.com/zampa-lovers/index.html" "Mozilla/5.0 (Windows; U; Windows NT 5.1; en-US; rv:1.9.0.5) Gecko/2008120122 Firefox/3.0.5"
79.101.204.87 - - [07/Jan/2009:23:43:32 +0100] "GET /zampa-lovers/MILIZA_2.JPG HTTP/1.1" 200 22172 "http://www.various-euro.com/zampa-lovers/index.html" "Mozilla/5.0 (Windows; U; Windows NT 5.1; en-US; rv:1.9.0.5) Gecko/2008120122 Firefox/3.0.5"
79.101.204.87 - - [07/Jan/2009:23:43:31 +0100] "GET /zampa-lovers/index.html HTTP/1.1" 200 37790 "http://www.various-euro.com/framez-zampa-lovers.html" "Mozilla/5.0 (Windows; U; Windows NT 5.1; en-US; rv:1.9.0.5) Gecko/2008120122 Firefox/3.0.5"
79.101.204.87 - - [07/Jan/2009:23:43:33 +0100] "GET /zampa-lovers/ZAMPAMA2.MPG HTTP/1.1" 200 63492 "http://www.various-euro.com/zampa-lovers/index.html" "Mozilla/5.0 (Windows; U; Windows NT 5.1; en-US; rv:1.9.0.5) Gecko/2008120122 Firefox/3.0.5"
79.101.204.87 - - [07/Jan/2009:23:43:34 +0100] "GET /style/various-euro.css HTTP/1.1" 200 3437 "http://www.various-euro.com/frame-menu.html" "Mozilla/5.0 (Windows; U; Windows NT 5.1; en-US; rv:1.9.0.5) Gecko/2008120122 Firefox/3.0.5"
79.101.204.87 - - [07/Jan/2009:23:43:34 +0100] "GET /zampa-lovers/WASISTMI1.MPG HTTP/1.1" 200 271221 "http://www.various-euro.com/zampa-lovers/index.html" "Mozilla/5.0 (Windows; U; Windows NT 5.1; en-US; rv:1.9.0.5) Gecko/2008120122 Firefox/3.0.5"
79.101.204.87 - - [07/Jan/2009:23:43:36 +0100] "GET /zampa-lovers/MILIZA_B.JPG HTTP/1.1" 200 10947 "http://www.various-euro.com/zampa-lovers/index.html" "Mozilla/5.0 (Windows; U; Windows NT 5.1; en-US; rv:1.9.0.5) Gecko/2008120122 Firefox/3.0.5"
79.101.204.87 - - [07/Jan/2009:23:43:36 +0100] "GET /zampa-lovers/MILIZA_4.JPG HTTP/1.1" 200 9946 "http://www.various-euro.com/zampa-lovers/index.html" "Mozilla/5.0 (Windows; U; Windows NT 5.1; en-US; rv:1.9.0.5) Gecko/2008120122 Firefox/3.0.5"
79.101.204.87 - - [07/Jan/2009:23:43:35 +0100] "GET /zampa-lovers/ZAMPAMAS.MPG HTTP/1.1" 200 520196 "http://www.various-euro.com/zampa-lovers/index.html" "Mozilla/5.0 (Windows; U; Windows NT 5.1; en-US; rv:1.9.0.5) Gecko/2008120122 Firefox/3.0.5"
79.101.204.87 - - [07/Jan/2009:23:43:37 +0100] "GET /zampa-lovers/Kralle.gif HTTP/1.1" 200 260 "http://www.various-euro.com/zampa-lovers/index.html" "Mozilla/5.0 (Windows; U; Windows NT 5.1; en-US; rv:1.9.0.5) Gecko/2008120122 Firefox/3.0.5"
79.101.204.87 - - [07/Jan/2009:23:43:36 +0100] "GET /zampa-lovers/DRAGANZA.JPG HTTP/1.1" 200 18560 "http://www.various-euro.com/zampa-lovers/index.html" "Mozilla/5.0 (Windows; U; Windows NT 5.1; en-US; rv:1.9.0.5) Gecko/2008120122 Firefox/3.0.5"
79.101.204.87 - - [07/Jan/2009:23:43:38 +0100] "GET /zampa-lovers/zampa-2X2.gif HTTP/1.1" 200 6948 "http://www.various-euro.com/zampa-lovers/index.html" "Mozilla/5.0 (Windows; U; Windows NT 5.1; en-US; rv:1.9.0.5) Gecko/2008120122 Firefox/3.0.5"
79.101.204.87 - - [07/Jan/2009:23:43:38 +0100] "GET /zampa-lovers/zampamali.gif HTTP/1.1" 200 2617 "http://www.various-euro.com/zampa-lovers/index.html" "Mozilla/5.0 (Windows; U; Windows NT 5.1; en-US; rv:1.9.0.5) Gecko/2008120122 Firefox/3.0.5"
79.101.204.87 - - [07/Jan/2009:23:43:36 +0100] "GET /zampa-lovers/1SEITEVE.GIF HTTP/1.1" 200 78726 "http://www.various-euro.com/zampa-lovers/index.html" "Mozilla/5.0 (Windows; U; Windows NT 5.1; en-US; rv:1.9.0.5) Gecko/2008120122 Firefox/3.0.5"
79.101.204.87 - - [07/Jan/2009:23:43:36 +0100] "GET /zampa-lovers/MILIZA_3.JPG HTTP/1.1" 200 26924 "http://www.various-euro.com/zampa-lovers/index.html" "Mozilla/5.0 (Windows; U; Windows NT 5.1; en-US; rv:1.9.0.5) Gecko/2008120122 Firefox/3.0.5"
79.101.204.87 - - [07/Jan/2009:23:43:40 +0100] "GET /bannerz/ve.jpg HTTP/1.1" 200 36912 "http://www.various-euro.com/frame-unten.html" "Mozilla/5.0 (Windows; U; Windows NT 5.1; en-US; rv:1.9.0.5) Gecko/2008120122 Firefox/3.0.5"
79.101.204.87 - - [07/Jan/2009:23:43:40 +0100] "GET /bannerz/various-euro-girl.jpg HTTP/1.1" 200 91514 "http://www.various-euro.com/frame-unten.html" "Mozilla/5.0 (Windows; U; Windows NT 5.1; en-US; rv:1.9.0.5) Gecko/2008120122 Firefox/3.0.5"
79.101.204.87 - - [07/Jan/2009:23:43:38 +0100] "GET /zampa-lovers/2SEITEVE.GIF HTTP/1.1" 200 83466 "http://www.various-euro.com/zampa-lovers/index.html" "Mozilla/5.0 (Windows; U; Windows NT 5.1; en-US; rv:1.9.0.5) Gecko/2008120122 Firefox/3.0.5"
79.101.204.87 - - [07/Jan/2009:23:43:40 +0100] "GET /zampa-lovers/zampa.gif HTTP/1.1" 200 460627 "http://www.various-euro.com/zampa-lovers/index.html" "Mozilla/5.0 (Windows; U; Windows NT 5.1; en-US; rv:1.9.0.5) Gecko/2008120122 Firefox/3.0.5"
67.195.37.119 - - [08/Jan/2009:00:08:10 +0100] "GET /zampa/montenegro/SEKAW.html HTTP/1.0" 200 860 "-" "Mozilla/5.0 (compatible; Yahoo! Slurp/3.0; http://help.yahoo.com/help/us/ysearch/slurp)"
67.195.37.119 - - [08/Jan/2009:00:32:08 +0100] "GET /logs/usage_200704.html HTTP/1.0" 200 108835 "-" "Mozilla/5.0 (compatible; Yahoo! Slurp/3.0; http://help.yahoo.com/help/us/ysearch/slurp)"
79.101.246.244 - - [08/Jan/2009:01:36:11 +0100] "GET / HTTP/1.1" 302 353 "http://www.google.com/search?q=zampa+di+leone++&ie=utf-8&oe=utf-8&aq=t&rls=org.mozilla:en-US:official&client=firefox-a" "Mozilla/5.0 (Windows; U; Windows NT 6.0; en-US; rv:1.9.0.5) Gecko/2008120122 Firefox/3.0.5"
79.101.246.244 - - [08/Jan/2009:01:36:11 +0100] "GET /zampa/ HTTP/1.1" 200 7153 "http://www.google.com/search?q=zampa+di+leone++&ie=utf-8&oe=utf-8&aq=t&rls=org.mozilla:en-US:official&client=firefox-a" "Mozilla/5.0 (Windows; U; Windows NT 6.0; en-US; rv:1.9.0.5) Gecko/2008120122 Firefox/3.0.5"
79.101.246.244 - - [08/Jan/2009:01:36:11 +0100] "GET /zampa/slike/zampa.gif HTTP/1.1" 200 5310 "http://www.various-euro.com/zampa/" "Mozilla/5.0 (Windows; U; Windows NT 6.0; en-US; rv:1.9.0.5) Gecko/2008120122 Firefox/3.0.5"
79.101.246.244 - - [08/Jan/2009:01:36:11 +0100] "GET /zampa/slike/udupetu.gif HTTP/1.1" 200 4138 "http://www.various-euro.com/zampa/" "Mozilla/5.0 (Windows; U; Windows NT 6.0; en-US; rv:1.9.0.5) Gecko/2008120122 Firefox/3.0.5"
79.101.246.244 - - [08/Jan/2009:01:36:11 +0100] "GET /zampa/slike/inthearse.gif HTTP/1.1" 200 4077 "http://www.various-euro.com/zampa/" "Mozilla/5.0 (Windows; U; Windows NT 6.0; en-US; rv:1.9.0.5) Gecko/2008120122 Firefox/3.0.5"
79.101.246.244 - - [08/Jan/2009:01:36:12 +0100] "GET /favicon.ico HTTP/1.1" 404 2748 "-" "Mozilla/5.0 (Windows; U; Windows NT 6.0; en-US; rv:1.9.0.5) Gecko/2008120122 Firefox/3.0.5"
79.101.246.244 - - [08/Jan/2009:01:36:15 +0100] "GET /favicon.ico HTTP/1.1" 404 2748 "-" "Mozilla/5.0 (Windows; U; Windows NT 6.0; en-US; rv:1.9.0.5) Gecko/2008120122 Firefox/3.0.5"
79.101.246.244 - - [08/Jan/2009:01:36:18 +0100] "GET /zampa/montenegro/dajpare.html HTTP/1.1" 200 2503 "http://www.various-euro.com/zampa/" "Mozilla/5.0 (Windows; U; Windows NT 6.0; en-US; rv:1.9.0.5) Gecko/2008120122 Firefox/3.0.5"
79.101.246.244 - - [08/Jan/2009:01:36:18 +0100] "GET /zampa/montenegro/slike/BATAW.jpg HTTP/1.1" 200 2631 "http://www.various-euro.com/zampa/montenegro/dajpare.html" "Mozilla/5.0 (Windows; U; Windows NT 6.0; en-US; rv:1.9.0.5) Gecko/2008120122 Firefox/3.0.5"
79.101.246.244 - - [08/Jan/2009:01:36:18 +0100] "GET /zampa/montenegro/slike/SEKAW.jpg HTTP/1.1" 200 2786 "http://www.various-euro.com/zampa/montenegro/dajpare.html" "Mozilla/5.0 (Windows; U; Windows NT 6.0; en-US; rv:1.9.0.5) Gecko/2008120122 Firefox/3.0.5"
79.101.246.244 - - [08/Jan/2009:01:36:18 +0100] "GET /zampa/montenegro/slike/TESLAW.jpg HTTP/1.1" 200 3770 "http://www.various-euro.com/zampa/montenegro/dajpare.html" "Mozilla/5.0 (Windows; U; Windows NT 6.0; en-US; rv:1.9.0.5) Gecko/2008120122 Firefox/3.0.5"
79.101.246.244 - - [08/Jan/2009:01:36:19 +0100] "GET /zampa/montenegro/slike/ZMAJW.jpg HTTP/1.1" 200 4555 "http://www.various-euro.com/zampa/montenegro/dajpare.html" "Mozilla/5.0 (Windows; U; Windows NT 6.0; en-US; rv:1.9.0.5) Gecko/2008120122 Firefox/3.0.5"
79.101.246.244 - - [08/Jan/2009:01:36:19 +0100] "GET /zampa/montenegro/slike/MILOW.jpg HTTP/1.1" 200 3823 "http://www.various-euro.com/zampa/montenegro/dajpare.html" "Mozilla/5.0 (Windows; U; Windows NT 6.0; en-US; rv:1.9.0.5) Gecko/2008120122 Firefox/3.0.5"
79.101.246.244 - - [08/Jan/2009:01:36:26 +0100] "GET /favicon.ico HTTP/1.1" 404 2748 "-" "Mozilla/5.0 (Windows; U; Windows NT 6.0; en-US; rv:1.9.0.5) Gecko/2008120122 Firefox/3.0.5"
64.17.2.164 - - [08/Jan/2009:01:40:49 +0100] "GET /robots.txt HTTP/1.1" 302 363 "-" "MLBot (www.metadatalabs.com/mlbot)"
64.17.2.164 - - [08/Jan/2009:01:40:50 +0100] "GET /zampa/robots.txt HTTP/1.1" 404 2748 "-" "MLBot (www.metadatalabs.com/mlbot)"
64.17.2.164 - - [08/Jan/2009:01:40:50 +0100] "GET / HTTP/1.1" 302 353 "-" "MLBot (www.metadatalabs.com/mlbot)"
64.17.2.164 - - [08/Jan/2009:01:40:50 +0100] "GET /zampa/ HTTP/1.1" 200 7153 "-" "MLBot (www.metadatalabs.com/mlbot)"
208.109.123.114 - - [08/Jan/2009:01:41:02 +0100] "GET / HTTP/1.1" 200 7869 "-" "-"
212.200.169.241 - - [08/Jan/2009:01:50:04 +0100] "GET /favicon.ico HTTP/1.1" 404 2748 "-" "Mozilla/5.0 (Windows; U; Windows NT 5.1; en-US; rv:1.9.0.5) Gecko/2008120122 Firefox/3.0.5"
212.200.169.241 - - [08/Jan/2009:01:50:04 +0100] "GET /favicon.ico HTTP/1.1" 302 364 "-" "Mozilla/5.0 (Windows; U; Windows NT 5.1; en-US; rv:1.9.0.5) Gecko/2008120122 Firefox/3.0.5"
212.200.169.241 - - [08/Jan/2009:01:50:04 +0100] "GET /zampa/favicon.ico HTTP/1.1" 404 2748 "-" "Mozilla/5.0 (Windows; U; Windows NT 5.1; en-US; rv:1.9.0.5) Gecko/2008120122 Firefox/3.0.5"
72.30.65.58 - - [08/Jan/2009:01:54:52 +0100] "GET /zampa-lovers/ HTTP/1.0" 200 37790 "-" "Mozilla/5.0 (compatible; Yahoo! Slurp; http://help.yahoo.com/help/us/ysearch/slurp)"
193.252.149.15 - - [08/Jan/2009:01:56:10 +0100] "GET /robots.txt HTTP/1.1" 200 64 "-" "Mozilla/5.0 (Windows; U; Windows NT 5.1; fr; rv:1.8.1) VoilaBot BETA 1.2 (support.voilabot@orange-ftgroup.com)"
193.252.149.15 - - [08/Jan/2009:01:56:26 +0100] "GET /f-channel1.html HTTP/1.1" 200 8471 "-" "Mozilla/5.0 (Windows; U; Windows NT 5.1; fr; rv:1.8.1) VoilaBot BETA 1.2 (support.voilabot@orange-ftgroup.com)"
66.235.124.7 - - [08/Jan/2009:02:06:25 +0100] "GET /robots.txt HTTP/1.1" 200 64 "-" "Mozilla/5.0 (compatible; Ask Jeeves/Teoma; +http://about.ask.com/en/docs/about/webmasters.shtml)"
66.235.124.7 - - [08/Jan/2009:02:06:40 +0100] "GET /zampa-lovers/index.html HTTP/1.1" 200 37790 "-" "Mozilla/5.0 (compatible; Ask Jeeves/Teoma; +http://about.ask.com/en/docs/about/webmasters.shtml)"
67.195.37.119 - - [08/Jan/2009:02:26:10 +0100] "GET /logs/usage_200709.html HTTP/1.0" 200 110974 "-" "Mozilla/5.0 (compatible; Yahoo! Slurp/3.0; http://help.yahoo.com/help/us/ysearch/slurp)"
67.195.37.119 - - [08/Jan/2009:02:26:20 +0100] "GET /logs/usage_200701.html HTTP/1.0" 200 109268 "-" "Mozilla/5.0 (compatible; Yahoo! Slurp/3.0; http://help.yahoo.com/help/us/ysearch/slurp)"
67.195.37.119 - - [08/Jan/2009:02:28:51 +0100] "GET /zampa-lovers/ HTTP/1.0" 200 37790 "-" "Mozilla/5.0 (compatible; Yahoo! Slurp/3.0; http://help.yahoo.com/help/us/ysearch/slurp)"
219.94.162.173 - - [08/Jan/2009:02:32:39 +0100] "GET /bannerz/various-euro-girl.jpg HTTP/1.0" 200 91514 "-" "Mozilla/4.0 (compatible; MSIE 6.0; Windows 98;)"
66.235.124.7 - - [08/Jan/2009:02:57:23 +0100] "GET /neon/girlz2.html HTTP/1.1" 200 2937 "-" "Mozilla/5.0 (compatible; Ask Jeeves/Teoma; +http://about.ask.com/en/docs/about/webmasters.shtml)"
77.56.90.162 - - [08/Jan/2009:03:11:19 +0100] "GET /schubb/schubb-2.html HTTP/1.1" 200 16660 "http://www.google.ch/search?q=fl%C3%BCssiges+neon&ie=utf-8&oe=utf-8&aq=t&rls=org.mozilla:de:official&client=firefox-a" "Mozilla/5.0 (Windows; U; Windows NT 5.1; de; rv:1.9.0.5) Gecko/2008120122 Firefox/3.0.5"
77.56.90.162 - - [08/Jan/2009:03:11:19 +0100] "GET /schubb/schubb-2.gif HTTP/1.1" 200 6460 "http://www.various-euro.com/schubb/schubb-2.html" "Mozilla/5.0 (Windows; U; Windows NT 5.1; de; rv:1.9.0.5) Gecko/2008120122 Firefox/3.0.5"
77.56.90.162 - - [08/Jan/2009:03:11:19 +0100] "GET /ve-icon-2.ico HTTP/1.1" 200 2238 "-" "Mozilla/5.0 (Windows; U; Windows NT 5.1; de; rv:1.9.0.5) Gecko/2008120122 Firefox/3.0.5"
77.56.90.162 - - [08/Jan/2009:03:11:19 +0100] "GET /framez-schubb2.html HTTP/1.1" 200 4314 "http://www.various-euro.com/schubb/schubb-2.html" "Mozilla/5.0 (Windows; U; Windows NT 5.1; de; rv:1.9.0.5) Gecko/2008120122 Firefox/3.0.5"
77.56.90.162 - - [08/Jan/2009:03:11:20 +0100] "GET /frame-menu.html HTTP/1.1" 200 10536 "http://www.various-euro.com/framez-schubb2.html" "Mozilla/5.0 (Windows; U; Windows NT 5.1; de; rv:1.9.0.5) Gecko/2008120122 Firefox/3.0.5"
77.56.90.162 - - [08/Jan/2009:03:11:20 +0100] "GET /frame-unten.html HTTP/1.1" 200 5308 "http://www.various-euro.com/framez-schubb2.html" "Mozilla/5.0 (Windows; U; Windows NT 5.1; de; rv:1.9.0.5) Gecko/2008120122 Firefox/3.0.5"
77.56.90.162 - - [08/Jan/2009:03:11:20 +0100] "GET /schubb/schubb-2.html HTTP/1.1" 200 16660 "http://www.various-euro.com/framez-schubb2.html" "Mozilla/5.0 (Windows; U; Windows NT 5.1; de; rv:1.9.0.5) Gecko/2008120122 Firefox/3.0.5"
77.56.90.162 - - [08/Jan/2009:03:11:20 +0100] "GET /style/various-euro.css HTTP/1.1" 200 3437 "http://www.various-euro.com/frame-menu.html" "Mozilla/5.0 (Windows; U; Windows NT 5.1; de; rv:1.9.0.5) Gecko/2008120122 Firefox/3.0.5"
77.56.90.162 - - [08/Jan/2009:03:11:20 +0100] "GET /bannerz/ve.jpg HTTP/1.1" 200 36912 "http://www.various-euro.com/frame-unten.html" "Mozilla/5.0 (Windows; U; Windows NT 5.1; de; rv:1.9.0.5) Gecko/2008120122 Firefox/3.0.5"
77.56.90.162 - - [08/Jan/2009:03:11:20 +0100] "GET /bannerz/various-euro-girl.jpg HTTP/1.1" 200 91514 "http://www.various-euro.com/frame-unten.html" "Mozilla/5.0 (Windows; U; Windows NT 5.1; de; rv:1.9.0.5) Gecko/2008120122 Firefox/3.0.5"
65.55.211.165 - - [08/Jan/2009:03:28:07 +0100] "GET /triple-double-u/ HTTP/1.1" 403 1223 "-" "msnbot/1.1 (+http://search.msn.com/msnbot.htm)"
64.246.165.180 - - [08/Jan/2009:03:29:11 +0100] "GET /robots.txt HTTP/1.0" 200 64 "http://www.whois.sc/" "SurveyBot/2.3 (Whois Source)"
64.246.165.180 - - [08/Jan/2009:03:29:11 +0100] "GET / HTTP/1.1" 206 7869 "http://whois.domaintools.com/various-euro.com" "SurveyBot/2.3 (Whois Source)"
67.195.37.119 - - [08/Jan/2009:03:37:13 +0100] "GET /logs/usage_200709.html HTTP/1.0" 200 110974 "-" "Mozilla/5.0 (compatible; Yahoo! Slurp/3.0; http://help.yahoo.com/help/us/ysearch/slurp)"
67.195.37.119 - - [08/Jan/2009:03:37:23 +0100] "GET /logs/usage_200701.html HTTP/1.0" 200 109268 "-" "Mozilla/5.0 (compatible; Yahoo! Slurp/3.0; http://help.yahoo.com/help/us/ysearch/slurp)"
65.55.212.218 - - [08/Jan/2009:04:00:26 +0100] "GET /robots.txt HTTP/1.0" 200 64 "-" "msnbot-media/1.0 (+http://search.msn.com/msnbot.htm)"
65.55.212.218 - - [08/Jan/2009:04:00:27 +0100] "GET /logs/daily_usage_200710.png HTTP/1.0" 200 4176 "-" "msnbot-media/1.0 (+http://search.msn.com/msnbot.htm)"
72.30.79.109 - - [08/Jan/2009:04:06:56 +0100] "GET /robots.txt HTTP/1.0" 200 64 "-" "Mozilla/5.0 (compatible; Yahoo! Slurp; http://help.yahoo.com/help/us/ysearch/slurp)"
72.30.79.109 - - [08/Jan/2009:04:06:56 +0100] "GET /logs/usage_200712.html HTTP/1.0" 200 92577 "-" "Mozilla/5.0 (compatible; Yahoo! Slurp; http://help.yahoo.com/help/us/ysearch/slurp)"
65.55.212.218 - - [08/Jan/2009:04:08:18 +0100] "GET /logs/hourly_usage_200711.png HTTP/1.0" 200 2010 "-" "msnbot-media/1.0 (+http://search.msn.com/msnbot.htm)"
81.52.143.16 - - [08/Jan/2009:04:08:24 +0100] "GET /robots.txt HTTP/1.1" 200 64 "-" "Mozilla/5.0 (Windows; U; Windows NT 5.1; fr; rv:1.8.1) VoilaBot BETA 1.2 (support.voilabot@orange-ftgroup.com)"
81.52.143.16 - - [08/Jan/2009:04:08:42 +0100] "GET /f-web.html HTTP/1.1" 200 13605 "-" "Mozilla/5.0 (Windows; U; Windows NT 5.1; fr; rv:1.8.1) VoilaBot BETA 1.2 (support.voilabot@orange-ftgroup.com)"
65.55.212.218 - - [08/Jan/2009:04:26:47 +0100] "GET /logs/ctry_usage_200701.png HTTP/1.0" 200 4939 "-" "msnbot-media/1.0 (+http://search.msn.com/msnbot.htm)"
65.55.212.218 - - [08/Jan/2009:04:26:51 +0100] "GET /logs/daily_usage_200707.png HTTP/1.0" 200 4109 "-" "msnbot-media/1.0 (+http://search.msn.com/msnbot.htm)"
65.55.212.218 - - [08/Jan/2009:04:27:06 +0100] "GET /logs/ctry_usage_200710.png HTTP/1.0" 200 5462 "-" "msnbot-media/1.0 (+http://search.msn.com/msnbot.htm)"
65.55.212.218 - - [08/Jan/2009:04:32:19 +0100] "GET /logs/ctry_usage_200707.png HTTP/1.0" 200 4871 "-" "msnbot-media/1.0 (+http://search.msn.com/msnbot.htm)"
65.55.212.218 - - [08/Jan/2009:04:32:22 +0100] "GET /logs/hourly_usage_200712.png HTTP/1.0" 200 2232 "-" "msnbot-media/1.0 (+http://search.msn.com/msnbot.htm)"
65.55.212.218 - - [08/Jan/2009:04:32:25 +0100] "GET /logs/hourly_usage_200705.png HTTP/1.0" 200 2181 "-" "msnbot-media/1.0 (+http://search.msn.com/msnbot.htm)"
65.55.212.218 - - [08/Jan/2009:04:32:27 +0100] "GET /logs/daily_usage_200709.png HTTP/1.0" 200 4030 "-" "msnbot-media/1.0 (+http://search.msn.com/msnbot.htm)"
65.55.212.218 - - [08/Jan/2009:04:32:47 +0100] "GET /zampa-lovers/WASISTMI1.MPG HTTP/1.0" 200 271221 "-" "msnbot-media/1.0 (+http://search.msn.com/msnbot.htm)"
65.55.212.218 - - [08/Jan/2009:04:36:55 +0100] "GET /triple-double-u/ HTTP/1.0" 403 1223 "-" "msnbot-media/1.0 (+http://search.msn.com/msnbot.htm)"
65.55.212.218 - - [08/Jan/2009:04:36:57 +0100] "GET /f-logz_old.html HTTP/1.0" 200 43773 "-" "msnbot-media/1.0 (+http://search.msn.com/msnbot.htm)"
65.55.212.218 - - [08/Jan/2009:04:37:02 +0100] "GET /DgH/watch/ HTTP/1.0" 200 2028 "-" "msnbot-media/1.0 (+http://search.msn.com/msnbot.htm)"
65.55.212.218 - - [08/Jan/2009:04:37:03 +0100] "GET /framez_0.html HTTP/1.0" 200 12444 "-" "msnbot-media/1.0 (+http://search.msn.com/msnbot.htm)"
65.55.212.218 - - [08/Jan/2009:04:37:07 +0100] "GET /zampa-lovers/ HTTP/1.0" 200 37790 "-" "msnbot-media/1.0 (+http://search.msn.com/msnbot.htm)"
72.30.79.109 - - [08/Jan/2009:04:42:33 +0100] "GET /logs/ HTTP/1.0" 200 10079 "-" "Mozilla/5.0 (compatible; Yahoo! Slurp; http://help.yahoo.com/help/us/ysearch/slurp)"
66.249.65.169 - - [08/Jan/2009:04:43:57 +0100] "GET /zampa/wonderland/index.html HTTP/1.1" 200 2084 "-" "Mozilla/5.0 (compatible; Googlebot/2.1; +http://www.google.com/bot.html)"
66.249.65.169 - - [08/Jan/2009:05:02:58 +0100] "GET /DgH/watch/index.html HTTP/1.1" 200 2028 "-" "Mozilla/5.0 (compatible; Googlebot/2.1; +http://www.google.com/bot.html)"
72.30.79.109 - - [08/Jan/2009:05:18:52 +0100] "GET /framez-girlz.html HTTP/1.0" 200 4271 "-" "Mozilla/5.0 (compatible; Yahoo! Slurp; http://help.yahoo.com/help/us/ysearch/slurp)"
72.30.79.109 - - [08/Jan/2009:05:18:53 +0100] "GET /frame-menu.html HTTP/1.0" 200 10536 "-" "Mozilla/5.0 (compatible; Yahoo! Slurp; http://help.yahoo.com/help/us/ysearch/slurp)"
72.30.79.109 - - [08/Jan/2009:05:18:54 +0100] "GET /neon/girlz2.html HTTP/1.0" 200 2937 "-" "Mozilla/5.0 (compatible; Yahoo! Slurp; http://help.yahoo.com/help/us/ysearch/slurp)"
72.30.79.109 - - [08/Jan/2009:05:18:54 +0100] "GET /frame-unten.html HTTP/1.0" 200 5308 "-" "Mozilla/5.0 (compatible; Yahoo! Slurp; http://help.yahoo.com/help/us/ysearch/slurp)"
193.47.80.51 - - [08/Jan/2009:05:33:02 +0100] "GET /robots.txt HTTP/1.1" 302 363 "-" "Mozilla/5.0 (compatible; Exabot/3.0; +http://www.exabot.com/go/robot)"
193.47.80.51 - - [08/Jan/2009:05:33:02 +0100] "GET /zampa/robots.txt HTTP/1.1" 404 2748 "-" "Mozilla/5.0 (compatible; Exabot/3.0; +http://www.exabot.com/go/robot)"
193.47.80.51 - - [08/Jan/2009:05:33:02 +0100] "GET / HTTP/1.1" 302 353 "-" "Mozilla/5.0 (compatible; Exabot/3.0; +http://www.exabot.com/go/robot)"
65.55.212.218 - - [08/Jan/2009:05:37:51 +0100] "GET /ve-icon-2.ico HTTP/1.0" 200 2238 "-" "msnbot-media/1.0 (+http://search.msn.com/msnbot.htm)"
65.55.212.218 - - [08/Jan/2009:06:29:08 +0100] "GET /zampa-lovers/ZAMPAMAS.MPG HTTP/1.0" 200 520196 "-" "msnbot-media/1.0 (+http://search.msn.com/msnbot.htm)"
203.162.3.168 - - [08/Jan/2009:06:43:14 +0100] "GET /neon/girl-tv.html HTTP/1.1" 200 1717 "http://www.google.com/custom?site=web&hl=en&client=pub-1734327923886716&channel=9518150362&cof=FORID:11%3BGL:1%3BLBGC:336699%3BLC:%230000ff%3BVLC:%23663399%3BGFNT:%230000ff%3BGIMP:%230000ff%3BDIV:%23336699%3B&ad=w9&q=eurogirl&start=90&sa=N" "Mozilla/4.0 (compatible; MSIE 6.0; Windows NT 5.1; SV1)"
203.162.3.168 - - [08/Jan/2009:06:43:16 +0100] "GET /neon/dollar-shadow.jpg HTTP/1.1" 200 3045 "http://www.various-euro.com/neon/girl-tv.html" "Mozilla/4.0 (compatible; MSIE 6.0; Windows NT 5.1; SV1)"
203.162.3.168 - - [08/Jan/2009:06:43:17 +0100] "GET /neon/girl-tv.gif HTTP/1.1" 200 15982 "http://www.various-euro.com/neon/girl-tv.html" "Mozilla/4.0 (compatible; MSIE 6.0; Windows NT 5.1; SV1)"
203.162.3.168 - - [08/Jan/2009:06:43:30 +0100] "GET /neon/girlz2.html HTTP/1.1" 200 2937 "http://www.various-euro.com/neon/girl-tv.html" "Mozilla/4.0 (compatible; MSIE 6.0; Windows NT 5.1; SV1)"
203.162.3.168 - - [08/Jan/2009:06:43:32 +0100] "GET /vgirls/button1.gif HTTP/1.1" 200 9099 "http://www.various-euro.com/neon/girlz2.html" "Mozilla/4.0 (compatible; MSIE 6.0; Windows NT 5.1; SV1)"
203.162.3.168 - - [08/Jan/2009:06:43:32 +0100] "GET /vgirls/wm_02.gif HTTP/1.1" 200 36891 "http://www.various-euro.com/neon/girlz2.html" "Mozilla/4.0 (compatible; MSIE 6.0; Windows NT 5.1; SV1)"
203.162.3.168 - - [08/Jan/2009:06:43:35 +0100] "GET /vgirls/button10.gif HTTP/1.1" 200 15687 "http://www.various-euro.com/neon/girlz2.html" "Mozilla/4.0 (compatible; MSIE 6.0; Windows NT 5.1; SV1)"
203.162.3.168 - - [08/Jan/2009:06:43:36 +0100] "GET /vgirls/virtua4.gif HTTP/1.1" 200 12643 "http://www.various-euro.com/neon/girlz2.html" "Mozilla/4.0 (compatible; MSIE 6.0; Windows NT 5.1; SV1)"
203.162.3.168 - - [08/Jan/2009:06:43:38 +0100] "GET /vgirls/button3.gif HTTP/1.1" 200 9634 "http://www.various-euro.com/neon/girlz2.html" "Mozilla/4.0 (compatible; MSIE 6.0; Windows NT 5.1; SV1)"
203.162.3.168 - - [08/Jan/2009:06:43:39 +0100] "GET /vgirls/dora_01.gif HTTP/1.1" 200 15465 "http://www.various-euro.com/neon/girlz2.html" "Mozilla/4.0 (compatible; MSIE 6.0; Windows NT 5.1; SV1)"
203.162.3.168 - - [08/Jan/2009:06:43:41 +0100] "GET /vgirls/shaina_big.gif HTTP/1.1" 200 16169 "http://www.various-euro.com/neon/girlz2.html" "Mozilla/4.0 (compatible; MSIE 6.0; Windows NT 5.1; SV1)"
203.162.3.168 - - [08/Jan/2009:06:43:45 +0100] "GET /framez-girlz.html HTTP/1.1" 200 4271 "-" "Mozilla/4.0 (compatible; MSIE 6.0; Windows NT 5.1; SV1)"
203.162.3.168 - - [08/Jan/2009:06:43:47 +0100] "GET /frame-menu.html HTTP/1.1" 200 10536 "http://www.various-euro.com/framez-girlz.html" "Mozilla/4.0 (compatible; MSIE 6.0; Windows NT 5.1; SV1)"
203.162.3.168 - - [08/Jan/2009:06:43:47 +0100] "GET /frame-unten.html HTTP/1.1" 200 5308 "http://www.various-euro.com/framez-girlz.html" "Mozilla/4.0 (compatible; MSIE 6.0; Windows NT 5.1; SV1)"
203.162.3.168 - - [08/Jan/2009:06:43:50 +0100] "GET /style/various-euro.css HTTP/1.1" 200 3437 "http://www.various-euro.com/frame-menu.html" "Mozilla/4.0 (compatible; MSIE 6.0; Windows NT 5.1; SV1)"
203.162.3.168 - - [08/Jan/2009:06:43:50 +0100] "GET /bannerz/ve.jpg HTTP/1.1" 200 36912 "http://www.various-euro.com/frame-unten.html" "Mozilla/4.0 (compatible; MSIE 6.0; Windows NT 5.1; SV1)"
203.162.3.168 - - [08/Jan/2009:06:43:52 +0100] "GET /bannerz/various-euro-girl.jpg HTTP/1.1" 200 91514 "http://www.various-euro.com/frame-unten.html" "Mozilla/4.0 (compatible; MSIE 6.0; Windows NT 5.1; SV1)"
119.63.193.43 - - [08/Jan/2009:07:05:52 +0100] "GET / HTTP/1.1" 200 7869 "-" "Baiduspider+(+http://help.baidu.jp/system/05.html)"
67.195.37.119 - - [08/Jan/2009:07:12:56 +0100] "GET /f-rez.html HTTP/1.0" 200 9765 "-" "Mozilla/5.0 (compatible; Yahoo! Slurp/3.0; http://help.yahoo.com/help/us/ysearch/slurp)"
89.122.29.125 - - [08/Jan/2009:07:18:40 +0100] "GET / HTTP/1.1" 200 7869 "-" "Java/1.6.0_04"
89.122.29.125 - - [08/Jan/2009:07:18:41 +0100] "GET /framez.html HTTP/1.1" 200 3959 "-" "Java/1.6.0_04"
89.122.29.125 - - [08/Jan/2009:07:18:41 +0100] "GET /framez_0.html HTTP/1.1" 200 12444 "-" "Java/1.6.0_04"
89.122.29.125 - - [08/Jan/2009:07:18:42 +0100] "GET /frame-inhalt.html HTTP/1.1" 200 5418 "-" "Java/1.6.0_04"
89.122.29.125 - - [08/Jan/2009:07:18:42 +0100] "GET /frame-menu.html HTTP/1.1" 200 10536 "-" "Java/1.6.0_04"
72.30.79.109 - - [08/Jan/2009:07:38:45 +0100] "GET /ascii/schrunmpf.html HTTP/1.0" 200 3248 "-" "Mozilla/5.0 (compatible; Yahoo! Slurp; http://help.yahoo.com/help/us/ysearch/slurp)"
65.55.211.166 - - [08/Jan/2009:07:46:05 +0100] "GET /robots.txt HTTP/1.1" 200 64 "-" "msnbot/1.1 (+http://search.msn.com/msnbot.htm)"
65.55.211.166 - - [08/Jan/2009:07:46:06 +0100] "GET /zampa-lovers/index.html HTTP/1.1" 200 37790 "-" "msnbot/1.1 (+http://search.msn.com/msnbot.htm)"
65.55.230.243 - - [08/Jan/2009:07:48:20 +0100] "GET /robots.txt HTTP/1.1" 200 64 "-" "msnbot-media/1.1 (+http://search.msn.com/msnbot.htm)"
65.55.230.243 - - [08/Jan/2009:07:48:20 +0100] "GET /f-warez.html HTTP/1.1" 200 10953 "-" "msnbot-media/1.1 (+http://search.msn.com/msnbot.htm)"
65.55.230.243 - - [08/Jan/2009:07:52:21 +0100] "GET /frame-unten.html HTTP/1.1" 200 5308 "-" "msnbot-media/1.1 (+http://search.msn.com/msnbot.htm)"
66.249.65.169 - - [08/Jan/2009:07:54:06 +0100] "GET /DgH/watch/ HTTP/1.1" 200 2028 "-" "Mozilla/5.0 (compatible; Googlebot/2.1; +http://www.google.com/bot.html)"
98.242.227.111 - - [08/Jan/2009:07:58:01 +0100] "GET / HTTP/1.0" 200 7869 "http://xoaiuof.977mb.com/aetna_medical_health_insurance.html" "Mozilla/4.0 (compatible; MSIE 6.0; Windows NT 5.1; SV1; YPC 3.0.2; .NET CLR 1.1.4322; yplus 4.4.02b)"
98.242.227.111 - - [08/Jan/2009:07:58:06 +0100] "GET / HTTP/1.0" 200 7869 "http://xoaiuof.977mb.com/aetna_medical_health_insurance.html" "Mozilla/4.0 (compatible; MSIE 6.0; Windows NT 5.1; SV1; YPC 3.0.2; .NET CLR 1.1.4322; yplus 4.4.02b)"
98.242.227.111 - - [08/Jan/2009:07:58:09 +0100] "GET / HTTP/1.0" 200 7869 "http://xoaiuof.977mb.com/aetna_medical_health_insurance.html" "Mozilla/4.0 (compatible; MSIE 6.0; Windows NT 5.1; SV1; YPC 3.0.2; .NET CLR 1.1.4322; yplus 4.4.02b)"
98.242.227.111 - - [08/Jan/2009:07:58:12 +0100] "GET / HTTP/1.0" 200 7869 "http://xoaiuof.977mb.com/aetna_medical_health_insurance.html" "Mozilla/4.0 (compatible; MSIE 6.0; Windows NT 5.1; SV1; YPC 3.0.2; .NET CLR 1.1.4322; yplus 4.4.02b)"
71.62.249.79 - - [08/Jan/2009:07:59:36 +0100] "GET / HTTP/1.0" 200 7869 "http://npyubwe.007webs.com/humana_health_insurance_cobra.html" "Mozilla/5.0 (Windows; U; Win98; en-US; rv:1.5) Gecko/20031016 K-Meleon/0.8.2"
71.62.249.79 - - [08/Jan/2009:07:59:55 +0100] "GET / HTTP/1.0" 200 7869 "http://npyubwe.007webs.com/humana_health_insurance_cobra.html" "Mozilla/5.0 (Windows; U; Win98; en-US; rv:1.5) Gecko/20031016 K-Meleon/0.8.2"
71.62.249.79 - - [08/Jan/2009:08:00:07 +0100] "GET / HTTP/1.0" 200 7869 "http://npyubwe.007webs.com/humana_health_insurance_cobra.html" "Mozilla/5.0 (Windows; U; Win98; en-US; rv:1.5) Gecko/20031016 K-Meleon/0.8.2"
71.62.249.79 - - [08/Jan/2009:08:00:14 +0100] "GET / HTTP/1.0" 200 7869 "http://npyubwe.007webs.com/humana_health_insurance_cobra.html" "Mozilla/5.0 (Windows; U; Win98; en-US; rv:1.5) Gecko/20031016 K-Meleon/0.8.2"
114.111.36.26 - - [08/Jan/2009:08:27:23 +0100] "GET /robots.txt HTTP/1.1" 302 363 "-" "Mozilla/4.0 (compatible; NaverBot/1.0; http://help.naver.com/customer_webtxt_02.jsp)"
114.111.36.26 - - [08/Jan/2009:08:27:24 +0100] "GET / HTTP/1.1" 302 353 "-" "Mozilla/4.0 (compatible; NaverBot/1.0; http://help.naver.com/customer_webtxt_02.jsp)"
72.30.79.109 - - [08/Jan/2009:08:41:09 +0100] "GET /neon/europa.html HTTP/1.0" 200 389 "-" "Mozilla/5.0 (compatible; Yahoo! Slurp; http://help.yahoo.com/help/us/ysearch/slurp)"
66.249.65.169 - - [08/Jan/2009:08:41:44 +0100] "GET /logs/ HTTP/1.1" 200 10079 "-" "Mozilla/5.0 (compatible; Googlebot/2.1; +http://www.google.com/bot.html)"
193.252.149.15 - - [08/Jan/2009:09:22:33 +0100] "GET /bmpp/euro_pal_111.html HTTP/1.1" 200 2129 "-" "Mozilla/5.0 (Windows; U; Windows NT 5.1; fr; rv:1.8.1) VoilaBot BETA 1.2 (support.voilabot@orange-ftgroup.com)"
67.195.37.119 - - [08/Jan/2009:09:56:53 +0100] "GET /robots.txt HTTP/1.0" 200 64 "-" "Mozilla/5.0 (compatible; Yahoo! Slurp; http://help.yahoo.com/help/us/ysearch/slurp)"
67.195.37.119 - - [08/Jan/2009:09:56:53 +0100] "GET /DgH/rampe/index.html HTTP/1.0" 200 2056 "-" "Mozilla/5.0 (compatible; Yahoo! Slurp/3.0; http://help.yahoo.com/help/us/ysearch/slurp)"
67.195.37.119 - - [08/Jan/2009:09:56:54 +0100] "GET /DgH/rampe/pict/Rampe.mp3 HTTP/1.0" 200 8295 "http://www.various-euro.com/DgH/rampe/index.html" "Mozilla/5.0 (compatible; Yahoo! Slurp/3.0; http://help.yahoo.com/help/us/ysearch/slurp)"
66.249.65.169 - - [08/Jan/2009:10:26:20 +0100] "GET /zampa/montenegro/MILOW.html HTTP/1.1" 200 860 "-" "Mozilla/5.0 (compatible; Googlebot/2.1; +http://www.google.com/bot.html)"
157.82.156.164 - - [08/Jan/2009:10:38:17 +0100] "GET /ve-icon-2.ico HTTP/1.1" 200 2238 "http://www.various-euro.com/framez-rez.html" "Mozilla/5.0 (compatible; Steeler/3.4; http://www.tkl.iis.u-tokyo.ac.jp/~crawler/)"
90.190.60.234 - - [08/Jan/2009:11:07:46 +0100] "GET /framez.html HTTP/1.1" 200 3959 "http://www.google.ee/search?hl=et&q=euro+portal&btnG=Otsi&lr=" "Mozilla/4.0 (compatible; MSIE 7.0; Windows NT 5.1; .NET CLR 1.1.4322)"
90.190.60.234 - - [08/Jan/2009:11:07:47 +0100] "GET /style/various-euro.css HTTP/1.1" 200 3437 "http://www.various-euro.com/framez.html" "Mozilla/4.0 (compatible; MSIE 7.0; Windows NT 5.1; .NET CLR 1.1.4322)"
90.190.60.234 - - [08/Jan/2009:11:07:47 +0100] "GET /frame-menu.html HTTP/1.1" 200 10536 "http://www.various-euro.com/framez.html" "Mozilla/4.0 (compatible; MSIE 7.0; Windows NT 5.1; .NET CLR 1.1.4322)"
90.190.60.234 - - [08/Jan/2009:11:07:47 +0100] "GET /frame-inhalt.html HTTP/1.1" 200 5418 "http://www.various-euro.com/framez.html" "Mozilla/4.0 (compatible; MSIE 7.0; Windows NT 5.1; .NET CLR 1.1.4322)"
90.190.60.234 - - [08/Jan/2009:11:07:47 +0100] "GET /frame-unten.html HTTP/1.1" 200 5308 "http://www.various-euro.com/framez.html" "Mozilla/4.0 (compatible; MSIE 7.0; Windows NT 5.1; .NET CLR 1.1.4322)"
90.190.60.234 - - [08/Jan/2009:11:07:47 +0100] "GET /bannerz/neon_click_3.gif HTTP/1.1" 200 240 "http://www.various-euro.com/frame-inhalt.html" "Mozilla/4.0 (compatible; MSIE 7.0; Windows NT 5.1; .NET CLR 1.1.4322)"
90.190.60.234 - - [08/Jan/2009:11:07:47 +0100] "GET /eurosign3.gif HTTP/1.1" 200 7879 "http://www.various-euro.com/frame-inhalt.html" "Mozilla/4.0 (compatible; MSIE 7.0; Windows NT 5.1; .NET CLR 1.1.4322)"
90.190.60.234 - - [08/Jan/2009:11:07:47 +0100] "GET /bannerz/goolag_468.jpg HTTP/1.1" 200 28285 "http://www.various-euro.com/frame-inhalt.html" "Mozilla/4.0 (compatible; MSIE 7.0; Windows NT 5.1; .NET CLR 1.1.4322)"
90.190.60.234 - - [08/Jan/2009:11:07:47 +0100] "GET /bannerz/neon_click_1.gif HTTP/1.1" 200 890 "http://www.various-euro.com/frame-inhalt.html" "Mozilla/4.0 (compatible; MSIE 7.0; Windows NT 5.1; .NET CLR 1.1.4322)"
90.190.60.234 - - [08/Jan/2009:11:07:47 +0100] "GET /bannerz/wet.gif HTTP/1.1" 200 18561 "http://www.various-euro.com/frame-inhalt.html" "Mozilla/4.0 (compatible; MSIE 7.0; Windows NT 5.1; .NET CLR 1.1.4322)"
90.190.60.234 - - [08/Jan/2009:11:07:47 +0100] "GET /bannerz/google/Logo_40blk.gif HTTP/1.1" 200 2308 "http://www.various-euro.com/frame-inhalt.html" "Mozilla/4.0 (compatible; MSIE 7.0; Windows NT 5.1; .NET CLR 1.1.4322)"
90.190.60.234 - - [08/Jan/2009:11:07:47 +0100] "GET /bannerz/neon_click_2.gif HTTP/1.1" 200 387 "http://www.various-euro.com/frame-inhalt.html" "Mozilla/4.0 (compatible; MSIE 7.0; Windows NT 5.1; .NET CLR 1.1.4322)"
90.190.60.234 - - [08/Jan/2009:11:07:47 +0100] "GET /bannerz/douwil.gif HTTP/1.1" 200 528 "http://www.various-euro.com/frame-inhalt.html" "Mozilla/4.0 (compatible; MSIE 7.0; Windows NT 5.1; .NET CLR 1.1.4322)"
90.190.60.234 - - [08/Jan/2009:11:07:47 +0100] "GET /bannerz/anti_black_small.gif HTTP/1.1" 200 1009 "http://www.various-euro.com/frame-inhalt.html" "Mozilla/4.0 (compatible; MSIE 7.0; Windows NT 5.1; .NET CLR 1.1.4322)"
90.190.60.234 - - [08/Jan/2009:11:07:47 +0100] "GET /bannerz/copyleft_black_small.gif HTTP/1.1" 200 1231 "http://www.various-euro.com/frame-inhalt.html" "Mozilla/4.0 (compatible; MSIE 7.0; Windows NT 5.1; .NET CLR 1.1.4322)"
90.190.60.234 - - [08/Jan/2009:11:07:47 +0100] "GET /bannerz/ve.jpg HTTP/1.1" 200 36912 "http://www.various-euro.com/frame-unten.html" "Mozilla/4.0 (compatible; MSIE 7.0; Windows NT 5.1; .NET CLR 1.1.4322)"
90.190.60.234 - - [08/Jan/2009:11:07:47 +0100] "GET /bannerz/various-euro-girl.jpg HTTP/1.1" 200 91514 "http://www.various-euro.com/frame-unten.html" "Mozilla/4.0 (compatible; MSIE 7.0; Windows NT 5.1; .NET CLR 1.1.4322)"
90.190.60.234 - - [08/Jan/2009:11:07:48 +0100] "GET /ve-icon-2.ico HTTP/1.1" 200 2238 "-" "Mozilla/4.0 (compatible; MSIE 7.0; Windows NT 5.1; .NET CLR 1.1.4322)"
90.190.60.234 - - [08/Jan/2009:11:07:59 +0100] "GET /f-horrorkatze.html HTTP/1.1" 200 7865 "http://www.various-euro.com/frame-menu.html" "Mozilla/4.0 (compatible; MSIE 7.0; Windows NT 5.1; .NET CLR 1.1.4322)"
90.190.60.234 - - [08/Jan/2009:11:07:59 +0100] "GET /bannerz/gras.jpg HTTP/1.1" 200 15895 "http://www.various-euro.com/f-horrorkatze.html" "Mozilla/4.0 (compatible; MSIE 7.0; Windows NT 5.1; .NET CLR 1.1.4322)"
90.190.60.234 - - [08/Jan/2009:11:07:59 +0100] "GET /bannerz/horrorkatze/teGIFT.JPG HTTP/1.1" 200 4873 "http://www.various-euro.com/f-horrorkatze.html" "Mozilla/4.0 (compatible; MSIE 7.0; Windows NT 5.1; .NET CLR 1.1.4322)"
90.190.60.234 - - [08/Jan/2009:11:07:59 +0100] "GET /bannerz/horrorkatze/EAT.gif HTTP/1.1" 200 89369 "http://www.various-euro.com/f-horrorkatze.html" "Mozilla/4.0 (compatible; MSIE 7.0; Windows NT 5.1; .NET CLR 1.1.4322)"
90.190.60.234 - - [08/Jan/2009:11:08:02 +0100] "GET /bannerz/horrorkatze/struct-fotoalbum.mpg HTTP/1.1" 200 25146 "-" "Mozilla/4.0 (compatible; MSIE 7.0; Windows NT 5.1; .NET CLR 1.1.4322)"
90.190.60.234 - - [08/Jan/2009:11:08:02 +0100] "GET /bannerz/horrorkatze/kontext-inform.mpg HTTP/1.1" 200 96263 "-" "Mozilla/4.0 (compatible; MSIE 7.0; Windows NT 5.1; .NET CLR 1.1.4322)"
90.190.60.234 - - [08/Jan/2009:11:08:03 +0100] "GET /bannerz/horrorkatze/struct-fotoalbum.mpg HTTP/1.1" 200 25146 "-" "Mozilla/4.0 (compatible; MSIE 7.0; Windows NT 5.1; .NET CLR 1.1.4322)"
90.190.60.234 - - [08/Jan/2009:11:08:04 +0100] "GET /sound/KEYWEST.MID HTTP/1.1" 404 2748 "-" "Mozilla/4.0 (compatible; MSIE 7.0; Windows NT 5.1; .NET CLR 1.1.4322)"
90.190.60.234 - - [08/Jan/2009:11:08:03 +0100] "GET /bannerz/horrorkatze/kontext-inform.mpg HTTP/1.1" 200 96263 "-" "Mozilla/4.0 (compatible; MSIE 7.0; Windows NT 5.1; .NET CLR 1.1.4322)"
72.30.79.109 - - [08/Jan/2009:11:15:37 +0100] "GET /zampa/montenegro/TESLAW.html HTTP/1.0" 200 861 "-" "Mozilla/5.0 (compatible; Yahoo! Slurp; http://help.yahoo.com/help/us/ysearch/slurp)"
72.30.79.109 - - [08/Jan/2009:11:23:20 +0100] "GET /neon/girlz3.html HTTP/1.0" 200 2479 "-" "Mozilla/5.0 (compatible; Yahoo! Slurp; http://help.yahoo.com/help/us/ysearch/slurp)"
81.52.143.16 - - [08/Jan/2009:11:40:28 +0100] "GET /robots.txt HTTP/1.1" 200 64 "-" "Mozilla/5.0 (Windows; U; Windows NT 5.1; fr; rv:1.8.1) VoilaBot BETA 1.2 (support.voilabot@orange-ftgroup.com)"
81.52.143.16 - - [08/Jan/2009:11:40:43 +0100] "GET /neon/girlz2.html HTTP/1.1" 200 2937 "-" "Mozilla/5.0 (Windows; U; Windows NT 5.1; fr; rv:1.8.1) VoilaBot BETA 1.2 (support.voilabot@orange-ftgroup.com)"
66.249.65.169 - - [08/Jan/2009:11:52:02 +0100] "GET /f-search.html HTTP/1.1" 200 11800 "-" "Mozilla/5.0 (compatible; Googlebot/2.1; +http://www.google.com/bot.html)"
72.30.79.109 - - [08/Jan/2009:12:03:42 +0100] "GET /bmpp/18.html HTTP/1.0" 200 4467 "-" "Mozilla/5.0 (compatible; Yahoo! Slurp; http://help.yahoo.com/help/us/ysearch/slurp)"
89.122.29.125 - - [08/Jan/2009:12:04:51 +0100] "GET / HTTP/1.1" 200 7869 "-" "Java/1.6.0_04"
