97.115.50.184 - - [20/Jan/2009:09:41:26 +0100] "GET /menueleiste.js HTTP/1.1" 404 2748 "http://www.various-euro.com/restate_copy.html" "Mozilla/4.0 (compatible; MSIE 7.0; Windows NT 6.0; SLCC1; .NET CLR 2.0.50727; Media Center PC 5.0; .NET CLR 3.0.04506; Qwest 1.0)"
97.115.50.184 - - [20/Jan/2009:09:41:27 +0100] "GET /framez-restate.html HTTP/1.1" 200 4328 "-" "Mozilla/4.0 (compatible; MSIE 7.0; Windows NT 6.0; SLCC1; .NET CLR 2.0.50727; Media Center PC 5.0; .NET CLR 3.0.04506; Qwest 1.0)"
97.115.50.184 - - [20/Jan/2009:09:41:29 +0100] "GET /menueleiste.js HTTP/1.1" 404 2748 "http://www.various-euro.com/restate_copy.html" "Mozilla/4.0 (compatible; MSIE 7.0; Windows NT 6.0; SLCC1; .NET CLR 2.0.50727; Media Center PC 5.0; .NET CLR 3.0.04506; Qwest 1.0)"
97.115.50.184 - - [20/Jan/2009:09:41:28 +0100] "GET /restate_copy.html HTTP/1.1" 200 48896 "http://www.google.com/search?hl=en&safe=off&q=%22Christopher+Deckard%22+cornell" "Mozilla/4.0 (compatible; MSIE 7.0; Windows NT 6.0; SLCC1; .NET CLR 2.0.50727; Media Center PC 5.0; .NET CLR 3.0.04506; Qwest 1.0)"
119.63.193.43 - - [20/Jan/2009:10:14:21 +0100] "GET / HTTP/1.1" 200 7869 "-" "Baiduspider+(+http://help.baidu.jp/system/05.html)"
89.172.229.31 - - [20/Jan/2009:10:49:35 +0100] "GET /neon/euro.html HTTP/1.1" 200 2212 "http://www.google.hr/search?hl=hr&q=euroneon&btnG=Google+pretra%C5%BEivanje&meta=" "Mozilla/4.0 (compatible; MSIE 6.0; Windows NT 5.1; SV1)"
89.172.229.31 - - [20/Jan/2009:10:49:35 +0100] "GET /neon/euross.gif HTTP/1.1" 200 9949 "http://www.various-euro.com/neon/euro.html" "Mozilla/4.0 (compatible; MSIE 6.0; Windows NT 5.1; SV1)"
89.172.229.31 - - [20/Jan/2009:10:49:35 +0100] "GET /neon/EURO23b.gif HTTP/1.1" 200 37153 "http://www.various-euro.com/neon/euro.html" "Mozilla/4.0 (compatible; MSIE 6.0; Windows NT 5.1; SV1)"
89.172.229.31 - - [20/Jan/2009:10:49:35 +0100] "GET /neon/EURO23a.gif HTTP/1.1" 200 33058 "http://www.various-euro.com/neon/euro.html" "Mozilla/4.0 (compatible; MSIE 6.0; Windows NT 5.1; SV1)"
89.172.229.31 - - [20/Jan/2009:10:49:35 +0100] "GET /neon/EURO2gif.gif HTTP/1.1" 200 28944 "http://www.various-euro.com/neon/euro.html" "Mozilla/4.0 (compatible; MSIE 6.0; Windows NT 5.1; SV1)"
89.172.229.31 - - [20/Jan/2009:10:49:36 +0100] "GET /neon/EURO23.gif HTTP/1.1" 200 28963 "http://www.various-euro.com/neon/euro.html" "Mozilla/4.0 (compatible; MSIE 6.0; Windows NT 5.1; SV1)"
89.172.229.31 - - [20/Jan/2009:10:49:36 +0100] "GET /neon/EURO23c.gif HTTP/1.1" 200 41248 "http://www.various-euro.com/neon/euro.html" "Mozilla/4.0 (compatible; MSIE 6.0; Windows NT 5.1; SV1)"
66.249.65.169 - - [20/Jan/2009:12:04:28 +0100] "GET /logs/usage_200901.html HTTP/1.1" 404 2748 "-" "Mozilla/5.0 (compatible; Googlebot/2.1; +http://www.google.com/bot.html)"
66.235.124.7 - - [20/Jan/2009:12:30:48 +0100] "GET /zampa-lovers/index.html HTTP/1.1" 200 37790 "-" "Mozilla/5.0 (compatible; Ask Jeeves/Teoma; +http://about.ask.com/en/docs/about/webmasters.shtml)"
65.55.211.173 - - [20/Jan/2009:12:50:27 +0100] "GET /robots.txt HTTP/1.1" 200 64 "-" "msnbot/1.1 (+http://search.msn.com/msnbot.htm)"
65.55.211.173 - - [20/Jan/2009:12:50:31 +0100] "GET /neon/annniiii.html HTTP/1.1" 200 686 "-" "msnbot/1.1 (+http://search.msn.com/msnbot.htm)"
208.36.144.6 - - [20/Jan/2009:12:53:27 +0100] "GET / HTTP/1.0" 302 353 "-" "Mozilla/5.0 (Twiceler-0.9 http://www.cuil.com/twiceler/robot.html)"
67.195.37.126 - - [20/Jan/2009:14:21:05 +0100] "GET / HTTP/1.0" 302 353 "-" "Mozilla/5.0 (compatible; Yahoo! Slurp; http://help.yahoo.com/help/us/ysearch/slurp)"
67.195.37.105 - - [20/Jan/2009:14:21:34 +0100] "GET /zampa/ HTTP/1.0" 200 7153 "-" "Mozilla/5.0 (compatible; Yahoo! Slurp; http://help.yahoo.com/help/us/ysearch/slurp)"
65.55.211.173 - - [20/Jan/2009:14:42:24 +0100] "GET /robots.txt HTTP/1.1" 200 64 "-" "msnbot/1.1 (+http://search.msn.com/msnbot.htm)"
65.55.211.173 - - [20/Jan/2009:14:42:25 +0100] "GET /neon/annniiii.html HTTP/1.1" 200 686 "-" "msnbot/1.1 (+http://search.msn.com/msnbot.htm)"
61.211.133.148 - - [20/Jan/2009:14:58:51 +0100] "GET /restate_copy.html HTTP/1.1" 200 97631 "http://www.google.co.jp/search?sourceid=navclient&hl=ja&ie=UTF-8&rlz=1T4GGLD_jaJP306JP306&q=FUNKSTORUNG+RESTATE+VICEVERSA" "Mozilla/4.0 (compatible; MSIE 7.0; Windows NT 5.1; GTB5)"
61.211.133.148 - - [20/Jan/2009:14:58:55 +0100] "GET /menueleiste.js HTTP/1.1" 404 2748 "http://www.various-euro.com/restate_copy.html" "Mozilla/4.0 (compatible; MSIE 7.0; Windows NT 5.1; GTB5)"
61.211.133.148 - - [20/Jan/2009:14:58:56 +0100] "GET /bannerz/rebelle.gif HTTP/1.1" 200 6986 "http://www.various-euro.com/restate_copy.html" "Mozilla/4.0 (compatible; MSIE 7.0; Windows NT 5.1; GTB5)"
61.211.133.148 - - [20/Jan/2009:14:58:56 +0100] "GET /detonators.gif HTTP/1.1" 200 14892 "http://www.various-euro.com/restate_copy.html" "Mozilla/4.0 (compatible; MSIE 7.0; Windows NT 5.1; GTB5)"
61.211.133.148 - - [20/Jan/2009:14:58:57 +0100] "GET /favicon.ico HTTP/1.1" 404 2748 "-" "Mozilla/4.0 (compatible; MSIE 7.0; Windows NT 5.1; GTB5)"
61.211.133.148 - - [20/Jan/2009:14:58:57 +0100] "GET /framez-restate.html HTTP/1.1" 200 4328 "-" "Mozilla/4.0 (compatible; MSIE 7.0; Windows NT 5.1; GTB5)"
61.211.133.148 - - [20/Jan/2009:14:58:58 +0100] "GET /frame-menu.html HTTP/1.1" 200 10536 "http://www.various-euro.com/framez-restate.html" "Mozilla/4.0 (compatible; MSIE 7.0; Windows NT 5.1; GTB5)"
61.211.133.148 - - [20/Jan/2009:14:58:58 +0100] "GET /frame-unten.html HTTP/1.1" 200 5308 "http://www.various-euro.com/framez-restate.html" "Mozilla/4.0 (compatible; MSIE 7.0; Windows NT 5.1; GTB5)"
61.211.133.148 - - [20/Jan/2009:14:58:59 +0100] "GET /style/various-euro.css HTTP/1.1" 200 3437 "http://www.various-euro.com/frame-menu.html" "Mozilla/4.0 (compatible; MSIE 7.0; Windows NT 5.1; GTB5)"
61.211.133.148 - - [20/Jan/2009:14:58:59 +0100] "GET /menueleiste.js HTTP/1.1" 404 2748 "http://www.various-euro.com/restate_copy.html" "Mozilla/4.0 (compatible; MSIE 7.0; Windows NT 5.1; GTB5)"
61.211.133.148 - - [20/Jan/2009:14:58:58 +0100] "GET /restate_copy.html HTTP/1.1" 200 97631 "http://www.various-euro.com/framez-restate.html" "Mozilla/4.0 (compatible; MSIE 7.0; Windows NT 5.1; GTB5)"
61.211.133.148 - - [20/Jan/2009:14:59:00 +0100] "GET /bannerz/ve.jpg HTTP/1.1" 200 36912 "http://www.various-euro.com/frame-unten.html" "Mozilla/4.0 (compatible; MSIE 7.0; Windows NT 5.1; GTB5)"
61.211.133.148 - - [20/Jan/2009:14:59:01 +0100] "GET /bannerz/various-euro-girl.jpg HTTP/1.1" 200 91514 "http://www.various-euro.com/frame-unten.html" "Mozilla/4.0 (compatible; MSIE 7.0; Windows NT 5.1; GTB5)"
61.211.133.148 - - [20/Jan/2009:14:59:04 +0100] "GET /ve-icon-2.ico HTTP/1.1" 200 2238 "-" "Mozilla/4.0 (compatible; MSIE 7.0; Windows NT 5.1; GTB5)"
61.211.133.148 - - [20/Jan/2009:14:59:18 +0100] "GET /menueleiste.js HTTP/1.1" 404 2748 "http://www.various-euro.com/restate_copy.html" "Mozilla/4.0 (compatible; MSIE 7.0; Windows NT 5.1; GTB5)"
61.211.133.148 - - [20/Jan/2009:14:59:20 +0100] "GET /framez-restate.html HTTP/1.1" 200 4328 "-" "Mozilla/4.0 (compatible; MSIE 7.0; Windows NT 5.1; GTB5)"
61.211.133.148 - - [20/Jan/2009:14:59:21 +0100] "GET /frame-menu.html HTTP/1.1" 200 10536 "http://www.various-euro.com/framez-restate.html" "Mozilla/4.0 (compatible; MSIE 7.0; Windows NT 5.1; GTB5)"
61.211.133.148 - - [20/Jan/2009:14:59:22 +0100] "GET /frame-unten.html HTTP/1.1" 200 5308 "http://www.various-euro.com/framez-restate.html" "Mozilla/4.0 (compatible; MSIE 7.0; Windows NT 5.1; GTB5)"
61.211.133.148 - - [20/Jan/2009:14:59:23 +0100] "GET /menueleiste.js HTTP/1.1" 404 2748 "http://www.various-euro.com/restate_copy.html" "Mozilla/4.0 (compatible; MSIE 7.0; Windows NT 5.1; GTB5)"
61.211.133.148 - - [20/Jan/2009:14:59:21 +0100] "GET /restate_copy.html HTTP/1.1" 200 57130 "http://www.various-euro.com/framez-restate.html" "Mozilla/4.0 (compatible; MSIE 7.0; Windows NT 5.1; GTB5)"
72.30.65.62 - - [20/Jan/2009:15:01:18 +0100] "GET /robots.txt HTTP/1.0" 200 64 "-" "Mozilla/5.0 (compatible; Yahoo! Slurp; http://help.yahoo.com/help/us/ysearch/slurp)"
72.30.65.62 - - [20/Jan/2009:15:01:18 +0100] "GET /f-world.html HTTP/1.0" 200 35590 "-" "Mozilla/5.0 (compatible; Yahoo! Slurp; http://help.yahoo.com/help/us/ysearch/slurp)"
60.51.60.237 - - [20/Jan/2009:15:15:55 +0100] "GET /warez.html HTTP/1.1" 200 9754 "http://www.google.com/search?sourceid=navclient&ie=UTF-8&rlz=1T4ADBF_enMY251MY254&q=euro+stuff" "Mozilla/4.0 (compatible; MSIE 7.0; Windows NT 5.1; .NET CLR 2.0.50727)"
60.51.60.237 - - [20/Jan/2009:15:15:58 +0100] "GET /menueleiste.js HTTP/1.1" 404 2748 "http://www.various-euro.com/warez.html" "Mozilla/4.0 (compatible; MSIE 7.0; Windows NT 5.1; .NET CLR 2.0.50727)"
60.51.60.237 - - [20/Jan/2009:15:15:58 +0100] "GET /shoppingcart.gif HTTP/1.1" 200 1386 "http://www.various-euro.com/warez.html" "Mozilla/4.0 (compatible; MSIE 7.0; Windows NT 5.1; .NET CLR 2.0.50727)"
60.51.60.237 - - [20/Jan/2009:15:15:59 +0100] "GET /textz.gif HTTP/1.1" 200 871 "http://www.various-euro.com/warez.html" "Mozilla/4.0 (compatible; MSIE 7.0; Windows NT 5.1; .NET CLR 2.0.50727)"
60.51.60.237 - - [20/Jan/2009:15:16:02 +0100] "GET /bannerz/kmfms-banner.gif HTTP/1.1" 200 8484 "http://www.various-euro.com/warez.html" "Mozilla/4.0 (compatible; MSIE 7.0; Windows NT 5.1; .NET CLR 2.0.50727)"
60.51.60.237 - - [20/Jan/2009:15:15:59 +0100] "GET /hsp.gif HTTP/1.1" 200 42603 "http://www.various-euro.com/warez.html" "Mozilla/4.0 (compatible; MSIE 7.0; Windows NT 5.1; .NET CLR 2.0.50727)"
60.51.60.237 - - [20/Jan/2009:15:16:08 +0100] "GET /astalavista.gif HTTP/1.1" 200 3887 "http://www.various-euro.com/warez.html" "Mozilla/4.0 (compatible; MSIE 7.0; Windows NT 5.1; .NET CLR 2.0.50727)"
60.51.60.237 - - [20/Jan/2009:15:16:08 +0100] "GET /warezcrawler.jpg HTTP/1.1" 200 15588 "http://www.various-euro.com/warez.html" "Mozilla/4.0 (compatible; MSIE 7.0; Windows NT 5.1; .NET CLR 2.0.50727)"
60.51.60.237 - - [20/Jan/2009:15:16:09 +0100] "GET /DgH001.jpg HTTP/1.1" 200 6960 "http://www.various-euro.com/warez.html" "Mozilla/4.0 (compatible; MSIE 7.0; Windows NT 5.1; .NET CLR 2.0.50727)"
60.51.60.237 - - [20/Jan/2009:15:16:12 +0100] "GET /favicon.ico HTTP/1.1" 404 2748 "-" "Mozilla/4.0 (compatible; MSIE 7.0; Windows NT 5.1; .NET CLR 2.0.50727)"
60.51.60.237 - - [20/Jan/2009:15:16:12 +0100] "GET /framez-warez.html HTTP/1.1" 200 4322 "-" "Mozilla/4.0 (compatible; MSIE 7.0; Windows NT 5.1; .NET CLR 2.0.50727)"
60.51.60.237 - - [20/Jan/2009:15:16:14 +0100] "GET /frame-menu.html HTTP/1.1" 200 10536 "http://www.various-euro.com/framez-warez.html" "Mozilla/4.0 (compatible; MSIE 7.0; Windows NT 5.1; .NET CLR 2.0.50727)"
60.51.60.237 - - [20/Jan/2009:15:16:14 +0100] "GET /f-warez.html HTTP/1.1" 200 10953 "http://www.various-euro.com/framez-warez.html" "Mozilla/4.0 (compatible; MSIE 7.0; Windows NT 5.1; .NET CLR 2.0.50727)"
60.51.60.237 - - [20/Jan/2009:15:16:19 +0100] "GET /frame-unten.html HTTP/1.1" 200 5308 "http://www.various-euro.com/framez-warez.html" "Mozilla/4.0 (compatible; MSIE 7.0; Windows NT 5.1; .NET CLR 2.0.50727)"
60.51.60.237 - - [20/Jan/2009:15:16:21 +0100] "GET /style/various-euro.css HTTP/1.1" 200 3437 "http://www.various-euro.com/frame-menu.html" "Mozilla/4.0 (compatible; MSIE 7.0; Windows NT 5.1; .NET CLR 2.0.50727)"
60.51.60.237 - - [20/Jan/2009:15:16:21 +0100] "GET /bannerz/AgainstTCPA-Log01Banner.gif HTTP/1.1" 200 6186 "http://www.various-euro.com/f-warez.html" "Mozilla/4.0 (compatible; MSIE 7.0; Windows NT 5.1; .NET CLR 2.0.50727)"
60.51.60.237 - - [20/Jan/2009:15:16:22 +0100] "GET /bannerz/ve.jpg HTTP/1.1" 200 36912 "http://www.various-euro.com/frame-unten.html" "Mozilla/4.0 (compatible; MSIE 7.0; Windows NT 5.1; .NET CLR 2.0.50727)"
60.51.60.237 - - [20/Jan/2009:15:16:31 +0100] "GET /bannerz/quisse.gif HTTP/1.1" 200 2846 "http://www.various-euro.com/f-warez.html" "Mozilla/4.0 (compatible; MSIE 7.0; Windows NT 5.1; .NET CLR 2.0.50727)"
60.51.60.237 - - [20/Jan/2009:15:16:24 +0100] "GET /bannerz/various-euro-girl.jpg HTTP/1.1" 200 91514 "http://www.various-euro.com/frame-unten.html" "Mozilla/4.0 (compatible; MSIE 7.0; Windows NT 5.1; .NET CLR 2.0.50727)"
60.51.60.237 - - [20/Jan/2009:15:16:44 +0100] "GET /ve-icon-2.ico HTTP/1.1" 200 2238 "-" "Mozilla/4.0 (compatible; MSIE 7.0; Windows NT 5.1; .NET CLR 2.0.50727)"
208.36.144.10 - - [20/Jan/2009:15:42:24 +0100] "GET /robots.txt HTTP/1.0" 200 64 "-" "Mozilla/5.0 (Twiceler-0.9 http://www.cuil.com/twiceler/robot.html)"
66.249.65.169 - - [20/Jan/2009:15:48:52 +0100] "GET /neon/code.html HTTP/1.1" 200 1109 "-" "Mozilla/5.0 (compatible; Googlebot/2.1; +http://www.google.com/bot.html)"
72.30.65.62 - - [20/Jan/2009:16:01:05 +0100] "GET /DgH/rampe/index.html HTTP/1.0" 200 2056 "-" "Mozilla/5.0 (compatible; Yahoo! Slurp; http://help.yahoo.com/help/us/ysearch/slurp)"
67.195.37.105 - - [20/Jan/2009:16:05:13 +0100] "GET /restate_copy.html HTTP/1.0" 200 97631 "-" "Mozilla/5.0 (compatible; Yahoo! Slurp; http://help.yahoo.com/help/us/ysearch/slurp)"
67.195.37.105 - - [20/Jan/2009:16:56:20 +0100] "GET /robots.txt HTTP/1.0" 200 64 "-" "Mozilla/5.0 (compatible; Yahoo! Slurp; http://help.yahoo.com/help/us/ysearch/slurp)"
67.195.37.105 - - [20/Jan/2009:16:56:21 +0100] "GET /schubb/schubb-1.html HTTP/1.0" 200 9070 "-" "Mozilla/5.0 (compatible; Yahoo! Slurp; http://help.yahoo.com/help/us/ysearch/slurp)"
65.55.211.168 - - [20/Jan/2009:17:04:35 +0100] "GET /robots.txt HTTP/1.1" 200 64 "-" "msnbot/1.1 (+http://search.msn.com/msnbot.htm)"
65.55.211.168 - - [20/Jan/2009:17:04:36 +0100] "GET /f-bannnerz.html HTTP/1.1" 200 12651 "-" "msnbot/1.1 (+http://search.msn.com/msnbot.htm)"
67.195.37.105 - - [20/Jan/2009:17:05:28 +0100] "GET /your_tour.html HTTP/1.0" 200 29760 "-" "Mozilla/5.0 (compatible; Yahoo! Slurp; http://help.yahoo.com/help/us/ysearch/slurp)"
65.55.109.162 - - [20/Jan/2009:17:05:57 +0100] "GET /f-bannnerz.html HTTP/1.0" 200 12651 "http://search.live.com/results.aspx?q=various" "Mozilla/4.0 (compatible; MSIE 6.0; Windows NT 5.2; SV1; .NET CLR 1.1.4322)"
65.55.109.162 - - [20/Jan/2009:17:05:58 +0100] "GET /framez.html HTTP/1.0" 200 3959 "-" "Mozilla/4.0 (compatible; MSIE 6.0; Windows NT 5.2; SV1; .NET CLR 1.1.4322)"
65.55.109.162 - - [20/Jan/2009:17:05:58 +0100] "GET /bannerz/sound/blood-Sound002.mid HTTP/1.0" 200 9960 "-" "Windows-Media-Player/10.00.00.3700"
65.55.109.162 - - [20/Jan/2009:17:05:58 +0100] "GET /style/various-euro.css HTTP/1.0" 200 3437 "http://www.various-euro.com/framez.html" "Mozilla/4.0 (compatible; MSIE 6.0; Windows NT 5.2; SV1; .NET CLR 1.1.4322)"
65.55.109.162 - - [20/Jan/2009:17:05:58 +0100] "GET /frame-menu.html HTTP/1.0" 200 10536 "http://www.various-euro.com/framez.html" "Mozilla/4.0 (compatible; MSIE 6.0; Windows NT 5.2; SV1; .NET CLR 1.1.4322)"
65.55.109.162 - - [20/Jan/2009:17:05:58 +0100] "GET /frame-inhalt.html HTTP/1.0" 200 5418 "http://www.various-euro.com/framez.html" "Mozilla/4.0 (compatible; MSIE 6.0; Windows NT 5.2; SV1; .NET CLR 1.1.4322)"
65.55.109.162 - - [20/Jan/2009:17:05:59 +0100] "GET /frame-unten.html HTTP/1.0" 200 5308 "http://www.various-euro.com/framez.html" "Mozilla/4.0 (compatible; MSIE 6.0; Windows NT 5.2; SV1; .NET CLR 1.1.4322)"
65.55.109.162 - - [20/Jan/2009:17:05:59 +0100] "GET /style/various-euro.css HTTP/1.0" 200 3437 "http://www.various-euro.com/frame-menu.html" "Mozilla/4.0 (compatible; MSIE 6.0; Windows NT 5.2; SV1; .NET CLR 1.1.4322)"
66.249.65.169 - - [20/Jan/2009:17:12:47 +0100] "GET /framez-rez.html HTTP/1.1" 200 4323 "-" "Mozilla/5.0 (compatible; Googlebot/2.1; +http://www.google.com/bot.html)"
66.249.65.169 - - [20/Jan/2009:17:23:59 +0100] "GET /world.html HTTP/1.1" 200 16295 "-" "Mozilla/5.0 (compatible; Googlebot/2.1; +http://www.google.com/bot.html)"
66.249.65.169 - - [20/Jan/2009:17:48:25 +0100] "GET /framez.html HTTP/1.1" 200 3959 "-" "Mozilla/5.0 (compatible; Googlebot/2.1; +http://www.google.com/bot.html)"
208.36.144.6 - - [20/Jan/2009:17:50:42 +0100] "GET / HTTP/1.0" 302 353 "-" "Mozilla/5.0 (Twiceler-0.9 http://www.cuil.com/twiceler/robot.html)"
66.249.65.169 - - [20/Jan/2009:17:54:31 +0100] "GET /menue.html HTTP/1.1" 404 2748 "-" "Mozilla/5.0 (compatible; Googlebot/2.1; +http://www.google.com/bot.html)"
66.235.124.7 - - [20/Jan/2009:18:05:02 +0100] "GET /robots.txt HTTP/1.1" 200 64 "-" "Mozilla/5.0 (compatible; Ask Jeeves/Teoma; +http://about.ask.com/en/docs/about/webmasters.shtml)"
66.90.118.101 - - [20/Jan/2009:18:05:04 +0100] "GET / HTTP/1.1" 200 7869 "-" "Mozilla/5.0 (compatible; WebDataCentreBot/1.0; +http://WebDataCentre.com/)"
66.90.118.101 - - [20/Jan/2009:18:05:05 +0100] "GET /framez.html HTTP/1.1" 200 3959 "-" "Mozilla/5.0 (compatible; WebDataCentreBot/1.0; +http://WebDataCentre.com/)"
66.90.118.101 - - [20/Jan/2009:18:05:05 +0100] "GET /self.location; HTTP/1.1" 404 2748 "-" "Mozilla/5.0 (compatible; WebDataCentreBot/1.0; +http://WebDataCentre.com/)"
66.235.124.7 - - [20/Jan/2009:18:05:17 +0100] "GET /neon/girlz2.html HTTP/1.1" 200 2937 "-" "Mozilla/5.0 (compatible; Ask Jeeves/Teoma; +http://about.ask.com/en/docs/about/webmasters.shtml)"
66.249.65.169 - - [20/Jan/2009:18:10:43 +0100] "GET / HTTP/1.1" 200 7869 "-" "Mozilla/5.0 (compatible; Googlebot/2.1; +http://www.google.com/bot.html)"
66.249.65.169 - - [20/Jan/2009:18:15:27 +0100] "GET /robots.txt HTTP/1.1" 200 64 "-" "Mozilla/5.0 (compatible; Googlebot/2.1; +http://www.google.com/bot.html)"
66.249.65.169 - - [20/Jan/2009:18:15:27 +0100] "GET / HTTP/1.1" 200 7869 "-" "Mozilla/5.0 (compatible; Googlebot/2.1; +http://www.google.com/bot.html)"
207.70.9.110 - - [20/Jan/2009:18:23:14 +0100] "GET / HTTP/1.1" 200 7869 "-" "Mozilla/5.0 (X11; U; Linux i686; en-US; rv:1.6) Gecko/20040225 Firefox/0.8"
67.195.37.105 - - [20/Jan/2009:18:33:33 +0100] "GET /f-sponsor.html HTTP/1.0" 200 8578 "-" "Mozilla/5.0 (compatible; Yahoo! Slurp; http://help.yahoo.com/help/us/ysearch/slurp)"
67.195.37.105 - - [20/Jan/2009:18:43:24 +0100] "GET /f-web.html HTTP/1.0" 200 13605 "-" "Mozilla/5.0 (compatible; Yahoo! Slurp/3.0; http://help.yahoo.com/help/us/ysearch/slurp)"
66.235.124.7 - - [20/Jan/2009:18:47:16 +0100] "GET /restate_copy.html HTTP/1.1" 200 97631 "-" "Mozilla/5.0 (compatible; Ask Jeeves/Teoma; +http://about.ask.com/en/docs/about/webmasters.shtml)"
66.235.124.7 - - [20/Jan/2009:18:47:17 +0100] "GET /menueleiste.js HTTP/1.1" 404 2748 "-" "Mozilla/5.0 (compatible; Ask Jeeves/Teoma; +http://about.ask.com/en/docs/about/webmasters.shtml)"
72.30.65.62 - - [20/Jan/2009:18:51:51 +0100] "GET /f-restate_copy.html HTTP/1.0" 200 96087 "-" "Mozilla/5.0 (compatible; Yahoo! Slurp; http://help.yahoo.com/help/us/ysearch/slurp)"
72.30.65.62 - - [20/Jan/2009:19:35:04 +0100] "GET /neon/euro.html HTTP/1.0" 200 2212 "-" "Mozilla/5.0 (compatible; Yahoo! Slurp; http://help.yahoo.com/help/us/ysearch/slurp)"
67.195.37.105 - - [20/Jan/2009:21:16:19 +0100] "GET /f-euro.html HTTP/1.0" 200 12203 "-" "Mozilla/5.0 (compatible; Yahoo! Slurp; http://help.yahoo.com/help/us/ysearch/slurp)"
67.195.37.105 - - [20/Jan/2009:21:26:14 +0100] "GET /DgH/rampe/index.html HTTP/1.0" 200 2056 "-" "Mozilla/5.0 (compatible; Yahoo! Slurp; http://help.yahoo.com/help/us/ysearch/slurp)"
67.195.37.105 - - [20/Jan/2009:21:28:29 +0100] "GET /DgH/bull/index.html HTTP/1.0" 200 1915 "-" "Mozilla/5.0 (compatible; Yahoo! Slurp; http://help.yahoo.com/help/us/ysearch/slurp)"
64.1.215.165 - - [20/Jan/2009:21:41:19 +0100] "GET /robots.txt HTTP/1.0" 200 64 "-" "Mozilla/5.0 (Twiceler-0.9 http://www.cuil.com/twiceler/robot.html)"
79.101.208.21 - - [20/Jan/2009:21:52:19 +0100] "GET / HTTP/1.1" 302 353 "http://www.google.com/search?hl=en&client=firefox-a&channel=s&rls=org.mozilla%3Aen-US%3Aofficial&q=zampa+di+leone+lion%27s+claw&btnG=Search" "Mozilla/5.0 (Windows; U; Windows NT 5.1; en-US; rv:1.9.0.5) Gecko/2008120122 Firefox/3.0.5"
79.101.208.21 - - [20/Jan/2009:21:52:19 +0100] "GET /zampa/ HTTP/1.1" 200 7153 "http://www.google.com/search?hl=en&client=firefox-a&channel=s&rls=org.mozilla%3Aen-US%3Aofficial&q=zampa+di+leone+lion%27s+claw&btnG=Search" "Mozilla/5.0 (Windows; U; Windows NT 5.1; en-US; rv:1.9.0.5) Gecko/2008120122 Firefox/3.0.5"
79.101.208.21 - - [20/Jan/2009:21:52:19 +0100] "GET /zampa/slike/zampa.gif HTTP/1.1" 200 5310 "http://www.various-euro.com/zampa/" "Mozilla/5.0 (Windows; U; Windows NT 5.1; en-US; rv:1.9.0.5) Gecko/2008120122 Firefox/3.0.5"
79.101.208.21 - - [20/Jan/2009:21:52:19 +0100] "GET /zampa/slike/udupetu.gif HTTP/1.1" 200 4138 "http://www.various-euro.com/zampa/" "Mozilla/5.0 (Windows; U; Windows NT 5.1; en-US; rv:1.9.0.5) Gecko/2008120122 Firefox/3.0.5"
79.101.208.21 - - [20/Jan/2009:21:52:20 +0100] "GET /zampa/slike/inthearse.gif HTTP/1.1" 200 4077 "http://www.various-euro.com/zampa/" "Mozilla/5.0 (Windows; U; Windows NT 5.1; en-US; rv:1.9.0.5) Gecko/2008120122 Firefox/3.0.5"
79.101.208.21 - - [20/Jan/2009:21:52:20 +0100] "GET /favicon.ico HTTP/1.1" 404 2748 "-" "Mozilla/5.0 (Windows; U; Windows NT 5.1; en-US; rv:1.9.0.5) Gecko/2008120122 Firefox/3.0.5"
79.101.208.21 - - [20/Jan/2009:21:52:23 +0100] "GET /favicon.ico HTTP/1.1" 404 2748 "-" "Mozilla/5.0 (Windows; U; Windows NT 5.1; en-US; rv:1.9.0.5) Gecko/2008120122 Firefox/3.0.5"
66.235.124.61 - - [20/Jan/2009:22:04:32 +0100] "GET /framez-girlz.html HTTP/1.1" 200 4271 "-" "Mozilla/5.0 (compatible; Ask Jeeves/Teoma; +http://about.ask.com/en/docs/about/webmasters.shtml)"
66.235.124.61 - - [20/Jan/2009:22:04:32 +0100] "GET /frame-menu.html HTTP/1.1" 200 10536 "-" "Mozilla/5.0 (compatible; Ask Jeeves/Teoma; +http://about.ask.com/en/docs/about/webmasters.shtml)"
66.235.124.61 - - [20/Jan/2009:22:04:32 +0100] "GET /neon/girlz2.html HTTP/1.1" 200 2937 "-" "Mozilla/5.0 (compatible; Ask Jeeves/Teoma; +http://about.ask.com/en/docs/about/webmasters.shtml)"
66.235.124.61 - - [20/Jan/2009:22:04:33 +0100] "GET /frame-unten.html HTTP/1.1" 200 5308 "-" "Mozilla/5.0 (compatible; Ask Jeeves/Teoma; +http://about.ask.com/en/docs/about/webmasters.shtml)"
203.209.252.72 - - [20/Jan/2009:22:06:13 +0100] "GET /robots.txt HTTP/1.0" 200 64 "-" "Mozilla/5.0 (compatible; Yahoo! Slurp China; http://misc.yahoo.com.cn/help.html)"
202.160.180.61 - - [20/Jan/2009:22:06:23 +0100] "GET / HTTP/1.0" 200 7869 "-" "Mozilla/5.0 (compatible; Yahoo! Slurp China; http://misc.yahoo.com.cn/help.html)"
72.30.65.62 - - [20/Jan/2009:22:13:16 +0100] "GET /neon/warning2..html HTTP/1.0" 200 456 "-" "Mozilla/5.0 (compatible; Yahoo! Slurp; http://help.yahoo.com/help/us/ysearch/slurp)"
66.235.124.61 - - [20/Jan/2009:22:14:09 +0100] "GET /framez.html HTTP/1.1" 200 3959 "-" "Mozilla/5.0 (compatible; Ask Jeeves/Teoma; +http://about.ask.com/en/docs/about/webmasters.shtml)"
66.235.124.61 - - [20/Jan/2009:22:14:10 +0100] "GET /framez.html HTTP/1.1" 200 3959 "-" "Mozilla/5.0 (compatible; Ask Jeeves/Teoma; +http://about.ask.com/en/docs/about/webmasters.shtml)"
66.235.124.61 - - [20/Jan/2009:22:14:10 +0100] "GET /frame-inhalt.html HTTP/1.1" 200 5418 "-" "Mozilla/5.0 (compatible; Ask Jeeves/Teoma; +http://about.ask.com/en/docs/about/webmasters.shtml)"
88.131.106.12 - - [20/Jan/2009:22:21:31 +0100] "GET /robots.txt HTTP/1.0" 200 64 "-" "Speedy Spider (http://www.entireweb.com/about/search_tech/speedy_spider/)"
88.131.106.12 - - [20/Jan/2009:22:21:31 +0100] "GET / HTTP/1.0" 200 7869 "-" "Speedy Spider (http://www.entireweb.com/about/search_tech/speedy_spider/)"
66.235.124.7 - - [20/Jan/2009:22:26:31 +0100] "GET / HTTP/1.1" 200 7869 "-" "Mozilla/5.0 (compatible; Ask Jeeves/Teoma; +http://about.ask.com/en/docs/about/webmasters.shtml)"
72.30.65.62 - - [20/Jan/2009:22:27:26 +0100] "GET /sendi_agent.html HTTP/1.0" 200 6213 "-" "Mozilla/5.0 (compatible; Yahoo! Slurp; http://help.yahoo.com/help/us/ysearch/slurp)"
72.30.65.62 - - [20/Jan/2009:22:28:26 +0100] "GET / HTTP/1.0" 200 7869 "-" "Mozilla/5.0 (compatible; Yahoo! Slurp; http://help.yahoo.com/help/us/ysearch/slurp)"
208.80.194.32 - - [20/Jan/2009:22:57:37 +0100] "GET / HTTP/1.0" 200 7869 "-" "Mozilla/4.0 (compatible; MSIE 6.0; Windows NT 5.1; {EF6BE399-2100-571F-F53C-4DE1A5080CFC}; FunWebProducts)"
208.80.194.32 - - [20/Jan/2009:22:57:37 +0100] "GET / HTTP/1.0" 200 7869 "-" "Mozilla/4.0 (compatible; MSIE 6.0; Windows NT 5.1; InfoPath.1; ZangoToolbar 4.8.3; SpamBlockerUtility 4.8.4; MSN 6.1; MSNbMSFT; MSNmen-us; MSNc00; v5m)"
24.151.191.82 - - [20/Jan/2009:23:07:38 +0100] "GET /framez-schubb5.html HTTP/1.0" 200 4330 "-" "Mozilla/4.0 (compatible; MSIE 6.0; Windows NT 5.1; SV1; MRA 4.6 (build 01425); MRSPUTNIK 1, 5, 0, 19 SW)"
24.151.191.82 - - [20/Jan/2009:23:07:40 +0100] "GET /frame-menu.html HTTP/1.0" 200 10536 "-" "Mozilla/4.0 (compatible; MSIE 6.0; Windows NT 5.1; SV1; MRA 4.6 (build 01425); MRSPUTNIK 1, 5, 0, 19 SW)"
24.151.191.82 - - [20/Jan/2009:23:07:44 +0100] "GET /schubb/schubb-5.html HTTP/1.0" 200 72944 "-" "Mozilla/4.0 (compatible; MSIE 6.0; Windows NT 5.1; SV1; MRA 4.6 (build 01425); MRSPUTNIK 1, 5, 0, 19 SW)"
76.182.53.239 - - [20/Jan/2009:23:09:00 +0100] "GET /ve-icon-2.ico HTTP/1.0" 200 2238 "-" "Mozilla/4.0 (compatible; MSIE 6.0; Windows NT 5.1; SV1; MRA 4.6 (build 01425); MRSPUTNIK 1, 5, 0, 19 SW)"
203.223.43.66 - - [20/Jan/2009:23:09:03 +0100] "GET /ve-icon-2.ico HTTP/1.0" 200 2238 "-" "Mozilla/4.0 (compatible; MSIE 6.0; Windows NT 5.1; SV1; MRA 4.6 (build 01425); MRSPUTNIK 1, 5, 0, 19 SW)"
69.71.85.202 - - [20/Jan/2009:23:10:17 +0100] "GET /ve-icon-2.ico HTTP/1.0" 200 2238 "-" "Mozilla/4.0 (compatible; MSIE 6.0; Windows NT 5.1; SV1; MRA 4.6 (build 01425); MRSPUTNIK 1, 5, 0, 19 SW)"
82.207.74.156 - - [20/Jan/2009:23:12:31 +0100] "GET /ve-icon-2.ico HTTP/1.0" 200 2238 "-" "Mozilla/4.0 (compatible; MSIE 6.0; Windows NT 5.1; SV1; MRA 4.6 (build 01425); MRSPUTNIK 1, 5, 0, 19 SW)"
78.189.28.136 - - [20/Jan/2009:23:13:13 +0100] "GET /ve-icon-2.ico HTTP/1.0" 200 2238 "-" "Mozilla/4.0 (compatible; MSIE 6.0; Windows NT 5.1; SV1; MRA 4.6 (build 01425); MRSPUTNIK 1, 5, 0, 19 SW)"
77.242.169.70 - - [20/Jan/2009:23:14:07 +0100] "GET /ve-icon-2.ico HTTP/1.1" 200 2238 "-" "Mozilla/4.0 (compatible; MSIE 6.0; Windows NT 5.1; SV1; MRA 4.6 (build 01425); MRSPUTNIK 1, 5, 0, 19 SW)"
122.116.65.95 - - [20/Jan/2009:23:14:18 +0100] "GET /ve-icon-2.ico HTTP/1.1" 200 2238 "-" "Mozilla/4.0 (compatible; MSIE 6.0; Windows NT 5.1; SV1; MRA 4.6 (build 01425); MRSPUTNIK 1, 5, 0, 19 SW)"
76.169.103.173 - - [20/Jan/2009:23:14:24 +0100] "GET /ve-icon-2.ico HTTP/1.0" 200 2238 "-" "Mozilla/4.0 (compatible; MSIE 6.0; Windows NT 5.1; SV1; MRA 4.6 (build 01425); MRSPUTNIK 1, 5, 0, 19 SW)"
82.237.212.168 - - [20/Jan/2009:23:14:34 +0100] "GET http://various-euro.com/cgi-bin/sblogin/report/usermanage.cgi?action=list HTTP/1.0" 404 2748 "http://various-euro.com/cgi-bin/sblogin/report/usermanage.cgi?action=list" "Mozilla/4.0 (compatible; MSIE 6.0; Windows NT 5.1)"
74.6.22.122 - - [20/Jan/2009:23:17:14 +0100] "GET /robots.txt HTTP/1.0" 200 64 "-" "Mozilla/5.0 (compatible; Yahoo! Slurp; http://help.yahoo.com/help/us/ysearch/slurp)"
74.6.22.122 - - [20/Jan/2009:23:17:15 +0100] "GET /framez.html HTTP/1.0" 200 3959 "-" "Mozilla/5.0 (compatible; Yahoo! Slurp; http://help.yahoo.com/help/us/ysearch/slurp)"
74.6.22.122 - - [20/Jan/2009:23:17:15 +0100] "GET /frame-menu.html HTTP/1.0" 200 10536 "-" "Mozilla/5.0 (compatible; Yahoo! Slurp; http://help.yahoo.com/help/us/ysearch/slurp)"
74.6.22.122 - - [20/Jan/2009:23:17:16 +0100] "GET /frame-inhalt.html HTTP/1.0" 200 5418 "-" "Mozilla/5.0 (compatible; Yahoo! Slurp; http://help.yahoo.com/help/us/ysearch/slurp)"
74.6.22.122 - - [20/Jan/2009:23:17:16 +0100] "GET /frame-unten.html HTTP/1.0" 200 5308 "-" "Mozilla/5.0 (compatible; Yahoo! Slurp; http://help.yahoo.com/help/us/ysearch/slurp)"
84.20.243.170 - - [20/Jan/2009:23:36:19 +0100] "GET / HTTP/1.1" 302 353 "http://www.google.es/search?hl=es&q=zampa+di+leone&btnG=Buscar+con+Google&meta=" "Mozilla/5.0 (Windows; U; Windows NT 5.1; es-AR; rv:1.8.0.8) Gecko/20061025 Firefox/1.5.0.8"
84.20.243.170 - - [20/Jan/2009:23:36:26 +0100] "GET /zampa/ HTTP/1.1" 200 7153 "http://www.google.es/search?hl=es&q=zampa+di+leone&btnG=Buscar+con+Google&meta=" "Mozilla/5.0 (Windows; U; Windows NT 5.1; es-AR; rv:1.8.0.8) Gecko/20061025 Firefox/1.5.0.8"
84.20.243.170 - - [20/Jan/2009:23:36:31 +0100] "GET /zampa/slike/zampa.gif HTTP/1.1" 200 5310 "http://www.various-euro.com/zampa/" "Mozilla/5.0 (Windows; U; Windows NT 5.1; es-AR; rv:1.8.0.8) Gecko/20061025 Firefox/1.5.0.8"
84.20.243.170 - - [20/Jan/2009:23:36:34 +0100] "GET /zampa/slike/udupetu.gif HTTP/1.1" 200 4138 "http://www.various-euro.com/zampa/" "Mozilla/5.0 (Windows; U; Windows NT 5.1; es-AR; rv:1.8.0.8) Gecko/20061025 Firefox/1.5.0.8"
84.20.243.170 - - [20/Jan/2009:23:36:34 +0100] "GET /zampa/slike/inthearse.gif HTTP/1.1" 200 4077 "http://www.various-euro.com/zampa/" "Mozilla/5.0 (Windows; U; Windows NT 5.1; es-AR; rv:1.8.0.8) Gecko/20061025 Firefox/1.5.0.8"
84.20.243.170 - - [20/Jan/2009:23:36:40 +0100] "GET /favicon.ico HTTP/1.1" 404 2748 "-" "Mozilla/5.0 (Windows; U; Windows NT 5.1; es-AR; rv:1.8.0.8) Gecko/20061025 Firefox/1.5.0.8"
84.20.243.170 - - [20/Jan/2009:23:36:43 +0100] "GET /favicon.ico HTTP/1.1" 404 2748 "-" "Mozilla/5.0 (Windows; U; Windows NT 5.1; es-AR; rv:1.8.0.8) Gecko/20061025 Firefox/1.5.0.8"
84.20.243.170 - - [20/Jan/2009:23:37:38 +0100] "GET /favicon.ico HTTP/1.1" 404 2748 "-" "Mozilla/5.0 (Windows; U; Windows NT 5.1; es-AR; rv:1.8.0.8) Gecko/20061025 Firefox/1.5.0.8"
208.36.144.6 - - [20/Jan/2009:23:38:43 +0100] "GET /robots.txt HTTP/1.0" 302 363 "-" "Mozilla/5.0 (Twiceler-0.9 http://www.cuil.com/twiceler/robot.html)"
72.233.96.149 - - [20/Jan/2009:23:39:39 +0100] "GET /zampa/ HTTP/1.1" 200 7153 "-" "WordPress/MU"
72.233.96.149 - - [20/Jan/2009:23:39:43 +0100] "HEAD /zampa/ HTTP/1.1" 200 - "-" "WordPress/MU"
87.211.62.246 - - [20/Jan/2009:23:46:40 +0100] "GET / HTTP/1.1" 302 353 "http://www.google.com/search?q=zampa+di+leone" "Mozilla/5.0 (X11; U; Linux x86_64; en-US; rv:1.8.1.17) Gecko/20081118 Firefox/2.0.0.17"
87.211.62.246 - - [20/Jan/2009:23:46:40 +0100] "GET /zampa/ HTTP/1.1" 200 7153 "http://www.google.com/search?q=zampa+di+leone" "Mozilla/5.0 (X11; U; Linux x86_64; en-US; rv:1.8.1.17) Gecko/20081118 Firefox/2.0.0.17"
87.211.62.246 - - [20/Jan/2009:23:46:41 +0100] "GET /zampa/slike/udupetu.gif HTTP/1.1" 200 4138 "http://www.various-euro.com/zampa/" "Mozilla/5.0 (X11; U; Linux x86_64; en-US; rv:1.8.1.17) Gecko/20081118 Firefox/2.0.0.17"
87.211.62.246 - - [20/Jan/2009:23:46:41 +0100] "GET /zampa/slike/zampa.gif HTTP/1.1" 200 5310 "http://www.various-euro.com/zampa/" "Mozilla/5.0 (X11; U; Linux x86_64; en-US; rv:1.8.1.17) Gecko/20081118 Firefox/2.0.0.17"
87.211.62.246 - - [20/Jan/2009:23:46:41 +0100] "GET /zampa/slike/inthearse.gif HTTP/1.1" 200 4077 "http://www.various-euro.com/zampa/" "Mozilla/5.0 (X11; U; Linux x86_64; en-US; rv:1.8.1.17) Gecko/20081118 Firefox/2.0.0.17"
87.211.62.246 - - [20/Jan/2009:23:46:45 +0100] "GET /favicon.ico HTTP/1.1" 404 2748 "-" "Mozilla/5.0 (X11; U; Linux x86_64; en-US; rv:1.8.1.17) Gecko/20081118 Firefox/2.0.0.17"
87.211.62.246 - - [20/Jan/2009:23:46:45 +0100] "GET /favicon.ico HTTP/1.1" 404 2748 "-" "Mozilla/5.0 (X11; U; Linux x86_64; en-US; rv:1.8.1.17) Gecko/20081118 Firefox/2.0.0.17"
87.211.62.246 - - [20/Jan/2009:23:50:50 +0100] "GET /zampa/slike/E7MEDIAA.GIF HTTP/1.1" 200 44716 "http://www.various-euro.com/zampa/" "Mozilla/5.0 (X11; U; Linux x86_64; en-US; rv:1.8.1.17) Gecko/20081118 Firefox/2.0.0.17"
87.211.62.246 - - [20/Jan/2009:23:51:43 +0100] "GET /zampa/slike/E4IRWIN.GIF HTTP/1.1" 200 53174 "http://www.various-euro.com/zampa/" "Mozilla/5.0 (X11; U; Linux x86_64; en-US; rv:1.8.1.17) Gecko/20081118 Firefox/2.0.0.17"
87.211.62.246 - - [20/Jan/2009:23:52:31 +0100] "GET / HTTP/1.1" 302 353 "http://www.google.com/search?hl=en&client=firefox-a&rls=org.mozilla:de:official&hs=RiP&sa=X&oi=spell&resnum=0&ct=result&cd=1&q=irwin+swindle&spell=1" "Mozilla/5.0 (Macintosh; U; Intel Mac OS X 10.4; de; rv:1.9.0.5) Gecko/2008120121 Firefox/3.0.5"
87.211.62.246 - - [20/Jan/2009:23:52:31 +0100] "GET /zampa/ HTTP/1.1" 200 7153 "http://www.google.com/search?hl=en&client=firefox-a&rls=org.mozilla:de:official&hs=RiP&sa=X&oi=spell&resnum=0&ct=result&cd=1&q=irwin+swindle&spell=1" "Mozilla/5.0 (Macintosh; U; Intel Mac OS X 10.4; de; rv:1.9.0.5) Gecko/2008120121 Firefox/3.0.5"
87.211.62.246 - - [20/Jan/2009:23:52:31 +0100] "GET /zampa/slike/zampa.gif HTTP/1.1" 200 5310 "http://www.various-euro.com/zampa/" "Mozilla/5.0 (Macintosh; U; Intel Mac OS X 10.4; de; rv:1.9.0.5) Gecko/2008120121 Firefox/3.0.5"
87.211.62.246 - - [20/Jan/2009:23:52:31 +0100] "GET /zampa/slike/udupetu.gif HTTP/1.1" 200 4138 "http://www.various-euro.com/zampa/" "Mozilla/5.0 (Macintosh; U; Intel Mac OS X 10.4; de; rv:1.9.0.5) Gecko/2008120121 Firefox/3.0.5"
87.211.62.246 - - [20/Jan/2009:23:52:31 +0100] "GET /zampa/slike/inthearse.gif HTTP/1.1" 200 4077 "http://www.various-euro.com/zampa/" "Mozilla/5.0 (Macintosh; U; Intel Mac OS X 10.4; de; rv:1.9.0.5) Gecko/2008120121 Firefox/3.0.5"
87.211.62.246 - - [20/Jan/2009:23:52:33 +0100] "GET /favicon.ico HTTP/1.1" 404 2748 "-" "Mozilla/5.0 (Macintosh; U; Intel Mac OS X 10.4; de; rv:1.9.0.5) Gecko/2008120121 Firefox/3.0.5"
87.211.62.246 - - [20/Jan/2009:23:52:36 +0100] "GET /favicon.ico HTTP/1.1" 404 2748 "-" "Mozilla/5.0 (Macintosh; U; Intel Mac OS X 10.4; de; rv:1.9.0.5) Gecko/2008120121 Firefox/3.0.5"
87.211.62.246 - - [20/Jan/2009:23:53:22 +0100] "GET /zampa/slike/E4IRWIN.GIF HTTP/1.1" 200 53174 "http://www.various-euro.com/zampa/" "Mozilla/5.0 (Macintosh; U; Intel Mac OS X 10.4; de; rv:1.9.0.5) Gecko/2008120121 Firefox/3.0.5"
76.74.255.43 - - [20/Jan/2009:23:54:12 +0100] "GET /zampa/ HTTP/1.1" 200 7153 "-" "WordPress/MU"
76.74.255.43 - - [20/Jan/2009:23:54:13 +0100] "GET /zampa/ HTTP/1.1" 200 7153 "-" "WordPress/MU"
76.74.255.43 - - [20/Jan/2009:23:54:15 +0100] "HEAD /zampa/ HTTP/1.1" 200 - "-" "WordPress/MU"
76.74.255.43 - - [20/Jan/2009:23:54:16 +0100] "HEAD /zampa/ HTTP/1.1" 200 - "-" "WordPress/MU"
87.211.62.246 - - [20/Jan/2009:23:54:30 +0100] "GET /zampa/slike/E3VAMPIR.GIF HTTP/1.1" 200 52553 "http://www.various-euro.com/zampa/" "Mozilla/5.0 (Macintosh; U; Intel Mac OS X 10.4; de; rv:1.9.0.5) Gecko/2008120121 Firefox/3.0.5"
72.233.96.152 - - [20/Jan/2009:23:54:54 +0100] "GET /zampa/ HTTP/1.1" 200 7153 "-" "WordPress/MU"
72.233.96.152 - - [20/Jan/2009:23:54:55 +0100] "GET /zampa/ HTTP/1.1" 200 7153 "-" "WordPress/MU"
72.233.96.152 - - [20/Jan/2009:23:54:56 +0100] "HEAD /zampa/ HTTP/1.1" 200 - "-" "WordPress/MU"
72.233.96.152 - - [20/Jan/2009:23:54:57 +0100] "HEAD /zampa/ HTTP/1.1" 200 - "-" "WordPress/MU"
87.211.62.246 - - [20/Jan/2009:23:55:04 +0100] "GET /zampa/slike/E3VAMPIR.GIF HTTP/1.1" 200 52553 "http://www.various-euro.com/zampa/" "Mozilla/5.0 (X11; U; Linux x86_64; en-US; rv:1.8.1.17) Gecko/20081118 Firefox/2.0.0.17"
82.237.212.168 - - [20/Jan/2009:23:56:00 +0100] "POST http://various-euro.com/email/subscribe_eng.pl HTTP/1.0" 404 2748 "http://various-euro.com/email/subscribe_eng.pl" "Mozilla/4.0 (compatible; MSIE 6.0; Windows NT 5.1)"
87.211.62.246 - - [20/Jan/2009:23:57:04 +0100] "GET /zampa/slike/E2COPY.GIF HTTP/1.1" 200 10416 "http://www.various-euro.com/zampa/" "Mozilla/5.0 (Macintosh; U; Intel Mac OS X 10.4; de; rv:1.9.0.5) Gecko/2008120121 Firefox/3.0.5"
72.233.96.152 - - [20/Jan/2009:23:57:27 +0100] "GET /zampa/ HTTP/1.1" 200 7153 "-" "WordPress/MU"
72.233.96.152 - - [20/Jan/2009:23:57:27 +0100] "GET /zampa/ HTTP/1.1" 200 7153 "-" "WordPress/MU"
72.233.96.152 - - [20/Jan/2009:23:57:28 +0100] "HEAD /zampa/ HTTP/1.1" 200 - "-" "WordPress/MU"
72.233.96.152 - - [20/Jan/2009:23:57:28 +0100] "HEAD /zampa/ HTTP/1.1" 200 - "-" "WordPress/MU"
72.30.65.62 - - [20/Jan/2009:23:57:55 +0100] "GET /f-logz_old.html HTTP/1.0" 200 43773 "-" "Mozilla/5.0 (compatible; Yahoo! Slurp; http://help.yahoo.com/help/us/ysearch/slurp)"
87.211.62.246 - - [20/Jan/2009:23:58:16 +0100] "GET /zampa/slike/E1TITEL.GIF HTTP/1.1" 200 16284 "http://www.various-euro.com/zampa/" "Mozilla/5.0 (Macintosh; U; Intel Mac OS X 10.4; de; rv:1.9.0.5) Gecko/2008120121 Firefox/3.0.5"
38.98.19.67 - - [20/Jan/2009:23:58:16 +0100] "GET /robots.txt HTTP/1.0" 200 64 "-" "Snapbot/1.0 (+http://www.snap.com)"
38.98.19.68 - - [20/Jan/2009:23:58:17 +0100] "GET / HTTP/1.0" 200 7869 "-" "Snapbot/1.0 (+http://www.snap.com)"
87.211.62.246 - - [20/Jan/2009:23:58:53 +0100] "GET /zampa/slike/E5UROSTO.GIF HTTP/1.1" 200 42690 "http://www.various-euro.com/zampa/" "Mozilla/5.0 (Macintosh; U; Intel Mac OS X 10.4; de; rv:1.9.0.5) Gecko/2008120121 Firefox/3.0.5"
87.211.62.246 - - [20/Jan/2009:23:59:00 +0100] "GET /zampa/slike/E8CURATO.GIF HTTP/1.1" 200 15386 "http://www.various-euro.com/zampa/" "Mozilla/5.0 (Macintosh; U; Intel Mac OS X 10.4; de; rv:1.9.0.5) Gecko/2008120121 Firefox/3.0.5"
87.211.62.246 - - [20/Jan/2009:23:59:17 +0100] "GET / HTTP/1.1" 200 7869 "-" "Mozilla/5.0 (Macintosh; U; Intel Mac OS X 10.4; de; rv:1.9.0.5) Gecko/2008120121 Firefox/3.0.5"
87.211.62.246 - - [20/Jan/2009:23:59:17 +0100] "GET /ve-icon-2.ico HTTP/1.1" 200 2238 "-" "Mozilla/5.0 (Macintosh; U; Intel Mac OS X 10.4; de; rv:1.9.0.5) Gecko/2008120121 Firefox/3.0.5"
87.211.62.246 - - [20/Jan/2009:23:59:17 +0100] "GET /style/various-euro.css HTTP/1.1" 200 3437 "http://www.various-euro.com/" "Mozilla/5.0 (Macintosh; U; Intel Mac OS X 10.4; de; rv:1.9.0.5) Gecko/2008120121 Firefox/3.0.5"
87.211.62.246 - - [20/Jan/2009:23:59:18 +0100] "GET /framez_0.html HTTP/1.1" 200 12444 "http://www.various-euro.com/" "Mozilla/5.0 (Macintosh; U; Intel Mac OS X 10.4; de; rv:1.9.0.5) Gecko/2008120121 Firefox/3.0.5"
87.211.62.246 - - [20/Jan/2009:23:59:20 +0100] "GET /framez.html HTTP/1.1" 200 3959 "http://www.various-euro.com/framez_0.html" "Mozilla/5.0 (Macintosh; U; Intel Mac OS X 10.4; de; rv:1.9.0.5) Gecko/2008120121 Firefox/3.0.5"
87.211.62.246 - - [20/Jan/2009:23:59:20 +0100] "GET /frame-menu.html HTTP/1.1" 200 10536 "http://www.various-euro.com/framez.html" "Mozilla/5.0 (Macintosh; U; Intel Mac OS X 10.4; de; rv:1.9.0.5) Gecko/2008120121 Firefox/3.0.5"
87.211.62.246 - - [20/Jan/2009:23:59:20 +0100] "GET /frame-inhalt.html HTTP/1.1" 200 5418 "http://www.various-euro.com/framez.html" "Mozilla/5.0 (Macintosh; U; Intel Mac OS X 10.4; de; rv:1.9.0.5) Gecko/2008120121 Firefox/3.0.5"
87.211.62.246 - - [20/Jan/2009:23:59:20 +0100] "GET /frame-unten.html HTTP/1.1" 200 5308 "http://www.various-euro.com/framez.html" "Mozilla/5.0 (Macintosh; U; Intel Mac OS X 10.4; de; rv:1.9.0.5) Gecko/2008120121 Firefox/3.0.5"
87.211.62.246 - - [20/Jan/2009:23:59:20 +0100] "GET /bannerz/neon_click_1.gif HTTP/1.1" 200 890 "http://www.various-euro.com/frame-inhalt.html" "Mozilla/5.0 (Macintosh; U; Intel Mac OS X 10.4; de; rv:1.9.0.5) Gecko/2008120121 Firefox/3.0.5"
87.211.62.246 - - [20/Jan/2009:23:59:21 +0100] "GET /bannerz/neon_click_3.gif HTTP/1.1" 200 240 "http://www.various-euro.com/frame-inhalt.html" "Mozilla/5.0 (Macintosh; U; Intel Mac OS X 10.4; de; rv:1.9.0.5) Gecko/2008120121 Firefox/3.0.5"
87.211.62.246 - - [20/Jan/2009:23:59:21 +0100] "GET /bannerz/neon_click_2.gif HTTP/1.1" 200 387 "http://www.various-euro.com/frame-inhalt.html" "Mozilla/5.0 (Macintosh; U; Intel Mac OS X 10.4; de; rv:1.9.0.5) Gecko/2008120121 Firefox/3.0.5"
87.211.62.246 - - [20/Jan/2009:23:59:21 +0100] "GET /bannerz/wet.gif HTTP/1.1" 200 18561 "http://www.various-euro.com/frame-inhalt.html" "Mozilla/5.0 (Macintosh; U; Intel Mac OS X 10.4; de; rv:1.9.0.5) Gecko/2008120121 Firefox/3.0.5"
87.211.62.246 - - [20/Jan/2009:23:59:21 +0100] "GET /eurosign3.gif HTTP/1.1" 200 7879 "http://www.various-euro.com/frame-inhalt.html" "Mozilla/5.0 (Macintosh; U; Intel Mac OS X 10.4; de; rv:1.9.0.5) Gecko/2008120121 Firefox/3.0.5"
87.211.62.246 - - [20/Jan/2009:23:59:21 +0100] "GET /bannerz/ve.jpg HTTP/1.1" 200 36912 "http://www.various-euro.com/frame-unten.html" "Mozilla/5.0 (Macintosh; U; Intel Mac OS X 10.4; de; rv:1.9.0.5) Gecko/2008120121 Firefox/3.0.5"
87.211.62.246 - - [20/Jan/2009:23:59:21 +0100] "GET /bannerz/douwil.gif HTTP/1.1" 200 528 "http://www.various-euro.com/frame-inhalt.html" "Mozilla/5.0 (Macintosh; U; Intel Mac OS X 10.4; de; rv:1.9.0.5) Gecko/2008120121 Firefox/3.0.5"
87.211.62.246 - - [20/Jan/2009:23:59:21 +0100] "GET /bannerz/anti_black_small.gif HTTP/1.1" 200 1009 "http://www.various-euro.com/frame-inhalt.html" "Mozilla/5.0 (Macintosh; U; Intel Mac OS X 10.4; de; rv:1.9.0.5) Gecko/2008120121 Firefox/3.0.5"
87.211.62.246 - - [20/Jan/2009:23:59:21 +0100] "GET /bannerz/goolag_468.jpg HTTP/1.1" 200 28285 "http://www.various-euro.com/frame-inhalt.html" "Mozilla/5.0 (Macintosh; U; Intel Mac OS X 10.4; de; rv:1.9.0.5) Gecko/2008120121 Firefox/3.0.5"
87.211.62.246 - - [20/Jan/2009:23:59:21 +0100] "GET /bannerz/copyleft_black_small.gif HTTP/1.1" 200 1231 "http://www.various-euro.com/frame-inhalt.html" "Mozilla/5.0 (Macintosh; U; Intel Mac OS X 10.4; de; rv:1.9.0.5) Gecko/2008120121 Firefox/3.0.5"
87.211.62.246 - - [20/Jan/2009:23:59:21 +0100] "GET /bannerz/google/Logo_40blk.gif HTTP/1.1" 200 2308 "http://www.various-euro.com/frame-inhalt.html" "Mozilla/5.0 (Macintosh; U; Intel Mac OS X 10.4; de; rv:1.9.0.5) Gecko/2008120121 Firefox/3.0.5"
87.211.62.246 - - [20/Jan/2009:23:59:21 +0100] "GET /bannerz/various-euro-girl.jpg HTTP/1.1" 200 91514 "http://www.various-euro.com/frame-unten.html" "Mozilla/5.0 (Macintosh; U; Intel Mac OS X 10.4; de; rv:1.9.0.5) Gecko/2008120121 Firefox/3.0.5"
87.211.62.246 - - [20/Jan/2009:23:59:30 +0100] "GET / HTTP/1.1" 200 7869 "-" "Mozilla/5.0 (Macintosh; U; Intel Mac OS X 10.4; de; rv:1.9.0.5) Gecko/2008120121 Firefox/3.0.5"
87.211.62.246 - - [20/Jan/2009:23:59:30 +0100] "GET /framez_0.html HTTP/1.1" 200 12444 "http://www.various-euro.com/" "Mozilla/5.0 (Macintosh; U; Intel Mac OS X 10.4; de; rv:1.9.0.5) Gecko/2008120121 Firefox/3.0.5"
87.211.62.246 - - [20/Jan/2009:23:59:33 +0100] "GET /framez.html HTTP/1.1" 200 3959 "http://www.various-euro.com/framez_0.html" "Mozilla/5.0 (Macintosh; U; Intel Mac OS X 10.4; de; rv:1.9.0.5) Gecko/2008120121 Firefox/3.0.5"
87.211.62.246 - - [20/Jan/2009:23:59:33 +0100] "GET /frame-menu.html HTTP/1.1" 200 10536 "http://www.various-euro.com/framez.html" "Mozilla/5.0 (Macintosh; U; Intel Mac OS X 10.4; de; rv:1.9.0.5) Gecko/2008120121 Firefox/3.0.5"
87.211.62.246 - - [20/Jan/2009:23:59:33 +0100] "GET /frame-inhalt.html HTTP/1.1" 200 5418 "http://www.various-euro.com/framez.html" "Mozilla/5.0 (Macintosh; U; Intel Mac OS X 10.4; de; rv:1.9.0.5) Gecko/2008120121 Firefox/3.0.5"
87.211.62.246 - - [20/Jan/2009:23:59:33 +0100] "GET /frame-unten.html HTTP/1.1" 200 5308 "http://www.various-euro.com/framez.html" "Mozilla/5.0 (Macintosh; U; Intel Mac OS X 10.4; de; rv:1.9.0.5) Gecko/2008120121 Firefox/3.0.5"
87.211.62.246 - - [20/Jan/2009:23:59:40 +0100] "GET /zampa HTTP/1.1" 301 375 "-" "Mozilla/5.0 (Macintosh; U; Intel Mac OS X 10.4; de; rv:1.9.0.5) Gecko/2008120121 Firefox/3.0.5"
87.211.62.246 - - [20/Jan/2009:23:59:40 +0100] "GET /zampa/ HTTP/1.1" 200 7153 "-" "Mozilla/5.0 (Macintosh; U; Intel Mac OS X 10.4; de; rv:1.9.0.5) Gecko/2008120121 Firefox/3.0.5"
72.30.65.62 - - [20/Jan/2009:23:59:51 +0100] "GET /logs/usage_200702.html HTTP/1.0" 200 107861 "-" "Mozilla/5.0 (compatible; Yahoo! Slurp; http://help.yahoo.com/help/us/ysearch/slurp)"
87.211.62.246 - - [21/Jan/2009:00:05:47 +0100] "GET /zampa/slike/E2COPY.GIF HTTP/1.1" 200 10416 "http://www.various-euro.com/zampa/" "Mozilla/5.0 (X11; U; Linux x86_64; en-US; rv:1.8.1.17) Gecko/20081118 Firefox/2.0.0.17"
66.235.124.61 - - [21/Jan/2009:00:11:04 +0100] "GET /framez-restate.html HTTP/1.1" 200 4328 "-" "Mozilla/5.0 (compatible; Ask Jeeves/Teoma; +http://about.ask.com/en/docs/about/webmasters.shtml)"
66.235.124.61 - - [21/Jan/2009:00:11:04 +0100] "GET /restate_copy.html HTTP/1.1" 200 97631 "-" "Mozilla/5.0 (compatible; Ask Jeeves/Teoma; +http://about.ask.com/en/docs/about/webmasters.shtml)"
66.235.124.61 - - [21/Jan/2009:00:20:18 +0100] "GET /framez.html HTTP/1.1" 200 3959 "-" "Mozilla/5.0 (compatible; Ask Jeeves/Teoma; +http://about.ask.com/en/docs/about/webmasters.shtml)"
66.235.124.7 - - [21/Jan/2009:00:25:32 +0100] "GET / HTTP/1.1" 200 7869 "-" "Mozilla/5.0 (compatible; Ask Jeeves/Teoma; +http://about.ask.com/en/docs/about/webmasters.shtml)"
66.249.65.169 - - [21/Jan/2009:00:30:32 +0100] "GET /partnergegenberlin.html HTTP/1.1" 200 5022 "-" "Mozilla/5.0 (compatible; Googlebot/2.1; +http://www.google.com/bot.html)"
65.55.211.168 - - [21/Jan/2009:00:39:39 +0100] "GET /zampa/montenegro/dajpare.html HTTP/1.1" 200 2503 "-" "msnbot/1.1 (+http://search.msn.com/msnbot.htm)"
72.30.65.62 - - [21/Jan/2009:00:41:44 +0100] "GET /f-contact.html HTTP/1.0" 200 6804 "-" "Mozilla/5.0 (compatible; Yahoo! Slurp; http://help.yahoo.com/help/us/ysearch/slurp)"
67.195.37.109 - - [21/Jan/2009:00:45:12 +0100] "GET /robots.txt HTTP/1.0" 200 64 "-" "Mozilla/5.0 (compatible; Yahoo! Slurp; http://help.yahoo.com/help/us/ysearch/slurp)"
67.195.37.109 - - [21/Jan/2009:00:45:12 +0100] "GET /framez-rez.html HTTP/1.0" 200 4323 "-" "Mozilla/5.0 (compatible; Yahoo! Slurp; http://help.yahoo.com/help/us/ysearch/slurp)"
67.195.37.109 - - [21/Jan/2009:00:45:26 +0100] "GET /frame-menu.html HTTP/1.0" 200 10536 "-" "Mozilla/5.0 (compatible; Yahoo! Slurp; http://help.yahoo.com/help/us/ysearch/slurp)"
67.195.37.109 - - [21/Jan/2009:00:45:40 +0100] "GET /f-rez.html HTTP/1.0" 200 9765 "-" "Mozilla/5.0 (compatible; Yahoo! Slurp; http://help.yahoo.com/help/us/ysearch/slurp)"
67.195.37.109 - - [21/Jan/2009:00:45:54 +0100] "GET /frame-unten.html HTTP/1.0" 200 5308 "-" "Mozilla/5.0 (compatible; Yahoo! Slurp; http://help.yahoo.com/help/us/ysearch/slurp)"
189.137.140.137 - - [21/Jan/2009:00:54:09 +0100] "POST /index.php HTTP/1.1" 404 2748 "http://various-euro.com/index.php" "Mozilla/4.0 (compatible; MSIE 6.0; Windows NT 5.1)"
79.101.42.49 - - [21/Jan/2009:01:10:14 +0100] "GET /framez-zampa-lovers.html HTTP/1.1" 200 4322 "http://www.google.com/search?hl=en&client=opera&rls=hr&hs=tal&sa=X&oi=spell&resnum=0&ct=result&cd=1&q=sexualni+problemi+menadzera+u+beogradu&spell=1" "Opera/9.25 (Windows NT 5.1; U; hr)"
79.101.42.49 - - [21/Jan/2009:01:10:15 +0100] "GET /ve-icon-2.ico HTTP/1.1" 200 2238 "http://www.various-euro.com/framez-zampa-lovers.html" "Opera/9.25 (Windows NT 5.1; U; hr)"
79.101.42.49 - - [21/Jan/2009:01:10:15 +0100] "GET /frame-menu.html HTTP/1.1" 200 10536 "http://www.various-euro.com/framez-zampa-lovers.html" "Opera/9.25 (Windows NT 5.1; U; hr)"
79.101.42.49 - - [21/Jan/2009:01:10:15 +0100] "GET /frame-unten.html HTTP/1.1" 200 5308 "http://www.various-euro.com/framez-zampa-lovers.html" "Opera/9.25 (Windows NT 5.1; U; hr)"
79.101.42.49 - - [21/Jan/2009:01:10:15 +0100] "GET /style/various-euro.css HTTP/1.1" 200 3437 "http://www.various-euro.com/frame-menu.html" "Opera/9.25 (Windows NT 5.1; U; hr)"
79.101.42.49 - - [21/Jan/2009:01:10:15 +0100] "GET /bannerz/ve.jpg HTTP/1.1" 200 36912 "http://www.various-euro.com/frame-unten.html" "Opera/9.25 (Windows NT 5.1; U; hr)"
79.101.42.49 - - [21/Jan/2009:01:10:16 +0100] "GET /zampa-lovers/kralle.gif HTTP/1.1" 404 2748 "http://www.various-euro.com/zampa-lovers/index.html" "Opera/9.25 (Windows NT 5.1; U; hr)"
79.101.42.49 - - [21/Jan/2009:01:10:15 +0100] "GET /zampa-lovers/index.html HTTP/1.1" 200 37790 "http://www.various-euro.com/framez-zampa-lovers.html" "Opera/9.25 (Windows NT 5.1; U; hr)"
79.101.42.49 - - [21/Jan/2009:01:10:15 +0100] "GET /bannerz/ve.jpg HTTP/1.1" 200 36912 "http://www.various-euro.com/frame-unten.html" "Opera/9.25 (Windows NT 5.1; U; hr)"
79.101.42.49 - - [21/Jan/2009:01:10:16 +0100] "GET /zampa-lovers/DRAGAN_Z.JPG HTTP/1.1" 200 6850 "http://www.various-euro.com/zampa-lovers/index.html" "Opera/9.25 (Windows NT 5.1; U; hr)"
79.101.42.49 - - [21/Jan/2009:01:10:16 +0100] "GET /zampa-lovers/MILIZA_4.JPG HTTP/1.1" 200 9946 "http://www.various-euro.com/zampa-lovers/index.html" "Opera/9.25 (Windows NT 5.1; U; hr)"
79.101.42.49 - - [21/Jan/2009:01:10:16 +0100] "GET /bannerz/various-euro-girl.jpg HTTP/1.1" 200 91514 "http://www.various-euro.com/frame-unten.html" "Opera/9.25 (Windows NT 5.1; U; hr)"
79.101.42.49 - - [21/Jan/2009:01:10:16 +0100] "GET /zampa-lovers/zampama2.mpg HTTP/1.1" 404 2748 "http://www.various-euro.com/zampa-lovers/index.html" "Opera/9.25 (Windows NT 5.1; U; hr)"
79.101.42.49 - - [21/Jan/2009:01:10:17 +0100] "GET /zampa-lovers/zampamali.gif HTTP/1.1" 200 2617 "http://www.various-euro.com/zampa-lovers/index.html" "Opera/9.25 (Windows NT 5.1; U; hr)"
79.101.42.49 - - [21/Jan/2009:01:10:16 +0100] "GET /zampa-lovers/MILIZA_3.JPG HTTP/1.1" 200 26924 "http://www.various-euro.com/zampa-lovers/index.html" "Opera/9.25 (Windows NT 5.1; U; hr)"
79.101.42.49 - - [21/Jan/2009:01:10:15 +0100] "GET /bannerz/various-euro-girl.jpg HTTP/1.1" 200 91514 "http://www.various-euro.com/frame-unten.html" "Opera/9.25 (Windows NT 5.1; U; hr)"
79.101.42.49 - - [21/Jan/2009:01:10:19 +0100] "GET /zampa-lovers/MILIZA_2.JPG HTTP/1.1" 200 22172 "http://www.various-euro.com/zampa-lovers/index.html" "Opera/9.25 (Windows NT 5.1; U; hr)"
79.101.42.49 - - [21/Jan/2009:01:10:19 +0100] "GET /zampa-lovers/DRAGANZA.JPG HTTP/1.1" 200 18560 "http://www.various-euro.com/zampa-lovers/index.html" "Opera/9.25 (Windows NT 5.1; U; hr)"
79.101.42.49 - - [21/Jan/2009:01:10:18 +0100] "GET /zampa-lovers/1SEITEVE.GIF HTTP/1.1" 200 78726 "http://www.various-euro.com/zampa-lovers/index.html" "Opera/9.25 (Windows NT 5.1; U; hr)"
79.101.42.49 - - [21/Jan/2009:01:10:24 +0100] "GET /zampa-lovers/Kralle.gif HTTP/1.1" 200 260 "http://www.various-euro.com/zampa-lovers/index.html" "Opera/9.25 (Windows NT 5.1; U; hr)"
79.101.42.49 - - [21/Jan/2009:01:10:25 +0100] "GET /zampa-lovers/zampa-2X2.gif HTTP/1.1" 200 6948 "http://www.various-euro.com/zampa-lovers/index.html" "Opera/9.25 (Windows NT 5.1; U; hr)"
79.101.42.49 - - [21/Jan/2009:01:10:21 +0100] "GET /zampa-lovers/WASISTMI1.MPG HTTP/1.1" 200 271221 "http://www.various-euro.com/zampa-lovers/index.html" "Opera/9.25 (Windows NT 5.1; U; hr)"
79.101.42.49 - - [21/Jan/2009:01:10:16 +0100] "GET /zampa-lovers/zampa.gif HTTP/1.1" 200 460627 "http://www.various-euro.com/zampa-lovers/index.html" "Opera/9.25 (Windows NT 5.1; U; hr)"
