213.137.110.4 - - [27/Jan/2009:12:41:51 +0100] "GET /zampa-lovers/MILIZA_B.JPG HTTP/1.1" 200 10947 "http://www.various-euro.com/zampa-lovers/index.html" "Mozilla/5.0 (Windows; U; Windows NT 5.1; en-US; rv:1.9.0.5) Gecko/2008120122 Firefox/3.0.5"
213.137.110.4 - - [27/Jan/2009:12:41:51 +0100] "GET /zampa-lovers/DRAGANZA.JPG HTTP/1.1" 200 18560 "http://www.various-euro.com/zampa-lovers/index.html" "Mozilla/5.0 (Windows; U; Windows NT 5.1; en-US; rv:1.9.0.5) Gecko/2008120122 Firefox/3.0.5"
213.137.110.4 - - [27/Jan/2009:12:41:51 +0100] "GET /zampa-lovers/ZAMPAMAS.MPG HTTP/1.1" 200 520196 "http://www.various-euro.com/zampa-lovers/index.html" "Mozilla/5.0 (Windows; U; Windows NT 5.1; en-US; rv:1.9.0.5) Gecko/2008120122 Firefox/3.0.5"
213.137.110.4 - - [27/Jan/2009:12:41:52 +0100] "GET /zampa-lovers/Kralle.gif HTTP/1.1" 200 260 "http://www.various-euro.com/zampa-lovers/index.html" "Mozilla/5.0 (Windows; U; Windows NT 5.1; en-US; rv:1.9.0.5) Gecko/2008120122 Firefox/3.0.5"
213.137.110.4 - - [27/Jan/2009:12:41:51 +0100] "GET /zampa-lovers/1SEITEVE.GIF HTTP/1.1" 200 78726 "http://www.various-euro.com/zampa-lovers/index.html" "Mozilla/5.0 (Windows; U; Windows NT 5.1; en-US; rv:1.9.0.5) Gecko/2008120122 Firefox/3.0.5"
213.137.110.4 - - [27/Jan/2009:12:41:51 +0100] "GET /zampa-lovers/MILIZA_3.JPG HTTP/1.1" 200 26924 "http://www.various-euro.com/zampa-lovers/index.html" "Mozilla/5.0 (Windows; U; Windows NT 5.1; en-US; rv:1.9.0.5) Gecko/2008120122 Firefox/3.0.5"
213.137.110.4 - - [27/Jan/2009:12:41:52 +0100] "GET /zampa-lovers/zampa-2X2.gif HTTP/1.1" 200 6948 "http://www.various-euro.com/zampa-lovers/index.html" "Mozilla/5.0 (Windows; U; Windows NT 5.1; en-US; rv:1.9.0.5) Gecko/2008120122 Firefox/3.0.5"
213.137.110.4 - - [27/Jan/2009:12:41:52 +0100] "GET /zampa-lovers/zampamali.gif HTTP/1.1" 200 2617 "http://www.various-euro.com/zampa-lovers/index.html" "Mozilla/5.0 (Windows; U; Windows NT 5.1; en-US; rv:1.9.0.5) Gecko/2008120122 Firefox/3.0.5"
213.137.110.4 - - [27/Jan/2009:12:41:52 +0100] "GET /bannerz/ve.jpg HTTP/1.1" 200 36912 "http://www.various-euro.com/frame-unten.html" "Mozilla/5.0 (Windows; U; Windows NT 5.1; en-US; rv:1.9.0.5) Gecko/2008120122 Firefox/3.0.5"
213.137.110.4 - - [27/Jan/2009:12:41:51 +0100] "GET /zampa-lovers/2SEITEVE.GIF HTTP/1.1" 200 83466 "http://www.various-euro.com/zampa-lovers/index.html" "Mozilla/5.0 (Windows; U; Windows NT 5.1; en-US; rv:1.9.0.5) Gecko/2008120122 Firefox/3.0.5"
213.137.110.4 - - [27/Jan/2009:12:41:52 +0100] "GET /bannerz/various-euro-girl.jpg HTTP/1.1" 200 91514 "http://www.various-euro.com/frame-unten.html" "Mozilla/5.0 (Windows; U; Windows NT 5.1; en-US; rv:1.9.0.5) Gecko/2008120122 Firefox/3.0.5"
213.137.110.4 - - [27/Jan/2009:12:41:52 +0100] "GET /zampa-lovers/zampa.gif HTTP/1.1" 200 460627 "http://www.various-euro.com/zampa-lovers/index.html" "Mozilla/5.0 (Windows; U; Windows NT 5.1; en-US; rv:1.9.0.5) Gecko/2008120122 Firefox/3.0.5"
66.249.65.169 - - [27/Jan/2009:12:45:23 +0100] "GET /triple-double-u/robots.txt HTTP/1.1" 200 26 "-" "Mozilla/5.0 (compatible; Googlebot/2.1; +http://www.google.com/bot.html)"
67.195.37.171 - - [27/Jan/2009:13:06:53 +0100] "GET /neon/girlz3.html HTTP/1.0" 200 2479 "-" "Mozilla/5.0 (compatible; Yahoo! Slurp/3.0; http://help.yahoo.com/help/us/ysearch/slurp)"
66.235.124.7 - - [27/Jan/2009:14:00:06 +0100] "GET /robots.txt HTTP/1.1" 200 64 "-" "Mozilla/5.0 (compatible; Ask Jeeves/Teoma; +http://about.ask.com/en/docs/about/webmasters.shtml)"
66.235.124.7 - - [27/Jan/2009:14:00:21 +0100] "GET /zampa-lovers/index.html HTTP/1.1" 200 37790 "-" "Mozilla/5.0 (compatible; Ask Jeeves/Teoma; +http://about.ask.com/en/docs/about/webmasters.shtml)"
66.249.65.169 - - [27/Jan/2009:14:12:18 +0100] "GET /robots.txt HTTP/1.1" 200 64 "-" "Mozilla/5.0 (compatible; Googlebot/2.1; +http://www.google.com/bot.html)"
66.249.65.169 - - [27/Jan/2009:14:12:18 +0100] "GET / HTTP/1.1" 200 7869 "-" "Mozilla/5.0 (compatible; Googlebot/2.1; +http://www.google.com/bot.html)"
67.195.37.171 - - [27/Jan/2009:14:21:14 +0100] "GET /robots.txt HTTP/1.0" 200 64 "-" "Mozilla/5.0 (compatible; Yahoo! Slurp; http://help.yahoo.com/help/us/ysearch/slurp)"
67.195.37.171 - - [27/Jan/2009:14:21:14 +0100] "GET /DgH/orginal/index.html HTTP/1.0" 200 1727 "-" "Mozilla/5.0 (compatible; Yahoo! Slurp/3.0; http://help.yahoo.com/help/us/ysearch/slurp)"
66.235.124.7 - - [27/Jan/2009:14:22:40 +0100] "GET /schubb/schubb-5.html HTTP/1.1" 200 72944 "-" "Mozilla/5.0 (compatible; Ask Jeeves/Teoma; +http://about.ask.com/en/docs/about/webmasters.shtml)"
93.86.201.184 - - [27/Jan/2009:14:34:36 +0100] "GET /zampa/ HTTP/1.1" 200 7153 "http://test.kuda.org/kolektiv/index.php" "Mozilla/5.0 (Windows; U; Windows NT 5.1; en-US; rv:1.9.0.5) Gecko/2008120122 Firefox/3.0.5"
93.86.201.184 - - [27/Jan/2009:14:34:36 +0100] "GET /zampa/slike/udupetu.gif HTTP/1.1" 200 4138 "http://www.various-euro.com/zampa/" "Mozilla/5.0 (Windows; U; Windows NT 5.1; en-US; rv:1.9.0.5) Gecko/2008120122 Firefox/3.0.5"
93.86.201.184 - - [27/Jan/2009:14:34:36 +0100] "GET /zampa/slike/zampa.gif HTTP/1.1" 200 5310 "http://www.various-euro.com/zampa/" "Mozilla/5.0 (Windows; U; Windows NT 5.1; en-US; rv:1.9.0.5) Gecko/2008120122 Firefox/3.0.5"
93.86.201.184 - - [27/Jan/2009:14:34:36 +0100] "GET /zampa/slike/inthearse.gif HTTP/1.1" 200 4077 "http://www.various-euro.com/zampa/" "Mozilla/5.0 (Windows; U; Windows NT 5.1; en-US; rv:1.9.0.5) Gecko/2008120122 Firefox/3.0.5"
93.86.201.184 - - [27/Jan/2009:14:34:37 +0100] "GET /favicon.ico HTTP/1.1" 404 2748 "-" "Mozilla/5.0 (Windows; U; Windows NT 5.1; en-US; rv:1.9.0.5) Gecko/2008120122 Firefox/3.0.5"
93.86.201.184 - - [27/Jan/2009:14:34:40 +0100] "GET /favicon.ico HTTP/1.1" 404 2748 "-" "Mozilla/5.0 (Windows; U; Windows NT 5.1; en-US; rv:1.9.0.5) Gecko/2008120122 Firefox/3.0.5"
65.55.211.169 - - [27/Jan/2009:14:57:32 +0100] "GET /robots.txt HTTP/1.1" 200 64 "-" "msnbot/1.1 (+http://search.msn.com/msnbot.htm)"
65.55.211.169 - - [27/Jan/2009:14:57:34 +0100] "GET /zampa/wonderland/index.html HTTP/1.1" 200 2084 "-" "msnbot/1.1 (+http://search.msn.com/msnbot.htm)"
72.30.65.62 - - [27/Jan/2009:14:58:22 +0100] "GET /framez.html HTTP/1.0" 200 3959 "-" "Mozilla/5.0 (compatible; Yahoo! Slurp; http://help.yahoo.com/help/us/ysearch/slurp)"
72.30.65.62 - - [27/Jan/2009:14:58:22 +0100] "GET /frame-menu.html HTTP/1.0" 200 10536 "-" "Mozilla/5.0 (compatible; Yahoo! Slurp; http://help.yahoo.com/help/us/ysearch/slurp)"
72.30.65.62 - - [27/Jan/2009:14:58:23 +0100] "GET /frame-inhalt.html HTTP/1.0" 200 5418 "-" "Mozilla/5.0 (compatible; Yahoo! Slurp; http://help.yahoo.com/help/us/ysearch/slurp)"
72.30.65.62 - - [27/Jan/2009:14:58:24 +0100] "GET /frame-unten.html HTTP/1.0" 200 5308 "-" "Mozilla/5.0 (compatible; Yahoo! Slurp; http://help.yahoo.com/help/us/ysearch/slurp)"
88.65.123.99 - - [27/Jan/2009:15:09:23 +0100] "GET /ve-icon-2.ico HTTP/1.1" 200 2238 "-" "Mozilla/5.0 (Windows; U; Windows NT 5.1; de; rv:1.9.0.5) Gecko/2008120122 Firefox/3.0.5"
88.65.123.99 - - [27/Jan/2009:15:09:23 +0100] "GET /f-other.html HTTP/1.1" 200 33189 "http://www.google.de/search?hl=de&rls=GGGL,GGGL:2006-36,GGGL:de&q=Euroweb+%C3%B6sterreich&start=100&sa=N" "Mozilla/5.0 (Windows; U; Windows NT 5.1; de; rv:1.9.0.5) Gecko/2008120122 Firefox/3.0.5"
88.65.123.99 - - [27/Jan/2009:15:09:23 +0100] "GET /bannerz/webmasters_click_here.gif HTTP/1.1" 200 1207 "http://www.various-euro.com/f-other.html" "Mozilla/5.0 (Windows; U; Windows NT 5.1; de; rv:1.9.0.5) Gecko/2008120122 Firefox/3.0.5"
65.55.211.165 - - [27/Jan/2009:15:27:19 +0100] "GET /framez-e-count.html HTTP/1.1" 200 4321 "-" "msnbot/1.1 (+http://search.msn.com/msnbot.htm)"
65.55.211.165 - - [27/Jan/2009:15:30:18 +0100] "GET /robots.txt HTTP/1.1" 200 64 "-" "msnbot/1.0 (+http://search.msn.com/msnbot.htm)"
65.55.211.165 - - [27/Jan/2009:15:30:19 +0100] "GET /frame-menu.html HTTP/1.1" 200 10536 "-" "msnbot/1.0 (+http://search.msn.com/msnbot.htm)"
65.55.211.165 - - [27/Jan/2009:15:30:19 +0100] "GET /e-counter.html HTTP/1.1" 200 4047 "-" "msnbot/1.0 (+http://search.msn.com/msnbot.htm)"
65.55.211.165 - - [27/Jan/2009:15:30:19 +0100] "GET /frame-unten.html HTTP/1.1" 200 5308 "-" "msnbot/1.0 (+http://search.msn.com/msnbot.htm)"
66.249.65.169 - - [27/Jan/2009:15:34:35 +0100] "GET /robots.txt HTTP/1.1" 302 363 "-" "Mozilla/5.0 (compatible; Googlebot/2.1; +http://www.google.com/bot.html)"
66.249.65.169 - - [27/Jan/2009:15:34:36 +0100] "GET /zampa/robots.txt HTTP/1.1" 404 2748 "-" "Mozilla/5.0 (compatible; Googlebot/2.1; +http://www.google.com/bot.html)"
66.249.65.169 - - [27/Jan/2009:15:34:36 +0100] "GET / HTTP/1.1" 302 353 "-" "Mozilla/5.0 (compatible; Googlebot/2.1; +http://www.google.com/bot.html)"
66.249.65.169 - - [27/Jan/2009:15:34:42 +0100] "GET /zampa/ HTTP/1.1" 200 7153 "-" "Mozilla/5.0 (compatible; Googlebot/2.1; +http://www.google.com/bot.html)"
72.30.65.62 - - [27/Jan/2009:16:06:31 +0100] "GET /DgH/rampe/index.html HTTP/1.0" 200 2056 "-" "Mozilla/5.0 (compatible; Yahoo! Slurp; http://help.yahoo.com/help/us/ysearch/slurp)"
193.252.149.15 - - [27/Jan/2009:16:39:45 +0100] "GET /neon/slow-walk.html HTTP/1.1" 200 1640 "-" "Mozilla/5.0 (Windows; U; Windows NT 5.1; fr; rv:1.8.1) VoilaBot BETA 1.2 (support.voilabot@orange-ftgroup.com)"
72.30.65.62 - - [27/Jan/2009:16:44:51 +0100] "GET /logs/usage_200705.html HTTP/1.0" 200 109447 "-" "Mozilla/5.0 (compatible; Yahoo! Slurp; http://help.yahoo.com/help/us/ysearch/slurp)"
72.30.65.62 - - [27/Jan/2009:16:50:09 +0100] "GET /framez_0.html HTTP/1.0" 200 12444 "-" "Mozilla/5.0 (compatible; Yahoo! Slurp; http://help.yahoo.com/help/us/ysearch/slurp)"
72.30.65.62 - - [27/Jan/2009:17:07:49 +0100] "GET /framez-zampa-lovers.html HTTP/1.0" 200 4322 "-" "Mozilla/5.0 (compatible; Yahoo! Slurp; http://help.yahoo.com/help/us/ysearch/slurp)"
72.30.65.62 - - [27/Jan/2009:17:07:49 +0100] "GET /frame-menu.html HTTP/1.0" 200 10536 "-" "Mozilla/5.0 (compatible; Yahoo! Slurp; http://help.yahoo.com/help/us/ysearch/slurp)"
72.30.65.62 - - [27/Jan/2009:17:07:50 +0100] "GET /zampa-lovers/index.html HTTP/1.0" 200 37790 "-" "Mozilla/5.0 (compatible; Yahoo! Slurp; http://help.yahoo.com/help/us/ysearch/slurp)"
72.30.65.62 - - [27/Jan/2009:17:07:51 +0100] "GET /frame-unten.html HTTP/1.0" 200 5308 "-" "Mozilla/5.0 (compatible; Yahoo! Slurp; http://help.yahoo.com/help/us/ysearch/slurp)"
72.30.65.62 - - [27/Jan/2009:17:56:18 +0100] "GET /robots.txt HTTP/1.0" 200 64 "-" "Mozilla/5.0 (compatible; Yahoo! Slurp; http://help.yahoo.com/help/us/ysearch/slurp)"
208.36.144.10 - - [27/Jan/2009:18:16:42 +0100] "GET /robots.txt HTTP/1.0" 200 64 "-" "Mozilla/5.0 (Twiceler-0.9 http://www.cuil.com/twiceler/robot.html)"
217.24.247.5 - - [27/Jan/2009:18:19:19 +0100] "GET /framez-schubb5.html HTTP/1.1" 200 4330 "http://search.sweetim.com/search.asp?ln=en&src=1010&q=baste+live+euro+lloto" "Mozilla/4.0 (compatible; MSIE 6.0; Windows NT 5.1; SV1; SIMBAR={7DE53798-5C50-4E59-8447-D321E851B4E0}; Seekmo 10.0.431.0)"
217.24.247.5 - - [27/Jan/2009:18:19:19 +0100] "GET /frame-menu.html HTTP/1.1" 200 10536 "http://www.various-euro.com/framez-schubb5.html" "Mozilla/4.0 (compatible; MSIE 6.0; Windows NT 5.1; SV1; SIMBAR={7DE53798-5C50-4E59-8447-D321E851B4E0}; Seekmo 10.0.431.0)"
217.24.247.5 - - [27/Jan/2009:18:19:19 +0100] "GET /favicon.ico HTTP/1.1" 404 2748 "-" "Mozilla/4.0 (compatible; MSIE 6.0; Windows NT 5.1; SV1; SIMBAR={7DE53798-5C50-4E59-8447-D321E851B4E0}; Seekmo 10.0.431.0)"
217.24.247.5 - - [27/Jan/2009:18:19:20 +0100] "GET /frame-unten.html HTTP/1.1" 200 5308 "http://www.various-euro.com/framez-schubb5.html" "Mozilla/4.0 (compatible; MSIE 6.0; Windows NT 5.1; SV1; SIMBAR={7DE53798-5C50-4E59-8447-D321E851B4E0}; Seekmo 10.0.431.0)"
217.24.247.5 - - [27/Jan/2009:18:19:21 +0100] "GET /style/various-euro.css HTTP/1.1" 200 3437 "http://www.various-euro.com/frame-menu.html" "Mozilla/4.0 (compatible; MSIE 6.0; Windows NT 5.1; SV1; SIMBAR={7DE53798-5C50-4E59-8447-D321E851B4E0}; Seekmo 10.0.431.0)"
217.24.247.5 - - [27/Jan/2009:18:19:21 +0100] "GET /bannerz/ve.jpg HTTP/1.1" 200 36912 "http://www.various-euro.com/frame-unten.html" "Mozilla/4.0 (compatible; MSIE 6.0; Windows NT 5.1; SV1; SIMBAR={7DE53798-5C50-4E59-8447-D321E851B4E0}; Seekmo 10.0.431.0)"
217.24.247.5 - - [27/Jan/2009:18:19:20 +0100] "GET /schubb/schubb-5.html HTTP/1.1" 200 72944 "http://www.various-euro.com/framez-schubb5.html" "Mozilla/4.0 (compatible; MSIE 6.0; Windows NT 5.1; SV1; SIMBAR={7DE53798-5C50-4E59-8447-D321E851B4E0}; Seekmo 10.0.431.0)"
217.24.247.5 - - [27/Jan/2009:18:19:24 +0100] "GET /schubb/schubb-5.gif HTTP/1.1" 200 342 "http://www.various-euro.com/schubb/schubb-5.html" "Mozilla/4.0 (compatible; MSIE 6.0; Windows NT 5.1; SV1; SIMBAR={7DE53798-5C50-4E59-8447-D321E851B4E0}; Seekmo 10.0.431.0)"
217.24.247.5 - - [27/Jan/2009:18:19:23 +0100] "GET /bannerz/various-euro-girl.jpg HTTP/1.1" 200 91514 "http://www.various-euro.com/frame-unten.html" "Mozilla/4.0 (compatible; MSIE 6.0; Windows NT 5.1; SV1; SIMBAR={7DE53798-5C50-4E59-8447-D321E851B4E0}; Seekmo 10.0.431.0)"
89.28.3.241 - - [27/Jan/2009:18:55:40 +0100] "GET /zampa/montenegro/contributions.html HTTP/1.0" 200 18843 "-" "Mozilla/4.0 (compatible; MSIE 6.0; Windows NT 5.1; SV1; .NET CLR 1.1.4322; .NET CLR 2.0.50727)"
72.30.65.62 - - [27/Jan/2009:19:44:34 +0100] "GET /neon/slow-walk.html HTTP/1.0" 200 1640 "-" "Mozilla/5.0 (compatible; Yahoo! Slurp; http://help.yahoo.com/help/us/ysearch/slurp)"
209.161.222.223 - - [27/Jan/2009:20:13:08 +0100] "GET /robots.txt HTTP/1.1" 200 64 "-" "Mozilla/5.0 (Windows; U; Windows NT 5.1; en-US; rv:1.8.1.14) Gecko/20080404 Firefox/2.0.0.14"
66.235.124.7 - - [27/Jan/2009:20:18:23 +0100] "GET /neon/girlz2.html HTTP/1.1" 200 2937 "-" "Mozilla/5.0 (compatible; Ask Jeeves/Teoma; +http://about.ask.com/en/docs/about/webmasters.shtml)"
83.133.125.202 - - [27/Jan/2009:20:49:11 +0100] "GET / HTTP/1.0" 200 7869 "-" "-"
83.133.125.202 - - [27/Jan/2009:20:49:11 +0100] "GET / HTTP/1.0" 200 7869 "-" "-"
67.195.37.159 - - [27/Jan/2009:20:49:43 +0100] "GET /robots.txt HTTP/1.0" 200 64 "-" "Mozilla/5.0 (compatible; Yahoo! Slurp; http://help.yahoo.com/help/us/ysearch/slurp)"
67.195.37.159 - - [27/Jan/2009:20:49:44 +0100] "GET /restate_copy.html HTTP/1.0" 200 97631 "-" "Mozilla/5.0 (compatible; Yahoo! Slurp; http://help.yahoo.com/help/us/ysearch/slurp)"
66.235.124.7 - - [27/Jan/2009:21:07:27 +0100] "GET /restate_copy.html HTTP/1.1" 200 97631 "-" "Mozilla/5.0 (compatible; Ask Jeeves/Teoma; +http://about.ask.com/en/docs/about/webmasters.shtml)"
66.235.124.7 - - [27/Jan/2009:21:07:28 +0100] "GET /menueleiste.js HTTP/1.1" 404 2748 "-" "Mozilla/5.0 (compatible; Ask Jeeves/Teoma; +http://about.ask.com/en/docs/about/webmasters.shtml)"
81.52.143.15 - - [27/Jan/2009:21:08:45 +0100] "GET /DgH/orginal/index.html HTTP/1.1" 200 1727 "-" "Mozilla/5.0 (Windows; U; Windows NT 5.1; fr; rv:1.8.1) VoilaBot BETA 1.2 (support.voilabot@orange-ftgroup.com)"
72.30.65.62 - - [27/Jan/2009:21:18:40 +0100] "GET /f-net.html HTTP/1.0" 200 9913 "-" "Mozilla/5.0 (compatible; Yahoo! Slurp; http://help.yahoo.com/help/us/ysearch/slurp)"
68.35.176.211 - - [27/Jan/2009:21:23:34 +0100] "GET / HTTP/1.1" 200 7869 "-" "Mozilla/5.0 (Windows; U; Windows NT 5.1; en-US; rv:1.9.0.5) Gecko/2008120122 Firefox/3.0.5"
68.35.176.211 - - [27/Jan/2009:21:23:35 +0100] "GET /ve-icon-2.ico HTTP/1.1" 200 2238 "-" "Mozilla/5.0 (Windows; U; Windows NT 5.1; en-US; rv:1.9.0.5) Gecko/2008120122 Firefox/3.0.5"
68.35.176.211 - - [27/Jan/2009:21:23:35 +0100] "GET /style/various-euro.css HTTP/1.1" 200 3437 "http://www.various-euro.com/" "Mozilla/5.0 (Windows; U; Windows NT 5.1; en-US; rv:1.9.0.5) Gecko/2008120122 Firefox/3.0.5"
68.35.176.211 - - [27/Jan/2009:21:23:35 +0100] "GET /framez_0.html HTTP/1.1" 200 12444 "http://www.various-euro.com/" "Mozilla/5.0 (Windows; U; Windows NT 5.1; en-US; rv:1.9.0.5) Gecko/2008120122 Firefox/3.0.5"
67.195.37.159 - - [27/Jan/2009:21:24:44 +0100] "GET /neon/warning2.html HTTP/1.0" 200 997 "-" "Mozilla/5.0 (compatible; Yahoo! Slurp; http://help.yahoo.com/help/us/ysearch/slurp)"
72.30.65.62 - - [27/Jan/2009:21:28:29 +0100] "GET /robots.txt HTTP/1.0" 200 64 "-" "Mozilla/5.0 (compatible; Yahoo! Slurp; http://help.yahoo.com/help/us/ysearch/slurp)"
85.218.134.188 - - [27/Jan/2009:21:32:02 +0100] "GET /framez-zampa-lovers.html HTTP/1.1" 200 4322 "-" "User-Agent: Mozilla/4.0 (compatible; MSIE 7.0; Windows NT 6.0; GTB5; Mozilla/4.0 (compatible; MSIE 6.0; Windows NT 5.1; SV1)"
81.52.143.26 - - [27/Jan/2009:21:39:42 +0100] "GET /neon/annniiii.html HTTP/1.1" 200 686 "-" "Mozilla/5.0 (Windows; U; Windows NT 5.1; fr; rv:1.8.1) VoilaBot BETA 1.2 (support.voilabot@orange-ftgroup.com)"
94.189.181.90 - - [27/Jan/2009:21:45:48 +0100] "GET /zampa/ HTTP/1.1" 200 7153 "-" "Mozilla/5.0 (Windows; U; Windows NT 5.1; en-US; rv:1.9.0.5) Gecko/2008120122 Firefox/3.0.5"
94.189.181.90 - - [27/Jan/2009:21:45:51 +0100] "GET /zampa/slike/inthearse.gif HTTP/1.1" 200 4077 "http://www.various-euro.com/zampa/" "Mozilla/5.0 (Windows; U; Windows NT 5.1; en-US; rv:1.9.0.5) Gecko/2008120122 Firefox/3.0.5"
94.189.181.90 - - [27/Jan/2009:21:45:57 +0100] "GET /zampa/slike/zampa.gif HTTP/1.1" 200 5310 "http://www.various-euro.com/zampa/" "Mozilla/5.0 (Windows; U; Windows NT 5.1; en-US; rv:1.9.0.5) Gecko/2008120122 Firefox/3.0.5"
94.189.181.90 - - [27/Jan/2009:21:46:03 +0100] "GET /zampa/slike/udupetu.gif HTTP/1.1" 200 4138 "http://www.various-euro.com/zampa/" "Mozilla/5.0 (Windows; U; Windows NT 5.1; en-US; rv:1.9.0.5) Gecko/2008120122 Firefox/3.0.5"
94.189.181.90 - - [27/Jan/2009:21:46:09 +0100] "GET /favicon.ico HTTP/1.1" 404 2748 "-" "Mozilla/5.0 (Windows; U; Windows NT 5.1; en-US; rv:1.9.0.5) Gecko/2008120122 Firefox/3.0.5"
94.189.181.90 - - [27/Jan/2009:21:46:12 +0100] "GET /favicon.ico HTTP/1.1" 404 2748 "-" "Mozilla/5.0 (Windows; U; Windows NT 5.1; en-US; rv:1.9.0.5) Gecko/2008120122 Firefox/3.0.5"
94.189.181.90 - - [27/Jan/2009:21:47:08 +0100] "GET /zampa/slike/S7MEDIAA.GIF HTTP/1.1" 200 45793 "http://www.various-euro.com/zampa/" "Mozilla/5.0 (Windows; U; Windows NT 5.1; en-US; rv:1.9.0.5) Gecko/2008120122 Firefox/3.0.5"
67.195.37.158 - - [27/Jan/2009:21:48:50 +0100] "GET /robots.txt HTTP/1.0" 200 64 "-" "Mozilla/5.0 (compatible; Yahoo! Slurp; http://help.yahoo.com/help/us/ysearch/slurp)"
67.195.37.158 - - [27/Jan/2009:21:48:50 +0100] "GET /robots.txt HTTP/1.0" 200 64 "-" "Mozilla/5.0 (compatible; Yahoo! Slurp/3.0; http://help.yahoo.com/help/us/ysearch/slurp)"
66.235.124.61 - - [27/Jan/2009:21:57:00 +0100] "GET /framez-zampa-lovers.html HTTP/1.1" 200 4322 "-" "Mozilla/5.0 (compatible; Ask Jeeves/Teoma; +http://about.ask.com/en/docs/about/webmasters.shtml)"
66.235.124.61 - - [27/Jan/2009:21:57:01 +0100] "GET /frame-menu.html HTTP/1.1" 200 10536 "-" "Mozilla/5.0 (compatible; Ask Jeeves/Teoma; +http://about.ask.com/en/docs/about/webmasters.shtml)"
66.235.124.61 - - [27/Jan/2009:21:57:01 +0100] "GET /zampa-lovers/index.html HTTP/1.1" 200 37790 "-" "Mozilla/5.0 (compatible; Ask Jeeves/Teoma; +http://about.ask.com/en/docs/about/webmasters.shtml)"
66.235.124.61 - - [27/Jan/2009:21:57:01 +0100] "GET /frame-unten.html HTTP/1.1" 200 5308 "-" "Mozilla/5.0 (compatible; Ask Jeeves/Teoma; +http://about.ask.com/en/docs/about/webmasters.shtml)"
66.235.124.61 - - [27/Jan/2009:22:05:15 +0100] "GET /framez.html HTTP/1.1" 200 3959 "-" "Mozilla/5.0 (compatible; Ask Jeeves/Teoma; +http://about.ask.com/en/docs/about/webmasters.shtml)"
66.235.124.61 - - [27/Jan/2009:22:05:15 +0100] "GET /framez.html HTTP/1.1" 200 3959 "-" "Mozilla/5.0 (compatible; Ask Jeeves/Teoma; +http://about.ask.com/en/docs/about/webmasters.shtml)"
66.235.124.61 - - [27/Jan/2009:22:05:15 +0100] "GET /frame-inhalt.html HTTP/1.1" 200 5418 "-" "Mozilla/5.0 (compatible; Ask Jeeves/Teoma; +http://about.ask.com/en/docs/about/webmasters.shtml)"
77.46.246.104 - - [27/Jan/2009:22:21:17 +0100] "GET /zampa/ HTTP/1.1" 200 7153 "http://test.kuda.org/kolektiv/index.php" "Mozilla/5.0 (Windows; U; Windows NT 5.1; en-US; rv:1.9.0.5) Gecko/2008120122 Firefox/3.0.5"
77.46.246.104 - - [27/Jan/2009:22:21:18 +0100] "GET /zampa/slike/zampa.gif HTTP/1.1" 200 5310 "http://www.various-euro.com/zampa/" "Mozilla/5.0 (Windows; U; Windows NT 5.1; en-US; rv:1.9.0.5) Gecko/2008120122 Firefox/3.0.5"
77.46.246.104 - - [27/Jan/2009:22:21:18 +0100] "GET /zampa/slike/inthearse.gif HTTP/1.1" 200 4077 "http://www.various-euro.com/zampa/" "Mozilla/5.0 (Windows; U; Windows NT 5.1; en-US; rv:1.9.0.5) Gecko/2008120122 Firefox/3.0.5"
77.46.246.104 - - [27/Jan/2009:22:21:18 +0100] "GET /zampa/slike/udupetu.gif HTTP/1.1" 200 4138 "http://www.various-euro.com/zampa/" "Mozilla/5.0 (Windows; U; Windows NT 5.1; en-US; rv:1.9.0.5) Gecko/2008120122 Firefox/3.0.5"
77.46.246.104 - - [27/Jan/2009:22:21:18 +0100] "GET /favicon.ico HTTP/1.1" 404 2748 "-" "Mozilla/5.0 (Windows; U; Windows NT 5.1; en-US; rv:1.9.0.5) Gecko/2008120122 Firefox/3.0.5"
77.46.246.104 - - [27/Jan/2009:22:21:21 +0100] "GET /favicon.ico HTTP/1.1" 404 2748 "-" "Mozilla/5.0 (Windows; U; Windows NT 5.1; en-US; rv:1.9.0.5) Gecko/2008120122 Firefox/3.0.5"
67.195.37.178 - - [27/Jan/2009:22:41:15 +0100] "GET /robots.txt HTTP/1.0" 200 64 "-" "Mozilla/5.0 (compatible; Yahoo! Slurp; http://help.yahoo.com/help/us/ysearch/slurp)"
67.195.37.178 - - [27/Jan/2009:22:41:15 +0100] "GET /neon/annniiii.html HTTP/1.0" 200 686 "-" "Mozilla/5.0 (compatible; Yahoo! Slurp; http://help.yahoo.com/help/us/ysearch/slurp)"
38.108.180.16 - - [27/Jan/2009:23:08:53 +0100] "GET /robots.txt HTTP/1.1" 200 64 "-" "Mozilla/5.0 (compatible; ScoutJet; +http://www.scoutjet.com/)"
38.108.180.16 - - [27/Jan/2009:23:08:54 +0100] "GET / HTTP/1.1" 200 7869 "-" "Mozilla/5.0 (compatible; ScoutJet; +http://www.scoutjet.com/)"
38.108.180.16 - - [27/Jan/2009:23:08:55 +0100] "GET /ve-icon-2.ico HTTP/1.1" 200 2238 "-" "Mozilla/5.0 (compatible; ScoutJet; +http://www.scoutjet.com/)"
65.55.211.161 - - [27/Jan/2009:23:51:25 +0100] "GET /robots.txt HTTP/1.1" 200 64 "-" "msnbot/1.1 (+http://search.msn.com/msnbot.htm)"
65.55.211.161 - - [27/Jan/2009:23:51:25 +0100] "GET /logs/usage_200711.html HTTP/1.1" 200 109628 "-" "msnbot/1.1 (+http://search.msn.com/msnbot.htm)"
67.195.37.91 - - [28/Jan/2009:00:02:00 +0100] "GET /robots.txt HTTP/1.0" 200 64 "-" "Mozilla/5.0 (compatible; Yahoo! Slurp; http://help.yahoo.com/help/us/ysearch/slurp)"
67.195.37.91 - - [28/Jan/2009:00:02:01 +0100] "GET /partnergegenberlin.html HTTP/1.0" 200 5022 "-" "Mozilla/5.0 (compatible; Yahoo! Slurp/3.0; http://help.yahoo.com/help/us/ysearch/slurp)"
67.195.37.91 - - [28/Jan/2009:00:28:40 +0100] "GET /f-net.html HTTP/1.0" 200 9913 "-" "Mozilla/5.0 (compatible; Yahoo! Slurp/3.0; http://help.yahoo.com/help/us/ysearch/slurp)"
81.52.143.16 - - [28/Jan/2009:00:32:15 +0100] "GET /bmpp/18_x.html HTTP/1.1" 200 1100 "-" "Mozilla/5.0 (Windows; U; Windows NT 5.1; fr; rv:1.8.1) VoilaBot BETA 1.2 (support.voilabot@orange-ftgroup.com)"
90.176.149.137 - - [28/Jan/2009:00:34:46 +0100] "GET /framez-zampa-lovers.html HTTP/1.1" 200 4322 "-" "User-Agent: Mozilla/4.0 (compatible; MSIE 7.0; Windows NT 6.0; SLCC1; .NET CLR 2.0.50727; Media Center PC 5.0; .NET CLR 3.0.04506; .NET CLR 1.1.4322; .NET CLR 3.5.21022)"
65.55.211.157 - - [28/Jan/2009:00:37:20 +0100] "GET /robots.txt HTTP/1.1" 200 64 "-" "msnbot/1.1 (+http://search.msn.com/msnbot.htm)"
65.55.211.157 - - [28/Jan/2009:00:37:20 +0100] "GET /bmpp/18.html HTTP/1.1" 200 4467 "-" "msnbot/1.1 (+http://search.msn.com/msnbot.htm)"
67.195.37.91 - - [28/Jan/2009:00:45:00 +0100] "GET /zampa/montenegro/SEKAW.html HTTP/1.0" 200 860 "-" "Mozilla/5.0 (compatible; Yahoo! Slurp/3.0; http://help.yahoo.com/help/us/ysearch/slurp)"
67.195.37.91 - - [28/Jan/2009:00:48:33 +0100] "GET /framez-rez.html HTTP/1.0" 200 4323 "-" "Mozilla/5.0 (compatible; Yahoo! Slurp; http://help.yahoo.com/help/us/ysearch/slurp)"
67.195.37.91 - - [28/Jan/2009:00:48:42 +0100] "GET /frame-menu.html HTTP/1.0" 200 10536 "-" "Mozilla/5.0 (compatible; Yahoo! Slurp; http://help.yahoo.com/help/us/ysearch/slurp)"
67.195.37.91 - - [28/Jan/2009:00:48:52 +0100] "GET /f-rez.html HTTP/1.0" 200 9765 "-" "Mozilla/5.0 (compatible; Yahoo! Slurp; http://help.yahoo.com/help/us/ysearch/slurp)"
67.195.37.91 - - [28/Jan/2009:00:49:12 +0100] "GET /frame-unten.html HTTP/1.0" 200 5308 "-" "Mozilla/5.0 (compatible; Yahoo! Slurp; http://help.yahoo.com/help/us/ysearch/slurp)"
193.109.166.10 - - [28/Jan/2009:00:57:33 +0100] "GET /framez-schubb5.html HTTP/1.0" 200 4330 "http://www.various-euro.com/framez-schubb5.html" "Mozilla/5.0 (Windows; U; Windows NT 5.1; en-US; rv:1.7.5) Gecko/20041107 Firefox/1.0"
193.109.166.10 - - [28/Jan/2009:00:57:34 +0100] "GET /frame-menu.html HTTP/1.0" 200 10536 "http://www.various-euro.com/frame-menu.html" "Mozilla/5.0 (Windows; U; Windows NT 5.1; en-US; rv:1.7.5) Gecko/20041107 Firefox/1.0"
193.109.166.10 - - [28/Jan/2009:00:57:34 +0100] "GET /schubb/schubb-5.html HTTP/1.0" 200 72944 "http://www.various-euro.com/schubb/schubb-5.html" "Mozilla/5.0 (Windows; U; Windows NT 5.1; en-US; rv:1.7.5) Gecko/20041107 Firefox/1.0"
193.109.166.10 - - [28/Jan/2009:00:57:36 +0100] "GET /frame-unten.html HTTP/1.0" 200 5308 "http://www.various-euro.com/frame-unten.html" "Mozilla/5.0 (Windows; U; Windows NT 5.1; en-US; rv:1.7.5) Gecko/20041107 Firefox/1.0"
89.123.28.23 - - [28/Jan/2009:01:13:54 +0100] "GET / HTTP/1.1" 200 7869 "-" "Java/1.6.0_04"
89.123.28.23 - - [28/Jan/2009:01:13:54 +0100] "GET /framez.html HTTP/1.1" 200 3959 "-" "Java/1.6.0_04"
89.123.28.23 - - [28/Jan/2009:01:13:54 +0100] "GET /framez_0.html HTTP/1.1" 200 12444 "-" "Java/1.6.0_04"
89.123.28.23 - - [28/Jan/2009:01:13:55 +0100] "GET /frame-inhalt.html HTTP/1.1" 200 5418 "-" "Java/1.6.0_04"
89.123.28.23 - - [28/Jan/2009:01:13:55 +0100] "GET /frame-menu.html HTTP/1.1" 200 10536 "-" "Java/1.6.0_04"
89.123.28.23 - - [28/Jan/2009:01:13:56 +0100] "GET /frame-unten.html HTTP/1.1" 200 5308 "-" "Java/1.6.0_04"
89.123.28.23 - - [28/Jan/2009:01:13:56 +0100] "GET /f-maintitle.html HTTP/1.1" 200 5030 "-" "Java/1.6.0_04"
89.123.28.23 - - [28/Jan/2009:01:13:56 +0100] "GET /partnergegenberlin.html HTTP/1.1" 200 5022 "-" "Java/1.6.0_04"
89.123.28.23 - - [28/Jan/2009:01:13:56 +0100] "GET /f-actions.html HTTP/1.1" 200 10429 "-" "Java/1.6.0_04"
89.123.28.23 - - [28/Jan/2009:01:13:57 +0100] "GET /f-bannnerz.html HTTP/1.1" 200 12651 "-" "Java/1.6.0_04"
89.123.28.23 - - [28/Jan/2009:01:13:57 +0100] "GET /f-channel1.html HTTP/1.1" 200 8471 "-" "Java/1.6.0_04"
89.123.28.23 - - [28/Jan/2009:01:13:57 +0100] "GET /f-contact.html HTTP/1.1" 200 6804 "-" "Java/1.6.0_04"
89.123.28.23 - - [28/Jan/2009:01:13:57 +0100] "GET /f-doku-brau.html HTTP/1.1" 200 7152 "-" "Java/1.6.0_04"
89.123.28.23 - - [28/Jan/2009:01:13:58 +0100] "GET /f-euro.html HTTP/1.1" 200 12203 "-" "Java/1.6.0_04"
89.123.28.23 - - [28/Jan/2009:01:13:59 +0100] "GET /f-horrorkatze.html HTTP/1.1" 200 7865 "-" "Java/1.6.0_04"
89.123.28.23 - - [28/Jan/2009:01:13:59 +0100] "GET /f-net.html HTTP/1.1" 200 9913 "-" "Java/1.6.0_04"
89.123.28.23 - - [28/Jan/2009:01:14:00 +0100] "GET /f-other.html HTTP/1.1" 200 33189 "-" "Java/1.6.0_04"
89.123.28.23 - - [28/Jan/2009:01:14:01 +0100] "GET /f-rez.html HTTP/1.1" 200 9765 "-" "Java/1.6.0_04"
89.123.28.23 - - [28/Jan/2009:01:14:02 +0100] "GET /f-search.html HTTP/1.1" 200 11800 "-" "Java/1.6.0_04"
89.123.28.23 - - [28/Jan/2009:01:14:02 +0100] "GET /f-sponsor.html HTTP/1.1" 200 8578 "-" "Java/1.6.0_04"
89.123.28.23 - - [28/Jan/2009:01:14:03 +0100] "GET /f-warez.html HTTP/1.1" 200 10953 "-" "Java/1.6.0_04"
89.123.28.23 - - [28/Jan/2009:01:14:03 +0100] "GET /f-web.html HTTP/1.1" 200 13605 "-" "Java/1.6.0_04"
89.123.28.23 - - [28/Jan/2009:01:14:04 +0100] "GET /f-world.html HTTP/1.1" 200 35590 "-" "Java/1.6.0_04"
89.123.28.23 - - [28/Jan/2009:01:14:05 +0100] "GET /f-zeug.html HTTP/1.1" 200 48203 "-" "Java/1.6.0_04"
89.123.28.23 - - [28/Jan/2009:01:14:06 +0100] "GET /restate_copy.html HTTP/1.1" 200 97631 "-" "Java/1.6.0_04"
89.123.28.23 - - [28/Jan/2009:01:14:08 +0100] "GET /sendi_agent.html HTTP/1.1" 200 6213 "-" "Java/1.6.0_04"
89.123.28.23 - - [28/Jan/2009:01:14:08 +0100] "GET /your_tour.html HTTP/1.1" 200 31664 "-" "Java/1.6.0_04"
89.123.28.23 - - [28/Jan/2009:01:14:10 +0100] "GET /framez-pgb.html HTTP/1.1" 200 4336 "-" "Java/1.6.0_04"
89.123.28.23 - - [28/Jan/2009:01:14:10 +0100] "GET /framez-actions.html HTTP/1.1" 200 4322 "-" "Java/1.6.0_04"
89.123.28.23 - - [28/Jan/2009:01:14:10 +0100] "GET /framez-contact.html HTTP/1.1" 200 4325 "-" "Java/1.6.0_04"
89.123.28.23 - - [28/Jan/2009:01:14:11 +0100] "GET /framez-dbrau.html HTTP/1.1" 200 4313 "-" "Java/1.6.0_04"
89.123.28.23 - - [28/Jan/2009:01:14:12 +0100] "GET /framez-euro.html HTTP/1.1" 200 4319 "-" "Java/1.6.0_04"
89.123.28.23 - - [28/Jan/2009:01:14:12 +0100] "GET /framez-net.html HTTP/1.1" 200 4319 "-" "Java/1.6.0_04"
89.123.28.23 - - [28/Jan/2009:01:14:13 +0100] "GET /'+veURL+advisories[i].name+' HTTP/1.1" 404 2748 "-" "Java/1.6.0_04"
89.123.28.23 - - [28/Jan/2009:01:14:13 +0100] "GET /.htm HTTP/1.1" 403 1223 "-" "Java/1.6.0_04"
89.123.28.23 - - [28/Jan/2009:01:14:13 +0100] "GET /framez-rez.html HTTP/1.1" 200 4323 "-" "Java/1.6.0_04"
89.123.28.23 - - [28/Jan/2009:01:14:14 +0100] "GET /framez-search.html HTTP/1.1" 200 4326 "-" "Java/1.6.0_04"
89.123.28.23 - - [28/Jan/2009:01:14:14 +0100] "GET /framez-sponsor.html HTTP/1.1" 200 4325 "-" "Java/1.6.0_04"
89.123.28.23 - - [28/Jan/2009:01:14:14 +0100] "GET /framez-warez.html HTTP/1.1" 200 4322 "-" "Java/1.6.0_04"
89.123.28.23 - - [28/Jan/2009:01:14:14 +0100] "GET /framez-web.html HTTP/1.1" 200 4322 "-" "Java/1.6.0_04"
89.123.28.23 - - [28/Jan/2009:01:14:15 +0100] "GET /framez-world.html HTTP/1.1" 200 4325 "-" "Java/1.6.0_04"
89.123.28.23 - - [28/Jan/2009:01:14:15 +0100] "GET /framez-zeug.html HTTP/1.1" 200 4311 "-" "Java/1.6.0_04"
89.123.28.23 - - [28/Jan/2009:01:14:15 +0100] "GET /bannnerz.html HTTP/1.1" 404 2748 "-" "Java/1.6.0_04"
89.123.28.23 - - [28/Jan/2009:01:14:15 +0100] "GET /channel1.html HTTP/1.1" 404 2748 "-" "Java/1.6.0_04"
89.123.28.23 - - [28/Jan/2009:01:14:16 +0100] "GET /contact.html HTTP/1.1" 404 2748 "-" "Java/1.6.0_04"
89.123.28.23 - - [28/Jan/2009:01:14:16 +0100] "GET /euro.html HTTP/1.1" 404 2748 "-" "Java/1.6.0_04"
89.123.28.23 - - [28/Jan/2009:01:14:17 +0100] "GET /framez-restate.html HTTP/1.1" 200 4328 "-" "Java/1.6.0_04"
89.123.28.23 - - [28/Jan/2009:01:14:17 +0100] "GET /index.php?TTAGGG=111011100111000010001001011101 HTTP/1.1" 404 2748 "-" "Java/1.6.0_04"
89.123.28.23 - - [28/Jan/2009:01:14:17 +0100] "GET /logz.html HTTP/1.1" 404 2748 "-" "Java/1.6.0_04"
89.123.28.23 - - [28/Jan/2009:01:14:18 +0100] "GET /logz_old.html HTTP/1.1" 404 2748 "-" "Java/1.6.0_04"
89.123.28.23 - - [28/Jan/2009:01:14:22 +0100] "GET /menue.html HTTP/1.1" 404 2748 "-" "Java/1.6.0_04"
89.123.28.23 - - [28/Jan/2009:01:14:22 +0100] "GET /menueleiste.js HTTP/1.1" 404 2748 "-" "Java/1.6.0_04"
89.123.28.23 - - [28/Jan/2009:01:14:23 +0100] "GET /net.html HTTP/1.1" 404 2748 "-" "Java/1.6.0_04"
89.123.28.23 - - [28/Jan/2009:01:14:24 +0100] "GET /search.html HTTP/1.1" 200 1440 "-" "Java/1.6.0_04"
89.123.28.23 - - [28/Jan/2009:01:14:24 +0100] "GET /tour1_new.html HTTP/1.1" 404 2748 "-" "Java/1.6.0_04"
89.123.28.23 - - [28/Jan/2009:01:14:24 +0100] "GET /warez.html HTTP/1.1" 200 9754 "-" "Java/1.6.0_04"
89.123.28.23 - - [28/Jan/2009:01:14:25 +0100] "GET /web.html HTTP/1.1" 404 2748 "-" "Java/1.6.0_04"
65.55.211.159 - - [28/Jan/2009:01:24:56 +0100] "GET /robots.txt HTTP/1.1" 200 64 "-" "msnbot/1.1 (+http://search.msn.com/msnbot.htm)"
65.55.211.159 - - [28/Jan/2009:01:24:56 +0100] "GET /triple-double-u/ HTTP/1.1" 403 1223 "-" "msnbot/1.1 (+http://search.msn.com/msnbot.htm)"
72.30.87.107 - - [28/Jan/2009:01:27:44 +0100] "GET /robots.txt HTTP/1.0" 302 363 "-" "Mozilla/5.0 (compatible; Yahoo! Slurp; http://help.yahoo.com/help/us/ysearch/slurp)"
72.30.87.107 - - [28/Jan/2009:01:27:44 +0100] "GET /zampa/robots.txt HTTP/1.0" 404 2748 "-" "Mozilla/5.0 (compatible; Yahoo! Slurp; http://help.yahoo.com/help/us/ysearch/slurp)"
208.80.194.45 - - [28/Jan/2009:01:38:36 +0100] "GET / HTTP/1.0" 200 7869 "-" "Mozilla/4.0 (compatible; MSIE 6.0; Windows NT 5.1; SV1; .NET CLR 1.1.4322; .NET CLR 2.0.50727; .NET CLR 3.0.04506.30; .NET CLR 1.0.3705)"
208.80.194.45 - - [28/Jan/2009:01:38:37 +0100] "GET / HTTP/1.0" 200 7869 "-" "Mozilla/4.0 (compatible; MSIE 6.0; Windows NT 5.1; {E84FCE32-5FBB-4B5E-B526-E0A19A74662F}; SV1; .NET CLR 1.0.3705; Media Center PC 2.8)"
72.30.65.62 - - [28/Jan/2009:01:59:20 +0100] "GET / HTTP/1.0" 200 7869 "-" "Mozilla/5.0 (compatible; Yahoo! Slurp; http://help.yahoo.com/help/us/ysearch/slurp)"
64.1.215.165 - - [28/Jan/2009:02:15:48 +0100] "GET /robots.txt HTTP/1.0" 200 64 "-" "Mozilla/5.0 (Twiceler-0.9 http://www.cuil.com/twiceler/robot.html)"
67.195.37.91 - - [28/Jan/2009:02:22:14 +0100] "GET /f-net.html HTTP/1.0" 200 9913 "-" "Mozilla/5.0 (compatible; Yahoo! Slurp/3.0; http://help.yahoo.com/help/us/ysearch/slurp)"
81.52.143.15 - - [28/Jan/2009:02:41:13 +0100] "GET /robots.txt HTTP/1.1" 200 64 "-" "Mozilla/5.0 (Windows; U; Windows NT 5.1; fr; rv:1.8.1) VoilaBot BETA 1.2 (support.voilabot@orange-ftgroup.com)"
81.52.143.15 - - [28/Jan/2009:02:41:21 +0100] "GET /bmpp/euro_pal_1.html HTTP/1.1" 200 18252 "-" "Mozilla/5.0 (Windows; U; Windows NT 5.1; fr; rv:1.8.1) VoilaBot BETA 1.2 (support.voilabot@orange-ftgroup.com)"
193.252.149.16 - - [28/Jan/2009:02:50:40 +0100] "GET /bmpp/18start.html HTTP/1.1" 200 320 "-" "Mozilla/5.0 (Windows; U; Windows NT 5.1; fr; rv:1.8.1) VoilaBot BETA 1.2 (support.voilabot@orange-ftgroup.com)"
67.195.37.91 - - [28/Jan/2009:03:00:26 +0100] "GET /f-doku-brau.html HTTP/1.0" 200 7152 "-" "Mozilla/5.0 (compatible; Yahoo! Slurp/3.0; http://help.yahoo.com/help/us/ysearch/slurp)"
72.30.65.62 - - [28/Jan/2009:03:00:44 +0100] "GET /zampa/montenegro/BATAW.html HTTP/1.0" 200 860 "-" "Mozilla/5.0 (compatible; Yahoo! Slurp; http://help.yahoo.com/help/us/ysearch/slurp)"
67.195.37.91 - - [28/Jan/2009:03:03:47 +0100] "GET /f-world.html HTTP/1.0" 200 35590 "-" "Mozilla/5.0 (compatible; Yahoo! Slurp/3.0; http://help.yahoo.com/help/us/ysearch/slurp)"
66.235.124.7 - - [28/Jan/2009:03:33:51 +0100] "GET /robots.txt HTTP/1.1" 200 64 "-" "Mozilla/5.0 (compatible; Ask Jeeves/Teoma; +http://about.ask.com/en/docs/about/webmasters.shtml)"
66.235.124.7 - - [28/Jan/2009:03:34:07 +0100] "GET / HTTP/1.1" 200 7869 "-" "Mozilla/5.0 (compatible; Ask Jeeves/Teoma; +http://about.ask.com/en/docs/about/webmasters.shtml)"
72.30.65.62 - - [28/Jan/2009:03:40:36 +0100] "GET /rez/fiszr.htm HTTP/1.0" 200 1488 "-" "Mozilla/5.0 (compatible; Yahoo! Slurp; http://help.yahoo.com/help/us/ysearch/slurp)"
67.195.37.91 - - [28/Jan/2009:04:14:54 +0100] "GET /f-web.html HTTP/1.0" 200 13605 "-" "Mozilla/5.0 (compatible; Yahoo! Slurp/3.0; http://help.yahoo.com/help/us/ysearch/slurp)"
89.111.176.110 - - [28/Jan/2009:04:36:00 +0100] "GET //?f=http://www.prsm.ru/images/obj/obj4/safe1.txt??? HTTP/1.1" 200 7869 "-" "libwww-perl/5.805"
89.122.29.81 - - [28/Jan/2009:04:55:45 +0100] "GET / HTTP/1.1" 200 7869 "-" "Java/1.6.0_04"
89.122.29.81 - - [28/Jan/2009:04:55:46 +0100] "GET /framez.html HTTP/1.1" 200 3959 "-" "Java/1.6.0_04"
89.122.29.81 - - [28/Jan/2009:04:55:46 +0100] "GET /framez_0.html HTTP/1.1" 200 12444 "-" "Java/1.6.0_04"
89.122.29.81 - - [28/Jan/2009:04:55:47 +0100] "GET /frame-inhalt.html HTTP/1.1" 200 5418 "-" "Java/1.6.0_04"
89.122.29.81 - - [28/Jan/2009:04:55:47 +0100] "GET /frame-menu.html HTTP/1.1" 200 10536 "-" "Java/1.6.0_04"
89.122.29.81 - - [28/Jan/2009:04:55:48 +0100] "GET /frame-unten.html HTTP/1.1" 200 5308 "-" "Java/1.6.0_04"
89.122.29.81 - - [28/Jan/2009:04:55:48 +0100] "GET /f-maintitle.html HTTP/1.1" 200 5030 "-" "Java/1.6.0_04"
89.122.29.81 - - [28/Jan/2009:04:55:49 +0100] "GET /partnergegenberlin.html HTTP/1.1" 200 5022 "-" "Java/1.6.0_04"
89.122.29.81 - - [28/Jan/2009:04:55:50 +0100] "GET /f-actions.html HTTP/1.1" 200 10429 "-" "Java/1.6.0_04"
89.122.29.81 - - [28/Jan/2009:04:55:50 +0100] "GET /f-bannnerz.html HTTP/1.1" 200 12651 "-" "Java/1.6.0_04"
89.122.29.81 - - [28/Jan/2009:04:56:03 +0100] "GET /f-channel1.html HTTP/1.1" 200 8471 "-" "Java/1.6.0_04"
89.122.29.81 - - [28/Jan/2009:04:56:04 +0100] "GET /f-contact.html HTTP/1.1" 200 6804 "-" "Java/1.6.0_04"
89.122.29.81 - - [28/Jan/2009:04:56:05 +0100] "GET /f-doku-brau.html HTTP/1.1" 200 7152 "-" "Java/1.6.0_04"
89.122.29.81 - - [28/Jan/2009:04:56:06 +0100] "GET /f-euro.html HTTP/1.1" 200 12203 "-" "Java/1.6.0_04"
89.122.29.81 - - [28/Jan/2009:04:56:07 +0100] "GET /f-horrorkatze.html HTTP/1.1" 200 7865 "-" "Java/1.6.0_04"
89.122.29.81 - - [28/Jan/2009:04:56:08 +0100] "GET /f-net.html HTTP/1.1" 200 9913 "-" "Java/1.6.0_04"
89.122.29.81 - - [28/Jan/2009:04:56:09 +0100] "GET /f-other.html HTTP/1.1" 200 33189 "-" "Java/1.6.0_04"
89.122.29.81 - - [28/Jan/2009:04:56:10 +0100] "GET /f-rez.html HTTP/1.1" 200 9765 "-" "Java/1.6.0_04"
89.122.29.81 - - [28/Jan/2009:04:56:11 +0100] "GET /f-search.html HTTP/1.1" 200 11800 "-" "Java/1.6.0_04"
89.122.29.81 - - [28/Jan/2009:04:56:12 +0100] "GET /f-sponsor.html HTTP/1.1" 200 8578 "-" "Java/1.6.0_04"
89.122.29.81 - - [28/Jan/2009:04:56:12 +0100] "GET /f-warez.html HTTP/1.1" 200 10953 "-" "Java/1.6.0_04"
89.122.29.81 - - [28/Jan/2009:04:56:15 +0100] "GET /f-web.html HTTP/1.1" 200 13605 "-" "Java/1.6.0_04"
89.122.29.81 - - [28/Jan/2009:04:56:29 +0100] "GET /f-world.html HTTP/1.1" 200 35590 "-" "Java/1.6.0_04"
89.122.29.81 - - [28/Jan/2009:04:56:32 +0100] "GET /f-zeug.html HTTP/1.1" 200 48203 "-" "Java/1.6.0_04"
89.122.29.81 - - [28/Jan/2009:04:56:34 +0100] "GET /restate_copy.html HTTP/1.1" 200 97631 "-" "Java/1.6.0_04"
89.122.29.81 - - [28/Jan/2009:04:56:39 +0100] "GET /sendi_agent.html HTTP/1.1" 200 6213 "-" "Java/1.6.0_04"
89.122.29.81 - - [28/Jan/2009:04:56:40 +0100] "GET /your_tour.html HTTP/1.1" 200 31664 "-" "Java/1.6.0_04"
89.122.29.81 - - [28/Jan/2009:04:56:43 +0100] "GET /framez-pgb.html HTTP/1.1" 200 4336 "-" "Java/1.6.0_04"
89.122.29.81 - - [28/Jan/2009:04:56:43 +0100] "GET /framez-actions.html HTTP/1.1" 200 4322 "-" "Java/1.6.0_04"
89.122.29.81 - - [28/Jan/2009:04:56:43 +0100] "GET /framez-contact.html HTTP/1.1" 200 4325 "-" "Java/1.6.0_04"
66.249.65.169 - - [28/Jan/2009:05:24:21 +0100] "GET /robots.txt HTTP/1.1" 200 64 "-" "Mozilla/5.0 (compatible; Googlebot/2.1; +http://www.google.com/bot.html)"
67.195.37.91 - - [28/Jan/2009:05:28:03 +0100] "GET /logs/ HTTP/1.0" 200 10079 "-" "Mozilla/5.0 (compatible; Yahoo! Slurp; http://help.yahoo.com/help/us/ysearch/slurp)"
67.195.37.91 - - [28/Jan/2009:05:30:46 +0100] "GET /logs/usage_200704.html HTTP/1.0" 200 108835 "-" "Mozilla/5.0 (compatible; Yahoo! Slurp; http://help.yahoo.com/help/us/ysearch/slurp)"
193.252.149.16 - - [28/Jan/2009:05:31:33 +0100] "GET /neon/large.html HTTP/1.1" 200 1547 "-" "Mozilla/5.0 (Windows; U; Windows NT 5.1; fr; rv:1.8.1) VoilaBot BETA 1.2 (support.voilabot@orange-ftgroup.com)"
67.195.37.91 - - [28/Jan/2009:05:32:47 +0100] "GET /logs/usage_200701.html HTTP/1.0" 200 109268 "-" "Mozilla/5.0 (compatible; Yahoo! Slurp; http://help.yahoo.com/help/us/ysearch/slurp)"
67.195.37.91 - - [28/Jan/2009:05:32:57 +0100] "GET /logs/usage_200709.html HTTP/1.0" 200 110974 "-" "Mozilla/5.0 (compatible; Yahoo! Slurp; http://help.yahoo.com/help/us/ysearch/slurp)"
220.181.61.232 - - [28/Jan/2009:05:37:25 +0100] "GET /robots.txt HTTP/1.1" 200 64 "-" "-"
67.195.37.91 - - [28/Jan/2009:05:38:19 +0100] "GET /bmpp/euro_pal_1.html HTTP/1.0" 200 18252 "-" "Mozilla/5.0 (compatible; Yahoo! Slurp; http://help.yahoo.com/help/us/ysearch/slurp)"
67.195.37.91 - - [28/Jan/2009:05:51:59 +0100] "GET /logs/usage_200703.html HTTP/1.0" 200 108444 "-" "Mozilla/5.0 (compatible; Yahoo! Slurp; http://help.yahoo.com/help/us/ysearch/slurp)"
67.195.37.189 - - [28/Jan/2009:06:07:19 +0100] "GET /robots.txt HTTP/1.0" 200 64 "-" "Mozilla/5.0 (compatible; Yahoo! Slurp; http://help.yahoo.com/help/us/ysearch/slurp)"
67.195.37.189 - - [28/Jan/2009:06:07:19 +0100] "GET /zampa/montenegro/ HTTP/1.0" 200 2651 "-" "Mozilla/5.0 (compatible; Yahoo! Slurp; http://help.yahoo.com/help/us/ysearch/slurp)"
67.195.37.189 - - [28/Jan/2009:06:07:36 +0100] "GET /logs/usage_200711.html HTTP/1.0" 200 109628 "-" "Mozilla/5.0 (compatible; Yahoo! Slurp; http://help.yahoo.com/help/us/ysearch/slurp)"
119.63.193.43 - - [28/Jan/2009:06:09:47 +0100] "GET / HTTP/1.1" 200 7869 "-" "Baiduspider+(+http://help.baidu.jp/system/05.html)"
67.195.37.189 - - [28/Jan/2009:06:11:29 +0100] "GET /neon/girlz2.html HTTP/1.0" 200 2937 "-" "Mozilla/5.0 (compatible; Yahoo! Slurp; http://help.yahoo.com/help/us/ysearch/slurp)"
67.195.37.189 - - [28/Jan/2009:06:13:57 +0100] "GET /neon/biggtani.html HTTP/1.0" 200 1698 "-" "Mozilla/5.0 (compatible; Yahoo! Slurp; http://help.yahoo.com/help/us/ysearch/slurp)"
67.195.37.189 - - [28/Jan/2009:06:14:07 +0100] "GET /DgH/bull/ HTTP/1.0" 200 1915 "-" "Mozilla/5.0 (compatible; Yahoo! Slurp; http://help.yahoo.com/help/us/ysearch/slurp)"
72.30.65.62 - - [28/Jan/2009:06:19:05 +0100] "GET /schubb/schubb-5.html HTTP/1.0" 200 72944 "-" "Mozilla/5.0 (compatible; Yahoo! Slurp; http://help.yahoo.com/help/us/ysearch/slurp)"
72.30.65.62 - - [28/Jan/2009:06:23:39 +0100] "GET / HTTP/1.0" 200 7869 "-" "Mozilla/5.0 (compatible; Yahoo! Slurp; http://help.yahoo.com/help/us/ysearch/slurp)"
67.195.37.189 - - [28/Jan/2009:06:23:43 +0100] "GET /neon/girl-tv.html HTTP/1.0" 200 1717 "-" "Mozilla/5.0 (compatible; Yahoo! Slurp; http://help.yahoo.com/help/us/ysearch/slurp)"
67.195.37.189 - - [28/Jan/2009:07:00:34 +0100] "GET /framez-zampa-lovers.html HTTP/1.0" 200 4322 "-" "Mozilla/5.0 (compatible; Yahoo! Slurp; http://help.yahoo.com/help/us/ysearch/slurp)"
67.195.37.189 - - [28/Jan/2009:07:00:45 +0100] "GET /frame-menu.html HTTP/1.0" 200 10536 "-" "Mozilla/5.0 (compatible; Yahoo! Slurp; http://help.yahoo.com/help/us/ysearch/slurp)"
67.195.37.189 - - [28/Jan/2009:07:00:55 +0100] "GET /zampa-lovers/index.html HTTP/1.0" 200 37790 "-" "Mozilla/5.0 (compatible; Yahoo! Slurp; http://help.yahoo.com/help/us/ysearch/slurp)"
67.195.37.189 - - [28/Jan/2009:07:01:05 +0100] "GET /frame-unten.html HTTP/1.0" 200 5308 "-" "Mozilla/5.0 (compatible; Yahoo! Slurp; http://help.yahoo.com/help/us/ysearch/slurp)"
81.52.143.26 - - [28/Jan/2009:07:06:21 +0100] "GET /f-net.html HTTP/1.1" 200 9913 "-" "Mozilla/5.0 (Windows; U; Windows NT 5.1; fr; rv:1.8.1) VoilaBot BETA 1.2 (support.voilabot@orange-ftgroup.com)"
81.52.143.26 - - [28/Jan/2009:07:17:03 +0100] "GET /warez.html HTTP/1.1" 200 9754 "-" "Mozilla/5.0 (Windows; U; Windows NT 5.1; fr; rv:1.8.1) VoilaBot BETA 1.2 (support.voilabot@orange-ftgroup.com)"
72.30.65.62 - - [28/Jan/2009:07:22:14 +0100] "GET /robots.txt HTTP/1.0" 200 64 "-" "Mozilla/5.0 (compatible; Yahoo! Slurp; http://help.yahoo.com/help/us/ysearch/slurp)"
72.30.65.62 - - [28/Jan/2009:07:22:14 +0100] "GET /sendi_agent.html HTTP/1.0" 200 6213 "-" "Mozilla/5.0 (compatible; Yahoo! Slurp; http://help.yahoo.com/help/us/ysearch/slurp)"
66.235.124.61 - - [28/Jan/2009:07:35:16 +0100] "GET /framez-girlz.html HTTP/1.1" 200 4271 "-" "Mozilla/5.0 (compatible; Ask Jeeves/Teoma; +http://about.ask.com/en/docs/about/webmasters.shtml)"
66.235.124.61 - - [28/Jan/2009:07:35:16 +0100] "GET /frame-menu.html HTTP/1.1" 200 10536 "-" "Mozilla/5.0 (compatible; Ask Jeeves/Teoma; +http://about.ask.com/en/docs/about/webmasters.shtml)"
66.235.124.61 - - [28/Jan/2009:07:35:17 +0100] "GET /neon/girlz2.html HTTP/1.1" 200 2937 "-" "Mozilla/5.0 (compatible; Ask Jeeves/Teoma; +http://about.ask.com/en/docs/about/webmasters.shtml)"
66.235.124.61 - - [28/Jan/2009:07:35:17 +0100] "GET /frame-unten.html HTTP/1.1" 200 5308 "-" "Mozilla/5.0 (compatible; Ask Jeeves/Teoma; +http://about.ask.com/en/docs/about/webmasters.shtml)"
66.249.65.169 - - [28/Jan/2009:07:35:37 +0100] "GET /f-channel1.html HTTP/1.1" 200 8471 "-" "Mozilla/5.0 (compatible; Googlebot/2.1; +http://www.google.com/bot.html)"
66.235.124.61 - - [28/Jan/2009:07:43:17 +0100] "GET /framez.html HTTP/1.1" 200 3959 "-" "Mozilla/5.0 (compatible; Ask Jeeves/Teoma; +http://about.ask.com/en/docs/about/webmasters.shtml)"
66.235.124.61 - - [28/Jan/2009:07:43:18 +0100] "GET /framez.html HTTP/1.1" 200 3959 "-" "Mozilla/5.0 (compatible; Ask Jeeves/Teoma; +http://about.ask.com/en/docs/about/webmasters.shtml)"
66.235.124.61 - - [28/Jan/2009:07:43:18 +0100] "GET /frame-inhalt.html HTTP/1.1" 200 5418 "-" "Mozilla/5.0 (compatible; Ask Jeeves/Teoma; +http://about.ask.com/en/docs/about/webmasters.shtml)"
67.195.37.189 - - [28/Jan/2009:07:45:42 +0100] "GET /bmpp/euro_pal_111.html HTTP/1.0" 200 2129 "-" "Mozilla/5.0 (compatible; Yahoo! Slurp/3.0; http://help.yahoo.com/help/us/ysearch/slurp)"
67.195.37.189 - - [28/Jan/2009:07:52:13 +0100] "GET /schubb/schubb-1.html HTTP/1.0" 200 9070 "-" "Mozilla/5.0 (compatible; Yahoo! Slurp; http://help.yahoo.com/help/us/ysearch/slurp)"
67.195.37.189 - - [28/Jan/2009:07:56:34 +0100] "GET /neon/slow-walk2.html HTTP/1.0" 200 1777 "-" "Mozilla/5.0 (compatible; Yahoo! Slurp; http://help.yahoo.com/help/us/ysearch/slurp)"
67.195.37.189 - - [28/Jan/2009:08:13:32 +0100] "GET /games/virtualcop/virtualcop.swf HTTP/1.0" 200 2563562 "-" "Mozilla/5.0 (compatible; Yahoo! Slurp; http://help.yahoo.com/help/us/ysearch/slurp)"
67.195.37.189 - - [28/Jan/2009:08:22:04 +0100] "GET /logs/usage_200712.html HTTP/1.0" 200 92577 "-" "Mozilla/5.0 (compatible; Yahoo! Slurp/3.0; http://help.yahoo.com/help/us/ysearch/slurp)"
72.30.65.62 - - [28/Jan/2009:08:29:15 +0100] "GET /logz_old.html HTTP/1.0" 404 2748 "-" "Mozilla/5.0 (compatible; Yahoo! Slurp; http://help.yahoo.com/help/us/ysearch/slurp)"
87.156.41.210 - - [28/Jan/2009:08:33:16 +0100] "GET / HTTP/1.1" 200 7869 "http://www.askpeter.info/gosearch.php?pt1=1&pt3=1&pt4=0&pt6=0&pt7=all&pt8=0&pt9=0&q=various-euro" "Mozilla/5.0 (compatible; askpeter_bot/5.0; +http://www.askpeter.info)"
69.148.182.152 - - [28/Jan/2009:08:33:21 +0100] "GET /schubb/schubb-4.html HTTP/1.0" 200 17746 "-" "Mozilla/4.0 (compatible; MSIE 6.0; Windows NT 5.1; SV1; .NET CLR 1.1.4322; .NET CLR 2.0.50727)"
66.249.65.169 - - [28/Jan/2009:08:38:50 +0100] "GET /f-horrorkatze.html HTTP/1.1" 200 7865 "-" "Mozilla/5.0 (compatible; Googlebot/2.1; +http://www.google.com/bot.html)"
67.195.37.189 - - [28/Jan/2009:08:42:53 +0100] "GET /framez-rez.html HTTP/1.0" 200 4323 "-" "Mozilla/5.0 (compatible; Yahoo! Slurp/3.0; http://help.yahoo.com/help/us/ysearch/slurp)"
67.195.37.189 - - [28/Jan/2009:08:42:53 +0100] "GET /frame-unten.html HTTP/1.0" 200 5308 "http://www.various-euro.com/framez-rez.html" "Mozilla/5.0 (compatible; Yahoo! Slurp/3.0; http://help.yahoo.com/help/us/ysearch/slurp)"
67.195.37.189 - - [28/Jan/2009:08:42:53 +0100] "GET /f-rez.html HTTP/1.0" 200 9765 "http://www.various-euro.com/framez-rez.html" "Mozilla/5.0 (compatible; Yahoo! Slurp/3.0; http://help.yahoo.com/help/us/ysearch/slurp)"
67.195.37.189 - - [28/Jan/2009:08:42:53 +0100] "GET /frame-menu.html HTTP/1.0" 200 10536 "http://www.various-euro.com/framez-rez.html" "Mozilla/5.0 (compatible; Yahoo! Slurp/3.0; http://help.yahoo.com/help/us/ysearch/slurp)"
67.195.37.189 - - [28/Jan/2009:08:42:54 +0100] "GET /style/various-euro.css HTTP/1.0" 200 3437 "http://www.various-euro.com/frame-menu.html" "Mozilla/5.0 (compatible; Yahoo! Slurp/3.0; http://help.yahoo.com/help/us/ysearch/slurp)"
67.195.37.189 - - [28/Jan/2009:09:01:32 +0100] "GET /DgH/watch/ HTTP/1.0" 200 2028 "-" "Mozilla/5.0 (compatible; Yahoo! Slurp; http://help.yahoo.com/help/us/ysearch/slurp)"
66.235.124.61 - - [28/Jan/2009:09:07:03 +0100] "GET /framez-restate.html HTTP/1.1" 200 4328 "-" "Mozilla/5.0 (compatible; Ask Jeeves/Teoma; +http://about.ask.com/en/docs/about/webmasters.shtml)"
66.235.124.61 - - [28/Jan/2009:09:07:03 +0100] "GET /restate_copy.html HTTP/1.1" 200 97631 "-" "Mozilla/5.0 (compatible; Ask Jeeves/Teoma; +http://about.ask.com/en/docs/about/webmasters.shtml)"
66.235.124.61 - - [28/Jan/2009:09:15:46 +0100] "GET /framez.html HTTP/1.1" 200 3959 "-" "Mozilla/5.0 (compatible; Ask Jeeves/Teoma; +http://about.ask.com/en/docs/about/webmasters.shtml)"
193.252.149.16 - - [28/Jan/2009:09:50:15 +0100] "GET /DgH/watch/index.html HTTP/1.1" 200 2028 "-" "Mozilla/5.0 (Windows; U; Windows NT 5.1; fr; rv:1.8.1) VoilaBot BETA 1.2 (support.voilabot@orange-ftgroup.com)"
72.30.65.62 - - [28/Jan/2009:09:50:42 +0100] "GET /zampa/montenegro/ HTTP/1.0" 200 2651 "-" "Mozilla/5.0 (compatible; Yahoo! Slurp; http://help.yahoo.com/help/us/ysearch/slurp)"
72.30.65.62 - - [28/Jan/2009:09:54:30 +0100] "GET /framez-rez.html HTTP/1.0" 200 4323 "-" "Mozilla/5.0 (compatible; Yahoo! Slurp; http://help.yahoo.com/help/us/ysearch/slurp)"
72.30.65.62 - - [28/Jan/2009:09:54:33 +0100] "GET /frame-menu.html HTTP/1.0" 200 10536 "-" "Mozilla/5.0 (compatible; Yahoo! Slurp; http://help.yahoo.com/help/us/ysearch/slurp)"
72.30.65.62 - - [28/Jan/2009:09:54:33 +0100] "GET /f-rez.html HTTP/1.0" 200 9765 "-" "Mozilla/5.0 (compatible; Yahoo! Slurp; http://help.yahoo.com/help/us/ysearch/slurp)"
72.30.65.62 - - [28/Jan/2009:09:54:34 +0100] "GET /frame-unten.html HTTP/1.0" 200 5308 "-" "Mozilla/5.0 (compatible; Yahoo! Slurp; http://help.yahoo.com/help/us/ysearch/slurp)"
67.195.37.189 - - [28/Jan/2009:10:06:31 +0100] "GET /f-zeug.html HTTP/1.0" 200 48203 "-" "Mozilla/5.0 (compatible; Yahoo! Slurp/3.0; http://help.yahoo.com/help/us/ysearch/slurp)"
67.195.37.119 - - [28/Jan/2009:10:10:36 +0100] "GET /robots.txt HTTP/1.0" 200 64 "-" "Mozilla/5.0 (compatible; Yahoo! Slurp; http://help.yahoo.com/help/us/ysearch/slurp)"
220.181.61.232 - - [28/Jan/2009:10:50:24 +0100] "GET /framez.html HTTP/1.1" 200 3959 "-" "Sogou web spider/4.0(+http://www.sogou.com/docs/help/webmasters.htm#07)"
67.195.37.119 - - [28/Jan/2009:10:55:14 +0100] "GET /zampa-lovers/ HTTP/1.0" 200 37790 "-" "Mozilla/5.0 (compatible; Yahoo! Slurp/3.0; http://help.yahoo.com/help/us/ysearch/slurp)"
81.52.143.16 - - [28/Jan/2009:10:56:46 +0100] "GET /schubb/schubb-1.html HTTP/1.1" 200 9070 "-" "Mozilla/5.0 (Windows; U; Windows NT 5.1; fr; rv:1.8.1) VoilaBot BETA 1.2 (support.voilabot@orange-ftgroup.com)"
193.252.149.15 - - [28/Jan/2009:11:21:32 +0100] "GET /neon/girlz3.html HTTP/1.1" 200 2479 "-" "Mozilla/5.0 (Windows; U; Windows NT 5.1; fr; rv:1.8.1) VoilaBot BETA 1.2 (support.voilabot@orange-ftgroup.com)"
