79.101.217.75 - - [19/Jan/2009:12:11:56 +0100] "GET /zampa/slike/S5UROSTO.GIF HTTP/1.1" 200 45220 "http://www.various-euro.com/zampa/" "Mozilla/4.0 (compatible; MSIE 6.0; Windows NT 5.1; SV1)"
79.101.217.75 - - [19/Jan/2009:12:13:56 +0100] "GET /zampa/slike/S6BIENNI.GIF HTTP/1.1" 200 35877 "http://www.various-euro.com/zampa/" "Mozilla/4.0 (compatible; MSIE 6.0; Windows NT 5.1; SV1)"
79.101.217.75 - - [19/Jan/2009:12:15:13 +0100] "GET /zampa/slike/S7MEDIAA.GIF HTTP/1.1" 200 45793 "http://www.various-euro.com/zampa/" "Mozilla/4.0 (compatible; MSIE 6.0; Windows NT 5.1; SV1)"
79.101.217.75 - - [19/Jan/2009:12:16:59 +0100] "GET /zampa/slike/S8CURATO.GIF HTTP/1.1" 200 16968 "http://www.various-euro.com/zampa/" "Mozilla/4.0 (compatible; MSIE 6.0; Windows NT 5.1; SV1)"
79.101.217.75 - - [19/Jan/2009:12:17:40 +0100] "GET /zampa/slike/E1TITEL.GIF HTTP/1.1" 200 16284 "http://www.various-euro.com/zampa/" "Mozilla/4.0 (compatible; MSIE 6.0; Windows NT 5.1; SV1)"
79.101.217.75 - - [19/Jan/2009:12:17:48 +0100] "GET /zampa/slike/E2COPY.GIF HTTP/1.1" 200 10416 "http://www.various-euro.com/zampa/" "Mozilla/4.0 (compatible; MSIE 6.0; Windows NT 5.1; SV1)"
79.101.217.75 - - [19/Jan/2009:12:17:58 +0100] "GET /zampa/slike/E3VAMPIR.GIF HTTP/1.1" 200 52553 "http://www.various-euro.com/zampa/" "Mozilla/4.0 (compatible; MSIE 6.0; Windows NT 5.1; SV1)"
79.101.217.75 - - [19/Jan/2009:12:18:09 +0100] "GET /zampa/slike/E8CURATO.GIF HTTP/1.1" 200 15386 "http://www.various-euro.com/zampa/" "Mozilla/4.0 (compatible; MSIE 6.0; Windows NT 5.1; SV1)"
79.101.217.75 - - [19/Jan/2009:12:18:47 +0100] "GET /zampa/slike/S1TITEL.GIF HTTP/1.1" 304 - "http://www.various-euro.com/zampa/" "Mozilla/4.0 (compatible; MSIE 6.0; Windows NT 5.1; SV1)"
79.101.217.75 - - [19/Jan/2009:12:20:05 +0100] "GET /zampa/ HTTP/1.1" 200 7153 "http://www.google.com/search?sourceid=navclient&ie=UTF-8&rlz=1T4IRFA_enRS308RS308&q=zampa+di+leone" "Mozilla/4.0 (compatible; MSIE 6.0; Windows NT 5.1; SV1)"
79.101.217.75 - - [19/Jan/2009:12:20:06 +0100] "GET /zampa/slike/zampa.gif HTTP/1.1" 304 - "http://www.various-euro.com/zampa/" "Mozilla/4.0 (compatible; MSIE 6.0; Windows NT 5.1; SV1)"
79.101.217.75 - - [19/Jan/2009:12:20:06 +0100] "GET /zampa/slike/udupetu.gif HTTP/1.1" 304 - "http://www.various-euro.com/zampa/" "Mozilla/4.0 (compatible; MSIE 6.0; Windows NT 5.1; SV1)"
79.101.217.75 - - [19/Jan/2009:12:20:06 +0100] "GET /zampa/slike/inthearse.gif HTTP/1.1" 304 - "http://www.various-euro.com/zampa/" "Mozilla/4.0 (compatible; MSIE 6.0; Windows NT 5.1; SV1)"
79.101.217.75 - - [19/Jan/2009:12:20:09 +0100] "GET /zampa/slike/S1TITEL.GIF HTTP/1.1" 304 - "http://www.various-euro.com/zampa/" "Mozilla/4.0 (compatible; MSIE 6.0; Windows NT 5.1; SV1)"
79.101.217.75 - - [19/Jan/2009:12:20:54 +0100] "GET / HTTP/1.1" 302 353 "-" "Mozilla/4.0 (compatible; MSIE 6.0; Windows NT 5.1; SV1)"
79.101.217.75 - - [19/Jan/2009:12:20:54 +0100] "GET /zampa/ HTTP/1.1" 200 7153 "-" "Mozilla/4.0 (compatible; MSIE 6.0; Windows NT 5.1; SV1)"
79.101.217.75 - - [19/Jan/2009:12:20:54 +0100] "GET /zampa/slike/zampa.gif HTTP/1.1" 304 - "http://www.various-euro.com/zampa/" "Mozilla/4.0 (compatible; MSIE 6.0; Windows NT 5.1; SV1)"
79.101.217.75 - - [19/Jan/2009:12:20:54 +0100] "GET /zampa/slike/udupetu.gif HTTP/1.1" 304 - "http://www.various-euro.com/zampa/" "Mozilla/4.0 (compatible; MSIE 6.0; Windows NT 5.1; SV1)"
79.101.217.75 - - [19/Jan/2009:12:20:54 +0100] "GET /zampa/slike/inthearse.gif HTTP/1.1" 304 - "http://www.various-euro.com/zampa/" "Mozilla/4.0 (compatible; MSIE 6.0; Windows NT 5.1; SV1)"
79.101.217.75 - - [19/Jan/2009:12:21:01 +0100] "GET /zampa/slike/S1TITEL.GIF HTTP/1.1" 304 - "http://www.various-euro.com/zampa/" "Mozilla/4.0 (compatible; MSIE 6.0; Windows NT 5.1; SV1)"
79.101.217.75 - - [19/Jan/2009:12:21:04 +0100] "GET /zampa/slike/S2COPY.GIF HTTP/1.1" 304 - "http://www.various-euro.com/zampa/" "Mozilla/4.0 (compatible; MSIE 6.0; Windows NT 5.1; SV1)"
79.101.217.75 - - [19/Jan/2009:12:22:36 +0100] "GET / HTTP/1.1" 302 353 "http://www.google.com/search?sourceid=navclient&ie=UTF-8&rlz=1T4IRFA_enRS308RS308&q=Luchezar+Bojadjiev" "Mozilla/4.0 (compatible; MSIE 6.0; Windows NT 5.1; SV1)"
79.101.217.75 - - [19/Jan/2009:12:22:36 +0100] "GET /zampa/ HTTP/1.1" 200 7153 "http://www.google.com/search?sourceid=navclient&ie=UTF-8&rlz=1T4IRFA_enRS308RS308&q=Luchezar+Bojadjiev" "Mozilla/4.0 (compatible; MSIE 6.0; Windows NT 5.1; SV1)"
79.101.217.75 - - [19/Jan/2009:12:22:37 +0100] "GET /zampa/slike/zampa.gif HTTP/1.1" 304 - "http://www.various-euro.com/zampa/" "Mozilla/4.0 (compatible; MSIE 6.0; Windows NT 5.1; SV1)"
79.101.217.75 - - [19/Jan/2009:12:22:37 +0100] "GET /zampa/slike/udupetu.gif HTTP/1.1" 304 - "http://www.various-euro.com/zampa/" "Mozilla/4.0 (compatible; MSIE 6.0; Windows NT 5.1; SV1)"
79.101.217.75 - - [19/Jan/2009:12:22:37 +0100] "GET /zampa/slike/inthearse.gif HTTP/1.1" 304 - "http://www.various-euro.com/zampa/" "Mozilla/4.0 (compatible; MSIE 6.0; Windows NT 5.1; SV1)"
193.252.149.15 - - [19/Jan/2009:12:41:12 +0100] "GET /robots.txt HTTP/1.1" 200 64 "-" "Mozilla/5.0 (Windows; U; Windows NT 5.1; fr; rv:1.8.1) VoilaBot BETA 1.2 (support.voilabot@orange-ftgroup.com)"
193.252.149.15 - - [19/Jan/2009:12:41:25 +0100] "GET /f-channel1.html HTTP/1.1" 200 8471 "-" "Mozilla/5.0 (Windows; U; Windows NT 5.1; fr; rv:1.8.1) VoilaBot BETA 1.2 (support.voilabot@orange-ftgroup.com)"
189.137.140.137 - - [19/Jan/2009:12:49:52 +0100] "POST /cgi-bin/subpro/s.pl HTTP/1.1" 404 2748 "http://various-euro.com/cgi-bin/subpro/s.pl" "Mozilla/4.0 (compatible; MSIE 6.0; Windows NT 5.1)"
72.30.65.62 - - [19/Jan/2009:13:04:08 +0100] "GET /logz_old.html HTTP/1.0" 404 2748 "-" "Mozilla/5.0 (compatible; Yahoo! Slurp; http://help.yahoo.com/help/us/ysearch/slurp)"
72.30.65.62 - - [19/Jan/2009:13:07:37 +0100] "GET /logs/usage_200703.html HTTP/1.0" 200 108444 "-" "Mozilla/5.0 (compatible; Yahoo! Slurp; http://help.yahoo.com/help/us/ysearch/slurp)"
86.18.41.234 - - [19/Jan/2009:13:10:27 +0100] "GET /framez-schubb5.html HTTP/1.1" 200 4330 "-" "Mozilla/4.0 (compatible; MSIE 6.0; Windows NT 5.1; SV1)"
67.195.37.93 - - [19/Jan/2009:13:15:15 +0100] "GET /f-net.html HTTP/1.0" 200 9913 "-" "Mozilla/5.0 (compatible; Yahoo! Slurp/3.0; http://help.yahoo.com/help/us/ysearch/slurp)"
81.52.143.26 - - [19/Jan/2009:13:15:27 +0100] "GET /robots.txt HTTP/1.1" 200 64 "-" "Mozilla/5.0 (Windows; U; Windows NT 5.1; fr; rv:1.8.1) VoilaBot BETA 1.2 (support.voilabot@orange-ftgroup.com)"
81.52.143.26 - - [19/Jan/2009:13:15:42 +0100] "GET /warez.html HTTP/1.1" 200 9754 "-" "Mozilla/5.0 (Windows; U; Windows NT 5.1; fr; rv:1.8.1) VoilaBot BETA 1.2 (support.voilabot@orange-ftgroup.com)"
81.52.143.16 - - [19/Jan/2009:13:36:10 +0100] "GET /robots.txt HTTP/1.1" 200 64 "-" "Mozilla/5.0 (Windows; U; Windows NT 5.1; fr; rv:1.8.1) VoilaBot BETA 1.2 (support.voilabot@orange-ftgroup.com)"
81.52.143.16 - - [19/Jan/2009:13:36:16 +0100] "GET /f-web.html HTTP/1.1" 200 13605 "-" "Mozilla/5.0 (Windows; U; Windows NT 5.1; fr; rv:1.8.1) VoilaBot BETA 1.2 (support.voilabot@orange-ftgroup.com)"
72.30.65.62 - - [19/Jan/2009:13:44:58 +0100] "GET /logs/usage_200712.html HTTP/1.0" 200 92577 "-" "Mozilla/5.0 (compatible; Yahoo! Slurp; http://help.yahoo.com/help/us/ysearch/slurp)"
65.55.211.181 - - [19/Jan/2009:13:46:59 +0100] "GET /robots.txt HTTP/1.1" 200 64 "-" "msnbot/1.1 (+http://search.msn.com/msnbot.htm)"
65.55.211.181 - - [19/Jan/2009:13:46:59 +0100] "GET /e-counter.html HTTP/1.1" 200 4047 "-" "msnbot/1.1 (+http://search.msn.com/msnbot.htm)"
72.30.65.62 - - [19/Jan/2009:13:47:25 +0100] "GET /bmpp/euro_pal_1.html HTTP/1.0" 200 18252 "-" "Mozilla/5.0 (compatible; Yahoo! Slurp; http://help.yahoo.com/help/us/ysearch/slurp)"
79.101.217.75 - - [19/Jan/2009:14:21:59 +0100] "GET / HTTP/1.1" 302 353 "http://www.google.com/search?sourceid=navclient&ie=UTF-8&rlz=1T4IRFA_enRS308RS308&q=zampa+di+leone" "Mozilla/4.0 (compatible; MSIE 6.0; Windows NT 5.1; SV1)"
79.101.217.75 - - [19/Jan/2009:14:21:59 +0100] "GET /zampa/ HTTP/1.1" 200 7153 "http://www.google.com/search?sourceid=navclient&ie=UTF-8&rlz=1T4IRFA_enRS308RS308&q=zampa+di+leone" "Mozilla/4.0 (compatible; MSIE 6.0; Windows NT 5.1; SV1)"
79.101.217.75 - - [19/Jan/2009:14:22:00 +0100] "GET /zampa/slike/zampa.gif HTTP/1.1" 304 - "http://www.various-euro.com/zampa/" "Mozilla/4.0 (compatible; MSIE 6.0; Windows NT 5.1; SV1)"
79.101.217.75 - - [19/Jan/2009:14:22:00 +0100] "GET /zampa/slike/udupetu.gif HTTP/1.1" 304 - "http://www.various-euro.com/zampa/" "Mozilla/4.0 (compatible; MSIE 6.0; Windows NT 5.1; SV1)"
79.101.217.75 - - [19/Jan/2009:14:22:00 +0100] "GET /zampa/slike/inthearse.gif HTTP/1.1" 304 - "http://www.various-euro.com/zampa/" "Mozilla/4.0 (compatible; MSIE 6.0; Windows NT 5.1; SV1)"
79.101.217.75 - - [19/Jan/2009:14:22:14 +0100] "GET /zampa/slike/S2COPY.GIF HTTP/1.1" 304 - "http://www.various-euro.com/zampa/" "Mozilla/4.0 (compatible; MSIE 6.0; Windows NT 5.1; SV1)"
79.101.217.75 - - [19/Jan/2009:14:22:19 +0100] "GET /zampa/wonderland/index.html HTTP/1.1" 200 2084 "http://www.various-euro.com/zampa/" "Mozilla/4.0 (compatible; MSIE 6.0; Windows NT 5.1; SV1)"
79.101.217.75 - - [19/Jan/2009:14:22:20 +0100] "GET /zampa/wonderland/TWonder.gif HTTP/1.1" 304 - "http://www.various-euro.com/zampa/wonderland/index.html" "Mozilla/4.0 (compatible; MSIE 6.0; Windows NT 5.1; SV1)"
72.30.65.62 - - [19/Jan/2009:15:18:14 +0100] "GET / HTTP/1.0" 200 7869 "-" "Mozilla/5.0 (compatible; Yahoo! Slurp; http://help.yahoo.com/help/us/ysearch/slurp)"
72.30.65.62 - - [19/Jan/2009:15:27:14 +0100] "GET /zampa/montenegro/MILOW.html HTTP/1.0" 200 860 "-" "Mozilla/5.0 (compatible; Yahoo! Slurp; http://help.yahoo.com/help/us/ysearch/slurp)"
207.162.219.29 - - [19/Jan/2009:15:29:26 +0100] "GET /errors.php?error=http://oursoultvxq.com/bbs/data/bbs/chi.txt?? HTTP/1.1" 404 2748 "-" "libwww-perl/5.79"
207.162.219.29 - - [19/Jan/2009:15:29:26 +0100] "GET /errors.php?error=http://oursoultvxq.com/bbs/data/bbs/chi.txt?? HTTP/1.1" 404 2748 "-" "libwww-perl/5.79"
67.195.37.93 - - [19/Jan/2009:15:30:20 +0100] "GET /robots.txt HTTP/1.0" 200 64 "-" "Mozilla/5.0 (compatible; Yahoo! Slurp; http://help.yahoo.com/help/us/ysearch/slurp)"
67.195.37.93 - - [19/Jan/2009:15:30:29 +0100] "GET /net.html HTTP/1.0" 404 2748 "-" "Mozilla/5.0 (compatible; Yahoo! Slurp/3.0; http://help.yahoo.com/help/us/ysearch/slurp)"
38.100.41.102 - - [19/Jan/2009:15:49:11 +0100] "GET /restate_copy.html HTTP/1.1" 200 97631 "http://www.google.com/custom?cof=GALT%3A336600%3BVLC%3A000066%3BAH%3Acenter%3BBGC%3AFFFFFF%3BLH%3A81%3BLC%3A000066%3BGFNT%3A336600%3BL%3Ahttp%3A%2F%2Fcyveillance.allthesites.com%2Fimages%2Fats_logo.gif%3BALC%3A000066%3BLW%3A361%3BT%3A000066%3BGIMP%3A336600%3BAWFID%3A248cacfbbe0ae58f%3B&q=%22state%20farm%22%20yahoo%20%22previous%20message%22&num=100&hl=en&start=0&filter=0" "Mozilla/4.0 (compatible; MSIE 5.5; Windows NT 5.0)"
193.252.149.16 - - [19/Jan/2009:16:03:14 +0100] "GET /DgH/watch/index.html HTTP/1.1" 200 2028 "-" "Mozilla/5.0 (Windows; U; Windows NT 5.1; fr; rv:1.8.1) VoilaBot BETA 1.2 (support.voilabot@orange-ftgroup.com)"
64.17.2.164 - - [19/Jan/2009:16:54:16 +0100] "GET /robots.txt HTTP/1.1" 200 64 "-" "MLBot (www.metadatalabs.com/mlbot)"
64.17.2.164 - - [19/Jan/2009:16:54:17 +0100] "GET /rez/ HTTP/1.1" 403 1223 "-" "MLBot (www.metadatalabs.com/mlbot)"
79.101.217.75 - - [19/Jan/2009:17:01:57 +0100] "GET /zampa/ HTTP/1.1" 200 7153 "http://www.film-mag.net/content.php?review.4262" "Mozilla/4.0 (compatible; MSIE 6.0; Windows NT 5.1; SV1)"
79.101.217.75 - - [19/Jan/2009:17:01:59 +0100] "GET /zampa/slike/udupetu.gif HTTP/1.1" 304 - "http://www.various-euro.com/zampa/" "Mozilla/4.0 (compatible; MSIE 6.0; Windows NT 5.1; SV1)"
79.101.217.75 - - [19/Jan/2009:17:01:59 +0100] "GET /zampa/slike/zampa.gif HTTP/1.1" 304 - "http://www.various-euro.com/zampa/" "Mozilla/4.0 (compatible; MSIE 6.0; Windows NT 5.1; SV1)"
79.101.217.75 - - [19/Jan/2009:17:01:59 +0100] "GET /zampa/slike/inthearse.gif HTTP/1.1" 304 - "http://www.various-euro.com/zampa/" "Mozilla/4.0 (compatible; MSIE 6.0; Windows NT 5.1; SV1)"
220.181.32.77 - - [19/Jan/2009:17:13:06 +0100] "GET /robots.txt HTTP/1.1" 200 64 "-" "Baiduspider+(+http://www.baidu.com/search/spider.htm)"
81.52.143.26 - - [19/Jan/2009:17:21:51 +0100] "GET /f-net.html HTTP/1.1" 200 9913 "-" "Mozilla/5.0 (Windows; U; Windows NT 5.1; fr; rv:1.8.1) VoilaBot BETA 1.2 (support.voilabot@orange-ftgroup.com)"
220.181.32.64 - - [19/Jan/2009:17:23:12 +0100] "GET / HTTP/1.1" 200 7869 "-" "Baiduspider+(+http://www.baidu.com/search/spider.htm)"
220.181.32.64 - - [19/Jan/2009:17:23:16 +0100] "GET /framez_0.html HTTP/1.1" 200 12444 "-" "Baiduspider+(+http://www.baidu.com/search/spider.htm)"
38.100.41.102 - - [19/Jan/2009:17:30:02 +0100] "GET /framez-restate.html HTTP/1.1" 200 4328 "http://www.google.com/search?q=%22state%20farm%22%20yahoo%20%22previous%20message%22&num=100&hl=en&start=100&filter=0" "Mozilla/4.0 (compatible; MSIE 5.5; Windows NT 5.0)"
64.1.215.165 - - [19/Jan/2009:17:33:49 +0100] "GET / HTTP/1.0" 200 7869 "-" "Mozilla/5.0 (Twiceler-0.9 http://www.cuil.com/twiceler/robot.html)"
193.252.149.15 - - [19/Jan/2009:17:59:02 +0100] "GET /neon/code.html HTTP/1.1" 200 1109 "-" "Mozilla/5.0 (Windows; U; Windows NT 5.1; fr; rv:1.8.1) VoilaBot BETA 1.2 (support.voilabot@orange-ftgroup.com)"
72.30.65.62 - - [19/Jan/2009:18:03:24 +0100] "GET /f-zeug.html HTTP/1.0" 200 48203 "-" "Mozilla/5.0 (compatible; Yahoo! Slurp; http://help.yahoo.com/help/us/ysearch/slurp)"
208.36.144.10 - - [19/Jan/2009:18:15:29 +0100] "GET /frame-menu.html HTTP/1.0" 200 10536 "-" "Mozilla/5.0 (Twiceler-0.9 http://www.cuil.com/twiceler/robot.html)"
72.30.65.62 - - [19/Jan/2009:18:19:51 +0100] "GET /logs/usage_200602.html HTTP/1.0" 200 107723 "-" "Mozilla/5.0 (compatible; Yahoo! Slurp; http://help.yahoo.com/help/us/ysearch/slurp)"
67.195.37.93 - - [19/Jan/2009:18:34:19 +0100] "GET /f-other.html HTTP/1.0" 200 33189 "-" "Mozilla/5.0 (compatible; Yahoo! Slurp/3.0; http://help.yahoo.com/help/us/ysearch/slurp)"
67.195.37.93 - - [19/Jan/2009:18:37:26 +0100] "GET /f-contact.html HTTP/1.0" 200 6804 "-" "Mozilla/5.0 (compatible; Yahoo! Slurp/3.0; http://help.yahoo.com/help/us/ysearch/slurp)"
64.1.215.165 - - [19/Jan/2009:18:50:55 +0100] "GET /framez.html HTTP/1.0" 200 3959 "-" "Mozilla/5.0 (Twiceler-0.9 http://www.cuil.com/twiceler/robot.html)"
193.252.149.16 - - [19/Jan/2009:19:00:39 +0100] "GET /neon/biggtani.html HTTP/1.1" 200 1698 "-" "Mozilla/5.0 (Windows; U; Windows NT 5.1; fr; rv:1.8.1) VoilaBot BETA 1.2 (support.voilabot@orange-ftgroup.com)"
61.247.221.42 - - [19/Jan/2009:19:05:17 +0100] "GET /robots.txt HTTP/1.1" 200 64 "-" "Yeti/1.0 (NHN Corp.; http://help.naver.com/robots/)"
61.247.221.42 - - [19/Jan/2009:19:05:19 +0100] "GET /bannerz/various-euro-girl.jpg HTTP/1.1" 200 91514 "-" "Yeti/1.0 (NHN Corp.; http://help.naver.com/robots/)"
65.55.211.168 - - [19/Jan/2009:19:07:12 +0100] "GET /framez-rez.html HTTP/1.1" 200 4323 "-" "msnbot/1.1 (+http://search.msn.com/msnbot.htm)"
72.30.65.62 - - [19/Jan/2009:19:07:58 +0100] "GET /framez.html HTTP/1.0" 200 3959 "-" "Mozilla/5.0 (compatible; Yahoo! Slurp; http://help.yahoo.com/help/us/ysearch/slurp)"
72.30.65.62 - - [19/Jan/2009:19:08:00 +0100] "GET /frame-menu.html HTTP/1.0" 200 10536 "-" "Mozilla/5.0 (compatible; Yahoo! Slurp; http://help.yahoo.com/help/us/ysearch/slurp)"
72.30.65.62 - - [19/Jan/2009:19:08:01 +0100] "GET /frame-inhalt.html HTTP/1.0" 200 5418 "-" "Mozilla/5.0 (compatible; Yahoo! Slurp; http://help.yahoo.com/help/us/ysearch/slurp)"
72.30.65.62 - - [19/Jan/2009:19:08:01 +0100] "GET /frame-unten.html HTTP/1.0" 200 5308 "-" "Mozilla/5.0 (compatible; Yahoo! Slurp; http://help.yahoo.com/help/us/ysearch/slurp)"
65.55.211.168 - - [19/Jan/2009:19:09:48 +0100] "GET /robots.txt HTTP/1.1" 200 64 "-" "msnbot/1.0 (+http://search.msn.com/msnbot.htm)"
65.55.211.168 - - [19/Jan/2009:19:09:48 +0100] "GET /frame-menu.html HTTP/1.1" 200 10536 "-" "msnbot/1.0 (+http://search.msn.com/msnbot.htm)"
65.55.211.168 - - [19/Jan/2009:19:09:49 +0100] "GET /f-rez.html HTTP/1.1" 200 9765 "-" "msnbot/1.0 (+http://search.msn.com/msnbot.htm)"
65.55.211.168 - - [19/Jan/2009:19:09:49 +0100] "GET /frame-unten.html HTTP/1.1" 200 5308 "-" "msnbot/1.0 (+http://search.msn.com/msnbot.htm)"
65.55.109.62 - - [19/Jan/2009:19:11:23 +0100] "GET /framez-rez.html HTTP/1.0" 200 4323 "http://search.live.com/results.aspx?q=various" "Mozilla/4.0 (compatible; MSIE 6.0; Windows NT 5.2; SV1; .NET CLR 1.1.4322)"
65.55.109.62 - - [19/Jan/2009:19:11:23 +0100] "GET /frame-unten.html HTTP/1.0" 200 5308 "http://www.various-euro.com/framez-rez.html" "Mozilla/4.0 (compatible; MSIE 6.0; Windows NT 5.2; SV1; .NET CLR 1.1.4322)"
65.55.109.62 - - [19/Jan/2009:19:11:23 +0100] "GET /frame-menu.html HTTP/1.0" 200 10536 "http://www.various-euro.com/framez-rez.html" "Mozilla/4.0 (compatible; MSIE 6.0; Windows NT 5.2; SV1; .NET CLR 1.1.4322)"
65.55.109.62 - - [19/Jan/2009:19:11:23 +0100] "GET /f-rez.html HTTP/1.0" 200 9765 "http://www.various-euro.com/framez-rez.html" "Mozilla/4.0 (compatible; MSIE 6.0; Windows NT 5.2; SV1; .NET CLR 1.1.4322)"
65.55.109.62 - - [19/Jan/2009:19:11:23 +0100] "GET /style/various-euro.css HTTP/1.0" 200 3437 "http://www.various-euro.com/frame-menu.html" "Mozilla/4.0 (compatible; MSIE 6.0; Windows NT 5.2; SV1; .NET CLR 1.1.4322)"
208.36.144.10 - - [19/Jan/2009:19:59:42 +0100] "GET /frame-inhalt.html HTTP/1.0" 200 5418 "-" "Mozilla/5.0 (Twiceler-0.9 http://www.cuil.com/twiceler/robot.html)"
67.195.37.93 - - [19/Jan/2009:20:43:40 +0100] "GET /neon/euro.html HTTP/1.0" 200 2212 "-" "Mozilla/5.0 (compatible; Yahoo! Slurp/3.0; http://help.yahoo.com/help/us/ysearch/slurp)"
67.195.37.93 - - [19/Jan/2009:20:44:55 +0100] "GET /neon/europa.html HTTP/1.0" 200 389 "-" "Mozilla/5.0 (compatible; Yahoo! Slurp/3.0; http://help.yahoo.com/help/us/ysearch/slurp)"
67.195.37.93 - - [19/Jan/2009:20:46:16 +0100] "GET /neon/channel.html HTTP/1.0" 200 1942 "-" "Mozilla/5.0 (compatible; Yahoo! Slurp/3.0; http://help.yahoo.com/help/us/ysearch/slurp)"
67.195.37.93 - - [19/Jan/2009:21:02:34 +0100] "GET /zampa-lovers/index.html HTTP/1.0" 200 37790 "-" "Mozilla/5.0 (compatible; Yahoo! Slurp/3.0; http://help.yahoo.com/help/us/ysearch/slurp)"
208.80.194.56 - - [19/Jan/2009:21:23:00 +0100] "GET / HTTP/1.0" 200 7869 "-" "Mozilla/4.0 (compatible; MSIE 6.0; Windows NT 5.1; (R1 1.3); .NET CLR 1.0.3705; SpamBlockerUtility 4.8.0)"
208.80.194.56 - - [19/Jan/2009:21:23:00 +0100] "GET / HTTP/1.0" 200 7869 "-" "Mozilla/4.0 (compatible; MSIE 7.0; Windows NT 5.1; FunWebProducts; .NET CLR 1.0.3705; .NET CLR 1.1.4322; Media Center PC 4.0; HbTools 4.7.7)"
67.195.37.93 - - [19/Jan/2009:21:25:09 +0100] "GET /f-horrorkatze.html HTTP/1.0" 200 7865 "-" "Mozilla/5.0 (compatible; Yahoo! Slurp/3.0; http://help.yahoo.com/help/us/ysearch/slurp)"
67.195.37.93 - - [19/Jan/2009:21:28:28 +0100] "GET /zampa/montenegro/index.html HTTP/1.0" 200 2651 "-" "Mozilla/5.0 (compatible; Yahoo! Slurp/3.0; http://help.yahoo.com/help/us/ysearch/slurp)"
65.55.211.164 - - [19/Jan/2009:21:32:25 +0100] "GET /robots.txt HTTP/1.1" 200 64 "-" "msnbot/1.1 (+http://search.msn.com/msnbot.htm)"
65.55.211.164 - - [19/Jan/2009:21:32:26 +0100] "GET /neon/girlz2.html HTTP/1.1" 200 2937 "-" "msnbot/1.1 (+http://search.msn.com/msnbot.htm)"
81.52.143.15 - - [19/Jan/2009:21:50:25 +0100] "GET /f-maintitle.html HTTP/1.1" 200 5030 "-" "Mozilla/5.0 (Windows; U; Windows NT 5.1; fr; rv:1.8.1) VoilaBot BETA 1.2 (support.voilabot@orange-ftgroup.com)"
81.52.143.15 - - [19/Jan/2009:22:16:14 +0100] "GET /robots.txt HTTP/1.1" 200 64 "-" "Mozilla/5.0 (Windows; U; Windows NT 5.1; fr; rv:1.8.1) VoilaBot BETA 1.2 (support.voilabot@orange-ftgroup.com)"
81.52.143.15 - - [19/Jan/2009:22:16:26 +0100] "GET /warez.html HTTP/1.1" 200 9754 "-" "Mozilla/5.0 (Windows; U; Windows NT 5.1; fr; rv:1.8.1) VoilaBot BETA 1.2 (support.voilabot@orange-ftgroup.com)"
77.46.195.178 - - [19/Jan/2009:22:20:35 +0100] "GET /framez-zampa-lovers.html HTTP/1.1" 200 4322 "http://search.conduit.com/Results.aspx?q=tajna+pobednicka+misli&SearchSourceOrigin=10&hl=en&SelfSearch=1&ctid=CT2077543" "Mozilla/4.0 (compatible; MSIE 6.0; Windows NT 5.1; SV1; .NET CLR 1.1.4322; .NET CLR 2.0.50727)"
77.46.195.178 - - [19/Jan/2009:22:20:35 +0100] "GET /framez-zampa-lovers.html HTTP/1.1" 200 4322 "http://search.conduit.com/Results.aspx?q=tajna+pobednicka+misli&SearchSourceOrigin=10&hl=en&SelfSearch=1&ctid=CT2077543" "Mozilla/4.0 (compatible; MSIE 6.0; Windows NT 5.1; SV1; .NET CLR 1.1.4322; .NET CLR 2.0.50727)"
77.46.195.178 - - [19/Jan/2009:22:20:36 +0100] "GET /frame-menu.html HTTP/1.1" 200 10536 "http://www.various-euro.com/framez-zampa-lovers.html" "Mozilla/4.0 (compatible; MSIE 6.0; Windows NT 5.1; SV1; .NET CLR 1.1.4322; .NET CLR 2.0.50727)"
77.46.195.178 - - [19/Jan/2009:22:20:36 +0100] "GET /frame-unten.html HTTP/1.1" 200 5308 "http://www.various-euro.com/framez-zampa-lovers.html" "Mozilla/4.0 (compatible; MSIE 6.0; Windows NT 5.1; SV1; .NET CLR 1.1.4322; .NET CLR 2.0.50727)"
77.46.195.178 - - [19/Jan/2009:22:20:36 +0100] "GET /style/various-euro.css HTTP/1.1" 200 3437 "http://www.various-euro.com/frame-menu.html" "Mozilla/4.0 (compatible; MSIE 6.0; Windows NT 5.1; SV1; .NET CLR 1.1.4322; .NET CLR 2.0.50727)"
77.46.195.178 - - [19/Jan/2009:22:20:36 +0100] "GET /zampa-lovers/index.html HTTP/1.1" 200 37790 "http://www.various-euro.com/framez-zampa-lovers.html" "Mozilla/4.0 (compatible; MSIE 6.0; Windows NT 5.1; SV1; .NET CLR 1.1.4322; .NET CLR 2.0.50727)"
77.46.195.178 - - [19/Jan/2009:22:20:36 +0100] "GET /bannerz/ve.jpg HTTP/1.1" 200 36912 "http://www.various-euro.com/frame-unten.html" "Mozilla/4.0 (compatible; MSIE 6.0; Windows NT 5.1; SV1; .NET CLR 1.1.4322; .NET CLR 2.0.50727)"
77.46.195.178 - - [19/Jan/2009:22:20:37 +0100] "GET /bannerz/various-euro-girl.jpg HTTP/1.1" 200 91514 "http://www.various-euro.com/frame-unten.html" "Mozilla/4.0 (compatible; MSIE 6.0; Windows NT 5.1; SV1; .NET CLR 1.1.4322; .NET CLR 2.0.50727)"
77.46.195.178 - - [19/Jan/2009:22:20:37 +0100] "GET /zampa-lovers/ZAMPAMA2.MPG HTTP/1.1" 200 63492 "-" "Windows-Media-Player/10.00.00.3901"
77.46.195.178 - - [19/Jan/2009:22:20:38 +0100] "GET /zampa-lovers/ZAMPAMAS.MPG HTTP/1.1" 200 520196 "-" "Windows-Media-Player/10.00.00.3901"
77.46.195.178 - - [19/Jan/2009:22:20:38 +0100] "GET /zampa-lovers/WASISTMI1.MPG HTTP/1.1" 200 271221 "-" "Windows-Media-Player/10.00.00.3901"
77.46.195.178 - - [19/Jan/2009:22:20:40 +0100] "GET /zampa-lovers/ZAMPAMA2.MPG HTTP/1.1" 206 34292 "-" "Mozilla/4.0 (compatible; MSIE 6.0; Windows NT 5.1; SV1; .NET CLR 1.1.4322; .NET CLR 2.0.50727)"
77.46.195.178 - - [19/Jan/2009:22:20:40 +0100] "GET /zampa-lovers/ZAMPAMAS.MPG HTTP/1.1" 206 490996 "-" "Mozilla/4.0 (compatible; MSIE 6.0; Windows NT 5.1; SV1; .NET CLR 1.1.4322; .NET CLR 2.0.50727)"
77.46.195.178 - - [19/Jan/2009:22:20:42 +0100] "GET /zampa-lovers/WASISTMI1.MPG HTTP/1.1" 206 268767 "-" "Mozilla/4.0 (compatible; MSIE 6.0; Windows NT 5.1; SV1; .NET CLR 1.1.4322; .NET CLR 2.0.50727)"
77.46.195.178 - - [19/Jan/2009:22:20:49 +0100] "GET /zampa-lovers/WASISTMI1.MPG HTTP/1.1" 200 271221 "-" "Mozilla/4.0 (compatible; MSIE 6.0; Windows NT 5.1; SV1; .NET CLR 1.1.4322; .NET CLR 2.0.50727)"
77.46.195.178 - - [19/Jan/2009:22:20:46 +0100] "GET /zampa-lovers/ZAMPAMAS.MPG HTTP/1.1" 200 520196 "-" "Mozilla/4.0 (compatible; MSIE 6.0; Windows NT 5.1; SV1; .NET CLR 1.1.4322; .NET CLR 2.0.50727)"
77.46.195.178 - - [19/Jan/2009:22:20:53 +0100] "GET /zampa-lovers/kralle.gif HTTP/1.1" 404 2748 "http://www.various-euro.com/zampa-lovers/index.html" "Mozilla/4.0 (compatible; MSIE 6.0; Windows NT 5.1; SV1; .NET CLR 1.1.4322; .NET CLR 2.0.50727)"
77.46.195.178 - - [19/Jan/2009:22:20:53 +0100] "GET /zampa-lovers/zampa.gif HTTP/1.1" 200 460627 "http://www.various-euro.com/zampa-lovers/index.html" "Mozilla/4.0 (compatible; MSIE 6.0; Windows NT 5.1; SV1; .NET CLR 1.1.4322; .NET CLR 2.0.50727)"
67.195.37.93 - - [19/Jan/2009:23:04:24 +0100] "GET /f-doku-brau.html HTTP/1.0" 200 7152 "-" "Mozilla/5.0 (compatible; Yahoo! Slurp/3.0; http://help.yahoo.com/help/us/ysearch/slurp)"
65.55.211.173 - - [19/Jan/2009:23:35:28 +0100] "GET /neon/euro.html HTTP/1.1" 200 2212 "-" "msnbot/1.1 (+http://search.msn.com/msnbot.htm)"
208.36.144.10 - - [19/Jan/2009:23:35:31 +0100] "GET / HTTP/1.0" 200 7869 "-" "Mozilla/5.0 (Twiceler-0.9 http://www.cuil.com/twiceler/robot.html)"
72.30.65.62 - - [19/Jan/2009:23:43:16 +0100] "GET /bmpp/18_x.html HTTP/1.0" 200 1100 "-" "Mozilla/5.0 (compatible; Yahoo! Slurp; http://help.yahoo.com/help/us/ysearch/slurp)"
72.14.199.105 - - [19/Jan/2009:23:45:06 +0100] "GET /framez-rez.html HTTP/1.1" 200 4323 "-" "DoCoMo/2.0 N905i(c100;TB;W24H16) (compatible; Googlebot-Mobile/2.1; +http://www.google.com/bot.html)"
72.54.14.114 - - [19/Jan/2009:23:58:12 +0100] "GET / HTTP/1.1" 200 7869 "-" "Mozilla/5.0 (Windows; U; Windows NT 5.1; en-US; rv:1.9.0.5) Gecko/2008120122 Firefox/3.0.5"
72.54.14.114 - - [19/Jan/2009:23:58:13 +0100] "GET /style/various-euro.css HTTP/1.1" 200 3437 "http://www.various-euro.com/" "Mozilla/5.0 (Windows; U; Windows NT 5.1; en-US; rv:1.9.0.5) Gecko/2008120122 Firefox/3.0.5"
72.54.14.114 - - [19/Jan/2009:23:58:13 +0100] "GET /ve-icon-2.ico HTTP/1.1" 200 2238 "-" "Mozilla/5.0 (Windows; U; Windows NT 5.1; en-US; rv:1.9.0.5) Gecko/2008120122 Firefox/3.0.5"
72.54.14.114 - - [19/Jan/2009:23:58:13 +0100] "GET /framez_0.html HTTP/1.1" 200 12444 "http://www.various-euro.com/" "Mozilla/5.0 (Windows; U; Windows NT 5.1; en-US; rv:1.9.0.5) Gecko/2008120122 Firefox/3.0.5"
72.54.14.114 - - [19/Jan/2009:23:58:16 +0100] "GET /ve-icon-2.ico HTTP/1.1" 200 2238 "-" "Mozilla/5.0 (Windows; U; Windows NT 5.1; en-US; rv:1.9.0.5) Gecko/2008120122 Firefox/3.0.5"
72.54.14.114 - - [19/Jan/2009:23:58:21 +0100] "GET /framez.html HTTP/1.1" 200 3959 "http://www.various-euro.com/framez_0.html" "Mozilla/5.0 (Windows; U; Windows NT 5.1; en-US; rv:1.9.0.5) Gecko/2008120122 Firefox/3.0.5"
72.54.14.114 - - [19/Jan/2009:23:58:22 +0100] "GET /frame-menu.html HTTP/1.1" 200 10536 "http://www.various-euro.com/framez.html" "Mozilla/5.0 (Windows; U; Windows NT 5.1; en-US; rv:1.9.0.5) Gecko/2008120122 Firefox/3.0.5"
72.54.14.114 - - [19/Jan/2009:23:58:22 +0100] "GET /frame-inhalt.html HTTP/1.1" 200 5418 "http://www.various-euro.com/framez.html" "Mozilla/5.0 (Windows; U; Windows NT 5.1; en-US; rv:1.9.0.5) Gecko/2008120122 Firefox/3.0.5"
72.54.14.114 - - [19/Jan/2009:23:58:23 +0100] "GET /frame-unten.html HTTP/1.1" 200 5308 "http://www.various-euro.com/framez.html" "Mozilla/5.0 (Windows; U; Windows NT 5.1; en-US; rv:1.9.0.5) Gecko/2008120122 Firefox/3.0.5"
72.54.14.114 - - [19/Jan/2009:23:58:25 +0100] "GET /bannerz/neon_click_3.gif HTTP/1.1" 200 240 "http://www.various-euro.com/frame-inhalt.html" "Mozilla/5.0 (Windows; U; Windows NT 5.1; en-US; rv:1.9.0.5) Gecko/2008120122 Firefox/3.0.5"
72.54.14.114 - - [19/Jan/2009:23:58:25 +0100] "GET /eurosign3.gif HTTP/1.1" 200 7879 "http://www.various-euro.com/frame-inhalt.html" "Mozilla/5.0 (Windows; U; Windows NT 5.1; en-US; rv:1.9.0.5) Gecko/2008120122 Firefox/3.0.5"
72.54.14.114 - - [19/Jan/2009:23:58:25 +0100] "GET /bannerz/neon_click_1.gif HTTP/1.1" 200 890 "http://www.various-euro.com/frame-inhalt.html" "Mozilla/5.0 (Windows; U; Windows NT 5.1; en-US; rv:1.9.0.5) Gecko/2008120122 Firefox/3.0.5"
72.54.14.114 - - [19/Jan/2009:23:58:26 +0100] "GET /bannerz/neon_click_2.gif HTTP/1.1" 200 387 "http://www.various-euro.com/frame-inhalt.html" "Mozilla/5.0 (Windows; U; Windows NT 5.1; en-US; rv:1.9.0.5) Gecko/2008120122 Firefox/3.0.5"
72.54.14.114 - - [19/Jan/2009:23:58:25 +0100] "GET /bannerz/wet.gif HTTP/1.1" 200 18561 "http://www.various-euro.com/frame-inhalt.html" "Mozilla/5.0 (Windows; U; Windows NT 5.1; en-US; rv:1.9.0.5) Gecko/2008120122 Firefox/3.0.5"
72.54.14.114 - - [19/Jan/2009:23:58:27 +0100] "GET /bannerz/douwil.gif HTTP/1.1" 200 528 "http://www.various-euro.com/frame-inhalt.html" "Mozilla/5.0 (Windows; U; Windows NT 5.1; en-US; rv:1.9.0.5) Gecko/2008120122 Firefox/3.0.5"
72.54.14.114 - - [19/Jan/2009:23:58:27 +0100] "GET /bannerz/anti_black_small.gif HTTP/1.1" 200 1009 "http://www.various-euro.com/frame-inhalt.html" "Mozilla/5.0 (Windows; U; Windows NT 5.1; en-US; rv:1.9.0.5) Gecko/2008120122 Firefox/3.0.5"
72.54.14.114 - - [19/Jan/2009:23:58:27 +0100] "GET /bannerz/copyleft_black_small.gif HTTP/1.1" 200 1231 "http://www.various-euro.com/frame-inhalt.html" "Mozilla/5.0 (Windows; U; Windows NT 5.1; en-US; rv:1.9.0.5) Gecko/2008120122 Firefox/3.0.5"
72.54.14.114 - - [19/Jan/2009:23:58:25 +0100] "GET /bannerz/ve.jpg HTTP/1.1" 200 36912 "http://www.various-euro.com/frame-unten.html" "Mozilla/5.0 (Windows; U; Windows NT 5.1; en-US; rv:1.9.0.5) Gecko/2008120122 Firefox/3.0.5"
72.54.14.114 - - [19/Jan/2009:23:58:25 +0100] "GET /bannerz/goolag_468.jpg HTTP/1.1" 200 28285 "http://www.various-euro.com/frame-inhalt.html" "Mozilla/5.0 (Windows; U; Windows NT 5.1; en-US; rv:1.9.0.5) Gecko/2008120122 Firefox/3.0.5"
72.54.14.114 - - [19/Jan/2009:23:58:28 +0100] "GET /bannerz/google/Logo_40blk.gif HTTP/1.1" 200 2308 "http://www.various-euro.com/frame-inhalt.html" "Mozilla/5.0 (Windows; U; Windows NT 5.1; en-US; rv:1.9.0.5) Gecko/2008120122 Firefox/3.0.5"
72.54.14.114 - - [19/Jan/2009:23:58:25 +0100] "GET /bannerz/various-euro-girl.jpg HTTP/1.1" 200 91514 "http://www.various-euro.com/frame-unten.html" "Mozilla/5.0 (Windows; U; Windows NT 5.1; en-US; rv:1.9.0.5) Gecko/2008120122 Firefox/3.0.5"
72.30.65.62 - - [20/Jan/2009:00:01:53 +0100] "GET /f-search.html HTTP/1.0" 200 11800 "-" "Mozilla/5.0 (compatible; Yahoo! Slurp; http://help.yahoo.com/help/us/ysearch/slurp)"
65.55.211.165 - - [20/Jan/2009:00:03:03 +0100] "GET /robots.txt HTTP/1.1" 200 64 "-" "msnbot/1.1 (+http://search.msn.com/msnbot.htm)"
65.55.211.165 - - [20/Jan/2009:00:03:03 +0100] "GET /bmpp/18start.html HTTP/1.1" 200 320 "-" "msnbot/1.1 (+http://search.msn.com/msnbot.htm)"
72.30.65.62 - - [20/Jan/2009:00:11:50 +0100] "GET /partnergegenberlin.html HTTP/1.0" 200 5022 "-" "Mozilla/5.0 (compatible; Yahoo! Slurp; http://help.yahoo.com/help/us/ysearch/slurp)"
64.17.2.164 - - [20/Jan/2009:00:24:24 +0100] "GET / HTTP/1.1" 200 7869 "-" "MLBot (www.metadatalabs.com/mlbot)"
66.249.65.169 - - [20/Jan/2009:00:32:09 +0100] "GET /f-net.html HTTP/1.1" 200 9913 "-" "Mozilla/5.0 (compatible; Googlebot/2.1; +http://www.google.com/bot.html)"
72.30.65.62 - - [20/Jan/2009:00:37:59 +0100] "GET /robots.txt HTTP/1.0" 200 64 "-" "Mozilla/5.0 (compatible; Yahoo! Slurp; http://help.yahoo.com/help/us/ysearch/slurp)"
72.30.65.62 - - [20/Jan/2009:00:38:00 +0100] "GET /f-doku-brau.html HTTP/1.0" 200 7152 "-" "Mozilla/5.0 (compatible; Yahoo! Slurp; http://help.yahoo.com/help/us/ysearch/slurp)"
193.252.149.16 - - [20/Jan/2009:00:51:54 +0100] "GET / HTTP/1.1" 200 7869 "-" "Mozilla/5.0 (Windows; U; Windows NT 5.1; fr; rv:1.8.1) VoilaBot BETA 1.2 (support.voilabot@orange-ftgroup.com)"
193.252.149.16 - - [20/Jan/2009:01:26:58 +0100] "GET /framez.html HTTP/1.1" 200 3959 "-" "Mozilla/5.0 (Windows; U; Windows NT 5.1; fr; rv:1.8.1) VoilaBot BETA 1.2 (support.voilabot@orange-ftgroup.com)"
193.252.149.16 - - [20/Jan/2009:01:27:18 +0100] "GET /frame-unten.html HTTP/1.1" 200 5308 "-" "Mozilla/5.0 (Windows; U; Windows NT 5.1; fr; rv:1.8.1) VoilaBot BETA 1.2 (support.voilabot@orange-ftgroup.com)"
193.252.149.16 - - [20/Jan/2009:01:27:18 +0100] "GET /frame-inhalt.html HTTP/1.1" 200 5418 "-" "Mozilla/5.0 (Windows; U; Windows NT 5.1; fr; rv:1.8.1) VoilaBot BETA 1.2 (support.voilabot@orange-ftgroup.com)"
193.252.149.16 - - [20/Jan/2009:01:27:18 +0100] "GET /frame-menu.html HTTP/1.1" 200 10536 "-" "Mozilla/5.0 (Windows; U; Windows NT 5.1; fr; rv:1.8.1) VoilaBot BETA 1.2 (support.voilabot@orange-ftgroup.com)"
67.195.37.105 - - [20/Jan/2009:01:33:04 +0100] "GET /robots.txt HTTP/1.0" 200 64 "-" "Mozilla/5.0 (compatible; Yahoo! Slurp; http://help.yahoo.com/help/us/ysearch/slurp)"
67.195.37.105 - - [20/Jan/2009:01:33:04 +0100] "GET /partnergegenberlin.html HTTP/1.0" 200 5022 "-" "Mozilla/5.0 (compatible; Yahoo! Slurp/3.0; http://help.yahoo.com/help/us/ysearch/slurp)"
67.195.37.105 - - [20/Jan/2009:01:52:17 +0100] "GET /robots.txt HTTP/1.0" 200 64 "-" "Mozilla/5.0 (compatible; Yahoo! Slurp; http://help.yahoo.com/help/us/ysearch/slurp)"
67.195.37.105 - - [20/Jan/2009:01:52:18 +0100] "GET /logs/ HTTP/1.0" 200 10079 "-" "Mozilla/5.0 (compatible; Yahoo! Slurp; http://help.yahoo.com/help/us/ysearch/slurp)"
67.195.37.105 - - [20/Jan/2009:01:57:42 +0100] "GET /logs/usage_200710.html HTTP/1.0" 200 110952 "-" "Mozilla/5.0 (compatible; Yahoo! Slurp; http://help.yahoo.com/help/us/ysearch/slurp)"
193.252.149.16 - - [20/Jan/2009:02:18:42 +0100] "GET /frame-inhalt.html HTTP/1.1" 200 5418 "-" "Mozilla/5.0 (Windows; U; Windows NT 5.1; fr; rv:1.8.1) VoilaBot BETA 1.2 (support.voilabot@orange-ftgroup.com)"
75.83.227.252 - - [20/Jan/2009:02:47:36 +0100] "GET /f-contact.html HTTP/1.0" 200 6804 "-" "Mozilla/4.0 (compatible; MSIE 5.01; Windows NT 5.0)"
75.83.227.252 - - [20/Jan/2009:02:47:36 +0100] "GET /f-doku-brau.html HTTP/1.0" 200 7152 "-" "Mozilla/4.0 (compatible; MSIE 5.01; Windows NT 5.0)"
75.83.227.252 - - [20/Jan/2009:02:47:36 +0100] "GET /framez.html HTTP/1.0" 200 3959 "-" "Mozilla/4.0 (compatible; MSIE 5.01; Windows NT 5.0)"
75.83.227.252 - - [20/Jan/2009:02:47:37 +0100] "GET /3dsf3/sendi/sendisendi.html HTTP/1.0" 200 5118 "-" "Mozilla/4.0 (compatible; MSIE 5.01; Windows NT 5.0)"
75.83.227.252 - - [20/Jan/2009:02:47:37 +0100] "GET /f-logz_old.html HTTP/1.0" 200 43773 "-" "Mozilla/4.0 (compatible; MSIE 5.01; Windows NT 5.0)"
66.235.124.61 - - [20/Jan/2009:03:21:23 +0100] "GET /robots.txt HTTP/1.1" 200 64 "-" "Mozilla/5.0 (compatible; Ask Jeeves/Teoma; +http://about.ask.com/en/docs/about/webmasters.shtml)"
66.235.124.61 - - [20/Jan/2009:03:21:38 +0100] "GET /framez-zampa-lovers.html HTTP/1.1" 200 4322 "-" "Mozilla/5.0 (compatible; Ask Jeeves/Teoma; +http://about.ask.com/en/docs/about/webmasters.shtml)"
66.235.124.61 - - [20/Jan/2009:03:21:38 +0100] "GET /frame-menu.html HTTP/1.1" 200 10536 "-" "Mozilla/5.0 (compatible; Ask Jeeves/Teoma; +http://about.ask.com/en/docs/about/webmasters.shtml)"
66.235.124.61 - - [20/Jan/2009:03:21:39 +0100] "GET /zampa-lovers/index.html HTTP/1.1" 200 37790 "-" "Mozilla/5.0 (compatible; Ask Jeeves/Teoma; +http://about.ask.com/en/docs/about/webmasters.shtml)"
66.235.124.61 - - [20/Jan/2009:03:21:39 +0100] "GET /frame-unten.html HTTP/1.1" 200 5308 "-" "Mozilla/5.0 (compatible; Ask Jeeves/Teoma; +http://about.ask.com/en/docs/about/webmasters.shtml)"
67.195.37.105 - - [20/Jan/2009:03:23:00 +0100] "GET /rez/fisztfull.mp4 HTTP/1.0" 200 5973230 "-" "Mozilla/5.0 (compatible; Yahoo! Slurp; http://help.yahoo.com/help/us/ysearch/slurp)"
72.30.65.62 - - [20/Jan/2009:03:26:37 +0100] "GET /DgH/orginal/index.html HTTP/1.0" 200 1727 "-" "Mozilla/5.0 (compatible; Yahoo! Slurp; http://help.yahoo.com/help/us/ysearch/slurp)"
66.235.124.61 - - [20/Jan/2009:03:30:25 +0100] "GET /framez.html HTTP/1.1" 200 3959 "-" "Mozilla/5.0 (compatible; Ask Jeeves/Teoma; +http://about.ask.com/en/docs/about/webmasters.shtml)"
66.235.124.61 - - [20/Jan/2009:03:30:25 +0100] "GET /framez.html HTTP/1.1" 200 3959 "-" "Mozilla/5.0 (compatible; Ask Jeeves/Teoma; +http://about.ask.com/en/docs/about/webmasters.shtml)"
66.235.124.61 - - [20/Jan/2009:03:30:25 +0100] "GET /frame-inhalt.html HTTP/1.1" 200 5418 "-" "Mozilla/5.0 (compatible; Ask Jeeves/Teoma; +http://about.ask.com/en/docs/about/webmasters.shtml)"
75.83.227.252 - - [20/Jan/2009:03:50:09 +0100] "GET /f-contact.html HTTP/1.0" 200 6804 "-" "Mozilla/4.0 (compatible; MSIE 5.01; Windows NT 5.0)"
75.83.227.252 - - [20/Jan/2009:03:50:09 +0100] "GET /framez.html HTTP/1.0" 200 3959 "-" "Mozilla/4.0 (compatible; MSIE 5.01; Windows NT 5.0)"
75.83.227.252 - - [20/Jan/2009:03:50:09 +0100] "GET /f-doku-brau.html HTTP/1.0" 200 7152 "-" "Mozilla/4.0 (compatible; MSIE 5.01; Windows NT 5.0)"
75.83.227.252 - - [20/Jan/2009:03:50:09 +0100] "GET /f-logz_old.html HTTP/1.0" 200 43773 "-" "Mozilla/4.0 (compatible; MSIE 5.01; Windows NT 5.0)"
75.83.227.252 - - [20/Jan/2009:03:50:10 +0100] "GET /3dsf3/sendi/sendisendi.html HTTP/1.0" 200 5118 "-" "Mozilla/4.0 (compatible; MSIE 5.01; Windows NT 5.0)"
81.52.143.15 - - [20/Jan/2009:03:50:42 +0100] "GET /f-warez.html HTTP/1.1" 200 10953 "-" "Mozilla/5.0 (Windows; U; Windows NT 5.1; fr; rv:1.8.1) VoilaBot BETA 1.2 (support.voilabot@orange-ftgroup.com)"
71.41.201.38 - - [20/Jan/2009:03:54:31 +0100] "GET /robots.txt HTTP/1.1" 200 64 "-" "MLBot (www.metadatalabs.com/mlbot)"
71.41.201.38 - - [20/Jan/2009:03:54:32 +0100] "GET / HTTP/1.1" 200 7869 "-" "MLBot (www.metadatalabs.com/mlbot)"
67.195.37.105 - - [20/Jan/2009:04:00:54 +0100] "GET /schubb/schubb-2.html HTTP/1.0" 200 16660 "-" "Mozilla/5.0 (compatible; Yahoo! Slurp/3.0; http://help.yahoo.com/help/us/ysearch/slurp)"
72.30.65.62 - - [20/Jan/2009:04:24:20 +0100] "GET /logs/ HTTP/1.0" 200 10079 "-" "Mozilla/5.0 (compatible; Yahoo! Slurp; http://help.yahoo.com/help/us/ysearch/slurp)"
64.1.215.165 - - [20/Jan/2009:04:56:24 +0100] "GET /frame-unten.html HTTP/1.0" 200 5308 "-" "Mozilla/5.0 (Twiceler-0.9 http://www.cuil.com/twiceler/robot.html)"
72.30.65.62 - - [20/Jan/2009:05:14:11 +0100] "GET /logs/usage_200708.html HTTP/1.0" 200 111167 "-" "Mozilla/5.0 (compatible; Yahoo! Slurp; http://help.yahoo.com/help/us/ysearch/slurp)"
67.195.37.105 - - [20/Jan/2009:05:23:54 +0100] "GET /bmpp/euro_pal_1.html HTTP/1.0" 200 18252 "-" "Mozilla/5.0 (compatible; Yahoo! Slurp; http://help.yahoo.com/help/us/ysearch/slurp)"
64.1.215.165 - - [20/Jan/2009:05:24:11 +0100] "GET /frame-inhalt.html HTTP/1.0" 200 5418 "-" "Mozilla/5.0 (Twiceler-0.9 http://www.cuil.com/twiceler/robot.html)"
66.249.65.169 - - [20/Jan/2009:05:24:24 +0100] "GET /f-euro.html HTTP/1.1" 200 12203 "-" "Mozilla/5.0 (compatible; Googlebot/2.1; +http://www.google.com/bot.html)"
67.195.37.105 - - [20/Jan/2009:05:36:14 +0100] "GET /neon/left-one-new.html HTTP/1.0" 200 1483 "-" "Mozilla/5.0 (compatible; Yahoo! Slurp; http://help.yahoo.com/help/us/ysearch/slurp)"
67.195.37.105 - - [20/Jan/2009:05:39:34 +0100] "GET /schubb/schubb-2.html HTTP/1.0" 200 16660 "-" "Mozilla/5.0 (compatible; Yahoo! Slurp/3.0; http://help.yahoo.com/help/us/ysearch/slurp)"
65.55.211.165 - - [20/Jan/2009:05:39:37 +0100] "GET /triple-double-u/ HTTP/1.1" 403 1223 "-" "msnbot/1.1 (+http://search.msn.com/msnbot.htm)"
72.30.65.62 - - [20/Jan/2009:05:47:05 +0100] "GET /channel1.html HTTP/1.0" 404 2748 "-" "Mozilla/5.0 (compatible; Yahoo! Slurp; http://help.yahoo.com/help/us/ysearch/slurp)"
67.195.37.105 - - [20/Jan/2009:05:52:38 +0100] "GET /neon/girlz3.html HTTP/1.0" 200 2479 "-" "Mozilla/5.0 (compatible; Yahoo! Slurp; http://help.yahoo.com/help/us/ysearch/slurp)"
66.249.65.169 - - [20/Jan/2009:05:56:41 +0100] "GET /robots.txt HTTP/1.1" 302 363 "-" "Mozilla/5.0 (compatible; Googlebot/2.1; +http://www.google.com/bot.html)"
66.249.65.169 - - [20/Jan/2009:05:56:41 +0100] "GET /zampa/robots.txt HTTP/1.1" 404 2748 "-" "Mozilla/5.0 (compatible; Googlebot/2.1; +http://www.google.com/bot.html)"
66.249.65.169 - - [20/Jan/2009:05:56:41 +0100] "GET / HTTP/1.1" 302 353 "-" "Mozilla/5.0 (compatible; Googlebot/2.1; +http://www.google.com/bot.html)"
66.249.65.169 - - [20/Jan/2009:05:56:42 +0100] "GET /zampa/ HTTP/1.1" 200 7153 "-" "Mozilla/5.0 (compatible; Googlebot/2.1; +http://www.google.com/bot.html)"
67.195.37.126 - - [20/Jan/2009:06:10:28 +0100] "GET /robots.txt HTTP/1.0" 302 363 "-" "Mozilla/5.0 (compatible; Yahoo! Slurp; http://help.yahoo.com/help/us/ysearch/slurp)"
67.195.37.126 - - [20/Jan/2009:06:10:29 +0100] "GET /zampa/robots.txt HTTP/1.0" 404 2748 "-" "Mozilla/5.0 (compatible; Yahoo! Slurp; http://help.yahoo.com/help/us/ysearch/slurp)"
67.195.37.126 - - [20/Jan/2009:06:10:30 +0100] "GET / HTTP/1.0" 302 353 "-" "Mozilla/5.0 (compatible; Yahoo! Slurp/3.0; http://help.yahoo.com/help/us/ysearch/slurp)"
67.195.37.105 - - [20/Jan/2009:06:10:39 +0100] "GET /zampa/ HTTP/1.0" 200 7153 "-" "Mozilla/5.0 (compatible; Yahoo! Slurp/3.0; http://help.yahoo.com/help/us/ysearch/slurp)"
67.195.37.105 - - [20/Jan/2009:06:26:47 +0100] "GET /f-zeug.html HTTP/1.0" 200 48203 "-" "Mozilla/5.0 (compatible; Yahoo! Slurp/3.0; http://help.yahoo.com/help/us/ysearch/slurp)"
66.249.65.169 - - [20/Jan/2009:06:38:07 +0100] "GET /neon/europa.html HTTP/1.1" 200 389 "-" "Mozilla/5.0 (compatible; Googlebot/2.1; +http://www.google.com/bot.html)"
67.195.37.105 - - [20/Jan/2009:06:45:24 +0100] "GET /f-warez.html HTTP/1.0" 200 10953 "-" "Mozilla/5.0 (compatible; Yahoo! Slurp; http://help.yahoo.com/help/us/ysearch/slurp)"
72.30.65.62 - - [20/Jan/2009:06:49:38 +0100] "GET /schubb/schubb-3.html HTTP/1.0" 200 17546 "-" "Mozilla/5.0 (compatible; Yahoo! Slurp; http://help.yahoo.com/help/us/ysearch/slurp)"
72.30.65.62 - - [20/Jan/2009:07:17:14 +0100] "GET /games/virtualcop/virtualcop.html HTTP/1.0" 200 4487 "-" "Mozilla/5.0 (compatible; Yahoo! Slurp; http://help.yahoo.com/help/us/ysearch/slurp)"
66.249.65.169 - - [20/Jan/2009:07:28:48 +0100] "GET /robots.txt HTTP/1.1" 200 64 "-" "Mozilla/5.0 (compatible; Googlebot/2.1; +http://www.google.com/bot.html)"
66.249.65.169 - - [20/Jan/2009:07:28:48 +0100] "GET /bmpp/crashhA.html HTTP/1.1" 200 15304 "-" "Mozilla/5.0 (compatible; Googlebot/2.1; +http://www.google.com/bot.html)"
66.249.65.169 - - [20/Jan/2009:07:42:37 +0100] "GET /neon/click.html HTTP/1.1" 200 521 "-" "Mozilla/5.0 (compatible; Googlebot/2.1; +http://www.google.com/bot.html)"
72.30.65.62 - - [20/Jan/2009:07:52:56 +0100] "GET /f-channel1.html HTTP/1.0" 200 8471 "-" "Mozilla/5.0 (compatible; Yahoo! Slurp; http://help.yahoo.com/help/us/ysearch/slurp)"
66.249.65.169 - - [20/Jan/2009:07:58:54 +0100] "GET /schubb/schubb-4.html HTTP/1.1" 200 17746 "-" "Mozilla/5.0 (compatible; Googlebot/2.1; +http://www.google.com/bot.html)"
208.36.144.10 - - [20/Jan/2009:08:05:48 +0100] "GET /frame-unten.html HTTP/1.0" 200 5308 "-" "Mozilla/5.0 (Twiceler-0.9 http://www.cuil.com/twiceler/robot.html)"
67.195.37.105 - - [20/Jan/2009:08:07:50 +0100] "GET /zampa-lovers/ HTTP/1.0" 200 37790 "-" "Mozilla/5.0 (compatible; Yahoo! Slurp; http://help.yahoo.com/help/us/ysearch/slurp)"
193.252.149.15 - - [20/Jan/2009:08:12:02 +0100] "GET /f-bannnerz.html HTTP/1.1" 200 12651 "-" "Mozilla/5.0 (Windows; U; Windows NT 5.1; fr; rv:1.8.1) VoilaBot BETA 1.2 (support.voilabot@orange-ftgroup.com)"
67.195.37.105 - - [20/Jan/2009:08:36:15 +0100] "GET /zampa/wonderland/index.html HTTP/1.0" 200 2084 "-" "Mozilla/5.0 (compatible; Yahoo! Slurp/3.0; http://help.yahoo.com/help/us/ysearch/slurp)"
81.52.143.16 - - [20/Jan/2009:08:42:05 +0100] "GET /robots.txt HTTP/1.1" 200 64 "-" "Mozilla/5.0 (Windows; U; Windows NT 5.1; fr; rv:1.8.1) VoilaBot BETA 1.2 (support.voilabot@orange-ftgroup.com)"
81.52.143.16 - - [20/Jan/2009:08:42:23 +0100] "GET /neon/girlz2.html HTTP/1.1" 200 2937 "-" "Mozilla/5.0 (Windows; U; Windows NT 5.1; fr; rv:1.8.1) VoilaBot BETA 1.2 (support.voilabot@orange-ftgroup.com)"
67.195.37.153 - - [20/Jan/2009:09:11:38 +0100] "GET /robots.txt HTTP/1.0" 200 64 "-" "Mozilla/5.0 (compatible; Yahoo! Slurp; http://help.yahoo.com/help/us/ysearch/slurp)"
67.195.37.153 - - [20/Jan/2009:09:11:38 +0100] "GET /framez.html HTTP/1.0" 200 3959 "-" "Mozilla/5.0 (compatible; Yahoo! Slurp/3.0; http://help.yahoo.com/help/us/ysearch/slurp)"
67.195.37.153 - - [20/Jan/2009:09:11:39 +0100] "GET /style/various-euro.css HTTP/1.0" 200 3437 "http://various-euro.com/framez.html" "Mozilla/5.0 (compatible; Yahoo! Slurp/3.0; http://help.yahoo.com/help/us/ysearch/slurp)"
67.195.37.153 - - [20/Jan/2009:09:11:39 +0100] "GET /frame-inhalt.html HTTP/1.0" 200 5418 "http://various-euro.com/framez.html" "Mozilla/5.0 (compatible; Yahoo! Slurp/3.0; http://help.yahoo.com/help/us/ysearch/slurp)"
67.195.37.153 - - [20/Jan/2009:09:11:39 +0100] "GET /frame-unten.html HTTP/1.0" 200 5308 "http://various-euro.com/framez.html" "Mozilla/5.0 (compatible; Yahoo! Slurp/3.0; http://help.yahoo.com/help/us/ysearch/slurp)"
67.195.37.153 - - [20/Jan/2009:09:11:39 +0100] "GET /frame-menu.html HTTP/1.0" 200 10536 "http://various-euro.com/framez.html" "Mozilla/5.0 (compatible; Yahoo! Slurp/3.0; http://help.yahoo.com/help/us/ysearch/slurp)"
81.52.143.16 - - [20/Jan/2009:09:31:02 +0100] "GET /frame-unten.html HTTP/1.1" 200 5308 "-" "Mozilla/5.0 (Windows; U; Windows NT 5.1; fr; rv:1.8.1) VoilaBot BETA 1.2 (support.voilabot@orange-ftgroup.com)"
38.113.234.180 - - [20/Jan/2009:09:35:54 +0100] "GET /robots.txt HTTP/1.1" 200 64 "-" "voyager/2.0 (http://www.kosmix.com/crawler.html)"
72.30.65.62 - - [20/Jan/2009:09:40:19 +0100] "GET /zampa/ HTTP/1.0" 200 7153 "-" "Mozilla/5.0 (compatible; Yahoo! Slurp; http://help.yahoo.com/help/us/ysearch/slurp)"
97.115.50.184 - - [20/Jan/2009:09:40:58 +0100] "GET /menueleiste.js HTTP/1.1" 404 2748 "http://www.various-euro.com/restate_copy.html" "Mozilla/4.0 (compatible; MSIE 7.0; Windows NT 6.0; SLCC1; .NET CLR 2.0.50727; Media Center PC 5.0; .NET CLR 3.0.04506; Qwest 1.0)"
97.115.50.184 - - [20/Jan/2009:09:40:58 +0100] "GET /bannerz/rebelle.gif HTTP/1.1" 200 6986 "http://www.various-euro.com/restate_copy.html" "Mozilla/4.0 (compatible; MSIE 7.0; Windows NT 6.0; SLCC1; .NET CLR 2.0.50727; Media Center PC 5.0; .NET CLR 3.0.04506; Qwest 1.0)"
97.115.50.184 - - [20/Jan/2009:09:40:57 +0100] "GET /restate_copy.html HTTP/1.1" 200 97631 "http://www.google.com/search?hl=en&safe=off&q=%22Christopher+Deckard%22+cornell" "Mozilla/4.0 (compatible; MSIE 7.0; Windows NT 6.0; SLCC1; .NET CLR 2.0.50727; Media Center PC 5.0; .NET CLR 3.0.04506; Qwest 1.0)"
97.115.50.184 - - [20/Jan/2009:09:40:58 +0100] "GET /detonators.gif HTTP/1.1" 200 14892 "http://www.various-euro.com/restate_copy.html" "Mozilla/4.0 (compatible; MSIE 7.0; Windows NT 6.0; SLCC1; .NET CLR 2.0.50727; Media Center PC 5.0; .NET CLR 3.0.04506; Qwest 1.0)"
97.115.50.184 - - [20/Jan/2009:09:41:01 +0100] "GET /favicon.ico HTTP/1.1" 404 2748 "-" "Mozilla/4.0 (compatible; MSIE 7.0; Windows NT 6.0; SLCC1; .NET CLR 2.0.50727; Media Center PC 5.0; .NET CLR 3.0.04506; Qwest 1.0)"
97.115.50.184 - - [20/Jan/2009:09:41:01 +0100] "GET /framez-restate.html HTTP/1.1" 200 4328 "-" "Mozilla/4.0 (compatible; MSIE 7.0; Windows NT 6.0; SLCC1; .NET CLR 2.0.50727; Media Center PC 5.0; .NET CLR 3.0.04506; Qwest 1.0)"
97.115.50.184 - - [20/Jan/2009:09:41:02 +0100] "GET /frame-menu.html HTTP/1.1" 200 10536 "http://www.various-euro.com/framez-restate.html" "Mozilla/4.0 (compatible; MSIE 7.0; Windows NT 6.0; SLCC1; .NET CLR 2.0.50727; Media Center PC 5.0; .NET CLR 3.0.04506; Qwest 1.0)"
97.115.50.184 - - [20/Jan/2009:09:41:02 +0100] "GET /frame-unten.html HTTP/1.1" 200 5308 "http://www.various-euro.com/framez-restate.html" "Mozilla/4.0 (compatible; MSIE 7.0; Windows NT 6.0; SLCC1; .NET CLR 2.0.50727; Media Center PC 5.0; .NET CLR 3.0.04506; Qwest 1.0)"
97.115.50.184 - - [20/Jan/2009:09:41:03 +0100] "GET /style/various-euro.css HTTP/1.1" 200 3437 "http://www.various-euro.com/frame-menu.html" "Mozilla/4.0 (compatible; MSIE 7.0; Windows NT 6.0; SLCC1; .NET CLR 2.0.50727; Media Center PC 5.0; .NET CLR 3.0.04506; Qwest 1.0)"
97.115.50.184 - - [20/Jan/2009:09:41:03 +0100] "GET /menueleiste.js HTTP/1.1" 404 2748 "http://www.various-euro.com/restate_copy.html" "Mozilla/4.0 (compatible; MSIE 7.0; Windows NT 6.0; SLCC1; .NET CLR 2.0.50727; Media Center PC 5.0; .NET CLR 3.0.04506; Qwest 1.0)"
97.115.50.184 - - [20/Jan/2009:09:41:02 +0100] "GET /bannerz/ve.jpg HTTP/1.1" 200 36912 "http://www.various-euro.com/frame-unten.html" "Mozilla/4.0 (compatible; MSIE 7.0; Windows NT 6.0; SLCC1; .NET CLR 2.0.50727; Media Center PC 5.0; .NET CLR 3.0.04506; Qwest 1.0)"
97.115.50.184 - - [20/Jan/2009:09:41:02 +0100] "GET /restate_copy.html HTTP/1.1" 200 97631 "http://www.various-euro.com/framez-restate.html" "Mozilla/4.0 (compatible; MSIE 7.0; Windows NT 6.0; SLCC1; .NET CLR 2.0.50727; Media Center PC 5.0; .NET CLR 3.0.04506; Qwest 1.0)"
97.115.50.184 - - [20/Jan/2009:09:41:03 +0100] "GET /bannerz/various-euro-girl.jpg HTTP/1.1" 200 91514 "http://www.various-euro.com/frame-unten.html" "Mozilla/4.0 (compatible; MSIE 7.0; Windows NT 6.0; SLCC1; .NET CLR 2.0.50727; Media Center PC 5.0; .NET CLR 3.0.04506; Qwest 1.0)"
97.115.50.184 - - [20/Jan/2009:09:41:08 +0100] "GET /ve-icon-2.ico HTTP/1.1" 200 2238 "-" "Mozilla/4.0 (compatible; MSIE 7.0; Windows NT 6.0; SLCC1; .NET CLR 2.0.50727; Media Center PC 5.0; .NET CLR 3.0.04506; Qwest 1.0)"
97.115.50.184 - - [20/Jan/2009:09:41:21 +0100] "GET /menueleiste.js HTTP/1.1" 404 2748 "http://www.various-euro.com/restate_copy.html" "Mozilla/4.0 (compatible; MSIE 7.0; Windows NT 6.0; SLCC1; .NET CLR 2.0.50727; Media Center PC 5.0; .NET CLR 3.0.04506; Qwest 1.0)"
97.115.50.184 - - [20/Jan/2009:09:41:22 +0100] "GET /framez-restate.html HTTP/1.1" 200 4328 "-" "Mozilla/4.0 (compatible; MSIE 7.0; Windows NT 6.0; SLCC1; .NET CLR 2.0.50727; Media Center PC 5.0; .NET CLR 3.0.04506; Qwest 1.0)"
97.115.50.184 - - [20/Jan/2009:09:41:23 +0100] "GET /frame-unten.html HTTP/1.1" 200 5308 "http://www.various-euro.com/framez-restate.html" "Mozilla/4.0 (compatible; MSIE 7.0; Windows NT 6.0; SLCC1; .NET CLR 2.0.50727; Media Center PC 5.0; .NET CLR 3.0.04506; Qwest 1.0)"
97.115.50.184 - - [20/Jan/2009:09:41:23 +0100] "GET /frame-menu.html HTTP/1.1" 200 10536 "http://www.various-euro.com/framez-restate.html" "Mozilla/4.0 (compatible; MSIE 7.0; Windows NT 6.0; SLCC1; .NET CLR 2.0.50727; Media Center PC 5.0; .NET CLR 3.0.04506; Qwest 1.0)"
97.115.50.184 - - [20/Jan/2009:09:41:23 +0100] "GET /menueleiste.js HTTP/1.1" 404 2748 "http://www.various-euro.com/restate_copy.html" "Mozilla/4.0 (compatible; MSIE 7.0; Windows NT 6.0; SLCC1; .NET CLR 2.0.50727; Media Center PC 5.0; .NET CLR 3.0.04506; Qwest 1.0)"
97.115.50.184 - - [20/Jan/2009:09:41:23 +0100] "GET /restate_copy.html HTTP/1.1" 200 89756 "http://www.various-euro.com/framez-restate.html" "Mozilla/4.0 (compatible; MSIE 7.0; Windows NT 6.0; SLCC1; .NET CLR 2.0.50727; Media Center PC 5.0; .NET CLR 3.0.04506; Qwest 1.0)"
