217.153.113.248 - - [27/Mar/2009:11:40:08 +0100] "GET /bannerz/wet.gif HTTP/1.1" 200 18561 "http://www.various-euro.com/frame-inhalt.html" "Mozilla/5.0 (Windows; U; Windows NT 5.1; en-GB; rv:1.9.0.7) Gecko/2009021910 Firefox/3.0.7"
217.153.113.248 - - [27/Mar/2009:11:40:08 +0100] "GET /bannerz/goolag_468.jpg HTTP/1.1" 200 28285 "http://www.various-euro.com/frame-inhalt.html" "Mozilla/5.0 (Windows; U; Windows NT 5.1; en-GB; rv:1.9.0.7) Gecko/2009021910 Firefox/3.0.7"
222.122.141.74 - - [27/Mar/2009:11:54:34 +0100] "GET //index.php?_shop_path=http://admins.onceinalifespan.com/gid.txt??? HTTP/1.1" 404 2748 "-" "libwww-perl/5.79"
222.122.141.74 - - [27/Mar/2009:11:54:38 +0100] "GET //index.php?_shop_path=http://admins.onceinalifespan.com/gid.txt??? HTTP/1.1" 404 2748 "-" "libwww-perl/5.79"
222.122.141.74 - - [27/Mar/2009:11:57:08 +0100] "GET /framez.html//index.php?_shop_path=http://admins.onceinalifespan.com/gid.txt??? HTTP/1.1" 200 3959 "-" "libwww-perl/5.79"
222.122.141.74 - - [27/Mar/2009:11:57:10 +0100] "GET /framez.html//index.php?_shop_path=http://admins.onceinalifespan.com/gid.txt??? HTTP/1.1" 200 3959 "-" "libwww-perl/5.79"
222.122.141.74 - - [27/Mar/2009:11:59:08 +0100] "GET /framez-rez.html//index.php?_shop_path=http://admins.onceinalifespan.com/gid.txt??? HTTP/1.1" 200 4323 "-" "libwww-perl/5.79"
222.122.141.74 - - [27/Mar/2009:11:59:25 +0100] "GET /framez-rez.html//index.php?_shop_path=http://admins.onceinalifespan.com/gid.txt??? HTTP/1.1" 200 4323 "-" "libwww-perl/5.79"
65.55.107.182 - - [27/Mar/2009:12:17:43 +0100] "GET /robots.txt HTTP/1.1" 200 64 "-" "msnbot/2.0b (+http://search.msn.com/msnbot.htm)"
66.249.71.249 - - [27/Mar/2009:12:18:44 +0100] "GET /f-actions.html HTTP/1.1" 200 11006 "-" "Mozilla/5.0 (compatible; Googlebot/2.1; +http://www.google.com/bot.html)"
66.196.119.21 - - [27/Mar/2009:12:23:54 +0100] "HEAD /zampa-lovers/index.html HTTP/1.1" 200 - "http://de.babelfish.yahoo.com/translate_url?trurl=http%3A%2F%2Fwww.various-euro.com%2Fzampa-lovers%2Findex.html&lp=en_de&.intl=de&fr=bf-home" "Mozilla/4.0 (compatible; MSIE 7.0; Windows NT 5.1)"
66.196.119.21 - - [27/Mar/2009:12:23:55 +0100] "GET /zampa-lovers/index.html HTTP/1.1" 200 37790 "http://de.babelfish.yahoo.com/translate_url?trurl=http%3A%2F%2Fwww.various-euro.com%2Fzampa-lovers%2Findex.html&lp=en_de&.intl=de&fr=bf-home" "Mozilla/4.0 (compatible; MSIE 7.0; Windows NT 5.1) (via babelfish.yahoo.com)"
78.48.213.127 - - [27/Mar/2009:12:23:59 +0100] "GET /zampa-lovers/kralle.gif HTTP/1.1" 404 2748 "http://66.196.80.202/babelfish/translate_url_content?.intl=de&lp=en_de&trurl=http%3A%2F%2Fwww.various-euro.com%2Fzampa-lovers%2Findex.html" "Mozilla/4.0 (compatible; MSIE 7.0; Windows NT 5.1)"
78.48.213.127 - - [27/Mar/2009:12:23:59 +0100] "GET /zampa-lovers/DRAGAN_Z.JPG HTTP/1.1" 200 6850 "http://66.196.80.202/babelfish/translate_url_content?.intl=de&lp=en_de&trurl=http%3A%2F%2Fwww.various-euro.com%2Fzampa-lovers%2Findex.html" "Mozilla/4.0 (compatible; MSIE 7.0; Windows NT 5.1)"
78.48.213.127 - - [27/Mar/2009:12:23:59 +0100] "GET /zampa-lovers/MILIZA_2.JPG HTTP/1.1" 200 22172 "http://66.196.80.202/babelfish/translate_url_content?.intl=de&lp=en_de&trurl=http%3A%2F%2Fwww.various-euro.com%2Fzampa-lovers%2Findex.html" "Mozilla/4.0 (compatible; MSIE 7.0; Windows NT 5.1)"
78.48.213.127 - - [27/Mar/2009:12:23:59 +0100] "GET /zampa-lovers/MILIZA_3.JPG HTTP/1.1" 200 26924 "http://66.196.80.202/babelfish/translate_url_content?.intl=de&lp=en_de&trurl=http%3A%2F%2Fwww.various-euro.com%2Fzampa-lovers%2Findex.html" "Mozilla/4.0 (compatible; MSIE 7.0; Windows NT 5.1)"
78.48.213.127 - - [27/Mar/2009:12:23:59 +0100] "GET /zampa-lovers/MILIZA_B.JPG HTTP/1.1" 200 10947 "http://66.196.80.202/babelfish/translate_url_content?.intl=de&lp=en_de&trurl=http%3A%2F%2Fwww.various-euro.com%2Fzampa-lovers%2Findex.html" "Mozilla/4.0 (compatible; MSIE 7.0; Windows NT 5.1)"
78.48.213.127 - - [27/Mar/2009:12:24:00 +0100] "GET /zampa-lovers/MILIZA_4.JPG HTTP/1.1" 200 9946 "http://66.196.80.202/babelfish/translate_url_content?.intl=de&lp=en_de&trurl=http%3A%2F%2Fwww.various-euro.com%2Fzampa-lovers%2Findex.html" "Mozilla/4.0 (compatible; MSIE 7.0; Windows NT 5.1)"
78.48.213.127 - - [27/Mar/2009:12:23:59 +0100] "GET /zampa-lovers/zampa.gif HTTP/1.1" 200 460627 "http://66.196.80.202/babelfish/translate_url_content?.intl=de&lp=en_de&trurl=http%3A%2F%2Fwww.various-euro.com%2Fzampa-lovers%2Findex.html" "Mozilla/4.0 (compatible; MSIE 7.0; Windows NT 5.1)"
78.48.213.127 - - [27/Mar/2009:12:24:00 +0100] "GET /zampa-lovers/DRAGANZA.JPG HTTP/1.1" 200 18560 "http://66.196.80.202/babelfish/translate_url_content?.intl=de&lp=en_de&trurl=http%3A%2F%2Fwww.various-euro.com%2Fzampa-lovers%2Findex.html" "Mozilla/4.0 (compatible; MSIE 7.0; Windows NT 5.1)"
78.48.213.127 - - [27/Mar/2009:12:24:00 +0100] "GET /zampa-lovers/2SEITEVE.GIF HTTP/1.1" 200 83466 "http://66.196.80.202/babelfish/translate_url_content?.intl=de&lp=en_de&trurl=http%3A%2F%2Fwww.various-euro.com%2Fzampa-lovers%2Findex.html" "Mozilla/4.0 (compatible; MSIE 7.0; Windows NT 5.1)"
78.48.213.127 - - [27/Mar/2009:12:24:00 +0100] "GET /zampa-lovers/1SEITEVE.GIF HTTP/1.1" 200 78726 "http://66.196.80.202/babelfish/translate_url_content?.intl=de&lp=en_de&trurl=http%3A%2F%2Fwww.various-euro.com%2Fzampa-lovers%2Findex.html" "Mozilla/4.0 (compatible; MSIE 7.0; Windows NT 5.1)"
78.48.213.127 - - [27/Mar/2009:12:24:00 +0100] "GET /zampa-lovers/Kralle.gif HTTP/1.1" 200 260 "http://66.196.80.202/babelfish/translate_url_content?.intl=de&lp=en_de&trurl=http%3A%2F%2Fwww.various-euro.com%2Fzampa-lovers%2Findex.html" "Mozilla/4.0 (compatible; MSIE 7.0; Windows NT 5.1)"
78.48.213.127 - - [27/Mar/2009:12:24:00 +0100] "GET /zampa-lovers/zampa-2X2.gif HTTP/1.1" 200 6948 "http://66.196.80.202/babelfish/translate_url_content?.intl=de&lp=en_de&trurl=http%3A%2F%2Fwww.various-euro.com%2Fzampa-lovers%2Findex.html" "Mozilla/4.0 (compatible; MSIE 7.0; Windows NT 5.1)"
78.48.213.127 - - [27/Mar/2009:12:24:00 +0100] "GET /zampa-lovers/zampamali.gif HTTP/1.1" 200 2617 "http://66.196.80.202/babelfish/translate_url_content?.intl=de&lp=en_de&trurl=http%3A%2F%2Fwww.various-euro.com%2Fzampa-lovers%2Findex.html" "Mozilla/4.0 (compatible; MSIE 7.0; Windows NT 5.1)"
78.48.213.127 - - [27/Mar/2009:12:24:45 +0100] "GET /zampa-lovers/kralle.gif HTTP/1.1" 404 2748 "http://www.various-euro.com/zampa-lovers/index.html" "Mozilla/4.0 (compatible; MSIE 7.0; Windows NT 5.1)"
78.48.213.127 - - [27/Mar/2009:12:24:45 +0100] "GET /zampa-lovers/index.html HTTP/1.1" 200 37790 "-" "Mozilla/4.0 (compatible; MSIE 7.0; Windows NT 5.1)"
78.48.213.127 - - [27/Mar/2009:12:24:45 +0100] "GET /zampa-lovers/zampa.gif HTTP/1.1" 304 - "http://www.various-euro.com/zampa-lovers/index.html" "Mozilla/4.0 (compatible; MSIE 7.0; Windows NT 5.1)"
78.48.213.127 - - [27/Mar/2009:12:24:45 +0100] "GET /zampa-lovers/DRAGAN_Z.JPG HTTP/1.1" 304 - "http://www.various-euro.com/zampa-lovers/index.html" "Mozilla/4.0 (compatible; MSIE 7.0; Windows NT 5.1)"
78.48.213.127 - - [27/Mar/2009:12:24:45 +0100] "GET /zampa-lovers/MILIZA_2.JPG HTTP/1.1" 304 - "http://www.various-euro.com/zampa-lovers/index.html" "Mozilla/4.0 (compatible; MSIE 7.0; Windows NT 5.1)"
78.48.213.127 - - [27/Mar/2009:12:24:45 +0100] "GET /zampa-lovers/MILIZA_3.JPG HTTP/1.1" 304 - "http://www.various-euro.com/zampa-lovers/index.html" "Mozilla/4.0 (compatible; MSIE 7.0; Windows NT 5.1)"
78.48.213.127 - - [27/Mar/2009:12:24:45 +0100] "GET /zampa-lovers/MILIZA_B.JPG HTTP/1.1" 304 - "http://www.various-euro.com/zampa-lovers/index.html" "Mozilla/4.0 (compatible; MSIE 7.0; Windows NT 5.1)"
78.48.213.127 - - [27/Mar/2009:12:24:45 +0100] "GET /zampa-lovers/MILIZA_4.JPG HTTP/1.1" 304 - "http://www.various-euro.com/zampa-lovers/index.html" "Mozilla/4.0 (compatible; MSIE 7.0; Windows NT 5.1)"
78.48.213.127 - - [27/Mar/2009:12:24:46 +0100] "GET /zampa-lovers/DRAGANZA.JPG HTTP/1.1" 304 - "http://www.various-euro.com/zampa-lovers/index.html" "Mozilla/4.0 (compatible; MSIE 7.0; Windows NT 5.1)"
78.48.213.127 - - [27/Mar/2009:12:24:46 +0100] "GET /zampa-lovers/1SEITEVE.GIF HTTP/1.1" 304 - "http://www.various-euro.com/zampa-lovers/index.html" "Mozilla/4.0 (compatible; MSIE 7.0; Windows NT 5.1)"
78.48.213.127 - - [27/Mar/2009:12:24:46 +0100] "GET /zampa-lovers/2SEITEVE.GIF HTTP/1.1" 304 - "http://www.various-euro.com/zampa-lovers/index.html" "Mozilla/4.0 (compatible; MSIE 7.0; Windows NT 5.1)"
78.48.213.127 - - [27/Mar/2009:12:24:46 +0100] "GET /zampa-lovers/Kralle.gif HTTP/1.1" 304 - "http://www.various-euro.com/zampa-lovers/index.html" "Mozilla/4.0 (compatible; MSIE 7.0; Windows NT 5.1)"
78.48.213.127 - - [27/Mar/2009:12:24:46 +0100] "GET /zampa-lovers/zampa-2X2.gif HTTP/1.1" 304 - "http://www.various-euro.com/zampa-lovers/index.html" "Mozilla/4.0 (compatible; MSIE 7.0; Windows NT 5.1)"
78.48.213.127 - - [27/Mar/2009:12:24:46 +0100] "GET /zampa-lovers/zampamali.gif HTTP/1.1" 304 - "http://www.various-euro.com/zampa-lovers/index.html" "Mozilla/4.0 (compatible; MSIE 7.0; Windows NT 5.1)"
78.48.213.127 - - [27/Mar/2009:12:24:46 +0100] "GET /framez-zampa-lovers.html HTTP/1.1" 200 4322 "-" "Mozilla/4.0 (compatible; MSIE 7.0; Windows NT 5.1)"
78.48.213.127 - - [27/Mar/2009:12:24:46 +0100] "GET /zampa-lovers/zampa.ICO HTTP/1.1" 200 7134 "-" "Mozilla/4.0 (compatible; MSIE 7.0; Windows NT 5.1)"
78.48.213.127 - - [27/Mar/2009:12:24:46 +0100] "GET /frame-menu.html HTTP/1.1" 200 10536 "http://www.various-euro.com/framez-zampa-lovers.html" "Mozilla/4.0 (compatible; MSIE 7.0; Windows NT 5.1)"
78.48.213.127 - - [27/Mar/2009:12:24:46 +0100] "GET /frame-unten.html HTTP/1.1" 200 5308 "http://www.various-euro.com/framez-zampa-lovers.html" "Mozilla/4.0 (compatible; MSIE 7.0; Windows NT 5.1)"
78.48.213.127 - - [27/Mar/2009:12:24:46 +0100] "GET /zampa-lovers/index.html HTTP/1.1" 200 37790 "http://www.various-euro.com/framez-zampa-lovers.html" "Mozilla/4.0 (compatible; MSIE 7.0; Windows NT 5.1)"
78.48.213.127 - - [27/Mar/2009:12:24:46 +0100] "GET /style/various-euro.css HTTP/1.1" 200 3437 "http://www.various-euro.com/frame-menu.html" "Mozilla/4.0 (compatible; MSIE 7.0; Windows NT 5.1)"
78.48.213.127 - - [27/Mar/2009:12:24:46 +0100] "GET /zampa-lovers/kralle.gif HTTP/1.1" 404 2748 "http://www.various-euro.com/zampa-lovers/index.html" "Mozilla/4.0 (compatible; MSIE 7.0; Windows NT 5.1)"
78.48.213.127 - - [27/Mar/2009:12:24:46 +0100] "GET /bannerz/ve.jpg HTTP/1.1" 200 36912 "http://www.various-euro.com/frame-unten.html" "Mozilla/4.0 (compatible; MSIE 7.0; Windows NT 5.1)"
78.48.213.127 - - [27/Mar/2009:12:24:46 +0100] "GET /bannerz/various-euro-girl.jpg HTTP/1.1" 200 91514 "http://www.various-euro.com/frame-unten.html" "Mozilla/4.0 (compatible; MSIE 7.0; Windows NT 5.1)"
78.48.213.127 - - [27/Mar/2009:12:24:47 +0100] "GET /ve-icon-2.ico HTTP/1.1" 200 2238 "-" "Mozilla/4.0 (compatible; MSIE 7.0; Windows NT 5.1)"
78.48.213.127 - - [27/Mar/2009:12:26:10 +0100] "GET /zampa-lovers/kralle.gif HTTP/1.1" 404 2748 "http://www.various-euro.com/zampa-lovers/index.html" "Mozilla/4.0 (compatible; MSIE 7.0; Windows NT 5.1)"
78.48.213.127 - - [27/Mar/2009:12:26:10 +0100] "GET /framez-zampa-lovers.html HTTP/1.1" 200 4322 "-" "Mozilla/4.0 (compatible; MSIE 7.0; Windows NT 5.1)"
78.48.213.127 - - [27/Mar/2009:12:26:11 +0100] "GET /frame-menu.html HTTP/1.1" 200 10536 "http://www.various-euro.com/framez-zampa-lovers.html" "Mozilla/4.0 (compatible; MSIE 7.0; Windows NT 5.1)"
78.48.213.127 - - [27/Mar/2009:12:26:11 +0100] "GET /frame-unten.html HTTP/1.1" 200 5308 "http://www.various-euro.com/framez-zampa-lovers.html" "Mozilla/4.0 (compatible; MSIE 7.0; Windows NT 5.1)"
78.48.213.127 - - [27/Mar/2009:12:26:11 +0100] "GET /zampa-lovers/kralle.gif HTTP/1.1" 404 2748 "http://www.various-euro.com/zampa-lovers/index.html" "Mozilla/4.0 (compatible; MSIE 7.0; Windows NT 5.1)"
78.48.213.127 - - [27/Mar/2009:12:26:11 +0100] "GET /zampa-lovers/index.html HTTP/1.1" 200 37790 "http://www.various-euro.com/framez-zampa-lovers.html" "Mozilla/4.0 (compatible; MSIE 7.0; Windows NT 5.1)"
78.48.213.127 - - [27/Mar/2009:12:26:14 +0100] "GET /zampa-lovers/kralle.gif HTTP/1.1" 404 2748 "http://www.various-euro.com/zampa-lovers/index.html" "Mozilla/4.0 (compatible; MSIE 7.0; Windows NT 5.1)"
78.48.213.127 - - [27/Mar/2009:12:26:14 +0100] "GET /framez-zampa-lovers.html HTTP/1.1" 200 4322 "-" "Mozilla/4.0 (compatible; MSIE 7.0; Windows NT 5.1)"
78.48.213.127 - - [27/Mar/2009:12:26:14 +0100] "GET /frame-menu.html HTTP/1.1" 200 10536 "http://www.various-euro.com/framez-zampa-lovers.html" "Mozilla/4.0 (compatible; MSIE 7.0; Windows NT 5.1)"
78.48.213.127 - - [27/Mar/2009:12:26:14 +0100] "GET /frame-unten.html HTTP/1.1" 200 5308 "http://www.various-euro.com/framez-zampa-lovers.html" "Mozilla/4.0 (compatible; MSIE 7.0; Windows NT 5.1)"
78.48.213.127 - - [27/Mar/2009:12:26:14 +0100] "GET /zampa-lovers/index.html HTTP/1.1" 200 37790 "http://www.various-euro.com/framez-zampa-lovers.html" "Mozilla/4.0 (compatible; MSIE 7.0; Windows NT 5.1)"
78.48.213.127 - - [27/Mar/2009:12:26:14 +0100] "GET /zampa-lovers/kralle.gif HTTP/1.1" 404 2748 "http://www.various-euro.com/zampa-lovers/index.html" "Mozilla/4.0 (compatible; MSIE 7.0; Windows NT 5.1)"
78.48.213.127 - - [27/Mar/2009:12:26:23 +0100] "GET /zampa-lovers/kralle.gif HTTP/1.1" 404 2748 "http://www.various-euro.com/zampa-lovers/index.html" "Mozilla/4.0 (compatible; MSIE 7.0; Windows NT 5.1)"
78.48.213.127 - - [27/Mar/2009:12:26:23 +0100] "GET /framez-zampa-lovers.html HTTP/1.1" 200 4322 "-" "Mozilla/4.0 (compatible; MSIE 7.0; Windows NT 5.1)"
78.48.213.127 - - [27/Mar/2009:12:26:24 +0100] "GET /frame-menu.html HTTP/1.1" 200 10536 "http://www.various-euro.com/framez-zampa-lovers.html" "Mozilla/4.0 (compatible; MSIE 7.0; Windows NT 5.1)"
78.48.213.127 - - [27/Mar/2009:12:26:24 +0100] "GET /zampa-lovers/index.html HTTP/1.1" 200 37790 "http://www.various-euro.com/framez-zampa-lovers.html" "Mozilla/4.0 (compatible; MSIE 7.0; Windows NT 5.1)"
78.48.213.127 - - [27/Mar/2009:12:26:24 +0100] "GET /frame-unten.html HTTP/1.1" 200 5308 "http://www.various-euro.com/framez-zampa-lovers.html" "Mozilla/4.0 (compatible; MSIE 7.0; Windows NT 5.1)"
78.48.213.127 - - [27/Mar/2009:12:26:24 +0100] "GET /zampa-lovers/kralle.gif HTTP/1.1" 404 2748 "http://www.various-euro.com/zampa-lovers/index.html" "Mozilla/4.0 (compatible; MSIE 7.0; Windows NT 5.1)"
66.196.119.20 - - [27/Mar/2009:12:26:57 +0100] "HEAD /zampa-lovers/index.html HTTP/1.1" 200 - "http://de.babelfish.yahoo.com/translate_url?trurl=http%3A%2F%2Fwww.various-euro.com%2Fzampa-lovers%2Findex.html&lp=en_de&.intl=de&fr=bf-home" "Mozilla/4.0 (compatible; MSIE 7.0; Windows NT 5.1)"
66.196.119.21 - - [27/Mar/2009:12:26:57 +0100] "GET /zampa-lovers/index.html HTTP/1.1" 200 37790 "http://de.babelfish.yahoo.com/translate_url?trurl=http%3A%2F%2Fwww.various-euro.com%2Fzampa-lovers%2Findex.html&lp=en_de&.intl=de&fr=bf-home" "Mozilla/4.0 (compatible; MSIE 7.0; Windows NT 5.1) (via babelfish.yahoo.com)"
78.48.213.127 - - [27/Mar/2009:12:27:01 +0100] "GET /zampa-lovers/kralle.gif HTTP/1.1" 404 2748 "http://66.196.80.202/babelfish/translate_url_content?.intl=de&lp=en_de&trurl=http%3A%2F%2Fwww.various-euro.com%2Fzampa-lovers%2Findex.html" "Mozilla/4.0 (compatible; MSIE 7.0; Windows NT 5.1)"
87.250.39.216 - - [27/Mar/2009:12:32:32 +0100] "GET /favicon.ico HTTP/1.1" 302 364 "-" "Mozilla/4.0 (compatible; GoogleToolbar 5.0.2124.6042; Windows XP 5.1; MSIE 7.0.5730.13)"
87.250.39.216 - - [27/Mar/2009:12:32:32 +0100] "GET /zampa/favicon.ico HTTP/1.1" 404 2748 "-" "Mozilla/4.0 (compatible; GoogleToolbar 5.0.2124.6042; Windows XP 5.1; MSIE 7.0.5730.13)"
87.250.39.216 - - [27/Mar/2009:12:32:33 +0100] "GET /favicon.gif HTTP/1.1" 302 364 "-" "Mozilla/4.0 (compatible; GoogleToolbar 5.0.2124.6042; Windows XP 5.1; MSIE 7.0.5730.13)"
87.250.39.216 - - [27/Mar/2009:12:32:33 +0100] "GET /zampa/favicon.gif HTTP/1.1" 404 2748 "-" "Mozilla/4.0 (compatible; GoogleToolbar 5.0.2124.6042; Windows XP 5.1; MSIE 7.0.5730.13)"
66.249.71.249 - - [27/Mar/2009:12:35:37 +0100] "GET /f-zeug.html HTTP/1.1" 200 48203 "-" "Mozilla/5.0 (compatible; Googlebot/2.1; +http://www.google.com/bot.html)"
67.195.37.153 - - [27/Mar/2009:12:51:18 +0100] "GET /robots.txt HTTP/1.0" 200 64 "-" "Mozilla/5.0 (compatible; Yahoo! Slurp; http://help.yahoo.com/help/us/ysearch/slurp)"
67.195.37.153 - - [27/Mar/2009:12:51:19 +0100] "GET /f-actions.html HTTP/1.0" 200 11006 "-" "Mozilla/5.0 (compatible; Yahoo! Slurp/3.0; http://help.yahoo.com/help/us/ysearch/slurp)"
97.74.118.95 - - [27/Mar/2009:13:01:35 +0100] "GET /framez-schubb5.html HTTP/1.0" 200 4330 "http://www.various-euro.com/framez-schubb5.html" "Mozilla/4.0 (compatible; MSIE 6.0; Windows NT 5.1; SV1; .NET CLR 1.0.3705; .NET CLR 1.1.4322; .NET CLR 2.0.40607)"
97.74.118.95 - - [27/Mar/2009:13:01:37 +0100] "GET /frame-menu.html HTTP/1.0" 200 10536 "http://www.various-euro.com/frame-menu.html" "Mozilla/4.0 (compatible; MSIE 6.0; Windows NT 5.1; SV1; .NET CLR 1.0.3705; .NET CLR 1.1.4322; .NET CLR 2.0.40607)"
97.74.118.95 - - [27/Mar/2009:13:01:38 +0100] "GET /schubb/schubb-5.html HTTP/1.0" 200 72944 "http://www.various-euro.com/schubb/schubb-5.html" "Mozilla/4.0 (compatible; MSIE 6.0; Windows NT 5.1; SV1; .NET CLR 1.0.3705; .NET CLR 1.1.4322; .NET CLR 2.0.40607)"
97.74.118.95 - - [27/Mar/2009:13:01:40 +0100] "GET /frame-unten.html HTTP/1.0" 200 5308 "http://www.various-euro.com/frame-unten.html" "Mozilla/4.0 (compatible; MSIE 6.0; Windows NT 5.1; SV1; .NET CLR 1.0.3705; .NET CLR 1.1.4322; .NET CLR 2.0.40607)"
66.249.71.249 - - [27/Mar/2009:13:19:06 +0100] "GET /neon/code.html HTTP/1.1" 200 1109 "-" "Mozilla/5.0 (compatible; Googlebot/2.1; +http://www.google.com/bot.html)"
66.249.71.249 - - [27/Mar/2009:13:30:14 +0100] "GET /neon/warning.html HTTP/1.1" 200 5134 "-" "Mozilla/5.0 (compatible; Googlebot/2.1; +http://www.google.com/bot.html)"
66.249.71.249 - - [27/Mar/2009:13:42:51 +0100] "GET /framez-schubb4.html HTTP/1.1" 200 4318 "-" "Mozilla/5.0 (compatible; Googlebot/2.1; +http://www.google.com/bot.html)"
67.195.37.153 - - [27/Mar/2009:14:04:16 +0100] "GET /f-sponsor.html HTTP/1.0" 200 8578 "-" "Mozilla/5.0 (compatible; Yahoo! Slurp/3.0; http://help.yahoo.com/help/us/ysearch/slurp)"
67.195.37.153 - - [27/Mar/2009:14:09:58 +0100] "GET /restate_copy.html HTTP/1.0" 200 97631 "-" "Mozilla/5.0 (compatible; Yahoo! Slurp/3.0; http://help.yahoo.com/help/us/ysearch/slurp)"
64.17.2.164 - - [27/Mar/2009:14:16:19 +0100] "GET /robots.txt HTTP/1.1" 302 363 "-" "MLBot (www.metadatalabs.com/mlbot)"
64.17.2.164 - - [27/Mar/2009:14:16:19 +0100] "GET /zampa/robots.txt HTTP/1.1" 404 2748 "-" "MLBot (www.metadatalabs.com/mlbot)"
64.17.2.164 - - [27/Mar/2009:14:16:19 +0100] "GET / HTTP/1.1" 302 353 "-" "MLBot (www.metadatalabs.com/mlbot)"
64.17.2.164 - - [27/Mar/2009:14:16:20 +0100] "GET /robots.txt HTTP/1.1" 200 64 "-" "MLBot (www.metadatalabs.com/mlbot)"
64.17.2.164 - - [27/Mar/2009:14:16:20 +0100] "GET /zampa/ HTTP/1.1" 200 7153 "-" "MLBot (www.metadatalabs.com/mlbot)"
66.249.71.249 - - [27/Mar/2009:14:41:42 +0100] "GET /framez-e-count.html HTTP/1.1" 200 4321 "-" "Mozilla/5.0 (compatible; Googlebot/2.1; +http://www.google.com/bot.html)"
195.23.90.113 - - [27/Mar/2009:14:49:57 +0100] "GET /f-logz_old.html HTTP/1.1" 200 43773 "-" "Mozilla/4.0 (compatible; MSIE 6.0; Windows NT 5.0)"
67.195.37.154 - - [27/Mar/2009:14:53:06 +0100] "GET /robots.txt HTTP/1.0" 200 64 "-" "Mozilla/5.0 (compatible; Yahoo! Slurp; http://help.yahoo.com/help/us/ysearch/slurp)"
67.195.37.154 - - [27/Mar/2009:14:53:07 +0100] "GET /bmpp/euro_pal_1.html HTTP/1.0" 200 18252 "-" "Mozilla/5.0 (compatible; Yahoo! Slurp/3.0; http://help.yahoo.com/help/us/ysearch/slurp)"
67.195.37.154 - - [27/Mar/2009:14:53:16 +0100] "GET /f-maintitle.html HTTP/1.0" 200 5030 "-" "Mozilla/5.0 (compatible; Yahoo! Slurp/3.0; http://help.yahoo.com/help/us/ysearch/slurp)"
74.6.8.90 - - [27/Mar/2009:15:00:44 +0100] "GET /robots.txt HTTP/1.0" 200 64 "-" "Mozilla/5.0 (compatible; Yahoo! Slurp; http://help.yahoo.com/help/us/ysearch/slurp)"
74.6.8.90 - - [27/Mar/2009:15:00:45 +0100] "GET /f-contact.html HTTP/1.0" 200 6804 "-" "Mozilla/5.0 (compatible; Yahoo! Slurp/3.0; http://help.yahoo.com/help/us/ysearch/slurp)"
67.195.37.156 - - [27/Mar/2009:15:07:36 +0100] "GET /robots.txt HTTP/1.0" 302 363 "-" "Mozilla/5.0 (compatible; Yahoo! Slurp; http://help.yahoo.com/help/us/ysearch/slurp)"
67.195.37.156 - - [27/Mar/2009:15:07:37 +0100] "GET /zampa/robots.txt HTTP/1.0" 404 2748 "-" "Mozilla/5.0 (compatible; Yahoo! Slurp; http://help.yahoo.com/help/us/ysearch/slurp)"
67.195.37.156 - - [27/Mar/2009:15:07:37 +0100] "GET / HTTP/1.0" 302 353 "-" "Mozilla/5.0 (compatible; Yahoo! Slurp/3.0; http://help.yahoo.com/help/us/ysearch/slurp)"
67.195.37.154 - - [27/Mar/2009:15:07:47 +0100] "GET /zampa/ HTTP/1.0" 200 7153 "-" "Mozilla/5.0 (compatible; Yahoo! Slurp/3.0; http://help.yahoo.com/help/us/ysearch/slurp)"
66.249.71.249 - - [27/Mar/2009:15:11:06 +0100] "GET /framez-search.html HTTP/1.1" 200 4326 "-" "Mozilla/5.0 (compatible; Googlebot/2.1; +http://www.google.com/bot.html)"
66.249.71.249 - - [27/Mar/2009:15:23:43 +0100] "GET /DgH/orginal/index.html HTTP/1.1" 200 1727 "-" "Mozilla/5.0 (compatible; Googlebot/2.1; +http://www.google.com/bot.html)"
67.195.37.185 - - [27/Mar/2009:15:27:09 +0100] "GET /robots.txt HTTP/1.0" 200 64 "-" "Mozilla/5.0 (compatible; Yahoo! Slurp; http://help.yahoo.com/help/us/ysearch/slurp)"
67.195.37.185 - - [27/Mar/2009:15:27:09 +0100] "GET /f-sponsor.html HTTP/1.0" 200 8578 "-" "Mozilla/5.0 (compatible; Yahoo! Slurp/3.0; http://help.yahoo.com/help/us/ysearch/slurp)"
67.195.37.154 - - [27/Mar/2009:15:31:59 +0100] "GET /bmpp/euro_pal_111.html HTTP/1.0" 200 2129 "-" "Mozilla/5.0 (compatible; Yahoo! Slurp/3.0; http://help.yahoo.com/help/us/ysearch/slurp)"
82.32.149.49 - - [27/Mar/2009:15:35:54 +0100] "GET /favicon.ico HTTP/1.1" 404 2748 "-" "Mozilla/5.0 (Windows; U; Windows NT 6.0; en-US; rv:1.9.0.7) Gecko/2009021910 Firefox/3.0.7 GTB5 (.NET CLR 3.5.30729)"
66.249.71.249 - - [27/Mar/2009:15:36:20 +0100] "GET /3dsf3/sendi/receiver.html HTTP/1.1" 200 1402 "-" "Mozilla/5.0 (compatible; Googlebot/2.1; +http://www.google.com/bot.html)"
87.250.39.216 - - [27/Mar/2009:15:40:25 +0100] "GET /favicon.ico HTTP/1.1" 302 364 "-" "Mozilla/4.0 (compatible; GoogleToolbar 5.0.2124.6042; Windows XP 5.1; MSIE 7.0.5730.13)"
87.250.39.216 - - [27/Mar/2009:15:40:25 +0100] "GET /zampa/favicon.ico HTTP/1.1" 404 2748 "-" "Mozilla/4.0 (compatible; GoogleToolbar 5.0.2124.6042; Windows XP 5.1; MSIE 7.0.5730.13)"
87.250.39.216 - - [27/Mar/2009:15:40:25 +0100] "GET /favicon.gif HTTP/1.1" 302 364 "-" "Mozilla/4.0 (compatible; GoogleToolbar 5.0.2124.6042; Windows XP 5.1; MSIE 7.0.5730.13)"
87.250.39.216 - - [27/Mar/2009:15:40:25 +0100] "GET /zampa/favicon.gif HTTP/1.1" 404 2748 "-" "Mozilla/4.0 (compatible; GoogleToolbar 5.0.2124.6042; Windows XP 5.1; MSIE 7.0.5730.13)"
87.250.39.216 - - [27/Mar/2009:15:41:39 +0100] "GET /favicon.ico HTTP/1.1" 302 364 "-" "Mozilla/4.0 (compatible; GoogleToolbar 5.0.2124.6042; Windows XP 5.1; MSIE 7.0.5730.13)"
87.250.39.216 - - [27/Mar/2009:15:41:39 +0100] "GET /zampa/favicon.ico HTTP/1.1" 404 2748 "-" "Mozilla/4.0 (compatible; GoogleToolbar 5.0.2124.6042; Windows XP 5.1; MSIE 7.0.5730.13)"
87.250.39.216 - - [27/Mar/2009:15:41:39 +0100] "GET /favicon.gif HTTP/1.1" 302 364 "-" "Mozilla/4.0 (compatible; GoogleToolbar 5.0.2124.6042; Windows XP 5.1; MSIE 7.0.5730.13)"
87.250.39.216 - - [27/Mar/2009:15:41:39 +0100] "GET /zampa/favicon.gif HTTP/1.1" 404 2748 "-" "Mozilla/4.0 (compatible; GoogleToolbar 5.0.2124.6042; Windows XP 5.1; MSIE 7.0.5730.13)"
87.250.39.216 - - [27/Mar/2009:15:47:38 +0100] "GET /favicon.ico HTTP/1.1" 302 364 "-" "Mozilla/4.0 (compatible; GoogleToolbar 5.0.2124.6042; Windows XP 5.1; MSIE 7.0.5730.13)"
87.250.39.216 - - [27/Mar/2009:15:47:38 +0100] "GET /zampa/favicon.ico HTTP/1.1" 404 2748 "-" "Mozilla/4.0 (compatible; GoogleToolbar 5.0.2124.6042; Windows XP 5.1; MSIE 7.0.5730.13)"
87.250.39.216 - - [27/Mar/2009:15:47:38 +0100] "GET /favicon.gif HTTP/1.1" 302 364 "-" "Mozilla/4.0 (compatible; GoogleToolbar 5.0.2124.6042; Windows XP 5.1; MSIE 7.0.5730.13)"
87.250.39.216 - - [27/Mar/2009:15:47:38 +0100] "GET /zampa/favicon.gif HTTP/1.1" 404 2748 "-" "Mozilla/4.0 (compatible; GoogleToolbar 5.0.2124.6042; Windows XP 5.1; MSIE 7.0.5730.13)"
87.250.39.216 - - [27/Mar/2009:15:57:53 +0100] "GET /favicon.ico HTTP/1.1" 302 364 "-" "Mozilla/4.0 (compatible; GoogleToolbar 5.0.2124.6042; Windows XP 5.1; MSIE 7.0.5730.13)"
87.250.39.216 - - [27/Mar/2009:15:57:53 +0100] "GET /zampa/favicon.ico HTTP/1.1" 404 2748 "-" "Mozilla/4.0 (compatible; GoogleToolbar 5.0.2124.6042; Windows XP 5.1; MSIE 7.0.5730.13)"
87.250.39.216 - - [27/Mar/2009:15:57:53 +0100] "GET /favicon.gif HTTP/1.1" 302 364 "-" "Mozilla/4.0 (compatible; GoogleToolbar 5.0.2124.6042; Windows XP 5.1; MSIE 7.0.5730.13)"
87.250.39.216 - - [27/Mar/2009:15:57:53 +0100] "GET /zampa/favicon.gif HTTP/1.1" 404 2748 "-" "Mozilla/4.0 (compatible; GoogleToolbar 5.0.2124.6042; Windows XP 5.1; MSIE 7.0.5730.13)"
193.47.80.51 - - [27/Mar/2009:15:59:51 +0100] "GET /robots.txt HTTP/1.1" 200 64 "-" "Mozilla/5.0 (compatible; Exabot/3.0; +http://www.exabot.com/go/robot)"
193.47.80.51 - - [27/Mar/2009:15:59:51 +0100] "GET / HTTP/1.1" 200 7869 "-" "Mozilla/5.0 (compatible; Exabot/3.0; +http://www.exabot.com/go/robot)"
81.52.143.29 - - [27/Mar/2009:16:23:17 +0100] "GET /robots.txt HTTP/1.1" 200 64 "-" "Mozilla/5.0 (Windows; U; Windows NT 5.1; fr; rv:1.8.1) VoilaBot BETA 1.2 (support.voilabot@orange-ftgroup.com)"
81.52.143.29 - - [27/Mar/2009:16:23:25 +0100] "GET /DgH/orginal/index.html HTTP/1.1" 200 1727 "-" "Mozilla/5.0 (Windows; U; Windows NT 5.1; fr; rv:1.8.1) VoilaBot BETA 1.2 (support.voilabot@orange-ftgroup.com)"
85.66.137.215 - - [27/Mar/2009:16:27:06 +0100] "GET / HTTP/1.1" 200 7869 "-" "Mozilla/5.0 (Windows; U; Windows NT 5.1; en; rv:1.8.1.8) Gecko/20071008 Firefox/2.0.0.8"
82.27.181.193 - - [27/Mar/2009:16:37:03 +0100] "GET /restate_copy.html HTTP/1.1" 200 73294 "-" "-"
87.250.39.216 - - [27/Mar/2009:16:48:25 +0100] "GET /favicon.ico HTTP/1.1" 302 364 "-" "Mozilla/4.0 (compatible; GoogleToolbar 5.0.2124.6042; Windows XP 5.1; MSIE 7.0.5730.13)"
87.250.39.216 - - [27/Mar/2009:16:48:25 +0100] "GET /zampa/favicon.ico HTTP/1.1" 404 2748 "-" "Mozilla/4.0 (compatible; GoogleToolbar 5.0.2124.6042; Windows XP 5.1; MSIE 7.0.5730.13)"
87.250.39.216 - - [27/Mar/2009:16:48:25 +0100] "GET /favicon.gif HTTP/1.1" 302 364 "-" "Mozilla/4.0 (compatible; GoogleToolbar 5.0.2124.6042; Windows XP 5.1; MSIE 7.0.5730.13)"
87.250.39.216 - - [27/Mar/2009:16:48:25 +0100] "GET /zampa/favicon.gif HTTP/1.1" 404 2748 "-" "Mozilla/4.0 (compatible; GoogleToolbar 5.0.2124.6042; Windows XP 5.1; MSIE 7.0.5730.13)"
62.140.213.243 - - [27/Mar/2009:17:22:07 +0100] "GET //?f=http://www.victor-international.com//images/text/safe1.txt??? HTTP/1.1" 200 7869 "-" "libwww-perl/5.79"
203.183.229.200 - - [27/Mar/2009:17:54:33 +0100] "GET http://various-euro.com/cgi-bin/swoit_client.cgi HTTP/1.0" 404 2748 "http://various-euro.com/cgi-bin/swoit_client.cgi" "Mozilla/4.0 (compatible; MSIE 6.0; Windows NT 5.1)"
74.6.8.90 - - [27/Mar/2009:17:59:43 +0100] "GET /sendi_agent.html HTTP/1.0" 200 6213 "-" "Mozilla/5.0 (compatible; Yahoo! Slurp/3.0; http://help.yahoo.com/help/us/ysearch/slurp)"
74.6.8.90 - - [27/Mar/2009:17:59:43 +0100] "GET /3dsf3/sendi/index.html HTTP/1.0" 200 1837 "http://www.various-euro.com/sendi_agent.html" "Mozilla/5.0 (compatible; Yahoo! Slurp/3.0; http://help.yahoo.com/help/us/ysearch/slurp)"
74.6.8.90 - - [27/Mar/2009:17:59:43 +0100] "GET /3dsf3/sendi/sendisendi.html HTTP/1.0" 200 5118 "http://www.various-euro.com/sendi_agent.html" "Mozilla/5.0 (compatible; Yahoo! Slurp/3.0; http://help.yahoo.com/help/us/ysearch/slurp)"
74.6.8.90 - - [27/Mar/2009:17:59:43 +0100] "GET /3dsf3/sendi/formate.css HTTP/1.0" 200 474 "http://www.various-euro.com/3dsf3/sendi/sendisendi.html" "Mozilla/5.0 (compatible; Yahoo! Slurp/3.0; http://help.yahoo.com/help/us/ysearch/slurp)"
67.195.37.154 - - [27/Mar/2009:18:20:37 +0100] "GET /neon/euro.html HTTP/1.0" 200 2212 "-" "Mozilla/5.0 (compatible; Yahoo! Slurp/3.0; http://help.yahoo.com/help/us/ysearch/slurp)"
81.52.143.32 - - [27/Mar/2009:18:29:41 +0100] "GET /schubb/schubb-2.html HTTP/1.1" 200 16660 "-" "Mozilla/5.0 (Windows; U; Windows NT 5.1; fr; rv:1.8.1) VoilaBot BETA 1.2 (support.voilabot@orange-ftgroup.com)"
74.6.8.90 - - [27/Mar/2009:18:48:26 +0100] "GET /neon/girlz3.html HTTP/1.0" 200 2479 "-" "Mozilla/5.0 (compatible; Yahoo! Slurp/3.0; http://help.yahoo.com/help/us/ysearch/slurp)"
66.235.124.89 - - [27/Mar/2009:18:50:12 +0100] "GET /framez-restate.html HTTP/1.1" 200 4328 "-" "Mozilla/5.0 (compatible; Ask Jeeves/Teoma; +http://about.ask.com/en/docs/about/webmasters.shtml)"
66.235.124.89 - - [27/Mar/2009:18:50:13 +0100] "GET /frame-menu.html HTTP/1.1" 200 10536 "-" "Mozilla/5.0 (compatible; Ask Jeeves/Teoma; +http://about.ask.com/en/docs/about/webmasters.shtml)"
66.235.124.89 - - [27/Mar/2009:18:50:14 +0100] "GET /restate_copy.html HTTP/1.1" 200 97631 "-" "Mozilla/5.0 (compatible; Ask Jeeves/Teoma; +http://about.ask.com/en/docs/about/webmasters.shtml)"
66.235.124.89 - - [27/Mar/2009:18:50:15 +0100] "GET /frame-unten.html HTTP/1.1" 200 5308 "-" "Mozilla/5.0 (compatible; Ask Jeeves/Teoma; +http://about.ask.com/en/docs/about/webmasters.shtml)"
66.235.124.89 - - [27/Mar/2009:18:52:58 +0100] "GET /framez.html HTTP/1.1" 200 3959 "-" "Mozilla/5.0 (compatible; Ask Jeeves/Teoma; +http://about.ask.com/en/docs/about/webmasters.shtml)"
66.235.124.89 - - [27/Mar/2009:18:52:58 +0100] "GET /framez.html HTTP/1.1" 200 3959 "-" "Mozilla/5.0 (compatible; Ask Jeeves/Teoma; +http://about.ask.com/en/docs/about/webmasters.shtml)"
66.235.124.89 - - [27/Mar/2009:18:52:59 +0100] "GET /frame-inhalt.html HTTP/1.1" 200 5418 "-" "Mozilla/5.0 (compatible; Ask Jeeves/Teoma; +http://about.ask.com/en/docs/about/webmasters.shtml)"
67.195.37.115 - - [27/Mar/2009:19:03:26 +0100] "GET /robots.txt HTTP/1.0" 200 64 "-" "Mozilla/5.0 (compatible; Yahoo! Slurp; http://help.yahoo.com/help/us/ysearch/slurp)"
67.195.37.115 - - [27/Mar/2009:19:03:27 +0100] "GET /neon/euro.html HTTP/1.0" 200 2212 "-" "Mozilla/5.0 (compatible; Yahoo! Slurp/3.0; http://help.yahoo.com/help/us/ysearch/slurp)"
67.195.37.115 - - [27/Mar/2009:19:04:57 +0100] "GET /f-rez.html HTTP/1.0" 200 9765 "-" "Mozilla/5.0 (compatible; Yahoo! Slurp/3.0; http://help.yahoo.com/help/us/ysearch/slurp)"
85.66.137.215 - - [27/Mar/2009:19:14:42 +0100] "GET http://various-euro.com/extra/genbackup.php HTTP/1.0" 404 2748 "http://various-euro.com/extra/genbackup.php" "Mozilla/4.0 (compatible; MSIE 6.0; Windows NT 5.1)"
89.149.217.184 - - [27/Mar/2009:19:16:20 +0100] "GET /framez-schubb5.html HTTP/1.0" 200 4330 "http://www.various-euro.com/framez-schubb5.html" "Mozilla/4.0 (compatible; MSIE 6.0; Windows NT 5.1; .NET CLR 1.1.4322)"
89.149.217.184 - - [27/Mar/2009:19:16:20 +0100] "GET /frame-menu.html HTTP/1.0" 200 10536 "http://www.various-euro.com/frame-menu.html" "Mozilla/4.0 (compatible; MSIE 6.0; Windows NT 5.1; .NET CLR 1.1.4322)"
89.149.217.184 - - [27/Mar/2009:19:16:20 +0100] "GET /schubb/schubb-5.html HTTP/1.0" 200 72944 "http://www.various-euro.com/schubb/schubb-5.html" "Mozilla/4.0 (compatible; MSIE 6.0; Windows NT 5.1; .NET CLR 1.1.4322)"
89.149.217.184 - - [27/Mar/2009:19:16:20 +0100] "GET /frame-unten.html HTTP/1.0" 200 5308 "http://www.various-euro.com/frame-unten.html" "Mozilla/4.0 (compatible; MSIE 6.0; Windows NT 5.1; .NET CLR 1.1.4322)"
85.66.137.215 - - [27/Mar/2009:19:33:46 +0100] "GET / HTTP/1.1" 200 7869 "http://various-euro.com/" "Mozilla/4.0 (compatible; MSIE 6.0; Windows NT 5.1)"
81.52.143.34 - - [27/Mar/2009:19:56:27 +0100] "GET /neon/warning.html HTTP/1.1" 200 5134 "-" "Mozilla/5.0 (Windows; U; Windows NT 5.1; fr; rv:1.8.1) VoilaBot BETA 1.2 (support.voilabot@orange-ftgroup.com)"
74.6.8.90 - - [27/Mar/2009:20:00:21 +0100] "GET /framez.html HTTP/1.0" 200 3959 "-" "Mozilla/5.0 (compatible; Yahoo! Slurp/3.0; http://help.yahoo.com/help/us/ysearch/slurp)"
74.6.8.90 - - [27/Mar/2009:20:00:22 +0100] "GET /style/various-euro.css HTTP/1.0" 304 - "http://www.various-euro.com/framez.html" "Mozilla/5.0 (compatible; Yahoo! Slurp/3.0; http://help.yahoo.com/help/us/ysearch/slurp)"
74.6.8.90 - - [27/Mar/2009:20:00:27 +0100] "GET /frame-unten.html HTTP/1.0" 200 5308 "http://www.various-euro.com/framez.html" "Mozilla/5.0 (compatible; Yahoo! Slurp/3.0; http://help.yahoo.com/help/us/ysearch/slurp)"
74.6.8.90 - - [27/Mar/2009:20:00:27 +0100] "GET /frame-menu.html HTTP/1.0" 200 10536 "http://www.various-euro.com/framez.html" "Mozilla/5.0 (compatible; Yahoo! Slurp/3.0; http://help.yahoo.com/help/us/ysearch/slurp)"
74.6.8.90 - - [27/Mar/2009:20:00:27 +0100] "GET /frame-inhalt.html HTTP/1.0" 200 5418 "http://www.various-euro.com/framez.html" "Mozilla/5.0 (compatible; Yahoo! Slurp/3.0; http://help.yahoo.com/help/us/ysearch/slurp)"
67.195.37.115 - - [27/Mar/2009:20:18:29 +0100] "GET /robots.txt HTTP/1.0" 200 64 "-" "Mozilla/5.0 (compatible; Yahoo! Slurp; http://help.yahoo.com/help/us/ysearch/slurp)"
67.195.37.115 - - [27/Mar/2009:20:18:29 +0100] "GET /f-channel1.html HTTP/1.0" 200 8471 "-" "Mozilla/5.0 (compatible; Yahoo! Slurp/3.0; http://help.yahoo.com/help/us/ysearch/slurp)"
65.55.211.163 - - [27/Mar/2009:20:26:09 +0100] "GET /robots.txt HTTP/1.1" 200 64 "-" "msnbot/1.1 (+http://search.msn.com/msnbot.htm)"
65.55.211.163 - - [27/Mar/2009:20:26:10 +0100] "GET /schubb/schubb-2.html HTTP/1.1" 200 16660 "-" "msnbot/1.1 (+http://search.msn.com/msnbot.htm)"
65.55.106.242 - - [27/Mar/2009:20:31:44 +0100] "GET /robots.txt HTTP/1.1" 200 64 "-" "msnbot/2.0b (+http://search.msn.com/msnbot.htm)"
66.249.71.249 - - [27/Mar/2009:20:33:55 +0100] "GET /robots.txt HTTP/1.1" 200 64 "-" "Mozilla/5.0 (compatible; Googlebot/2.1; +http://www.google.com/bot.html)"
66.249.71.249 - - [27/Mar/2009:20:33:56 +0100] "GET /frame-inhalt.html HTTP/1.1" 200 5418 "-" "Mozilla/5.0 (compatible; Googlebot/2.1; +http://www.google.com/bot.html)"
67.195.37.115 - - [27/Mar/2009:20:49:27 +0100] "GET / HTTP/1.0" 200 7869 "-" "Mozilla/5.0 (compatible; Yahoo! Slurp/3.0; http://help.yahoo.com/help/us/ysearch/slurp)"
67.195.37.115 - - [27/Mar/2009:20:49:28 +0100] "GET /style/various-euro.css HTTP/1.0" 200 3437 "http://www.various-euro.com/" "Mozilla/5.0 (compatible; Yahoo! Slurp/3.0; http://help.yahoo.com/help/us/ysearch/slurp)"
74.6.8.90 - - [27/Mar/2009:20:50:34 +0100] "GET /framez_0.html HTTP/1.0" 200 12444 "-" "Mozilla/5.0 (compatible; Yahoo! Slurp/3.0; http://help.yahoo.com/help/us/ysearch/slurp)"
38.113.234.180 - - [27/Mar/2009:20:50:46 +0100] "GET /robots.txt HTTP/1.1" 200 64 "-" "voyager/2.0 (http://www.kosmix.com/crawler.html)"
74.6.8.90 - - [27/Mar/2009:20:52:26 +0100] "GET /logz_old.html HTTP/1.0" 404 2748 "-" "Mozilla/5.0 (compatible; Yahoo! Slurp/3.0; http://help.yahoo.com/help/us/ysearch/slurp)"
85.66.137.215 - - [27/Mar/2009:21:00:03 +0100] "GET http://various-euro.com/addedit-render.php?editform=../../../../../../../etc/passwd%00 HTTP/1.0" 404 2748 "http://various-euro.com/addedit-render.php?editform=../../../../../../../etc/passwd%00" "Mozilla/4.0 (compatible; MSIE 6.0; Windows NT 5.1)"
193.252.149.13 - - [27/Mar/2009:21:31:44 +0100] "GET /robots.txt HTTP/1.1" 200 64 "-" "Mozilla/5.0 (Windows; U; Windows NT 5.1; fr; rv:1.8.1) VoilaBot BETA 1.2 (support.voilabot@orange-ftgroup.com)"
193.252.149.13 - - [27/Mar/2009:21:31:46 +0100] "GET /neon/euro.html HTTP/1.1" 200 2212 "-" "Mozilla/5.0 (Windows; U; Windows NT 5.1; fr; rv:1.8.1) VoilaBot BETA 1.2 (support.voilabot@orange-ftgroup.com)"
61.247.221.92 - - [27/Mar/2009:21:38:31 +0100] "GET /robots.txt HTTP/1.1" 200 64 "-" "Mozilla/4.0 (compatible; NaverBot/1.0; http://help.naver.com/customer_webtxt_02.jsp)"
61.247.221.92 - - [27/Mar/2009:21:38:32 +0100] "GET /f-net.html HTTP/1.1" 200 9913 "-" "Mozilla/4.0 (compatible; NaverBot/1.0; http://help.naver.com/customer_webtxt_02.jsp)"
89.149.217.184 - - [27/Mar/2009:21:42:42 +0100] "GET /framez-schubb5.html HTTP/1.0" 200 4330 "http://www.various-euro.com/framez-schubb5.html" "Mozilla/4.0 (compatible; MSIE 6.0; Windows NT) ::ELNSB50::000061100320025802a00111000000000507000900000000"
89.149.217.184 - - [27/Mar/2009:21:42:42 +0100] "GET /frame-menu.html HTTP/1.0" 200 10536 "http://www.various-euro.com/frame-menu.html" "Mozilla/4.0 (compatible; MSIE 6.0; Windows NT) ::ELNSB50::000061100320025802a00111000000000507000900000000"
89.149.217.184 - - [27/Mar/2009:21:42:42 +0100] "GET /schubb/schubb-5.html HTTP/1.0" 200 72944 "http://www.various-euro.com/schubb/schubb-5.html" "Mozilla/4.0 (compatible; MSIE 6.0; Windows NT) ::ELNSB50::000061100320025802a00111000000000507000900000000"
89.149.217.184 - - [27/Mar/2009:21:42:42 +0100] "GET /frame-unten.html HTTP/1.0" 200 5308 "http://www.various-euro.com/frame-unten.html" "Mozilla/4.0 (compatible; MSIE 6.0; Windows NT) ::ELNSB50::000061100320025802a00111000000000507000900000000"
81.6.250.152 - - [27/Mar/2009:21:43:30 +0100] "GET / HTTP/1.1" 200 7869 "http://www.randomwebsite.com/" "Mozilla/5.0 (Macintosh; U; Intel Mac OS X 10_5_6; en-us) AppleWebKit/528.16 (KHTML, like Gecko) Version/4.0 Safari/528.16"
81.6.250.152 - - [27/Mar/2009:21:43:31 +0100] "GET /framez_0.html HTTP/1.1" 200 12444 "http://www.various-euro.com/" "Mozilla/5.0 (Macintosh; U; Intel Mac OS X 10_5_6; en-us) AppleWebKit/528.16 (KHTML, like Gecko) Version/4.0 Safari/528.16"
81.6.250.152 - - [27/Mar/2009:21:43:31 +0100] "GET /ve-icon-2.ico HTTP/1.1" 200 2238 "http://www.various-euro.com/framez_0.html" "Mozilla/5.0 (Macintosh; U; Intel Mac OS X 10_5_6; en-us) AppleWebKit/528.16 (KHTML, like Gecko) Version/4.0 Safari/528.16"
81.6.250.152 - - [27/Mar/2009:21:43:34 +0100] "GET /framez.html HTTP/1.1" 200 3959 "http://www.various-euro.com/framez_0.html" "Mozilla/5.0 (Macintosh; U; Intel Mac OS X 10_5_6; en-us) AppleWebKit/528.16 (KHTML, like Gecko) Version/4.0 Safari/528.16"
81.6.250.152 - - [27/Mar/2009:21:43:35 +0100] "GET /frame-menu.html HTTP/1.1" 200 10536 "http://www.various-euro.com/framez.html" "Mozilla/5.0 (Macintosh; U; Intel Mac OS X 10_5_6; en-us) AppleWebKit/528.16 (KHTML, like Gecko) Version/4.0 Safari/528.16"
81.6.250.152 - - [27/Mar/2009:21:43:36 +0100] "GET /frame-inhalt.html HTTP/1.1" 200 5418 "http://www.various-euro.com/framez.html" "Mozilla/5.0 (Macintosh; U; Intel Mac OS X 10_5_6; en-us) AppleWebKit/528.16 (KHTML, like Gecko) Version/4.0 Safari/528.16"
81.6.250.152 - - [27/Mar/2009:21:43:36 +0100] "GET /style/various-euro.css HTTP/1.1" 200 3437 "http://www.various-euro.com/framez.html" "Mozilla/5.0 (Macintosh; U; Intel Mac OS X 10_5_6; en-us) AppleWebKit/528.16 (KHTML, like Gecko) Version/4.0 Safari/528.16"
81.6.250.152 - - [27/Mar/2009:21:43:36 +0100] "GET /frame-unten.html HTTP/1.1" 200 5308 "http://www.various-euro.com/framez.html" "Mozilla/5.0 (Macintosh; U; Intel Mac OS X 10_5_6; en-us) AppleWebKit/528.16 (KHTML, like Gecko) Version/4.0 Safari/528.16"
81.6.250.152 - - [27/Mar/2009:21:43:42 +0100] "GET /bannerz/neon_click_1.gif HTTP/1.1" 200 890 "http://www.various-euro.com/frame-inhalt.html" "Mozilla/5.0 (Macintosh; U; Intel Mac OS X 10_5_6; en-us) AppleWebKit/528.16 (KHTML, like Gecko) Version/4.0 Safari/528.16"
81.6.250.152 - - [27/Mar/2009:21:43:42 +0100] "GET /bannerz/douwil.gif HTTP/1.1" 200 528 "http://www.various-euro.com/frame-inhalt.html" "Mozilla/5.0 (Macintosh; U; Intel Mac OS X 10_5_6; en-us) AppleWebKit/528.16 (KHTML, like Gecko) Version/4.0 Safari/528.16"
81.6.250.152 - - [27/Mar/2009:21:43:42 +0100] "GET /bannerz/copyleft_black_small.gif HTTP/1.1" 200 1231 "http://www.various-euro.com/frame-inhalt.html" "Mozilla/5.0 (Macintosh; U; Intel Mac OS X 10_5_6; en-us) AppleWebKit/528.16 (KHTML, like Gecko) Version/4.0 Safari/528.16"
81.6.250.152 - - [27/Mar/2009:21:43:42 +0100] "GET /eurosign3.gif HTTP/1.1" 200 7879 "http://www.various-euro.com/frame-inhalt.html" "Mozilla/5.0 (Macintosh; U; Intel Mac OS X 10_5_6; en-us) AppleWebKit/528.16 (KHTML, like Gecko) Version/4.0 Safari/528.16"
81.6.250.152 - - [27/Mar/2009:21:43:42 +0100] "GET /bannerz/anti_black_small.gif HTTP/1.1" 200 1009 "http://www.various-euro.com/frame-inhalt.html" "Mozilla/5.0 (Macintosh; U; Intel Mac OS X 10_5_6; en-us) AppleWebKit/528.16 (KHTML, like Gecko) Version/4.0 Safari/528.16"
81.6.250.152 - - [27/Mar/2009:21:43:42 +0100] "GET /bannerz/google/Logo_40blk.gif HTTP/1.1" 200 2308 "http://www.various-euro.com/frame-inhalt.html" "Mozilla/5.0 (Macintosh; U; Intel Mac OS X 10_5_6; en-us) AppleWebKit/528.16 (KHTML, like Gecko) Version/4.0 Safari/528.16"
81.6.250.152 - - [27/Mar/2009:21:43:42 +0100] "GET /bannerz/neon_click_3.gif HTTP/1.1" 200 240 "http://www.various-euro.com/frame-inhalt.html" "Mozilla/5.0 (Macintosh; U; Intel Mac OS X 10_5_6; en-us) AppleWebKit/528.16 (KHTML, like Gecko) Version/4.0 Safari/528.16"
81.6.250.152 - - [27/Mar/2009:21:43:42 +0100] "GET /bannerz/wet.gif HTTP/1.1" 200 18561 "http://www.various-euro.com/frame-inhalt.html" "Mozilla/5.0 (Macintosh; U; Intel Mac OS X 10_5_6; en-us) AppleWebKit/528.16 (KHTML, like Gecko) Version/4.0 Safari/528.16"
81.6.250.152 - - [27/Mar/2009:21:43:43 +0100] "GET /bannerz/neon_click_2.gif HTTP/1.1" 200 387 "http://www.various-euro.com/frame-inhalt.html" "Mozilla/5.0 (Macintosh; U; Intel Mac OS X 10_5_6; en-us) AppleWebKit/528.16 (KHTML, like Gecko) Version/4.0 Safari/528.16"
81.6.250.152 - - [27/Mar/2009:21:43:40 +0100] "GET /bannerz/ve.jpg HTTP/1.1" 200 36912 "http://www.various-euro.com/frame-unten.html" "Mozilla/5.0 (Macintosh; U; Intel Mac OS X 10_5_6; en-us) AppleWebKit/528.16 (KHTML, like Gecko) Version/4.0 Safari/528.16"
81.6.250.152 - - [27/Mar/2009:21:43:42 +0100] "GET /bannerz/goolag_468.jpg HTTP/1.1" 200 28285 "http://www.various-euro.com/frame-inhalt.html" "Mozilla/5.0 (Macintosh; U; Intel Mac OS X 10_5_6; en-us) AppleWebKit/528.16 (KHTML, like Gecko) Version/4.0 Safari/528.16"
81.6.250.152 - - [27/Mar/2009:21:43:41 +0100] "GET /bannerz/various-euro-girl.jpg HTTP/1.1" 200 91514 "http://www.various-euro.com/frame-unten.html" "Mozilla/5.0 (Macintosh; U; Intel Mac OS X 10_5_6; en-us) AppleWebKit/528.16 (KHTML, like Gecko) Version/4.0 Safari/528.16"
67.195.37.115 - - [27/Mar/2009:22:17:45 +0100] "GET /your_tour.html HTTP/1.0" 200 29760 "-" "Mozilla/5.0 (compatible; Yahoo! Slurp/3.0; http://help.yahoo.com/help/us/ysearch/slurp)"
67.195.37.115 - - [27/Mar/2009:22:17:46 +0100] "GET /anon.css HTTP/1.0" 404 2748 "http://www.various-euro.com/your_tour.html" "Mozilla/5.0 (compatible; Yahoo! Slurp/3.0; http://help.yahoo.com/help/us/ysearch/slurp)"
74.6.8.90 - - [27/Mar/2009:22:23:12 +0100] "GET /restate_copy.html HTTP/1.0" 200 97631 "-" "Mozilla/5.0 (compatible; Yahoo! Slurp/3.0; http://help.yahoo.com/help/us/ysearch/slurp)"
67.195.37.115 - - [27/Mar/2009:22:28:43 +0100] "GET /partnergegenberlin.html HTTP/1.0" 200 5022 "-" "Mozilla/5.0 (compatible; Yahoo! Slurp/3.0; http://help.yahoo.com/help/us/ysearch/slurp)"
123.243.0.32 - - [27/Mar/2009:22:32:01 +0100] "GET / HTTP/1.1" 200 7869 "-" "-"
193.252.149.13 - - [27/Mar/2009:22:41:49 +0100] "GET /neon/slow-walk2.html HTTP/1.1" 200 1777 "-" "Mozilla/5.0 (Windows; U; Windows NT 5.1; fr; rv:1.8.1) VoilaBot BETA 1.2 (support.voilabot@orange-ftgroup.com)"
74.62.161.76 - - [27/Mar/2009:22:52:42 +0100] "GET /robots.txt HTTP/1.1" 200 64 "-" "flatlandbot/baypup (Flatland Industries Web Spider; http://www.flatlandindustries.com/flatlandbot; jason@flatlandindustries.com)"
74.62.161.76 - - [27/Mar/2009:22:52:43 +0100] "GET /framez.html HTTP/1.1" 200 3959 "-" "flatlandbot/baypup (Flatland Industries Web Spider; http://www.flatlandindustries.com/flatlandbot; jason@flatlandindustries.com)"
67.195.37.115 - - [27/Mar/2009:22:58:52 +0100] "GET /your_tour.html HTTP/1.0" 200 29760 "-" "Mozilla/5.0 (compatible; Yahoo! Slurp/3.0; http://help.yahoo.com/help/us/ysearch/slurp)"
67.195.37.115 - - [27/Mar/2009:22:58:52 +0100] "GET /anon.css HTTP/1.0" 404 2748 "http://www.various-euro.com/your_tour.html" "Mozilla/5.0 (compatible; Yahoo! Slurp/3.0; http://help.yahoo.com/help/us/ysearch/slurp)"
67.195.37.115 - - [27/Mar/2009:23:22:27 +0100] "GET /anon.css HTTP/1.0" 404 2748 "http://www.various-euro.com/your_tour.html" "Mozilla/5.0 (compatible; Yahoo! Slurp/3.0; http://help.yahoo.com/help/us/ysearch/slurp)"
79.101.91.13 - - [27/Mar/2009:23:38:34 +0100] "GET /zampa/ HTTP/1.1" 200 7153 "http://test.kuda.org/kolektiv/" "Mozilla/5.0 (Windows; U; Windows NT 5.1; en-US; rv:1.9.0.7) Gecko/2009021910 Firefox/3.0.7"
79.101.91.13 - - [27/Mar/2009:23:38:34 +0100] "GET /zampa/slike/zampa.gif HTTP/1.1" 200 5310 "http://www.various-euro.com/zampa/" "Mozilla/5.0 (Windows; U; Windows NT 5.1; en-US; rv:1.9.0.7) Gecko/2009021910 Firefox/3.0.7"
79.101.91.13 - - [27/Mar/2009:23:38:34 +0100] "GET /zampa/slike/udupetu.gif HTTP/1.1" 200 4138 "http://www.various-euro.com/zampa/" "Mozilla/5.0 (Windows; U; Windows NT 5.1; en-US; rv:1.9.0.7) Gecko/2009021910 Firefox/3.0.7"
79.101.91.13 - - [27/Mar/2009:23:38:34 +0100] "GET /zampa/slike/inthearse.gif HTTP/1.1" 200 4077 "http://www.various-euro.com/zampa/" "Mozilla/5.0 (Windows; U; Windows NT 5.1; en-US; rv:1.9.0.7) Gecko/2009021910 Firefox/3.0.7"
79.101.91.13 - - [27/Mar/2009:23:38:34 +0100] "GET /favicon.ico HTTP/1.1" 404 2748 "-" "Mozilla/5.0 (Windows; U; Windows NT 5.1; en-US; rv:1.9.0.7) Gecko/2009021910 Firefox/3.0.7"
79.101.91.13 - - [27/Mar/2009:23:38:37 +0100] "GET /favicon.ico HTTP/1.1" 404 2748 "-" "Mozilla/5.0 (Windows; U; Windows NT 5.1; en-US; rv:1.9.0.7) Gecko/2009021910 Firefox/3.0.7"
67.195.37.115 - - [27/Mar/2009:23:47:43 +0100] "GET /f-world.html HTTP/1.0" 200 35590 "-" "Mozilla/5.0 (compatible; Yahoo! Slurp/3.0; http://help.yahoo.com/help/us/ysearch/slurp)"
87.250.39.216 - - [28/Mar/2009:00:02:11 +0100] "GET /favicon.ico HTTP/1.1" 302 364 "-" "Mozilla/4.0 (compatible; GoogleToolbar 5.0.2124.6042; Windows XP 5.1; MSIE 7.0.5730.13)"
87.250.39.216 - - [28/Mar/2009:00:02:11 +0100] "GET /zampa/favicon.ico HTTP/1.1" 404 2748 "-" "Mozilla/4.0 (compatible; GoogleToolbar 5.0.2124.6042; Windows XP 5.1; MSIE 7.0.5730.13)"
87.250.39.216 - - [28/Mar/2009:00:02:11 +0100] "GET /favicon.gif HTTP/1.1" 302 364 "-" "Mozilla/4.0 (compatible; GoogleToolbar 5.0.2124.6042; Windows XP 5.1; MSIE 7.0.5730.13)"
87.250.39.216 - - [28/Mar/2009:00:02:12 +0100] "GET /zampa/favicon.gif HTTP/1.1" 404 2748 "-" "Mozilla/4.0 (compatible; GoogleToolbar 5.0.2124.6042; Windows XP 5.1; MSIE 7.0.5730.13)"
89.149.217.184 - - [28/Mar/2009:00:07:59 +0100] "GET /framez-schubb5.html HTTP/1.0" 200 4330 "http://www.various-euro.com/framez-schubb5.html" "Mozilla/4.0 (compatible; MSIE 6.0; Windows NT 5.1; SV1; Crazy Browser 2.0.0 Beta 1; .NET CLR 1.0.3705; .NET CLR 1.1.4322)"
89.149.217.184 - - [28/Mar/2009:00:07:59 +0100] "GET /frame-menu.html HTTP/1.0" 200 10536 "http://www.various-euro.com/frame-menu.html" "Mozilla/4.0 (compatible; MSIE 6.0; Windows NT 5.1; SV1; Crazy Browser 2.0.0 Beta 1; .NET CLR 1.0.3705; .NET CLR 1.1.4322)"
89.149.217.184 - - [28/Mar/2009:00:07:59 +0100] "GET /schubb/schubb-5.html HTTP/1.0" 200 72944 "http://www.various-euro.com/schubb/schubb-5.html" "Mozilla/4.0 (compatible; MSIE 6.0; Windows NT 5.1; SV1; Crazy Browser 2.0.0 Beta 1; .NET CLR 1.0.3705; .NET CLR 1.1.4322)"
89.149.217.184 - - [28/Mar/2009:00:07:59 +0100] "GET /frame-unten.html HTTP/1.0" 200 5308 "http://www.various-euro.com/frame-unten.html" "Mozilla/4.0 (compatible; MSIE 6.0; Windows NT 5.1; SV1; Crazy Browser 2.0.0 Beta 1; .NET CLR 1.0.3705; .NET CLR 1.1.4322)"
67.195.37.115 - - [28/Mar/2009:00:16:21 +0100] "GET /f-rez.html HTTP/1.0" 200 9765 "-" "Mozilla/5.0 (compatible; Yahoo! Slurp; http://help.yahoo.com/help/us/ysearch/slurp)"
67.195.37.173 - - [28/Mar/2009:00:16:41 +0100] "GET /robots.txt HTTP/1.0" 200 64 "-" "Mozilla/5.0 (compatible; Yahoo! Slurp; http://help.yahoo.com/help/us/ysearch/slurp)"
87.250.39.216 - - [28/Mar/2009:00:25:56 +0100] "GET /favicon.ico HTTP/1.1" 302 364 "-" "Mozilla/4.0 (compatible; GoogleToolbar 5.0.2124.6042; Windows XP 5.1; MSIE 7.0.5730.13)"
87.250.39.216 - - [28/Mar/2009:00:25:56 +0100] "GET /zampa/favicon.ico HTTP/1.1" 404 2748 "-" "Mozilla/4.0 (compatible; GoogleToolbar 5.0.2124.6042; Windows XP 5.1; MSIE 7.0.5730.13)"
87.250.39.216 - - [28/Mar/2009:00:25:56 +0100] "GET /favicon.gif HTTP/1.1" 302 364 "-" "Mozilla/4.0 (compatible; GoogleToolbar 5.0.2124.6042; Windows XP 5.1; MSIE 7.0.5730.13)"
87.250.39.216 - - [28/Mar/2009:00:25:56 +0100] "GET /zampa/favicon.gif HTTP/1.1" 404 2748 "-" "Mozilla/4.0 (compatible; GoogleToolbar 5.0.2124.6042; Windows XP 5.1; MSIE 7.0.5730.13)"
74.6.8.90 - - [28/Mar/2009:00:50:44 +0100] "GET /robots.txt HTTP/1.0" 200 64 "-" "Mozilla/5.0 (compatible; Yahoo! Slurp; http://help.yahoo.com/help/us/ysearch/slurp)"
74.6.8.90 - - [28/Mar/2009:00:50:45 +0100] "GET /logs/usage_200707.html HTTP/1.0" 200 110942 "-" "Mozilla/5.0 (compatible; Yahoo! Slurp/3.0; http://help.yahoo.com/help/us/ysearch/slurp)"
74.6.8.90 - - [28/Mar/2009:00:52:27 +0100] "GET /f-euro.html HTTP/1.0" 200 12203 "-" "Mozilla/5.0 (compatible; Yahoo! Slurp/3.0; http://help.yahoo.com/help/us/ysearch/slurp)"
74.6.8.90 - - [28/Mar/2009:00:54:49 +0100] "GET /DgH/watch/index.html HTTP/1.0" 200 2028 "-" "Mozilla/5.0 (compatible; Yahoo! Slurp/3.0; http://help.yahoo.com/help/us/ysearch/slurp)"
74.6.8.90 - - [28/Mar/2009:00:54:56 +0100] "GET /DgH/watch/pict/Watch.mp3 HTTP/1.0" 200 29938 "http://www.various-euro.com/DgH/watch/index.html" "Mozilla/5.0 (compatible; Yahoo! Slurp/3.0; http://help.yahoo.com/help/us/ysearch/slurp)"
81.52.143.37 - - [28/Mar/2009:01:06:32 +0100] "GET /robots.txt HTTP/1.1" 200 64 "-" "Mozilla/5.0 (Windows; U; Windows NT 5.1; fr; rv:1.8.1) VoilaBot BETA 1.2 (support.voilabot@orange-ftgroup.com)"
81.52.143.37 - - [28/Mar/2009:01:06:43 +0100] "GET /warez.html HTTP/1.1" 200 9754 "-" "Mozilla/5.0 (Windows; U; Windows NT 5.1; fr; rv:1.8.1) VoilaBot BETA 1.2 (support.voilabot@orange-ftgroup.com)"
65.55.106.228 - - [28/Mar/2009:01:41:09 +0100] "GET /robots.txt HTTP/1.1" 200 64 "-" "msnbot/2.0b (+http://search.msn.com/msnbot.htm)"
