91.108.148.28 - - [25/Mar/2009:23:20:38 +0100] "GET /Watch-DgH.jpg HTTP/1.1" 200 12152 "http://www.various-euro.com/f-euro.html" "Mozilla/5.0 (Windows; U; Windows NT 6.0; en-GB; rv:1.9.0.7) Gecko/2009021910 Firefox/3.0.7"
91.108.148.28 - - [25/Mar/2009:23:20:38 +0100] "GET /bannerz/whosafraid-banner.gif HTTP/1.1" 200 3866 "http://www.various-euro.com/f-euro.html" "Mozilla/5.0 (Windows; U; Windows NT 6.0; en-GB; rv:1.9.0.7) Gecko/2009021910 Firefox/3.0.7"
91.108.148.28 - - [25/Mar/2009:23:20:37 +0100] "GET /naziline468_60.gif HTTP/1.1" 200 16867 "http://www.various-euro.com/f-euro.html" "Mozilla/5.0 (Windows; U; Windows NT 6.0; en-GB; rv:1.9.0.7) Gecko/2009021910 Firefox/3.0.7"
91.108.148.28 - - [25/Mar/2009:23:20:37 +0100] "GET /etxtreme_breakfast.gif HTTP/1.1" 200 14204 "http://www.various-euro.com/f-euro.html" "Mozilla/5.0 (Windows; U; Windows NT 6.0; en-GB; rv:1.9.0.7) Gecko/2009021910 Firefox/3.0.7"
91.108.148.28 - - [25/Mar/2009:23:20:38 +0100] "GET /bannerz/ugs-b.gif HTTP/1.1" 200 3128 "http://www.various-euro.com/f-euro.html" "Mozilla/5.0 (Windows; U; Windows NT 6.0; en-GB; rv:1.9.0.7) Gecko/2009021910 Firefox/3.0.7"
91.108.148.28 - - [25/Mar/2009:23:20:38 +0100] "GET /bannerz/raf-logo02_tn.gif HTTP/1.1" 200 11804 "http://www.various-euro.com/f-euro.html" "Mozilla/5.0 (Windows; U; Windows NT 6.0; en-GB; rv:1.9.0.7) Gecko/2009021910 Firefox/3.0.7"
91.108.148.28 - - [25/Mar/2009:23:20:51 +0100] "GET /DgH/bull/index.html HTTP/1.1" 200 1915 "http://www.various-euro.com/f-euro.html" "Mozilla/5.0 (Windows; U; Windows NT 6.0; en-GB; rv:1.9.0.7) Gecko/2009021910 Firefox/3.0.7"
91.108.148.28 - - [25/Mar/2009:23:20:51 +0100] "GET /DgH/bull/pict/Bull-DgH01.jpg HTTP/1.1" 200 9010 "http://www.various-euro.com/DgH/bull/index.html" "Mozilla/5.0 (Windows; U; Windows NT 6.0; en-GB; rv:1.9.0.7) Gecko/2009021910 Firefox/3.0.7"
91.108.148.28 - - [25/Mar/2009:23:20:51 +0100] "GET /DgH/bull/pict/Bull-DgH02.jpg HTTP/1.1" 200 9010 "http://www.various-euro.com/DgH/bull/index.html" "Mozilla/5.0 (Windows; U; Windows NT 6.0; en-GB; rv:1.9.0.7) Gecko/2009021910 Firefox/3.0.7"
91.108.148.28 - - [25/Mar/2009:23:20:51 +0100] "GET /DgH/bull/pict/Bull-DgH03.jpg HTTP/1.1" 200 9010 "http://www.various-euro.com/DgH/bull/index.html" "Mozilla/5.0 (Windows; U; Windows NT 6.0; en-GB; rv:1.9.0.7) Gecko/2009021910 Firefox/3.0.7"
91.108.148.28 - - [25/Mar/2009:23:20:51 +0100] "GET /DgH/bull/pict/Bull-DgH04.jpg HTTP/1.1" 200 9010 "http://www.various-euro.com/DgH/bull/index.html" "Mozilla/5.0 (Windows; U; Windows NT 6.0; en-GB; rv:1.9.0.7) Gecko/2009021910 Firefox/3.0.7"
91.108.148.28 - - [25/Mar/2009:23:20:51 +0100] "GET /DgH/bull/pict/Bull-DgH05.jpg HTTP/1.1" 200 9010 "http://www.various-euro.com/DgH/bull/index.html" "Mozilla/5.0 (Windows; U; Windows NT 6.0; en-GB; rv:1.9.0.7) Gecko/2009021910 Firefox/3.0.7"
91.108.148.28 - - [25/Mar/2009:23:20:51 +0100] "GET /DgH/bull/pict/BullGNFL.jpg HTTP/1.1" 200 20466 "http://www.various-euro.com/DgH/bull/index.html" "Mozilla/5.0 (Windows; U; Windows NT 6.0; en-GB; rv:1.9.0.7) Gecko/2009021910 Firefox/3.0.7"
91.108.148.28 - - [25/Mar/2009:23:20:51 +0100] "GET /DgH/bull/pict/Bull-DgH06.jpg HTTP/1.1" 200 9010 "http://www.various-euro.com/DgH/bull/index.html" "Mozilla/5.0 (Windows; U; Windows NT 6.0; en-GB; rv:1.9.0.7) Gecko/2009021910 Firefox/3.0.7"
91.108.148.28 - - [25/Mar/2009:23:20:51 +0100] "GET /DgH/bull/pict/Bull-DgH07.jpg HTTP/1.1" 200 9010 "http://www.various-euro.com/DgH/bull/index.html" "Mozilla/5.0 (Windows; U; Windows NT 6.0; en-GB; rv:1.9.0.7) Gecko/2009021910 Firefox/3.0.7"
91.108.148.28 - - [25/Mar/2009:23:20:51 +0100] "GET /DgH/bull/pict/Bull-DgH08.jpg HTTP/1.1" 200 9010 "http://www.various-euro.com/DgH/bull/index.html" "Mozilla/5.0 (Windows; U; Windows NT 6.0; en-GB; rv:1.9.0.7) Gecko/2009021910 Firefox/3.0.7"
91.108.148.28 - - [25/Mar/2009:23:20:51 +0100] "GET /DgH/bull/pict/Bull-DgH09.jpg HTTP/1.1" 200 9010 "http://www.various-euro.com/DgH/bull/index.html" "Mozilla/5.0 (Windows; U; Windows NT 6.0; en-GB; rv:1.9.0.7) Gecko/2009021910 Firefox/3.0.7"
91.108.148.28 - - [25/Mar/2009:23:20:51 +0100] "GET /DgH/bull/pict/Bull-DgH10.jpg HTTP/1.1" 200 9010 "http://www.various-euro.com/DgH/bull/index.html" "Mozilla/5.0 (Windows; U; Windows NT 6.0; en-GB; rv:1.9.0.7) Gecko/2009021910 Firefox/3.0.7"
91.108.148.28 - - [25/Mar/2009:23:20:52 +0100] "GET /favicon.ico HTTP/1.1" 404 2748 "-" "Mozilla/5.0 (Windows; U; Windows NT 6.0; en-GB; rv:1.9.0.7) Gecko/2009021910 Firefox/3.0.7"
91.108.148.28 - - [25/Mar/2009:23:20:55 +0100] "GET /favicon.ico HTTP/1.1" 404 2748 "-" "Mozilla/5.0 (Windows; U; Windows NT 6.0; en-GB; rv:1.9.0.7) Gecko/2009021910 Firefox/3.0.7"
91.108.148.28 - - [25/Mar/2009:23:21:26 +0100] "GET /f-bannnerz.html HTTP/1.1" 200 12651 "http://www.various-euro.com/frame-menu.html" "Mozilla/5.0 (Windows; U; Windows NT 6.0; en-GB; rv:1.9.0.7) Gecko/2009021910 Firefox/3.0.7"
91.108.148.28 - - [25/Mar/2009:23:21:26 +0100] "GET /bannerz/gg1.gif HTTP/1.1" 200 30485 "http://www.various-euro.com/f-bannnerz.html" "Mozilla/5.0 (Windows; U; Windows NT 6.0; en-GB; rv:1.9.0.7) Gecko/2009021910 Firefox/3.0.7"
91.108.148.28 - - [25/Mar/2009:23:21:26 +0100] "GET /bannerz/ve-campaign-strip-2.jpg HTTP/1.1" 200 54302 "http://www.various-euro.com/f-bannnerz.html" "Mozilla/5.0 (Windows; U; Windows NT 6.0; en-GB; rv:1.9.0.7) Gecko/2009021910 Firefox/3.0.7"
91.108.148.28 - - [25/Mar/2009:23:21:26 +0100] "GET /bannerz/aani_2.gif HTTP/1.1" 200 49981 "http://www.various-euro.com/f-bannnerz.html" "Mozilla/5.0 (Windows; U; Windows NT 6.0; en-GB; rv:1.9.0.7) Gecko/2009021910 Firefox/3.0.7"
91.108.148.28 - - [25/Mar/2009:23:21:26 +0100] "GET /bannerz/ve-girl.gif HTTP/1.1" 200 61791 "http://www.various-euro.com/f-bannnerz.html" "Mozilla/5.0 (Windows; U; Windows NT 6.0; en-GB; rv:1.9.0.7) Gecko/2009021910 Firefox/3.0.7"
91.108.148.28 - - [25/Mar/2009:23:21:26 +0100] "GET /bannerz/ve-campaign-strip-1.jpg HTTP/1.1" 200 61295 "http://www.various-euro.com/f-bannnerz.html" "Mozilla/5.0 (Windows; U; Windows NT 6.0; en-GB; rv:1.9.0.7) Gecko/2009021910 Firefox/3.0.7"
91.108.148.28 - - [25/Mar/2009:23:21:31 +0100] "GET /bannerz/sound/blood-Sound002.mid HTTP/1.1" 200 9960 "http://www.various-euro.com/f-bannnerz.html" "Mozilla/5.0 (Windows; U; Windows NT 6.0; en-GB; rv:1.9.0.7) Gecko/2009021910 Firefox/3.0.7"
91.108.148.28 - - [25/Mar/2009:23:21:51 +0100] "GET /frame-inhalt.html HTTP/1.1" 200 5418 "http://www.various-euro.com/frame-menu.html" "Mozilla/5.0 (Windows; U; Windows NT 6.0; en-GB; rv:1.9.0.7) Gecko/2009021910 Firefox/3.0.7"
67.195.37.185 - - [25/Mar/2009:23:45:41 +0100] "GET /games/virtualcop/virtualcop.swf HTTP/1.0" 200 2563562 "-" "Mozilla/5.0 (compatible; Yahoo! Slurp/3.0; http://help.yahoo.com/help/us/ysearch/slurp)"
65.55.211.166 - - [25/Mar/2009:23:46:55 +0100] "GET / HTTP/1.1" 200 7869 "-" "msnbot/1.1 (+http://search.msn.com/msnbot.htm)"
66.235.124.102 - - [26/Mar/2009:00:14:05 +0100] "GET /robots.txt HTTP/1.1" 200 64 "-" "Mozilla/5.0 (compatible; Ask Jeeves/Teoma; +http://about.ask.com/en/docs/about/webmasters.shtml)"
66.235.124.102 - - [26/Mar/2009:00:14:21 +0100] "GET /zampa-lovers/index.html HTTP/1.1" 200 37790 "-" "Mozilla/5.0 (compatible; Ask Jeeves/Teoma; +http://about.ask.com/en/docs/about/webmasters.shtml)"
85.66.137.215 - - [26/Mar/2009:00:33:04 +0100] "GET /sitedepth/ShowImage.php?name=../../../../../../../../etc/passwd HTTP/1.1" 404 2748 "http://various-euro.com/sitedepth/ShowImage.php?name=../../../../../../../../etc/passwd" "Mozilla/4.0 (compatible; MSIE 6.0; Windows NT 5.1)"
81.52.143.30 - - [26/Mar/2009:00:36:27 +0100] "GET /f-maintitle.html HTTP/1.1" 200 5030 "-" "Mozilla/5.0 (Windows; U; Windows NT 5.1; fr; rv:1.8.1) VoilaBot BETA 1.2 (support.voilabot@orange-ftgroup.com)"
66.249.71.249 - - [26/Mar/2009:00:40:28 +0100] "GET /bmpp/crashhA.html HTTP/1.1" 200 15304 "-" "Mozilla/5.0 (compatible; Googlebot/2.1; +http://www.google.com/bot.html)"
74.6.8.90 - - [26/Mar/2009:01:07:28 +0100] "GET /f-doku-brau.html HTTP/1.0" 200 7152 "-" "Mozilla/5.0 (compatible; Yahoo! Slurp/3.0; http://help.yahoo.com/help/us/ysearch/slurp)"
193.252.149.15 - - [26/Mar/2009:01:28:31 +0100] "GET / HTTP/1.1" 200 7869 "-" "Mozilla/5.0 (Windows; U; Windows NT 5.1; fr; rv:1.8.1) VoilaBot BETA 1.2 (support.voilabot@orange-ftgroup.com)"
193.252.149.16 - - [26/Mar/2009:01:31:13 +0100] "GET /world.html HTTP/1.1" 200 16295 "-" "Mozilla/5.0 (Windows; U; Windows NT 5.1; fr; rv:1.8.1) VoilaBot BETA 1.2 (support.voilabot@orange-ftgroup.com)"
77.88.25.28 - - [26/Mar/2009:01:33:14 +0100] "GET /robots.txt HTTP/1.1" 302 363 "-" "Yandex/1.01.001 (compatible; Win16; I)"
77.88.25.28 - - [26/Mar/2009:01:33:14 +0100] "GET / HTTP/1.1" 302 353 "-" "Yandex/1.01.001 (compatible; Win16; I)"
66.249.71.249 - - [26/Mar/2009:02:05:25 +0100] "GET /f-euro.html HTTP/1.1" 200 12203 "-" "Mozilla/5.0 (compatible; Googlebot/2.1; +http://www.google.com/bot.html)"
66.249.71.249 - - [26/Mar/2009:02:22:24 +0100] "GET /f-net.html HTTP/1.1" 200 9913 "-" "Mozilla/5.0 (compatible; Googlebot/2.1; +http://www.google.com/bot.html)"
74.6.8.90 - - [26/Mar/2009:02:26:10 +0100] "GET /games/virtualcop/virtualcop.html HTTP/1.0" 200 4487 "-" "Mozilla/5.0 (compatible; Yahoo! Slurp/3.0; http://help.yahoo.com/help/us/ysearch/slurp)"
208.80.195.35 - - [26/Mar/2009:02:33:48 +0100] "GET / HTTP/1.0" 200 7869 "-" "Mozilla/4.0 (compatible; MSIE 7.0; Windows NT 5.1; FDM; .NET CLR 1.1.4322; .NET CLR 2.0.50727; Maxthon 2.0)"
208.80.195.35 - - [26/Mar/2009:02:33:48 +0100] "GET / HTTP/1.0" 200 7869 "-" "Mozilla/4.0 (compatible; MSIE 6.0; Windows NT 5.1; SV1; Mailinfo [968765]; Avant Browser; .NET CLR 1.0.3705; .NET CLR 1.1.4322; Media Center PC 4.0; InfoPath.2)"
119.63.193.43 - - [26/Mar/2009:03:01:26 +0100] "GET / HTTP/1.1" 200 7869 "-" "Baiduspider+(+http://www.baidu.jp/spider/)"
66.249.71.249 - - [26/Mar/2009:03:03:11 +0100] "GET /f-web.html HTTP/1.1" 200 13605 "-" "Mozilla/5.0 (compatible; Googlebot/2.1; +http://www.google.com/bot.html)"
66.249.71.249 - - [26/Mar/2009:03:16:47 +0100] "GET /f-actions.html HTTP/1.1" 200 11006 "-" "Mozilla/5.0 (compatible; Googlebot/2.1; +http://www.google.com/bot.html)"
66.249.71.15 - - [26/Mar/2009:03:40:34 +0100] "GET /robots.txt HTTP/1.1" 302 363 "-" "Mozilla/5.0 (compatible; Googlebot/2.1; +http://www.google.com/bot.html)"
66.249.71.249 - - [26/Mar/2009:03:40:34 +0100] "GET /zampa/robots.txt HTTP/1.1" 404 2748 "-" "Mozilla/5.0 (compatible; Googlebot/2.1; +http://www.google.com/bot.html)"
66.249.71.15 - - [26/Mar/2009:03:40:35 +0100] "GET / HTTP/1.1" 302 353 "-" "Mozilla/5.0 (compatible; Googlebot/2.1; +http://www.google.com/bot.html)"
66.249.71.249 - - [26/Mar/2009:03:40:35 +0100] "GET /zampa/ HTTP/1.1" 200 7153 "-" "Mozilla/5.0 (compatible; Googlebot/2.1; +http://www.google.com/bot.html)"
74.6.8.90 - - [26/Mar/2009:03:57:27 +0100] "GET /f-world.html HTTP/1.0" 200 35590 "-" "Mozilla/5.0 (compatible; Yahoo! Slurp/3.0; http://help.yahoo.com/help/us/ysearch/slurp)"
66.249.71.249 - - [26/Mar/2009:04:07:45 +0100] "GET /framez-schubb2.html HTTP/1.1" 200 4314 "-" "Mozilla/5.0 (compatible; Googlebot/2.1; +http://www.google.com/bot.html)"
85.66.137.215 - - [26/Mar/2009:04:25:07 +0100] "GET /sd3/ShowImage.php?name=../../../../../../../../etc/passwd HTTP/1.1" 404 2748 "http://various-euro.com/sd3/ShowImage.php?name=../../../../../../../../etc/passwd" "Mozilla/4.0 (compatible; MSIE 6.0; Windows NT 5.1)"
202.160.179.124 - - [26/Mar/2009:04:32:07 +0100] "GET /robots.txt HTTP/1.0" 200 64 "-" "Mozilla/5.0 (compatible; Yahoo! Slurp China; http://misc.yahoo.com.cn/help.html)"
202.160.180.118 - - [26/Mar/2009:04:33:09 +0100] "GET / HTTP/1.0" 200 7869 "-" "Mozilla/5.0 (compatible; Yahoo! Slurp China; http://misc.yahoo.com.cn/help.html)"
65.55.230.249 - - [26/Mar/2009:04:37:24 +0100] "GET /robots.txt HTTP/1.1" 200 64 "-" "msnbot-media/1.1 (+http://search.msn.com/msnbot.htm)"
65.55.230.249 - - [26/Mar/2009:04:37:24 +0100] "GET /schubb/schubb-3.html HTTP/1.1" 200 17546 "-" "msnbot-media/1.1 (+http://search.msn.com/msnbot.htm)"
193.252.149.15 - - [26/Mar/2009:04:41:26 +0100] "GET /f-bannnerz.html HTTP/1.1" 200 12651 "-" "Mozilla/5.0 (Windows; U; Windows NT 5.1; fr; rv:1.8.1) VoilaBot BETA 1.2 (support.voilabot@orange-ftgroup.com)"
74.6.8.90 - - [26/Mar/2009:04:42:34 +0100] "GET /neon/euro.html HTTP/1.0" 200 2212 "-" "Mozilla/5.0 (compatible; Yahoo! Slurp/3.0; http://help.yahoo.com/help/us/ysearch/slurp)"
67.195.37.183 - - [26/Mar/2009:04:48:32 +0100] "GET /robots.txt HTTP/1.0" 200 64 "-" "Mozilla/5.0 (compatible; Yahoo! Slurp; http://help.yahoo.com/help/us/ysearch/slurp)"
67.195.37.183 - - [26/Mar/2009:04:48:32 +0100] "GET / HTTP/1.0" 200 7869 "-" "Mozilla/5.0 (compatible; Yahoo! Slurp/3.0; http://help.yahoo.com/help/us/ysearch/slurp)"
67.195.37.183 - - [26/Mar/2009:04:48:33 +0100] "GET /style/various-euro.css HTTP/1.0" 200 3437 "http://various-euro.com/" "Mozilla/5.0 (compatible; Yahoo! Slurp/3.0; http://help.yahoo.com/help/us/ysearch/slurp)"
222.76.23.116 - - [26/Mar/2009:05:50:32 +0100] "GET /f-logz_old.html HTTP/1.1" 200 43773 "-" "Mozilla/4.0 (compatible; MSIE 6.0; Windows NT 5.0)"
222.76.23.116 - - [26/Mar/2009:05:51:05 +0100] "GET /f-logz.html HTTP/1.1" 200 191844 "-" "Mozilla/4.0 (compatible; MSIE 6.0; Windows NT 5.0)"
66.249.71.249 - - [26/Mar/2009:06:13:28 +0100] "GET /neon/europa.html HTTP/1.1" 200 389 "-" "Mozilla/5.0 (compatible; Googlebot/2.1; +http://www.google.com/bot.html)"
66.249.71.249 - - [26/Mar/2009:06:33:51 +0100] "GET /neon/channel.html HTTP/1.1" 200 1942 "-" "Mozilla/5.0 (compatible; Googlebot/2.1; +http://www.google.com/bot.html)"
66.249.71.249 - - [26/Mar/2009:06:37:15 +0100] "GET /neon/click.html HTTP/1.1" 200 521 "-" "Mozilla/5.0 (compatible; Googlebot/2.1; +http://www.google.com/bot.html)"
67.195.37.185 - - [26/Mar/2009:07:06:56 +0100] "GET /f-bannnerz.html HTTP/1.0" 200 12651 "-" "Mozilla/5.0 (compatible; Yahoo! Slurp/3.0; http://help.yahoo.com/help/us/ysearch/slurp)"
67.195.37.185 - - [26/Mar/2009:07:07:05 +0100] "GET /frame-inhalt.html HTTP/1.0" 200 5418 "-" "Mozilla/5.0 (compatible; Yahoo! Slurp/3.0; http://help.yahoo.com/help/us/ysearch/slurp)"
67.195.37.185 - - [26/Mar/2009:07:07:05 +0100] "GET /style/various-euro.css HTTP/1.0" 200 3437 "http://www.various-euro.com/frame-inhalt.html" "Mozilla/5.0 (compatible; Yahoo! Slurp/3.0; http://help.yahoo.com/help/us/ysearch/slurp)"
66.249.71.249 - - [26/Mar/2009:07:21:26 +0100] "GET /framez-dbrau.html HTTP/1.1" 200 4313 "-" "Mozilla/5.0 (compatible; Googlebot/2.1; +http://www.google.com/bot.html)"
66.249.71.249 - - [26/Mar/2009:07:35:01 +0100] "GET /neon/left-one-new.html HTTP/1.1" 200 1483 "-" "Mozilla/5.0 (compatible; Googlebot/2.1; +http://www.google.com/bot.html)"
66.249.71.249 - - [26/Mar/2009:07:41:49 +0100] "GET /neon/slow-walk2.html HTTP/1.1" 200 1777 "-" "Mozilla/5.0 (compatible; Googlebot/2.1; +http://www.google.com/bot.html)"
85.66.137.215 - - [26/Mar/2009:08:08:22 +0100] "GET /index.php?page=../../../../../../../../../etc/passwd%00 HTTP/1.1" 404 2748 "http://various-euro.com/index.php?page=../../../../../../../../../etc/passwd%00" "Mozilla/4.0 (compatible; MSIE 6.0; Windows NT 5.1)"
66.249.71.249 - - [26/Mar/2009:08:29:23 +0100] "GET /bmpp/18_x.html HTTP/1.1" 200 1100 "-" "Mozilla/5.0 (compatible; Googlebot/2.1; +http://www.google.com/bot.html)"
66.249.71.249 - - [26/Mar/2009:08:32:47 +0100] "GET /3dsf3/sendi/hyperreality.html HTTP/1.1" 200 1436 "-" "Mozilla/5.0 (compatible; Googlebot/2.1; +http://www.google.com/bot.html)"
74.6.8.90 - - [26/Mar/2009:08:37:51 +0100] "GET /robots.txt HTTP/1.0" 200 64 "-" "Mozilla/5.0 (compatible; Yahoo! Slurp; http://help.yahoo.com/help/us/ysearch/slurp)"
74.6.8.90 - - [26/Mar/2009:08:37:51 +0100] "GET /f-warez.html HTTP/1.0" 200 10953 "-" "Mozilla/5.0 (compatible; Yahoo! Slurp/3.0; http://help.yahoo.com/help/us/ysearch/slurp)"
189.137.163.228 - - [26/Mar/2009:09:28:41 +0100] "POST /phptest.php HTTP/1.1" 404 2748 "http://various-euro.com/phptest.php" "Mozilla/4.0 (compatible; MSIE 6.0; Windows NT 5.1)"
189.137.163.228 - - [26/Mar/2009:09:28:42 +0100] "POST /php.php HTTP/1.1" 404 2748 "http://various-euro.com/php.php" "Mozilla/4.0 (compatible; MSIE 6.0; Windows NT 5.1)"
189.137.163.228 - - [26/Mar/2009:09:28:40 +0100] "POST /info.php HTTP/1.1" 404 2748 "http://various-euro.com/info.php" "Mozilla/4.0 (compatible; MSIE 6.0; Windows NT 5.1)"
67.55.72.165 - - [26/Mar/2009:09:38:14 +0100] "HEAD / HTTP/1.1" 200 - "-" "swish-e http://swish-e.org/"
67.55.72.165 - - [26/Mar/2009:09:38:14 +0100] "GET / HTTP/1.1" 200 7869 "-" "swish-e http://swish-e.org/"
67.55.72.165 - - [26/Mar/2009:09:38:15 +0100] "HEAD /framez.html HTTP/1.1" 200 - "http://www.various-euro.com" "swish-e http://swish-e.org/"
67.55.72.165 - - [26/Mar/2009:09:38:15 +0100] "GET /framez.html HTTP/1.1" 200 3959 "http://www.various-euro.com" "swish-e http://swish-e.org/"
67.55.72.165 - - [26/Mar/2009:09:38:15 +0100] "HEAD /frame-menu.html HTTP/1.1" 200 - "http://www.various-euro.com/framez.html" "swish-e http://swish-e.org/"
67.55.72.165 - - [26/Mar/2009:09:38:15 +0100] "GET /frame-menu.html HTTP/1.1" 200 10536 "http://www.various-euro.com/framez.html" "swish-e http://swish-e.org/"
67.55.72.165 - - [26/Mar/2009:09:38:15 +0100] "HEAD /frame-inhalt.html HTTP/1.1" 200 - "http://www.various-euro.com/framez.html" "swish-e http://swish-e.org/"
67.55.72.165 - - [26/Mar/2009:09:38:15 +0100] "GET /frame-inhalt.html HTTP/1.1" 200 5418 "http://www.various-euro.com/framez.html" "swish-e http://swish-e.org/"
67.55.72.165 - - [26/Mar/2009:09:38:15 +0100] "HEAD /frame-unten.html HTTP/1.1" 200 - "http://www.various-euro.com/framez.html" "swish-e http://swish-e.org/"
67.55.72.165 - - [26/Mar/2009:09:38:15 +0100] "GET /frame-unten.html HTTP/1.1" 200 5308 "http://www.various-euro.com/framez.html" "swish-e http://swish-e.org/"
67.55.72.165 - - [26/Mar/2009:09:38:16 +0100] "HEAD /f-search.html HTTP/1.1" 200 - "http://www.various-euro.com/frame-menu.html" "swish-e http://swish-e.org/"
67.55.72.165 - - [26/Mar/2009:09:38:16 +0100] "GET /f-search.html HTTP/1.1" 200 11800 "http://www.various-euro.com/frame-menu.html" "swish-e http://swish-e.org/"
67.55.72.165 - - [26/Mar/2009:09:38:16 +0100] "HEAD /f-contact.html HTTP/1.1" 200 - "http://www.various-euro.com/frame-menu.html" "swish-e http://swish-e.org/"
67.55.72.165 - - [26/Mar/2009:09:38:16 +0100] "GET /f-contact.html HTTP/1.1" 200 6804 "http://www.various-euro.com/frame-menu.html" "swish-e http://swish-e.org/"
67.55.72.165 - - [26/Mar/2009:09:38:16 +0100] "HEAD /f-sponsor.html HTTP/1.1" 200 - "http://www.various-euro.com/frame-menu.html" "swish-e http://swish-e.org/"
67.55.72.165 - - [26/Mar/2009:09:38:16 +0100] "GET /f-sponsor.html HTTP/1.1" 200 8578 "http://www.various-euro.com/frame-menu.html" "swish-e http://swish-e.org/"
67.55.72.165 - - [26/Mar/2009:09:38:16 +0100] "HEAD /f-warez.html HTTP/1.1" 200 - "http://www.various-euro.com/frame-menu.html" "swish-e http://swish-e.org/"
67.55.72.165 - - [26/Mar/2009:09:38:16 +0100] "GET /f-warez.html HTTP/1.1" 200 10953 "http://www.various-euro.com/frame-menu.html" "swish-e http://swish-e.org/"
67.55.72.165 - - [26/Mar/2009:09:38:16 +0100] "HEAD /f-web.html HTTP/1.1" 200 - "http://www.various-euro.com/frame-menu.html" "swish-e http://swish-e.org/"
67.55.72.165 - - [26/Mar/2009:09:38:17 +0100] "GET /f-web.html HTTP/1.1" 200 13605 "http://www.various-euro.com/frame-menu.html" "swish-e http://swish-e.org/"
67.55.72.165 - - [26/Mar/2009:09:38:17 +0100] "HEAD /f-net.html HTTP/1.1" 200 - "http://www.various-euro.com/frame-menu.html" "swish-e http://swish-e.org/"
67.55.72.165 - - [26/Mar/2009:09:38:17 +0100] "GET /f-net.html HTTP/1.1" 200 9913 "http://www.various-euro.com/frame-menu.html" "swish-e http://swish-e.org/"
67.55.72.165 - - [26/Mar/2009:09:38:17 +0100] "HEAD /f-euro.html HTTP/1.1" 200 - "http://www.various-euro.com/frame-menu.html" "swish-e http://swish-e.org/"
67.55.72.165 - - [26/Mar/2009:09:38:17 +0100] "GET /f-euro.html HTTP/1.1" 200 12203 "http://www.various-euro.com/frame-menu.html" "swish-e http://swish-e.org/"
67.55.72.165 - - [26/Mar/2009:09:38:17 +0100] "HEAD /f-zeug.html HTTP/1.1" 200 - "http://www.various-euro.com/frame-menu.html" "swish-e http://swish-e.org/"
67.55.72.165 - - [26/Mar/2009:09:38:17 +0100] "GET /f-zeug.html HTTP/1.1" 200 48203 "http://www.various-euro.com/frame-menu.html" "swish-e http://swish-e.org/"
67.55.72.165 - - [26/Mar/2009:09:38:18 +0100] "HEAD /f-other.html HTTP/1.1" 200 - "http://www.various-euro.com/frame-menu.html" "swish-e http://swish-e.org/"
67.55.72.165 - - [26/Mar/2009:09:38:18 +0100] "GET /f-other.html HTTP/1.1" 200 33189 "http://www.various-euro.com/frame-menu.html" "swish-e http://swish-e.org/"
67.55.72.165 - - [26/Mar/2009:09:38:18 +0100] "HEAD /f-world.html HTTP/1.1" 200 - "http://www.various-euro.com/frame-menu.html" "swish-e http://swish-e.org/"
67.55.72.165 - - [26/Mar/2009:09:38:18 +0100] "GET /f-world.html HTTP/1.1" 200 35590 "http://www.various-euro.com/frame-menu.html" "swish-e http://swish-e.org/"
67.55.72.165 - - [26/Mar/2009:09:38:18 +0100] "HEAD /f-channel1.html HTTP/1.1" 200 - "http://www.various-euro.com/frame-menu.html" "swish-e http://swish-e.org/"
67.55.72.165 - - [26/Mar/2009:09:38:18 +0100] "GET /f-channel1.html HTTP/1.1" 200 8471 "http://www.various-euro.com/frame-menu.html" "swish-e http://swish-e.org/"
67.55.72.165 - - [26/Mar/2009:09:38:18 +0100] "HEAD /your_tour.html HTTP/1.1" 200 - "http://www.various-euro.com/frame-menu.html" "swish-e http://swish-e.org/"
67.55.72.165 - - [26/Mar/2009:09:38:18 +0100] "GET /your_tour.html HTTP/1.1" 200 31727 "http://www.various-euro.com/frame-menu.html" "swish-e http://swish-e.org/"
67.55.72.165 - - [26/Mar/2009:09:38:19 +0100] "HEAD /logs/ HTTP/1.1" 200 - "http://www.various-euro.com/frame-menu.html" "swish-e http://swish-e.org/"
67.55.72.165 - - [26/Mar/2009:09:38:19 +0100] "GET /logs/ HTTP/1.1" 200 10079 "http://www.various-euro.com/frame-menu.html" "swish-e http://swish-e.org/"
67.55.72.165 - - [26/Mar/2009:09:38:19 +0100] "HEAD /f-bannnerz.html HTTP/1.1" 200 - "http://www.various-euro.com/frame-menu.html" "swish-e http://swish-e.org/"
67.55.72.165 - - [26/Mar/2009:09:38:19 +0100] "GET /f-bannnerz.html HTTP/1.1" 200 12651 "http://www.various-euro.com/frame-menu.html" "swish-e http://swish-e.org/"
67.55.72.165 - - [26/Mar/2009:09:38:19 +0100] "HEAD /f-doku-brau.html HTTP/1.1" 200 - "http://www.various-euro.com/frame-menu.html" "swish-e http://swish-e.org/"
67.55.72.165 - - [26/Mar/2009:09:38:19 +0100] "GET /f-doku-brau.html HTTP/1.1" 200 7152 "http://www.various-euro.com/frame-menu.html" "swish-e http://swish-e.org/"
67.55.72.165 - - [26/Mar/2009:09:38:20 +0100] "HEAD /restate_copy.html HTTP/1.1" 200 - "http://www.various-euro.com/frame-menu.html" "swish-e http://swish-e.org/"
67.55.72.165 - - [26/Mar/2009:09:38:20 +0100] "GET /restate_copy.html HTTP/1.1" 200 97631 "http://www.various-euro.com/frame-menu.html" "swish-e http://swish-e.org/"
67.55.72.165 - - [26/Mar/2009:09:38:20 +0100] "HEAD /f-rez.html HTTP/1.1" 200 - "http://www.various-euro.com/frame-menu.html" "swish-e http://swish-e.org/"
67.55.72.165 - - [26/Mar/2009:09:38:20 +0100] "GET /f-rez.html HTTP/1.1" 200 9765 "http://www.various-euro.com/frame-menu.html" "swish-e http://swish-e.org/"
67.55.72.165 - - [26/Mar/2009:09:38:20 +0100] "HEAD /f-horrorkatze.html HTTP/1.1" 200 - "http://www.various-euro.com/frame-menu.html" "swish-e http://swish-e.org/"
67.55.72.165 - - [26/Mar/2009:09:38:20 +0100] "GET /f-horrorkatze.html HTTP/1.1" 200 7865 "http://www.various-euro.com/frame-menu.html" "swish-e http://swish-e.org/"
67.55.72.165 - - [26/Mar/2009:09:38:20 +0100] "HEAD /sendi_agent.html HTTP/1.1" 200 - "http://www.various-euro.com/frame-menu.html" "swish-e http://swish-e.org/"
67.55.72.165 - - [26/Mar/2009:09:38:20 +0100] "GET /sendi_agent.html HTTP/1.1" 200 6213 "http://www.various-euro.com/frame-menu.html" "swish-e http://swish-e.org/"
67.55.72.165 - - [26/Mar/2009:09:38:21 +0100] "HEAD /zampa-lovers/index.html HTTP/1.1" 200 - "http://www.various-euro.com/frame-menu.html" "swish-e http://swish-e.org/"
67.55.72.165 - - [26/Mar/2009:09:38:21 +0100] "GET /zampa-lovers/index.html HTTP/1.1" 200 37790 "http://www.various-euro.com/frame-menu.html" "swish-e http://swish-e.org/"
67.55.72.165 - - [26/Mar/2009:09:38:21 +0100] "HEAD /f-actions.html HTTP/1.1" 200 - "http://www.various-euro.com/frame-menu.html" "swish-e http://swish-e.org/"
67.55.72.165 - - [26/Mar/2009:09:38:21 +0100] "GET /f-actions.html HTTP/1.1" 200 11006 "http://www.various-euro.com/frame-menu.html" "swish-e http://swish-e.org/"
67.55.72.165 - - [26/Mar/2009:09:38:21 +0100] "HEAD /bmpp/euro_pal_1.html HTTP/1.1" 200 - "http://www.various-euro.com/frame-inhalt.html" "swish-e http://swish-e.org/"
67.55.72.165 - - [26/Mar/2009:09:38:21 +0100] "GET /bmpp/euro_pal_1.html HTTP/1.1" 200 18252 "http://www.various-euro.com/frame-inhalt.html" "swish-e http://swish-e.org/"
67.55.72.165 - - [26/Mar/2009:09:38:21 +0100] "HEAD /neon/euro.html HTTP/1.1" 200 - "http://www.various-euro.com/frame-inhalt.html" "swish-e http://swish-e.org/"
67.55.72.165 - - [26/Mar/2009:09:38:22 +0100] "GET /neon/euro.html HTTP/1.1" 200 2212 "http://www.various-euro.com/frame-inhalt.html" "swish-e http://swish-e.org/"
67.55.72.165 - - [26/Mar/2009:09:38:22 +0100] "HEAD /schubb/schubb-1.html HTTP/1.1" 200 - "http://www.various-euro.com/frame-inhalt.html" "swish-e http://swish-e.org/"
67.55.72.165 - - [26/Mar/2009:09:38:22 +0100] "GET /schubb/schubb-1.html HTTP/1.1" 200 9070 "http://www.various-euro.com/frame-inhalt.html" "swish-e http://swish-e.org/"
67.55.72.165 - - [26/Mar/2009:09:38:22 +0100] "HEAD /f-maintitle.html HTTP/1.1" 200 - "http://www.various-euro.com/frame-inhalt.html" "swish-e http://swish-e.org/"
67.55.72.165 - - [26/Mar/2009:09:38:22 +0100] "GET /f-maintitle.html HTTP/1.1" 200 5030 "http://www.various-euro.com/frame-inhalt.html" "swish-e http://swish-e.org/"
67.55.72.165 - - [26/Mar/2009:09:38:22 +0100] "HEAD /bmpp/euro_pal_111.html HTTP/1.1" 200 - "http://www.various-euro.com/frame-inhalt.html" "swish-e http://swish-e.org/"
67.55.72.165 - - [26/Mar/2009:09:38:22 +0100] "GET /bmpp/euro_pal_111.html HTTP/1.1" 200 2129 "http://www.various-euro.com/frame-inhalt.html" "swish-e http://swish-e.org/"
67.55.72.165 - - [26/Mar/2009:09:38:22 +0100] "HEAD /partnergegenberlin.html HTTP/1.1" 200 - "http://www.various-euro.com/frame-inhalt.html" "swish-e http://swish-e.org/"
67.55.72.165 - - [26/Mar/2009:09:38:22 +0100] "GET /partnergegenberlin.html HTTP/1.1" 200 5022 "http://www.various-euro.com/frame-inhalt.html" "swish-e http://swish-e.org/"
65.55.211.165 - - [26/Mar/2009:09:38:24 +0100] "GET /robots.txt HTTP/1.1" 200 64 "-" "msnbot/1.1 (+http://search.msn.com/msnbot.htm)"
65.55.211.165 - - [26/Mar/2009:09:38:24 +0100] "GET /zampa/ HTTP/1.1" 200 7153 "-" "msnbot/1.1 (+http://search.msn.com/msnbot.htm)"
193.47.80.51 - - [26/Mar/2009:09:43:37 +0100] "GET /robots.txt HTTP/1.1" 200 64 "-" "Mozilla/5.0 (compatible; Exabot/3.0; +http://www.exabot.com/go/robot)"
193.47.80.51 - - [26/Mar/2009:09:43:37 +0100] "GET / HTTP/1.1" 200 7869 "-" "Mozilla/5.0 (compatible; Exabot/3.0; +http://www.exabot.com/go/robot)"
87.250.39.216 - - [26/Mar/2009:10:32:29 +0100] "GET /favicon.ico HTTP/1.1" 302 364 "-" "Mozilla/4.0 (compatible; GoogleToolbar 5.0.2124.6042; Windows XP 5.1; MSIE 7.0.5730.13)"
87.250.39.216 - - [26/Mar/2009:10:32:29 +0100] "GET /zampa/favicon.ico HTTP/1.1" 404 2748 "-" "Mozilla/4.0 (compatible; GoogleToolbar 5.0.2124.6042; Windows XP 5.1; MSIE 7.0.5730.13)"
87.250.39.216 - - [26/Mar/2009:10:32:29 +0100] "GET /favicon.gif HTTP/1.1" 302 364 "-" "Mozilla/4.0 (compatible; GoogleToolbar 5.0.2124.6042; Windows XP 5.1; MSIE 7.0.5730.13)"
87.250.39.216 - - [26/Mar/2009:10:32:29 +0100] "GET /zampa/favicon.gif HTTP/1.1" 404 2748 "-" "Mozilla/4.0 (compatible; GoogleToolbar 5.0.2124.6042; Windows XP 5.1; MSIE 7.0.5730.13)"
74.6.8.90 - - [26/Mar/2009:10:34:07 +0100] "GET /DgH/orginal/index.html HTTP/1.0" 200 1727 "-" "Mozilla/5.0 (compatible; Yahoo! Slurp/3.0; http://help.yahoo.com/help/us/ysearch/slurp)"
193.252.149.13 - - [26/Mar/2009:10:38:06 +0100] "GET /f-channel1.html HTTP/1.1" 200 8471 "-" "Mozilla/5.0 (Windows; U; Windows NT 5.1; fr; rv:1.8.1) VoilaBot BETA 1.2 (support.voilabot@orange-ftgroup.com)"
66.235.124.61 - - [26/Mar/2009:10:58:45 +0100] "GET /robots.txt HTTP/1.1" 200 64 "-" "Mozilla/5.0 (compatible; Ask Jeeves/Teoma; +http://about.ask.com/en/docs/about/webmasters.shtml)"
66.235.124.61 - - [26/Mar/2009:10:59:00 +0100] "GET /framez-zampa-lovers.html HTTP/1.1" 200 4322 "-" "Mozilla/5.0 (compatible; Ask Jeeves/Teoma; +http://about.ask.com/en/docs/about/webmasters.shtml)"
66.235.124.61 - - [26/Mar/2009:10:59:01 +0100] "GET /frame-menu.html HTTP/1.1" 200 10536 "-" "Mozilla/5.0 (compatible; Ask Jeeves/Teoma; +http://about.ask.com/en/docs/about/webmasters.shtml)"
66.235.124.61 - - [26/Mar/2009:10:59:01 +0100] "GET /zampa-lovers/index.html HTTP/1.1" 200 37790 "-" "Mozilla/5.0 (compatible; Ask Jeeves/Teoma; +http://about.ask.com/en/docs/about/webmasters.shtml)"
66.235.124.61 - - [26/Mar/2009:10:59:02 +0100] "GET /frame-unten.html HTTP/1.1" 200 5308 "-" "Mozilla/5.0 (compatible; Ask Jeeves/Teoma; +http://about.ask.com/en/docs/about/webmasters.shtml)"
66.235.124.61 - - [26/Mar/2009:11:03:30 +0100] "GET /framez.html HTTP/1.1" 200 3959 "-" "Mozilla/5.0 (compatible; Ask Jeeves/Teoma; +http://about.ask.com/en/docs/about/webmasters.shtml)"
66.235.124.61 - - [26/Mar/2009:11:03:31 +0100] "GET /framez.html HTTP/1.1" 200 3959 "-" "Mozilla/5.0 (compatible; Ask Jeeves/Teoma; +http://about.ask.com/en/docs/about/webmasters.shtml)"
66.235.124.61 - - [26/Mar/2009:11:03:31 +0100] "GET /frame-inhalt.html HTTP/1.1" 200 5418 "-" "Mozilla/5.0 (compatible; Ask Jeeves/Teoma; +http://about.ask.com/en/docs/about/webmasters.shtml)"
66.249.71.249 - - [26/Mar/2009:11:04:25 +0100] "GET /logs/usage_200903.html HTTP/1.1" 404 2748 "-" "Mozilla/5.0 (compatible; Googlebot/2.1; +http://www.google.com/bot.html)"
74.6.8.90 - - [26/Mar/2009:11:08:28 +0100] "GET /f-sponsor.html HTTP/1.0" 200 8578 "-" "Mozilla/5.0 (compatible; Yahoo! Slurp/3.0; http://help.yahoo.com/help/us/ysearch/slurp)"
85.66.137.215 - - [26/Mar/2009:11:43:28 +0100] "GET /modules/files/list.php?def_lang=../../../../../../../../../etc/passwd%00 HTTP/1.1" 404 2748 "http://various-euro.com/modules/files/list.php?def_lang=../../../../../../../../../etc/passwd%00" "Mozilla/4.0 (compatible; MSIE 6.0; Windows NT 5.1)"
66.235.124.89 - - [26/Mar/2009:12:07:37 +0100] "GET /framez-zampa-lovers.html HTTP/1.1" 200 4322 "-" "Mozilla/5.0 (compatible; Ask Jeeves/Teoma; +http://about.ask.com/en/docs/about/webmasters.shtml)"
66.235.124.89 - - [26/Mar/2009:12:07:38 +0100] "GET /frame-menu.html HTTP/1.1" 200 10536 "-" "Mozilla/5.0 (compatible; Ask Jeeves/Teoma; +http://about.ask.com/en/docs/about/webmasters.shtml)"
66.235.124.89 - - [26/Mar/2009:12:07:38 +0100] "GET /zampa-lovers/index.html HTTP/1.1" 200 37790 "-" "Mozilla/5.0 (compatible; Ask Jeeves/Teoma; +http://about.ask.com/en/docs/about/webmasters.shtml)"
66.235.124.89 - - [26/Mar/2009:12:07:39 +0100] "GET /frame-unten.html HTTP/1.1" 200 5308 "-" "Mozilla/5.0 (compatible; Ask Jeeves/Teoma; +http://about.ask.com/en/docs/about/webmasters.shtml)"
66.235.124.89 - - [26/Mar/2009:12:11:25 +0100] "GET /framez.html HTTP/1.1" 200 3959 "-" "Mozilla/5.0 (compatible; Ask Jeeves/Teoma; +http://about.ask.com/en/docs/about/webmasters.shtml)"
66.235.124.89 - - [26/Mar/2009:12:11:26 +0100] "GET /framez.html HTTP/1.1" 200 3959 "-" "Mozilla/5.0 (compatible; Ask Jeeves/Teoma; +http://about.ask.com/en/docs/about/webmasters.shtml)"
66.235.124.89 - - [26/Mar/2009:12:11:26 +0100] "GET /frame-inhalt.html HTTP/1.1" 200 5418 "-" "Mozilla/5.0 (compatible; Ask Jeeves/Teoma; +http://about.ask.com/en/docs/about/webmasters.shtml)"
67.195.37.183 - - [26/Mar/2009:13:09:12 +0100] "GET /framez.html HTTP/1.0" 200 3959 "-" "Mozilla/5.0 (compatible; Yahoo! Slurp/3.0; http://help.yahoo.com/help/us/ysearch/slurp)"
67.195.37.183 - - [26/Mar/2009:13:09:12 +0100] "GET /style/various-euro.css HTTP/1.0" 304 - "http://various-euro.com/framez.html" "Mozilla/5.0 (compatible; Yahoo! Slurp/3.0; http://help.yahoo.com/help/us/ysearch/slurp)"
67.195.37.183 - - [26/Mar/2009:13:09:12 +0100] "GET /frame-unten.html HTTP/1.0" 200 5308 "http://various-euro.com/framez.html" "Mozilla/5.0 (compatible; Yahoo! Slurp/3.0; http://help.yahoo.com/help/us/ysearch/slurp)"
67.195.37.183 - - [26/Mar/2009:13:09:12 +0100] "GET /frame-menu.html HTTP/1.0" 200 10536 "http://various-euro.com/framez.html" "Mozilla/5.0 (compatible; Yahoo! Slurp/3.0; http://help.yahoo.com/help/us/ysearch/slurp)"
67.195.37.183 - - [26/Mar/2009:13:09:12 +0100] "GET /frame-inhalt.html HTTP/1.0" 200 5418 "http://various-euro.com/framez.html" "Mozilla/5.0 (compatible; Yahoo! Slurp/3.0; http://help.yahoo.com/help/us/ysearch/slurp)"
67.202.41.3 - - [26/Mar/2009:13:32:03 +0100] "GET /robots.txt HTTP/1.0" 200 64 "-" "ia_archiver (+http://www.alexa.com/site/help/webmasters; crawler@alexa.com)"
74.6.8.90 - - [26/Mar/2009:13:54:50 +0100] "GET /neon/click.html HTTP/1.0" 200 521 "-" "Mozilla/5.0 (compatible; Yahoo! Slurp/3.0; http://help.yahoo.com/help/us/ysearch/slurp)"
193.27.50.89 - - [26/Mar/2009:14:13:24 +0100] "GET /f-zeug.html HTTP/1.0" 200 48203 "http://www.google.de/search?hl=de&q=euro+stuff&meta=" "Mozilla/4.0 (compatible; MSIE 7.0; Windows NT 5.2; .NET CLR 1.1.4322; .NET CLR 2.0.50727)"
193.27.50.89 - - [26/Mar/2009:14:13:24 +0100] "GET /16cols.gif HTTP/1.0" 404 2748 "http://www.various-euro.com/f-zeug.html" "Mozilla/4.0 (compatible; MSIE 7.0; Windows NT 5.2; .NET CLR 1.1.4322; .NET CLR 2.0.50727)"
193.27.50.89 - - [26/Mar/2009:14:13:26 +0100] "GET /favicon.ico HTTP/1.0" 404 2748 "-" "Mozilla/4.0 (compatible; MSIE 7.0; Windows NT 5.2; .NET CLR 1.1.4322; .NET CLR 2.0.50727)"
193.27.50.89 - - [26/Mar/2009:14:13:26 +0100] "GET /framez-zeug.html HTTP/1.0" 200 4311 "-" "Mozilla/4.0 (compatible; MSIE 7.0; Windows NT 5.2; .NET CLR 1.1.4322; .NET CLR 2.0.50727)"
193.27.50.89 - - [26/Mar/2009:14:13:26 +0100] "GET /frame-menu.html HTTP/1.0" 200 10536 "http://www.various-euro.com/framez-zeug.html" "Mozilla/4.0 (compatible; MSIE 7.0; Windows NT 5.2; .NET CLR 1.1.4322; .NET CLR 2.0.50727)"
193.27.50.89 - - [26/Mar/2009:14:13:26 +0100] "GET /frame-unten.html HTTP/1.0" 200 5308 "http://www.various-euro.com/framez-zeug.html" "Mozilla/4.0 (compatible; MSIE 7.0; Windows NT 5.2; .NET CLR 1.1.4322; .NET CLR 2.0.50727)"
193.27.50.89 - - [26/Mar/2009:14:13:26 +0100] "GET /f-zeug.html HTTP/1.0" 200 48203 "http://www.various-euro.com/framez-zeug.html" "Mozilla/4.0 (compatible; MSIE 7.0; Windows NT 5.2; .NET CLR 1.1.4322; .NET CLR 2.0.50727)"
193.27.50.89 - - [26/Mar/2009:14:13:26 +0100] "GET /style/various-euro.css HTTP/1.0" 200 3437 "http://www.various-euro.com/frame-menu.html" "Mozilla/4.0 (compatible; MSIE 7.0; Windows NT 5.2; .NET CLR 1.1.4322; .NET CLR 2.0.50727)"
193.27.50.89 - - [26/Mar/2009:14:13:26 +0100] "GET /bannerz/ve.jpg HTTP/1.0" 200 36912 "http://www.various-euro.com/frame-unten.html" "Mozilla/4.0 (compatible; MSIE 7.0; Windows NT 5.2; .NET CLR 1.1.4322; .NET CLR 2.0.50727)"
193.27.50.89 - - [26/Mar/2009:14:13:26 +0100] "GET /bannerz/various-euro-girl.jpg HTTP/1.0" 200 91514 "http://www.various-euro.com/frame-unten.html" "Mozilla/4.0 (compatible; MSIE 7.0; Windows NT 5.2; .NET CLR 1.1.4322; .NET CLR 2.0.50727)"
193.27.50.89 - - [26/Mar/2009:14:13:27 +0100] "GET /ve-icon-2.ico HTTP/1.0" 200 2238 "-" "Mozilla/4.0 (compatible; MSIE 7.0; Windows NT 5.2; .NET CLR 1.1.4322; .NET CLR 2.0.50727)"
193.27.50.89 - - [26/Mar/2009:14:13:35 +0100] "GET /framez-zeug.html HTTP/1.0" 200 4311 "-" "Mozilla/4.0 (compatible; MSIE 7.0; Windows NT 5.2; .NET CLR 1.1.4322; .NET CLR 2.0.50727)"
193.27.50.89 - - [26/Mar/2009:14:13:36 +0100] "GET /frame-menu.html HTTP/1.0" 200 10536 "http://www.various-euro.com/framez-zeug.html" "Mozilla/4.0 (compatible; MSIE 7.0; Windows NT 5.2; .NET CLR 1.1.4322; .NET CLR 2.0.50727)"
193.27.50.89 - - [26/Mar/2009:14:13:36 +0100] "GET /frame-unten.html HTTP/1.0" 200 5308 "http://www.various-euro.com/framez-zeug.html" "Mozilla/4.0 (compatible; MSIE 7.0; Windows NT 5.2; .NET CLR 1.1.4322; .NET CLR 2.0.50727)"
193.27.50.89 - - [26/Mar/2009:14:13:36 +0100] "GET /f-zeug.html HTTP/1.0" 200 48203 "http://www.various-euro.com/framez-zeug.html" "Mozilla/4.0 (compatible; MSIE 7.0; Windows NT 5.2; .NET CLR 1.1.4322; .NET CLR 2.0.50727)"
193.27.50.89 - - [26/Mar/2009:14:13:38 +0100] "GET /framez-zeug.html HTTP/1.0" 200 4311 "-" "Mozilla/4.0 (compatible; MSIE 7.0; Windows NT 5.2; .NET CLR 1.1.4322; .NET CLR 2.0.50727)"
193.27.50.89 - - [26/Mar/2009:14:13:38 +0100] "GET /frame-menu.html HTTP/1.0" 200 10536 "http://www.various-euro.com/framez-zeug.html" "Mozilla/4.0 (compatible; MSIE 7.0; Windows NT 5.2; .NET CLR 1.1.4322; .NET CLR 2.0.50727)"
193.27.50.89 - - [26/Mar/2009:14:13:38 +0100] "GET /frame-unten.html HTTP/1.0" 200 5308 "http://www.various-euro.com/framez-zeug.html" "Mozilla/4.0 (compatible; MSIE 7.0; Windows NT 5.2; .NET CLR 1.1.4322; .NET CLR 2.0.50727)"
193.27.50.89 - - [26/Mar/2009:14:13:38 +0100] "GET /f-zeug.html HTTP/1.0" 200 48203 "http://www.various-euro.com/framez-zeug.html" "Mozilla/4.0 (compatible; MSIE 7.0; Windows NT 5.2; .NET CLR 1.1.4322; .NET CLR 2.0.50727)"
193.27.50.89 - - [26/Mar/2009:14:13:42 +0100] "GET /framez-zeug.html HTTP/1.0" 200 4311 "-" "Mozilla/4.0 (compatible; MSIE 7.0; Windows NT 5.2; .NET CLR 1.1.4322; .NET CLR 2.0.50727)"
193.27.50.89 - - [26/Mar/2009:14:13:43 +0100] "GET /frame-menu.html HTTP/1.0" 200 10536 "http://www.various-euro.com/framez-zeug.html" "Mozilla/4.0 (compatible; MSIE 7.0; Windows NT 5.2; .NET CLR 1.1.4322; .NET CLR 2.0.50727)"
193.27.50.89 - - [26/Mar/2009:14:13:43 +0100] "GET /frame-unten.html HTTP/1.0" 200 5308 "http://www.various-euro.com/framez-zeug.html" "Mozilla/4.0 (compatible; MSIE 7.0; Windows NT 5.2; .NET CLR 1.1.4322; .NET CLR 2.0.50727)"
193.27.50.89 - - [26/Mar/2009:14:13:43 +0100] "GET /f-zeug.html HTTP/1.0" 200 48203 "http://www.various-euro.com/framez-zeug.html" "Mozilla/4.0 (compatible; MSIE 7.0; Windows NT 5.2; .NET CLR 1.1.4322; .NET CLR 2.0.50727)"
87.250.39.216 - - [26/Mar/2009:14:24:07 +0100] "GET /favicon.ico HTTP/1.1" 302 364 "-" "Mozilla/4.0 (compatible; GoogleToolbar 5.0.2124.6042; Windows XP 5.1; MSIE 7.0.5730.13)"
87.250.39.216 - - [26/Mar/2009:14:24:07 +0100] "GET /favicon.ico HTTP/1.1" 302 364 "-" "Mozilla/4.0 (compatible; GoogleToolbar 5.0.2124.6042; Windows XP 5.1; MSIE 7.0.5730.13)"
87.250.39.216 - - [26/Mar/2009:14:24:07 +0100] "GET /zampa/favicon.ico HTTP/1.1" 404 2748 "-" "Mozilla/4.0 (compatible; GoogleToolbar 5.0.2124.6042; Windows XP 5.1; MSIE 7.0.5730.13)"
87.250.39.216 - - [26/Mar/2009:14:24:07 +0100] "GET /zampa/favicon.ico HTTP/1.1" 404 2748 "-" "Mozilla/4.0 (compatible; GoogleToolbar 5.0.2124.6042; Windows XP 5.1; MSIE 7.0.5730.13)"
87.250.39.216 - - [26/Mar/2009:14:24:07 +0100] "GET /favicon.gif HTTP/1.1" 302 364 "-" "Mozilla/4.0 (compatible; GoogleToolbar 5.0.2124.6042; Windows XP 5.1; MSIE 7.0.5730.13)"
87.250.39.216 - - [26/Mar/2009:14:24:07 +0100] "GET /favicon.gif HTTP/1.1" 302 364 "-" "Mozilla/4.0 (compatible; GoogleToolbar 5.0.2124.6042; Windows XP 5.1; MSIE 7.0.5730.13)"
87.250.39.216 - - [26/Mar/2009:14:24:07 +0100] "GET /zampa/favicon.gif HTTP/1.1" 404 2748 "-" "Mozilla/4.0 (compatible; GoogleToolbar 5.0.2124.6042; Windows XP 5.1; MSIE 7.0.5730.13)"
87.250.39.216 - - [26/Mar/2009:14:24:07 +0100] "GET /zampa/favicon.gif HTTP/1.1" 404 2748 "-" "Mozilla/4.0 (compatible; GoogleToolbar 5.0.2124.6042; Windows XP 5.1; MSIE 7.0.5730.13)"
87.250.39.216 - - [26/Mar/2009:14:26:11 +0100] "GET /favicon.ico HTTP/1.1" 302 364 "-" "Mozilla/4.0 (compatible; GoogleToolbar 5.0.2124.6042; Windows XP 5.1; MSIE 7.0.5730.13)"
87.250.39.216 - - [26/Mar/2009:14:26:11 +0100] "GET /zampa/favicon.ico HTTP/1.1" 404 2748 "-" "Mozilla/4.0 (compatible; GoogleToolbar 5.0.2124.6042; Windows XP 5.1; MSIE 7.0.5730.13)"
87.250.39.216 - - [26/Mar/2009:14:26:11 +0100] "GET /favicon.gif HTTP/1.1" 302 364 "-" "Mozilla/4.0 (compatible; GoogleToolbar 5.0.2124.6042; Windows XP 5.1; MSIE 7.0.5730.13)"
87.250.39.216 - - [26/Mar/2009:14:26:11 +0100] "GET /zampa/favicon.gif HTTP/1.1" 404 2748 "-" "Mozilla/4.0 (compatible; GoogleToolbar 5.0.2124.6042; Windows XP 5.1; MSIE 7.0.5730.13)"
85.66.137.215 - - [26/Mar/2009:15:34:42 +0100] "GET /modules/certinfo/index.php?module=../../../../../../etc/passwd%00 HTTP/1.1" 404 2748 "http://various-euro.com/modules/certinfo/index.php?module=../../../../../../etc/passwd%00" "Mozilla/4.0 (compatible; MSIE 6.0; Windows NT 5.1)"
67.195.37.160 - - [26/Mar/2009:15:41:01 +0100] "GET /robots.txt HTTP/1.0" 200 64 "-" "Mozilla/5.0 (compatible; Yahoo! Slurp; http://help.yahoo.com/help/us/ysearch/slurp)"
67.195.37.160 - - [26/Mar/2009:15:41:01 +0100] "GET /schubb/schubb-2.html HTTP/1.0" 200 16660 "-" "Mozilla/5.0 (compatible; Yahoo! Slurp/3.0; http://help.yahoo.com/help/us/ysearch/slurp)"
81.52.143.33 - - [26/Mar/2009:15:55:04 +0100] "GET /neon/girlz2.html HTTP/1.1" 200 2937 "-" "Mozilla/5.0 (Windows; U; Windows NT 5.1; fr; rv:1.8.1) VoilaBot BETA 1.2 (support.voilabot@orange-ftgroup.com)"
65.55.211.159 - - [26/Mar/2009:16:54:31 +0100] "GET /robots.txt HTTP/1.1" 200 64 "-" "msnbot/1.1 (+http://search.msn.com/msnbot.htm)"
65.55.211.159 - - [26/Mar/2009:16:54:31 +0100] "GET /zampa-lovers/ HTTP/1.1" 200 37790 "-" "msnbot/1.1 (+http://search.msn.com/msnbot.htm)"
193.252.149.16 - - [26/Mar/2009:17:05:55 +0100] "GET /neon/girl-tv.html HTTP/1.1" 200 1717 "-" "Mozilla/5.0 (Windows; U; Windows NT 5.1; fr; rv:1.8.1) VoilaBot BETA 1.2 (support.voilabot@orange-ftgroup.com)"
81.52.143.16 - - [26/Mar/2009:18:16:27 +0100] "GET /bmpp/18_x.html HTTP/1.1" 200 1100 "-" "Mozilla/5.0 (Windows; U; Windows NT 5.1; fr; rv:1.8.1) VoilaBot BETA 1.2 (support.voilabot@orange-ftgroup.com)"
67.195.37.160 - - [26/Mar/2009:18:40:01 +0100] "GET /framez-rez.html HTTP/1.0" 200 4323 "-" "Mozilla/5.0 (compatible; Yahoo! Slurp; http://help.yahoo.com/help/us/ysearch/slurp)"
67.195.37.160 - - [26/Mar/2009:18:40:10 +0100] "GET /frame-menu.html HTTP/1.0" 200 10536 "-" "Mozilla/5.0 (compatible; Yahoo! Slurp; http://help.yahoo.com/help/us/ysearch/slurp)"
67.195.37.160 - - [26/Mar/2009:18:40:20 +0100] "GET /f-rez.html HTTP/1.0" 200 9765 "-" "Mozilla/5.0 (compatible; Yahoo! Slurp; http://help.yahoo.com/help/us/ysearch/slurp)"
67.195.37.160 - - [26/Mar/2009:18:40:30 +0100] "GET /frame-unten.html HTTP/1.0" 200 5308 "-" "Mozilla/5.0 (compatible; Yahoo! Slurp; http://help.yahoo.com/help/us/ysearch/slurp)"
67.195.37.160 - - [26/Mar/2009:18:42:54 +0100] "GET /f-zeug.html HTTP/1.0" 200 48203 "-" "Mozilla/5.0 (compatible; Yahoo! Slurp; http://help.yahoo.com/help/us/ysearch/slurp)"
87.250.39.216 - - [26/Mar/2009:18:51:16 +0100] "GET /favicon.ico HTTP/1.1" 302 364 "-" "Mozilla/4.0 (compatible; GoogleToolbar 5.0.2124.6042; Windows XP 5.1; MSIE 7.0.5730.13)"
87.250.39.216 - - [26/Mar/2009:18:51:16 +0100] "GET /zampa/favicon.ico HTTP/1.1" 404 2748 "-" "Mozilla/4.0 (compatible; GoogleToolbar 5.0.2124.6042; Windows XP 5.1; MSIE 7.0.5730.13)"
87.250.39.216 - - [26/Mar/2009:18:51:16 +0100] "GET /favicon.gif HTTP/1.1" 302 364 "-" "Mozilla/4.0 (compatible; GoogleToolbar 5.0.2124.6042; Windows XP 5.1; MSIE 7.0.5730.13)"
87.250.39.216 - - [26/Mar/2009:18:51:16 +0100] "GET /zampa/favicon.gif HTTP/1.1" 404 2748 "-" "Mozilla/4.0 (compatible; GoogleToolbar 5.0.2124.6042; Windows XP 5.1; MSIE 7.0.5730.13)"
67.195.37.160 - - [26/Mar/2009:19:22:38 +0100] "GET /schubb/schubb-2.html HTTP/1.0" 200 16660 "-" "Mozilla/5.0 (compatible; Yahoo! Slurp/3.0; http://help.yahoo.com/help/us/ysearch/slurp)"
65.55.211.162 - - [26/Mar/2009:19:22:39 +0100] "GET /robots.txt HTTP/1.1" 200 64 "-" "msnbot/1.1 (+http://search.msn.com/msnbot.htm)"
65.55.211.162 - - [26/Mar/2009:19:22:39 +0100] "GET /zampa/montenegro/dajpare.html HTTP/1.1" 200 2503 "-" "msnbot/1.1 (+http://search.msn.com/msnbot.htm)"
67.195.37.160 - - [26/Mar/2009:19:40:37 +0100] "GET /logs/ HTTP/1.0" 200 10079 "-" "Mozilla/5.0 (compatible; Yahoo! Slurp; http://help.yahoo.com/help/us/ysearch/slurp)"
74.6.8.90 - - [26/Mar/2009:19:42:25 +0100] "GET /neon/girlz2.html HTTP/1.0" 200 2937 "-" "Mozilla/5.0 (compatible; Yahoo! Slurp/3.0; http://help.yahoo.com/help/us/ysearch/slurp)"
66.249.71.249 - - [26/Mar/2009:19:46:45 +0100] "GET /robots.txt HTTP/1.1" 200 64 "-" "Mozilla/5.0 (compatible; Googlebot/2.1; +http://www.google.com/bot.html)"
66.249.71.249 - - [26/Mar/2009:19:46:46 +0100] "GET /schubb/schubb-1.html HTTP/1.1" 200 9070 "-" "Mozilla/5.0 (compatible; Googlebot/2.1; +http://www.google.com/bot.html)"
65.55.106.133 - - [26/Mar/2009:20:04:22 +0100] "GET /robots.txt HTTP/1.1" 200 64 "-" "msnbot/2.0b (+http://search.msn.com/msnbot.htm)"
66.249.71.249 - - [26/Mar/2009:20:15:41 +0100] "GET / HTTP/1.1" 200 7869 "-" "Mozilla/5.0 (compatible; Googlebot/2.1; +http://www.google.com/bot.html)"
213.239.237.21 - - [26/Mar/2009:20:58:18 +0100] "GET / HTTP/1.0" 200 7869 "-" "-"
74.6.8.90 - - [26/Mar/2009:21:57:00 +0100] "GET /robots.txt HTTP/1.0" 200 64 "-" "Mozilla/5.0 (compatible; Yahoo! Slurp; http://help.yahoo.com/help/us/ysearch/slurp)"
74.6.8.90 - - [26/Mar/2009:21:57:00 +0100] "GET /f-bannnerz.html HTTP/1.0" 200 12651 "-" "Mozilla/5.0 (compatible; Yahoo! Slurp/3.0; http://help.yahoo.com/help/us/ysearch/slurp)"
118.167.135.157 - - [26/Mar/2009:22:31:50 +0100] "GET / HTTP/1.1" 200 7869 "-" "Mozilla/4.0 (compatible; MSIE 5.0; Windows NT)"
92.226.221.8 - - [26/Mar/2009:22:43:30 +0100] "GET / HTTP/1.0" 200 7869 "-" "-"
83.167.106.21 - - [26/Mar/2009:22:48:12 +0100] "GET /framez-zampa-lovers.html HTTP/1.0" 200 4322 "http://www.various-euro.com/framez-zampa-lovers.html" "Opera/9.00 (Windows NT 5.1; U; ru)"
83.167.106.21 - - [26/Mar/2009:22:48:34 +0100] "GET /frame-menu.html HTTP/1.0" 200 10536 "http://www.various-euro.com/frame-menu.html" "Opera/9.00 (Windows NT 5.1; U; ru)"
83.167.106.21 - - [26/Mar/2009:22:48:38 +0100] "GET /zampa-lovers/index.html HTTP/1.0" 200 37790 "http://www.various-euro.com/zampa-lovers/index.html" "Opera/9.00 (Windows NT 5.1; U; ru)"
83.167.106.21 - - [26/Mar/2009:22:49:13 +0100] "GET /ve-icon-2.ico HTTP/1.0" 200 2238 "http://www.various-euro.com/ve-icon-2.ico" "Opera/9.00 (Windows NT 5.1; U; ru)"
83.167.106.21 - - [26/Mar/2009:22:49:40 +0100] "GET / HTTP/1.0" 200 7869 "http://www.various-euro.com/" "Opera/9.00 (Windows NT 5.1; U; ru)"
65.55.106.233 - - [26/Mar/2009:23:11:16 +0100] "GET /robots.txt HTTP/1.1" 302 363 "-" "msnbot/2.0b (+http://search.msn.com/msnbot.htm)"
65.55.106.233 - - [26/Mar/2009:23:11:16 +0100] "GET /zampa/robots.txt HTTP/1.1" 404 2748 "-" "msnbot/2.0b (+http://search.msn.com/msnbot.htm)"
72.30.65.24 - - [26/Mar/2009:23:29:08 +0100] "GET /robots.txt HTTP/1.0" 200 64 "-" "Mozilla/5.0 (compatible; Yahoo! Slurp; http://help.yahoo.com/help/us/ysearch/slurp)"
72.30.65.24 - - [26/Mar/2009:23:29:10 +0100] "GET /framez.html HTTP/1.0" 200 3959 "-" "Mozilla/5.0 (compatible; Yahoo! Slurp/3.0; http://help.yahoo.com/help/us/ysearch/slurp)"
72.30.65.24 - - [26/Mar/2009:23:29:10 +0100] "GET /style/various-euro.css HTTP/1.0" 200 3437 "http://various-euro.com/framez.html" "Mozilla/5.0 (compatible; Yahoo! Slurp/3.0; http://help.yahoo.com/help/us/ysearch/slurp)"
72.30.65.24 - - [26/Mar/2009:23:29:10 +0100] "GET /frame-menu.html HTTP/1.0" 200 10536 "http://various-euro.com/framez.html" "Mozilla/5.0 (compatible; Yahoo! Slurp/3.0; http://help.yahoo.com/help/us/ysearch/slurp)"
72.30.65.24 - - [26/Mar/2009:23:29:10 +0100] "GET /frame-inhalt.html HTTP/1.0" 200 5418 "http://various-euro.com/framez.html" "Mozilla/5.0 (compatible; Yahoo! Slurp/3.0; http://help.yahoo.com/help/us/ysearch/slurp)"
72.30.65.24 - - [26/Mar/2009:23:29:10 +0100] "GET /frame-unten.html HTTP/1.0" 200 5308 "http://various-euro.com/framez.html" "Mozilla/5.0 (compatible; Yahoo! Slurp/3.0; http://help.yahoo.com/help/us/ysearch/slurp)"
87.250.39.216 - - [27/Mar/2009:00:11:13 +0100] "GET /favicon.ico HTTP/1.1" 302 364 "-" "Mozilla/4.0 (compatible; GoogleToolbar 5.0.2124.6042; Windows XP 5.1; MSIE 7.0.5730.13)"
87.250.39.216 - - [27/Mar/2009:00:11:13 +0100] "GET /zampa/favicon.ico HTTP/1.1" 404 2748 "-" "Mozilla/4.0 (compatible; GoogleToolbar 5.0.2124.6042; Windows XP 5.1; MSIE 7.0.5730.13)"
87.250.39.216 - - [27/Mar/2009:00:11:13 +0100] "GET /favicon.gif HTTP/1.1" 302 364 "-" "Mozilla/4.0 (compatible; GoogleToolbar 5.0.2124.6042; Windows XP 5.1; MSIE 7.0.5730.13)"
87.250.39.216 - - [27/Mar/2009:00:11:13 +0100] "GET /zampa/favicon.gif HTTP/1.1" 404 2748 "-" "Mozilla/4.0 (compatible; GoogleToolbar 5.0.2124.6042; Windows XP 5.1; MSIE 7.0.5730.13)"
66.249.71.249 - - [27/Mar/2009:00:18:49 +0100] "GET /framez_0.html HTTP/1.1" 200 12444 "-" "Mozilla/5.0 (compatible; Googlebot/2.1; +http://www.google.com/bot.html)"
87.250.39.216 - - [27/Mar/2009:00:28:00 +0100] "GET /favicon.ico HTTP/1.1" 302 364 "-" "Mozilla/4.0 (compatible; GoogleToolbar 5.0.2124.6042; Windows XP 5.1; MSIE 7.0.5730.13)"
87.250.39.216 - - [27/Mar/2009:00:28:00 +0100] "GET /zampa/favicon.ico HTTP/1.1" 404 2748 "-" "Mozilla/4.0 (compatible; GoogleToolbar 5.0.2124.6042; Windows XP 5.1; MSIE 7.0.5730.13)"
87.250.39.216 - - [27/Mar/2009:00:28:00 +0100] "GET /favicon.gif HTTP/1.1" 302 364 "-" "Mozilla/4.0 (compatible; GoogleToolbar 5.0.2124.6042; Windows XP 5.1; MSIE 7.0.5730.13)"
87.250.39.216 - - [27/Mar/2009:00:28:00 +0100] "GET /zampa/favicon.gif HTTP/1.1" 404 2748 "-" "Mozilla/4.0 (compatible; GoogleToolbar 5.0.2124.6042; Windows XP 5.1; MSIE 7.0.5730.13)"
66.249.71.249 - - [27/Mar/2009:00:39:36 +0100] "GET /framez-world.html HTTP/1.1" 200 4325 "-" "Mozilla/5.0 (compatible; Googlebot/2.1; +http://www.google.com/bot.html)"
74.6.8.90 - - [27/Mar/2009:00:46:28 +0100] "GET /search.html HTTP/1.0" 200 1440 "-" "Mozilla/5.0 (compatible; Yahoo! Slurp/3.0; http://help.yahoo.com/help/us/ysearch/slurp)"
87.250.39.216 - - [27/Mar/2009:00:56:38 +0100] "GET /favicon.ico HTTP/1.1" 302 364 "-" "Mozilla/4.0 (compatible; GoogleToolbar 5.0.2124.6042; Windows XP 5.1; MSIE 7.0.5730.13)"
