79.125.177.51 - - [13/Mar/2009:11:32:03 +0100] "GET /frame-menu.html HTTP/1.1" 200 10536 "http://www.various-euro.com/framez.html" "Mozilla/4.0 (compatible; MSIE 7.0; Windows NT 6.0; Mozilla/4.0 (compatible; MSIE 6.0; Windows NT 5.1; SV1) ; SLCC1; .NET CLR 2.0.50727; .NET CLR 3.0.04506; .NET CLR 1.1.4322; InfoPath.2; OfficeLiveConnector.1.3; OfficeLivePatch.0.0)"
79.125.177.51 - - [13/Mar/2009:11:32:03 +0100] "GET /frame-inhalt.html HTTP/1.1" 200 5418 "http://www.various-euro.com/framez.html" "Mozilla/4.0 (compatible; MSIE 7.0; Windows NT 6.0; Mozilla/4.0 (compatible; MSIE 6.0; Windows NT 5.1; SV1) ; SLCC1; .NET CLR 2.0.50727; .NET CLR 3.0.04506; .NET CLR 1.1.4322; InfoPath.2; OfficeLiveConnector.1.3; OfficeLivePatch.0.0)"
79.125.177.51 - - [13/Mar/2009:11:32:03 +0100] "GET /frame-unten.html HTTP/1.1" 200 5308 "http://www.various-euro.com/framez.html" "Mozilla/4.0 (compatible; MSIE 7.0; Windows NT 6.0; Mozilla/4.0 (compatible; MSIE 6.0; Windows NT 5.1; SV1) ; SLCC1; .NET CLR 2.0.50727; .NET CLR 3.0.04506; .NET CLR 1.1.4322; InfoPath.2; OfficeLiveConnector.1.3; OfficeLivePatch.0.0)"
79.125.177.51 - - [13/Mar/2009:11:32:03 +0100] "GET /eurosign3.gif HTTP/1.1" 200 7879 "http://www.various-euro.com/frame-inhalt.html" "Mozilla/4.0 (compatible; MSIE 7.0; Windows NT 6.0; Mozilla/4.0 (compatible; MSIE 6.0; Windows NT 5.1; SV1) ; SLCC1; .NET CLR 2.0.50727; .NET CLR 3.0.04506; .NET CLR 1.1.4322; InfoPath.2; OfficeLiveConnector.1.3; OfficeLivePatch.0.0)"
79.125.177.51 - - [13/Mar/2009:11:32:03 +0100] "GET /bannerz/neon_click_3.gif HTTP/1.1" 200 240 "http://www.various-euro.com/frame-inhalt.html" "Mozilla/4.0 (compatible; MSIE 7.0; Windows NT 6.0; Mozilla/4.0 (compatible; MSIE 6.0; Windows NT 5.1; SV1) ; SLCC1; .NET CLR 2.0.50727; .NET CLR 3.0.04506; .NET CLR 1.1.4322; InfoPath.2; OfficeLiveConnector.1.3; OfficeLivePatch.0.0)"
79.125.177.51 - - [13/Mar/2009:11:32:03 +0100] "GET /bannerz/neon_click_1.gif HTTP/1.1" 200 890 "http://www.various-euro.com/frame-inhalt.html" "Mozilla/4.0 (compatible; MSIE 7.0; Windows NT 6.0; Mozilla/4.0 (compatible; MSIE 6.0; Windows NT 5.1; SV1) ; SLCC1; .NET CLR 2.0.50727; .NET CLR 3.0.04506; .NET CLR 1.1.4322; InfoPath.2; OfficeLiveConnector.1.3; OfficeLivePatch.0.0)"
79.125.177.51 - - [13/Mar/2009:11:32:03 +0100] "GET /bannerz/google/Logo_40blk.gif HTTP/1.1" 200 2308 "http://www.various-euro.com/frame-inhalt.html" "Mozilla/4.0 (compatible; MSIE 7.0; Windows NT 6.0; Mozilla/4.0 (compatible; MSIE 6.0; Windows NT 5.1; SV1) ; SLCC1; .NET CLR 2.0.50727; .NET CLR 3.0.04506; .NET CLR 1.1.4322; InfoPath.2; OfficeLiveConnector.1.3; OfficeLivePatch.0.0)"
79.125.177.51 - - [13/Mar/2009:11:32:03 +0100] "GET /bannerz/wet.gif HTTP/1.1" 200 18561 "http://www.various-euro.com/frame-inhalt.html" "Mozilla/4.0 (compatible; MSIE 7.0; Windows NT 6.0; Mozilla/4.0 (compatible; MSIE 6.0; Windows NT 5.1; SV1) ; SLCC1; .NET CLR 2.0.50727; .NET CLR 3.0.04506; .NET CLR 1.1.4322; InfoPath.2; OfficeLiveConnector.1.3; OfficeLivePatch.0.0)"
79.125.177.51 - - [13/Mar/2009:11:32:03 +0100] "GET /bannerz/goolag_468.jpg HTTP/1.1" 200 28285 "http://www.various-euro.com/frame-inhalt.html" "Mozilla/4.0 (compatible; MSIE 7.0; Windows NT 6.0; Mozilla/4.0 (compatible; MSIE 6.0; Windows NT 5.1; SV1) ; SLCC1; .NET CLR 2.0.50727; .NET CLR 3.0.04506; .NET CLR 1.1.4322; InfoPath.2; OfficeLiveConnector.1.3; OfficeLivePatch.0.0)"
79.125.177.51 - - [13/Mar/2009:11:32:03 +0100] "GET /bannerz/neon_click_2.gif HTTP/1.1" 200 387 "http://www.various-euro.com/frame-inhalt.html" "Mozilla/4.0 (compatible; MSIE 7.0; Windows NT 6.0; Mozilla/4.0 (compatible; MSIE 6.0; Windows NT 5.1; SV1) ; SLCC1; .NET CLR 2.0.50727; .NET CLR 3.0.04506; .NET CLR 1.1.4322; InfoPath.2; OfficeLiveConnector.1.3; OfficeLivePatch.0.0)"
79.125.177.51 - - [13/Mar/2009:11:32:03 +0100] "GET /bannerz/douwil.gif HTTP/1.1" 200 528 "http://www.various-euro.com/frame-inhalt.html" "Mozilla/4.0 (compatible; MSIE 7.0; Windows NT 6.0; Mozilla/4.0 (compatible; MSIE 6.0; Windows NT 5.1; SV1) ; SLCC1; .NET CLR 2.0.50727; .NET CLR 3.0.04506; .NET CLR 1.1.4322; InfoPath.2; OfficeLiveConnector.1.3; OfficeLivePatch.0.0)"
79.125.177.51 - - [13/Mar/2009:11:32:03 +0100] "GET /bannerz/anti_black_small.gif HTTP/1.1" 200 1009 "http://www.various-euro.com/frame-inhalt.html" "Mozilla/4.0 (compatible; MSIE 7.0; Windows NT 6.0; Mozilla/4.0 (compatible; MSIE 6.0; Windows NT 5.1; SV1) ; SLCC1; .NET CLR 2.0.50727; .NET CLR 3.0.04506; .NET CLR 1.1.4322; InfoPath.2; OfficeLiveConnector.1.3; OfficeLivePatch.0.0)"
79.125.177.51 - - [13/Mar/2009:11:32:03 +0100] "GET /bannerz/copyleft_black_small.gif HTTP/1.1" 200 1231 "http://www.various-euro.com/frame-inhalt.html" "Mozilla/4.0 (compatible; MSIE 7.0; Windows NT 6.0; Mozilla/4.0 (compatible; MSIE 6.0; Windows NT 5.1; SV1) ; SLCC1; .NET CLR 2.0.50727; .NET CLR 3.0.04506; .NET CLR 1.1.4322; InfoPath.2; OfficeLiveConnector.1.3; OfficeLivePatch.0.0)"
79.125.177.51 - - [13/Mar/2009:11:32:03 +0100] "GET /bannerz/ve.jpg HTTP/1.1" 200 36912 "http://www.various-euro.com/frame-unten.html" "Mozilla/4.0 (compatible; MSIE 7.0; Windows NT 6.0; Mozilla/4.0 (compatible; MSIE 6.0; Windows NT 5.1; SV1) ; SLCC1; .NET CLR 2.0.50727; .NET CLR 3.0.04506; .NET CLR 1.1.4322; InfoPath.2; OfficeLiveConnector.1.3; OfficeLivePatch.0.0)"
79.125.177.51 - - [13/Mar/2009:11:32:03 +0100] "GET /bannerz/various-euro-girl.jpg HTTP/1.1" 200 91514 "http://www.various-euro.com/frame-unten.html" "Mozilla/4.0 (compatible; MSIE 7.0; Windows NT 6.0; Mozilla/4.0 (compatible; MSIE 6.0; Windows NT 5.1; SV1) ; SLCC1; .NET CLR 2.0.50727; .NET CLR 3.0.04506; .NET CLR 1.1.4322; InfoPath.2; OfficeLiveConnector.1.3; OfficeLivePatch.0.0)"
79.125.177.51 - - [13/Mar/2009:11:32:04 +0100] "GET /ve-icon-2.ico HTTP/1.1" 200 2238 "-" "Mozilla/4.0 (compatible; MSIE 7.0; Windows NT 6.0; Mozilla/4.0 (compatible; MSIE 6.0; Windows NT 5.1; SV1) ; SLCC1; .NET CLR 2.0.50727; .NET CLR 3.0.04506; .NET CLR 1.1.4322; InfoPath.2; OfficeLiveConnector.1.3; OfficeLivePatch.0.0)"
74.6.8.105 - - [13/Mar/2009:11:40:12 +0100] "GET /logs/usage_200710.html HTTP/1.0" 200 110952 "-" "Mozilla/5.0 (compatible; Yahoo! Slurp/3.0; http://help.yahoo.com/help/us/ysearch/slurp)"
74.6.8.105 - - [13/Mar/2009:11:40:13 +0100] "GET /logs/usage_200710.html HTTP/1.0" 200 110952 "-" "Mozilla/5.0 (compatible; Yahoo! Slurp/3.0; http://help.yahoo.com/help/us/ysearch/slurp)"
87.250.39.216 - - [13/Mar/2009:11:40:53 +0100] "GET /favicon.ico HTTP/1.1" 302 364 "-" "Mozilla/4.0 (compatible; GoogleToolbar 5.0.2124.6042; Windows XP 5.1; MSIE 7.0.5730.13)"
87.250.39.216 - - [13/Mar/2009:11:40:53 +0100] "GET /zampa/favicon.ico HTTP/1.1" 404 2748 "-" "Mozilla/4.0 (compatible; GoogleToolbar 5.0.2124.6042; Windows XP 5.1; MSIE 7.0.5730.13)"
87.250.39.216 - - [13/Mar/2009:11:40:53 +0100] "GET /favicon.gif HTTP/1.1" 302 364 "-" "Mozilla/4.0 (compatible; GoogleToolbar 5.0.2124.6042; Windows XP 5.1; MSIE 7.0.5730.13)"
87.250.39.216 - - [13/Mar/2009:11:40:53 +0100] "GET /zampa/favicon.gif HTTP/1.1" 404 2748 "-" "Mozilla/4.0 (compatible; GoogleToolbar 5.0.2124.6042; Windows XP 5.1; MSIE 7.0.5730.13)"
87.250.39.216 - - [13/Mar/2009:11:41:09 +0100] "GET /favicon.ico HTTP/1.1" 302 364 "-" "Mozilla/4.0 (compatible; GoogleToolbar 5.0.2124.6042; Windows XP 5.1; MSIE 7.0.5730.13)"
87.250.39.216 - - [13/Mar/2009:11:41:09 +0100] "GET /zampa/favicon.ico HTTP/1.1" 404 2748 "-" "Mozilla/4.0 (compatible; GoogleToolbar 5.0.2124.6042; Windows XP 5.1; MSIE 7.0.5730.13)"
87.250.39.216 - - [13/Mar/2009:11:41:09 +0100] "GET /favicon.gif HTTP/1.1" 302 364 "-" "Mozilla/4.0 (compatible; GoogleToolbar 5.0.2124.6042; Windows XP 5.1; MSIE 7.0.5730.13)"
87.250.39.216 - - [13/Mar/2009:11:41:09 +0100] "GET /zampa/favicon.gif HTTP/1.1" 404 2748 "-" "Mozilla/4.0 (compatible; GoogleToolbar 5.0.2124.6042; Windows XP 5.1; MSIE 7.0.5730.13)"
87.250.39.216 - - [13/Mar/2009:11:42:22 +0100] "GET /favicon.ico HTTP/1.1" 302 364 "-" "Mozilla/4.0 (compatible; GoogleToolbar 5.0.2124.6042; Windows XP 5.1; MSIE 7.0.5730.13)"
87.250.39.216 - - [13/Mar/2009:11:42:22 +0100] "GET /zampa/favicon.ico HTTP/1.1" 404 2748 "-" "Mozilla/4.0 (compatible; GoogleToolbar 5.0.2124.6042; Windows XP 5.1; MSIE 7.0.5730.13)"
87.250.39.216 - - [13/Mar/2009:11:42:22 +0100] "GET /favicon.gif HTTP/1.1" 302 364 "-" "Mozilla/4.0 (compatible; GoogleToolbar 5.0.2124.6042; Windows XP 5.1; MSIE 7.0.5730.13)"
87.250.39.216 - - [13/Mar/2009:11:42:22 +0100] "GET /zampa/favicon.gif HTTP/1.1" 404 2748 "-" "Mozilla/4.0 (compatible; GoogleToolbar 5.0.2124.6042; Windows XP 5.1; MSIE 7.0.5730.13)"
193.252.149.16 - - [13/Mar/2009:12:00:31 +0100] "GET /robots.txt HTTP/1.1" 200 64 "-" "Mozilla/5.0 (Windows; U; Windows NT 5.1; fr; rv:1.8.1) VoilaBot BETA 1.2 (support.voilabot@orange-ftgroup.com)"
193.252.149.16 - - [13/Mar/2009:12:00:33 +0100] "GET /neon/large.html HTTP/1.1" 200 1547 "-" "Mozilla/5.0 (Windows; U; Windows NT 5.1; fr; rv:1.8.1) VoilaBot BETA 1.2 (support.voilabot@orange-ftgroup.com)"
67.195.37.185 - - [13/Mar/2009:12:08:35 +0100] "GET /your_tour.html HTTP/1.0" 200 29760 "-" "Mozilla/5.0 (compatible; Yahoo! Slurp/3.0; http://help.yahoo.com/help/us/ysearch/slurp)"
67.195.37.185 - - [13/Mar/2009:12:08:40 +0100] "GET /anon.css HTTP/1.0" 404 2748 "http://www.various-euro.com/your_tour.html" "Mozilla/5.0 (compatible; Yahoo! Slurp/3.0; http://help.yahoo.com/help/us/ysearch/slurp)"
74.6.8.105 - - [13/Mar/2009:12:30:41 +0100] "GET /DgH/watch/index.html HTTP/1.0" 200 2028 "-" "Mozilla/5.0 (compatible; Yahoo! Slurp/3.0; http://help.yahoo.com/help/us/ysearch/slurp)"
74.6.8.105 - - [13/Mar/2009:12:30:42 +0100] "GET /DgH/watch/pict/Watch.mp3 HTTP/1.0" 200 29938 "http://www.various-euro.com/DgH/watch/index.html" "Mozilla/5.0 (compatible; Yahoo! Slurp/3.0; http://help.yahoo.com/help/us/ysearch/slurp)"
65.55.211.162 - - [13/Mar/2009:13:22:24 +0100] "GET /robots.txt HTTP/1.1" 200 64 "-" "msnbot/1.1 (+http://search.msn.com/msnbot.htm)"
65.55.211.162 - - [13/Mar/2009:13:22:24 +0100] "GET /zampa/montenegro/dajpare.html HTTP/1.1" 200 2503 "-" "msnbot/1.1 (+http://search.msn.com/msnbot.htm)"
65.55.211.161 - - [13/Mar/2009:13:32:35 +0100] "GET /robots.txt HTTP/1.1" 302 363 "-" "msnbot/1.1 (+http://search.msn.com/msnbot.htm)"
65.55.211.161 - - [13/Mar/2009:13:32:35 +0100] "GET /zampa/robots.txt HTTP/1.1" 404 2748 "-" "msnbot/1.1 (+http://search.msn.com/msnbot.htm)"
65.55.211.161 - - [13/Mar/2009:13:32:35 +0100] "GET / HTTP/1.1" 302 353 "-" "msnbot/1.1 (+http://search.msn.com/msnbot.htm)"
65.55.211.161 - - [13/Mar/2009:13:35:23 +0100] "GET /robots.txt HTTP/1.1" 200 64 "-" "msnbot/1.1 (+http://search.msn.com/msnbot.htm)"
65.55.211.161 - - [13/Mar/2009:13:35:23 +0100] "GET /zampa/ HTTP/1.1" 200 7153 "-" "msnbot/1.1 (+http://search.msn.com/msnbot.htm)"
66.249.71.249 - - [13/Mar/2009:13:44:26 +0100] "GET /f-zeug.html HTTP/1.1" 200 48203 "-" "Mozilla/5.0 (compatible; Googlebot/2.1; +http://www.google.com/bot.html)"
74.6.8.105 - - [13/Mar/2009:13:50:04 +0100] "GET /framez-rez.html HTTP/1.0" 200 4323 "-" "Mozilla/5.0 (compatible; Yahoo! Slurp/3.0; http://help.yahoo.com/help/us/ysearch/slurp)"
74.6.8.105 - - [13/Mar/2009:13:50:06 +0100] "GET /frame-menu.html HTTP/1.0" 200 10536 "http://www.various-euro.com/framez-rez.html" "Mozilla/5.0 (compatible; Yahoo! Slurp/3.0; http://help.yahoo.com/help/us/ysearch/slurp)"
74.6.8.105 - - [13/Mar/2009:13:50:06 +0100] "GET /frame-unten.html HTTP/1.0" 200 5308 "http://www.various-euro.com/framez-rez.html" "Mozilla/5.0 (compatible; Yahoo! Slurp/3.0; http://help.yahoo.com/help/us/ysearch/slurp)"
74.6.8.105 - - [13/Mar/2009:13:50:06 +0100] "GET /f-rez.html HTTP/1.0" 200 9765 "http://www.various-euro.com/framez-rez.html" "Mozilla/5.0 (compatible; Yahoo! Slurp/3.0; http://help.yahoo.com/help/us/ysearch/slurp)"
74.6.8.105 - - [13/Mar/2009:13:50:07 +0100] "GET /style/various-euro.css HTTP/1.0" 304 - "http://www.various-euro.com/frame-menu.html" "Mozilla/5.0 (compatible; Yahoo! Slurp/3.0; http://help.yahoo.com/help/us/ysearch/slurp)"
65.55.211.161 - - [13/Mar/2009:13:55:11 +0100] "GET /logs/usage_200711.html HTTP/1.1" 200 109628 "-" "msnbot/1.1 (+http://search.msn.com/msnbot.htm)"
213.239.234.53 - - [13/Mar/2009:14:00:22 +0100] "GET / HTTP/1.0" 200 7869 "-" "Mozilla/4.0 (compatible; MSIE 6.0; Windows 98)"
74.6.8.105 - - [13/Mar/2009:14:12:54 +0100] "GET /f-zeug.html HTTP/1.0" 200 48203 "-" "Mozilla/5.0 (compatible; Yahoo! Slurp/3.0; http://help.yahoo.com/help/us/ysearch/slurp)"
196.35.158.181 - - [13/Mar/2009:14:19:53 +0100] "GET /restate_copy.html HTTP/1.1" 200 97631 "http://xml.alexa.com/data?cli=10&dat=nsa&ver=quirk-searchstatus&uid=20090313032201&userip=Sebastianz/10.201.0.135&url=http%3A%2F%2Fwww%2Evarious%2Deuro%2Ecom" "Mozilla/4.0 (compatible; MSIE 5.0; Windows NT 5.1; Maxthon)"
95.134.255.181 - - [13/Mar/2009:14:20:14 +0100] "GET /framez-schubb5.html HTTP/1.0" 200 4330 "http://www.sincanilkogretim.com/Oyunlar/Flash/buy-levitra-online/map.html" "Mozilla/4.0 (compatible; Powermarks/3.5; Windows 95/98/2000/NT)"
95.134.255.181 - - [13/Mar/2009:14:20:15 +0100] "GET /frame-menu.html HTTP/1.0" 200 10536 "http://www.sincanilkogretim.com/Oyunlar/Flash/buy-levitra-online/map.html" "Mozilla/4.0 (compatible; Powermarks/3.5; Windows 95/98/2000/NT)"
95.134.255.181 - - [13/Mar/2009:14:20:18 +0100] "GET /schubb/schubb-5.html HTTP/1.0" 200 72944 "http://www.sincanilkogretim.com/Oyunlar/Flash/buy-levitra-online/map.html" "Mozilla/4.0 (compatible; Powermarks/3.5; Windows 95/98/2000/NT)"
95.134.255.181 - - [13/Mar/2009:14:20:19 +0100] "GET /frame-unten.html HTTP/1.0" 200 5308 "http://www.sincanilkogretim.com/Oyunlar/Flash/buy-levitra-online/map.html" "Mozilla/4.0 (compatible; Powermarks/3.5; Windows 95/98/2000/NT)"
67.195.37.185 - - [13/Mar/2009:14:23:29 +0100] "GET /sendi_agent.html HTTP/1.0" 200 6213 "-" "Mozilla/5.0 (compatible; Yahoo! Slurp; http://help.yahoo.com/help/us/ysearch/slurp)"
67.195.37.185 - - [13/Mar/2009:14:52:27 +0100] "GET /DgH/orginal/index.html HTTP/1.0" 200 1727 "-" "Mozilla/5.0 (compatible; Yahoo! Slurp; http://help.yahoo.com/help/us/ysearch/slurp)"
74.6.8.105 - - [13/Mar/2009:15:03:39 +0100] "GET /contact.html HTTP/1.0" 404 2748 "-" "Mozilla/5.0 (compatible; Yahoo! Slurp/3.0; http://help.yahoo.com/help/us/ysearch/slurp)"
74.6.18.228 - - [13/Mar/2009:15:17:23 +0100] "GET /robots.txt HTTP/1.0" 200 64 "-" "Mozilla/5.0 (compatible; Yahoo! Slurp; http://help.yahoo.com/help/us/ysearch/slurp)"
74.6.18.228 - - [13/Mar/2009:15:17:23 +0100] "GET /zampa-lovers/index.html HTTP/1.0" 200 37790 "-" "Mozilla/5.0 (compatible; Yahoo! Slurp/3.0; http://help.yahoo.com/help/us/ysearch/slurp)"
74.6.18.228 - - [13/Mar/2009:15:17:24 +0100] "GET /zampa-lovers/index.html HTTP/1.0" 200 37790 "-" "Mozilla/5.0 (compatible; Yahoo! Slurp/3.0; http://help.yahoo.com/help/us/ysearch/slurp)"
66.249.71.249 - - [13/Mar/2009:15:19:36 +0100] "GET /f-world.html HTTP/1.1" 200 35590 "-" "Mozilla/5.0 (compatible; Googlebot/2.1; +http://www.google.com/bot.html)"
66.249.71.249 - - [13/Mar/2009:15:25:48 +0100] "GET /schubb/schubb-2.html HTTP/1.1" 200 16660 "-" "Mozilla/5.0 (compatible; Googlebot/2.1; +http://www.google.com/bot.html)"
85.66.137.215 - - [13/Mar/2009:15:28:41 +0100] "GET http://various-euro.com/join.htm?jpage=../../../../../../../../../../../../etc/passwd HTTP/1.0" 404 2748 "http://various-euro.com/join.htm?jpage=../../../../../../../../../../../../etc/passwd" "Mozilla/4.0 (compatible; MSIE 6.0; Windows NT 5.1)"
193.252.149.13 - - [13/Mar/2009:15:29:34 +0100] "GET /DgH/bull/index.html HTTP/1.1" 200 1915 "-" "Mozilla/5.0 (Windows; U; Windows NT 5.1; fr; rv:1.8.1) VoilaBot BETA 1.2 (support.voilabot@orange-ftgroup.com)"
89.216.180.169 - - [13/Mar/2009:15:48:45 +0100] "GET /zampa-lovers/index.html HTTP/1.1" 200 37790 "http://www.google.com/search?hl=en&q=zampa&aq=f&oq=" "Mozilla/4.0 (compatible; MSIE 6.0; Windows NT 5.1; {EACE7FDD-D1F6-01D6-80B0-81686A6192B2}; InfoPath.1)"
89.216.180.169 - - [13/Mar/2009:15:48:45 +0100] "GET /zampa-lovers/kralle.gif HTTP/1.1" 404 2748 "http://www.various-euro.com/zampa-lovers/index.html" "Mozilla/4.0 (compatible; MSIE 6.0; Windows NT 5.1; {EACE7FDD-D1F6-01D6-80B0-81686A6192B2}; InfoPath.1)"
89.216.180.169 - - [13/Mar/2009:15:48:45 +0100] "GET /zampa-lovers/DRAGAN_Z.JPG HTTP/1.1" 200 6850 "http://www.various-euro.com/zampa-lovers/index.html" "Mozilla/4.0 (compatible; MSIE 6.0; Windows NT 5.1; {EACE7FDD-D1F6-01D6-80B0-81686A6192B2}; InfoPath.1)"
89.216.180.169 - - [13/Mar/2009:15:48:45 +0100] "GET /zampa-lovers/MILIZA_2.JPG HTTP/1.1" 200 22172 "http://www.various-euro.com/zampa-lovers/index.html" "Mozilla/4.0 (compatible; MSIE 6.0; Windows NT 5.1; {EACE7FDD-D1F6-01D6-80B0-81686A6192B2}; InfoPath.1)"
89.216.180.169 - - [13/Mar/2009:15:48:45 +0100] "GET /zampa-lovers/MILIZA_3.JPG HTTP/1.1" 200 26924 "http://www.various-euro.com/zampa-lovers/index.html" "Mozilla/4.0 (compatible; MSIE 6.0; Windows NT 5.1; {EACE7FDD-D1F6-01D6-80B0-81686A6192B2}; InfoPath.1)"
89.216.180.169 - - [13/Mar/2009:15:48:46 +0100] "GET /zampa-lovers/MILIZA_B.JPG HTTP/1.1" 200 10947 "http://www.various-euro.com/zampa-lovers/index.html" "Mozilla/4.0 (compatible; MSIE 6.0; Windows NT 5.1; {EACE7FDD-D1F6-01D6-80B0-81686A6192B2}; InfoPath.1)"
89.216.180.169 - - [13/Mar/2009:15:48:46 +0100] "GET /zampa-lovers/MILIZA_4.JPG HTTP/1.1" 200 9946 "http://www.various-euro.com/zampa-lovers/index.html" "Mozilla/4.0 (compatible; MSIE 6.0; Windows NT 5.1; {EACE7FDD-D1F6-01D6-80B0-81686A6192B2}; InfoPath.1)"
89.216.180.169 - - [13/Mar/2009:15:48:45 +0100] "GET /zampa-lovers/zampa.gif HTTP/1.1" 200 460627 "http://www.various-euro.com/zampa-lovers/index.html" "Mozilla/4.0 (compatible; MSIE 6.0; Windows NT 5.1; {EACE7FDD-D1F6-01D6-80B0-81686A6192B2}; InfoPath.1)"
89.216.180.169 - - [13/Mar/2009:15:48:46 +0100] "GET /zampa-lovers/DRAGANZA.JPG HTTP/1.1" 200 18560 "http://www.various-euro.com/zampa-lovers/index.html" "Mozilla/4.0 (compatible; MSIE 6.0; Windows NT 5.1; {EACE7FDD-D1F6-01D6-80B0-81686A6192B2}; InfoPath.1)"
89.216.180.169 - - [13/Mar/2009:15:48:46 +0100] "GET /zampa-lovers/1SEITEVE.GIF HTTP/1.1" 200 78726 "http://www.various-euro.com/zampa-lovers/index.html" "Mozilla/4.0 (compatible; MSIE 6.0; Windows NT 5.1; {EACE7FDD-D1F6-01D6-80B0-81686A6192B2}; InfoPath.1)"
89.216.180.169 - - [13/Mar/2009:15:48:47 +0100] "GET /zampa-lovers/2SEITEVE.GIF HTTP/1.1" 200 83466 "http://www.various-euro.com/zampa-lovers/index.html" "Mozilla/4.0 (compatible; MSIE 6.0; Windows NT 5.1; {EACE7FDD-D1F6-01D6-80B0-81686A6192B2}; InfoPath.1)"
89.216.180.169 - - [13/Mar/2009:15:48:47 +0100] "GET /zampa-lovers/Kralle.gif HTTP/1.1" 200 260 "http://www.various-euro.com/zampa-lovers/index.html" "Mozilla/4.0 (compatible; MSIE 6.0; Windows NT 5.1; {EACE7FDD-D1F6-01D6-80B0-81686A6192B2}; InfoPath.1)"
89.216.180.169 - - [13/Mar/2009:15:48:47 +0100] "GET /zampa-lovers/zampa-2X2.gif HTTP/1.1" 200 6948 "http://www.various-euro.com/zampa-lovers/index.html" "Mozilla/4.0 (compatible; MSIE 6.0; Windows NT 5.1; {EACE7FDD-D1F6-01D6-80B0-81686A6192B2}; InfoPath.1)"
89.216.180.169 - - [13/Mar/2009:15:48:47 +0100] "GET /zampa-lovers/zampamali.gif HTTP/1.1" 200 2617 "http://www.various-euro.com/zampa-lovers/index.html" "Mozilla/4.0 (compatible; MSIE 6.0; Windows NT 5.1; {EACE7FDD-D1F6-01D6-80B0-81686A6192B2}; InfoPath.1)"
89.216.180.169 - - [13/Mar/2009:15:48:47 +0100] "GET /zampa-lovers/zampama2.mpg HTTP/1.1" 404 2748 "http://www.various-euro.com/zampa-lovers/index.html" "Windows-Media-Player/11.0.5721.5260"
89.216.180.169 - - [13/Mar/2009:15:48:48 +0100] "GET /zampa-lovers/WASISTMI1.MPG HTTP/1.1" 200 271221 "http://www.various-euro.com/zampa-lovers/index.html" "Windows-Media-Player/11.0.5721.5260"
89.216.180.169 - - [13/Mar/2009:15:48:48 +0100] "GET /zampa-lovers/ZAMPAMAS.MPG HTTP/1.1" 200 520196 "http://www.various-euro.com/zampa-lovers/index.html" "Windows-Media-Player/11.0.5721.5260"
89.216.180.169 - - [13/Mar/2009:15:48:49 +0100] "GET /zampa-lovers/ZAMPAMA2.MPG HTTP/1.1" 200 63492 "http://www.various-euro.com/zampa-lovers/index.html" "Windows-Media-Player/11.0.5721.5260"
89.216.180.169 - - [13/Mar/2009:15:48:49 +0100] "GET /zampa-lovers/WASISTMI1.MPG HTTP/1.1" 200 271221 "http://www.various-euro.com/zampa-lovers/index.html" "Windows-Media-Player/11.0.5721.5260"
89.216.180.169 - - [13/Mar/2009:15:48:50 +0100] "GET /zampa-lovers/WASISTMI1.MPG HTTP/1.1" 206 224847 "-" "Mozilla/4.0 (compatible; MSIE 6.0; Windows NT 5.1; {EACE7FDD-D1F6-01D6-80B0-81686A6192B2}; InfoPath.1)"
89.216.180.169 - - [13/Mar/2009:15:48:51 +0100] "GET /framez-zampa-lovers.html HTTP/1.1" 200 4322 "-" "Mozilla/4.0 (compatible; MSIE 6.0; Windows NT 5.1; {EACE7FDD-D1F6-01D6-80B0-81686A6192B2}; InfoPath.1)"
89.216.180.169 - - [13/Mar/2009:15:48:51 +0100] "GET /zampa-lovers/ZAMPAMAS.MPG HTTP/1.1" 206 473822 "-" "Mozilla/4.0 (compatible; MSIE 6.0; Windows NT 5.1; {EACE7FDD-D1F6-01D6-80B0-81686A6192B2}; InfoPath.1)"
89.216.180.169 - - [13/Mar/2009:15:48:51 +0100] "GET /zampa-lovers/ZAMPAMAS.MPG HTTP/1.1" 206 248982 "-" "Mozilla/4.0 (compatible; MSIE 6.0; Windows NT 5.1; {EACE7FDD-D1F6-01D6-80B0-81686A6192B2}; InfoPath.1)"
89.216.180.169 - - [13/Mar/2009:15:48:52 +0100] "GET /frame-menu.html HTTP/1.1" 200 10536 "http://www.various-euro.com/framez-zampa-lovers.html" "Mozilla/4.0 (compatible; MSIE 6.0; Windows NT 5.1; {EACE7FDD-D1F6-01D6-80B0-81686A6192B2}; InfoPath.1)"
89.216.180.169 - - [13/Mar/2009:15:48:50 +0100] "GET /zampa-lovers/ZAMPAMAS.MPG HTTP/1.1" 200 520196 "http://www.various-euro.com/zampa-lovers/index.html" "Windows-Media-Player/11.0.5721.5260"
89.216.180.169 - - [13/Mar/2009:15:48:52 +0100] "GET /frame-unten.html HTTP/1.1" 200 5308 "http://www.various-euro.com/framez-zampa-lovers.html" "Mozilla/4.0 (compatible; MSIE 6.0; Windows NT 5.1; {EACE7FDD-D1F6-01D6-80B0-81686A6192B2}; InfoPath.1)"
89.216.180.169 - - [13/Mar/2009:15:48:52 +0100] "GET /style/various-euro.css HTTP/1.1" 200 3437 "http://www.various-euro.com/frame-menu.html" "Mozilla/4.0 (compatible; MSIE 6.0; Windows NT 5.1; {EACE7FDD-D1F6-01D6-80B0-81686A6192B2}; InfoPath.1)"
89.216.180.169 - - [13/Mar/2009:15:48:52 +0100] "GET /zampa-lovers/index.html HTTP/1.1" 200 37790 "http://www.various-euro.com/framez-zampa-lovers.html" "Mozilla/4.0 (compatible; MSIE 6.0; Windows NT 5.1; {EACE7FDD-D1F6-01D6-80B0-81686A6192B2}; InfoPath.1)"
89.216.180.169 - - [13/Mar/2009:15:48:52 +0100] "GET /bannerz/various-euro-girl.jpg HTTP/1.1" 200 91514 "http://www.various-euro.com/frame-unten.html" "Mozilla/4.0 (compatible; MSIE 6.0; Windows NT 5.1; {EACE7FDD-D1F6-01D6-80B0-81686A6192B2}; InfoPath.1)"
89.216.180.169 - - [13/Mar/2009:15:48:52 +0100] "GET /bannerz/ve.jpg HTTP/1.1" 200 36912 "http://www.various-euro.com/frame-unten.html" "Mozilla/4.0 (compatible; MSIE 6.0; Windows NT 5.1; {EACE7FDD-D1F6-01D6-80B0-81686A6192B2}; InfoPath.1)"
89.216.180.169 - - [13/Mar/2009:15:48:53 +0100] "GET /zampa-lovers/kralle.gif HTTP/1.1" 404 2748 "http://www.various-euro.com/zampa-lovers/index.html" "Mozilla/4.0 (compatible; MSIE 6.0; Windows NT 5.1; {EACE7FDD-D1F6-01D6-80B0-81686A6192B2}; InfoPath.1)"
89.216.180.169 - - [13/Mar/2009:15:48:53 +0100] "GET /zampa-lovers/zampama2.mpg HTTP/1.1" 404 2748 "http://www.various-euro.com/zampa-lovers/index.html" "Windows-Media-Player/11.0.5721.5260"
89.216.180.169 - - [13/Mar/2009:15:48:54 +0100] "GET /zampa-lovers/WASISTMI1.MPG HTTP/1.1" 200 271221 "http://www.various-euro.com/zampa-lovers/index.html" "Windows-Media-Player/11.0.5721.5260"
89.216.180.169 - - [13/Mar/2009:15:48:54 +0100] "GET /zampa-lovers/ZAMPAMAS.MPG HTTP/1.1" 200 520196 "http://www.various-euro.com/zampa-lovers/index.html" "Windows-Media-Player/11.0.5721.5260"
89.216.180.169 - - [13/Mar/2009:15:48:55 +0100] "GET /zampa-lovers/WASISTMI1.MPG HTTP/1.1" 200 271221 "http://www.various-euro.com/zampa-lovers/index.html" "Windows-Media-Player/11.0.5721.5260"
89.216.180.169 - - [13/Mar/2009:15:48:55 +0100] "GET /zampa-lovers/ZAMPAMAS.MPG HTTP/1.1" 200 520196 "http://www.various-euro.com/zampa-lovers/index.html" "Windows-Media-Player/11.0.5721.5260"
89.216.180.169 - - [13/Mar/2009:15:48:55 +0100] "GET /zampa-lovers/WASISTMI1.MPG HTTP/1.1" 206 242367 "-" "Mozilla/4.0 (compatible; MSIE 6.0; Windows NT 5.1; {EACE7FDD-D1F6-01D6-80B0-81686A6192B2}; InfoPath.1)"
89.216.180.169 - - [13/Mar/2009:15:48:56 +0100] "GET /zampa-lovers/ZAMPAMAS.MPG HTTP/1.1" 206 361401 "-" "Mozilla/4.0 (compatible; MSIE 6.0; Windows NT 5.1; {EACE7FDD-D1F6-01D6-80B0-81686A6192B2}; InfoPath.1)"
89.216.180.169 - - [13/Mar/2009:15:48:59 +0100] "GET /zampa-lovers/WASISTMI1.MPG HTTP/1.1" 206 258427 "-" "Mozilla/4.0 (compatible; MSIE 6.0; Windows NT 5.1; {EACE7FDD-D1F6-01D6-80B0-81686A6192B2}; InfoPath.1)"
89.216.180.169 - - [13/Mar/2009:15:49:00 +0100] "GET /zampa-lovers/ZAMPAMAS.MPG HTTP/1.1" 206 473822 "-" "Mozilla/4.0 (compatible; MSIE 6.0; Windows NT 5.1; {EACE7FDD-D1F6-01D6-80B0-81686A6192B2}; InfoPath.1)"
89.216.180.169 - - [13/Mar/2009:15:49:01 +0100] "GET /zampa-lovers/ZAMPAMA2.smi HTTP/1.1" 404 2748 "http://www.various-euro.com/zampa-lovers/index.html" "Windows-Media-Player/11.0.5721.5260"
89.216.180.169 - - [13/Mar/2009:15:49:01 +0100] "GET /zampa-lovers/ZAMPAMAS.smi HTTP/1.1" 404 2748 "http://www.various-euro.com/zampa-lovers/index.html" "Windows-Media-Player/11.0.5721.5260"
89.216.180.169 - - [13/Mar/2009:15:49:01 +0100] "GET /zampa-lovers/WASISTMI1.smi HTTP/1.1" 404 2748 "http://www.various-euro.com/zampa-lovers/index.html" "Windows-Media-Player/11.0.5721.5260"
89.216.180.169 - - [13/Mar/2009:15:49:01 +0100] "GET /zampa-lovers/ZAMPAMAS.smi HTTP/1.1" 404 2748 "http://www.various-euro.com/zampa-lovers/index.html" "Windows-Media-Player/11.0.5721.5260"
89.216.180.169 - - [13/Mar/2009:15:49:03 +0100] "GET /zampa-lovers/WASISTMI1.smi HTTP/1.1" 404 2748 "http://www.various-euro.com/zampa-lovers/index.html" "Windows-Media-Player/11.0.5721.5260"
74.6.8.105 - - [13/Mar/2009:15:58:07 +0100] "GET /sendi_agent.html HTTP/1.0" 200 6213 "-" "Mozilla/5.0 (compatible; Yahoo! Slurp/3.0; http://help.yahoo.com/help/us/ysearch/slurp)"
74.6.8.105 - - [13/Mar/2009:15:58:08 +0100] "GET /3dsf3/sendi/index.html HTTP/1.0" 200 1837 "http://www.various-euro.com/sendi_agent.html" "Mozilla/5.0 (compatible; Yahoo! Slurp/3.0; http://help.yahoo.com/help/us/ysearch/slurp)"
74.6.8.105 - - [13/Mar/2009:15:58:08 +0100] "GET /3dsf3/sendi/sendisendi.html HTTP/1.0" 200 5118 "http://www.various-euro.com/sendi_agent.html" "Mozilla/5.0 (compatible; Yahoo! Slurp/3.0; http://help.yahoo.com/help/us/ysearch/slurp)"
74.6.8.105 - - [13/Mar/2009:15:58:10 +0100] "GET /3dsf3/sendi/formate.css HTTP/1.0" 200 474 "http://www.various-euro.com/3dsf3/sendi/index.html" "Mozilla/5.0 (compatible; Yahoo! Slurp/3.0; http://help.yahoo.com/help/us/ysearch/slurp)"
65.55.211.160 - - [13/Mar/2009:16:00:25 +0100] "GET /robots.txt HTTP/1.1" 200 64 "-" "msnbot/1.1 (+http://search.msn.com/msnbot.htm)"
65.55.211.160 - - [13/Mar/2009:16:00:25 +0100] "GET /logs/usage_200707.html HTTP/1.1" 200 110942 "-" "msnbot/1.1 (+http://search.msn.com/msnbot.htm)"
208.80.195.48 - - [13/Mar/2009:16:56:20 +0100] "GET / HTTP/1.0" 200 7869 "-" "Mozilla/4.0 (compatible; MSIE 6.0; Windows NT 5.1; SV1; (R1 1.5); HbTools 4.7.1)"
208.80.195.48 - - [13/Mar/2009:16:56:20 +0100] "GET / HTTP/1.0" 200 7869 "-" "Mozilla/4.0 (compatible; MSIE 6.0; Windows NT 5.1; SV1; FunWebProducts; FunWebProducts-MyWay; .NET CLR 1.0.3705; .NET CLR 1.1.4322; Media Center PC 4.0)"
74.6.8.105 - - [13/Mar/2009:17:44:15 +0100] "GET /robots.txt HTTP/1.0" 200 64 "-" "Mozilla/5.0 (compatible; Yahoo! Slurp/3.0; http://help.yahoo.com/help/us/ysearch/slurp)"
74.6.8.105 - - [13/Mar/2009:18:11:45 +0100] "GET /logs/usage_200705.html HTTP/1.0" 200 109447 "-" "Mozilla/5.0 (compatible; Yahoo! Slurp/3.0; http://help.yahoo.com/help/us/ysearch/slurp)"
74.6.8.105 - - [13/Mar/2009:18:11:52 +0100] "GET /logs/usage_200705.html HTTP/1.0" 200 109447 "-" "Mozilla/5.0 (compatible; Yahoo! Slurp/3.0; http://help.yahoo.com/help/us/ysearch/slurp)"
67.195.37.185 - - [13/Mar/2009:18:17:21 +0100] "GET /zampa HTTP/1.0" 301 375 "-" "Mozilla/5.0 (compatible; Yahoo! Slurp/3.0; http://help.yahoo.com/help/us/ysearch/slurp)"
67.195.37.185 - - [13/Mar/2009:18:17:30 +0100] "GET /zampa/ HTTP/1.0" 200 7153 "-" "Mozilla/5.0 (compatible; Yahoo! Slurp/3.0; http://help.yahoo.com/help/us/ysearch/slurp)"
66.235.124.54 - - [13/Mar/2009:18:20:11 +0100] "GET /robots.txt HTTP/1.0" 200 64 "-" "Mozilla/5.0 (compatible; Ask Jeeves/Teoma; +http://about.ask.com/en/docs/about/webmasters.shtml)"
66.235.124.54 - - [13/Mar/2009:18:20:11 +0100] "GET / HTTP/1.0" 200 7869 "-" "Mozilla/5.0 (compatible; Ask Jeeves/Teoma; +http://about.ask.com/en/docs/about/webmasters.shtml)"
174.129.144.104 - - [13/Mar/2009:18:46:29 +0100] "GET /robots.txt HTTP/1.0" 200 64 "-" "SimilarPages/Nutch-1.0-dev (SimilarPages Nutch Crawler; http://www.similarpages.com; info at similarpages dot com)"
174.129.144.104 - - [13/Mar/2009:18:46:29 +0100] "GET /bmpp/18start.html HTTP/1.0" 200 320 "-" "SimilarPages/Nutch-1.0-dev (SimilarPages Nutch Crawler; http://www.similarpages.com; info at similarpages dot com)"
174.129.144.104 - - [13/Mar/2009:18:46:34 +0100] "GET /neon/warning.html HTTP/1.0" 200 5134 "-" "SimilarPages/Nutch-1.0-dev (SimilarPages Nutch Crawler; http://www.similarpages.com; info at similarpages dot com)"
74.6.8.105 - - [13/Mar/2009:18:51:47 +0100] "GET /logs/usage_200701.html HTTP/1.0" 200 109268 "-" "Mozilla/5.0 (compatible; Yahoo! Slurp/3.0; http://help.yahoo.com/help/us/ysearch/slurp)"
74.6.8.105 - - [13/Mar/2009:18:56:45 +0100] "GET /logs/usage_200606.html HTTP/1.0" 200 108082 "-" "Mozilla/5.0 (compatible; Yahoo! Slurp/3.0; http://help.yahoo.com/help/us/ysearch/slurp)"
174.129.144.104 - - [13/Mar/2009:19:11:14 +0100] "GET /neon/sushi.html HTTP/1.0" 200 687 "-" "SimilarPages/Nutch-1.0-dev (SimilarPages Nutch Crawler; http://www.similarpages.com; info at similarpages dot com)"
174.129.144.104 - - [13/Mar/2009:19:14:49 +0100] "GET /neon/girlz2.html HTTP/1.0" 200 2937 "-" "SimilarPages/Nutch-1.0-dev (SimilarPages Nutch Crawler; http://www.similarpages.com; info at similarpages dot com)"
174.129.171.31 - - [13/Mar/2009:19:29:38 +0100] "GET /robots.txt HTTP/1.0" 200 64 "-" "SimilarPages/Nutch-1.0-dev (SimilarPages Nutch Crawler; http://www.similarpages.com; info at similarpages dot com)"
174.129.171.31 - - [13/Mar/2009:19:29:38 +0100] "GET /framez.html HTTP/1.0" 200 3959 "-" "SimilarPages/Nutch-1.0-dev (SimilarPages Nutch Crawler; http://www.similarpages.com; info at similarpages dot com)"
65.55.211.164 - - [13/Mar/2009:19:33:12 +0100] "GET /robots.txt HTTP/1.1" 200 64 "-" "msnbot/1.1 (+http://search.msn.com/msnbot.htm)"
65.55.211.164 - - [13/Mar/2009:19:33:12 +0100] "GET /partnergegenberlin.html HTTP/1.1" 200 5022 "-" "msnbot/1.1 (+http://search.msn.com/msnbot.htm)"
65.55.110.51 - - [13/Mar/2009:19:35:08 +0100] "GET /partnergegenberlin.html HTTP/1.0" 200 5022 "http://search.live.com/results.aspx?q=zampa" "Mozilla/4.0 (compatible; MSIE 6.0; Windows NT 5.2; SV1; .NET CLR 1.1.4322)"
65.55.110.51 - - [13/Mar/2009:19:35:08 +0100] "GET /framez-pgb.html HTTP/1.0" 200 4336 "-" "Mozilla/4.0 (compatible; MSIE 6.0; Windows NT 5.2; SV1; .NET CLR 1.1.4322)"
65.55.110.51 - - [13/Mar/2009:19:35:09 +0100] "GET /frame-menu.html HTTP/1.0" 200 10536 "http://www.various-euro.com/framez-pgb.html" "Mozilla/4.0 (compatible; MSIE 6.0; Windows NT 5.2; SV1; .NET CLR 1.1.4322)"
65.55.110.51 - - [13/Mar/2009:19:35:09 +0100] "GET /partnergegenberlin.html HTTP/1.0" 200 5022 "http://www.various-euro.com/framez-pgb.html" "Mozilla/4.0 (compatible; MSIE 6.0; Windows NT 5.2; SV1; .NET CLR 1.1.4322)"
65.55.110.51 - - [13/Mar/2009:19:35:09 +0100] "GET /frame-unten.html HTTP/1.0" 200 5308 "http://www.various-euro.com/framez-pgb.html" "Mozilla/4.0 (compatible; MSIE 6.0; Windows NT 5.2; SV1; .NET CLR 1.1.4322)"
65.55.110.51 - - [13/Mar/2009:19:35:09 +0100] "GET /style/various-euro.css HTTP/1.0" 200 3437 "http://www.various-euro.com/frame-menu.html" "Mozilla/4.0 (compatible; MSIE 6.0; Windows NT 5.2; SV1; .NET CLR 1.1.4322)"
66.249.71.249 - - [13/Mar/2009:19:40:27 +0100] "GET /framez-dbrau.html HTTP/1.1" 200 4313 "-" "Mozilla/5.0 (compatible; Googlebot/2.1; +http://www.google.com/bot.html)"
67.195.37.185 - - [13/Mar/2009:20:11:04 +0100] "GET /restate_copy.html HTTP/1.0" 200 97631 "-" "Mozilla/5.0 (compatible; Yahoo! Slurp; http://help.yahoo.com/help/us/ysearch/slurp)"
74.6.8.105 - - [13/Mar/2009:20:15:27 +0100] "GET /bmpp/euro_pal_1.html HTTP/1.0" 200 18252 "-" "Mozilla/5.0 (compatible; Yahoo! Slurp/3.0; http://help.yahoo.com/help/us/ysearch/slurp)"
67.195.37.185 - - [13/Mar/2009:20:25:50 +0100] "GET /f-horrorkatze.html HTTP/1.0" 200 7865 "-" "Mozilla/5.0 (compatible; Yahoo! Slurp; http://help.yahoo.com/help/us/ysearch/slurp)"
66.249.71.249 - - [13/Mar/2009:20:30:01 +0100] "GET /schubb/schubb-5.html HTTP/1.1" 200 72944 "-" "Mozilla/5.0 (compatible; Googlebot/2.1; +http://www.google.com/bot.html)"
208.36.144.10 - - [13/Mar/2009:20:32:55 +0100] "GET /robots.txt HTTP/1.0" 200 64 "-" "Mozilla/5.0 (Twiceler-0.9 http://www.cuil.com/twiceler/robot.html)"
65.55.211.158 - - [13/Mar/2009:20:33:33 +0100] "GET /robots.txt HTTP/1.1" 200 64 "-" "msnbot/1.1 (+http://search.msn.com/msnbot.htm)"
65.55.211.158 - - [13/Mar/2009:20:33:33 +0100] "GET /logs/ HTTP/1.1" 200 10079 "-" "msnbot/1.1 (+http://search.msn.com/msnbot.htm)"
65.55.211.158 - - [13/Mar/2009:20:37:11 +0100] "GET /neon/left-one-new.html HTTP/1.1" 200 1483 "-" "msnbot/1.1 (+http://search.msn.com/msnbot.htm)"
74.6.8.105 - - [13/Mar/2009:20:43:52 +0100] "GET /framez_0.html HTTP/1.0" 200 12444 "-" "Mozilla/5.0 (compatible; Yahoo! Slurp/3.0; http://help.yahoo.com/help/us/ysearch/slurp)"
67.195.37.185 - - [13/Mar/2009:20:45:46 +0100] "GET /f-net.html HTTP/1.0" 200 9913 "-" "Mozilla/5.0 (compatible; Yahoo! Slurp; http://help.yahoo.com/help/us/ysearch/slurp)"
82.195.246.196 - - [13/Mar/2009:21:20:52 +0100] "GET /framez-schubb5.html HTTP/1.0" 200 4330 "http://www.internet-poker.de" "Opera/9.00 (Windows NT 5.1; U; en)"
82.195.246.196 - - [13/Mar/2009:21:20:52 +0100] "GET /frame-menu.html HTTP/1.0" 200 10536 "http://www.internet-poker.de" "Opera/9.00 (Windows NT 5.1; U; en)"
82.195.246.196 - - [13/Mar/2009:21:20:52 +0100] "GET /schubb/schubb-5.html HTTP/1.0" 200 72944 "http://www.internet-poker.de" "Opera/9.00 (Windows NT 5.1; U; en)"
82.195.246.196 - - [13/Mar/2009:21:20:53 +0100] "GET /frame-unten.html HTTP/1.0" 200 5308 "http://www.internet-poker.de" "Opera/9.00 (Windows NT 5.1; U; en)"
94.23.37.173 - - [13/Mar/2009:21:31:37 +0100] "GET / HTTP/1.1" 200 7869 "-" "Mozilla/4.0 (compatible; MSIE 5.01; Windows NT 5.0)"
94.23.37.173 - - [13/Mar/2009:21:31:37 +0100] "GET / HTTP/1.1" 200 7869 "-" "Mozilla/4.0 (compatible; MSIE 5.01; Windows NT 5.0)"
94.23.37.173 - - [13/Mar/2009:21:31:37 +0100] "GET / HTTP/1.1" 200 7869 "-" "Mozilla/4.0 (compatible; MSIE 5.01; Windows NT 5.0)"
66.249.71.249 - - [13/Mar/2009:22:00:03 +0100] "GET /f-sponsor.html HTTP/1.1" 200 8578 "-" "Mozilla/5.0 (compatible; Googlebot/2.1; +http://www.google.com/bot.html)"
67.195.37.185 - - [13/Mar/2009:22:22:35 +0100] "GET /neon/warning2.html HTTP/1.0" 200 997 "-" "Mozilla/5.0 (compatible; Yahoo! Slurp/3.0; http://help.yahoo.com/help/us/ysearch/slurp)"
67.195.37.185 - - [13/Mar/2009:22:28:30 +0100] "GET /bmpp/18.html HTTP/1.0" 200 4467 "-" "Mozilla/5.0 (compatible; Yahoo! Slurp/3.0; http://help.yahoo.com/help/us/ysearch/slurp)"
64.1.215.165 - - [13/Mar/2009:22:56:46 +0100] "GET /robots.txt HTTP/1.0" 200 64 "-" "Mozilla/5.0 (Twiceler-0.9 http://www.cuil.com/twiceler/robot.html)"
66.249.71.249 - - [13/Mar/2009:23:15:04 +0100] "GET /neon/warning2.html HTTP/1.1" 200 997 "-" "Mozilla/5.0 (compatible; Googlebot/2.1; +http://www.google.com/bot.html)"
85.66.137.215 - - [13/Mar/2009:23:32:01 +0100] "GET http://various-euro.com/ HTTP/1.0" 200 7869 "http://various-euro.com/" "Mozilla/4.0 (compatible; MSIE 6.0; Windows NT 5.1)"
74.6.8.105 - - [14/Mar/2009:00:22:25 +0100] "GET /robots.txt HTTP/1.0" 200 64 "-" "Mozilla/5.0 (compatible; Yahoo! Slurp; http://help.yahoo.com/help/us/ysearch/slurp)"
74.6.8.105 - - [14/Mar/2009:00:22:25 +0100] "GET /restate_copy.html HTTP/1.0" 200 97631 "-" "Mozilla/5.0 (compatible; Yahoo! Slurp/3.0; http://help.yahoo.com/help/us/ysearch/slurp)"
74.6.8.105 - - [14/Mar/2009:00:26:09 +0100] "GET /3dsf3/sendi/sendisendi.html HTTP/1.0" 200 5118 "-" "Mozilla/5.0 (compatible; Yahoo! Slurp/3.0; http://help.yahoo.com/help/us/ysearch/slurp)"
74.6.8.105 - - [14/Mar/2009:00:26:11 +0100] "GET /3dsf3/sendi/formate.css HTTP/1.0" 304 - "http://www.various-euro.com/3dsf3/sendi/sendisendi.html" "Mozilla/5.0 (compatible; Yahoo! Slurp/3.0; http://help.yahoo.com/help/us/ysearch/slurp)"
75.101.210.242 - - [14/Mar/2009:00:48:08 +0100] "GET /robots.txt HTTP/1.0" 200 64 "-" "SimilarPages/Nutch-1.0-dev (SimilarPages Nutch Crawler; http://www.similarpages.com; info at similarpages dot com)"
75.101.210.242 - - [14/Mar/2009:00:48:08 +0100] "GET /3dsf3/sendi/index.html HTTP/1.0" 200 1837 "-" "SimilarPages/Nutch-1.0-dev (SimilarPages Nutch Crawler; http://www.similarpages.com; info at similarpages dot com)"
74.6.8.105 - - [14/Mar/2009:00:51:38 +0100] "GET /tour1_new.html HTTP/1.0" 404 2748 "-" "Mozilla/5.0 (compatible; Yahoo! Slurp/3.0; http://help.yahoo.com/help/us/ysearch/slurp)"
79.175.92.106 - - [14/Mar/2009:01:17:06 +0100] "GET / HTTP/1.1" 302 353 "http://koracnikola.blogspot.com/" "Mozilla/5.0 (Windows; U; Windows NT 5.1; en-US; rv:1.9.0.7) Gecko/2009021910 Firefox/3.0.7"
79.175.92.106 - - [14/Mar/2009:01:17:07 +0100] "GET /zampa/ HTTP/1.1" 200 7153 "http://koracnikola.blogspot.com/" "Mozilla/5.0 (Windows; U; Windows NT 5.1; en-US; rv:1.9.0.7) Gecko/2009021910 Firefox/3.0.7"
79.175.92.106 - - [14/Mar/2009:01:17:07 +0100] "GET /zampa/slike/zampa.gif HTTP/1.1" 200 5310 "http://www.various-euro.com/zampa/" "Mozilla/5.0 (Windows; U; Windows NT 5.1; en-US; rv:1.9.0.7) Gecko/2009021910 Firefox/3.0.7"
79.175.92.106 - - [14/Mar/2009:01:17:07 +0100] "GET /zampa/slike/udupetu.gif HTTP/1.1" 200 4138 "http://www.various-euro.com/zampa/" "Mozilla/5.0 (Windows; U; Windows NT 5.1; en-US; rv:1.9.0.7) Gecko/2009021910 Firefox/3.0.7"
79.175.92.106 - - [14/Mar/2009:01:17:07 +0100] "GET /zampa/slike/inthearse.gif HTTP/1.1" 200 4077 "http://www.various-euro.com/zampa/" "Mozilla/5.0 (Windows; U; Windows NT 5.1; en-US; rv:1.9.0.7) Gecko/2009021910 Firefox/3.0.7"
79.175.92.106 - - [14/Mar/2009:01:17:07 +0100] "GET /favicon.ico HTTP/1.1" 404 2748 "-" "Mozilla/5.0 (Windows; U; Windows NT 5.1; en-US; rv:1.9.0.7) Gecko/2009021910 Firefox/3.0.7"
79.175.92.106 - - [14/Mar/2009:01:17:10 +0100] "GET /favicon.ico HTTP/1.1" 404 2748 "-" "Mozilla/5.0 (Windows; U; Windows NT 5.1; en-US; rv:1.9.0.7) Gecko/2009021910 Firefox/3.0.7"
75.101.210.242 - - [14/Mar/2009:01:20:46 +0100] "GET /3dsf3/sendi/sendisendi.html HTTP/1.0" 200 5118 "-" "SimilarPages/Nutch-1.0-dev (SimilarPages Nutch Crawler; http://www.similarpages.com; info at similarpages dot com)"
75.101.210.242 - - [14/Mar/2009:01:27:32 +0100] "GET /framez-girlz-neon.html HTTP/1.0" 200 4388 "-" "SimilarPages/Nutch-1.0-dev (SimilarPages Nutch Crawler; http://www.similarpages.com; info at similarpages dot com)"
74.6.8.105 - - [14/Mar/2009:01:35:42 +0100] "GET /DgH/rampe/index.html HTTP/1.0" 200 2056 "-" "Mozilla/5.0 (compatible; Yahoo! Slurp/3.0; http://help.yahoo.com/help/us/ysearch/slurp)"
74.6.8.105 - - [14/Mar/2009:01:35:45 +0100] "GET /DgH/rampe/pict/Rampe.mp3 HTTP/1.0" 200 8295 "http://www.various-euro.com/DgH/rampe/index.html" "Mozilla/5.0 (compatible; Yahoo! Slurp/3.0; http://help.yahoo.com/help/us/ysearch/slurp)"
74.6.8.105 - - [14/Mar/2009:02:40:29 +0100] "GET /zampa/ HTTP/1.0" 200 7153 "-" "Mozilla/5.0 (compatible; Yahoo! Slurp/3.0; http://help.yahoo.com/help/us/ysearch/slurp)"
67.195.37.89 - - [14/Mar/2009:02:42:51 +0100] "GET /robots.txt HTTP/1.0" 200 64 "-" "Mozilla/5.0 (compatible; Yahoo! Slurp; http://help.yahoo.com/help/us/ysearch/slurp)"
67.195.37.89 - - [14/Mar/2009:02:42:52 +0100] "GET /logs/usage_200708.html HTTP/1.0" 200 111167 "-" "Mozilla/5.0 (compatible; Yahoo! Slurp; http://help.yahoo.com/help/us/ysearch/slurp)"
67.195.37.89 - - [14/Mar/2009:02:58:50 +0100] "GET /zampa/lybia/index.html HTTP/1.0" 200 3036 "-" "Mozilla/5.0 (compatible; Yahoo! Slurp/3.0; http://help.yahoo.com/help/us/ysearch/slurp)"
65.55.211.173 - - [14/Mar/2009:03:23:38 +0100] "GET /robots.txt HTTP/1.1" 200 64 "-" "msnbot/1.1 (+http://search.msn.com/msnbot.htm)"
65.55.211.173 - - [14/Mar/2009:03:23:39 +0100] "GET /logs/usage_200704.html HTTP/1.1" 200 108835 "-" "msnbot/1.1 (+http://search.msn.com/msnbot.htm)"
119.63.193.43 - - [14/Mar/2009:03:47:34 +0100] "GET / HTTP/1.1" 200 7869 "-" "Baiduspider+(+http://www.baidu.jp/spider/)"
74.6.8.105 - - [14/Mar/2009:05:29:12 +0100] "GET /logs/usage_200708.html HTTP/1.0" 200 111167 "-" "Mozilla/5.0 (compatible; Yahoo! Slurp/3.0; http://help.yahoo.com/help/us/ysearch/slurp)"
74.6.8.105 - - [14/Mar/2009:05:31:29 +0100] "GET /neon/warning2.html HTTP/1.0" 200 997 "-" "Mozilla/5.0 (compatible; Yahoo! Slurp/3.0; http://help.yahoo.com/help/us/ysearch/slurp)"
67.195.37.120 - - [14/Mar/2009:05:32:22 +0100] "GET /robots.txt HTTP/1.0" 200 64 "-" "Mozilla/5.0 (compatible; Yahoo! Slurp; http://help.yahoo.com/help/us/ysearch/slurp)"
67.195.37.120 - - [14/Mar/2009:05:32:22 +0100] "GET /logs/usage_200712.html HTTP/1.0" 200 92577 "-" "Mozilla/5.0 (compatible; Yahoo! Slurp/3.0; http://help.yahoo.com/help/us/ysearch/slurp)"
67.195.37.120 - - [14/Mar/2009:05:38:49 +0100] "GET /warez.html HTTP/1.0" 200 9754 "-" "Mozilla/5.0 (compatible; Yahoo! Slurp/3.0; http://help.yahoo.com/help/us/ysearch/slurp)"
65.55.211.166 - - [14/Mar/2009:05:40:13 +0100] "GET /zampa/ HTTP/1.1" 200 7153 "-" "msnbot/1.1 (+http://search.msn.com/msnbot.htm)"
66.249.71.249 - - [14/Mar/2009:05:47:44 +0100] "GET /zampa/lybia/index.html HTTP/1.1" 200 3036 "-" "Mozilla/5.0 (compatible; Googlebot/2.1; +http://www.google.com/bot.html)"
74.6.8.105 - - [14/Mar/2009:05:49:38 +0100] "GET /zampa/montenegro/BATAW.html HTTP/1.0" 200 860 "-" "Mozilla/5.0 (compatible; Yahoo! Slurp/3.0; http://help.yahoo.com/help/us/ysearch/slurp)"
74.6.8.105 - - [14/Mar/2009:05:53:46 +0100] "GET /f-channel1.html HTTP/1.0" 200 8471 "-" "Mozilla/5.0 (compatible; Yahoo! Slurp/3.0; http://help.yahoo.com/help/us/ysearch/slurp)"
174.129.91.23 - - [14/Mar/2009:05:55:08 +0100] "GET /robots.txt HTTP/1.0" 200 64 "-" "SimilarPages/Nutch-1.0-dev (SimilarPages Nutch Crawler; http://www.similarpages.com; info at similarpages dot com)"
174.129.91.23 - - [14/Mar/2009:05:55:08 +0100] "GET /neon/large.html HTTP/1.0" 200 1547 "-" "SimilarPages/Nutch-1.0-dev (SimilarPages Nutch Crawler; http://www.similarpages.com; info at similarpages dot com)"
67.195.37.98 - - [14/Mar/2009:06:01:07 +0100] "GET /robots.txt HTTP/1.0" 200 64 "-" "Mozilla/5.0 (compatible; Yahoo! Slurp; http://help.yahoo.com/help/us/ysearch/slurp)"
67.195.37.98 - - [14/Mar/2009:06:01:08 +0100] "GET /framez-zampa-lovers.html HTTP/1.0" 200 4322 "-" "Mozilla/5.0 (compatible; Yahoo! Slurp/3.0; http://help.yahoo.com/help/us/ysearch/slurp)"
67.195.37.98 - - [14/Mar/2009:06:01:08 +0100] "GET /frame-menu.html HTTP/1.0" 200 10536 "http://www.various-euro.com/framez-zampa-lovers.html" "Mozilla/5.0 (compatible; Yahoo! Slurp/3.0; http://help.yahoo.com/help/us/ysearch/slurp)"
67.195.37.98 - - [14/Mar/2009:06:01:08 +0100] "GET /frame-unten.html HTTP/1.0" 200 5308 "http://www.various-euro.com/framez-zampa-lovers.html" "Mozilla/5.0 (compatible; Yahoo! Slurp/3.0; http://help.yahoo.com/help/us/ysearch/slurp)"
67.195.37.98 - - [14/Mar/2009:06:01:08 +0100] "GET /zampa-lovers/index.html HTTP/1.0" 200 37790 "http://www.various-euro.com/framez-zampa-lovers.html" "Mozilla/5.0 (compatible; Yahoo! Slurp/3.0; http://help.yahoo.com/help/us/ysearch/slurp)"
67.195.37.98 - - [14/Mar/2009:06:01:08 +0100] "GET /style/various-euro.css HTTP/1.0" 200 3437 "http://www.various-euro.com/frame-menu.html" "Mozilla/5.0 (compatible; Yahoo! Slurp/3.0; http://help.yahoo.com/help/us/ysearch/slurp)"
71.212.179.2 - - [14/Mar/2009:06:10:52 +0100] "GET / HTTP/1.1" 200 7869 "http://www.randomwebsite.com/" "Mozilla/4.0 (compatible; MSIE 7.0; Windows NT 5.1; .NET CLR 1.1.4322; .NET CLR 2.0.50727; .NET CLR 3.0.04506.30; .NET CLR 3.0.04506.648; .NET CLR 3.0.4506.2152; .NET CLR 3.5.30729)"
71.212.179.2 - - [14/Mar/2009:06:10:54 +0100] "GET /style/various-euro.css HTTP/1.1" 200 3437 "http://www.various-euro.com/" "Mozilla/4.0 (compatible; MSIE 7.0; Windows NT 5.1; .NET CLR 1.1.4322; .NET CLR 2.0.50727; .NET CLR 3.0.04506.30; .NET CLR 3.0.04506.648; .NET CLR 3.0.4506.2152; .NET CLR 3.5.30729)"
71.212.179.2 - - [14/Mar/2009:06:10:56 +0100] "GET /framez_0.html HTTP/1.1" 200 12444 "-" "Mozilla/4.0 (compatible; MSIE 7.0; Windows NT 5.1; .NET CLR 1.1.4322; .NET CLR 2.0.50727; .NET CLR 3.0.04506.30; .NET CLR 3.0.04506.648; .NET CLR 3.0.4506.2152; .NET CLR 3.5.30729)"
174.129.91.23 - - [14/Mar/2009:06:34:52 +0100] "GET /bmpp/18_x.html HTTP/1.0" 200 1100 "-" "SimilarPages/Nutch-1.0-dev (SimilarPages Nutch Crawler; http://www.similarpages.com; info at similarpages dot com)"
65.55.211.164 - - [14/Mar/2009:07:09:23 +0100] "GET /robots.txt HTTP/1.1" 200 64 "-" "msnbot/1.1 (+http://search.msn.com/msnbot.htm)"
65.55.211.164 - - [14/Mar/2009:07:09:23 +0100] "GET /ve-icon-2.ico HTTP/1.1" 200 2238 "-" "msnbot/1.1 (+http://search.msn.com/msnbot.htm)"
66.249.71.249 - - [14/Mar/2009:07:43:38 +0100] "GET /bmpp/18_x.html HTTP/1.1" 200 1100 "-" "Mozilla/5.0 (compatible; Googlebot/2.1; +http://www.google.com/bot.html)"
74.6.8.105 - - [14/Mar/2009:07:52:06 +0100] "GET /schubb/hs~schubb-1.html HTTP/1.0" 200 7568 "-" "Mozilla/5.0 (compatible; Yahoo! Slurp/3.0; http://help.yahoo.com/help/us/ysearch/slurp)"
65.55.211.159 - - [14/Mar/2009:07:53:06 +0100] "GET /robots.txt HTTP/1.1" 200 64 "-" "msnbot/1.1 (+http://search.msn.com/msnbot.htm)"
65.55.211.159 - - [14/Mar/2009:07:53:06 +0100] "GET /logz.html HTTP/1.1" 404 2748 "-" "msnbot/1.1 (+http://search.msn.com/msnbot.htm)"
66.249.71.249 - - [14/Mar/2009:08:04:11 +0100] "GET /robots.txt HTTP/1.1" 200 64 "-" "Mozilla/5.0 (compatible; Googlebot/2.1; +http://www.google.com/bot.html)"
66.249.71.249 - - [14/Mar/2009:08:04:11 +0100] "GET /DgH/bull/ HTTP/1.1" 200 1915 "-" "Mozilla/5.0 (compatible; Googlebot/2.1; +http://www.google.com/bot.html)"
206.80.115.118 - - [14/Mar/2009:08:06:03 +0100] "GET / HTTP/1.1" 200 7869 "-" "Mozilla/5.0 (Windows; U; Win 9x 4.90; en-US; rv:1.0.1) Gecko/20020823 Netscape/7.0"
66.249.71.249 - - [14/Mar/2009:08:26:52 +0100] "GET /DgH/bull/index.html HTTP/1.1" 200 1915 "-" "Mozilla/5.0 (compatible; Googlebot/2.1; +http://www.google.com/bot.html)"
74.6.8.105 - - [14/Mar/2009:08:34:40 +0100] "GET /restate_copy.html HTTP/1.0" 200 97631 "-" "Mozilla/5.0 (compatible; Yahoo! Slurp/3.0; http://help.yahoo.com/help/us/ysearch/slurp)"
85.66.137.215 - - [14/Mar/2009:08:44:41 +0100] "GET http://various-euro.com/cgi-bin/EuroDebit/addusr.pl HTTP/1.0" 404 2748 "http://various-euro.com/cgi-bin/EuroDebit/addusr.pl" "Mozilla/4.0 (compatible; MSIE 6.0; Windows NT 5.1)"
74.6.8.105 - - [14/Mar/2009:08:53:42 +0100] "GET /zampa/montenegro/MILOW.html HTTP/1.0" 200 860 "-" "Mozilla/5.0 (compatible; Yahoo! Slurp/3.0; http://help.yahoo.com/help/us/ysearch/slurp)"
66.249.71.249 - - [14/Mar/2009:09:10:16 +0100] "GET /f-search.html HTTP/1.1" 200 11800 "-" "Mozilla/5.0 (compatible; Googlebot/2.1; +http://www.google.com/bot.html)"
85.66.137.215 - - [14/Mar/2009:09:28:48 +0100] "GET http://various-euro.com/cgi-bin/pass.cgi HTTP/1.0" 404 2748 "http://various-euro.com/cgi-bin/pass.cgi" "Mozilla/4.0 (compatible; MSIE 6.0; Windows NT 5.1)"
67.202.31.166 - - [14/Mar/2009:10:51:14 +0100] "GET /robots.txt HTTP/1.0" 200 64 "-" "SimilarPages/Nutch-1.0-dev (SimilarPages Nutch Crawler; http://www.similarpages.com; info at similarpages dot com)"
67.202.31.166 - - [14/Mar/2009:10:51:14 +0100] "GET /neon/annniiii.html HTTP/1.0" 200 686 "-" "SimilarPages/Nutch-1.0-dev (SimilarPages Nutch Crawler; http://www.similarpages.com; info at similarpages dot com)"
67.202.31.166 - - [14/Mar/2009:10:53:55 +0100] "GET /DgH/ HTTP/1.0" 200 5024 "-" "SimilarPages/Nutch-1.0-dev (SimilarPages Nutch Crawler; http://www.similarpages.com; info at similarpages dot com)"
66.249.71.249 - - [14/Mar/2009:11:04:17 +0100] "GET /logs/usage_200903.html HTTP/1.1" 404 2748 "-" "Mozilla/5.0 (compatible; Googlebot/2.1; +http://www.google.com/bot.html)"
67.202.31.166 - - [14/Mar/2009:11:16:02 +0100] "GET /bmpp/18asi_2.html HTTP/1.0" 200 8674 "-" "SimilarPages/Nutch-1.0-dev (SimilarPages Nutch Crawler; http://www.similarpages.com; info at similarpages dot com)"
74.6.8.105 - - [14/Mar/2009:11:17:03 +0100] "GET / HTTP/1.0" 200 7869 "http://kickme.to/ve" "Mozilla/5.0 (compatible; Yahoo! Slurp/3.0; http://help.yahoo.com/help/us/ysearch/slurp)"
74.6.8.105 - - [14/Mar/2009:11:17:04 +0100] "GET /style/various-euro.css HTTP/1.0" 304 - "http://www.various-euro.com/" "Mozilla/5.0 (compatible; Yahoo! Slurp/3.0; http://help.yahoo.com/help/us/ysearch/slurp)"
66.249.71.249 - - [14/Mar/2009:11:28:47 +0100] "GET /neon/girlz2.html HTTP/1.1" 200 2937 "-" "Mozilla/5.0 (compatible; Googlebot/2.1; +http://www.google.com/bot.html)"
74.6.8.105 - - [14/Mar/2009:11:53:53 +0100] "GET /logs/ HTTP/1.0" 200 10079 "-" "Mozilla/5.0 (compatible; Yahoo! Slurp/3.0; http://help.yahoo.com/help/us/ysearch/slurp)"
85.66.137.215 - - [14/Mar/2009:11:59:13 +0100] "GET http://various-euro.com/index.php?page=../../../../../../../../../etc/passwd%00 HTTP/1.0" 404 2748 "http://various-euro.com/index.php?page=../../../../../../../../../etc/passwd%00" "Mozilla/4.0 (compatible; MSIE 6.0; Windows NT 5.1)"
74.6.8.105 - - [14/Mar/2009:12:10:05 +0100] "GET /logs/usage_200605.html HTTP/1.0" 200 109635 "-" "Mozilla/5.0 (compatible; Yahoo! Slurp/3.0; http://help.yahoo.com/help/us/ysearch/slurp)"
74.6.8.105 - - [14/Mar/2009:12:10:10 +0100] "GET /logs/usage_200605.html HTTP/1.0" 200 109635 "-" "Mozilla/5.0 (compatible; Yahoo! Slurp/3.0; http://help.yahoo.com/help/us/ysearch/slurp)"
174.129.98.189 - - [14/Mar/2009:12:45:05 +0100] "GET / HTTP/1.0" 200 7869 "-" "Mozilla/4.0 (compatible; MSIE 6.0; Windows NT 5.1)"
