65.98.224.5 - - [05/Mar/2009:17:09:13 +0100] "GET /f-search.html HTTP/1.0" 200 11800 "-" "TurnitinBot/2.1 (http://www.turnitin.com/robot/crawlerinfo.html)"
65.98.224.5 - - [05/Mar/2009:17:09:47 +0100] "GET /f-net.html HTTP/1.0" 200 9913 "-" "TurnitinBot/2.1 (http://www.turnitin.com/robot/crawlerinfo.html)"
65.98.224.5 - - [05/Mar/2009:17:10:16 +0100] "GET /f-horrorkatze.html HTTP/1.0" 200 7865 "-" "TurnitinBot/2.1 (http://www.turnitin.com/robot/crawlerinfo.html)"
65.98.224.5 - - [05/Mar/2009:17:10:47 +0100] "GET /f-euro.html HTTP/1.0" 200 12203 "-" "TurnitinBot/2.1 (http://www.turnitin.com/robot/crawlerinfo.html)"
65.98.224.5 - - [05/Mar/2009:17:11:16 +0100] "GET /f-channel1.html HTTP/1.0" 200 8471 "-" "TurnitinBot/2.1 (http://www.turnitin.com/robot/crawlerinfo.html)"
65.98.224.5 - - [05/Mar/2009:17:11:46 +0100] "GET /f-bannnerz.html HTTP/1.0" 200 12651 "-" "TurnitinBot/2.1 (http://www.turnitin.com/robot/crawlerinfo.html)"
208.80.195.47 - - [05/Mar/2009:17:18:28 +0100] "GET / HTTP/1.0" 200 7869 "-" "Mozilla/4.0 (compatible; MSIE 7.0; Windows NT 5.1; YPC 3.0.0; IEMB3; IEMB3)"
208.80.195.47 - - [05/Mar/2009:17:18:28 +0100] "GET / HTTP/1.0" 200 7869 "-" "Mozilla/4.0 (compatible; MSIE 6.0; Windows 98; Hotbar 4.1.8.0)"
74.6.18.230 - - [05/Mar/2009:17:25:08 +0100] "GET /logs/usage_200701.html HTTP/1.0" 200 109268 "-" "Mozilla/5.0 (compatible; Yahoo! Slurp/3.0; http://help.yahoo.com/help/us/ysearch/slurp)"
74.6.18.230 - - [05/Mar/2009:17:25:09 +0100] "GET /logs/usage_200701.html HTTP/1.0" 200 109268 "-" "Mozilla/5.0 (compatible; Yahoo! Slurp/3.0; http://help.yahoo.com/help/us/ysearch/slurp)"
62.216.199.177 - - [05/Mar/2009:17:26:20 +0100] "GET / HTTP/1.1" 200 7869 "-" "Mozilla/5.0 (Windows; U; Windows NT 5.1; de; rv:1.9.0.4) Gecko/2008102920 Firefox/3.0.4 (.NET CLR 3.5.30729)"
62.216.199.177 - - [05/Mar/2009:17:26:22 +0100] "GET /style/various-euro.css HTTP/1.1" 200 3437 "http://www.various-euro.com/" "Mozilla/5.0 (Windows; U; Windows NT 5.1; de; rv:1.9.0.4) Gecko/2008102920 Firefox/3.0.4 (.NET CLR 3.5.30729)"
62.216.199.177 - - [05/Mar/2009:17:26:24 +0100] "GET /framez_0.html HTTP/1.1" 200 12444 "http://www.various-euro.com/" "Mozilla/5.0 (Windows; U; Windows NT 5.1; de; rv:1.9.0.4) Gecko/2008102920 Firefox/3.0.4 (.NET CLR 3.5.30729)"
62.216.199.177 - - [05/Mar/2009:17:26:26 +0100] "GET /favicon.ico HTTP/1.1" 404 2748 "-" "Mozilla/5.0 (Windows; U; Windows NT 5.1; de; rv:1.9.0.4) Gecko/2008102920 Firefox/3.0.4 (.NET CLR 3.5.30729)"
62.216.199.177 - - [05/Mar/2009:17:26:40 +0100] "GET /framez.html HTTP/1.1" 200 3959 "http://www.various-euro.com/framez_0.html" "Mozilla/5.0 (Windows; U; Windows NT 5.1; de; rv:1.9.0.4) Gecko/2008102920 Firefox/3.0.4 (.NET CLR 3.5.30729)"
62.216.199.177 - - [05/Mar/2009:17:26:41 +0100] "GET /frame-inhalt.html HTTP/1.1" 200 5418 "http://www.various-euro.com/framez.html" "Mozilla/5.0 (Windows; U; Windows NT 5.1; de; rv:1.9.0.4) Gecko/2008102920 Firefox/3.0.4 (.NET CLR 3.5.30729)"
62.216.199.177 - - [05/Mar/2009:17:26:41 +0100] "GET /frame-unten.html HTTP/1.1" 200 5308 "http://www.various-euro.com/framez.html" "Mozilla/5.0 (Windows; U; Windows NT 5.1; de; rv:1.9.0.4) Gecko/2008102920 Firefox/3.0.4 (.NET CLR 3.5.30729)"
62.216.199.177 - - [05/Mar/2009:17:26:41 +0100] "GET /frame-menu.html HTTP/1.1" 200 10536 "http://www.various-euro.com/framez.html" "Mozilla/5.0 (Windows; U; Windows NT 5.1; de; rv:1.9.0.4) Gecko/2008102920 Firefox/3.0.4 (.NET CLR 3.5.30729)"
193.252.149.16 - - [05/Mar/2009:17:49:54 +0100] "GET /neon/biggtani.html HTTP/1.1" 200 1698 "-" "Mozilla/5.0 (Windows; U; Windows NT 5.1; fr; rv:1.8.1) VoilaBot BETA 1.2 (support.voilabot@orange-ftgroup.com)"
67.195.37.122 - - [05/Mar/2009:17:58:20 +0100] "GET /logs/usage_200710.html HTTP/1.0" 200 110952 "-" "Mozilla/5.0 (compatible; Yahoo! Slurp/3.0; http://help.yahoo.com/help/us/ysearch/slurp)"
193.252.149.15 - - [05/Mar/2009:18:31:58 +0100] "GET /neon/europa.html HTTP/1.1" 200 389 "-" "Mozilla/5.0 (Windows; U; Windows NT 5.1; fr; rv:1.8.1) VoilaBot BETA 1.2 (support.voilabot@orange-ftgroup.com)"
81.52.143.33 - - [05/Mar/2009:18:41:42 +0100] "GET /bmpp/18.html HTTP/1.1" 200 4467 "-" "Mozilla/5.0 (Windows; U; Windows NT 5.1; fr; rv:1.8.1) VoilaBot BETA 1.2 (support.voilabot@orange-ftgroup.com)"
67.195.37.122 - - [05/Mar/2009:18:44:41 +0100] "GET /f-world.html HTTP/1.0" 200 35590 "-" "Mozilla/5.0 (compatible; Yahoo! Slurp; http://help.yahoo.com/help/us/ysearch/slurp)"
67.195.37.122 - - [05/Mar/2009:18:47:45 +0100] "GET /logs/usage_200703.html HTTP/1.0" 200 108444 "-" "Mozilla/5.0 (compatible; Yahoo! Slurp/3.0; http://help.yahoo.com/help/us/ysearch/slurp)"
74.6.18.230 - - [05/Mar/2009:19:08:28 +0100] "GET /framez.html HTTP/1.0" 200 3959 "-" "Mozilla/5.0 (compatible; Yahoo! Slurp/3.0; http://help.yahoo.com/help/us/ysearch/slurp)"
74.6.18.230 - - [05/Mar/2009:19:08:29 +0100] "GET /style/various-euro.css HTTP/1.0" 304 - "http://www.various-euro.com/framez.html" "Mozilla/5.0 (compatible; Yahoo! Slurp/3.0; http://help.yahoo.com/help/us/ysearch/slurp)"
74.6.18.230 - - [05/Mar/2009:19:08:30 +0100] "GET /frame-inhalt.html HTTP/1.0" 200 5418 "http://www.various-euro.com/framez.html" "Mozilla/5.0 (compatible; Yahoo! Slurp/3.0; http://help.yahoo.com/help/us/ysearch/slurp)"
74.6.18.230 - - [05/Mar/2009:19:08:30 +0100] "GET /frame-menu.html HTTP/1.0" 200 10536 "http://www.various-euro.com/framez.html" "Mozilla/5.0 (compatible; Yahoo! Slurp/3.0; http://help.yahoo.com/help/us/ysearch/slurp)"
74.6.18.230 - - [05/Mar/2009:19:08:30 +0100] "GET /frame-unten.html HTTP/1.0" 200 5308 "http://www.various-euro.com/framez.html" "Mozilla/5.0 (compatible; Yahoo! Slurp/3.0; http://help.yahoo.com/help/us/ysearch/slurp)"
67.195.37.122 - - [05/Mar/2009:19:36:43 +0100] "GET /neon/channel.html HTTP/1.0" 200 1942 "-" "Mozilla/5.0 (compatible; Yahoo! Slurp; http://help.yahoo.com/help/us/ysearch/slurp)"
83.233.169.10 - - [05/Mar/2009:19:40:37 +0100] "GET /cgi-bin/adduser.cgi HTTP/1.1" 404 2748 "-" "Mozilla/5.0 (Windows; U; Windows NT 5.1; en; rv:1.8.1.8) Gecko/20071008 Firefox/2.0.0.8"
83.233.169.10 - - [05/Mar/2009:19:40:37 +0100] "GET /cgi-bin/sblogin/report/usermanage.cgi HTTP/1.1" 404 2748 "-" "Mozilla/5.0 (Windows; U; Windows NT 5.1; en; rv:1.8.1.8) Gecko/20071008 Firefox/2.0.0.8"
74.6.18.230 - - [05/Mar/2009:19:41:59 +0100] "GET /neon/warning2..html HTTP/1.0" 200 456 "-" "Mozilla/5.0 (compatible; Yahoo! Slurp/3.0; http://help.yahoo.com/help/us/ysearch/slurp)"
67.195.37.122 - - [05/Mar/2009:20:14:27 +0100] "GET /f-maintitle.html HTTP/1.0" 200 5030 "-" "Mozilla/5.0 (compatible; Yahoo! Slurp; http://help.yahoo.com/help/us/ysearch/slurp)"
67.195.37.122 - - [05/Mar/2009:20:27:58 +0100] "GET /zampa-lovers/index.html HTTP/1.0" 200 37790 "-" "Mozilla/5.0 (compatible; Yahoo! Slurp; http://help.yahoo.com/help/us/ysearch/slurp)"
67.195.37.122 - - [05/Mar/2009:20:36:43 +0100] "GET /bmpp/euro_pal_111.html HTTP/1.0" 200 2129 "-" "Mozilla/5.0 (compatible; Yahoo! Slurp/3.0; http://help.yahoo.com/help/us/ysearch/slurp)"
87.162.46.134 - - [05/Mar/2009:21:25:38 +0100] "GET / HTTP/1.1" 200 7869 "-" "Mozilla/5.0 (X11; U; Linux i686; de; rv:1.9.0.6) Gecko/2009020911 Ubuntu/8.10 (intrepid) Firefox/3.0.6"
87.162.46.134 - - [05/Mar/2009:21:25:38 +0100] "GET /style/various-euro.css HTTP/1.1" 200 3437 "http://various-euro.com/" "Mozilla/5.0 (X11; U; Linux i686; de; rv:1.9.0.6) Gecko/2009020911 Ubuntu/8.10 (intrepid) Firefox/3.0.6"
87.162.46.134 - - [05/Mar/2009:21:25:38 +0100] "GET /ve-icon-2.ico HTTP/1.1" 200 2238 "-" "Mozilla/5.0 (X11; U; Linux i686; de; rv:1.9.0.6) Gecko/2009020911 Ubuntu/8.10 (intrepid) Firefox/3.0.6"
87.162.46.134 - - [05/Mar/2009:21:25:38 +0100] "GET /framez_0.html HTTP/1.1" 200 12444 "http://various-euro.com/" "Mozilla/5.0 (X11; U; Linux i686; de; rv:1.9.0.6) Gecko/2009020911 Ubuntu/8.10 (intrepid) Firefox/3.0.6"
87.162.46.134 - - [05/Mar/2009:21:25:40 +0100] "GET /framez.html HTTP/1.1" 200 3959 "http://various-euro.com/framez_0.html" "Mozilla/5.0 (X11; U; Linux i686; de; rv:1.9.0.6) Gecko/2009020911 Ubuntu/8.10 (intrepid) Firefox/3.0.6"
87.162.46.134 - - [05/Mar/2009:21:25:40 +0100] "GET /frame-menu.html HTTP/1.1" 200 10536 "http://various-euro.com/framez.html" "Mozilla/5.0 (X11; U; Linux i686; de; rv:1.9.0.6) Gecko/2009020911 Ubuntu/8.10 (intrepid) Firefox/3.0.6"
87.162.46.134 - - [05/Mar/2009:21:25:40 +0100] "GET /frame-inhalt.html HTTP/1.1" 200 5418 "http://various-euro.com/framez.html" "Mozilla/5.0 (X11; U; Linux i686; de; rv:1.9.0.6) Gecko/2009020911 Ubuntu/8.10 (intrepid) Firefox/3.0.6"
87.162.46.134 - - [05/Mar/2009:21:25:40 +0100] "GET /frame-unten.html HTTP/1.1" 200 5308 "http://various-euro.com/framez.html" "Mozilla/5.0 (X11; U; Linux i686; de; rv:1.9.0.6) Gecko/2009020911 Ubuntu/8.10 (intrepid) Firefox/3.0.6"
87.162.46.134 - - [05/Mar/2009:21:25:40 +0100] "GET /bannerz/neon_click_3.gif HTTP/1.1" 200 240 "http://various-euro.com/frame-inhalt.html" "Mozilla/5.0 (X11; U; Linux i686; de; rv:1.9.0.6) Gecko/2009020911 Ubuntu/8.10 (intrepid) Firefox/3.0.6"
87.162.46.134 - - [05/Mar/2009:21:25:40 +0100] "GET /bannerz/wet.gif HTTP/1.1" 200 18561 "http://various-euro.com/frame-inhalt.html" "Mozilla/5.0 (X11; U; Linux i686; de; rv:1.9.0.6) Gecko/2009020911 Ubuntu/8.10 (intrepid) Firefox/3.0.6"
87.162.46.134 - - [05/Mar/2009:21:25:40 +0100] "GET /eurosign3.gif HTTP/1.1" 200 7879 "http://various-euro.com/frame-inhalt.html" "Mozilla/5.0 (X11; U; Linux i686; de; rv:1.9.0.6) Gecko/2009020911 Ubuntu/8.10 (intrepid) Firefox/3.0.6"
87.162.46.134 - - [05/Mar/2009:21:25:40 +0100] "GET /bannerz/neon_click_1.gif HTTP/1.1" 200 890 "http://various-euro.com/frame-inhalt.html" "Mozilla/5.0 (X11; U; Linux i686; de; rv:1.9.0.6) Gecko/2009020911 Ubuntu/8.10 (intrepid) Firefox/3.0.6"
87.162.46.134 - - [05/Mar/2009:21:25:40 +0100] "GET /bannerz/neon_click_2.gif HTTP/1.1" 200 387 "http://various-euro.com/frame-inhalt.html" "Mozilla/5.0 (X11; U; Linux i686; de; rv:1.9.0.6) Gecko/2009020911 Ubuntu/8.10 (intrepid) Firefox/3.0.6"
87.162.46.134 - - [05/Mar/2009:21:25:40 +0100] "GET /bannerz/douwil.gif HTTP/1.1" 200 528 "http://various-euro.com/frame-inhalt.html" "Mozilla/5.0 (X11; U; Linux i686; de; rv:1.9.0.6) Gecko/2009020911 Ubuntu/8.10 (intrepid) Firefox/3.0.6"
87.162.46.134 - - [05/Mar/2009:21:25:40 +0100] "GET /bannerz/anti_black_small.gif HTTP/1.1" 200 1009 "http://various-euro.com/frame-inhalt.html" "Mozilla/5.0 (X11; U; Linux i686; de; rv:1.9.0.6) Gecko/2009020911 Ubuntu/8.10 (intrepid) Firefox/3.0.6"
87.162.46.134 - - [05/Mar/2009:21:25:41 +0100] "GET /bannerz/copyleft_black_small.gif HTTP/1.1" 200 1231 "http://various-euro.com/frame-inhalt.html" "Mozilla/5.0 (X11; U; Linux i686; de; rv:1.9.0.6) Gecko/2009020911 Ubuntu/8.10 (intrepid) Firefox/3.0.6"
87.162.46.134 - - [05/Mar/2009:21:25:41 +0100] "GET /bannerz/google/Logo_40blk.gif HTTP/1.1" 200 2308 "http://various-euro.com/frame-inhalt.html" "Mozilla/5.0 (X11; U; Linux i686; de; rv:1.9.0.6) Gecko/2009020911 Ubuntu/8.10 (intrepid) Firefox/3.0.6"
87.162.46.134 - - [05/Mar/2009:21:25:40 +0100] "GET /bannerz/goolag_468.jpg HTTP/1.1" 200 28285 "http://various-euro.com/frame-inhalt.html" "Mozilla/5.0 (X11; U; Linux i686; de; rv:1.9.0.6) Gecko/2009020911 Ubuntu/8.10 (intrepid) Firefox/3.0.6"
87.162.46.134 - - [05/Mar/2009:21:25:41 +0100] "GET /bannerz/ve.jpg HTTP/1.1" 200 36912 "http://various-euro.com/frame-unten.html" "Mozilla/5.0 (X11; U; Linux i686; de; rv:1.9.0.6) Gecko/2009020911 Ubuntu/8.10 (intrepid) Firefox/3.0.6"
87.162.46.134 - - [05/Mar/2009:21:25:41 +0100] "GET /bannerz/various-euro-girl.jpg HTTP/1.1" 200 91514 "http://various-euro.com/frame-unten.html" "Mozilla/5.0 (X11; U; Linux i686; de; rv:1.9.0.6) Gecko/2009020911 Ubuntu/8.10 (intrepid) Firefox/3.0.6"
74.6.18.230 - - [05/Mar/2009:21:38:30 +0100] "GET /schubb/schubb-3.html HTTP/1.0" 200 17546 "-" "Mozilla/5.0 (compatible; Yahoo! Slurp/3.0; http://help.yahoo.com/help/us/ysearch/slurp)"
67.195.37.122 - - [05/Mar/2009:22:17:41 +0100] "GET /zampa HTTP/1.0" 301 375 "-" "Mozilla/5.0 (compatible; Yahoo! Slurp; http://help.yahoo.com/help/us/ysearch/slurp)"
67.195.37.122 - - [05/Mar/2009:22:18:03 +0100] "GET /zampa/ HTTP/1.0" 200 7153 "-" "Mozilla/5.0 (compatible; Yahoo! Slurp; http://help.yahoo.com/help/us/ysearch/slurp)"
74.6.18.230 - - [05/Mar/2009:22:21:42 +0100] "GET /logs/usage_200702.html HTTP/1.0" 200 107861 "-" "Mozilla/5.0 (compatible; Yahoo! Slurp/3.0; http://help.yahoo.com/help/us/ysearch/slurp)"
74.6.18.230 - - [05/Mar/2009:22:28:08 +0100] "GET /f-logz_old.html HTTP/1.0" 200 43773 "-" "Mozilla/5.0 (compatible; Yahoo! Slurp/3.0; http://help.yahoo.com/help/us/ysearch/slurp)"
91.82.38.52 - - [05/Mar/2009:22:31:27 +0100] "GET / HTTP/1.1" 200 7869 "http://eipcp.net/transversal/1202/milevska/de" "Mozilla/5.0 (Windows; U; Windows NT 5.1; hu; rv:1.9.0.7) Gecko/2009021910 Firefox/3.0.7"
91.82.38.52 - - [05/Mar/2009:22:31:27 +0100] "GET /ve-icon-2.ico HTTP/1.1" 200 2238 "-" "Mozilla/5.0 (Windows; U; Windows NT 5.1; hu; rv:1.9.0.7) Gecko/2009021910 Firefox/3.0.7"
91.82.38.52 - - [05/Mar/2009:22:31:27 +0100] "GET /style/various-euro.css HTTP/1.1" 200 3437 "http://www.various-euro.com/" "Mozilla/5.0 (Windows; U; Windows NT 5.1; hu; rv:1.9.0.7) Gecko/2009021910 Firefox/3.0.7"
91.82.38.52 - - [05/Mar/2009:22:31:27 +0100] "GET /framez_0.html HTTP/1.1" 200 12444 "http://www.various-euro.com/" "Mozilla/5.0 (Windows; U; Windows NT 5.1; hu; rv:1.9.0.7) Gecko/2009021910 Firefox/3.0.7"
91.82.38.52 - - [05/Mar/2009:22:31:31 +0100] "GET /framez.html HTTP/1.1" 200 3959 "http://www.various-euro.com/framez_0.html" "Mozilla/5.0 (Windows; U; Windows NT 5.1; hu; rv:1.9.0.7) Gecko/2009021910 Firefox/3.0.7"
91.82.38.52 - - [05/Mar/2009:22:31:32 +0100] "GET /frame-menu.html HTTP/1.1" 200 10536 "http://www.various-euro.com/framez.html" "Mozilla/5.0 (Windows; U; Windows NT 5.1; hu; rv:1.9.0.7) Gecko/2009021910 Firefox/3.0.7"
91.82.38.52 - - [05/Mar/2009:22:31:32 +0100] "GET /frame-inhalt.html HTTP/1.1" 200 5418 "http://www.various-euro.com/framez.html" "Mozilla/5.0 (Windows; U; Windows NT 5.1; hu; rv:1.9.0.7) Gecko/2009021910 Firefox/3.0.7"
91.82.38.52 - - [05/Mar/2009:22:31:32 +0100] "GET /frame-unten.html HTTP/1.1" 200 5308 "http://www.various-euro.com/framez.html" "Mozilla/5.0 (Windows; U; Windows NT 5.1; hu; rv:1.9.0.7) Gecko/2009021910 Firefox/3.0.7"
91.82.38.52 - - [05/Mar/2009:22:31:32 +0100] "GET /bannerz/neon_click_3.gif HTTP/1.1" 200 240 "http://www.various-euro.com/frame-inhalt.html" "Mozilla/5.0 (Windows; U; Windows NT 5.1; hu; rv:1.9.0.7) Gecko/2009021910 Firefox/3.0.7"
91.82.38.52 - - [05/Mar/2009:22:31:32 +0100] "GET /eurosign3.gif HTTP/1.1" 200 7879 "http://www.various-euro.com/frame-inhalt.html" "Mozilla/5.0 (Windows; U; Windows NT 5.1; hu; rv:1.9.0.7) Gecko/2009021910 Firefox/3.0.7"
91.82.38.52 - - [05/Mar/2009:22:31:32 +0100] "GET /bannerz/neon_click_2.gif HTTP/1.1" 200 387 "http://www.various-euro.com/frame-inhalt.html" "Mozilla/5.0 (Windows; U; Windows NT 5.1; hu; rv:1.9.0.7) Gecko/2009021910 Firefox/3.0.7"
91.82.38.52 - - [05/Mar/2009:22:31:32 +0100] "GET /bannerz/neon_click_1.gif HTTP/1.1" 200 890 "http://www.various-euro.com/frame-inhalt.html" "Mozilla/5.0 (Windows; U; Windows NT 5.1; hu; rv:1.9.0.7) Gecko/2009021910 Firefox/3.0.7"
91.82.38.52 - - [05/Mar/2009:22:31:33 +0100] "GET /bannerz/google/Logo_40blk.gif HTTP/1.1" 200 2308 "http://www.various-euro.com/frame-inhalt.html" "Mozilla/5.0 (Windows; U; Windows NT 5.1; hu; rv:1.9.0.7) Gecko/2009021910 Firefox/3.0.7"
91.82.38.52 - - [05/Mar/2009:22:31:33 +0100] "GET /bannerz/douwil.gif HTTP/1.1" 200 528 "http://www.various-euro.com/frame-inhalt.html" "Mozilla/5.0 (Windows; U; Windows NT 5.1; hu; rv:1.9.0.7) Gecko/2009021910 Firefox/3.0.7"
91.82.38.52 - - [05/Mar/2009:22:31:33 +0100] "GET /bannerz/anti_black_small.gif HTTP/1.1" 200 1009 "http://www.various-euro.com/frame-inhalt.html" "Mozilla/5.0 (Windows; U; Windows NT 5.1; hu; rv:1.9.0.7) Gecko/2009021910 Firefox/3.0.7"
91.82.38.52 - - [05/Mar/2009:22:31:33 +0100] "GET /bannerz/copyleft_black_small.gif HTTP/1.1" 200 1231 "http://www.various-euro.com/frame-inhalt.html" "Mozilla/5.0 (Windows; U; Windows NT 5.1; hu; rv:1.9.0.7) Gecko/2009021910 Firefox/3.0.7"
91.82.38.52 - - [05/Mar/2009:22:31:32 +0100] "GET /bannerz/goolag_468.jpg HTTP/1.1" 200 28285 "http://www.various-euro.com/frame-inhalt.html" "Mozilla/5.0 (Windows; U; Windows NT 5.1; hu; rv:1.9.0.7) Gecko/2009021910 Firefox/3.0.7"
91.82.38.52 - - [05/Mar/2009:22:31:33 +0100] "GET /bannerz/wet.gif HTTP/1.1" 200 18561 "http://www.various-euro.com/frame-inhalt.html" "Mozilla/5.0 (Windows; U; Windows NT 5.1; hu; rv:1.9.0.7) Gecko/2009021910 Firefox/3.0.7"
91.82.38.52 - - [05/Mar/2009:22:31:33 +0100] "GET /bannerz/ve.jpg HTTP/1.1" 200 36912 "http://www.various-euro.com/frame-unten.html" "Mozilla/5.0 (Windows; U; Windows NT 5.1; hu; rv:1.9.0.7) Gecko/2009021910 Firefox/3.0.7"
91.82.38.52 - - [05/Mar/2009:22:31:33 +0100] "GET /bannerz/various-euro-girl.jpg HTTP/1.1" 200 91514 "http://www.various-euro.com/frame-unten.html" "Mozilla/5.0 (Windows; U; Windows NT 5.1; hu; rv:1.9.0.7) Gecko/2009021910 Firefox/3.0.7"
91.82.38.52 - - [05/Mar/2009:22:32:20 +0100] "GET /f-world.html HTTP/1.1" 200 35590 "http://www.various-euro.com/frame-menu.html" "Mozilla/5.0 (Windows; U; Windows NT 5.1; hu; rv:1.9.0.7) Gecko/2009021910 Firefox/3.0.7"
91.82.38.52 - - [05/Mar/2009:22:34:00 +0100] "GET / HTTP/1.1" 302 353 "http://www.various-euro.com/frame-menu.html" "Mozilla/5.0 (Windows; U; Windows NT 5.1; hu; rv:1.9.0.7) Gecko/2009021910 Firefox/3.0.7"
91.82.38.52 - - [05/Mar/2009:22:34:00 +0100] "GET /zampa/ HTTP/1.1" 200 7153 "http://www.various-euro.com/frame-menu.html" "Mozilla/5.0 (Windows; U; Windows NT 5.1; hu; rv:1.9.0.7) Gecko/2009021910 Firefox/3.0.7"
91.82.38.52 - - [05/Mar/2009:22:34:00 +0100] "GET /zampa/slike/zampa.gif HTTP/1.1" 200 5310 "http://www.various-euro.com/zampa/" "Mozilla/5.0 (Windows; U; Windows NT 5.1; hu; rv:1.9.0.7) Gecko/2009021910 Firefox/3.0.7"
91.82.38.52 - - [05/Mar/2009:22:34:00 +0100] "GET /zampa/slike/udupetu.gif HTTP/1.1" 200 4138 "http://www.various-euro.com/zampa/" "Mozilla/5.0 (Windows; U; Windows NT 5.1; hu; rv:1.9.0.7) Gecko/2009021910 Firefox/3.0.7"
91.82.38.52 - - [05/Mar/2009:22:34:00 +0100] "GET /zampa/slike/inthearse.gif HTTP/1.1" 200 4077 "http://www.various-euro.com/zampa/" "Mozilla/5.0 (Windows; U; Windows NT 5.1; hu; rv:1.9.0.7) Gecko/2009021910 Firefox/3.0.7"
91.82.38.52 - - [05/Mar/2009:22:34:34 +0100] "GET /zampa/slike/E1TITEL.GIF HTTP/1.1" 200 16284 "http://www.various-euro.com/zampa/" "Mozilla/5.0 (Windows; U; Windows NT 5.1; hu; rv:1.9.0.7) Gecko/2009021910 Firefox/3.0.7"
91.82.38.52 - - [05/Mar/2009:22:34:57 +0100] "GET /zampa/slike/E3VAMPIR.GIF HTTP/1.1" 200 52553 "http://www.various-euro.com/zampa/" "Mozilla/5.0 (Windows; U; Windows NT 5.1; hu; rv:1.9.0.7) Gecko/2009021910 Firefox/3.0.7"
74.6.18.230 - - [05/Mar/2009:22:35:04 +0100] "GET /logs/usage_200709.html HTTP/1.0" 200 110974 "-" "Mozilla/5.0 (compatible; Yahoo! Slurp/3.0; http://help.yahoo.com/help/us/ysearch/slurp)"
67.195.37.122 - - [05/Mar/2009:22:36:00 +0100] "GET /f-horrorkatze.html HTTP/1.0" 200 7865 "-" "Mozilla/5.0 (compatible; Yahoo! Slurp; http://help.yahoo.com/help/us/ysearch/slurp)"
91.82.38.52 - - [05/Mar/2009:22:36:51 +0100] "GET /zampa/slike/E4IRWIN.GIF HTTP/1.1" 200 53174 "http://www.various-euro.com/zampa/" "Mozilla/5.0 (Windows; U; Windows NT 5.1; hu; rv:1.9.0.7) Gecko/2009021910 Firefox/3.0.7"
91.82.38.52 - - [05/Mar/2009:22:38:14 +0100] "GET /zampa/slike/E5UROSTO.GIF HTTP/1.1" 200 42690 "http://www.various-euro.com/zampa/" "Mozilla/5.0 (Windows; U; Windows NT 5.1; hu; rv:1.9.0.7) Gecko/2009021910 Firefox/3.0.7"
91.82.38.52 - - [05/Mar/2009:22:39:06 +0100] "GET /zampa/slike/E6BIENNI.GIF HTTP/1.1" 200 33736 "http://www.various-euro.com/zampa/" "Mozilla/5.0 (Windows; U; Windows NT 5.1; hu; rv:1.9.0.7) Gecko/2009021910 Firefox/3.0.7"
74.6.18.230 - - [05/Mar/2009:22:39:10 +0100] "GET /logs/usage_200707.html HTTP/1.0" 200 110942 "-" "Mozilla/5.0 (compatible; Yahoo! Slurp/3.0; http://help.yahoo.com/help/us/ysearch/slurp)"
74.6.18.230 - - [05/Mar/2009:22:39:10 +0100] "GET /logs/usage_200707.html HTTP/1.0" 200 110942 "-" "Mozilla/5.0 (compatible; Yahoo! Slurp/3.0; http://help.yahoo.com/help/us/ysearch/slurp)"
91.82.38.52 - - [05/Mar/2009:22:39:52 +0100] "GET /zampa/slike/E7MEDIAA.GIF HTTP/1.1" 200 44716 "http://www.various-euro.com/zampa/" "Mozilla/5.0 (Windows; U; Windows NT 5.1; hu; rv:1.9.0.7) Gecko/2009021910 Firefox/3.0.7"
91.82.38.52 - - [05/Mar/2009:22:40:52 +0100] "GET /zampa/slike/E2COPY.GIF HTTP/1.1" 200 10416 "http://www.various-euro.com/zampa/" "Mozilla/5.0 (Windows; U; Windows NT 5.1; hu; rv:1.9.0.7) Gecko/2009021910 Firefox/3.0.7"
91.82.38.52 - - [05/Mar/2009:22:41:24 +0100] "GET /zampa/slike/E8CURATO.GIF HTTP/1.1" 200 15386 "http://www.various-euro.com/zampa/" "Mozilla/5.0 (Windows; U; Windows NT 5.1; hu; rv:1.9.0.7) Gecko/2009021910 Firefox/3.0.7"
91.82.38.52 - - [05/Mar/2009:22:42:19 +0100] "GET /zampa/lybia/index.html HTTP/1.1" 200 3036 "http://www.various-euro.com/zampa/" "Mozilla/5.0 (Windows; U; Windows NT 5.1; hu; rv:1.9.0.7) Gecko/2009021910 Firefox/3.0.7"
91.82.38.52 - - [05/Mar/2009:22:42:19 +0100] "GET /zampa/lybia/slike/tele.jpg HTTP/1.1" 200 28022 "http://www.various-euro.com/zampa/lybia/index.html" "Mozilla/5.0 (Windows; U; Windows NT 5.1; hu; rv:1.9.0.7) Gecko/2009021910 Firefox/3.0.7"
91.82.38.52 - - [05/Mar/2009:22:42:20 +0100] "GET /favicon.ico HTTP/1.1" 404 2748 "-" "Mozilla/5.0 (Windows; U; Windows NT 5.1; hu; rv:1.9.0.7) Gecko/2009021910 Firefox/3.0.7"
91.82.38.52 - - [05/Mar/2009:22:42:23 +0100] "GET /favicon.ico HTTP/1.1" 404 2748 "-" "Mozilla/5.0 (Windows; U; Windows NT 5.1; hu; rv:1.9.0.7) Gecko/2009021910 Firefox/3.0.7"
91.82.38.52 - - [05/Mar/2009:22:42:32 +0100] "GET /zampa/montenegro/dajpare.html HTTP/1.1" 200 2503 "http://www.various-euro.com/zampa/" "Mozilla/5.0 (Windows; U; Windows NT 5.1; hu; rv:1.9.0.7) Gecko/2009021910 Firefox/3.0.7"
91.82.38.52 - - [05/Mar/2009:22:42:32 +0100] "GET /zampa/montenegro/slike/BATAW.jpg HTTP/1.1" 200 2631 "http://www.various-euro.com/zampa/montenegro/dajpare.html" "Mozilla/5.0 (Windows; U; Windows NT 5.1; hu; rv:1.9.0.7) Gecko/2009021910 Firefox/3.0.7"
91.82.38.52 - - [05/Mar/2009:22:42:32 +0100] "GET /zampa/montenegro/slike/SEKAW.jpg HTTP/1.1" 200 2786 "http://www.various-euro.com/zampa/montenegro/dajpare.html" "Mozilla/5.0 (Windows; U; Windows NT 5.1; hu; rv:1.9.0.7) Gecko/2009021910 Firefox/3.0.7"
91.82.38.52 - - [05/Mar/2009:22:42:32 +0100] "GET /zampa/montenegro/slike/MILOW.jpg HTTP/1.1" 200 3823 "http://www.various-euro.com/zampa/montenegro/dajpare.html" "Mozilla/5.0 (Windows; U; Windows NT 5.1; hu; rv:1.9.0.7) Gecko/2009021910 Firefox/3.0.7"
91.82.38.52 - - [05/Mar/2009:22:42:33 +0100] "GET /zampa/montenegro/slike/TESLAW.jpg HTTP/1.1" 200 3770 "http://www.various-euro.com/zampa/montenegro/dajpare.html" "Mozilla/5.0 (Windows; U; Windows NT 5.1; hu; rv:1.9.0.7) Gecko/2009021910 Firefox/3.0.7"
91.82.38.52 - - [05/Mar/2009:22:42:33 +0100] "GET /zampa/montenegro/slike/ZMAJW.jpg HTTP/1.1" 200 4555 "http://www.various-euro.com/zampa/montenegro/dajpare.html" "Mozilla/5.0 (Windows; U; Windows NT 5.1; hu; rv:1.9.0.7) Gecko/2009021910 Firefox/3.0.7"
91.82.38.52 - - [05/Mar/2009:22:42:57 +0100] "GET /zampa/montenegro/index.html HTTP/1.1" 200 2651 "http://www.various-euro.com/zampa/montenegro/dajpare.html" "Mozilla/5.0 (Windows; U; Windows NT 5.1; hu; rv:1.9.0.7) Gecko/2009021910 Firefox/3.0.7"
91.82.38.52 - - [05/Mar/2009:22:42:57 +0100] "GET /zampa/montenegro/slike/plakat.jpg HTTP/1.1" 200 47879 "http://www.various-euro.com/zampa/montenegro/index.html" "Mozilla/5.0 (Windows; U; Windows NT 5.1; hu; rv:1.9.0.7) Gecko/2009021910 Firefox/3.0.7"
91.82.38.52 - - [05/Mar/2009:22:47:31 +0100] "GET /zampa/ HTTP/1.1" 200 7153 "http://www.angelfire.com/psy/zampa-di-leone-zampa/" "Mozilla/5.0 (Windows; U; Windows NT 5.1; hu; rv:1.9.0.7) Gecko/2009021910 Firefox/3.0.7"
91.82.38.52 - - [05/Mar/2009:22:47:31 +0100] "GET /zampa/montenegro/index.html HTTP/1.1" 200 2651 "http://www.angelfire.com/psy/zampa-di-leone-zampa/" "Mozilla/5.0 (Windows; U; Windows NT 5.1; hu; rv:1.9.0.7) Gecko/2009021910 Firefox/3.0.7"
74.6.18.230 - - [05/Mar/2009:22:50:34 +0100] "GET /bmpp/18.html HTTP/1.0" 200 4467 "-" "Mozilla/5.0 (compatible; Yahoo! Slurp/3.0; http://help.yahoo.com/help/us/ysearch/slurp)"
208.36.144.6 - - [05/Mar/2009:22:56:44 +0100] "GET /?ref=hanzuo.com HTTP/1.0" 302 368 "-" "Mozilla/5.0 (Twiceler-0.9 http://www.cuil.com/twiceler/robot.html)"
81.52.143.32 - - [05/Mar/2009:23:01:56 +0100] "GET /robots.txt HTTP/1.1" 200 64 "-" "Mozilla/5.0 (Windows; U; Windows NT 5.1; fr; rv:1.8.1) VoilaBot BETA 1.2 (support.voilabot@orange-ftgroup.com)"
81.52.143.32 - - [05/Mar/2009:23:02:10 +0100] "GET /schubb/schubb-2.html HTTP/1.1" 200 16660 "-" "Mozilla/5.0 (Windows; U; Windows NT 5.1; fr; rv:1.8.1) VoilaBot BETA 1.2 (support.voilabot@orange-ftgroup.com)"
67.195.37.122 - - [06/Mar/2009:00:12:13 +0100] "GET /robots.txt HTTP/1.0" 200 64 "-" "Mozilla/5.0 (compatible; Yahoo! Slurp; http://help.yahoo.com/help/us/ysearch/slurp)"
67.195.37.122 - - [06/Mar/2009:00:12:14 +0100] "GET /bmpp/euro_pal_111.html HTTP/1.0" 200 2129 "-" "Mozilla/5.0 (compatible; Yahoo! Slurp; http://help.yahoo.com/help/us/ysearch/slurp)"
74.6.18.230 - - [06/Mar/2009:00:31:24 +0100] "GET /search.html HTTP/1.0" 200 1440 "-" "Mozilla/5.0 (compatible; Yahoo! Slurp/3.0; http://help.yahoo.com/help/us/ysearch/slurp)"
87.162.46.134 - - [06/Mar/2009:00:31:25 +0100] "GET /framez.html HTTP/1.1" 200 3959 "http://various-euro.com/framez_0.html" "Mozilla/5.0 (X11; U; Linux i686; de; rv:1.9.0.6) Gecko/2009020911 Ubuntu/8.10 (intrepid) Firefox/3.0.6"
87.162.46.134 - - [06/Mar/2009:00:31:26 +0100] "GET /frame-menu.html HTTP/1.1" 200 10536 "http://various-euro.com/framez.html" "Mozilla/5.0 (X11; U; Linux i686; de; rv:1.9.0.6) Gecko/2009020911 Ubuntu/8.10 (intrepid) Firefox/3.0.6"
87.162.46.134 - - [06/Mar/2009:00:31:26 +0100] "GET /style/various-euro.css HTTP/1.1" 304 - "http://various-euro.com/framez.html" "Mozilla/5.0 (X11; U; Linux i686; de; rv:1.9.0.6) Gecko/2009020911 Ubuntu/8.10 (intrepid) Firefox/3.0.6"
87.162.46.134 - - [06/Mar/2009:00:31:26 +0100] "GET /frame-inhalt.html HTTP/1.1" 200 5418 "http://various-euro.com/framez.html" "Mozilla/5.0 (X11; U; Linux i686; de; rv:1.9.0.6) Gecko/2009020911 Ubuntu/8.10 (intrepid) Firefox/3.0.6"
87.162.46.134 - - [06/Mar/2009:00:31:26 +0100] "GET /frame-unten.html HTTP/1.1" 200 5308 "http://various-euro.com/framez.html" "Mozilla/5.0 (X11; U; Linux i686; de; rv:1.9.0.6) Gecko/2009020911 Ubuntu/8.10 (intrepid) Firefox/3.0.6"
67.195.37.122 - - [06/Mar/2009:00:33:10 +0100] "GET /logs/ HTTP/1.0" 200 10079 "-" "Mozilla/5.0 (compatible; Yahoo! Slurp; http://help.yahoo.com/help/us/ysearch/slurp)"
81.52.143.37 - - [06/Mar/2009:00:42:42 +0100] "GET /warez.html HTTP/1.1" 200 9754 "-" "Mozilla/5.0 (Windows; U; Windows NT 5.1; fr; rv:1.8.1) VoilaBot BETA 1.2 (support.voilabot@orange-ftgroup.com)"
66.235.124.7 - - [06/Mar/2009:00:52:03 +0100] "GET /robots.txt HTTP/1.1" 200 64 "-" "Mozilla/5.0 (compatible; Ask Jeeves/Teoma; +http://about.ask.com/en/docs/about/webmasters.shtml)"
66.235.124.7 - - [06/Mar/2009:00:52:18 +0100] "GET /zampa/lybia/index.html HTTP/1.1" 200 3036 "-" "Mozilla/5.0 (compatible; Ask Jeeves/Teoma; +http://about.ask.com/en/docs/about/webmasters.shtml)"
67.195.37.122 - - [06/Mar/2009:01:03:13 +0100] "GET /restate_copy.html HTTP/1.0" 200 97631 "-" "Mozilla/5.0 (compatible; Yahoo! Slurp; http://help.yahoo.com/help/us/ysearch/slurp)"
67.195.37.122 - - [06/Mar/2009:01:09:09 +0100] "GET /bmpp/euro_pal_1.html HTTP/1.0" 200 18252 "-" "Mozilla/5.0 (compatible; Yahoo! Slurp; http://help.yahoo.com/help/us/ysearch/slurp)"
114.111.36.26 - - [06/Mar/2009:01:13:44 +0100] "GET /robots.txt HTTP/1.1" 200 64 "-" "Mozilla/4.0 (compatible; NaverBot/1.0; http://help.naver.com/customer_webtxt_02.jsp)"
114.111.36.26 - - [06/Mar/2009:01:14:05 +0100] "GET / HTTP/1.1" 200 7869 "-" "Mozilla/4.0 (compatible; NaverBot/1.0; http://help.naver.com/customer_webtxt_02.jsp)"
67.195.37.122 - - [06/Mar/2009:01:22:52 +0100] "GET /schubb/schubb-1.html HTTP/1.0" 200 9070 "-" "Mozilla/5.0 (compatible; Yahoo! Slurp/3.0; http://help.yahoo.com/help/us/ysearch/slurp)"
208.36.144.6 - - [06/Mar/2009:01:28:03 +0100] "GET / HTTP/1.0" 302 353 "-" "Mozilla/5.0 (Twiceler-0.9 http://www.cuil.com/twiceler/robot.html)"
193.252.149.16 - - [06/Mar/2009:02:14:55 +0100] "GET /world.html HTTP/1.1" 200 16295 "-" "Mozilla/5.0 (Windows; U; Windows NT 5.1; fr; rv:1.8.1) VoilaBot BETA 1.2 (support.voilabot@orange-ftgroup.com)"
64.15.69.3 - - [06/Mar/2009:03:08:33 +0100] "GET /robots.txt HTTP/1.0" 200 64 "http://www.various-euro.com/zampa/robots.txt" "Mozilla/5.0 (compatible; SkreemRBot +http://skreemr.com)"
64.15.69.3 - - [06/Mar/2009:03:08:36 +0100] "GET /zampa/robots.txt HTTP/1.0" 404 2748 "http://zampa.various-euro.com/robots.txt" "Mozilla/5.0 (compatible; SkreemRBot +http://skreemr.com)"
64.15.69.3 - - [06/Mar/2009:03:08:41 +0100] "GET /zampa/montenegro/slike/plakat.jpg HTTP/1.0" 200 47879 "http://zampa.various-euro.com/montenegro/slike/plakat.jpg" "Mozilla/5.0 (compatible; SkreemRBot +http://skreemr.com)"
79.66.196.105 - - [06/Mar/2009:03:48:31 +0100] "GET / HTTP/1.1" 200 7869 "-" "Mozilla/5.0 (Windows; U; Windows NT 6.0; en-GB; rv:1.9.1b2) Gecko/20081201 Firefox/3.1b2 (.NET CLR 3.5.30729)"
79.66.196.105 - - [06/Mar/2009:03:48:32 +0100] "GET /style/various-euro.css HTTP/1.1" 200 3437 "http://www.various-euro.com/" "Mozilla/5.0 (Windows; U; Windows NT 6.0; en-GB; rv:1.9.1b2) Gecko/20081201 Firefox/3.1b2 (.NET CLR 3.5.30729)"
79.66.196.105 - - [06/Mar/2009:03:48:32 +0100] "GET /favicon.ico HTTP/1.1" 404 2748 "-" "Mozilla/5.0 (Windows; U; Windows NT 6.0; en-GB; rv:1.9.1b2) Gecko/20081201 Firefox/3.1b2 (.NET CLR 3.5.30729)"
67.195.37.122 - - [06/Mar/2009:04:06:09 +0100] "GET /f-sponsor.html HTTP/1.0" 200 8578 "-" "Mozilla/5.0 (compatible; Yahoo! Slurp; http://help.yahoo.com/help/us/ysearch/slurp)"
74.6.18.230 - - [06/Mar/2009:04:50:55 +0100] "GET /robots.txt HTTP/1.0" 200 64 "-" "Mozilla/5.0 (compatible; Yahoo! Slurp; http://help.yahoo.com/help/us/ysearch/slurp)"
74.6.18.230 - - [06/Mar/2009:04:50:56 +0100] "GET /framez-zampa-lovers.html HTTP/1.0" 200 4322 "-" "Mozilla/5.0 (compatible; Yahoo! Slurp/3.0; http://help.yahoo.com/help/us/ysearch/slurp)"
74.6.18.230 - - [06/Mar/2009:04:50:57 +0100] "GET /frame-menu.html HTTP/1.0" 200 10536 "http://www.various-euro.com/framez-zampa-lovers.html" "Mozilla/5.0 (compatible; Yahoo! Slurp/3.0; http://help.yahoo.com/help/us/ysearch/slurp)"
74.6.18.230 - - [06/Mar/2009:04:50:57 +0100] "GET /frame-unten.html HTTP/1.0" 200 5308 "http://www.various-euro.com/framez-zampa-lovers.html" "Mozilla/5.0 (compatible; Yahoo! Slurp/3.0; http://help.yahoo.com/help/us/ysearch/slurp)"
74.6.18.230 - - [06/Mar/2009:04:50:57 +0100] "GET /zampa-lovers/index.html HTTP/1.0" 200 37790 "http://www.various-euro.com/framez-zampa-lovers.html" "Mozilla/5.0 (compatible; Yahoo! Slurp/3.0; http://help.yahoo.com/help/us/ysearch/slurp)"
74.6.18.230 - - [06/Mar/2009:04:50:57 +0100] "GET /style/various-euro.css HTTP/1.0" 304 - "http://www.various-euro.com/frame-menu.html" "Mozilla/5.0 (compatible; Yahoo! Slurp/3.0; http://help.yahoo.com/help/us/ysearch/slurp)"
74.6.18.230 - - [06/Mar/2009:04:50:57 +0100] "GET /zampa-lovers/index.html HTTP/1.0" 200 37790 "http://www.various-euro.com/framez-zampa-lovers.html" "Mozilla/5.0 (compatible; Yahoo! Slurp/3.0; http://help.yahoo.com/help/us/ysearch/slurp)"
65.55.109.194 - - [06/Mar/2009:05:33:33 +0100] "GET /f-horrorkatze.html HTTP/1.0" 200 7865 "http://search.live.com/results.aspx?q=horrorkatze" "Mozilla/4.0 (compatible; MSIE 6.0; Windows NT 5.2; SV1; .NET CLR 1.1.4322)"
65.55.109.194 - - [06/Mar/2009:05:33:34 +0100] "GET /bannerz/horrorkatze/struct-fotoalbum.mpg HTTP/1.0" 200 25146 "-" "Windows-Media-Player/10.00.00.3700"
65.55.109.194 - - [06/Mar/2009:05:33:34 +0100] "GET /bannerz/horrorkatze/kontext-inform.mpg HTTP/1.0" 200 96263 "-" "Windows-Media-Player/10.00.00.3700"
65.55.109.194 - - [06/Mar/2009:05:33:35 +0100] "GET /bannerz/horrorkatze/struct-fotoalbum.mpg HTTP/1.0" 200 25146 "-" "Windows-Media-Player/10.00.00.3700"
65.55.109.194 - - [06/Mar/2009:05:33:35 +0100] "GET /bannerz/horrorkatze/kontext-inform.mpg HTTP/1.0" 200 96263 "-" "Windows-Media-Player/10.00.00.3700"
65.55.109.194 - - [06/Mar/2009:05:33:35 +0100] "GET /sound/KEYWEST.MID HTTP/1.0" 404 2748 "-" "Windows-Media-Player/10.00.00.3700"
67.195.37.122 - - [06/Mar/2009:06:31:58 +0100] "GET /f-warez.html HTTP/1.0" 200 10953 "-" "Mozilla/5.0 (compatible; Yahoo! Slurp/3.0; http://help.yahoo.com/help/us/ysearch/slurp)"
66.249.71.136 - - [06/Mar/2009:06:44:43 +0100] "GET /robots.txt HTTP/1.1" 200 64 "-" "Mozilla/5.0 (compatible; Googlebot/2.1; +http://www.google.com/bot.html)"
66.249.71.136 - - [06/Mar/2009:06:44:43 +0100] "GET /f-bannnerz.html HTTP/1.1" 200 12651 "-" "Mozilla/5.0 (compatible; Googlebot/2.1; +http://www.google.com/bot.html)"
74.6.18.230 - - [06/Mar/2009:07:06:41 +0100] "GET /f-euro.html HTTP/1.0" 200 12203 "-" "Mozilla/5.0 (compatible; Yahoo! Slurp/3.0; http://help.yahoo.com/help/us/ysearch/slurp)"
69.58.178.29 - - [06/Mar/2009:07:07:51 +0100] "GET /robots.txt HTTP/1.1" 200 64 "-" "Mozilla/5.0 (X11; U; Linux i686; en-US; rv:1.7.12; ips-agent) Gecko/20050922 Fedora/1.0.7-1.1.fc4 Firefox/1.0.7"
69.58.178.29 - - [06/Mar/2009:07:07:52 +0100] "GET / HTTP/1.1" 200 7869 "-" "Mozilla/5.0 (X11; U; Linux i686; en-US; rv:1.7.12; ips-agent) Gecko/20050922 Fedora/1.0.7-1.1.fc4 Firefox/1.0.7"
69.58.178.29 - - [06/Mar/2009:07:07:53 +0100] "GET /framez.html HTTP/1.1" 200 3959 "-" "Mozilla/5.0 (X11; U; Linux i686; en-US; rv:1.7.12; ips-agent) Gecko/20050922 Fedora/1.0.7-1.1.fc4 Firefox/1.0.7"
69.58.178.29 - - [06/Mar/2009:07:07:54 +0100] "GET /frame-menu.html HTTP/1.1" 200 10536 "-" "Mozilla/5.0 (X11; U; Linux i686; en-US; rv:1.7.12; ips-agent) Gecko/20050922 Fedora/1.0.7-1.1.fc4 Firefox/1.0.7"
69.58.178.29 - - [06/Mar/2009:07:07:55 +0100] "GET /f-contact.html HTTP/1.1" 200 6804 "-" "Mozilla/5.0 (X11; U; Linux i686; en-US; rv:1.7.12; ips-agent) Gecko/20050922 Fedora/1.0.7-1.1.fc4 Firefox/1.0.7"
69.58.178.29 - - [06/Mar/2009:07:07:57 +0100] "GET /frame-inhalt.html HTTP/1.1" 200 5418 "-" "Mozilla/5.0 (X11; U; Linux i686; en-US; rv:1.7.12; ips-agent) Gecko/20050922 Fedora/1.0.7-1.1.fc4 Firefox/1.0.7"
69.58.178.29 - - [06/Mar/2009:07:07:58 +0100] "GET /frame-unten.html HTTP/1.1" 200 5308 "-" "Mozilla/5.0 (X11; U; Linux i686; en-US; rv:1.7.12; ips-agent) Gecko/20050922 Fedora/1.0.7-1.1.fc4 Firefox/1.0.7"
69.58.178.29 - - [06/Mar/2009:07:07:59 +0100] "GET /f-search.html HTTP/1.1" 200 11800 "-" "Mozilla/5.0 (X11; U; Linux i686; en-US; rv:1.7.12; ips-agent) Gecko/20050922 Fedora/1.0.7-1.1.fc4 Firefox/1.0.7"
69.58.178.29 - - [06/Mar/2009:07:08:13 +0100] "GET /f-sponsor.html HTTP/1.1" 200 8578 "-" "Mozilla/5.0 (X11; U; Linux i686; en-US; rv:1.7.12; ips-agent) Gecko/20050922 Fedora/1.0.7-1.1.fc4 Firefox/1.0.7"
69.58.178.29 - - [06/Mar/2009:07:08:14 +0100] "GET /f-warez.html HTTP/1.1" 200 10953 "-" "Mozilla/5.0 (X11; U; Linux i686; en-US; rv:1.7.12; ips-agent) Gecko/20050922 Fedora/1.0.7-1.1.fc4 Firefox/1.0.7"
69.58.178.29 - - [06/Mar/2009:07:08:15 +0100] "GET /f-web.html HTTP/1.1" 200 13605 "-" "Mozilla/5.0 (X11; U; Linux i686; en-US; rv:1.7.12; ips-agent) Gecko/20050922 Fedora/1.0.7-1.1.fc4 Firefox/1.0.7"
204.132.67.187 - - [06/Mar/2009:07:11:59 +0100] "GET /bannerz/various-euro-girl.jpg HTTP/1.1" 200 91514 "-" "Mozilla/5.0 (Macintosh; U; PPC Mac OS X 10.5; en-US; rv:1.9.0.7) Gecko/2009021906 Firefox/3.0.7"
66.249.71.135 - - [06/Mar/2009:07:25:02 +0100] "GET /neon/girlz2.html HTTP/1.1" 200 2937 "-" "Mozilla/5.0 (compatible; Googlebot/2.1; +http://www.google.com/bot.html)"
74.6.18.230 - - [06/Mar/2009:08:03:49 +0100] "GET /neon/biggtani.html HTTP/1.0" 200 1698 "-" "Mozilla/5.0 (compatible; Yahoo! Slurp/3.0; http://help.yahoo.com/help/us/ysearch/slurp)"
66.249.71.136 - - [06/Mar/2009:08:09:45 +0100] "GET /framez-zampa-lovers.html HTTP/1.1" 200 4322 "-" "Mozilla/5.0 (compatible; Googlebot/2.1; +http://www.google.com/bot.html)"
119.63.193.43 - - [06/Mar/2009:08:19:55 +0100] "GET / HTTP/1.1" 200 7869 "-" "Baiduspider+(+http://help.baidu.jp/system/05.html)"
71.237.146.118 - - [06/Mar/2009:08:56:28 +0100] "GET / HTTP/1.1" 200 7869 "-" "Mozilla/5.0 (Windows; U; Windows NT 5.1; en-US; rv:1.9.0.7) Gecko/2009021910 Firefox/3.0.7"
71.237.146.118 - - [06/Mar/2009:08:56:29 +0100] "GET /style/various-euro.css HTTP/1.1" 200 3437 "-" "Mozilla/5.0 (Windows; U; Windows NT 5.1; en-US; rv:1.9.0.7) Gecko/2009021910 Firefox/3.0.7"
71.237.146.118 - - [06/Mar/2009:08:56:29 +0100] "GET /favicon.ico HTTP/1.1" 404 2748 "-" "Mozilla/5.0 (Windows; U; Windows NT 5.1; en-US; rv:1.9.0.7) Gecko/2009021910 Firefox/3.0.7"
71.237.146.118 - - [06/Mar/2009:08:56:51 +0100] "GET /favicon.ico HTTP/1.1" 404 2748 "-" "Mozilla/5.0 (Windows; U; Windows NT 5.1; en-US; rv:1.9.0.7) Gecko/2009021910 Firefox/3.0.7"
66.249.71.136 - - [06/Mar/2009:09:01:01 +0100] "GET /neon/annniiii.html HTTP/1.1" 200 686 "-" "Mozilla/5.0 (compatible; Googlebot/2.1; +http://www.google.com/bot.html)"
71.237.146.118 - - [06/Mar/2009:09:03:44 +0100] "GET / HTTP/1.1" 200 7869 "-" "Mozilla/5.0 (Windows; U; Windows NT 5.1; en-US; rv:1.9.0.7) Gecko/2009021910 Firefox/3.0.7"
71.237.146.118 - - [06/Mar/2009:09:03:49 +0100] "GET /style/various-euro.css HTTP/1.1" 200 3437 "-" "Mozilla/5.0 (Windows; U; Windows NT 5.1; en-US; rv:1.9.0.7) Gecko/2009021910 Firefox/3.0.7"
71.237.146.118 - - [06/Mar/2009:09:03:51 +0100] "GET /favicon.ico HTTP/1.1" 404 2748 "-" "Mozilla/5.0 (Windows; U; Windows NT 5.1; en-US; rv:1.9.0.7) Gecko/2009021910 Firefox/3.0.7"
74.6.18.230 - - [06/Mar/2009:09:25:13 +0100] "GET /f-channel1.html HTTP/1.0" 200 8471 "-" "Mozilla/5.0 (compatible; Yahoo! Slurp/3.0; http://help.yahoo.com/help/us/ysearch/slurp)"
66.249.71.135 - - [06/Mar/2009:09:52:27 +0100] "GET /zampa/montenegro/dajpare.html HTTP/1.1" 200 2503 "-" "Mozilla/5.0 (compatible; Googlebot/2.1; +http://www.google.com/bot.html)"
208.36.144.6 - - [06/Mar/2009:10:02:07 +0100] "GET /robots.txt HTTP/1.0" 302 363 "-" "Mozilla/5.0 (Twiceler-0.9 http://www.cuil.com/twiceler/robot.html)"
89.216.49.6 - - [06/Mar/2009:10:13:00 +0100] "GET /framez-zampa-lovers.html HTTP/1.1" 200 4322 "http://www.google.com/search?hl=en&q=STA+JE+FAO%3F" "Mozilla/4.0 (compatible; MSIE 7.0; Windows NT 5.1)"
89.216.49.6 - - [06/Mar/2009:10:13:00 +0100] "GET /frame-menu.html HTTP/1.1" 200 10536 "http://www.various-euro.com/framez-zampa-lovers.html" "Mozilla/4.0 (compatible; MSIE 7.0; Windows NT 5.1)"
89.216.49.6 - - [06/Mar/2009:10:13:00 +0100] "GET /frame-unten.html HTTP/1.1" 200 5308 "http://www.various-euro.com/framez-zampa-lovers.html" "Mozilla/4.0 (compatible; MSIE 7.0; Windows NT 5.1)"
89.216.49.6 - - [06/Mar/2009:10:13:00 +0100] "GET /style/various-euro.css HTTP/1.1" 200 3437 "http://www.various-euro.com/frame-menu.html" "Mozilla/4.0 (compatible; MSIE 7.0; Windows NT 5.1)"
89.216.49.6 - - [06/Mar/2009:10:13:00 +0100] "GET /zampa-lovers/index.html HTTP/1.1" 200 37790 "http://www.various-euro.com/framez-zampa-lovers.html" "Mozilla/4.0 (compatible; MSIE 7.0; Windows NT 5.1)"
89.216.49.6 - - [06/Mar/2009:10:13:00 +0100] "GET /bannerz/ve.jpg HTTP/1.1" 200 36912 "http://www.various-euro.com/frame-unten.html" "Mozilla/4.0 (compatible; MSIE 7.0; Windows NT 5.1)"
89.216.49.6 - - [06/Mar/2009:10:13:00 +0100] "GET /bannerz/various-euro-girl.jpg HTTP/1.1" 200 91514 "http://www.various-euro.com/frame-unten.html" "Mozilla/4.0 (compatible; MSIE 7.0; Windows NT 5.1)"
89.216.49.6 - - [06/Mar/2009:10:13:00 +0100] "GET /zampa-lovers/kralle.gif HTTP/1.1" 404 2748 "http://www.various-euro.com/zampa-lovers/index.html" "Mozilla/4.0 (compatible; MSIE 7.0; Windows NT 5.1)"
89.216.49.6 - - [06/Mar/2009:10:13:01 +0100] "GET /zampa-lovers/zampa.gif HTTP/1.1" 200 460627 "http://www.various-euro.com/zampa-lovers/index.html" "Mozilla/4.0 (compatible; MSIE 7.0; Windows NT 5.1)"
89.216.49.6 - - [06/Mar/2009:10:13:02 +0100] "GET /zampa-lovers/DRAGAN_Z.JPG HTTP/1.1" 200 6850 "http://www.various-euro.com/zampa-lovers/index.html" "Mozilla/4.0 (compatible; MSIE 7.0; Windows NT 5.1)"
89.216.49.6 - - [06/Mar/2009:10:13:02 +0100] "GET /zampa-lovers/MILIZA_2.JPG HTTP/1.1" 200 22172 "http://www.various-euro.com/zampa-lovers/index.html" "Mozilla/4.0 (compatible; MSIE 7.0; Windows NT 5.1)"
89.216.49.6 - - [06/Mar/2009:10:13:02 +0100] "GET /zampa-lovers/MILIZA_3.JPG HTTP/1.1" 200 26924 "http://www.various-euro.com/zampa-lovers/index.html" "Mozilla/4.0 (compatible; MSIE 7.0; Windows NT 5.1)"
89.216.49.6 - - [06/Mar/2009:10:13:02 +0100] "GET /zampa-lovers/MILIZA_4.JPG HTTP/1.1" 200 9946 "http://www.various-euro.com/zampa-lovers/index.html" "Mozilla/4.0 (compatible; MSIE 7.0; Windows NT 5.1)"
89.216.49.6 - - [06/Mar/2009:10:13:02 +0100] "GET /zampa-lovers/MILIZA_B.JPG HTTP/1.1" 200 10947 "http://www.various-euro.com/zampa-lovers/index.html" "Mozilla/4.0 (compatible; MSIE 7.0; Windows NT 5.1)"
89.216.49.6 - - [06/Mar/2009:10:13:02 +0100] "GET /zampa-lovers/DRAGANZA.JPG HTTP/1.1" 200 18560 "http://www.various-euro.com/zampa-lovers/index.html" "Mozilla/4.0 (compatible; MSIE 7.0; Windows NT 5.1)"
89.216.49.6 - - [06/Mar/2009:10:13:02 +0100] "GET /zampa-lovers/2SEITEVE.GIF HTTP/1.1" 200 83466 "http://www.various-euro.com/zampa-lovers/index.html" "Mozilla/4.0 (compatible; MSIE 7.0; Windows NT 5.1)"
89.216.49.6 - - [06/Mar/2009:10:13:02 +0100] "GET /zampa-lovers/1SEITEVE.GIF HTTP/1.1" 200 78726 "http://www.various-euro.com/zampa-lovers/index.html" "Mozilla/4.0 (compatible; MSIE 7.0; Windows NT 5.1)"
89.216.49.6 - - [06/Mar/2009:10:13:02 +0100] "GET /zampa-lovers/Kralle.gif HTTP/1.1" 200 260 "http://www.various-euro.com/zampa-lovers/index.html" "Mozilla/4.0 (compatible; MSIE 7.0; Windows NT 5.1)"
89.216.49.6 - - [06/Mar/2009:10:13:02 +0100] "GET /zampa-lovers/zampa-2X2.gif HTTP/1.1" 200 6948 "http://www.various-euro.com/zampa-lovers/index.html" "Mozilla/4.0 (compatible; MSIE 7.0; Windows NT 5.1)"
89.216.49.6 - - [06/Mar/2009:10:13:02 +0100] "GET /zampa-lovers/zampamali.gif HTTP/1.1" 200 2617 "http://www.various-euro.com/zampa-lovers/index.html" "Mozilla/4.0 (compatible; MSIE 7.0; Windows NT 5.1)"
89.216.49.6 - - [06/Mar/2009:10:13:02 +0100] "GET /ve-icon-2.ico HTTP/1.1" 200 2238 "-" "Mozilla/4.0 (compatible; MSIE 7.0; Windows NT 5.1)"
84.1.244.38 - - [06/Mar/2009:10:15:43 +0100] "GET /framez-world.html HTTP/1.1" 200 4325 "http://www.google.bg/search?hl=bg&q=europortal&btnG=Google+%D1%82%D1%8A%D1%80%D1%81%D0%B5%D0%BD%D0%B5&meta=&aq=2&oq=europo" "Mozilla/5.0 (Windows; U; Windows NT 5.1; en-US; rv:1.9.0.7) Gecko/2009021910 Firefox/3.0.7"
84.1.244.38 - - [06/Mar/2009:10:15:44 +0100] "GET /ve-icon-2.ico HTTP/1.1" 200 2238 "-" "Mozilla/5.0 (Windows; U; Windows NT 5.1; en-US; rv:1.9.0.7) Gecko/2009021910 Firefox/3.0.7"
84.1.244.38 - - [06/Mar/2009:10:15:44 +0100] "GET /frame-unten.html HTTP/1.1" 200 5308 "http://www.various-euro.com/framez-world.html" "Mozilla/5.0 (Windows; U; Windows NT 5.1; en-US; rv:1.9.0.7) Gecko/2009021910 Firefox/3.0.7"
84.1.244.38 - - [06/Mar/2009:10:15:44 +0100] "GET /frame-menu.html HTTP/1.1" 200 10536 "http://www.various-euro.com/framez-world.html" "Mozilla/5.0 (Windows; U; Windows NT 5.1; en-US; rv:1.9.0.7) Gecko/2009021910 Firefox/3.0.7"
84.1.244.38 - - [06/Mar/2009:10:15:44 +0100] "GET /f-world.html HTTP/1.1" 200 35590 "http://www.various-euro.com/framez-world.html" "Mozilla/5.0 (Windows; U; Windows NT 5.1; en-US; rv:1.9.0.7) Gecko/2009021910 Firefox/3.0.7"
84.1.244.38 - - [06/Mar/2009:10:15:44 +0100] "GET /style/various-euro.css HTTP/1.1" 200 3437 "http://www.various-euro.com/frame-menu.html" "Mozilla/5.0 (Windows; U; Windows NT 5.1; en-US; rv:1.9.0.7) Gecko/2009021910 Firefox/3.0.7"
84.1.244.38 - - [06/Mar/2009:10:15:44 +0100] "GET /bannerz/ve.jpg HTTP/1.1" 200 36912 "http://www.various-euro.com/frame-unten.html" "Mozilla/5.0 (Windows; U; Windows NT 5.1; en-US; rv:1.9.0.7) Gecko/2009021910 Firefox/3.0.7"
84.1.244.38 - - [06/Mar/2009:10:15:44 +0100] "GET /bannerz/various-euro-girl.jpg HTTP/1.1" 200 91514 "http://www.various-euro.com/frame-unten.html" "Mozilla/5.0 (Windows; U; Windows NT 5.1; en-US; rv:1.9.0.7) Gecko/2009021910 Firefox/3.0.7"
74.6.18.230 - - [06/Mar/2009:10:23:59 +0100] "GET /sendi_agent.html HTTP/1.0" 200 6213 "-" "Mozilla/5.0 (compatible; Yahoo! Slurp/3.0; http://help.yahoo.com/help/us/ysearch/slurp)"
74.6.18.230 - - [06/Mar/2009:10:24:00 +0100] "GET /3dsf3/sendi/index.html HTTP/1.0" 200 1837 "http://www.various-euro.com/sendi_agent.html" "Mozilla/5.0 (compatible; Yahoo! Slurp/3.0; http://help.yahoo.com/help/us/ysearch/slurp)"
74.6.18.230 - - [06/Mar/2009:10:24:00 +0100] "GET /3dsf3/sendi/sendisendi.html HTTP/1.0" 200 5118 "http://www.various-euro.com/sendi_agent.html" "Mozilla/5.0 (compatible; Yahoo! Slurp/3.0; http://help.yahoo.com/help/us/ysearch/slurp)"
74.6.18.230 - - [06/Mar/2009:10:24:00 +0100] "GET /3dsf3/sendi/formate.css HTTP/1.0" 304 - "http://www.various-euro.com/3dsf3/sendi/index.html" "Mozilla/5.0 (compatible; Yahoo! Slurp/3.0; http://help.yahoo.com/help/us/ysearch/slurp)"
74.6.18.230 - - [06/Mar/2009:10:24:00 +0100] "GET /3dsf3/sendi/formate.css HTTP/1.0" 304 - "http://www.various-euro.com/3dsf3/sendi/sendisendi.html" "Mozilla/5.0 (compatible; Yahoo! Slurp/3.0; http://help.yahoo.com/help/us/ysearch/slurp)"
87.250.39.216 - - [06/Mar/2009:10:25:37 +0100] "GET /favicon.ico HTTP/1.1" 302 364 "-" "Mozilla/4.0 (compatible; GoogleToolbar 5.0.2124.6042; Windows XP 5.1; MSIE 7.0.5730.13)"
87.250.39.216 - - [06/Mar/2009:10:25:37 +0100] "GET /zampa/favicon.ico HTTP/1.1" 404 2748 "-" "Mozilla/4.0 (compatible; GoogleToolbar 5.0.2124.6042; Windows XP 5.1; MSIE 7.0.5730.13)"
87.250.39.216 - - [06/Mar/2009:10:25:37 +0100] "GET /favicon.gif HTTP/1.1" 302 364 "-" "Mozilla/4.0 (compatible; GoogleToolbar 5.0.2124.6042; Windows XP 5.1; MSIE 7.0.5730.13)"
87.250.39.216 - - [06/Mar/2009:10:25:37 +0100] "GET /zampa/favicon.gif HTTP/1.1" 404 2748 "-" "Mozilla/4.0 (compatible; GoogleToolbar 5.0.2124.6042; Windows XP 5.1; MSIE 7.0.5730.13)"
67.195.37.122 - - [06/Mar/2009:10:36:09 +0100] "GET /f-bannnerz.html HTTP/1.0" 200 12651 "-" "Mozilla/5.0 (compatible; Yahoo! Slurp/3.0; http://help.yahoo.com/help/us/ysearch/slurp)"
74.6.18.230 - - [06/Mar/2009:10:40:59 +0100] "GET /bmpp/18_x.html HTTP/1.0" 200 1100 "-" "Mozilla/5.0 (compatible; Yahoo! Slurp/3.0; http://help.yahoo.com/help/us/ysearch/slurp)"
193.252.149.16 - - [06/Mar/2009:11:08:59 +0100] "GET /DgH/watch/index.html HTTP/1.1" 200 2028 "-" "Mozilla/5.0 (Windows; U; Windows NT 5.1; fr; rv:1.8.1) VoilaBot BETA 1.2 (support.voilabot@orange-ftgroup.com)"
74.6.18.230 - - [06/Mar/2009:11:17:27 +0100] "GET /logs/usage_200508.html HTTP/1.0" 200 109784 "-" "Mozilla/5.0 (compatible; Yahoo! Slurp/3.0; http://help.yahoo.com/help/us/ysearch/slurp)"
65.34.210.12 - - [06/Mar/2009:11:24:38 +0100] "GET /cgi-bin/sblogin/report.pl HTTP/1.1" 404 2748 "http://various-euro.com/cgi-bin/sblogin/report.pl" "Mozilla/4.0 (compatible; MSIE 6.0; Windows NT 5.1)"
74.6.18.230 - - [06/Mar/2009:11:25:24 +0100] "GET /bmpp/euro_pal_111.html HTTP/1.0" 200 2129 "-" "Mozilla/5.0 (compatible; Yahoo! Slurp/3.0; http://help.yahoo.com/help/us/ysearch/slurp)"
66.249.71.137 - - [06/Mar/2009:11:36:33 +0100] "GET /logs/ HTTP/1.1" 200 10079 "-" "Mozilla/5.0 (compatible; Googlebot/2.1; +http://www.google.com/bot.html)"
66.249.71.137 - - [06/Mar/2009:11:46:36 +0100] "GET /DgH/rampe/index.html HTTP/1.1" 200 2056 "-" "Mozilla/5.0 (compatible; Googlebot/2.1; +http://www.google.com/bot.html)"
66.249.71.135 - - [06/Mar/2009:12:04:40 +0100] "GET /logs/usage_200903.html HTTP/1.1" 404 2748 "-" "Mozilla/5.0 (compatible; Googlebot/2.1; +http://www.google.com/bot.html)"
74.6.18.230 - - [06/Mar/2009:12:20:24 +0100] "GET /logs/usage_200508.html HTTP/1.0" 200 109784 "-" "Mozilla/5.0 (compatible; Yahoo! Slurp/3.0; http://help.yahoo.com/help/us/ysearch/slurp)"
74.6.18.230 - - [06/Mar/2009:12:20:27 +0100] "GET /logs/usage_200508.html HTTP/1.0" 200 109784 "-" "Mozilla/5.0 (compatible; Yahoo! Slurp/3.0; http://help.yahoo.com/help/us/ysearch/slurp)"
67.195.37.126 - - [06/Mar/2009:12:28:28 +0100] "GET /robots.txt HTTP/1.0" 200 64 "-" "Mozilla/5.0 (compatible; Yahoo! Slurp; http://help.yahoo.com/help/us/ysearch/slurp)"
67.195.37.126 - - [06/Mar/2009:12:28:28 +0100] "GET /f-horrorkatze.html HTTP/1.0" 200 7865 "-" "Mozilla/5.0 (compatible; Yahoo! Slurp; http://help.yahoo.com/help/us/ysearch/slurp)"
212.200.212.188 - - [06/Mar/2009:12:34:21 +0100] "GET / HTTP/1.1" 302 353 "http://searchservice.myspace.com/index.cfm?fuseaction=sitesearch.results&orig=search_Header&type=Web&qry=zampa+di+leone&submit=Search" "Mozilla/4.0 (compatible; MSIE 6.0; Windows NT 5.1; SV1; GTB5)"
212.200.212.188 - - [06/Mar/2009:12:34:21 +0100] "GET /zampa/ HTTP/1.1" 200 7153 "http://searchservice.myspace.com/index.cfm?fuseaction=sitesearch.results&orig=search_Header&type=Web&qry=zampa+di+leone&submit=Search" "Mozilla/4.0 (compatible; MSIE 6.0; Windows NT 5.1; SV1; GTB5)"
212.200.212.188 - - [06/Mar/2009:12:34:22 +0100] "GET /zampa/slike/zampa.gif HTTP/1.1" 200 5310 "http://www.various-euro.com/zampa/" "Mozilla/4.0 (compatible; MSIE 6.0; Windows NT 5.1; SV1; GTB5)"
212.200.212.188 - - [06/Mar/2009:12:34:22 +0100] "GET /zampa/slike/udupetu.gif HTTP/1.1" 304 - "http://www.various-euro.com/zampa/" "Mozilla/4.0 (compatible; MSIE 6.0; Windows NT 5.1; SV1; GTB5)"
212.200.212.188 - - [06/Mar/2009:12:34:22 +0100] "GET /zampa/slike/inthearse.gif HTTP/1.1" 304 - "http://www.various-euro.com/zampa/" "Mozilla/4.0 (compatible; MSIE 6.0; Windows NT 5.1; SV1; GTB5)"
87.250.39.216 - - [06/Mar/2009:12:36:12 +0100] "GET /favicon.ico HTTP/1.1" 302 364 "-" "Mozilla/4.0 (compatible; GoogleToolbar 5.0.2124.6042; Windows XP 5.1; MSIE 7.0.5730.13)"
87.250.39.216 - - [06/Mar/2009:12:36:12 +0100] "GET /zampa/favicon.ico HTTP/1.1" 404 2748 "-" "Mozilla/4.0 (compatible; GoogleToolbar 5.0.2124.6042; Windows XP 5.1; MSIE 7.0.5730.13)"
