38.108.180.65 - - [04/Mar/2009:21:47:29 +0100] "GET /DgH/watch/index.html HTTP/1.1" 200 2028 "-" "Mozilla/5.0 (compatible; ScoutJet; +http://www.scoutjet.com/)"
77.118.243.134 - - [04/Mar/2009:22:14:06 +0100] "GET / HTTP/1.1" 302 353 "http://www.google.at/search?hl=de&q=Alarm+Zampa+di+Leone&btnG=Suche&meta=" "Mozilla/5.0 (Windows; U; Windows NT 5.1; de; rv:1.9.0.6) Gecko/2009011913 Firefox/3.0.6"
77.118.243.134 - - [04/Mar/2009:22:14:06 +0100] "GET /zampa/ HTTP/1.1" 200 7153 "http://www.google.at/search?hl=de&q=Alarm+Zampa+di+Leone&btnG=Suche&meta=" "Mozilla/5.0 (Windows; U; Windows NT 5.1; de; rv:1.9.0.6) Gecko/2009011913 Firefox/3.0.6"
77.118.243.134 - - [04/Mar/2009:22:14:07 +0100] "GET /zampa/slike/zampa.gif HTTP/1.1" 200 5310 "http://www.various-euro.com/zampa/" "Mozilla/5.0 (Windows; U; Windows NT 5.1; de; rv:1.9.0.6) Gecko/2009011913 Firefox/3.0.6"
77.118.243.134 - - [04/Mar/2009:22:14:07 +0100] "GET /zampa/slike/udupetu.gif HTTP/1.1" 200 4138 "http://www.various-euro.com/zampa/" "Mozilla/5.0 (Windows; U; Windows NT 5.1; de; rv:1.9.0.6) Gecko/2009011913 Firefox/3.0.6"
77.118.243.134 - - [04/Mar/2009:22:14:07 +0100] "GET /zampa/slike/inthearse.gif HTTP/1.1" 200 4077 "http://www.various-euro.com/zampa/" "Mozilla/5.0 (Windows; U; Windows NT 5.1; de; rv:1.9.0.6) Gecko/2009011913 Firefox/3.0.6"
77.118.243.134 - - [04/Mar/2009:22:14:07 +0100] "GET /favicon.ico HTTP/1.1" 404 2748 "-" "Mozilla/5.0 (Windows; U; Windows NT 5.1; de; rv:1.9.0.6) Gecko/2009011913 Firefox/3.0.6"
77.118.243.134 - - [04/Mar/2009:22:14:10 +0100] "GET /favicon.ico HTTP/1.1" 404 2748 "-" "Mozilla/5.0 (Windows; U; Windows NT 5.1; de; rv:1.9.0.6) Gecko/2009011913 Firefox/3.0.6"
67.195.37.122 - - [04/Mar/2009:22:33:35 +0100] "GET /f-rez.html HTTP/1.0" 200 9765 "-" "Mozilla/5.0 (compatible; Yahoo! Slurp; http://help.yahoo.com/help/us/ysearch/slurp)"
87.250.39.216 - - [04/Mar/2009:22:36:56 +0100] "GET /favicon.ico HTTP/1.1" 302 364 "-" "Mozilla/4.0 (compatible; GoogleToolbar 5.0.2124.6042; Windows XP 5.1; MSIE 7.0.5730.13)"
87.250.39.216 - - [04/Mar/2009:22:36:59 +0100] "GET /zampa/favicon.ico HTTP/1.1" 404 2748 "-" "Mozilla/4.0 (compatible; GoogleToolbar 5.0.2124.6042; Windows XP 5.1; MSIE 7.0.5730.13)"
87.250.39.216 - - [04/Mar/2009:22:36:59 +0100] "GET /favicon.gif HTTP/1.1" 302 364 "-" "Mozilla/4.0 (compatible; GoogleToolbar 5.0.2124.6042; Windows XP 5.1; MSIE 7.0.5730.13)"
87.250.39.216 - - [04/Mar/2009:22:36:59 +0100] "GET /zampa/favicon.gif HTTP/1.1" 404 2748 "-" "Mozilla/4.0 (compatible; GoogleToolbar 5.0.2124.6042; Windows XP 5.1; MSIE 7.0.5730.13)"
67.195.37.122 - - [04/Mar/2009:22:56:06 +0100] "GET /f-warez.html HTTP/1.0" 200 10953 "-" "Mozilla/5.0 (compatible; Yahoo! Slurp; http://help.yahoo.com/help/us/ysearch/slurp)"
74.6.18.230 - - [04/Mar/2009:22:59:45 +0100] "GET /robots.txt HTTP/1.0" 200 64 "-" "Mozilla/5.0 (compatible; Yahoo! Slurp; http://help.yahoo.com/help/us/ysearch/slurp)"
74.6.18.230 - - [04/Mar/2009:22:59:45 +0100] "GET /bmpp/WS_FTP.LOG HTTP/1.0" 200 1352 "-" "Mozilla/5.0 (compatible; Yahoo! Slurp/3.0; http://help.yahoo.com/help/us/ysearch/slurp)"
216.145.5.42 - - [04/Mar/2009:23:08:18 +0100] "GET /robots.txt HTTP/1.0" 200 64 "http://www.whois.sc/" "SurveyBot/2.3 (Whois Source)"
216.145.5.42 - - [04/Mar/2009:23:08:19 +0100] "GET / HTTP/1.1" 206 7869 "http://whois.domaintools.com/various-euro.com" "SurveyBot/2.3 (Whois Source)"
193.252.149.15 - - [04/Mar/2009:23:15:09 +0100] "GET /DgH/bull/index.html HTTP/1.1" 200 1915 "-" "Mozilla/5.0 (Windows; U; Windows NT 5.1; fr; rv:1.8.1) VoilaBot BETA 1.2 (support.voilabot@orange-ftgroup.com)"
67.195.37.122 - - [04/Mar/2009:23:21:01 +0100] "GET /neon/euro.html HTTP/1.0" 200 2212 "-" "Mozilla/5.0 (compatible; Yahoo! Slurp; http://help.yahoo.com/help/us/ysearch/slurp)"
67.195.37.122 - - [04/Mar/2009:23:26:45 +0100] "GET /neon/girlz3.html HTTP/1.0" 200 2479 "-" "Mozilla/5.0 (compatible; Yahoo! Slurp; http://help.yahoo.com/help/us/ysearch/slurp)"
193.47.80.51 - - [04/Mar/2009:23:40:41 +0100] "GET /robots.txt HTTP/1.1" 200 64 "-" "Mozilla/5.0 (compatible; Exabot/3.0; +http://www.exabot.com/go/robot)"
193.47.80.51 - - [04/Mar/2009:23:40:42 +0100] "GET / HTTP/1.1" 200 7869 "-" "Mozilla/5.0 (compatible; Exabot/3.0; +http://www.exabot.com/go/robot)"
193.252.149.15 - - [05/Mar/2009:00:54:20 +0100] "GET /f-channel1.html HTTP/1.1" 200 8471 "-" "Mozilla/5.0 (Windows; U; Windows NT 5.1; fr; rv:1.8.1) VoilaBot BETA 1.2 (support.voilabot@orange-ftgroup.com)"
77.251.8.86 - - [05/Mar/2009:01:04:25 +0100] "GET /logs/usage_200704.html HTTP/1.1" 200 108835 "http://tartarus.phys.us.edu.pl/moodle/user/view.php?id=256" "Mozilla/4.0 (compatible; MSIE 5.5; Windows 98)"
77.251.8.86 - - [05/Mar/2009:01:04:25 +0100] "GET /logs/usage_200704.html HTTP/1.1" 200 108835 "http://tartarus.phys.us.edu.pl/moodle/user/view.php?id=256" "Mozilla/4.0 (compatible; MSIE 5.5; Windows 98)"
77.251.8.86 - - [05/Mar/2009:01:04:25 +0100] "GET /logs/usage_200704.html HTTP/1.1" 200 108835 "http://tartarus.phys.us.edu.pl/moodle/user/view.php?id=256" "Mozilla/4.0 (compatible; MSIE 5.5; Windows 98)"
77.251.8.86 - - [05/Mar/2009:01:04:25 +0100] "GET /logs/usage_200704.html HTTP/1.1" 200 108835 "http://tartarus.phys.us.edu.pl/moodle/user/view.php?id=256" "Mozilla/4.0 (compatible; MSIE 5.5; Windows 98)"
77.251.8.86 - - [05/Mar/2009:01:04:25 +0100] "GET /logs/usage_200704.html HTTP/1.1" 200 108835 "http://tartarus.phys.us.edu.pl/moodle/user/view.php?id=256" "Mozilla/4.0 (compatible; MSIE 5.5; Windows 98)"
81.52.143.26 - - [05/Mar/2009:01:16:32 +0100] "GET /bmpp/18asi_2.html HTTP/1.1" 200 8674 "-" "Mozilla/5.0 (Windows; U; Windows NT 5.1; fr; rv:1.8.1) VoilaBot BETA 1.2 (support.voilabot@orange-ftgroup.com)"
67.195.37.122 - - [05/Mar/2009:01:20:16 +0100] "GET /neon/click.html HTTP/1.0" 200 521 "-" "Mozilla/5.0 (compatible; Yahoo! Slurp; http://help.yahoo.com/help/us/ysearch/slurp)"
66.249.72.242 - - [05/Mar/2009:01:27:55 +0100] "GET /robots.txt HTTP/1.1" 200 64 "-" "Mozilla/5.0 (compatible; Googlebot/2.1; +http://www.google.com/bot.html)"
66.249.72.242 - - [05/Mar/2009:01:27:55 +0100] "GET /framez-pal1.html HTTP/1.1" 200 4326 "-" "Mozilla/5.0 (compatible; Googlebot/2.1; +http://www.google.com/bot.html)"
67.195.37.122 - - [05/Mar/2009:01:35:40 +0100] "GET /f-horrorkatze.html HTTP/1.0" 200 7865 "-" "Mozilla/5.0 (compatible; Yahoo! Slurp/3.0; http://help.yahoo.com/help/us/ysearch/slurp)"
211.247.225.36 - - [05/Mar/2009:01:45:38 +0100] "GET /f-net.html HTTP/1.1" 200 9913 "http://search.naver.com/search.naver?sm=tab_hty&where=nexearch&query=TECHNART&x=23&y=17" "Mozilla/4.0 (compatible; MSIE 6.0; Windows NT 5.1; SV1; Mozilla/4.0 (compatible; MSIE 6.0; Windows NT 5.1; SV1) ; .NET CLR 1.1.4322)"
211.247.225.36 - - [05/Mar/2009:01:45:39 +0100] "GET /bannerz/blogwar.gif HTTP/1.1" 200 5839 "http://www.various-euro.com/f-net.html" "Mozilla/4.0 (compatible; MSIE 6.0; Windows NT 5.1; SV1; Mozilla/4.0 (compatible; MSIE 6.0; Windows NT 5.1; SV1) ; .NET CLR 1.1.4322)"
211.247.225.36 - - [05/Mar/2009:01:45:39 +0100] "GET /bannerz/textzcom-diskz-black-on.gif HTTP/1.1" 200 522 "http://www.various-euro.com/f-net.html" "Mozilla/4.0 (compatible; MSIE 6.0; Windows NT 5.1; SV1; Mozilla/4.0 (compatible; MSIE 6.0; Windows NT 5.1; SV1) ; .NET CLR 1.1.4322)"
211.247.225.36 - - [05/Mar/2009:01:45:39 +0100] "GET /bannerz/technart.gif HTTP/1.1" 200 732 "http://www.various-euro.com/f-net.html" "Mozilla/4.0 (compatible; MSIE 6.0; Windows NT 5.1; SV1; Mozilla/4.0 (compatible; MSIE 6.0; Windows NT 5.1; SV1) ; .NET CLR 1.1.4322)"
211.247.225.36 - - [05/Mar/2009:01:45:39 +0100] "GET /bannerz/web-tv-w.gif HTTP/1.1" 200 715 "http://www.various-euro.com/f-net.html" "Mozilla/4.0 (compatible; MSIE 6.0; Windows NT 5.1; SV1; Mozilla/4.0 (compatible; MSIE 6.0; Windows NT 5.1; SV1) ; .NET CLR 1.1.4322)"
211.247.225.36 - - [05/Mar/2009:01:45:39 +0100] "GET /bannerz/radiostream-ani.gif HTTP/1.1" 200 4257 "http://www.various-euro.com/f-net.html" "Mozilla/4.0 (compatible; MSIE 6.0; Windows NT 5.1; SV1; Mozilla/4.0 (compatible; MSIE 6.0; Windows NT 5.1; SV1) ; .NET CLR 1.1.4322)"
211.247.225.36 - - [05/Mar/2009:01:45:39 +0100] "GET /dr.greater.jpg HTTP/1.1" 200 17938 "http://www.various-euro.com/f-net.html" "Mozilla/4.0 (compatible; MSIE 6.0; Windows NT 5.1; SV1; Mozilla/4.0 (compatible; MSIE 6.0; Windows NT 5.1; SV1) ; .NET CLR 1.1.4322)"
211.247.225.36 - - [05/Mar/2009:01:45:41 +0100] "GET /bannerz/sf-banner.gif HTTP/1.1" 200 1835 "http://www.various-euro.com/f-net.html" "Mozilla/4.0 (compatible; MSIE 6.0; Windows NT 5.1; SV1; Mozilla/4.0 (compatible; MSIE 6.0; Windows NT 5.1; SV1) ; .NET CLR 1.1.4322)"
211.247.225.36 - - [05/Mar/2009:01:45:41 +0100] "GET /webby.gif HTTP/1.1" 200 12512 "http://www.various-euro.com/f-net.html" "Mozilla/4.0 (compatible; MSIE 6.0; Windows NT 5.1; SV1; Mozilla/4.0 (compatible; MSIE 6.0; Windows NT 5.1; SV1) ; .NET CLR 1.1.4322)"
211.247.225.36 - - [05/Mar/2009:01:45:41 +0100] "GET /webby2.gif HTTP/1.1" 200 11191 "http://www.various-euro.com/f-net.html" "Mozilla/4.0 (compatible; MSIE 6.0; Windows NT 5.1; SV1; Mozilla/4.0 (compatible; MSIE 6.0; Windows NT 5.1; SV1) ; .NET CLR 1.1.4322)"
211.247.225.36 - - [05/Mar/2009:01:45:41 +0100] "GET /bannerz/loading.gif HTTP/1.1" 200 9937 "http://www.various-euro.com/f-net.html" "Mozilla/4.0 (compatible; MSIE 6.0; Windows NT 5.1; SV1; Mozilla/4.0 (compatible; MSIE 6.0; Windows NT 5.1; SV1) ; .NET CLR 1.1.4322)"
211.247.225.36 - - [05/Mar/2009:01:45:41 +0100] "GET /bannerz/3dsf3banner.gif HTTP/1.1" 200 15347 "http://www.various-euro.com/f-net.html" "Mozilla/4.0 (compatible; MSIE 6.0; Windows NT 5.1; SV1; Mozilla/4.0 (compatible; MSIE 6.0; Windows NT 5.1; SV1) ; .NET CLR 1.1.4322)"
211.247.225.36 - - [05/Mar/2009:01:45:41 +0100] "GET /bannerz/galerie-erika.gif HTTP/1.1" 200 35898 "http://www.various-euro.com/f-net.html" "Mozilla/4.0 (compatible; MSIE 6.0; Windows NT 5.1; SV1; Mozilla/4.0 (compatible; MSIE 6.0; Windows NT 5.1; SV1) ; .NET CLR 1.1.4322)"
211.247.225.36 - - [05/Mar/2009:01:45:41 +0100] "GET /bannerz/game/game0.jpg HTTP/1.1" 200 16189 "http://www.various-euro.com/f-net.html" "Mozilla/4.0 (compatible; MSIE 6.0; Windows NT 5.1; SV1; Mozilla/4.0 (compatible; MSIE 6.0; Windows NT 5.1; SV1) ; .NET CLR 1.1.4322)"
219.142.53.29 - - [05/Mar/2009:02:02:11 +0100] "GET /robots.txt HTTP/1.0" 200 64 "-" "librabot/1.0 (+http://search.msn.com/msnbot.htm)"
219.142.53.25 - - [05/Mar/2009:02:02:12 +0100] "GET /sendi_agent.html HTTP/1.0" 200 6213 "-" "librabot/1.0 (+http://search.msn.com/msnbot.htm)"
66.249.72.242 - - [05/Mar/2009:02:15:02 +0100] "GET /search.html HTTP/1.1" 200 1440 "-" "Mozilla/5.0 (compatible; Googlebot/2.1; +http://www.google.com/bot.html)"
66.249.72.242 - - [05/Mar/2009:02:27:22 +0100] "GET /schubb/schubb-3.html HTTP/1.1" 200 17546 "-" "Mozilla/5.0 (compatible; Googlebot/2.1; +http://www.google.com/bot.html)"
65.55.109.27 - - [05/Mar/2009:02:38:35 +0100] "GET / HTTP/1.0" 200 7869 "http://kickme.to/ve" "Mozilla/4.0 (compatible; MSIE 6.0; Windows NT 5.2; SV1; .NET CLR 1.1.4322)"
65.55.109.27 - - [05/Mar/2009:02:38:36 +0100] "GET /style/various-euro.css HTTP/1.0" 200 3437 "http://www.various-euro.com/" "Mozilla/4.0 (compatible; MSIE 6.0; Windows NT 5.2; SV1; .NET CLR 1.1.4322)"
65.55.109.27 - - [05/Mar/2009:02:38:36 +0100] "GET / HTTP/1.0" 200 7869 "-" "Mozilla/4.0 (compatible; MSIE 6.0; Windows NT 5.2; SV1; .NET CLR 1.1.4322)"
65.55.109.27 - - [05/Mar/2009:02:38:36 +0100] "GET /style/various-euro.css HTTP/1.0" 200 3437 "http://www.various-euro.com/" "Mozilla/4.0 (compatible; MSIE 6.0; Windows NT 5.2; SV1; .NET CLR 1.1.4322)"
65.55.109.27 - - [05/Mar/2009:02:38:36 +0100] "GET /framez_0.html HTTP/1.0" 200 12444 "-" "Mozilla/4.0 (compatible; MSIE 6.0; Windows NT 5.2; SV1; .NET CLR 1.1.4322)"
65.55.109.27 - - [05/Mar/2009:02:38:41 +0100] "GET /framez.html HTTP/1.0" 200 3959 "-" "Mozilla/4.0 (compatible; MSIE 6.0; Windows NT 5.2; SV1; .NET CLR 1.1.4322)"
65.55.109.27 - - [05/Mar/2009:02:38:43 +0100] "GET /style/various-euro.css HTTP/1.0" 200 3437 "http://www.various-euro.com/framez.html" "Mozilla/4.0 (compatible; MSIE 6.0; Windows NT 5.2; SV1; .NET CLR 1.1.4322)"
65.55.109.27 - - [05/Mar/2009:02:38:43 +0100] "GET /frame-menu.html HTTP/1.0" 200 10536 "http://www.various-euro.com/framez.html" "Mozilla/4.0 (compatible; MSIE 6.0; Windows NT 5.2; SV1; .NET CLR 1.1.4322)"
65.55.109.27 - - [05/Mar/2009:02:38:43 +0100] "GET /frame-inhalt.html HTTP/1.0" 200 5418 "http://www.various-euro.com/framez.html" "Mozilla/4.0 (compatible; MSIE 6.0; Windows NT 5.2; SV1; .NET CLR 1.1.4322)"
65.55.109.27 - - [05/Mar/2009:02:38:43 +0100] "GET /style/various-euro.css HTTP/1.0" 200 3437 "http://www.various-euro.com/frame-menu.html" "Mozilla/4.0 (compatible; MSIE 6.0; Windows NT 5.2; SV1; .NET CLR 1.1.4322)"
65.55.109.27 - - [05/Mar/2009:02:38:43 +0100] "GET /frame-unten.html HTTP/1.0" 200 5308 "http://www.various-euro.com/framez.html" "Mozilla/4.0 (compatible; MSIE 6.0; Windows NT 5.2; SV1; .NET CLR 1.1.4322)"
74.6.18.230 - - [05/Mar/2009:02:41:29 +0100] "GET /bmpp/18.html HTTP/1.0" 200 4467 "-" "Mozilla/5.0 (compatible; Yahoo! Slurp/3.0; http://help.yahoo.com/help/us/ysearch/slurp)"
74.6.18.230 - - [05/Mar/2009:02:43:14 +0100] "GET /DgH/bull/index.html HTTP/1.0" 200 1915 "-" "Mozilla/5.0 (compatible; Yahoo! Slurp/3.0; http://help.yahoo.com/help/us/ysearch/slurp)"
208.80.195.52 - - [05/Mar/2009:02:48:28 +0100] "GET / HTTP/1.0" 200 7869 "-" "Mozilla/4.0 (compatible; MSIE 6.0; Windows NT 5.1; SV1; Mozilla/4.0(Compatible RogueCleanerEmbeddedWB- 14.58 from: http://bsalsa.com/ ; Mozilla/4.0(Compatible Mozilla/4.0(Compatible-EmbeddedWB 14.58 http://bsalsa.com/ EmbeddedWB- 14.58 from: http://bsalsa.com/ )"
208.80.195.52 - - [05/Mar/2009:02:48:29 +0100] "GET / HTTP/1.0" 200 7869 "-" "Mozilla/4.0 (compatible; MSIE 6.0; Windows NT 5.1; SV1; SIMBAR Enabled; SIMBAR={65731C11-C682-4c06-B948-BD3D14645D94})"
61.247.221.93 - - [05/Mar/2009:03:09:58 +0100] "GET /robots.txt HTTP/1.1" 200 64 "-" "Mozilla/4.0 (compatible; NaverBot/1.0; http://help.naver.com/customer_webtxt_02.jsp)"
61.247.221.93 - - [05/Mar/2009:03:09:59 +0100] "GET /restate_copy.html HTTP/1.1" 200 97631 "-" "Mozilla/4.0 (compatible; NaverBot/1.0; http://help.naver.com/customer_webtxt_02.jsp)"
61.247.221.93 - - [05/Mar/2009:03:10:09 +0100] "GET / HTTP/1.1" 200 7869 "-" "Mozilla/4.0 (compatible; NaverBot/1.0; http://help.naver.com/customer_webtxt_02.jsp)"
61.247.221.93 - - [05/Mar/2009:03:10:18 +0100] "GET /f-zeug.html HTTP/1.1" 200 48203 "-" "Mozilla/4.0 (compatible; NaverBot/1.0; http://help.naver.com/customer_webtxt_02.jsp)"
61.247.221.93 - - [05/Mar/2009:03:10:27 +0100] "GET /f-rez.html HTTP/1.1" 200 9765 "-" "Mozilla/4.0 (compatible; NaverBot/1.0; http://help.naver.com/customer_webtxt_02.jsp)"
66.249.72.242 - - [05/Mar/2009:03:15:30 +0100] "GET /bmpp/euro_pal_1.html HTTP/1.1" 200 18252 "-" "Mozilla/5.0 (compatible; Googlebot/2.1; +http://www.google.com/bot.html)"
74.6.18.230 - - [05/Mar/2009:03:21:11 +0100] "GET /3dsf3/sendi/index.html HTTP/1.0" 200 1837 "-" "Mozilla/5.0 (compatible; Yahoo! Slurp/3.0; http://help.yahoo.com/help/us/ysearch/slurp)"
74.6.18.230 - - [05/Mar/2009:03:21:12 +0100] "GET /3dsf3/sendi/formate.css HTTP/1.0" 200 474 "http://www.various-euro.com/3dsf3/sendi/index.html" "Mozilla/5.0 (compatible; Yahoo! Slurp/3.0; http://help.yahoo.com/help/us/ysearch/slurp)"
193.252.149.15 - - [05/Mar/2009:03:43:52 +0100] "GET /neon/click.html HTTP/1.1" 200 521 "-" "Mozilla/5.0 (Windows; U; Windows NT 5.1; fr; rv:1.8.1) VoilaBot BETA 1.2 (support.voilabot@orange-ftgroup.com)"
67.195.37.122 - - [05/Mar/2009:03:45:11 +0100] "GET /f-channel1.html HTTP/1.0" 200 8471 "-" "Mozilla/5.0 (compatible; Yahoo! Slurp; http://help.yahoo.com/help/us/ysearch/slurp)"
74.6.18.230 - - [05/Mar/2009:03:47:09 +0100] "GET /bmpp/18.html HTTP/1.0" 200 4467 "-" "Mozilla/5.0 (compatible; Yahoo! Slurp/3.0; http://help.yahoo.com/help/us/ysearch/slurp)"
66.249.72.242 - - [05/Mar/2009:03:49:11 +0100] "GET /3dsf3/sendi/index.html HTTP/1.1" 200 1837 "-" "Mozilla/5.0 (compatible; Googlebot/2.1; +http://www.google.com/bot.html)"
65.55.217.45 - - [05/Mar/2009:03:50:05 +0100] "GET /robots.txt HTTP/1.1" 200 64 "-" "msnbot-media/1.1 (+http://search.msn.com/msnbot.htm)"
65.55.217.45 - - [05/Mar/2009:03:50:06 +0100] "GET / HTTP/1.1" 200 7869 "-" "msnbot-media/1.1 (+http://search.msn.com/msnbot.htm)"
66.249.72.242 - - [05/Mar/2009:03:55:26 +0100] "GET /logs/usage_200707.html HTTP/1.1" 200 110942 "-" "Mozilla/5.0 (compatible; Googlebot/2.1; +http://www.google.com/bot.html)"
67.195.37.122 - - [05/Mar/2009:04:04:52 +0100] "GET /f-web.html HTTP/1.0" 200 13605 "-" "Mozilla/5.0 (compatible; Yahoo! Slurp/3.0; http://help.yahoo.com/help/us/ysearch/slurp)"
67.195.37.122 - - [05/Mar/2009:04:07:35 +0100] "GET /neon/code.html HTTP/1.0" 200 1109 "-" "Mozilla/5.0 (compatible; Yahoo! Slurp; http://help.yahoo.com/help/us/ysearch/slurp)"
64.15.69.3 - - [05/Mar/2009:04:27:56 +0100] "GET /robots.txt HTTP/1.0" 302 363 "http://zampa.various-euro.com/montenegro/slike/plakat.jpg" "Mozilla/5.0 (compatible; SkreemRBot +http://skreemr.com)"
64.15.69.3 - - [05/Mar/2009:04:28:00 +0100] "GET /montenegro/slike/plakat.jpg HTTP/1.0" 302 380 "http://www.vnatrc.net/YAST/TEXTS/" "Mozilla/5.0 (compatible; SkreemRBot +http://skreemr.com)"
81.52.143.26 - - [05/Mar/2009:04:34:22 +0100] "GET /neon/annniiii.html HTTP/1.1" 200 686 "-" "Mozilla/5.0 (Windows; U; Windows NT 5.1; fr; rv:1.8.1) VoilaBot BETA 1.2 (support.voilabot@orange-ftgroup.com)"
193.252.149.16 - - [05/Mar/2009:04:42:00 +0100] "GET /DgH/ HTTP/1.1" 200 5024 "-" "Mozilla/5.0 (Windows; U; Windows NT 5.1; fr; rv:1.8.1) VoilaBot BETA 1.2 (support.voilabot@orange-ftgroup.com)"
67.195.37.122 - - [05/Mar/2009:04:46:07 +0100] "GET /f-doku-brau.html HTTP/1.0" 200 7152 "-" "Mozilla/5.0 (compatible; Yahoo! Slurp/3.0; http://help.yahoo.com/help/us/ysearch/slurp)"
67.195.37.122 - - [05/Mar/2009:05:20:05 +0100] "GET /bmpp/euro_pal_1.html HTTP/1.0" 200 18252 "-" "Mozilla/5.0 (compatible; Yahoo! Slurp; http://help.yahoo.com/help/us/ysearch/slurp)"
67.195.37.122 - - [05/Mar/2009:06:19:05 +0100] "GET /games/virtualcop/virtualcop.html HTTP/1.0" 200 4487 "-" "Mozilla/5.0 (compatible; Yahoo! Slurp/3.0; http://help.yahoo.com/help/us/ysearch/slurp)"
67.195.37.122 - - [05/Mar/2009:06:22:05 +0100] "GET /neon/large.html HTTP/1.0" 200 1547 "-" "Mozilla/5.0 (compatible; Yahoo! Slurp/3.0; http://help.yahoo.com/help/us/ysearch/slurp)"
67.195.37.122 - - [05/Mar/2009:06:25:11 +0100] "GET / HTTP/1.0" 200 7869 "-" "Mozilla/5.0 (compatible; Yahoo! Slurp; http://help.yahoo.com/help/us/ysearch/slurp)"
67.195.37.122 - - [05/Mar/2009:06:46:14 +0100] "GET /neon/euro.html HTTP/1.0" 200 2212 "-" "Mozilla/5.0 (compatible; Yahoo! Slurp/3.0; http://help.yahoo.com/help/us/ysearch/slurp)"
88.131.106.12 - - [05/Mar/2009:06:48:09 +0100] "GET /robots.txt HTTP/1.0" 200 64 "-" "Speedy Spider (http://www.entireweb.com/about/search_tech/speedy_spider/)"
88.131.106.12 - - [05/Mar/2009:06:48:09 +0100] "GET /framez.html HTTP/1.0" 200 3959 "-" "Speedy Spider (http://www.entireweb.com/about/search_tech/speedy_spider/)"
67.195.37.122 - - [05/Mar/2009:06:48:25 +0100] "GET /neon/europa.html HTTP/1.0" 200 389 "-" "Mozilla/5.0 (compatible; Yahoo! Slurp/3.0; http://help.yahoo.com/help/us/ysearch/slurp)"
88.131.106.12 - - [05/Mar/2009:06:54:40 +0100] "GET / HTTP/1.0" 200 7869 "-" "Speedy Spider (http://www.entireweb.com/about/search_tech/speedy_spider/)"
81.52.143.16 - - [05/Mar/2009:07:02:10 +0100] "GET /neon/warning.html HTTP/1.1" 200 5134 "-" "Mozilla/5.0 (Windows; U; Windows NT 5.1; fr; rv:1.8.1) VoilaBot BETA 1.2 (support.voilabot@orange-ftgroup.com)"
67.195.37.122 - - [05/Mar/2009:07:05:05 +0100] "GET /neon/channel.html HTTP/1.0" 200 1942 "-" "Mozilla/5.0 (compatible; Yahoo! Slurp/3.0; http://help.yahoo.com/help/us/ysearch/slurp)"
74.6.18.230 - - [05/Mar/2009:07:05:49 +0100] "GET /bmpp/18.html HTTP/1.0" 200 4467 "-" "Mozilla/5.0 (compatible; Yahoo! Slurp/3.0; http://help.yahoo.com/help/us/ysearch/slurp)"
74.6.18.230 - - [05/Mar/2009:07:06:10 +0100] "GET /neon/europa.html HTTP/1.0" 200 389 "-" "Mozilla/5.0 (compatible; Yahoo! Slurp/3.0; http://help.yahoo.com/help/us/ysearch/slurp)"
81.52.143.26 - - [05/Mar/2009:07:06:25 +0100] "GET /neon/left-one-new.html HTTP/1.1" 200 1483 "-" "Mozilla/5.0 (Windows; U; Windows NT 5.1; fr; rv:1.8.1) VoilaBot BETA 1.2 (support.voilabot@orange-ftgroup.com)"
74.6.18.230 - - [05/Mar/2009:07:07:49 +0100] "GET /framez-rez.html HTTP/1.0" 200 4323 "-" "Mozilla/5.0 (compatible; Yahoo! Slurp/3.0; http://help.yahoo.com/help/us/ysearch/slurp)"
74.6.18.230 - - [05/Mar/2009:07:14:11 +0100] "GET /f-rez.html HTTP/1.0" 200 9765 "http://www.various-euro.com/framez-rez.html" "Mozilla/5.0 (compatible; Yahoo! Slurp/3.0; http://help.yahoo.com/help/us/ysearch/slurp)"
74.6.18.230 - - [05/Mar/2009:07:14:11 +0100] "GET /frame-unten.html HTTP/1.0" 200 5308 "http://www.various-euro.com/framez-rez.html" "Mozilla/5.0 (compatible; Yahoo! Slurp/3.0; http://help.yahoo.com/help/us/ysearch/slurp)"
74.6.18.230 - - [05/Mar/2009:07:14:11 +0100] "GET /frame-menu.html HTTP/1.0" 200 10536 "http://www.various-euro.com/framez-rez.html" "Mozilla/5.0 (compatible; Yahoo! Slurp/3.0; http://help.yahoo.com/help/us/ysearch/slurp)"
74.6.18.230 - - [05/Mar/2009:07:14:13 +0100] "GET /style/various-euro.css HTTP/1.0" 200 3437 "http://www.various-euro.com/frame-menu.html" "Mozilla/5.0 (compatible; Yahoo! Slurp/3.0; http://help.yahoo.com/help/us/ysearch/slurp)"
67.195.37.122 - - [05/Mar/2009:07:15:13 +0100] "GET /restate_copy.html HTTP/1.0" 200 97631 "-" "Mozilla/5.0 (compatible; Yahoo! Slurp; http://help.yahoo.com/help/us/ysearch/slurp)"
66.249.72.242 - - [05/Mar/2009:07:18:25 +0100] "GET /framez.html HTTP/1.1" 200 3959 "-" "Mozilla/5.0 (compatible; Googlebot/2.1; +http://www.google.com/bot.html)"
66.249.72.242 - - [05/Mar/2009:07:23:39 +0100] "GET /framez-rez.html HTTP/1.1" 200 4323 "-" "SAMSUNG-SGH-E250/1.0 Profile/MIDP-2.0 Configuration/CLDC-1.1 UP.Browser/6.2.3.3.c.1.101 (GUI) MMP/2.0 (compatible; Googlebot-Mobile/2.1; +http://www.google.com/bot.html)"
74.6.18.230 - - [05/Mar/2009:07:25:51 +0100] "GET /logs/ HTTP/1.0" 200 10079 "-" "Mozilla/5.0 (compatible; Yahoo! Slurp/3.0; http://help.yahoo.com/help/us/ysearch/slurp)"
209.19.170.54 - - [05/Mar/2009:07:42:48 +0100] "GET / HTTP/1.1" 200 7869 "-" "Mozilla/4.0 (compatible; MSIE 6.0; MSIE 5.5; Windows NT 4.0) Opera 7.0 [en]"
67.195.37.122 - - [05/Mar/2009:08:20:34 +0100] "GET /f-search.html HTTP/1.0" 200 11800 "-" "Mozilla/5.0 (compatible; Yahoo! Slurp; http://help.yahoo.com/help/us/ysearch/slurp)"
219.142.53.22 - - [05/Mar/2009:08:42:37 +0100] "GET /robots.txt HTTP/1.0" 200 64 "-" "librabot/1.0 (+http://search.msn.com/msnbot.htm)"
219.142.53.19 - - [05/Mar/2009:08:42:37 +0100] "GET /partnergegenberlin.html HTTP/1.0" 200 5022 "-" "librabot/1.0 (+http://search.msn.com/msnbot.htm)"
66.249.72.242 - - [05/Mar/2009:10:11:08 +0100] "GET /games/virtualcop/virtualcop.html HTTP/1.1" 200 4487 "-" "Mozilla/5.0 (compatible; Googlebot/2.1; +http://www.google.com/bot.html)"
67.195.37.122 - - [05/Mar/2009:10:15:31 +0100] "GET / HTTP/1.0" 200 7869 "-" "Mozilla/5.0 (compatible; Yahoo! Slurp; http://help.yahoo.com/help/us/ysearch/slurp)"
67.195.37.122 - - [05/Mar/2009:10:20:19 +0100] "GET /f-contact.html HTTP/1.0" 200 6804 "-" "Mozilla/5.0 (compatible; Yahoo! Slurp; http://help.yahoo.com/help/us/ysearch/slurp)"
74.6.18.230 - - [05/Mar/2009:10:26:08 +0100] "GET /channel1.html HTTP/1.0" 404 2748 "-" "Mozilla/5.0 (compatible; Yahoo! Slurp/3.0; http://help.yahoo.com/help/us/ysearch/slurp)"
87.250.39.216 - - [05/Mar/2009:10:31:06 +0100] "GET /favicon.ico HTTP/1.1" 302 364 "-" "Mozilla/4.0 (compatible; GoogleToolbar 5.0.2124.6042; Windows XP 5.1; MSIE 7.0.5730.13)"
87.250.39.216 - - [05/Mar/2009:10:31:07 +0100] "GET /zampa/favicon.ico HTTP/1.1" 404 2748 "-" "Mozilla/4.0 (compatible; GoogleToolbar 5.0.2124.6042; Windows XP 5.1; MSIE 7.0.5730.13)"
87.250.39.216 - - [05/Mar/2009:10:31:07 +0100] "GET /favicon.gif HTTP/1.1" 302 364 "-" "Mozilla/4.0 (compatible; GoogleToolbar 5.0.2124.6042; Windows XP 5.1; MSIE 7.0.5730.13)"
87.250.39.216 - - [05/Mar/2009:10:31:07 +0100] "GET /zampa/favicon.gif HTTP/1.1" 404 2748 "-" "Mozilla/4.0 (compatible; GoogleToolbar 5.0.2124.6042; Windows XP 5.1; MSIE 7.0.5730.13)"
74.6.18.230 - - [05/Mar/2009:11:02:19 +0100] "GET /schubb/schubb-1.html HTTP/1.0" 200 9070 "-" "Mozilla/5.0 (compatible; Yahoo! Slurp/3.0; http://help.yahoo.com/help/us/ysearch/slurp)"
67.195.37.124 - - [05/Mar/2009:11:11:14 +0100] "GET /robots.txt HTTP/1.0" 200 64 "-" "Mozilla/5.0 (compatible; Yahoo! Slurp; http://help.yahoo.com/help/us/ysearch/slurp)"
67.195.37.124 - - [05/Mar/2009:11:11:14 +0100] "GET / HTTP/1.0" 200 7869 "-" "Mozilla/5.0 (compatible; Yahoo! Slurp; http://help.yahoo.com/help/us/ysearch/slurp)"
74.6.18.230 - - [05/Mar/2009:11:19:56 +0100] "GET /zampa HTTP/1.0" 301 375 "-" "Mozilla/5.0 (compatible; Yahoo! Slurp/3.0; http://help.yahoo.com/help/us/ysearch/slurp)"
74.6.18.230 - - [05/Mar/2009:11:19:57 +0100] "GET /zampa/ HTTP/1.0" 200 7153 "-" "Mozilla/5.0 (compatible; Yahoo! Slurp/3.0; http://help.yahoo.com/help/us/ysearch/slurp)"
87.250.39.216 - - [05/Mar/2009:11:20:01 +0100] "GET /favicon.ico HTTP/1.1" 302 364 "-" "Mozilla/4.0 (compatible; GoogleToolbar 5.0.2124.6042; Windows XP 5.1; MSIE 7.0.5730.13)"
87.250.39.216 - - [05/Mar/2009:11:20:01 +0100] "GET /zampa/favicon.ico HTTP/1.1" 404 2748 "-" "Mozilla/4.0 (compatible; GoogleToolbar 5.0.2124.6042; Windows XP 5.1; MSIE 7.0.5730.13)"
87.250.39.216 - - [05/Mar/2009:11:20:01 +0100] "GET /favicon.gif HTTP/1.1" 302 364 "-" "Mozilla/4.0 (compatible; GoogleToolbar 5.0.2124.6042; Windows XP 5.1; MSIE 7.0.5730.13)"
87.250.39.216 - - [05/Mar/2009:11:20:04 +0100] "GET /zampa/favicon.gif HTTP/1.1" 404 2748 "-" "Mozilla/4.0 (compatible; GoogleToolbar 5.0.2124.6042; Windows XP 5.1; MSIE 7.0.5730.13)"
87.250.39.216 - - [05/Mar/2009:11:20:33 +0100] "GET /favicon.ico HTTP/1.1" 302 364 "-" "Mozilla/4.0 (compatible; GoogleToolbar 5.0.2124.6042; Windows XP 5.1; MSIE 7.0.5730.13)"
87.250.39.216 - - [05/Mar/2009:11:20:34 +0100] "GET /zampa/favicon.ico HTTP/1.1" 404 2748 "-" "Mozilla/4.0 (compatible; GoogleToolbar 5.0.2124.6042; Windows XP 5.1; MSIE 7.0.5730.13)"
87.250.39.216 - - [05/Mar/2009:11:20:34 +0100] "GET /favicon.gif HTTP/1.1" 302 364 "-" "Mozilla/4.0 (compatible; GoogleToolbar 5.0.2124.6042; Windows XP 5.1; MSIE 7.0.5730.13)"
87.250.39.216 - - [05/Mar/2009:11:20:34 +0100] "GET /zampa/favicon.gif HTTP/1.1" 404 2748 "-" "Mozilla/4.0 (compatible; GoogleToolbar 5.0.2124.6042; Windows XP 5.1; MSIE 7.0.5730.13)"
87.250.39.216 - - [05/Mar/2009:11:21:27 +0100] "GET /favicon.ico HTTP/1.1" 302 364 "-" "Mozilla/4.0 (compatible; GoogleToolbar 5.0.2124.6042; Windows XP 5.1; MSIE 7.0.5730.13)"
87.250.39.216 - - [05/Mar/2009:11:21:27 +0100] "GET /zampa/favicon.ico HTTP/1.1" 404 2748 "-" "Mozilla/4.0 (compatible; GoogleToolbar 5.0.2124.6042; Windows XP 5.1; MSIE 7.0.5730.13)"
87.250.39.216 - - [05/Mar/2009:11:21:28 +0100] "GET /favicon.gif HTTP/1.1" 302 364 "-" "Mozilla/4.0 (compatible; GoogleToolbar 5.0.2124.6042; Windows XP 5.1; MSIE 7.0.5730.13)"
87.250.39.216 - - [05/Mar/2009:11:21:28 +0100] "GET /zampa/favicon.gif HTTP/1.1" 404 2748 "-" "Mozilla/4.0 (compatible; GoogleToolbar 5.0.2124.6042; Windows XP 5.1; MSIE 7.0.5730.13)"
211.138.198.6 - - [05/Mar/2009:11:34:08 +0100] "GET / HTTP/1.0" 200 7869 "-" "Mozilla/4.0 (compatible; MSIE 7.0; Windows NT 5.2; .NET CLR 1.1.4322)"
67.195.37.122 - - [05/Mar/2009:12:01:07 +0100] "GET /zampa-lovers/index.html HTTP/1.0" 200 37790 "-" "Mozilla/5.0 (compatible; Yahoo! Slurp/3.0; http://help.yahoo.com/help/us/ysearch/slurp)"
66.249.72.242 - - [05/Mar/2009:12:04:45 +0100] "GET /logs/usage_200903.html HTTP/1.1" 404 2748 "-" "Mozilla/5.0 (compatible; Googlebot/2.1; +http://www.google.com/bot.html)"
74.6.18.230 - - [05/Mar/2009:12:12:15 +0100] "GET /f-other.html HTTP/1.0" 200 33189 "-" "Mozilla/5.0 (compatible; Yahoo! Slurp/3.0; http://help.yahoo.com/help/us/ysearch/slurp)"
67.195.37.122 - - [05/Mar/2009:12:13:42 +0100] "GET /f-web.html HTTP/1.0" 200 13605 "-" "Mozilla/5.0 (compatible; Yahoo! Slurp; http://help.yahoo.com/help/us/ysearch/slurp)"
193.252.149.15 - - [05/Mar/2009:12:15:50 +0100] "GET /neon/girlz3.html HTTP/1.1" 200 2479 "-" "Mozilla/5.0 (Windows; U; Windows NT 5.1; fr; rv:1.8.1) VoilaBot BETA 1.2 (support.voilabot@orange-ftgroup.com)"
66.249.72.242 - - [05/Mar/2009:12:27:11 +0100] "GET /bmpp/18.html HTTP/1.1" 200 4467 "-" "Mozilla/5.0 (compatible; Googlebot/2.1; +http://www.google.com/bot.html)"
67.195.37.122 - - [05/Mar/2009:12:27:44 +0100] "GET /logs/usage_200703.html HTTP/1.0" 200 108444 "-" "Mozilla/5.0 (compatible; Yahoo! Slurp/3.0; http://help.yahoo.com/help/us/ysearch/slurp)"
67.195.37.122 - - [05/Mar/2009:12:57:43 +0100] "GET /neon/left-one-new.html HTTP/1.0" 200 1483 "-" "Mozilla/5.0 (compatible; Yahoo! Slurp/3.0; http://help.yahoo.com/help/us/ysearch/slurp)"
193.47.80.51 - - [05/Mar/2009:13:13:22 +0100] "GET /robots.txt HTTP/1.1" 302 363 "-" "Mozilla/5.0 (compatible; Exabot/3.0; +http://www.exabot.com/go/robot)"
193.47.80.51 - - [05/Mar/2009:13:13:22 +0100] "GET /zampa/robots.txt HTTP/1.1" 404 2748 "-" "Mozilla/5.0 (compatible; Exabot/3.0; +http://www.exabot.com/go/robot)"
193.47.80.51 - - [05/Mar/2009:13:13:22 +0100] "GET / HTTP/1.1" 302 353 "-" "Mozilla/5.0 (compatible; Exabot/3.0; +http://www.exabot.com/go/robot)"
66.249.72.242 - - [05/Mar/2009:13:35:16 +0100] "GET /3dsf3/sendi/receiver.html HTTP/1.1" 200 1402 "-" "Mozilla/5.0 (compatible; Googlebot/2.1; +http://www.google.com/bot.html)"
65.49.2.60 - - [05/Mar/2009:13:51:04 +0100] "GET /neon/girlz2.html HTTP/1.0" 200 2937 "http://search.msn.com/results.aspx?q=eurogirls&first=31&FORM=PERE3" "Mozilla/4.0 (compatible; MSIE 7.0; Windows NT 5.1; .NET CLR 1.1.4322; .NET CLR 2.0.50727; .NET CLR 3.0.04324.17)"
65.49.2.60 - - [05/Mar/2009:13:51:08 +0100] "GET /vgirls/button1.gif HTTP/1.0" 200 9099 "http://www.various-euro.com/neon/girlz2.html" "Mozilla/4.0 (compatible; MSIE 7.0; Windows NT 5.1; .NET CLR 1.1.4322; .NET CLR 2.0.50727; .NET CLR 3.0.04324.17)"
65.49.2.60 - - [05/Mar/2009:13:51:08 +0100] "GET /vgirls/wm_02.gif HTTP/1.0" 200 36891 "http://www.various-euro.com/neon/girlz2.html" "Mozilla/4.0 (compatible; MSIE 7.0; Windows NT 5.1; .NET CLR 1.1.4322; .NET CLR 2.0.50727; .NET CLR 3.0.04324.17)"
65.49.2.60 - - [05/Mar/2009:13:51:08 +0100] "GET /vgirls/button10.gif HTTP/1.0" 200 15687 "http://www.various-euro.com/neon/girlz2.html" "Mozilla/4.0 (compatible; MSIE 7.0; Windows NT 5.1; .NET CLR 1.1.4322; .NET CLR 2.0.50727; .NET CLR 3.0.04324.17)"
65.49.2.60 - - [05/Mar/2009:13:51:08 +0100] "GET /vgirls/virtua4.gif HTTP/1.0" 200 12643 "http://www.various-euro.com/neon/girlz2.html" "Mozilla/4.0 (compatible; MSIE 7.0; Windows NT 5.1; .NET CLR 1.1.4322; .NET CLR 2.0.50727; .NET CLR 3.0.04324.17)"
65.49.2.60 - - [05/Mar/2009:13:51:11 +0100] "GET /vgirls/button3.gif HTTP/1.0" 200 9634 "http://www.various-euro.com/neon/girlz2.html" "Mozilla/4.0 (compatible; MSIE 7.0; Windows NT 5.1; .NET CLR 1.1.4322; .NET CLR 2.0.50727; .NET CLR 3.0.04324.17)"
65.49.2.60 - - [05/Mar/2009:13:51:11 +0100] "GET /vgirls/dora_01.gif HTTP/1.0" 200 15465 "http://www.various-euro.com/neon/girlz2.html" "Mozilla/4.0 (compatible; MSIE 7.0; Windows NT 5.1; .NET CLR 1.1.4322; .NET CLR 2.0.50727; .NET CLR 3.0.04324.17)"
65.49.2.60 - - [05/Mar/2009:13:51:12 +0100] "GET /vgirls/shaina_big.gif HTTP/1.0" 200 16169 "http://www.various-euro.com/neon/girlz2.html" "Mozilla/4.0 (compatible; MSIE 7.0; Windows NT 5.1; .NET CLR 1.1.4322; .NET CLR 2.0.50727; .NET CLR 3.0.04324.17)"
65.49.2.60 - - [05/Mar/2009:13:51:16 +0100] "GET /favicon.ico HTTP/1.0" 404 2748 "-" "Mozilla/4.0 (compatible; MSIE 7.0; Windows NT 5.1; .NET CLR 1.1.4322; .NET CLR 2.0.50727; .NET CLR 3.0.04324.17)"
65.49.2.60 - - [05/Mar/2009:13:51:16 +0100] "GET /framez-girlz.html HTTP/1.0" 200 4271 "-" "Mozilla/4.0 (compatible; MSIE 7.0; Windows NT 5.1; .NET CLR 1.1.4322; .NET CLR 2.0.50727; .NET CLR 3.0.04324.17)"
65.49.2.60 - - [05/Mar/2009:13:51:16 +0100] "GET /frame-menu.html HTTP/1.0" 200 10536 "http://www.various-euro.com/framez-girlz.html" "Mozilla/4.0 (compatible; MSIE 7.0; Windows NT 5.1; .NET CLR 1.1.4322; .NET CLR 2.0.50727; .NET CLR 3.0.04324.17)"
65.49.2.60 - - [05/Mar/2009:13:51:16 +0100] "GET /neon/girlz2.html HTTP/1.0" 200 2937 "http://www.various-euro.com/framez-girlz.html" "Mozilla/4.0 (compatible; MSIE 7.0; Windows NT 5.1; .NET CLR 1.1.4322; .NET CLR 2.0.50727; .NET CLR 3.0.04324.17)"
65.49.2.60 - - [05/Mar/2009:13:51:16 +0100] "GET /frame-unten.html HTTP/1.0" 200 5308 "http://www.various-euro.com/framez-girlz.html" "Mozilla/4.0 (compatible; MSIE 7.0; Windows NT 5.1; .NET CLR 1.1.4322; .NET CLR 2.0.50727; .NET CLR 3.0.04324.17)"
65.49.2.60 - - [05/Mar/2009:13:51:17 +0100] "GET /style/various-euro.css HTTP/1.0" 200 3437 "http://www.various-euro.com/frame-menu.html" "Mozilla/4.0 (compatible; MSIE 7.0; Windows NT 5.1; .NET CLR 1.1.4322; .NET CLR 2.0.50727; .NET CLR 3.0.04324.17)"
65.49.2.60 - - [05/Mar/2009:13:51:17 +0100] "GET /bannerz/ve.jpg HTTP/1.0" 200 36912 "http://www.various-euro.com/frame-unten.html" "Mozilla/4.0 (compatible; MSIE 7.0; Windows NT 5.1; .NET CLR 1.1.4322; .NET CLR 2.0.50727; .NET CLR 3.0.04324.17)"
65.49.2.60 - - [05/Mar/2009:13:51:17 +0100] "GET /bannerz/various-euro-girl.jpg HTTP/1.0" 200 91514 "http://www.various-euro.com/frame-unten.html" "Mozilla/4.0 (compatible; MSIE 7.0; Windows NT 5.1; .NET CLR 1.1.4322; .NET CLR 2.0.50727; .NET CLR 3.0.04324.17)"
65.49.2.60 - - [05/Mar/2009:13:51:23 +0100] "GET /ve-icon-2.ico HTTP/1.0" 200 2238 "-" "Mozilla/4.0 (compatible; MSIE 7.0; Windows NT 5.1; .NET CLR 1.1.4322; .NET CLR 2.0.50727; .NET CLR 3.0.04324.17)"
65.49.2.60 - - [05/Mar/2009:13:51:31 +0100] "GET /neon/girl-tv.html HTTP/1.0" 200 1717 "http://www.various-euro.com/neon/girlz2.html" "Mozilla/4.0 (compatible; MSIE 7.0; Windows NT 5.1; .NET CLR 1.1.4322; .NET CLR 2.0.50727; .NET CLR 3.0.04324.17)"
65.49.2.60 - - [05/Mar/2009:13:51:32 +0100] "GET /neon/dollar-shadow.jpg HTTP/1.0" 200 3045 "http://www.various-euro.com/neon/girl-tv.html" "Mozilla/4.0 (compatible; MSIE 7.0; Windows NT 5.1; .NET CLR 1.1.4322; .NET CLR 2.0.50727; .NET CLR 3.0.04324.17)"
65.49.2.60 - - [05/Mar/2009:13:51:32 +0100] "GET /neon/girl-tv.gif HTTP/1.0" 200 15982 "http://www.various-euro.com/neon/girl-tv.html" "Mozilla/4.0 (compatible; MSIE 7.0; Windows NT 5.1; .NET CLR 1.1.4322; .NET CLR 2.0.50727; .NET CLR 3.0.04324.17)"
65.49.2.60 - - [05/Mar/2009:13:51:42 +0100] "GET /neon/girlz2.html HTTP/1.0" 200 2937 "http://www.various-euro.com/neon/girl-tv.html" "Mozilla/4.0 (compatible; MSIE 7.0; Windows NT 5.1; .NET CLR 1.1.4322; .NET CLR 2.0.50727; .NET CLR 3.0.04324.17)"
65.49.2.60 - - [05/Mar/2009:13:51:45 +0100] "GET /neon/biggtani.html HTTP/1.0" 200 1698 "http://www.various-euro.com/neon/girlz2.html" "Mozilla/4.0 (compatible; MSIE 7.0; Windows NT 5.1; .NET CLR 1.1.4322; .NET CLR 2.0.50727; .NET CLR 3.0.04324.17)"
65.49.2.60 - - [05/Mar/2009:13:51:46 +0100] "GET /neon/wp3button.gif HTTP/1.0" 200 7799 "http://www.various-euro.com/neon/biggtani.html" "Mozilla/4.0 (compatible; MSIE 7.0; Windows NT 5.1; .NET CLR 1.1.4322; .NET CLR 2.0.50727; .NET CLR 3.0.04324.17)"
65.49.2.60 - - [05/Mar/2009:13:51:46 +0100] "GET /neon/123button-neo5a.gif HTTP/1.0" 200 9625 "http://www.various-euro.com/neon/biggtani.html" "Mozilla/4.0 (compatible; MSIE 7.0; Windows NT 5.1; .NET CLR 1.1.4322; .NET CLR 2.0.50727; .NET CLR 3.0.04324.17)"
65.49.2.60 - - [05/Mar/2009:13:51:46 +0100] "GET /neon/wpbutton.gif HTTP/1.0" 200 4738 "http://www.various-euro.com/neon/biggtani.html" "Mozilla/4.0 (compatible; MSIE 7.0; Windows NT 5.1; .NET CLR 1.1.4322; .NET CLR 2.0.50727; .NET CLR 3.0.04324.17)"
65.49.2.60 - - [05/Mar/2009:13:51:52 +0100] "GET /neon/girlz2.html HTTP/1.0" 200 2937 "http://www.various-euro.com/neon/biggtani.html" "Mozilla/4.0 (compatible; MSIE 7.0; Windows NT 5.1; .NET CLR 1.1.4322; .NET CLR 2.0.50727; .NET CLR 3.0.04324.17)"
65.49.2.60 - - [05/Mar/2009:13:52:03 +0100] "GET /framez-girlz.html HTTP/1.0" 200 4271 "-" "Mozilla/4.0 (compatible; MSIE 7.0; Windows NT 5.1; .NET CLR 1.1.4322; .NET CLR 2.0.50727; .NET CLR 3.0.04324.17)"
67.195.37.122 - - [05/Mar/2009:13:59:42 +0100] "GET /robots.txt HTTP/1.0" 200 64 "-" "Mozilla/5.0 (compatible; Yahoo! Slurp; http://help.yahoo.com/help/us/ysearch/slurp)"
67.195.37.122 - - [05/Mar/2009:13:59:42 +0100] "GET /f-doku-brau.html HTTP/1.0" 200 7152 "-" "Mozilla/5.0 (compatible; Yahoo! Slurp; http://help.yahoo.com/help/us/ysearch/slurp)"
67.195.37.122 - - [05/Mar/2009:14:07:02 +0100] "GET /search.html HTTP/1.0" 200 1440 "-" "Mozilla/5.0 (compatible; Yahoo! Slurp/3.0; http://help.yahoo.com/help/us/ysearch/slurp)"
67.195.37.122 - - [05/Mar/2009:14:17:13 +0100] "GET /games/virtualcop/virtualcop.swf HTTP/1.0" 200 2563562 "-" "Mozilla/5.0 (compatible; Yahoo! Slurp/3.0; http://help.yahoo.com/help/us/ysearch/slurp)"
67.195.37.122 - - [05/Mar/2009:14:17:41 +0100] "GET /framez.html HTTP/1.0" 200 3959 "-" "Mozilla/5.0 (compatible; Yahoo! Slurp; http://help.yahoo.com/help/us/ysearch/slurp)"
67.195.37.122 - - [05/Mar/2009:14:17:50 +0100] "GET /frame-menu.html HTTP/1.0" 200 10536 "-" "Mozilla/5.0 (compatible; Yahoo! Slurp; http://help.yahoo.com/help/us/ysearch/slurp)"
67.195.37.122 - - [05/Mar/2009:14:18:01 +0100] "GET /frame-inhalt.html HTTP/1.0" 200 5418 "-" "Mozilla/5.0 (compatible; Yahoo! Slurp; http://help.yahoo.com/help/us/ysearch/slurp)"
67.195.37.122 - - [05/Mar/2009:14:18:10 +0100] "GET /frame-unten.html HTTP/1.0" 200 5308 "-" "Mozilla/5.0 (compatible; Yahoo! Slurp; http://help.yahoo.com/help/us/ysearch/slurp)"
67.195.37.95 - - [05/Mar/2009:14:19:36 +0100] "GET /robots.txt HTTP/1.0" 302 363 "-" "Mozilla/5.0 (compatible; Yahoo! Slurp; http://help.yahoo.com/help/us/ysearch/slurp)"
67.195.37.95 - - [05/Mar/2009:14:19:37 +0100] "GET /zampa/robots.txt HTTP/1.0" 404 2748 "-" "Mozilla/5.0 (compatible; Yahoo! Slurp; http://help.yahoo.com/help/us/ysearch/slurp)"
67.195.37.95 - - [05/Mar/2009:14:19:37 +0100] "GET / HTTP/1.0" 302 353 "-" "Mozilla/5.0 (compatible; Yahoo! Slurp; http://help.yahoo.com/help/us/ysearch/slurp)"
67.195.37.122 - - [05/Mar/2009:14:19:47 +0100] "GET /zampa/ HTTP/1.0" 200 7153 "-" "Mozilla/5.0 (compatible; Yahoo! Slurp; http://help.yahoo.com/help/us/ysearch/slurp)"
125.132.148.58 - - [05/Mar/2009:14:36:02 +0100] "GET http://various-euro.com/smpro/subscribe_eng.pl HTTP/1.0" 404 2748 "http://various-euro.com/smpro/subscribe_eng.pl" "Mozilla/4.0 (compatible; MSIE 6.0; Windows NT 5.1)"
65.34.210.12 - - [05/Mar/2009:14:38:27 +0100] "GET /ccmail/admin.php HTTP/1.1" 404 2748 "http://various-euro.com/ccmail/admin.php" "Mozilla/4.0 (compatible; MSIE 6.0; Windows NT 5.1)"
67.195.37.122 - - [05/Mar/2009:15:22:11 +0100] "GET /f-net.html HTTP/1.0" 200 9913 "-" "Mozilla/5.0 (compatible; Yahoo! Slurp; http://help.yahoo.com/help/us/ysearch/slurp)"
67.195.37.122 - - [05/Mar/2009:15:22:48 +0100] "GET /f-zeug.html HTTP/1.0" 200 48203 "-" "Mozilla/5.0 (compatible; Yahoo! Slurp; http://help.yahoo.com/help/us/ysearch/slurp)"
74.6.18.230 - - [05/Mar/2009:15:28:10 +0100] "GET /robots.txt HTTP/1.0" 200 64 "-" "Mozilla/5.0 (compatible; Yahoo! Slurp; http://help.yahoo.com/help/us/ysearch/slurp)"
74.6.18.230 - - [05/Mar/2009:15:28:10 +0100] "GET /logs/usage_200703.html HTTP/1.0" 200 99770 "-" "Mozilla/5.0 (compatible; Yahoo! Slurp/3.0; http://help.yahoo.com/help/us/ysearch/slurp)"
74.6.18.230 - - [05/Mar/2009:15:28:11 +0100] "GET /logs/usage_200703.html HTTP/1.0" 200 108444 "-" "Mozilla/5.0 (compatible; Yahoo! Slurp/3.0; http://help.yahoo.com/help/us/ysearch/slurp)"
67.195.37.122 - - [05/Mar/2009:15:32:24 +0100] "GET /search.html HTTP/1.0" 200 1440 "-" "Mozilla/5.0 (compatible; Yahoo! Slurp/3.0; http://help.yahoo.com/help/us/ysearch/slurp)"
93.139.84.223 - - [05/Mar/2009:15:51:16 +0100] "GET / HTTP/1.1" 302 353 "http://www.google.hr/search?q=zampa+di+leone&ie=utf-8&oe=utf-8&aq=t&rls=org.mozilla:en-US:official&client=firefox-a" "Mozilla/5.0 (Windows; U; Windows NT 5.1; en-US; rv:1.9.0.6) Gecko/2009011913 Firefox/3.0.6"
93.139.84.223 - - [05/Mar/2009:15:51:16 +0100] "GET /zampa/ HTTP/1.1" 200 7153 "http://www.google.hr/search?q=zampa+di+leone&ie=utf-8&oe=utf-8&aq=t&rls=org.mozilla:en-US:official&client=firefox-a" "Mozilla/5.0 (Windows; U; Windows NT 5.1; en-US; rv:1.9.0.6) Gecko/2009011913 Firefox/3.0.6"
93.139.84.223 - - [05/Mar/2009:15:51:16 +0100] "GET /zampa/slike/udupetu.gif HTTP/1.1" 200 4138 "http://www.various-euro.com/zampa/" "Mozilla/5.0 (Windows; U; Windows NT 5.1; en-US; rv:1.9.0.6) Gecko/2009011913 Firefox/3.0.6"
93.139.84.223 - - [05/Mar/2009:15:51:16 +0100] "GET /zampa/slike/inthearse.gif HTTP/1.1" 200 4077 "http://www.various-euro.com/zampa/" "Mozilla/5.0 (Windows; U; Windows NT 5.1; en-US; rv:1.9.0.6) Gecko/2009011913 Firefox/3.0.6"
93.139.84.223 - - [05/Mar/2009:15:51:16 +0100] "GET /zampa/slike/zampa.gif HTTP/1.1" 200 5310 "http://www.various-euro.com/zampa/" "Mozilla/5.0 (Windows; U; Windows NT 5.1; en-US; rv:1.9.0.6) Gecko/2009011913 Firefox/3.0.6"
93.139.84.223 - - [05/Mar/2009:15:51:16 +0100] "GET /favicon.ico HTTP/1.1" 404 2748 "-" "Mozilla/5.0 (Windows; U; Windows NT 5.1; en-US; rv:1.9.0.6) Gecko/2009011913 Firefox/3.0.6"
93.139.84.223 - - [05/Mar/2009:15:51:17 +0100] "GET /favicon.ico HTTP/1.1" 404 2748 "-" "Mozilla/5.0 (Windows; U; Windows NT 5.1; en-US; rv:1.9.0.6) Gecko/2009011913 Firefox/3.0.6"
93.139.84.223 - - [05/Mar/2009:15:51:24 +0100] "GET /zampa/slike/S4IRWIN.GIF HTTP/1.1" 200 54718 "http://www.various-euro.com/zampa/" "Mozilla/5.0 (Windows; U; Windows NT 5.1; en-US; rv:1.9.0.6) Gecko/2009011913 Firefox/3.0.6"
93.139.84.223 - - [05/Mar/2009:15:51:56 +0100] "GET /zampa/slike/E4IRWIN.GIF HTTP/1.1" 200 53174 "http://www.various-euro.com/zampa/" "Mozilla/5.0 (Windows; U; Windows NT 5.1; en-US; rv:1.9.0.6) Gecko/2009011913 Firefox/3.0.6"
125.132.148.58 - - [05/Mar/2009:15:52:20 +0100] "POST http://various-euro.com/get.php HTTP/1.0" 404 2748 "http://various-euro.com/get.php" "Mozilla/4.0 (compatible; MSIE 6.0; Windows NT 5.1)"
67.195.37.122 - - [05/Mar/2009:15:52:29 +0100] "GET /sendi_agent.html HTTP/1.0" 200 6213 "-" "Mozilla/5.0 (compatible; Yahoo! Slurp; http://help.yahoo.com/help/us/ysearch/slurp)"
93.139.84.223 - - [05/Mar/2009:15:54:34 +0100] "GET /zampa/slike/E6BIENNI.GIF HTTP/1.1" 200 33736 "http://www.various-euro.com/zampa/" "Mozilla/5.0 (Windows; U; Windows NT 5.1; en-US; rv:1.9.0.6) Gecko/2009011913 Firefox/3.0.6"
217.65.194.4 - - [05/Mar/2009:16:20:37 +0100] "GET /zampa-lovers/kralle.gif HTTP/1.1" 404 2748 "http://www.various-euro.com/zampa-lovers/index.html" "Mozilla/4.0 (compatible; MSIE 6.0; Windows NT 5.1; .NET CLR 1.1.4322)"
217.65.194.4 - - [05/Mar/2009:16:20:37 +0100] "GET /zampa-lovers/index.html HTTP/1.1" 200 37790 "http://www.google.com/search?hl=sr&lr=lang_sr&rlz=1G1GGLQ_ENRS318&q=nobel+filteri&start=80&sa=N" "Mozilla/4.0 (compatible; MSIE 6.0; Windows NT 5.1; .NET CLR 1.1.4322)"
217.65.194.4 - - [05/Mar/2009:16:20:39 +0100] "GET /zampa-lovers/DRAGAN_Z.JPG HTTP/1.1" 200 6850 "http://www.various-euro.com/zampa-lovers/index.html" "Mozilla/4.0 (compatible; MSIE 6.0; Windows NT 5.1; .NET CLR 1.1.4322)"
217.65.194.4 - - [05/Mar/2009:16:20:39 +0100] "GET /zampa-lovers/MILIZA_2.JPG HTTP/1.1" 200 22172 "http://www.various-euro.com/zampa-lovers/index.html" "Mozilla/4.0 (compatible; MSIE 6.0; Windows NT 5.1; .NET CLR 1.1.4322)"
217.65.194.4 - - [05/Mar/2009:16:20:40 +0100] "GET /zampa-lovers/MILIZA_3.JPG HTTP/1.1" 200 26924 "http://www.various-euro.com/zampa-lovers/index.html" "Mozilla/4.0 (compatible; MSIE 6.0; Windows NT 5.1; .NET CLR 1.1.4322)"
217.65.194.4 - - [05/Mar/2009:16:20:41 +0100] "GET /zampa-lovers/MILIZA_B.JPG HTTP/1.1" 200 10947 "http://www.various-euro.com/zampa-lovers/index.html" "Mozilla/4.0 (compatible; MSIE 6.0; Windows NT 5.1; .NET CLR 1.1.4322)"
217.65.194.4 - - [05/Mar/2009:16:20:41 +0100] "GET /zampa-lovers/MILIZA_4.JPG HTTP/1.1" 200 9946 "http://www.various-euro.com/zampa-lovers/index.html" "Mozilla/4.0 (compatible; MSIE 6.0; Windows NT 5.1; .NET CLR 1.1.4322)"
217.65.194.4 - - [05/Mar/2009:16:20:42 +0100] "GET /zampa-lovers/DRAGANZA.JPG HTTP/1.1" 200 18560 "http://www.various-euro.com/zampa-lovers/index.html" "Mozilla/4.0 (compatible; MSIE 6.0; Windows NT 5.1; .NET CLR 1.1.4322)"
217.65.194.4 - - [05/Mar/2009:16:20:42 +0100] "GET /zampa-lovers/1SEITEVE.GIF HTTP/1.1" 200 78726 "http://www.various-euro.com/zampa-lovers/index.html" "Mozilla/4.0 (compatible; MSIE 6.0; Windows NT 5.1; .NET CLR 1.1.4322)"
217.65.194.4 - - [05/Mar/2009:16:20:46 +0100] "GET /zampa-lovers/2SEITEVE.GIF HTTP/1.1" 200 83466 "http://www.various-euro.com/zampa-lovers/index.html" "Mozilla/4.0 (compatible; MSIE 6.0; Windows NT 5.1; .NET CLR 1.1.4322)"
217.65.194.4 - - [05/Mar/2009:16:20:38 +0100] "GET /zampa-lovers/zampa.gif HTTP/1.1" 200 460627 "http://www.various-euro.com/zampa-lovers/index.html" "Mozilla/4.0 (compatible; MSIE 6.0; Windows NT 5.1; .NET CLR 1.1.4322)"
217.65.194.4 - - [05/Mar/2009:16:20:47 +0100] "GET /zampa-lovers/Kralle.gif HTTP/1.1" 200 260 "http://www.various-euro.com/zampa-lovers/index.html" "Mozilla/4.0 (compatible; MSIE 6.0; Windows NT 5.1; .NET CLR 1.1.4322)"
217.65.194.4 - - [05/Mar/2009:16:20:48 +0100] "GET /zampa-lovers/zampa-2X2.gif HTTP/1.1" 200 6948 "http://www.various-euro.com/zampa-lovers/index.html" "Mozilla/4.0 (compatible; MSIE 6.0; Windows NT 5.1; .NET CLR 1.1.4322)"
217.65.194.4 - - [05/Mar/2009:16:20:48 +0100] "GET /zampa-lovers/zampamali.gif HTTP/1.1" 200 2617 "http://www.various-euro.com/zampa-lovers/index.html" "Mozilla/4.0 (compatible; MSIE 6.0; Windows NT 5.1; .NET CLR 1.1.4322)"
217.65.194.4 - - [05/Mar/2009:16:20:49 +0100] "GET /framez-zampa-lovers.html HTTP/1.1" 200 4322 "-" "Mozilla/4.0 (compatible; MSIE 6.0; Windows NT 5.1; .NET CLR 1.1.4322)"
217.65.194.4 - - [05/Mar/2009:16:20:50 +0100] "GET /frame-menu.html HTTP/1.1" 200 10536 "http://www.various-euro.com/framez-zampa-lovers.html" "Mozilla/4.0 (compatible; MSIE 6.0; Windows NT 5.1; .NET CLR 1.1.4322)"
217.65.194.4 - - [05/Mar/2009:16:20:50 +0100] "GET /zampa-lovers/index.html HTTP/1.1" 200 37790 "http://www.various-euro.com/framez-zampa-lovers.html" "Mozilla/4.0 (compatible; MSIE 6.0; Windows NT 5.1; .NET CLR 1.1.4322)"
217.65.194.4 - - [05/Mar/2009:16:20:51 +0100] "GET /frame-unten.html HTTP/1.1" 200 5308 "http://www.various-euro.com/framez-zampa-lovers.html" "Mozilla/4.0 (compatible; MSIE 6.0; Windows NT 5.1; .NET CLR 1.1.4322)"
217.65.194.4 - - [05/Mar/2009:16:20:51 +0100] "GET /zampa-lovers/kralle.gif HTTP/1.1" 404 2748 "http://www.various-euro.com/zampa-lovers/index.html" "Mozilla/4.0 (compatible; MSIE 6.0; Windows NT 5.1; .NET CLR 1.1.4322)"
217.65.194.4 - - [05/Mar/2009:16:20:52 +0100] "GET /bannerz/ve.jpg HTTP/1.1" 200 36912 "http://www.various-euro.com/frame-unten.html" "Mozilla/4.0 (compatible; MSIE 6.0; Windows NT 5.1; .NET CLR 1.1.4322)"
217.65.194.4 - - [05/Mar/2009:16:20:52 +0100] "GET /style/various-euro.css HTTP/1.1" 200 3437 "http://www.various-euro.com/frame-menu.html" "Mozilla/4.0 (compatible; MSIE 6.0; Windows NT 5.1; .NET CLR 1.1.4322)"
217.65.194.4 - - [05/Mar/2009:16:20:53 +0100] "GET /bannerz/various-euro-girl.jpg HTTP/1.1" 200 91514 "http://www.various-euro.com/frame-unten.html" "Mozilla/4.0 (compatible; MSIE 6.0; Windows NT 5.1; .NET CLR 1.1.4322)"
217.65.194.4 - - [05/Mar/2009:16:22:49 +0100] "GET /zampa-lovers/kralle.gif HTTP/1.1" 404 2748 "http://www.various-euro.com/zampa-lovers/index.html" "Mozilla/4.0 (compatible; MSIE 6.0; Windows NT 5.1; .NET CLR 1.1.4322)"
217.65.194.4 - - [05/Mar/2009:16:22:50 +0100] "GET /framez-zampa-lovers.html HTTP/1.1" 200 4322 "-" "Mozilla/4.0 (compatible; MSIE 6.0; Windows NT 5.1; .NET CLR 1.1.4322)"
217.65.194.4 - - [05/Mar/2009:16:22:50 +0100] "GET /frame-menu.html HTTP/1.1" 200 10536 "http://www.various-euro.com/framez-zampa-lovers.html" "Mozilla/4.0 (compatible; MSIE 6.0; Windows NT 5.1; .NET CLR 1.1.4322)"
217.65.194.4 - - [05/Mar/2009:16:22:50 +0100] "GET /zampa-lovers/index.html HTTP/1.1" 200 37790 "http://www.various-euro.com/framez-zampa-lovers.html" "Mozilla/4.0 (compatible; MSIE 6.0; Windows NT 5.1; .NET CLR 1.1.4322)"
217.65.194.4 - - [05/Mar/2009:16:22:51 +0100] "GET /frame-unten.html HTTP/1.1" 200 5308 "http://www.various-euro.com/framez-zampa-lovers.html" "Mozilla/4.0 (compatible; MSIE 6.0; Windows NT 5.1; .NET CLR 1.1.4322)"
217.65.194.4 - - [05/Mar/2009:16:22:51 +0100] "GET /zampa-lovers/kralle.gif HTTP/1.1" 404 2748 "http://www.various-euro.com/zampa-lovers/index.html" "Mozilla/4.0 (compatible; MSIE 6.0; Windows NT 5.1; .NET CLR 1.1.4322)"
217.65.194.4 - - [05/Mar/2009:16:23:31 +0100] "GET /zampa-lovers/kralle.gif HTTP/1.1" 404 2748 "http://www.various-euro.com/zampa-lovers/index.html" "Mozilla/4.0 (compatible; MSIE 6.0; Windows NT 5.1; .NET CLR 1.1.4322)"
193.252.149.16 - - [05/Mar/2009:16:54:10 +0100] "GET /neon/channel.html HTTP/1.1" 200 1942 "-" "Mozilla/5.0 (Windows; U; Windows NT 5.1; fr; rv:1.8.1) VoilaBot BETA 1.2 (support.voilabot@orange-ftgroup.com)"
67.195.37.122 - - [05/Mar/2009:16:54:47 +0100] "GET /logs/usage_200710.html HTTP/1.0" 200 110952 "-" "Mozilla/5.0 (compatible; Yahoo! Slurp/3.0; http://help.yahoo.com/help/us/ysearch/slurp)"
193.252.149.16 - - [05/Mar/2009:16:56:35 +0100] "GET /DgH/rampe/index.html HTTP/1.1" 200 2056 "-" "Mozilla/5.0 (Windows; U; Windows NT 5.1; fr; rv:1.8.1) VoilaBot BETA 1.2 (support.voilabot@orange-ftgroup.com)"
91.93.132.56 - - [05/Mar/2009:16:57:07 +0100] "GET /zampa-lovers/index.html HTTP/1.1" 200 37790 "-" "Mozilla/4.0 (compatible; MSIE 6.0; Windows NT 5.1; SV1)"
193.252.149.15 - - [05/Mar/2009:16:57:08 +0100] "GET /neon/euro.html HTTP/1.1" 200 2212 "-" "Mozilla/5.0 (Windows; U; Windows NT 5.1; fr; rv:1.8.1) VoilaBot BETA 1.2 (support.voilabot@orange-ftgroup.com)"
65.98.224.5 - - [05/Mar/2009:17:08:28 +0100] "GET /robots.txt HTTP/1.0" 200 64 "-" "TurnitinBot/2.1 (http://www.turnitin.com/robot/crawlerinfo.html)"
