77.105.61.249 - - [16/Mar/2009:20:18:17 +0100] "GET /zampa-lovers/WASISTMI1.MPG HTTP/1.1" 200 271221 "http://www.various-euro.com/zampa-lovers/index.html" "Mozilla/5.0 (Windows; U; Windows NT 5.1; en-US; rv:1.9.0.7) Gecko/2009021910 Firefox/3.0.7"
77.105.61.249 - - [16/Mar/2009:20:18:17 +0100] "GET /zampa-lovers/ZAMPAMAS.MPG HTTP/1.1" 200 520196 "http://www.various-euro.com/zampa-lovers/index.html" "Mozilla/5.0 (Windows; U; Windows NT 5.1; en-US; rv:1.9.0.7) Gecko/2009021910 Firefox/3.0.7"
77.105.61.249 - - [16/Mar/2009:20:18:16 +0100] "GET /bannerz/ve.jpg HTTP/1.1" 200 36912 "http://www.various-euro.com/frame-unten.html" "Mozilla/5.0 (Windows; U; Windows NT 5.1; en-US; rv:1.9.0.7) Gecko/2009021910 Firefox/3.0.7"
77.105.61.249 - - [16/Mar/2009:20:18:17 +0100] "GET /zampa-lovers/MILIZA_B.JPG HTTP/1.1" 200 10947 "http://www.various-euro.com/zampa-lovers/index.html" "Mozilla/5.0 (Windows; U; Windows NT 5.1; en-US; rv:1.9.0.7) Gecko/2009021910 Firefox/3.0.7"
77.105.61.249 - - [16/Mar/2009:20:18:17 +0100] "GET /zampa-lovers/MILIZA_4.JPG HTTP/1.1" 200 9946 "http://www.various-euro.com/zampa-lovers/index.html" "Mozilla/5.0 (Windows; U; Windows NT 5.1; en-US; rv:1.9.0.7) Gecko/2009021910 Firefox/3.0.7"
77.105.61.249 - - [16/Mar/2009:20:18:18 +0100] "GET /zampa-lovers/DRAGANZA.JPG HTTP/1.1" 200 18560 "http://www.various-euro.com/zampa-lovers/index.html" "Mozilla/5.0 (Windows; U; Windows NT 5.1; en-US; rv:1.9.0.7) Gecko/2009021910 Firefox/3.0.7"
77.105.61.249 - - [16/Mar/2009:20:18:16 +0100] "GET /bannerz/various-euro-girl.jpg HTTP/1.1" 200 91514 "http://www.various-euro.com/frame-unten.html" "Mozilla/5.0 (Windows; U; Windows NT 5.1; en-US; rv:1.9.0.7) Gecko/2009021910 Firefox/3.0.7"
77.105.61.249 - - [16/Mar/2009:20:18:19 +0100] "GET /zampa-lovers/Kralle.gif HTTP/1.1" 200 260 "http://www.various-euro.com/zampa-lovers/index.html" "Mozilla/5.0 (Windows; U; Windows NT 5.1; en-US; rv:1.9.0.7) Gecko/2009021910 Firefox/3.0.7"
77.105.61.249 - - [16/Mar/2009:20:18:19 +0100] "GET /zampa-lovers/zampa-2X2.gif HTTP/1.1" 200 6948 "http://www.various-euro.com/zampa-lovers/index.html" "Mozilla/5.0 (Windows; U; Windows NT 5.1; en-US; rv:1.9.0.7) Gecko/2009021910 Firefox/3.0.7"
77.105.61.249 - - [16/Mar/2009:20:18:18 +0100] "GET /zampa-lovers/1SEITEVE.GIF HTTP/1.1" 200 78726 "http://www.various-euro.com/zampa-lovers/index.html" "Mozilla/5.0 (Windows; U; Windows NT 5.1; en-US; rv:1.9.0.7) Gecko/2009021910 Firefox/3.0.7"
77.105.61.249 - - [16/Mar/2009:20:18:17 +0100] "GET /zampa-lovers/MILIZA_2.JPG HTTP/1.1" 200 22172 "http://www.various-euro.com/zampa-lovers/index.html" "Mozilla/5.0 (Windows; U; Windows NT 5.1; en-US; rv:1.9.0.7) Gecko/2009021910 Firefox/3.0.7"
77.105.61.249 - - [16/Mar/2009:20:18:19 +0100] "GET /zampa-lovers/zampamali.gif HTTP/1.1" 200 2617 "http://www.various-euro.com/zampa-lovers/index.html" "Mozilla/5.0 (Windows; U; Windows NT 5.1; en-US; rv:1.9.0.7) Gecko/2009021910 Firefox/3.0.7"
77.105.61.249 - - [16/Mar/2009:20:18:17 +0100] "GET /zampa-lovers/MILIZA_3.JPG HTTP/1.1" 200 26924 "http://www.various-euro.com/zampa-lovers/index.html" "Mozilla/5.0 (Windows; U; Windows NT 5.1; en-US; rv:1.9.0.7) Gecko/2009021910 Firefox/3.0.7"
77.105.61.249 - - [16/Mar/2009:20:18:18 +0100] "GET /zampa-lovers/2SEITEVE.GIF HTTP/1.1" 200 83466 "http://www.various-euro.com/zampa-lovers/index.html" "Mozilla/5.0 (Windows; U; Windows NT 5.1; en-US; rv:1.9.0.7) Gecko/2009021910 Firefox/3.0.7"
77.105.61.249 - - [16/Mar/2009:20:18:19 +0100] "GET /zampa-lovers/zampa.gif HTTP/1.1" 200 460627 "http://www.various-euro.com/zampa-lovers/index.html" "Mozilla/5.0 (Windows; U; Windows NT 5.1; en-US; rv:1.9.0.7) Gecko/2009021910 Firefox/3.0.7"
81.52.143.35 - - [16/Mar/2009:20:19:29 +0100] "GET /f-net.html HTTP/1.1" 200 9913 "-" "Mozilla/5.0 (Windows; U; Windows NT 5.1; fr; rv:1.8.1) VoilaBot BETA 1.2 (support.voilabot@orange-ftgroup.com)"
82.99.30.18 - - [16/Mar/2009:20:43:27 +0100] "GET /DgH/watch/pict/Watch-DgH08.jpg HTTP/1.0" 200 12152 "http://www.various-euro.com/DgH/watch/index.html" "Mozilla/4.0 (compatible; MSIE 6.0; Windows NT 5.1)"
82.99.30.18 - - [16/Mar/2009:20:43:27 +0100] "GET /DgH/watch/pict/Watch-DgH01.jpg HTTP/1.0" 200 12152 "http://www.various-euro.com/DgH/watch/index.html" "Mozilla/4.0 (compatible; MSIE 6.0; Windows NT 5.1)"
82.99.30.18 - - [16/Mar/2009:20:43:27 +0100] "GET /DgH/watch/pict/Watch-DgH06.jpg HTTP/1.0" 200 12152 "http://www.various-euro.com/DgH/watch/index.html" "Mozilla/4.0 (compatible; MSIE 6.0; Windows NT 5.1)"
82.99.30.18 - - [16/Mar/2009:20:43:27 +0100] "GET /DgH/watch/pict/Watch-DgH05.jpg HTTP/1.0" 200 12152 "http://www.various-euro.com/DgH/watch/index.html" "Mozilla/4.0 (compatible; MSIE 6.0; Windows NT 5.1)"
82.99.30.18 - - [16/Mar/2009:20:43:27 +0100] "GET /DgH/watch/pict/Watch-DgH03.jpg HTTP/1.0" 200 12152 "http://www.various-euro.com/DgH/watch/index.html" "Mozilla/4.0 (compatible; MSIE 6.0; Windows NT 5.1)"
82.99.30.18 - - [16/Mar/2009:20:43:27 +0100] "GET /DgH/watch/pict/Watch-DgH07.jpg HTTP/1.0" 200 12152 "http://www.various-euro.com/DgH/watch/index.html" "Mozilla/4.0 (compatible; MSIE 6.0; Windows NT 5.1)"
82.99.30.18 - - [16/Mar/2009:20:43:27 +0100] "GET /DgH/watch/pict/Watch-DgH09.jpg HTTP/1.0" 200 12152 "http://www.various-euro.com/DgH/watch/index.html" "Mozilla/4.0 (compatible; MSIE 6.0; Windows NT 5.1)"
82.99.30.18 - - [16/Mar/2009:20:43:27 +0100] "GET /DgH/watch/pict/Watch-DgH04.jpg HTTP/1.0" 200 12152 "http://www.various-euro.com/DgH/watch/index.html" "Mozilla/4.0 (compatible; MSIE 6.0; Windows NT 5.1)"
82.99.30.18 - - [16/Mar/2009:20:43:27 +0100] "GET /DgH/watch/pict/Watch-DgH02.jpg HTTP/1.0" 200 12152 "http://www.various-euro.com/DgH/watch/index.html" "Mozilla/4.0 (compatible; MSIE 6.0; Windows NT 5.1)"
82.99.30.18 - - [16/Mar/2009:20:43:27 +0100] "GET /DgH/watch/pict/Watch-DgH10.jpg HTTP/1.0" 200 12152 "http://www.various-euro.com/DgH/watch/index.html" "Mozilla/4.0 (compatible; MSIE 6.0; Windows NT 5.1)"
82.99.30.18 - - [16/Mar/2009:20:43:27 +0100] "GET /DgH/watch/pict/GNouFL-IS.jpg HTTP/1.0" 200 23320 "http://www.various-euro.com/DgH/watch/index.html" "Mozilla/4.0 (compatible; MSIE 6.0; Windows NT 5.1)"
82.99.30.18 - - [16/Mar/2009:20:43:27 +0100] "GET /DgH/watch/pict/Watch.mp3 HTTP/1.0" 200 29938 "http://www.various-euro.com/DgH/watch/index.html" "Mozilla/4.0 (compatible; MSIE 6.0; Windows NT 5.1)"
82.99.30.32 - - [16/Mar/2009:20:45:50 +0100] "GET /DgH/bull/pict/BullGNFL.jpg HTTP/1.0" 200 20466 "http://www.various-euro.com/DgH/bull/index.html" "Mozilla/4.0 (compatible; MSIE 6.0; Windows NT 5.1)"
220.181.61.234 - - [16/Mar/2009:21:03:20 +0100] "GET / HTTP/1.1" 200 7869 "-" "Sogou web spider/4.0(+http://www.sogou.com/docs/help/webmasters.htm#07)"
220.181.61.234 - - [16/Mar/2009:21:03:27 +0100] "GET /framez_0.html HTTP/1.1" 200 12444 "-" "Sogou web spider/4.0(+http://www.sogou.com/docs/help/webmasters.htm#07)"
74.6.8.105 - - [16/Mar/2009:21:09:48 +0100] "GET /f-horrorkatze.html HTTP/1.0" 200 7865 "-" "Mozilla/5.0 (compatible; Yahoo! Slurp/3.0; http://help.yahoo.com/help/us/ysearch/slurp)"
38.100.41.113 - - [16/Mar/2009:21:10:49 +0100] "GET / HTTP/1.1" 200 7869 "-" "Mozilla/4.0 (compatible; MSIE 7.0; Windows NT 5.2)"
38.100.41.113 - - [16/Mar/2009:21:13:27 +0100] "GET /style/various-euro.css HTTP/1.1" 200 3437 "http://www.various-euro.com/" "Mozilla/4.0 (compatible; MSIE 7.0; Windows NT 5.2)"
38.100.41.113 - - [16/Mar/2009:21:13:33 +0100] "GET /framez.html HTTP/1.1" 200 3959 "http://www.various-euro.com/" "Mozilla/4.0 (compatible; MSIE 7.0; Windows NT 5.2)"
66.235.124.7 - - [16/Mar/2009:21:14:59 +0100] "GET /neon/girlz2.html HTTP/1.1" 200 2937 "-" "Mozilla/5.0 (compatible; Ask Jeeves/Teoma; +http://about.ask.com/en/docs/about/webmasters.shtml)"
38.100.41.113 - - [16/Mar/2009:21:16:03 +0100] "GET /frame-inhalt.html HTTP/1.1" 200 5418 "http://www.various-euro.com/framez.html" "Mozilla/4.0 (compatible; MSIE 7.0; Windows NT 5.2)"
38.100.41.113 - - [16/Mar/2009:21:16:04 +0100] "GET /frame-unten.html HTTP/1.1" 200 5308 "http://www.various-euro.com/framez.html" "Mozilla/4.0 (compatible; MSIE 7.0; Windows NT 5.2)"
38.100.41.113 - - [16/Mar/2009:21:16:04 +0100] "GET /frame-menu.html HTTP/1.1" 200 10536 "http://www.various-euro.com/framez.html" "Mozilla/4.0 (compatible; MSIE 7.0; Windows NT 5.2)"
38.100.41.113 - - [16/Mar/2009:21:18:01 +0100] "GET /f-sponsor.html HTTP/1.1" 200 8578 "http://www.various-euro.com/frame-menu.html" "Mozilla/4.0 (compatible; MSIE 7.0; Windows NT 5.2)"
38.100.41.113 - - [16/Mar/2009:21:18:01 +0100] "GET /f-contact.html HTTP/1.1" 200 6804 "http://www.various-euro.com/frame-menu.html" "Mozilla/4.0 (compatible; MSIE 7.0; Windows NT 5.2)"
38.100.41.113 - - [16/Mar/2009:21:18:01 +0100] "GET /f-other.html HTTP/1.1" 200 32997 "http://www.various-euro.com/frame-menu.html" "Mozilla/4.0 (compatible; MSIE 7.0; Windows NT 5.2)"
38.100.41.113 - - [16/Mar/2009:21:18:34 +0100] "GET /f-other.html HTTP/1.1" 200 32997 "http://www.various-euro.com/frame-menu.html" "Mozilla/4.0 (compatible; MSIE 7.0; Windows NT 5.2)"
38.100.41.113 - - [16/Mar/2009:21:19:04 +0100] "GET /f-other.html HTTP/1.1" 200 32997 "http://www.various-euro.com/frame-menu.html" "Mozilla/4.0 (compatible; MSIE 7.0; Windows NT 5.2)"
38.100.41.113 - - [16/Mar/2009:21:20:08 +0100] "GET /freetransform.jar HTTP/1.1" 404 2748 "http://www.various-euro.com/f-other.html" "Mozilla/4.0 (compatible; MSIE 7.0; Windows NT 5.2)"
81.52.143.31 - - [16/Mar/2009:21:23:45 +0100] "GET /robots.txt HTTP/1.1" 200 64 "-" "Mozilla/5.0 (Windows; U; Windows NT 5.1; fr; rv:1.8.1) VoilaBot BETA 1.2 (support.voilabot@orange-ftgroup.com)"
81.52.143.31 - - [16/Mar/2009:21:23:59 +0100] "GET /warez.html HTTP/1.1" 200 9754 "-" "Mozilla/5.0 (Windows; U; Windows NT 5.1; fr; rv:1.8.1) VoilaBot BETA 1.2 (support.voilabot@orange-ftgroup.com)"
64.1.215.165 - - [16/Mar/2009:21:38:35 +0100] "GET /robots.txt HTTP/1.0" 200 64 "-" "Mozilla/5.0 (Twiceler-0.9 http://www.cuil.com/twiceler/robot.html)"
203.183.229.200 - - [16/Mar/2009:22:07:27 +0100] "GET http://various-euro.com/cgi-bin/r_manage.cgi HTTP/1.0" 404 2748 "http://various-euro.com/cgi-bin/r_manage.cgi" "Mozilla/4.0 (compatible; MSIE 6.0; Windows NT 5.1)"
64.56.67.97 - - [16/Mar/2009:22:25:14 +0100] "GET /robots.txt HTTP/1.0" 200 64 "-" "cn_com_viewer (larbin2.6.3@unspecified.mail)"
64.56.67.97 - - [16/Mar/2009:22:29:05 +0100] "GET / HTTP/1.0" 200 7869 "-" "cn_com_viewer larbin2.6.3@unspecified.mail"
67.195.37.89 - - [16/Mar/2009:22:45:55 +0100] "GET /robots.txt HTTP/1.0" 200 64 "-" "Mozilla/5.0 (compatible; Yahoo! Slurp; http://help.yahoo.com/help/us/ysearch/slurp)"
67.195.37.89 - - [16/Mar/2009:22:45:56 +0100] "GET /logz_old.html HTTP/1.0" 404 2748 "-" "Mozilla/5.0 (compatible; Yahoo! Slurp/3.0; http://help.yahoo.com/help/us/ysearch/slurp)"
74.6.8.105 - - [16/Mar/2009:23:04:42 +0100] "GET /schubb/schubb-3.html HTTP/1.0" 200 17546 "-" "Mozilla/5.0 (compatible; Yahoo! Slurp/3.0; http://help.yahoo.com/help/us/ysearch/slurp)"
66.249.71.249 - - [16/Mar/2009:23:07:39 +0100] "GET /triple-double-u/ HTTP/1.1" 403 1223 "-" "Mozilla/5.0 (compatible; Googlebot/2.1; +http://www.google.com/bot.html)"
67.195.37.89 - - [16/Mar/2009:23:22:43 +0100] "GET /robots.txt HTTP/1.0" 200 64 "-" "Mozilla/5.0 (compatible; Yahoo! Slurp; http://help.yahoo.com/help/us/ysearch/slurp)"
67.195.37.89 - - [16/Mar/2009:23:22:43 +0100] "GET /logs/usage_200704.html HTTP/1.0" 200 108835 "-" "Mozilla/5.0 (compatible; Yahoo! Slurp/3.0; http://help.yahoo.com/help/us/ysearch/slurp)"
74.6.8.105 - - [17/Mar/2009:00:06:59 +0100] "GET /f-net.html HTTP/1.0" 200 9913 "-" "Mozilla/5.0 (compatible; Yahoo! Slurp/3.0; http://help.yahoo.com/help/us/ysearch/slurp)"
66.249.71.249 - - [17/Mar/2009:00:29:35 +0100] "GET /schubb/schubb-2.html HTTP/1.1" 200 16660 "-" "Mozilla/5.0 (compatible; Googlebot/2.1; +http://www.google.com/bot.html)"
193.252.149.16 - - [17/Mar/2009:00:34:37 +0100] "GET /robots.txt HTTP/1.1" 200 64 "-" "Mozilla/5.0 (Windows; U; Windows NT 5.1; fr; rv:1.8.1) VoilaBot BETA 1.2 (support.voilabot@orange-ftgroup.com)"
193.252.149.16 - - [17/Mar/2009:00:34:53 +0100] "GET /frame-inhalt.html HTTP/1.1" 200 5418 "-" "Mozilla/5.0 (Windows; U; Windows NT 5.1; fr; rv:1.8.1) VoilaBot BETA 1.2 (support.voilabot@orange-ftgroup.com)"
114.111.36.26 - - [17/Mar/2009:00:43:01 +0100] "GET /robots.txt HTTP/1.1" 200 64 "-" "Mozilla/4.0 (compatible; NaverBot/1.0; http://help.naver.com/customer_webtxt_02.jsp)"
114.111.36.26 - - [17/Mar/2009:00:43:21 +0100] "GET / HTTP/1.1" 200 7869 "-" "Mozilla/4.0 (compatible; NaverBot/1.0; http://help.naver.com/customer_webtxt_02.jsp)"
67.195.37.165 - - [17/Mar/2009:00:49:14 +0100] "GET /robots.txt HTTP/1.0" 200 64 "-" "Mozilla/5.0 (compatible; Yahoo! Slurp; http://help.yahoo.com/help/us/ysearch/slurp)"
67.195.37.165 - - [17/Mar/2009:00:49:14 +0100] "GET /f-zeug.html HTTP/1.0" 200 48203 "-" "Mozilla/5.0 (compatible; Yahoo! Slurp/3.0; http://help.yahoo.com/help/us/ysearch/slurp)"
74.6.8.105 - - [17/Mar/2009:00:53:01 +0100] "GET /f-horrorkatze.html HTTP/1.0" 200 7865 "-" "Mozilla/5.0 (compatible; Yahoo! Slurp/3.0; http://help.yahoo.com/help/us/ysearch/slurp)"
67.195.37.165 - - [17/Mar/2009:00:56:15 +0100] "GET /bmpp/euro_pal_111.html HTTP/1.0" 200 2129 "-" "Mozilla/5.0 (compatible; Yahoo! Slurp/3.0; http://help.yahoo.com/help/us/ysearch/slurp)"
67.195.37.165 - - [17/Mar/2009:00:56:59 +0100] "GET /frame-inhalt.html HTTP/1.0" 200 5418 "-" "Mozilla/5.0 (compatible; Yahoo! Slurp/3.0; http://help.yahoo.com/help/us/ysearch/slurp)"
67.195.37.165 - - [17/Mar/2009:00:56:59 +0100] "GET /style/various-euro.css HTTP/1.0" 200 3437 "http://www.various-euro.com/frame-inhalt.html" "Mozilla/5.0 (compatible; Yahoo! Slurp/3.0; http://help.yahoo.com/help/us/ysearch/slurp)"
67.195.37.165 - - [17/Mar/2009:00:57:08 +0100] "GET /f-bannnerz.html HTTP/1.0" 200 12651 "-" "Mozilla/5.0 (compatible; Yahoo! Slurp/3.0; http://help.yahoo.com/help/us/ysearch/slurp)"
67.195.37.165 - - [17/Mar/2009:00:57:30 +0100] "GET /your_tour.html HTTP/1.0" 200 29760 "-" "Mozilla/5.0 (compatible; Yahoo! Slurp/3.0; http://help.yahoo.com/help/us/ysearch/slurp)"
67.195.37.165 - - [17/Mar/2009:00:57:30 +0100] "GET /anon.css HTTP/1.0" 404 2748 "http://www.various-euro.com/your_tour.html" "Mozilla/5.0 (compatible; Yahoo! Slurp/3.0; http://help.yahoo.com/help/us/ysearch/slurp)"
66.249.71.249 - - [17/Mar/2009:00:59:45 +0100] "GET /f-euro.html HTTP/1.1" 200 12203 "-" "Mozilla/5.0 (compatible; Googlebot/2.1; +http://www.google.com/bot.html)"
66.249.71.249 - - [17/Mar/2009:01:03:21 +0100] "GET /bmpp/crashhA.html HTTP/1.1" 200 15304 "-" "Mozilla/5.0 (compatible; Googlebot/2.1; +http://www.google.com/bot.html)"
66.249.71.249 - - [17/Mar/2009:01:21:20 +0100] "GET /framez-schubb2.html HTTP/1.1" 200 4314 "-" "Mozilla/5.0 (compatible; Googlebot/2.1; +http://www.google.com/bot.html)"
81.52.143.32 - - [17/Mar/2009:01:21:49 +0100] "GET /robots.txt HTTP/1.1" 200 64 "-" "Mozilla/5.0 (Windows; U; Windows NT 5.1; fr; rv:1.8.1) VoilaBot BETA 1.2 (support.voilabot@orange-ftgroup.com)"
81.52.143.32 - - [17/Mar/2009:01:22:03 +0100] "GET /f-web.html HTTP/1.1" 200 13605 "-" "Mozilla/5.0 (Windows; U; Windows NT 5.1; fr; rv:1.8.1) VoilaBot BETA 1.2 (support.voilabot@orange-ftgroup.com)"
66.249.71.249 - - [17/Mar/2009:01:24:55 +0100] "GET /f-actions.html HTTP/1.1" 200 10429 "-" "Mozilla/5.0 (compatible; Googlebot/2.1; +http://www.google.com/bot.html)"
85.66.137.215 - - [17/Mar/2009:01:49:43 +0100] "GET http://various-euro.com/cgi-bin/msbill/revshare/joinpage.cgi?p=../cgi-bin/.passwd.htm HTTP/1.0" 404 2748 "http://various-euro.com/cgi-bin/msbill/revshare/joinpage.cgi?p=../cgi-bin/.passwd.htm" "Mozilla/4.0 (compatible; MSIE 6.0; Windows NT 5.1)"
85.66.137.215 - - [17/Mar/2009:01:49:43 +0100] "GET http://various-euro.com/.ccbill/cgi-bin/add-passwd.cgi HTTP/1.0" 404 2748 "http://various-euro.com/.ccbill/cgi-bin/add-passwd.cgi" "Mozilla/4.0 (compatible; MSIE 6.0; Windows NT 5.1)"
85.66.137.215 - - [17/Mar/2009:01:49:43 +0100] "GET http://various-euro.com/cgi-bin/htmlscript?../../../../etc/passwd HTTP/1.0" 404 2748 "http://various-euro.com/cgi-bin/htmlscript?../../../../etc/passwd" "Mozilla/4.0 (compatible; MSIE 6.0; Windows NT 5.1)"
85.66.137.215 - - [17/Mar/2009:01:49:43 +0100] "GET http://various-euro.com/ccbill/members/.htaccess HTTP/1.0" 404 2748 "http://various-euro.com/ccbill/members/.htaccess" "Mozilla/4.0 (compatible; MSIE 6.0; Windows NT 5.1)"
66.249.71.15 - - [17/Mar/2009:01:50:10 +0100] "GET /robots.txt HTTP/1.1" 302 363 "-" "Mozilla/5.0 (compatible; Googlebot/2.1; +http://www.google.com/bot.html)"
66.249.71.249 - - [17/Mar/2009:01:50:11 +0100] "GET /zampa/robots.txt HTTP/1.1" 404 2748 "-" "Mozilla/5.0 (compatible; Googlebot/2.1; +http://www.google.com/bot.html)"
66.249.71.15 - - [17/Mar/2009:01:50:11 +0100] "GET / HTTP/1.1" 302 353 "-" "Mozilla/5.0 (compatible; Googlebot/2.1; +http://www.google.com/bot.html)"
66.249.71.249 - - [17/Mar/2009:01:50:11 +0100] "GET /zampa/ HTTP/1.1" 200 7153 "-" "Mozilla/5.0 (compatible; Googlebot/2.1; +http://www.google.com/bot.html)"
81.52.143.26 - - [17/Mar/2009:02:20:47 +0100] "GET /neon/annniiii.html HTTP/1.1" 200 686 "-" "Mozilla/5.0 (Windows; U; Windows NT 5.1; fr; rv:1.8.1) VoilaBot BETA 1.2 (support.voilabot@orange-ftgroup.com)"
65.55.231.128 - - [17/Mar/2009:02:42:25 +0100] "GET /robots.txt HTTP/1.1" 200 64 "-" "msnbot-media/1.1 (+http://search.msn.com/msnbot.htm)"
65.55.231.128 - - [17/Mar/2009:02:42:25 +0100] "GET /rez/ma.jpg HTTP/1.1" 200 12893 "-" "msnbot-media/1.1 (+http://search.msn.com/msnbot.htm)"
66.249.71.249 - - [17/Mar/2009:02:44:26 +0100] "GET /3dsf3/sendi/rituals.html HTTP/1.1" 200 1411 "-" "Mozilla/5.0 (compatible; Googlebot/2.1; +http://www.google.com/bot.html)"
74.6.8.105 - - [17/Mar/2009:02:45:13 +0100] "GET /robots.txt HTTP/1.0" 200 64 "-" "Mozilla/5.0 (compatible; Yahoo! Slurp; http://help.yahoo.com/help/us/ysearch/slurp)"
74.6.8.105 - - [17/Mar/2009:02:45:13 +0100] "GET /framez-rez.html HTTP/1.0" 200 4323 "-" "Mozilla/5.0 (compatible; Yahoo! Slurp/3.0; http://help.yahoo.com/help/us/ysearch/slurp)"
74.6.8.105 - - [17/Mar/2009:02:45:14 +0100] "GET /frame-menu.html HTTP/1.0" 200 10536 "http://www.various-euro.com/framez-rez.html" "Mozilla/5.0 (compatible; Yahoo! Slurp/3.0; http://help.yahoo.com/help/us/ysearch/slurp)"
74.6.8.105 - - [17/Mar/2009:02:45:14 +0100] "GET /f-rez.html HTTP/1.0" 200 9765 "http://www.various-euro.com/framez-rez.html" "Mozilla/5.0 (compatible; Yahoo! Slurp/3.0; http://help.yahoo.com/help/us/ysearch/slurp)"
74.6.8.105 - - [17/Mar/2009:02:45:14 +0100] "GET /frame-unten.html HTTP/1.0" 200 5308 "http://www.various-euro.com/framez-rez.html" "Mozilla/5.0 (compatible; Yahoo! Slurp/3.0; http://help.yahoo.com/help/us/ysearch/slurp)"
74.6.8.105 - - [17/Mar/2009:02:45:14 +0100] "GET /style/various-euro.css HTTP/1.0" 304 - "http://www.various-euro.com/frame-menu.html" "Mozilla/5.0 (compatible; Yahoo! Slurp/3.0; http://help.yahoo.com/help/us/ysearch/slurp)"
74.6.8.105 - - [17/Mar/2009:02:53:22 +0100] "GET /DgH/ HTTP/1.0" 200 5024 "-" "Mozilla/5.0 (compatible; Yahoo! Slurp/3.0; http://help.yahoo.com/help/us/ysearch/slurp)"
74.6.8.105 - - [17/Mar/2009:03:19:41 +0100] "GET /f-web.html HTTP/1.0" 200 13605 "-" "Mozilla/5.0 (compatible; Yahoo! Slurp/3.0; http://help.yahoo.com/help/us/ysearch/slurp)"
81.52.143.35 - - [17/Mar/2009:04:25:17 +0100] "GET /robots.txt HTTP/1.1" 200 64 "-" "Mozilla/5.0 (Windows; U; Windows NT 5.1; fr; rv:1.8.1) VoilaBot BETA 1.2 (support.voilabot@orange-ftgroup.com)"
81.52.143.35 - - [17/Mar/2009:04:25:33 +0100] "GET /neon/warning2.html HTTP/1.1" 200 997 "-" "Mozilla/5.0 (Windows; U; Windows NT 5.1; fr; rv:1.8.1) VoilaBot BETA 1.2 (support.voilabot@orange-ftgroup.com)"
74.6.8.105 - - [17/Mar/2009:04:32:08 +0100] "GET /schubb/schubb-1.html HTTP/1.0" 200 9070 "-" "Mozilla/5.0 (compatible; Yahoo! Slurp/3.0; http://help.yahoo.com/help/us/ysearch/slurp)"
66.235.124.61 - - [17/Mar/2009:04:45:10 +0100] "GET /framez-girlz.html HTTP/1.1" 200 4271 "-" "Mozilla/5.0 (compatible; Ask Jeeves/Teoma; +http://about.ask.com/en/docs/about/webmasters.shtml)"
66.235.124.61 - - [17/Mar/2009:04:45:10 +0100] "GET /neon/girlz2.html HTTP/1.1" 200 2937 "-" "Mozilla/5.0 (compatible; Ask Jeeves/Teoma; +http://about.ask.com/en/docs/about/webmasters.shtml)"
67.195.37.165 - - [17/Mar/2009:04:48:08 +0100] "GET /framez_0.html HTTP/1.0" 200 12444 "-" "Mozilla/5.0 (compatible; Yahoo! Slurp/3.0; http://help.yahoo.com/help/us/ysearch/slurp)"
67.195.37.165 - - [17/Mar/2009:04:48:18 +0100] "GET /frame-unten.html HTTP/1.0" 200 5308 "-" "Mozilla/5.0 (compatible; Yahoo! Slurp/3.0; http://help.yahoo.com/help/us/ysearch/slurp)"
66.235.124.61 - - [17/Mar/2009:04:48:31 +0100] "GET /framez.html HTTP/1.1" 200 3959 "-" "Mozilla/5.0 (compatible; Ask Jeeves/Teoma; +http://about.ask.com/en/docs/about/webmasters.shtml)"
81.52.143.29 - - [17/Mar/2009:04:52:14 +0100] "GET /f-warez.html HTTP/1.1" 200 10953 "-" "Mozilla/5.0 (Windows; U; Windows NT 5.1; fr; rv:1.8.1) VoilaBot BETA 1.2 (support.voilabot@orange-ftgroup.com)"
65.55.108.166 - - [17/Mar/2009:04:54:42 +0100] "GET /robots.txt HTTP/1.1" 200 64 "-" "msnbot-media/1.1 (+http://search.msn.com/msnbot.htm)"
65.55.108.166 - - [17/Mar/2009:04:54:42 +0100] "GET /bannerz/main-2.gif HTTP/1.1" 200 13802 "-" "msnbot-media/1.1 (+http://search.msn.com/msnbot.htm)"
117.199.113.37 - - [17/Mar/2009:04:56:46 +0100] "GET /f-zeug.html HTTP/1.1" 200 48203 "-" "Mozilla/4.0 (compatible; MSIE 6.0; Windows NT 5.0)"
81.52.143.16 - - [17/Mar/2009:05:07:51 +0100] "GET /frame-unten.html HTTP/1.1" 200 5308 "-" "Mozilla/5.0 (Windows; U; Windows NT 5.1; fr; rv:1.8.1) VoilaBot BETA 1.2 (support.voilabot@orange-ftgroup.com)"
76.108.49.163 - - [17/Mar/2009:05:24:32 +0100] "GET /f-zeug.html HTTP/1.1" 200 48203 "-" "Mozilla/4.0 (compatible; MSIE 6.0; Windows NT 5.0)"
81.52.143.32 - - [17/Mar/2009:06:42:32 +0100] "GET /schubb/schubb-2.html HTTP/1.1" 200 16660 "-" "Mozilla/5.0 (Windows; U; Windows NT 5.1; fr; rv:1.8.1) VoilaBot BETA 1.2 (support.voilabot@orange-ftgroup.com)"
66.235.124.7 - - [17/Mar/2009:06:54:23 +0100] "GET /robots.txt HTTP/1.1" 200 64 "-" "Mozilla/5.0 (compatible; Ask Jeeves/Teoma; +http://about.ask.com/en/docs/about/webmasters.shtml)"
66.235.124.7 - - [17/Mar/2009:06:54:38 +0100] "GET / HTTP/1.1" 200 7869 "-" "Mozilla/5.0 (compatible; Ask Jeeves/Teoma; +http://about.ask.com/en/docs/about/webmasters.shtml)"
81.52.143.34 - - [17/Mar/2009:07:06:42 +0100] "GET /neon/warning.html HTTP/1.1" 200 5134 "-" "Mozilla/5.0 (Windows; U; Windows NT 5.1; fr; rv:1.8.1) VoilaBot BETA 1.2 (support.voilabot@orange-ftgroup.com)"
193.252.149.16 - - [17/Mar/2009:07:48:42 +0100] "GET / HTTP/1.1" 200 7869 "-" "Mozilla/5.0 (Windows; U; Windows NT 5.1; fr; rv:1.8.1) VoilaBot BETA 1.2 (support.voilabot@orange-ftgroup.com)"
38.113.234.181 - - [17/Mar/2009:08:06:59 +0100] "GET /robots.txt HTTP/1.1" 200 64 "-" "voyager/2.0 (http://www.kosmix.com/crawler.html)"
82.161.231.16 - - [17/Mar/2009:08:22:17 +0100] "GET / HTTP/1.0" 200 7869 "-" "Mozilla/2.0 (compatible; MSIE 3.0B; Windows NT)"
85.66.137.215 - - [17/Mar/2009:08:49:51 +0100] "GET http://various-euro.com/isupport/index.php?include_file=../../../../../etc/passwd HTTP/1.0" 404 2748 "http://various-euro.com/isupport/index.php?include_file=../../../../../etc/passwd" "Mozilla/4.0 (compatible; MSIE 6.0; Windows NT 5.1)"
67.195.37.175 - - [17/Mar/2009:08:56:28 +0100] "GET /robots.txt HTTP/1.0" 200 64 "-" "Mozilla/5.0 (compatible; Yahoo! Slurp; http://help.yahoo.com/help/us/ysearch/slurp)"
67.195.37.175 - - [17/Mar/2009:08:56:30 +0100] "GET /DgH/orginal/index.html HTTP/1.0" 200 1727 "-" "Mozilla/5.0 (compatible; Yahoo! Slurp; http://help.yahoo.com/help/us/ysearch/slurp)"
65.55.230.241 - - [17/Mar/2009:09:16:25 +0100] "GET /robots.txt HTTP/1.1" 200 64 "-" "msnbot-media/1.1 (+http://search.msn.com/msnbot.htm)"
65.55.230.241 - - [17/Mar/2009:09:16:25 +0100] "GET /framez.html HTTP/1.1" 200 3959 "-" "msnbot-media/1.1 (+http://search.msn.com/msnbot.htm)"
66.249.71.249 - - [17/Mar/2009:09:17:48 +0100] "GET /framez-rez.html HTTP/1.1" 200 4323 "-" "SAMSUNG-SGH-E250/1.0 Profile/MIDP-2.0 Configuration/CLDC-1.1 UP.Browser/6.2.3.3.c.1.101 (GUI) MMP/2.0 (compatible; Googlebot-Mobile/2.1; +http://www.google.com/bot.html)"
61.247.222.54 - - [17/Mar/2009:09:23:51 +0100] "GET /robots.txt HTTP/1.1" 200 64 "-" "Yeti/1.0 (NHN Corp.; http://help.naver.com/robots/)"
61.247.222.54 - - [17/Mar/2009:09:23:52 +0100] "GET / HTTP/1.1" 200 7869 "-" "Yeti/1.0 (NHN Corp.; http://help.naver.com/robots/)"
61.247.222.48 - - [17/Mar/2009:09:24:03 +0100] "GET /style/various-euro.css HTTP/1.1" 200 3437 "-" "Yeti/1.0 (NHN Corp.; http://help.naver.com/robots/)"
67.195.37.165 - - [17/Mar/2009:09:29:24 +0100] "GET /zampa/montenegro/index.html HTTP/1.0" 200 2651 "-" "Mozilla/5.0 (compatible; Yahoo! Slurp; http://help.yahoo.com/help/us/ysearch/slurp)"
81.52.143.33 - - [17/Mar/2009:09:31:04 +0100] "GET /schubb/schubb-1.html HTTP/1.1" 200 9070 "-" "Mozilla/5.0 (Windows; U; Windows NT 5.1; fr; rv:1.8.1) VoilaBot BETA 1.2 (support.voilabot@orange-ftgroup.com)"
67.195.37.165 - - [17/Mar/2009:09:32:42 +0100] "GET /DgH/bull/index.html HTTP/1.0" 200 1915 "-" "Mozilla/5.0 (compatible; Yahoo! Slurp; http://help.yahoo.com/help/us/ysearch/slurp)"
74.6.8.105 - - [17/Mar/2009:10:06:30 +0100] "GET /your_tour.html HTTP/1.0" 200 29760 "-" "Mozilla/5.0 (compatible; Yahoo! Slurp/3.0; http://help.yahoo.com/help/us/ysearch/slurp)"
74.6.8.105 - - [17/Mar/2009:10:06:39 +0100] "GET /anon.css HTTP/1.0" 404 2748 "http://www.various-euro.com/your_tour.html" "Mozilla/5.0 (compatible; Yahoo! Slurp/3.0; http://help.yahoo.com/help/us/ysearch/slurp)"
67.195.37.165 - - [17/Mar/2009:10:11:43 +0100] "GET /schubb/schubb-4.html HTTP/1.0" 200 17746 "-" "Mozilla/5.0 (compatible; Yahoo! Slurp/3.0; http://help.yahoo.com/help/us/ysearch/slurp)"
87.250.39.216 - - [17/Mar/2009:10:55:24 +0100] "GET /favicon.ico HTTP/1.1" 302 364 "-" "Mozilla/4.0 (compatible; GoogleToolbar 5.0.2124.6042; Windows XP 5.1; MSIE 7.0.5730.13)"
87.250.39.216 - - [17/Mar/2009:10:55:25 +0100] "GET /zampa/favicon.ico HTTP/1.1" 404 2748 "-" "Mozilla/4.0 (compatible; GoogleToolbar 5.0.2124.6042; Windows XP 5.1; MSIE 7.0.5730.13)"
87.250.39.216 - - [17/Mar/2009:10:55:28 +0100] "GET /favicon.gif HTTP/1.1" 302 364 "-" "Mozilla/4.0 (compatible; GoogleToolbar 5.0.2124.6042; Windows XP 5.1; MSIE 7.0.5730.13)"
87.250.39.216 - - [17/Mar/2009:10:55:28 +0100] "GET /zampa/favicon.gif HTTP/1.1" 404 2748 "-" "Mozilla/4.0 (compatible; GoogleToolbar 5.0.2124.6042; Windows XP 5.1; MSIE 7.0.5730.13)"
87.250.39.216 - - [17/Mar/2009:11:00:04 +0100] "GET /favicon.ico HTTP/1.1" 302 364 "-" "Mozilla/4.0 (compatible; GoogleToolbar 5.0.2124.6042; Windows XP 5.1; MSIE 7.0.5730.13)"
87.250.39.216 - - [17/Mar/2009:11:00:04 +0100] "GET /favicon.ico HTTP/1.1" 302 364 "-" "Mozilla/4.0 (compatible; GoogleToolbar 5.0.2124.6042; Windows XP 5.1; MSIE 7.0.5730.13)"
87.250.39.216 - - [17/Mar/2009:11:00:04 +0100] "GET /zampa/favicon.ico HTTP/1.1" 404 2748 "-" "Mozilla/4.0 (compatible; GoogleToolbar 5.0.2124.6042; Windows XP 5.1; MSIE 7.0.5730.13)"
87.250.39.216 - - [17/Mar/2009:11:00:04 +0100] "GET /zampa/favicon.ico HTTP/1.1" 404 2748 "-" "Mozilla/4.0 (compatible; GoogleToolbar 5.0.2124.6042; Windows XP 5.1; MSIE 7.0.5730.13)"
87.250.39.216 - - [17/Mar/2009:11:00:04 +0100] "GET /favicon.gif HTTP/1.1" 302 364 "-" "Mozilla/4.0 (compatible; GoogleToolbar 5.0.2124.6042; Windows XP 5.1; MSIE 7.0.5730.13)"
87.250.39.216 - - [17/Mar/2009:11:00:04 +0100] "GET /favicon.gif HTTP/1.1" 302 364 "-" "Mozilla/4.0 (compatible; GoogleToolbar 5.0.2124.6042; Windows XP 5.1; MSIE 7.0.5730.13)"
87.250.39.216 - - [17/Mar/2009:11:00:04 +0100] "GET /zampa/favicon.gif HTTP/1.1" 404 2748 "-" "Mozilla/4.0 (compatible; GoogleToolbar 5.0.2124.6042; Windows XP 5.1; MSIE 7.0.5730.13)"
87.250.39.216 - - [17/Mar/2009:11:00:04 +0100] "GET /zampa/favicon.gif HTTP/1.1" 404 2748 "-" "Mozilla/4.0 (compatible; GoogleToolbar 5.0.2124.6042; Windows XP 5.1; MSIE 7.0.5730.13)"
87.250.39.216 - - [17/Mar/2009:11:00:46 +0100] "GET /favicon.ico HTTP/1.1" 302 364 "-" "Mozilla/4.0 (compatible; GoogleToolbar 5.0.2124.6042; Windows XP 5.1; MSIE 7.0.5730.13)"
87.250.39.216 - - [17/Mar/2009:11:00:46 +0100] "GET /zampa/favicon.ico HTTP/1.1" 404 2748 "-" "Mozilla/4.0 (compatible; GoogleToolbar 5.0.2124.6042; Windows XP 5.1; MSIE 7.0.5730.13)"
87.250.39.216 - - [17/Mar/2009:11:00:46 +0100] "GET /favicon.gif HTTP/1.1" 302 364 "-" "Mozilla/4.0 (compatible; GoogleToolbar 5.0.2124.6042; Windows XP 5.1; MSIE 7.0.5730.13)"
87.250.39.216 - - [17/Mar/2009:11:00:46 +0100] "GET /zampa/favicon.gif HTTP/1.1" 404 2748 "-" "Mozilla/4.0 (compatible; GoogleToolbar 5.0.2124.6042; Windows XP 5.1; MSIE 7.0.5730.13)"
66.249.71.249 - - [17/Mar/2009:11:04:06 +0100] "GET /robots.txt HTTP/1.1" 200 64 "-" "Mozilla/5.0 (compatible; Googlebot/2.1; +http://www.google.com/bot.html)"
66.249.71.249 - - [17/Mar/2009:11:04:06 +0100] "GET /logs/usage_200903.html HTTP/1.1" 404 2748 "-" "Mozilla/5.0 (compatible; Googlebot/2.1; +http://www.google.com/bot.html)"
74.6.8.105 - - [17/Mar/2009:11:18:32 +0100] "GET /world.html HTTP/1.0" 200 16295 "-" "Mozilla/5.0 (compatible; Yahoo! Slurp/3.0; http://help.yahoo.com/help/us/ysearch/slurp)"
66.249.71.249 - - [17/Mar/2009:11:27:47 +0100] "GET /framez-rez.html HTTP/1.1" 200 4323 "-" "DoCoMo/2.0 N905i(c100;TB;W24H16) (compatible; Googlebot-Mobile/2.1; +http://www.google.com/bot.html)"
65.55.231.89 - - [17/Mar/2009:11:40:02 +0100] "GET /robots.txt HTTP/1.1" 200 64 "-" "msnbot-media/1.1 (+http://search.msn.com/msnbot.htm)"
65.55.231.89 - - [17/Mar/2009:11:40:02 +0100] "GET /logs/daily_usage_200706.png HTTP/1.1" 200 4091 "-" "msnbot-media/1.1 (+http://search.msn.com/msnbot.htm)"
74.6.8.105 - - [17/Mar/2009:12:00:27 +0100] "GET /schubb/schubb-2.html HTTP/1.0" 200 16660 "-" "Mozilla/5.0 (compatible; Yahoo! Slurp/3.0; http://help.yahoo.com/help/us/ysearch/slurp)"
74.6.8.105 - - [17/Mar/2009:12:08:33 +0100] "GET /framez-rez.html HTTP/1.0" 200 4323 "-" "Mozilla/5.0 (compatible; Yahoo! Slurp/3.0; http://help.yahoo.com/help/us/ysearch/slurp)"
74.6.8.105 - - [17/Mar/2009:12:08:35 +0100] "GET /frame-unten.html HTTP/1.0" 200 5308 "http://www.various-euro.com/framez-rez.html" "Mozilla/5.0 (compatible; Yahoo! Slurp/3.0; http://help.yahoo.com/help/us/ysearch/slurp)"
74.6.8.105 - - [17/Mar/2009:12:08:35 +0100] "GET /f-rez.html HTTP/1.0" 200 9765 "http://www.various-euro.com/framez-rez.html" "Mozilla/5.0 (compatible; Yahoo! Slurp/3.0; http://help.yahoo.com/help/us/ysearch/slurp)"
74.6.8.105 - - [17/Mar/2009:12:08:35 +0100] "GET /frame-menu.html HTTP/1.0" 200 10536 "http://www.various-euro.com/framez-rez.html" "Mozilla/5.0 (compatible; Yahoo! Slurp/3.0; http://help.yahoo.com/help/us/ysearch/slurp)"
74.6.8.105 - - [17/Mar/2009:12:08:37 +0100] "GET /style/various-euro.css HTTP/1.0" 304 - "http://www.various-euro.com/frame-menu.html" "Mozilla/5.0 (compatible; Yahoo! Slurp/3.0; http://help.yahoo.com/help/us/ysearch/slurp)"
65.55.220.216 - - [17/Mar/2009:12:10:22 +0100] "GET /robots.txt HTTP/1.1" 200 64 "-" "msnbot-media/1.1 (+http://search.msn.com/msnbot.htm)"
65.55.220.216 - - [17/Mar/2009:12:10:23 +0100] "GET /logs/hourly_usage_200706.png HTTP/1.1" 200 2216 "-" "msnbot-media/1.1 (+http://search.msn.com/msnbot.htm)"
74.6.8.105 - - [17/Mar/2009:12:44:00 +0100] "GET /neon/slow-walk-old.html HTTP/1.0" 200 1647 "-" "Mozilla/5.0 (compatible; Yahoo! Slurp/3.0; http://help.yahoo.com/help/us/ysearch/slurp)"
82.99.30.22 - - [17/Mar/2009:13:11:05 +0100] "GET /logs/hourly_usage_200712.png HTTP/1.0" 200 2232 "http://www.various-euro.com/logs/usage_200712.html" "Mozilla/4.0 (compatible; MSIE 6.0; Windows NT 5.1)"
82.99.30.22 - - [17/Mar/2009:13:11:05 +0100] "GET /logs/ctry_usage_200712.png HTTP/1.0" 200 3996 "http://www.various-euro.com/logs/usage_200712.html" "Mozilla/4.0 (compatible; MSIE 6.0; Windows NT 5.1)"
82.99.30.22 - - [17/Mar/2009:13:11:05 +0100] "GET /logs/daily_usage_200712.png HTTP/1.0" 200 3304 "http://www.various-euro.com/logs/usage_200712.html" "Mozilla/4.0 (compatible; MSIE 6.0; Windows NT 5.1)"
82.99.30.22 - - [17/Mar/2009:13:11:05 +0100] "GET /sendi-agent/Interfiction-sendi.mpg HTTP/1.0" 200 13300252 "http://www.various-euro.com/logs/usage_200712.html" "Mozilla/4.0 (compatible; MSIE 6.0; Windows NT 5.1)"
82.99.30.22 - - [17/Mar/2009:13:11:05 +0100] "GET /sendi-agent/Interfiction-sendi.avi HTTP/1.0" 200 34633728 "http://www.various-euro.com/logs/usage_200712.html" "Mozilla/4.0 (compatible; MSIE 6.0; Windows NT 5.1)"
82.99.30.22 - - [17/Mar/2009:13:11:05 +0100] "GET /rez/fisztfull.mp4 HTTP/1.0" 200 5973230 "http://www.various-euro.com/logs/usage_200712.html" "Mozilla/4.0 (compatible; MSIE 6.0; Windows NT 5.1)"
82.99.30.22 - - [17/Mar/2009:13:11:06 +0100] "GET /sendi-agent/Interfiction-sendi.mpg HTTP/1.0" 200 13300252 "http://www.various-euro.com/logs/usage_200712.html" "Mozilla/4.0 (compatible; MSIE 6.0; Windows NT 5.1)"
82.99.30.22 - - [17/Mar/2009:13:11:06 +0100] "GET /rez/fisztfull.mp4 HTTP/1.0" 200 5973230 "http://www.various-euro.com/logs/usage_200712.html" "Mozilla/4.0 (compatible; MSIE 6.0; Windows NT 5.1)"
74.6.8.105 - - [17/Mar/2009:13:28:29 +0100] "GET /bmpp/euro_pal_1.html HTTP/1.0" 200 18252 "-" "Mozilla/5.0 (compatible; Yahoo! Slurp/3.0; http://help.yahoo.com/help/us/ysearch/slurp)"
66.235.124.7 - - [17/Mar/2009:13:29:15 +0100] "GET /robots.txt HTTP/1.1" 200 64 "-" "Mozilla/5.0 (compatible; Ask Jeeves/Teoma; +http://about.ask.com/en/docs/about/webmasters.shtml)"
66.235.124.7 - - [17/Mar/2009:13:29:30 +0100] "GET /zampa-lovers/index.html HTTP/1.1" 200 37790 "-" "Mozilla/5.0 (compatible; Ask Jeeves/Teoma; +http://about.ask.com/en/docs/about/webmasters.shtml)"
74.86.223.42 - - [17/Mar/2009:13:55:31 +0100] "GET / HTTP/1.1" 206 7869 "http://www.followsite.com/bot.html" "FollowSite Bot ( http://www.followsite.com/bot.html )"
88.131.106.6 - - [17/Mar/2009:14:38:57 +0100] "GET /robots.txt HTTP/1.0" 302 363 "-" "Speedy Spider (http://www.entireweb.com/about/search_tech/speedy_spider/)"
88.131.106.6 - - [17/Mar/2009:14:38:58 +0100] "GET / HTTP/1.0" 302 353 "-" "Speedy Spider (http://www.entireweb.com/about/search_tech/speedy_spider/)"
82.99.30.66 - - [17/Mar/2009:14:54:25 +0100] "GET /logs/daily_usage_200709.png HTTP/1.0" 200 4030 "http://www.various-euro.com/logs/usage_200709.html" "Mozilla/4.0 (compatible; MSIE 6.0; Windows NT 5.1)"
82.99.30.66 - - [17/Mar/2009:14:54:25 +0100] "GET /logs/hourly_usage_200709.png HTTP/1.0" 200 2259 "http://www.various-euro.com/logs/usage_200709.html" "Mozilla/4.0 (compatible; MSIE 6.0; Windows NT 5.1)"
82.99.30.66 - - [17/Mar/2009:14:54:25 +0100] "GET /logs/ctry_usage_200709.png HTTP/1.0" 200 5414 "http://www.various-euro.com/logs/usage_200709.html" "Mozilla/4.0 (compatible; MSIE 6.0; Windows NT 5.1)"
82.99.30.66 - - [17/Mar/2009:14:54:25 +0100] "GET /zampa-lovers/ZAMPAMAS.MPG HTTP/1.0" 200 520196 "http://www.various-euro.com/logs/usage_200709.html" "Mozilla/4.0 (compatible; MSIE 6.0; Windows NT 5.1)"
66.249.71.249 - - [17/Mar/2009:14:54:51 +0100] "GET /zampa/slike/inthearse.gif HTTP/1.1" 200 4077 "-" "Mozilla/5.0 (compatible; Googlebot/2.1; +http://www.google.com/bot.html)"
82.99.30.8 - - [17/Mar/2009:15:04:14 +0100] "GET /bannerz/horrorkatze/various-sendi.jpg HTTP/1.0" 200 6368 "http://www.various-euro.com/f-actions.html" "Mozilla/4.0 (compatible; MSIE 6.0; Windows NT 5.1)"
82.99.30.8 - - [17/Mar/2009:15:04:14 +0100] "GET /bannerz/canalbleu.gif HTTP/1.0" 200 2319 "http://www.various-euro.com/f-actions.html" "Mozilla/4.0 (compatible; MSIE 6.0; Windows NT 5.1)"
82.99.30.8 - - [17/Mar/2009:15:04:14 +0100] "GET /bannerz/pseudo.gif HTTP/1.0" 200 202305 "http://www.various-euro.com/f-actions.html" "Mozilla/4.0 (compatible; MSIE 6.0; Windows NT 5.1)"
82.99.30.8 - - [17/Mar/2009:15:04:14 +0100] "GET /bannerz/joerggruneberg_VARIOUS-EURO.gif HTTP/1.0" 200 231267 "http://www.various-euro.com/f-actions.html" "Mozilla/4.0 (compatible; MSIE 6.0; Windows NT 5.1)"
82.99.30.8 - - [17/Mar/2009:15:04:14 +0100] "GET /bannerz/flyer-front.jpg HTTP/1.0" 200 49246 "http://www.various-euro.com/f-actions.html" "Mozilla/4.0 (compatible; MSIE 6.0; Windows NT 5.1)"
82.99.30.8 - - [17/Mar/2009:15:04:14 +0100] "GET /bannerz/doom-ph.jpg HTTP/1.0" 200 69650 "http://www.various-euro.com/f-actions.html" "Mozilla/4.0 (compatible; MSIE 6.0; Windows NT 5.1)"
82.99.30.30 - - [17/Mar/2009:15:40:39 +0100] "GET /logs/hourly_usage_200710.png HTTP/1.0" 200 2249 "http://www.various-euro.com/logs/usage_200710.html" "Mozilla/4.0 (compatible; MSIE 6.0; Windows NT 5.1)"
82.99.30.30 - - [17/Mar/2009:15:40:39 +0100] "GET /logs/daily_usage_200710.png HTTP/1.0" 200 4176 "http://www.various-euro.com/logs/usage_200710.html" "Mozilla/4.0 (compatible; MSIE 6.0; Windows NT 5.1)"
82.99.30.30 - - [17/Mar/2009:15:40:39 +0100] "GET /logs/ctry_usage_200710.png HTTP/1.0" 200 5462 "http://www.various-euro.com/logs/usage_200710.html" "Mozilla/4.0 (compatible; MSIE 6.0; Windows NT 5.1)"
82.99.30.30 - - [17/Mar/2009:15:40:39 +0100] "GET /zampa-lovers/WASISTMI1.MPG HTTP/1.0" 200 271221 "http://www.various-euro.com/logs/usage_200710.html" "Mozilla/4.0 (compatible; MSIE 6.0; Windows NT 5.1)"
58.30.161.9 - - [17/Mar/2009:15:42:50 +0100] "GET /zampa/favicon.ico HTTP/1.1" 404 2748 "-" "Mozilla/4.0 (compatible; GoogleToolbar 5.0.2124.6042; Windows XP 5.1; MSIE 6.0.2900.2180)"
58.30.161.9 - - [17/Mar/2009:15:42:51 +0100] "GET /zampa/favicon.gif HTTP/1.1" 404 2748 "-" "Mozilla/4.0 (compatible; GoogleToolbar 5.0.2124.6042; Windows XP 5.1; MSIE 6.0.2900.2180)"
65.55.230.241 - - [17/Mar/2009:16:03:30 +0100] "GET /robots.txt HTTP/1.1" 200 64 "-" "msnbot-media/1.1 (+http://search.msn.com/msnbot.htm)"
65.55.230.241 - - [17/Mar/2009:16:03:30 +0100] "GET /framez.html HTTP/1.1" 200 3959 "-" "msnbot-media/1.1 (+http://search.msn.com/msnbot.htm)"
82.99.30.39 - - [17/Mar/2009:16:07:39 +0100] "GET /logs/ctry_usage_200708.png HTTP/1.0" 200 5244 "http://www.various-euro.com/logs/usage_200708.html" "Mozilla/4.0 (compatible; MSIE 6.0; Windows NT 5.1)"
82.99.30.39 - - [17/Mar/2009:16:07:39 +0100] "GET /logs/hourly_usage_200708.png HTTP/1.0" 200 2234 "http://www.various-euro.com/logs/usage_200708.html" "Mozilla/4.0 (compatible; MSIE 6.0; Windows NT 5.1)"
82.99.30.18 - - [17/Mar/2009:16:40:12 +0100] "GET /logs/ctry_usage_200711.png HTTP/1.0" 200 4533 "http://www.various-euro.com/logs/usage_200711.html" "Mozilla/4.0 (compatible; MSIE 6.0; Windows NT 5.1)"
82.99.30.18 - - [17/Mar/2009:16:40:12 +0100] "GET /logs/hourly_usage_200711.png HTTP/1.0" 200 2010 "http://www.various-euro.com/logs/usage_200711.html" "Mozilla/4.0 (compatible; MSIE 6.0; Windows NT 5.1)"
82.99.30.18 - - [17/Mar/2009:16:40:12 +0100] "GET /logs/daily_usage_200711.png HTTP/1.0" 200 3758 "http://www.various-euro.com/logs/usage_200711.html" "Mozilla/4.0 (compatible; MSIE 6.0; Windows NT 5.1)"
82.99.30.18 - - [17/Mar/2009:16:40:12 +0100] "GET /zampa-lovers/ZAMPAMA2.MPG HTTP/1.0" 200 63492 "http://www.various-euro.com/logs/usage_200711.html" "Mozilla/4.0 (compatible; MSIE 6.0; Windows NT 5.1)"
82.99.30.40 - - [17/Mar/2009:16:53:07 +0100] "GET /zampa-lovers/zampa-2X2.gif HTTP/1.0" 200 6948 "http://www.various-euro.com/zampa-lovers/index.html" "Mozilla/4.0 (compatible; MSIE 6.0; Windows NT 5.1)"
66.249.71.249 - - [17/Mar/2009:17:00:01 +0100] "GET /frame-menu.html HTTP/1.1" 200 10536 "-" "Mozilla/5.0 (compatible; Googlebot/2.1; +http://www.google.com/bot.html)"
82.99.30.55 - - [17/Mar/2009:17:11:46 +0100] "GET /neon/EURO23a.gif HTTP/1.0" 200 33058 "http://www.various-euro.com/neon/euro.html" "Mozilla/4.0 (compatible; MSIE 6.0; Windows NT 5.1)"
82.99.30.55 - - [17/Mar/2009:17:11:46 +0100] "GET /neon/EURO23c.gif HTTP/1.0" 200 41248 "http://www.various-euro.com/neon/euro.html" "Mozilla/4.0 (compatible; MSIE 6.0; Windows NT 5.1)"
82.99.30.55 - - [17/Mar/2009:17:11:46 +0100] "GET /neon/EURO2gif.gif HTTP/1.0" 200 28944 "http://www.various-euro.com/neon/euro.html" "Mozilla/4.0 (compatible; MSIE 6.0; Windows NT 5.1)"
82.99.30.55 - - [17/Mar/2009:17:11:46 +0100] "GET /neon/EURO23b.gif HTTP/1.0" 200 37153 "http://www.various-euro.com/neon/euro.html" "Mozilla/4.0 (compatible; MSIE 6.0; Windows NT 5.1)"
82.99.30.55 - - [17/Mar/2009:17:11:46 +0100] "GET /neon/EURO23.gif HTTP/1.0" 200 28963 "http://www.various-euro.com/neon/euro.html" "Mozilla/4.0 (compatible; MSIE 6.0; Windows NT 5.1)"
78.23.226.65 - - [17/Mar/2009:17:23:45 +0100] "GET /f-actions.html HTTP/1.1" 200 10429 "-" "Mozilla/4.0 (compatible; MSIE 6.0; Windows NT 5.0)"
85.66.137.215 - - [17/Mar/2009:17:33:37 +0100] "GET http://various-euro.com/index.php?page=../../../../../../../etc/group HTTP/1.0" 404 2748 "http://various-euro.com/index.php?page=../../../../../../../etc/group" "Mozilla/4.0 (compatible; MSIE 6.0; Windows NT 5.1)"
85.66.137.215 - - [17/Mar/2009:17:33:37 +0100] "GET http://various-euro.com/index.php?page=../../../../../../../usr/lib/security/mkuser.default HTTP/1.0" 404 2748 "http://various-euro.com/index.php?page=../../../../../../../usr/lib/security/mkuser.default" "Mozilla/4.0 (compatible; MSIE 6.0; Windows NT 5.1)"
85.66.137.215 - - [17/Mar/2009:17:33:37 +0100] "GET http://various-euro.com/index.php?page=../../../../../../../etc/security/user HTTP/1.0" 404 2748 "http://various-euro.com/index.php?page=../../../../../../../etc/security/user" "Mozilla/4.0 (compatible; MSIE 6.0; Windows NT 5.1)"
85.66.137.215 - - [17/Mar/2009:17:33:37 +0100] "GET http://various-euro.com/index.php?page=../../../../../../../etc/security/group HTTP/1.0" 404 2748 "http://various-euro.com/index.php?page=../../../../../../../etc/security/group" "Mozilla/4.0 (compatible; MSIE 6.0; Windows NT 5.1)"
85.66.137.215 - - [17/Mar/2009:17:33:37 +0100] "GET http://various-euro.com/index.php?page=../../../../../../../etc/security/limits HTTP/1.0" 404 2748 "http://various-euro.com/index.php?page=../../../../../../../etc/security/limits" "Mozilla/4.0 (compatible; MSIE 6.0; Windows NT 5.1)"
85.66.137.215 - - [17/Mar/2009:17:33:37 +0100] "GET http://various-euro.com/index.php?page=../../../../../../../etc/shadow HTTP/1.0" 404 2748 "http://various-euro.com/index.php?page=../../../../../../../etc/shadow" "Mozilla/4.0 (compatible; MSIE 6.0; Windows NT 5.1)"
85.66.137.215 - - [17/Mar/2009:17:33:37 +0100] "GET http://various-euro.com/index.php?page=../../../../../../../etc/security/environ HTTP/1.0" 404 2748 "http://various-euro.com/index.php?page=../../../../../../../etc/security/environ" "Mozilla/4.0 (compatible; MSIE 6.0; Windows NT 5.1)"
85.66.137.215 - - [17/Mar/2009:17:33:37 +0100] "GET http://various-euro.com/index.php?page=../../../../../../../etc/security/passwd HTTP/1.0" 404 2748 "http://various-euro.com/index.php?page=../../../../../../../etc/security/passwd" "Mozilla/4.0 (compatible; MSIE 6.0; Windows NT 5.1)"
85.66.137.215 - - [17/Mar/2009:17:33:37 +0100] "GET http://various-euro.com/index.php?file=../../../../../../../../ etc/passwd HTTP/1.0" 404 2748 "http://various-euro.com/index.php?file=../../../../../../../../ etc/passwd" "Mozilla/4.0 (compatible; MSIE 6.0; Windows NT 5.1)"
85.66.137.215 - - [17/Mar/2009:17:33:37 +0100] "GET http://various-euro.com/index.php?file=../../../../../../../../ etc/passwd%00 HTTP/1.0" 404 2748 "http://various-euro.com/index.php?file=../../../../../../../../ etc/passwd%00" "Mozilla/4.0 (compatible; MSIE 6.0; Windows NT 5.1)"
74.6.8.105 - - [17/Mar/2009:17:57:20 +0100] "GET /robots.txt HTTP/1.0" 200 64 "-" "Mozilla/5.0 (compatible; Yahoo! Slurp; http://help.yahoo.com/help/us/ysearch/slurp)"
74.6.8.105 - - [17/Mar/2009:17:57:21 +0100] "GET /neon/ptext.html HTTP/1.0" 200 4832 "-" "Mozilla/5.0 (compatible; Yahoo! Slurp/3.0; http://help.yahoo.com/help/us/ysearch/slurp)"
66.249.71.249 - - [17/Mar/2009:17:58:29 +0100] "GET /frame-unten.html HTTP/1.1" 200 5308 "-" "Mozilla/5.0 (compatible; Googlebot/2.1; +http://www.google.com/bot.html)"
206.207.80.169 - - [17/Mar/2009:18:08:44 +0100] "GET / HTTP/1.1" 200 7869 "-" "Mozilla/4.7 [en] (Win95; U)"
220.181.61.232 - - [17/Mar/2009:18:11:33 +0100] "GET /robots.txt HTTP/1.1" 302 363 "-" "-"
220.181.61.232 - - [17/Mar/2009:18:11:42 +0100] "GET / HTTP/1.1" 302 353 "-" "Sogou web spider/4.0(+http://www.sogou.com/docs/help/webmasters.htm#07)"
66.249.71.249 - - [17/Mar/2009:18:19:44 +0100] "GET /framez-e-count.html HTTP/1.1" 200 4321 "-" "Mozilla/5.0 (compatible; Googlebot/2.1; +http://www.google.com/bot.html)"
220.181.61.232 - - [17/Mar/2009:18:21:18 +0100] "GET /robots.txt HTTP/1.1" 200 64 "-" "-"
220.181.61.232 - - [17/Mar/2009:18:21:28 +0100] "GET /zampa/ HTTP/1.1" 200 7153 "-" "Sogou web spider/4.0(+http://www.sogou.com/docs/help/webmasters.htm#07)"
65.55.108.135 - - [17/Mar/2009:18:43:23 +0100] "GET /robots.txt HTTP/1.1" 200 64 "-" "msnbot-media/1.1 (+http://search.msn.com/msnbot.htm)"
65.55.108.135 - - [17/Mar/2009:18:43:23 +0100] "GET /bannerz/hand-of-doom.jpg HTTP/1.1" 200 10971 "-" "msnbot-media/1.1 (+http://search.msn.com/msnbot.htm)"
65.55.108.135 - - [17/Mar/2009:18:43:23 +0100] "GET /neon/warning.html HTTP/1.1" 200 5134 "-" "msnbot-media/1.1 (+http://search.msn.com/msnbot.htm)"
212.143.22.168 - - [17/Mar/2009:19:23:29 +0100] "GET /zampa-lovers/ZAMPAMAS.MPG HTTP/1.1" 206 520196 "-" "Mozilla/4.0 (compatible; MSIE 5.0; Windows 98; DigExt)"
65.55.108.170 - - [17/Mar/2009:20:07:53 +0100] "GET /robots.txt HTTP/1.1" 200 64 "-" "msnbot-media/1.1 (+http://search.msn.com/msnbot.htm)"
65.55.108.170 - - [17/Mar/2009:20:07:53 +0100] "GET /logs/ctry_usage_200712.png HTTP/1.1" 200 3996 "-" "msnbot-media/1.1 (+http://search.msn.com/msnbot.htm)"
65.55.108.170 - - [17/Mar/2009:20:07:54 +0100] "GET /logs/usage_200712.html HTTP/1.1" 200 92577 "-" "msnbot-media/1.1 (+http://search.msn.com/msnbot.htm)"
65.55.108.170 - - [17/Mar/2009:20:07:55 +0100] "GET /logs/usage_200712.html HTTP/1.1" 200 92577 "-" "msnbot-media/1.1 (+http://search.msn.com/msnbot.htm)"
74.6.8.105 - - [17/Mar/2009:20:08:54 +0100] "GET /zampa-lovers/ HTTP/1.0" 200 37790 "-" "Mozilla/5.0 (compatible; Yahoo! Slurp/3.0; http://help.yahoo.com/help/us/ysearch/slurp)"
66.235.124.102 - - [17/Mar/2009:20:20:52 +0100] "GET /robots.txt HTTP/1.1" 200 64 "-" "Mozilla/5.0 (compatible; Ask Jeeves/Teoma; +http://about.ask.com/en/docs/about/webmasters.shtml)"
66.235.124.102 - - [17/Mar/2009:20:21:08 +0100] "GET / HTTP/1.1" 200 7869 "-" "Mozilla/5.0 (compatible; Ask Jeeves/Teoma; +http://about.ask.com/en/docs/about/webmasters.shtml)"
66.235.124.89 - - [17/Mar/2009:20:21:09 +0100] "GET /framez_0.html HTTP/1.1" 200 12444 "-" "Mozilla/5.0 (compatible; Ask Jeeves/Teoma; +http://about.ask.com/en/docs/about/webmasters.shtml)"
78.108.248.245 - - [17/Mar/2009:20:26:47 +0100] "GET /menueleiste.js HTTP/1.1" 404 2748 "http://www.various-euro.com/restate_copy.html" "Mozilla/5.0 (Windows; U; Windows NT 5.1; en-US; rv:1.9.0.7) Gecko/2009021910 Firefox/3.0.7"
78.108.248.245 - - [17/Mar/2009:20:26:47 +0100] "GET /bannerz/rebelle.gif HTTP/1.1" 200 6986 "http://www.various-euro.com/restate_copy.html" "Mozilla/5.0 (Windows; U; Windows NT 5.1; en-US; rv:1.9.0.7) Gecko/2009021910 Firefox/3.0.7"
78.108.248.245 - - [17/Mar/2009:20:26:47 +0100] "GET /detonators.gif HTTP/1.1" 200 14892 "http://www.various-euro.com/restate_copy.html" "Mozilla/5.0 (Windows; U; Windows NT 5.1; en-US; rv:1.9.0.7) Gecko/2009021910 Firefox/3.0.7"
78.108.248.245 - - [17/Mar/2009:20:26:47 +0100] "GET /restate_copy.html HTTP/1.1" 200 97631 "http://www.ask.com/web?q=Evro+Sex.com&qsrc=0&o=101764&l=dis" "Mozilla/5.0 (Windows; U; Windows NT 5.1; en-US; rv:1.9.0.7) Gecko/2009021910 Firefox/3.0.7"
78.108.248.245 - - [17/Mar/2009:20:26:49 +0100] "GET /favicon.ico HTTP/1.1" 404 2748 "-" "Mozilla/5.0 (Windows; U; Windows NT 5.1; en-US; rv:1.9.0.7) Gecko/2009021910 Firefox/3.0.7"
78.108.248.245 - - [17/Mar/2009:20:26:49 +0100] "GET /framez-restate.html HTTP/1.1" 200 4328 "http://www.various-euro.com/restate_copy.html" "Mozilla/5.0 (Windows; U; Windows NT 5.1; en-US; rv:1.9.0.7) Gecko/2009021910 Firefox/3.0.7"
78.108.248.245 - - [17/Mar/2009:20:26:49 +0100] "GET /ve-icon-2.ico HTTP/1.1" 200 2238 "-" "Mozilla/5.0 (Windows; U; Windows NT 5.1; en-US; rv:1.9.0.7) Gecko/2009021910 Firefox/3.0.7"
78.108.248.245 - - [17/Mar/2009:20:26:49 +0100] "GET /frame-menu.html HTTP/1.1" 200 10536 "http://www.various-euro.com/framez-restate.html" "Mozilla/5.0 (Windows; U; Windows NT 5.1; en-US; rv:1.9.0.7) Gecko/2009021910 Firefox/3.0.7"
78.108.248.245 - - [17/Mar/2009:20:26:49 +0100] "GET /frame-unten.html HTTP/1.1" 200 5308 "http://www.various-euro.com/framez-restate.html" "Mozilla/5.0 (Windows; U; Windows NT 5.1; en-US; rv:1.9.0.7) Gecko/2009021910 Firefox/3.0.7"
78.108.248.245 - - [17/Mar/2009:20:26:49 +0100] "GET /style/various-euro.css HTTP/1.1" 200 3437 "http://www.various-euro.com/frame-menu.html" "Mozilla/5.0 (Windows; U; Windows NT 5.1; en-US; rv:1.9.0.7) Gecko/2009021910 Firefox/3.0.7"
78.108.248.245 - - [17/Mar/2009:20:26:49 +0100] "GET /menueleiste.js HTTP/1.1" 404 2748 "http://www.various-euro.com/restate_copy.html" "Mozilla/5.0 (Windows; U; Windows NT 5.1; en-US; rv:1.9.0.7) Gecko/2009021910 Firefox/3.0.7"
78.108.248.245 - - [17/Mar/2009:20:26:49 +0100] "GET /bannerz/ve.jpg HTTP/1.1" 200 36912 "http://www.various-euro.com/frame-unten.html" "Mozilla/5.0 (Windows; U; Windows NT 5.1; en-US; rv:1.9.0.7) Gecko/2009021910 Firefox/3.0.7"
78.108.248.245 - - [17/Mar/2009:20:26:49 +0100] "GET /restate_copy.html HTTP/1.1" 200 97631 "http://www.various-euro.com/framez-restate.html" "Mozilla/5.0 (Windows; U; Windows NT 5.1; en-US; rv:1.9.0.7) Gecko/2009021910 Firefox/3.0.7"
78.108.248.245 - - [17/Mar/2009:20:26:49 +0100] "GET /bannerz/various-euro-girl.jpg HTTP/1.1" 200 91514 "http://www.various-euro.com/frame-unten.html" "Mozilla/5.0 (Windows; U; Windows NT 5.1; en-US; rv:1.9.0.7) Gecko/2009021910 Firefox/3.0.7"
78.108.248.245 - - [17/Mar/2009:20:26:51 +0100] "GET /favicon.ico HTTP/1.1" 404 2748 "-" "Mozilla/5.0 (Windows; U; Windows NT 5.1; en-US; rv:1.9.0.7) Gecko/2009021910 Firefox/3.0.7"
78.108.248.245 - - [17/Mar/2009:20:26:51 +0100] "GET /ve-icon-2.ico HTTP/1.1" 200 2238 "-" "Mozilla/5.0 (Windows; U; Windows NT 5.1; en-US; rv:1.9.0.7) Gecko/2009021910 Firefox/3.0.7"
