65.55.110.211 - - [18/Mar/2009:21:35:48 +0100] "GET /schubb/schubb-4.html HTTP/1.0" 200 17746 "http://search.live.com/results.aspx?q=schubb" "Mozilla/4.0 (compatible; MSIE 6.0; Windows NT 5.2; SV1; .NET CLR 1.1.4322)"
65.55.110.211 - - [18/Mar/2009:21:35:54 +0100] "GET /framez-schubb4.html HTTP/1.0" 200 4318 "-" "Mozilla/4.0 (compatible; MSIE 6.0; Windows NT 5.2; SV1; .NET CLR 1.1.4322)"
65.55.110.211 - - [18/Mar/2009:21:35:55 +0100] "GET /frame-menu.html HTTP/1.0" 200 10536 "http://www.various-euro.com/framez-schubb4.html" "Mozilla/4.0 (compatible; MSIE 6.0; Windows NT 5.2; SV1; .NET CLR 1.1.4322)"
65.55.110.211 - - [18/Mar/2009:21:35:57 +0100] "GET /frame-unten.html HTTP/1.0" 200 5308 "http://www.various-euro.com/framez-schubb4.html" "Mozilla/4.0 (compatible; MSIE 6.0; Windows NT 5.2; SV1; .NET CLR 1.1.4322)"
65.55.110.211 - - [18/Mar/2009:21:35:57 +0100] "GET /schubb/schubb-4.html HTTP/1.0" 200 17746 "http://www.various-euro.com/framez-schubb4.html" "Mozilla/4.0 (compatible; MSIE 6.0; Windows NT 5.2; SV1; .NET CLR 1.1.4322)"
65.55.110.211 - - [18/Mar/2009:21:35:57 +0100] "GET /style/various-euro.css HTTP/1.0" 200 3437 "http://www.various-euro.com/frame-menu.html" "Mozilla/4.0 (compatible; MSIE 6.0; Windows NT 5.2; SV1; .NET CLR 1.1.4322)"
61.247.221.86 - - [18/Mar/2009:21:39:20 +0100] "GET /robots.txt HTTP/1.1" 200 64 "-" "Mozilla/4.0 (compatible; NaverBot/1.0; http://help.naver.com/customer_webtxt_02.jsp)"
61.247.221.86 - - [18/Mar/2009:21:39:28 +0100] "GET /f-net.html HTTP/1.1" 200 9913 "-" "Mozilla/4.0 (compatible; NaverBot/1.0; http://help.naver.com/customer_webtxt_02.jsp)"
66.249.84.11 - - [18/Mar/2009:22:12:13 +0100] "GET /zampa-lovers/index.html HTTP/1.1" 200 37790 "-" "Mozilla/4.0 (compatible; MSIE 6.0; Windows NT 5.0; Google Wireless Transcoder;)"
66.249.84.11 - - [18/Mar/2009:22:12:14 +0100] "GET /framez-zampa-lovers.html HTTP/1.1" 200 4322 "http://www.various-euro.com/zampa-lovers/index.html" "Mozilla/4.0 (compatible; MSIE 6.0; Windows NT 5.0; Google Wireless Transcoder;)"
66.249.84.11 - - [18/Mar/2009:22:12:14 +0100] "GET /zampa-lovers/index.html HTTP/1.1" 200 37790 "http://www.various-euro.com/framez-zampa-lovers.html" "Mozilla/4.0 (compatible; MSIE 6.0; Windows NT 5.0; Google Wireless Transcoder;)"
66.249.84.11 - - [18/Mar/2009:22:12:14 +0100] "GET /frame-menu.html HTTP/1.1" 200 10536 "http://www.various-euro.com/framez-zampa-lovers.html" "Mozilla/4.0 (compatible; MSIE 6.0; Windows NT 5.0; Google Wireless Transcoder;)"
66.249.84.11 - - [18/Mar/2009:22:12:14 +0100] "GET /frame-unten.html HTTP/1.1" 200 5308 "http://www.various-euro.com/framez-zampa-lovers.html" "Mozilla/4.0 (compatible; MSIE 6.0; Windows NT 5.0; Google Wireless Transcoder;)"
66.249.84.11 - - [18/Mar/2009:22:12:14 +0100] "GET /framez.html HTTP/1.1" 200 3959 "http://www.various-euro.com/frame-menu.html" "Mozilla/4.0 (compatible; MSIE 6.0; Windows NT 5.0; Google Wireless Transcoder;)"
66.249.84.11 - - [18/Mar/2009:22:12:14 +0100] "GET /frame-inhalt.html HTTP/1.1" 200 5418 "http://www.various-euro.com/framez.html" "Mozilla/4.0 (compatible; MSIE 6.0; Windows NT 5.0; Google Wireless Transcoder;)"
66.249.84.11 - - [18/Mar/2009:22:12:14 +0100] "GET /zampa-lovers/MILIZA_B.JPG HTTP/1.1" 200 10947 "-" "Mozilla/4.0 (compatible; MSIE 6.0; Windows NT 5.0;Google Wireless Transcoder;)"
66.249.84.11 - - [18/Mar/2009:22:12:14 +0100] "GET /zampa-lovers/MILIZA_4.JPG HTTP/1.1" 200 9946 "-" "Mozilla/4.0 (compatible; MSIE 6.0; Windows NT 5.0;Google Wireless Transcoder;)"
66.249.84.11 - - [18/Mar/2009:22:12:14 +0100] "GET /bannerz/neon_click_2.gif HTTP/1.1" 200 387 "-" "Mozilla/4.0 (compatible; MSIE 6.0; Windows NT 5.0;Google Wireless Transcoder;)"
66.249.84.11 - - [18/Mar/2009:22:12:15 +0100] "GET /bannerz/neon_click_1.gif HTTP/1.1" 200 890 "-" "Mozilla/4.0 (compatible; MSIE 6.0; Windows NT 5.0;Google Wireless Transcoder;)"
66.249.84.11 - - [18/Mar/2009:22:12:15 +0100] "GET /bannerz/douwil.gif HTTP/1.1" 200 528 "-" "Mozilla/4.0 (compatible; MSIE 6.0; Windows NT 5.0;Google Wireless Transcoder;)"
66.249.84.11 - - [18/Mar/2009:22:12:15 +0100] "GET /zampa-lovers/MILIZA_2.JPG HTTP/1.1" 200 22172 "-" "Mozilla/4.0 (compatible; MSIE 6.0; Windows NT 5.0;Google Wireless Transcoder;)"
66.249.84.11 - - [18/Mar/2009:22:12:15 +0100] "GET /zampa-lovers/MILIZA_3.JPG HTTP/1.1" 200 26924 "-" "Mozilla/4.0 (compatible; MSIE 6.0; Windows NT 5.0;Google Wireless Transcoder;)"
66.249.84.11 - - [18/Mar/2009:22:12:15 +0100] "GET /zampa-lovers/DRAGANZA.JPG HTTP/1.1" 200 18560 "-" "Mozilla/4.0 (compatible; MSIE 6.0; Windows NT 5.0;Google Wireless Transcoder;)"
66.249.84.11 - - [18/Mar/2009:22:12:15 +0100] "GET /zampa-lovers/zampa-2X2.gif HTTP/1.1" 200 6948 "-" "Mozilla/4.0 (compatible; MSIE 6.0; Windows NT 5.0;Google Wireless Transcoder;)"
66.249.84.11 - - [18/Mar/2009:22:12:15 +0100] "GET /zampa-lovers/zampamali.gif HTTP/1.1" 200 2617 "-" "Mozilla/4.0 (compatible; MSIE 6.0; Windows NT 5.0;Google Wireless Transcoder;)"
66.249.84.11 - - [18/Mar/2009:22:12:15 +0100] "GET /bannerz/ve.jpg HTTP/1.1" 200 36912 "-" "Mozilla/4.0 (compatible; MSIE 6.0; Windows NT 5.0;Google Wireless Transcoder;)"
66.249.84.11 - - [18/Mar/2009:22:12:15 +0100] "GET /bannerz/various-euro-girl.jpg HTTP/1.1" 200 91514 "-" "Mozilla/4.0 (compatible; MSIE 6.0; Windows NT 5.0;Google Wireless Transcoder;)"
66.249.84.11 - - [18/Mar/2009:22:12:15 +0100] "GET /zampa-lovers/2SEITEVE.GIF HTTP/1.1" 200 83466 "-" "Mozilla/4.0 (compatible; MSIE 6.0; Windows NT 5.0;Google Wireless Transcoder;)"
66.249.84.11 - - [18/Mar/2009:22:12:15 +0100] "GET /zampa-lovers/1SEITEVE.GIF HTTP/1.1" 200 78726 "-" "Mozilla/4.0 (compatible; MSIE 6.0; Windows NT 5.0;Google Wireless Transcoder;)"
66.249.84.11 - - [18/Mar/2009:22:12:16 +0100] "GET /bannerz/neon_click_3.gif HTTP/1.1" 200 240 "-" "Mozilla/4.0 (compatible; MSIE 6.0; Windows NT 5.0;Google Wireless Transcoder;)"
66.249.84.11 - - [18/Mar/2009:22:12:16 +0100] "GET /bannerz/anti_black_small.gif HTTP/1.1" 200 1009 "-" "Mozilla/4.0 (compatible; MSIE 6.0; Windows NT 5.0;Google Wireless Transcoder;)"
66.249.84.11 - - [18/Mar/2009:22:12:17 +0100] "GET /zampa-lovers/DRAGAN_Z.JPG HTTP/1.1" 200 6850 "-" "Mozilla/4.0 (compatible; MSIE 6.0; Windows NT 5.0;Google Wireless Transcoder;)"
66.249.84.11 - - [18/Mar/2009:22:12:17 +0100] "GET /bannerz/copyleft_black_small.gif HTTP/1.1" 200 1231 "-" "Mozilla/4.0 (compatible; MSIE 6.0; Windows NT 5.0;Google Wireless Transcoder;)"
66.249.84.11 - - [18/Mar/2009:22:12:17 +0100] "GET /eurosign3.gif HTTP/1.1" 200 7879 "-" "Mozilla/4.0 (compatible; MSIE 6.0; Windows NT 5.0;Google Wireless Transcoder;)"
66.249.84.11 - - [18/Mar/2009:22:12:17 +0100] "GET /bannerz/wet.gif HTTP/1.1" 200 18561 "-" "Mozilla/4.0 (compatible; MSIE 6.0; Windows NT 5.0;Google Wireless Transcoder;)"
66.249.84.11 - - [18/Mar/2009:22:12:18 +0100] "GET /zampa-lovers/Kralle.gif HTTP/1.1" 200 260 "-" "Mozilla/4.0 (compatible; MSIE 6.0; Windows NT 5.0;Google Wireless Transcoder;)"
66.249.84.11 - - [18/Mar/2009:22:12:18 +0100] "GET /bannerz/google/Logo_40blk.gif HTTP/1.1" 200 2308 "-" "Mozilla/4.0 (compatible; MSIE 6.0; Windows NT 5.0;Google Wireless Transcoder;)"
66.249.84.11 - - [18/Mar/2009:22:12:18 +0100] "GET /bannerz/goolag_468.jpg HTTP/1.1" 200 28285 "-" "Mozilla/4.0 (compatible; MSIE 6.0; Windows NT 5.0;Google Wireless Transcoder;)"
67.195.37.184 - - [18/Mar/2009:22:19:31 +0100] "GET /robots.txt HTTP/1.0" 200 64 "-" "Mozilla/5.0 (compatible; Yahoo! Slurp; http://help.yahoo.com/help/us/ysearch/slurp)"
67.195.37.184 - - [18/Mar/2009:22:19:31 +0100] "GET /framez.html HTTP/1.0" 200 3959 "-" "Mozilla/5.0 (compatible; Yahoo! Slurp; http://help.yahoo.com/help/us/ysearch/slurp)"
67.195.37.184 - - [18/Mar/2009:22:19:41 +0100] "GET /frame-menu.html HTTP/1.0" 200 10536 "-" "Mozilla/5.0 (compatible; Yahoo! Slurp; http://help.yahoo.com/help/us/ysearch/slurp)"
67.195.37.184 - - [18/Mar/2009:22:19:51 +0100] "GET /frame-inhalt.html HTTP/1.0" 200 5418 "-" "Mozilla/5.0 (compatible; Yahoo! Slurp; http://help.yahoo.com/help/us/ysearch/slurp)"
67.195.37.184 - - [18/Mar/2009:22:20:01 +0100] "GET /frame-unten.html HTTP/1.0" 200 5308 "-" "Mozilla/5.0 (compatible; Yahoo! Slurp; http://help.yahoo.com/help/us/ysearch/slurp)"
66.235.124.61 - - [18/Mar/2009:22:21:52 +0100] "GET /robots.txt HTTP/1.1" 200 64 "-" "Mozilla/5.0 (compatible; Ask Jeeves/Teoma; +http://about.ask.com/en/docs/about/webmasters.shtml)"
66.235.124.61 - - [18/Mar/2009:22:22:08 +0100] "GET /framez-zampa-lovers.html HTTP/1.1" 200 4322 "-" "Mozilla/5.0 (compatible; Ask Jeeves/Teoma; +http://about.ask.com/en/docs/about/webmasters.shtml)"
66.235.124.61 - - [18/Mar/2009:22:22:08 +0100] "GET /frame-menu.html HTTP/1.1" 200 10536 "-" "Mozilla/5.0 (compatible; Ask Jeeves/Teoma; +http://about.ask.com/en/docs/about/webmasters.shtml)"
66.235.124.61 - - [18/Mar/2009:22:22:09 +0100] "GET /zampa-lovers/index.html HTTP/1.1" 200 37790 "-" "Mozilla/5.0 (compatible; Ask Jeeves/Teoma; +http://about.ask.com/en/docs/about/webmasters.shtml)"
66.235.124.61 - - [18/Mar/2009:22:22:10 +0100] "GET /frame-unten.html HTTP/1.1" 200 5308 "-" "Mozilla/5.0 (compatible; Ask Jeeves/Teoma; +http://about.ask.com/en/docs/about/webmasters.shtml)"
66.235.124.61 - - [18/Mar/2009:22:26:16 +0100] "GET /framez.html HTTP/1.1" 200 3959 "-" "Mozilla/5.0 (compatible; Ask Jeeves/Teoma; +http://about.ask.com/en/docs/about/webmasters.shtml)"
66.235.124.61 - - [18/Mar/2009:22:26:17 +0100] "GET /framez.html HTTP/1.1" 200 3959 "-" "Mozilla/5.0 (compatible; Ask Jeeves/Teoma; +http://about.ask.com/en/docs/about/webmasters.shtml)"
66.235.124.61 - - [18/Mar/2009:22:26:17 +0100] "GET /frame-inhalt.html HTTP/1.1" 200 5418 "-" "Mozilla/5.0 (compatible; Ask Jeeves/Teoma; +http://about.ask.com/en/docs/about/webmasters.shtml)"
64.246.178.34 - - [18/Mar/2009:22:45:19 +0100] "GET /robots.txt HTTP/1.0" 200 64 "http://www.whois.sc/" "SurveyBot/2.3 (Whois Source)"
64.246.178.34 - - [18/Mar/2009:22:45:20 +0100] "GET / HTTP/1.1" 206 7869 "http://whois.domaintools.com/various-euro.com" "SurveyBot/2.3 (Whois Source)"
66.249.71.249 - - [18/Mar/2009:22:56:05 +0100] "GET /framez-schubb.html HTTP/1.1" 200 4324 "-" "Mozilla/5.0 (compatible; Googlebot/2.1; +http://www.google.com/bot.html)"
131.107.65.41 - - [18/Mar/2009:23:55:55 +0100] "GET /robots.txt HTTP/1.1" 200 64 "-" "MSR-ISRCCrawler"
131.107.65.41 - - [18/Mar/2009:23:56:00 +0100] "GET /restate_copy.html HTTP/1.1" 200 97631 "-" "MSR-ISRCCrawler"
67.18.18.138 - - [18/Mar/2009:23:57:04 +0100] "HEAD / HTTP/1.1" 200 - "-" "-"
67.18.18.138 - - [18/Mar/2009:23:57:04 +0100] "GET / HTTP/1.1" 200 7869 "-" "Mozilla/5.0 (Windows; U; Windows NT 5.1; en-US; rv:1.9) Gecko/2008051206 Firefox/3.0"
67.18.18.138 - - [18/Mar/2009:23:57:05 +0100] "HEAD /framez.html HTTP/1.1" 200 - "-" "-"
67.18.18.138 - - [18/Mar/2009:23:57:05 +0100] "GET /framez.html HTTP/1.1" 200 3959 "-" "Mozilla/5.0 (Windows; U; Windows NT 5.1; en-US; rv:1.9) Gecko/2008051206 Firefox/3.0"
67.195.37.120 - - [18/Mar/2009:23:57:48 +0100] "GET /robots.txt HTTP/1.0" 200 64 "-" "Mozilla/5.0 (compatible; Yahoo! Slurp; http://help.yahoo.com/help/us/ysearch/slurp)"
67.195.37.120 - - [18/Mar/2009:23:57:48 +0100] "GET /bmpp/18start.html HTTP/1.0" 200 320 "-" "Mozilla/5.0 (compatible; Yahoo! Slurp/3.0; http://help.yahoo.com/help/us/ysearch/slurp)"
208.96.54.72 - - [19/Mar/2009:00:09:37 +0100] "GET /zampa/robots.txt HTTP/1.1" 404 2748 "-" "Mozilla/5.0 (compatible; discobot/1.0; +http://discoveryengine.com/discobot.html)"
65.55.211.164 - - [19/Mar/2009:00:13:40 +0100] "GET /framez-zampa-lovers.html HTTP/1.1" 200 4322 "-" "msnbot/1.1 (+http://search.msn.com/msnbot.htm)"
65.55.211.164 - - [19/Mar/2009:00:16:26 +0100] "GET /robots.txt HTTP/1.1" 200 64 "-" "msnbot/1.0 (+http://search.msn.com/msnbot.htm)"
65.55.211.164 - - [19/Mar/2009:00:16:26 +0100] "GET /frame-menu.html HTTP/1.1" 200 10536 "-" "msnbot/1.0 (+http://search.msn.com/msnbot.htm)"
65.55.211.164 - - [19/Mar/2009:00:16:27 +0100] "GET /zampa-lovers/index.html HTTP/1.1" 200 37790 "-" "msnbot/1.0 (+http://search.msn.com/msnbot.htm)"
65.55.211.164 - - [19/Mar/2009:00:16:28 +0100] "GET /frame-unten.html HTTP/1.1" 200 5308 "-" "msnbot/1.0 (+http://search.msn.com/msnbot.htm)"
74.6.8.105 - - [19/Mar/2009:00:22:14 +0100] "GET /f-rez.html HTTP/1.0" 200 9765 "-" "Mozilla/5.0 (compatible; Yahoo! Slurp/3.0; http://help.yahoo.com/help/us/ysearch/slurp)"
208.96.54.71 - - [19/Mar/2009:00:32:18 +0100] "GET /zampa/robots.txt HTTP/1.1" 404 2748 "-" "Mozilla/5.0 (compatible; discobot/1.0; +http://discoveryengine.com/discobot.html)"
67.202.41.161 - - [19/Mar/2009:00:41:26 +0100] "GET /robots.txt HTTP/1.0" 200 64 "-" "SimilarPages/Nutch-1.0-dev (SimilarPages Nutch Crawler; http://www.similarpages.com; info at similarpages dot com)"
67.202.41.161 - - [19/Mar/2009:00:41:26 +0100] "GET /frame-menu.html HTTP/1.0" 200 10536 "-" "SimilarPages/Nutch-1.0-dev (SimilarPages Nutch Crawler; http://www.similarpages.com; info at similarpages dot com)"
75.101.253.189 - - [19/Mar/2009:00:43:56 +0100] "GET /robots.txt HTTP/1.0" 200 64 "-" "SimilarPages/Nutch-1.0-dev (SimilarPages Nutch Crawler; http://www.similarpages.com; info at similarpages dot com)"
75.101.253.189 - - [19/Mar/2009:00:43:56 +0100] "GET /DgH/bull/index.html HTTP/1.0" 200 1915 "-" "SimilarPages/Nutch-1.0-dev (SimilarPages Nutch Crawler; http://www.similarpages.com; info at similarpages dot com)"
75.101.253.189 - - [19/Mar/2009:00:44:02 +0100] "GET /DgH/rampe/index.html HTTP/1.0" 200 2056 "-" "SimilarPages/Nutch-1.0-dev (SimilarPages Nutch Crawler; http://www.similarpages.com; info at similarpages dot com)"
75.101.253.189 - - [19/Mar/2009:00:44:17 +0100] "GET /DgH/orginal/index.html HTTP/1.0" 200 1727 "-" "SimilarPages/Nutch-1.0-dev (SimilarPages Nutch Crawler; http://www.similarpages.com; info at similarpages dot com)"
67.202.41.161 - - [19/Mar/2009:00:44:24 +0100] "GET /frame-unten.html HTTP/1.0" 200 5308 "-" "SimilarPages/Nutch-1.0-dev (SimilarPages Nutch Crawler; http://www.similarpages.com; info at similarpages dot com)"
75.101.253.189 - - [19/Mar/2009:00:44:43 +0100] "GET /framez-e-count.html HTTP/1.0" 200 4321 "-" "SimilarPages/Nutch-1.0-dev (SimilarPages Nutch Crawler; http://www.similarpages.com; info at similarpages dot com)"
67.202.41.161 - - [19/Mar/2009:00:44:51 +0100] "GET /frame-inhalt.html HTTP/1.0" 200 5418 "-" "SimilarPages/Nutch-1.0-dev (SimilarPages Nutch Crawler; http://www.similarpages.com; info at similarpages dot com)"
75.101.253.189 - - [19/Mar/2009:00:45:45 +0100] "GET /3dsf3/sendi/receiver.html HTTP/1.0" 200 1402 "-" "SimilarPages/Nutch-1.0-dev (SimilarPages Nutch Crawler; http://www.similarpages.com; info at similarpages dot com)"
75.101.253.189 - - [19/Mar/2009:00:47:51 +0100] "GET /DgH/watch/index.html HTTP/1.0" 200 2028 "-" "SimilarPages/Nutch-1.0-dev (SimilarPages Nutch Crawler; http://www.similarpages.com; info at similarpages dot com)"
67.195.37.120 - - [19/Mar/2009:00:47:58 +0100] "GET /framez.html HTTP/1.0" 200 3959 "-" "Mozilla/5.0 (compatible; Yahoo! Slurp/3.0; http://help.yahoo.com/help/us/ysearch/slurp)"
67.195.37.120 - - [19/Mar/2009:00:48:03 +0100] "GET /style/various-euro.css HTTP/1.0" 200 3437 "http://www.various-euro.com/framez.html" "Mozilla/5.0 (compatible; Yahoo! Slurp/3.0; http://help.yahoo.com/help/us/ysearch/slurp)"
67.195.37.120 - - [19/Mar/2009:00:48:05 +0100] "GET /frame-inhalt.html HTTP/1.0" 200 5418 "http://www.various-euro.com/framez.html" "Mozilla/5.0 (compatible; Yahoo! Slurp/3.0; http://help.yahoo.com/help/us/ysearch/slurp)"
67.195.37.120 - - [19/Mar/2009:00:48:05 +0100] "GET /frame-unten.html HTTP/1.0" 200 5308 "http://www.various-euro.com/framez.html" "Mozilla/5.0 (compatible; Yahoo! Slurp/3.0; http://help.yahoo.com/help/us/ysearch/slurp)"
67.195.37.120 - - [19/Mar/2009:00:48:05 +0100] "GET /frame-menu.html HTTP/1.0" 200 10536 "http://www.various-euro.com/framez.html" "Mozilla/5.0 (compatible; Yahoo! Slurp/3.0; http://help.yahoo.com/help/us/ysearch/slurp)"
67.195.37.120 - - [19/Mar/2009:00:50:59 +0100] "GET / HTTP/1.0" 200 7869 "-" "Mozilla/5.0 (compatible; Yahoo! Slurp/3.0; http://help.yahoo.com/help/us/ysearch/slurp)"
67.195.37.120 - - [19/Mar/2009:00:51:01 +0100] "GET /style/various-euro.css HTTP/1.0" 200 3437 "http://www.various-euro.com/" "Mozilla/5.0 (compatible; Yahoo! Slurp/3.0; http://help.yahoo.com/help/us/ysearch/slurp)"
67.195.37.120 - - [19/Mar/2009:00:51:55 +0100] "GET /f-zeug.html HTTP/1.0" 200 48203 "-" "Mozilla/5.0 (compatible; Yahoo! Slurp/3.0; http://help.yahoo.com/help/us/ysearch/slurp)"
67.195.37.120 - - [19/Mar/2009:00:53:36 +0100] "GET /neon/code.html HTTP/1.0" 200 1109 "-" "Mozilla/5.0 (compatible; Yahoo! Slurp/3.0; http://help.yahoo.com/help/us/ysearch/slurp)"
67.195.37.120 - - [19/Mar/2009:00:55:28 +0100] "GET /games/virtualcop/virtualcop.html HTTP/1.0" 200 4487 "-" "Mozilla/5.0 (compatible; Yahoo! Slurp/3.0; http://help.yahoo.com/help/us/ysearch/slurp)"
67.195.37.120 - - [19/Mar/2009:00:57:07 +0100] "GET /frame-menu.html HTTP/1.0" 200 10536 "http://www.various-euro.com/framez.html" "Mozilla/5.0 (compatible; Yahoo! Slurp/3.0; http://help.yahoo.com/help/us/ysearch/slurp)"
67.195.37.120 - - [19/Mar/2009:00:57:07 +0100] "GET /frame-inhalt.html HTTP/1.0" 200 5418 "http://www.various-euro.com/framez.html" "Mozilla/5.0 (compatible; Yahoo! Slurp/3.0; http://help.yahoo.com/help/us/ysearch/slurp)"
67.195.37.120 - - [19/Mar/2009:00:57:07 +0100] "GET /frame-unten.html HTTP/1.0" 200 5308 "http://www.various-euro.com/framez.html" "Mozilla/5.0 (compatible; Yahoo! Slurp/3.0; http://help.yahoo.com/help/us/ysearch/slurp)"
189.18.178.125 - - [19/Mar/2009:01:06:24 +0100] "GET /f-logz_old.html HTTP/1.1" 200 43773 "-" "Mozilla/4.0 (compatible; MSIE 6.0; Windows NT 5.0)"
189.18.178.125 - - [19/Mar/2009:01:06:35 +0100] "GET /f-logz.html HTTP/1.1" 200 191844 "-" "Mozilla/4.0 (compatible; MSIE 6.0; Windows NT 5.0)"
208.80.195.34 - - [19/Mar/2009:01:28:44 +0100] "GET / HTTP/1.0" 200 7869 "-" "Mozilla/4.0 (compatible; MSIE 6.0; America Online Browser 1.1; Windows NT 5.1; FunWebProducts)"
208.80.195.34 - - [19/Mar/2009:01:28:45 +0100] "GET / HTTP/1.0" 200 7869 "-" "Mozilla/4.0 (compatible; MSIE 6.0; Windows NT 5.0; FunWebProducts; .NET CLR 1.1.4322; SpamBlockerUtility 4.8.4)"
67.195.37.120 - - [19/Mar/2009:01:35:21 +0100] "GET /robots.txt HTTP/1.0" 200 64 "-" "Mozilla/5.0 (compatible; Yahoo! Slurp; http://help.yahoo.com/help/us/ysearch/slurp)"
66.249.71.249 - - [19/Mar/2009:01:51:29 +0100] "GET /schubb/schubb-1.html HTTP/1.1" 200 9070 "-" "Mozilla/5.0 (compatible; Googlebot/2.1; +http://www.google.com/bot.html)"
74.6.8.105 - - [19/Mar/2009:03:01:16 +0100] "GET /robots.txt HTTP/1.0" 200 64 "-" "Mozilla/5.0 (compatible; Yahoo! Slurp; http://help.yahoo.com/help/us/ysearch/slurp)"
74.6.8.105 - - [19/Mar/2009:03:01:16 +0100] "GET /schubb/schubb-5.html HTTP/1.0" 200 72944 "-" "Mozilla/5.0 (compatible; Yahoo! Slurp/3.0; http://help.yahoo.com/help/us/ysearch/slurp)"
67.195.37.159 - - [19/Mar/2009:03:07:16 +0100] "GET /robots.txt HTTP/1.0" 200 64 "-" "Mozilla/5.0 (compatible; Yahoo! Slurp; http://help.yahoo.com/help/us/ysearch/slurp)"
67.195.37.159 - - [19/Mar/2009:03:07:17 +0100] "GET /zampa/ HTTP/1.0" 200 7153 "-" "Mozilla/5.0 (compatible; Yahoo! Slurp/3.0; http://help.yahoo.com/help/us/ysearch/slurp)"
64.1.215.165 - - [19/Mar/2009:03:09:46 +0100] "GET / HTTP/1.0" 200 7869 "-" "Mozilla/5.0 (Twiceler-0.9 http://www.cuil.com/twiceler/robot.html)"
193.252.149.16 - - [19/Mar/2009:03:21:17 +0100] "GET /DgH/rampe/index.html HTTP/1.1" 200 2056 "-" "Mozilla/5.0 (Windows; U; Windows NT 5.1; fr; rv:1.8.1) VoilaBot BETA 1.2 (support.voilabot@orange-ftgroup.com)"
66.249.71.249 - - [19/Mar/2009:03:47:10 +0100] "GET /bmpp/crashh3.html HTTP/1.1" 200 9689 "-" "Mozilla/5.0 (compatible; Googlebot/2.1; +http://www.google.com/bot.html)"
212.187.255.241 - - [19/Mar/2009:03:53:35 +0100] "POST /xmlrpc.php HTTP/1.1" 404 2748 "-" "libwww-perl/5.65"
66.249.71.249 - - [19/Mar/2009:03:58:22 +0100] "GET /games/virtualcop/virtualcop.html HTTP/1.1" 200 4487 "-" "Mozilla/5.0 (compatible; Googlebot/2.1; +http://www.google.com/bot.html)"
201.137.184.162 - - [19/Mar/2009:03:58:24 +0100] "GET http://various-euro.com/test.php HTTP/1.0" 404 2748 "http://various-euro.com/test.php" "Mozilla/4.0 (compatible; MSIE 6.0; Windows NT 5.1)"
201.137.184.162 - - [19/Mar/2009:03:58:25 +0100] "GET http://various-euro.com/phpinfo.php HTTP/1.0" 404 2748 "http://various-euro.com/phpinfo.php" "Mozilla/4.0 (compatible; MSIE 6.0; Windows NT 5.1)"
201.137.184.162 - - [19/Mar/2009:03:58:25 +0100] "GET http://various-euro.com/info.php HTTP/1.0" 404 2748 "http://various-euro.com/info.php" "Mozilla/4.0 (compatible; MSIE 6.0; Windows NT 5.1)"
201.137.184.162 - - [19/Mar/2009:03:58:25 +0100] "GET http://various-euro.com/phptest.php HTTP/1.0" 404 2748 "http://various-euro.com/phptest.php" "Mozilla/4.0 (compatible; MSIE 6.0; Windows NT 5.1)"
74.6.8.105 - - [19/Mar/2009:04:00:30 +0100] "GET /f-maintitle.html HTTP/1.0" 200 5030 "-" "Mozilla/5.0 (compatible; Yahoo! Slurp/3.0; http://help.yahoo.com/help/us/ysearch/slurp)"
66.249.71.249 - - [19/Mar/2009:04:24:29 +0100] "GET /logs/ HTTP/1.1" 200 10079 "-" "Mozilla/5.0 (compatible; Googlebot/2.1; +http://www.google.com/bot.html)"
65.55.230.241 - - [19/Mar/2009:04:26:14 +0100] "GET /robots.txt HTTP/1.1" 200 64 "-" "msnbot-media/1.1 (+http://search.msn.com/msnbot.htm)"
65.55.230.241 - - [19/Mar/2009:04:26:14 +0100] "GET /framez.html HTTP/1.1" 200 3959 "-" "msnbot-media/1.1 (+http://search.msn.com/msnbot.htm)"
74.6.8.105 - - [19/Mar/2009:04:35:58 +0100] "GET /rez/fisztred.mp4 HTTP/1.0" 200 1240981 "-" "Mozilla/5.0 (compatible; Yahoo! Slurp/3.0; http://help.yahoo.com/help/us/ysearch/slurp)"
193.252.149.14 - - [19/Mar/2009:04:37:29 +0100] "GET /DgH/watch/index.html HTTP/1.1" 200 2028 "-" "Mozilla/5.0 (Windows; U; Windows NT 5.1; fr; rv:1.8.1) VoilaBot BETA 1.2 (support.voilabot@orange-ftgroup.com)"
213.239.237.21 - - [19/Mar/2009:04:45:46 +0100] "GET / HTTP/1.0" 200 7869 "-" "-"
66.235.124.102 - - [19/Mar/2009:04:52:04 +0100] "GET /robots.txt HTTP/1.1" 200 64 "-" "Mozilla/5.0 (compatible; Ask Jeeves/Teoma; +http://about.ask.com/en/docs/about/webmasters.shtml)"
66.235.124.102 - - [19/Mar/2009:04:52:19 +0100] "GET /zampa-lovers/index.html HTTP/1.1" 200 37790 "-" "Mozilla/5.0 (compatible; Ask Jeeves/Teoma; +http://about.ask.com/en/docs/about/webmasters.shtml)"
66.235.124.89 - - [19/Mar/2009:04:52:23 +0100] "GET /framez-zampa-lovers.html HTTP/1.1" 200 4322 "-" "Mozilla/5.0 (compatible; Ask Jeeves/Teoma; +http://about.ask.com/en/docs/about/webmasters.shtml)"
66.235.124.89 - - [19/Mar/2009:04:52:23 +0100] "GET /frame-menu.html HTTP/1.1" 200 10536 "-" "Mozilla/5.0 (compatible; Ask Jeeves/Teoma; +http://about.ask.com/en/docs/about/webmasters.shtml)"
66.235.124.89 - - [19/Mar/2009:04:52:24 +0100] "GET /zampa-lovers/index.html HTTP/1.1" 200 37790 "-" "Mozilla/5.0 (compatible; Ask Jeeves/Teoma; +http://about.ask.com/en/docs/about/webmasters.shtml)"
66.235.124.89 - - [19/Mar/2009:04:52:24 +0100] "GET /frame-unten.html HTTP/1.1" 200 5308 "-" "Mozilla/5.0 (compatible; Ask Jeeves/Teoma; +http://about.ask.com/en/docs/about/webmasters.shtml)"
66.235.124.89 - - [19/Mar/2009:04:52:26 +0100] "GET /framez.html HTTP/1.1" 200 3959 "-" "Mozilla/5.0 (compatible; Ask Jeeves/Teoma; +http://about.ask.com/en/docs/about/webmasters.shtml)"
66.235.124.89 - - [19/Mar/2009:04:52:26 +0100] "GET /framez.html HTTP/1.1" 200 3959 "-" "Mozilla/5.0 (compatible; Ask Jeeves/Teoma; +http://about.ask.com/en/docs/about/webmasters.shtml)"
66.235.124.89 - - [19/Mar/2009:04:52:26 +0100] "GET /frame-inhalt.html HTTP/1.1" 200 5418 "-" "Mozilla/5.0 (compatible; Ask Jeeves/Teoma; +http://about.ask.com/en/docs/about/webmasters.shtml)"
67.195.37.93 - - [19/Mar/2009:04:54:37 +0100] "GET /robots.txt HTTP/1.0" 200 64 "-" "Mozilla/5.0 (compatible; Yahoo! Slurp; http://help.yahoo.com/help/us/ysearch/slurp)"
67.195.37.93 - - [19/Mar/2009:04:54:37 +0100] "GET /logs/usage_200702.html HTTP/1.0" 200 107861 "-" "Mozilla/5.0 (compatible; Yahoo! Slurp/3.0; http://help.yahoo.com/help/us/ysearch/slurp)"
66.249.71.249 - - [19/Mar/2009:05:05:41 +0100] "GET /f-search.html HTTP/1.1" 200 11800 "-" "Mozilla/5.0 (compatible; Googlebot/2.1; +http://www.google.com/bot.html)"
66.249.71.249 - - [19/Mar/2009:05:09:26 +0100] "GET /neon/girlz2.html HTTP/1.1" 200 2937 "-" "Mozilla/5.0 (compatible; Googlebot/2.1; +http://www.google.com/bot.html)"
74.6.8.105 - - [19/Mar/2009:05:10:10 +0100] "GET /f-contact.html HTTP/1.0" 200 6804 "-" "Mozilla/5.0 (compatible; Yahoo! Slurp/3.0; http://help.yahoo.com/help/us/ysearch/slurp)"
72.30.142.247 - - [19/Mar/2009:05:11:01 +0100] "GET /robots.txt HTTP/1.0" 200 64 "-" "Mozilla/5.0 (compatible; Yahoo! Slurp; http://help.yahoo.com/help/us/ysearch/slurp)"
72.30.142.247 - - [19/Mar/2009:05:11:01 +0100] "GET / HTTP/1.0" 200 7869 "-" "Mozilla/5.0 (compatible; Yahoo! Slurp/3.0; http://help.yahoo.com/help/us/ysearch/slurp)"
72.30.142.247 - - [19/Mar/2009:05:11:06 +0100] "GET /style/various-euro.css HTTP/1.0" 200 3437 "http://various-euro.com/" "Mozilla/5.0 (compatible; Yahoo! Slurp/3.0; http://help.yahoo.com/help/us/ysearch/slurp)"
65.55.211.162 - - [19/Mar/2009:05:32:22 +0100] "GET /robots.txt HTTP/1.1" 200 64 "-" "msnbot/1.1 (+http://search.msn.com/msnbot.htm)"
65.55.211.162 - - [19/Mar/2009:05:32:24 +0100] "GET /robots.txt HTTP/1.0" 200 64 "-" "msnbot/1.1 (+http://search.msn.com/msnbot.htm)"
65.55.211.162 - - [19/Mar/2009:05:32:25 +0100] "GET /zampa/montenegro/ZMAJW.html HTTP/1.1" 200 860 "-" "msnbot/1.1 (+http://search.msn.com/msnbot.htm)"
208.36.144.10 - - [19/Mar/2009:05:43:45 +0100] "GET / HTTP/1.0" 200 7869 "-" "Mozilla/5.0 (Twiceler-0.9 http://www.cuil.com/twiceler/robot.html)"
65.55.211.158 - - [19/Mar/2009:05:45:16 +0100] "GET /robots.txt HTTP/1.1" 200 64 "-" "msnbot/1.1 (+http://search.msn.com/msnbot.htm)"
65.55.211.158 - - [19/Mar/2009:05:45:16 +0100] "GET /games/virtualcop/virtualcop.html HTTP/1.1" 200 4487 "-" "msnbot/1.1 (+http://search.msn.com/msnbot.htm)"
66.249.71.249 - - [19/Mar/2009:05:47:02 +0100] "GET /bmpp/18.html HTTP/1.1" 200 4467 "-" "Mozilla/5.0 (compatible; Googlebot/2.1; +http://www.google.com/bot.html)"
65.55.211.165 - - [19/Mar/2009:05:54:46 +0100] "GET /robots.txt HTTP/1.1" 200 64 "-" "msnbot/1.1 (+http://search.msn.com/msnbot.htm)"
65.55.211.165 - - [19/Mar/2009:05:54:47 +0100] "GET /zampa/montenegro/SEKAW.html HTTP/1.1" 200 860 "-" "msnbot/1.1 (+http://search.msn.com/msnbot.htm)"
66.249.71.249 - - [19/Mar/2009:06:05:38 +0100] "GET /neon/large.html HTTP/1.1" 200 1547 "-" "Mozilla/5.0 (compatible; Googlebot/2.1; +http://www.google.com/bot.html)"
66.249.71.249 - - [19/Mar/2009:06:13:08 +0100] "GET /schubb/schubb-4.html HTTP/1.1" 200 17746 "-" "Mozilla/5.0 (compatible; Googlebot/2.1; +http://www.google.com/bot.html)"
193.252.149.15 - - [19/Mar/2009:06:17:39 +0100] "GET /neon/click.html HTTP/1.1" 200 521 "-" "Mozilla/5.0 (Windows; U; Windows NT 5.1; fr; rv:1.8.1) VoilaBot BETA 1.2 (support.voilabot@orange-ftgroup.com)"
66.249.71.249 - - [19/Mar/2009:06:20:56 +0100] "GET /zampa-lovers/index.html HTTP/1.1" 200 37790 "-" "Mozilla/5.0 (compatible; Googlebot/2.1; +http://www.google.com/bot.html)"
66.249.71.249 - - [19/Mar/2009:06:31:32 +0100] "GET /bmpp/18_x.html HTTP/1.1" 200 1100 "-" "Mozilla/5.0 (compatible; Googlebot/2.1; +http://www.google.com/bot.html)"
193.252.149.15 - - [19/Mar/2009:06:46:23 +0100] "GET /bmpp/euro_pal_111.html HTTP/1.1" 200 2129 "-" "Mozilla/5.0 (Windows; U; Windows NT 5.1; fr; rv:1.8.1) VoilaBot BETA 1.2 (support.voilabot@orange-ftgroup.com)"
65.55.211.162 - - [19/Mar/2009:06:49:25 +0100] "GET /frame-menu.html HTTP/1.1" 200 10536 "-" "msnbot/1.1 (+http://search.msn.com/msnbot.htm)"
67.195.37.106 - - [19/Mar/2009:06:54:57 +0100] "GET /robots.txt HTTP/1.0" 200 64 "-" "Mozilla/5.0 (compatible; Yahoo! Slurp; http://help.yahoo.com/help/us/ysearch/slurp)"
67.195.37.106 - - [19/Mar/2009:06:54:57 +0100] "GET / HTTP/1.0" 200 7869 "-" "Mozilla/5.0 (compatible; Yahoo! Slurp/3.0; http://help.yahoo.com/help/us/ysearch/slurp)"
67.195.37.106 - - [19/Mar/2009:06:54:58 +0100] "GET /style/various-euro.css HTTP/1.0" 200 3437 "http://various-euro.com/" "Mozilla/5.0 (compatible; Yahoo! Slurp/3.0; http://help.yahoo.com/help/us/ysearch/slurp)"
67.195.37.106 - - [19/Mar/2009:06:57:05 +0100] "GET /framez.html HTTP/1.0" 200 3959 "-" "Mozilla/5.0 (compatible; Yahoo! Slurp/3.0; http://help.yahoo.com/help/us/ysearch/slurp)"
67.195.37.106 - - [19/Mar/2009:06:57:06 +0100] "GET /frame-menu.html HTTP/1.0" 200 10536 "http://various-euro.com/framez.html" "Mozilla/5.0 (compatible; Yahoo! Slurp/3.0; http://help.yahoo.com/help/us/ysearch/slurp)"
67.195.37.106 - - [19/Mar/2009:06:57:06 +0100] "GET /frame-inhalt.html HTTP/1.0" 200 5418 "http://various-euro.com/framez.html" "Mozilla/5.0 (compatible; Yahoo! Slurp/3.0; http://help.yahoo.com/help/us/ysearch/slurp)"
67.195.37.106 - - [19/Mar/2009:06:57:06 +0100] "GET /frame-unten.html HTTP/1.0" 200 5308 "http://various-euro.com/framez.html" "Mozilla/5.0 (compatible; Yahoo! Slurp/3.0; http://help.yahoo.com/help/us/ysearch/slurp)"
66.249.71.249 - - [19/Mar/2009:07:01:06 +0100] "GET /framez-zeug.html HTTP/1.1" 200 4311 "-" "Mozilla/5.0 (compatible; Googlebot/2.1; +http://www.google.com/bot.html)"
82.99.30.20 - - [19/Mar/2009:07:01:21 +0100] "GET /logs/daily_usage_200703.png HTTP/1.0" 200 4092 "http://www.various-euro.com/logs/usage_200703.html" "Mozilla/4.0 (compatible; MSIE 6.0; Windows NT 5.1)"
82.99.30.20 - - [19/Mar/2009:07:01:26 +0100] "GET /logs/hourly_usage_200703.png HTTP/1.0" 200 2149 "http://www.various-euro.com/logs/usage_200703.html" "Mozilla/4.0 (compatible; MSIE 6.0; Windows NT 5.1)"
65.55.211.169 - - [19/Mar/2009:07:03:04 +0100] "GET /robots.txt HTTP/1.1" 200 64 "-" "msnbot/1.1 (+http://search.msn.com/msnbot.htm)"
65.55.211.169 - - [19/Mar/2009:07:03:04 +0100] "GET /zampa/montenegro/TESLAW.html HTTP/1.1" 200 861 "-" "msnbot/1.1 (+http://search.msn.com/msnbot.htm)"
66.249.71.249 - - [19/Mar/2009:07:04:48 +0100] "GET /neon/slow-walk.html HTTP/1.1" 200 1640 "-" "Mozilla/5.0 (compatible; Googlebot/2.1; +http://www.google.com/bot.html)"
206.206.50.83 - - [19/Mar/2009:07:05:14 +0100] "GET / HTTP/1.1" 200 7869 "-" "Mozilla/4.0 (compatible; MSIE 6.0; Windows NT 5.0; DigExt)"
74.6.8.105 - - [19/Mar/2009:07:10:07 +0100] "GET /f-bannnerz.html HTTP/1.0" 200 12651 "-" "Mozilla/5.0 (compatible; Yahoo! Slurp/3.0; http://help.yahoo.com/help/us/ysearch/slurp)"
81.52.143.33 - - [19/Mar/2009:07:15:58 +0100] "GET /bmpp/18.html HTTP/1.1" 200 4467 "-" "Mozilla/5.0 (Windows; U; Windows NT 5.1; fr; rv:1.8.1) VoilaBot BETA 1.2 (support.voilabot@orange-ftgroup.com)"
74.6.8.105 - - [19/Mar/2009:07:25:37 +0100] "GET /f-sponsor.html HTTP/1.0" 200 8578 "-" "Mozilla/5.0 (compatible; Yahoo! Slurp/3.0; http://help.yahoo.com/help/us/ysearch/slurp)"
66.249.71.249 - - [19/Mar/2009:07:30:40 +0100] "GET /zampa/montenegro/contributions.html HTTP/1.1" 200 18843 "-" "Mozilla/5.0 (compatible; Googlebot/2.1; +http://www.google.com/bot.html)"
66.249.71.249 - - [19/Mar/2009:07:52:51 +0100] "GET /3dsf3/sendi/animals.html HTTP/1.1" 200 1422 "-" "Mozilla/5.0 (compatible; Googlebot/2.1; +http://www.google.com/bot.html)"
74.6.8.105 - - [19/Mar/2009:07:57:49 +0100] "GET /neon/girlz3.html HTTP/1.0" 200 2479 "-" "Mozilla/5.0 (compatible; Yahoo! Slurp/3.0; http://help.yahoo.com/help/us/ysearch/slurp)"
67.195.37.93 - - [19/Mar/2009:08:16:00 +0100] "GET /bmpp/18start.html HTTP/1.0" 200 320 "-" "Mozilla/5.0 (compatible; Yahoo! Slurp/3.0; http://help.yahoo.com/help/us/ysearch/slurp)"
174.129.181.12 - - [19/Mar/2009:08:25:41 +0100] "GET /robots.txt HTTP/1.0" 200 64 "-" "SimilarPages/Nutch-1.0-dev (SimilarPages Nutch Crawler; http://www.similarpages.com; info at similarpages dot com)"
174.129.181.12 - - [19/Mar/2009:08:25:41 +0100] "GET /neon/slow-walk.html HTTP/1.0" 200 1640 "-" "SimilarPages/Nutch-1.0-dev (SimilarPages Nutch Crawler; http://www.similarpages.com; info at similarpages dot com)"
174.129.181.12 - - [19/Mar/2009:08:31:01 +0100] "GET /neon/girl-tv.html HTTP/1.0" 200 1717 "-" "SimilarPages/Nutch-1.0-dev (SimilarPages Nutch Crawler; http://www.similarpages.com; info at similarpages dot com)"
174.129.181.12 - - [19/Mar/2009:08:31:13 +0100] "GET /neon/slow-walk2.html HTTP/1.0" 200 1777 "-" "SimilarPages/Nutch-1.0-dev (SimilarPages Nutch Crawler; http://www.similarpages.com; info at similarpages dot com)"
174.129.181.12 - - [19/Mar/2009:08:31:17 +0100] "GET /neon/left-one-new.html HTTP/1.0" 200 1483 "-" "SimilarPages/Nutch-1.0-dev (SimilarPages Nutch Crawler; http://www.similarpages.com; info at similarpages dot com)"
174.129.181.12 - - [19/Mar/2009:08:31:24 +0100] "GET /neon/biggtani.html HTTP/1.0" 200 1698 "-" "SimilarPages/Nutch-1.0-dev (SimilarPages Nutch Crawler; http://www.similarpages.com; info at similarpages dot com)"
174.129.181.12 - - [19/Mar/2009:08:32:15 +0100] "GET /framez-rez.html HTTP/1.0" 200 4323 "-" "SimilarPages/Nutch-1.0-dev (SimilarPages Nutch Crawler; http://www.similarpages.com; info at similarpages dot com)"
82.99.30.63 - - [19/Mar/2009:08:32:49 +0100] "GET /logs/daily_usage_200705.png HTTP/1.0" 200 4017 "http://www.various-euro.com/logs/usage_200705.html" "Mozilla/4.0 (compatible; MSIE 6.0; Windows NT 5.1)"
82.99.30.63 - - [19/Mar/2009:08:32:49 +0100] "GET /logs/ctry_usage_200705.png HTTP/1.0" 200 5308 "http://www.various-euro.com/logs/usage_200705.html" "Mozilla/4.0 (compatible; MSIE 6.0; Windows NT 5.1)"
82.99.30.63 - - [19/Mar/2009:08:32:49 +0100] "GET /logs/hourly_usage_200705.png HTTP/1.0" 200 2181 "http://www.various-euro.com/logs/usage_200705.html" "Mozilla/4.0 (compatible; MSIE 6.0; Windows NT 5.1)"
65.55.211.167 - - [19/Mar/2009:08:55:59 +0100] "GET /robots.txt HTTP/1.1" 200 64 "-" "msnbot/1.1 (+http://search.msn.com/msnbot.htm)"
65.55.211.167 - - [19/Mar/2009:08:55:59 +0100] "GET /zampa/montenegro/BATAW.html HTTP/1.1" 200 860 "-" "msnbot/1.1 (+http://search.msn.com/msnbot.htm)"
193.252.149.15 - - [19/Mar/2009:09:07:13 +0100] "GET /neon/slow-walk.html HTTP/1.1" 200 1640 "-" "Mozilla/5.0 (Windows; U; Windows NT 5.1; fr; rv:1.8.1) VoilaBot BETA 1.2 (support.voilabot@orange-ftgroup.com)"
58.30.161.9 - - [19/Mar/2009:09:08:31 +0100] "GET /zampa/favicon.ico HTTP/1.1" 404 2748 "-" "Mozilla/4.0 (compatible; GoogleToolbar 5.0.2124.6042; Windows XP 5.1; MSIE 6.0.2900.2180)"
58.30.161.9 - - [19/Mar/2009:09:08:32 +0100] "GET /zampa/favicon.gif HTTP/1.1" 404 2748 "-" "Mozilla/4.0 (compatible; GoogleToolbar 5.0.2124.6042; Windows XP 5.1; MSIE 6.0.2900.2180)"
66.249.71.249 - - [19/Mar/2009:09:43:58 +0100] "GET /zampa/slike/zampa.gif HTTP/1.1" 200 5310 "-" "Mozilla/5.0 (compatible; Googlebot/2.1; +http://www.google.com/bot.html)"
74.6.8.105 - - [19/Mar/2009:09:50:15 +0100] "GET /schubb/schubb-1.html HTTP/1.0" 200 9070 "-" "Mozilla/5.0 (compatible; Yahoo! Slurp/3.0; http://help.yahoo.com/help/us/ysearch/slurp)"
193.252.149.13 - - [19/Mar/2009:09:51:00 +0100] "GET /neon/code.html HTTP/1.1" 200 1109 "-" "Mozilla/5.0 (Windows; U; Windows NT 5.1; fr; rv:1.8.1) VoilaBot BETA 1.2 (support.voilabot@orange-ftgroup.com)"
81.52.143.35 - - [19/Mar/2009:10:39:04 +0100] "GET /f-net.html HTTP/1.1" 200 9913 "-" "Mozilla/5.0 (Windows; U; Windows NT 5.1; fr; rv:1.8.1) VoilaBot BETA 1.2 (support.voilabot@orange-ftgroup.com)"
67.195.37.171 - - [19/Mar/2009:10:53:04 +0100] "GET /robots.txt HTTP/1.0" 200 64 "-" "Mozilla/5.0 (compatible; Yahoo! Slurp; http://help.yahoo.com/help/us/ysearch/slurp)"
67.195.37.171 - - [19/Mar/2009:10:53:05 +0100] "GET /schubb/schubb-1.html HTTP/1.0" 200 9070 "-" "Mozilla/5.0 (compatible; Yahoo! Slurp; http://help.yahoo.com/help/us/ysearch/slurp)"
66.249.71.249 - - [19/Mar/2009:11:06:27 +0100] "GET /logs/usage_200903.html HTTP/1.1" 404 2748 "-" "Mozilla/5.0 (compatible; Googlebot/2.1; +http://www.google.com/bot.html)"
58.30.161.9 - - [19/Mar/2009:11:11:16 +0100] "GET /zampa/favicon.ico HTTP/1.1" 404 2748 "-" "Mozilla/4.0 (compatible; GoogleToolbar 5.0.2124.6042; Windows XP 5.1; MSIE 6.0.2900.2180)"
58.30.161.9 - - [19/Mar/2009:11:11:17 +0100] "GET /zampa/favicon.gif HTTP/1.1" 404 2748 "-" "Mozilla/4.0 (compatible; GoogleToolbar 5.0.2124.6042; Windows XP 5.1; MSIE 6.0.2900.2180)"
66.249.71.249 - - [19/Mar/2009:11:23:06 +0100] "GET /bannerz/various-euro-girl.jpg HTTP/1.1" 200 91514 "-" "Mozilla/5.0 (compatible; Googlebot/2.1; +http://www.google.com/bot.html)"
87.250.39.216 - - [19/Mar/2009:11:37:28 +0100] "GET /favicon.ico HTTP/1.1" 302 364 "-" "Mozilla/4.0 (compatible; GoogleToolbar 5.0.2124.6042; Windows XP 5.1; MSIE 7.0.5730.13)"
87.250.39.216 - - [19/Mar/2009:11:37:28 +0100] "GET /zampa/favicon.ico HTTP/1.1" 404 2748 "-" "Mozilla/4.0 (compatible; GoogleToolbar 5.0.2124.6042; Windows XP 5.1; MSIE 7.0.5730.13)"
87.250.39.216 - - [19/Mar/2009:11:37:28 +0100] "GET /favicon.gif HTTP/1.1" 302 364 "-" "Mozilla/4.0 (compatible; GoogleToolbar 5.0.2124.6042; Windows XP 5.1; MSIE 7.0.5730.13)"
87.250.39.216 - - [19/Mar/2009:11:37:28 +0100] "GET /zampa/favicon.gif HTTP/1.1" 404 2748 "-" "Mozilla/4.0 (compatible; GoogleToolbar 5.0.2124.6042; Windows XP 5.1; MSIE 7.0.5730.13)"
65.55.211.172 - - [19/Mar/2009:11:37:32 +0100] "GET /robots.txt HTTP/1.1" 200 64 "-" "msnbot/1.1 (+http://search.msn.com/msnbot.htm)"
65.55.211.172 - - [19/Mar/2009:11:37:32 +0100] "GET /frame-inhalt.html HTTP/1.1" 200 5418 "-" "msnbot/1.1 (+http://search.msn.com/msnbot.htm)"
66.249.71.249 - - [19/Mar/2009:11:38:47 +0100] "GET /zampa-lovers/2SEITEVE.GIF HTTP/1.1" 200 83466 "-" "Mozilla/5.0 (compatible; Googlebot/2.1; +http://www.google.com/bot.html)"
65.55.109.146 - - [19/Mar/2009:11:39:36 +0100] "GET /frame-inhalt.html HTTP/1.0" 200 5418 "http://search.live.com/results.aspx?q=various" "Mozilla/4.0 (compatible; MSIE 6.0; Windows NT 5.2; SV1; .NET CLR 1.1.4322)"
65.55.109.146 - - [19/Mar/2009:11:39:37 +0100] "GET /style/various-euro.css HTTP/1.0" 200 3437 "http://www.various-euro.com/frame-inhalt.html" "Mozilla/4.0 (compatible; MSIE 6.0; Windows NT 5.2; SV1; .NET CLR 1.1.4322)"
65.55.109.146 - - [19/Mar/2009:11:39:48 +0100] "GET /framez.html HTTP/1.0" 200 3959 "-" "Mozilla/4.0 (compatible; MSIE 6.0; Windows NT 5.2; SV1; .NET CLR 1.1.4322)"
65.55.109.146 - - [19/Mar/2009:11:39:50 +0100] "GET /style/various-euro.css HTTP/1.0" 200 3437 "http://www.various-euro.com/framez.html" "Mozilla/4.0 (compatible; MSIE 6.0; Windows NT 5.2; SV1; .NET CLR 1.1.4322)"
65.55.109.146 - - [19/Mar/2009:11:39:52 +0100] "GET /frame-menu.html HTTP/1.0" 200 10536 "http://www.various-euro.com/framez.html" "Mozilla/4.0 (compatible; MSIE 6.0; Windows NT 5.2; SV1; .NET CLR 1.1.4322)"
65.55.109.146 - - [19/Mar/2009:11:39:54 +0100] "GET /frame-inhalt.html HTTP/1.0" 200 5418 "http://www.various-euro.com/framez.html" "Mozilla/4.0 (compatible; MSIE 6.0; Windows NT 5.2; SV1; .NET CLR 1.1.4322)"
65.55.109.146 - - [19/Mar/2009:11:39:54 +0100] "GET /frame-unten.html HTTP/1.0" 200 5308 "http://www.various-euro.com/framez.html" "Mozilla/4.0 (compatible; MSIE 6.0; Windows NT 5.2; SV1; .NET CLR 1.1.4322)"
65.55.109.146 - - [19/Mar/2009:11:39:54 +0100] "GET /style/various-euro.css HTTP/1.0" 200 3437 "http://www.various-euro.com/frame-menu.html" "Mozilla/4.0 (compatible; MSIE 6.0; Windows NT 5.2; SV1; .NET CLR 1.1.4322)"
66.249.71.249 - - [19/Mar/2009:11:42:22 +0100] "GET /zampa-lovers/DRAGAN_Z.JPG HTTP/1.1" 200 6850 "-" "Mozilla/5.0 (compatible; Googlebot/2.1; +http://www.google.com/bot.html)"
66.249.71.249 - - [19/Mar/2009:11:42:23 +0100] "GET /bannerz/ve.jpg HTTP/1.1" 200 36912 "-" "Mozilla/5.0 (compatible; Googlebot/2.1; +http://www.google.com/bot.html)"
66.249.71.249 - - [19/Mar/2009:11:43:37 +0100] "GET /zampa-lovers/MILIZA_4.JPG HTTP/1.1" 200 9946 "-" "Mozilla/5.0 (compatible; Googlebot/2.1; +http://www.google.com/bot.html)"
66.249.71.249 - - [19/Mar/2009:11:43:45 +0100] "GET /zampa-lovers/Kralle.gif HTTP/1.1" 200 260 "-" "Mozilla/5.0 (compatible; Googlebot/2.1; +http://www.google.com/bot.html)"
66.249.71.249 - - [19/Mar/2009:11:43:45 +0100] "GET /zampa-lovers/MILIZA_B.JPG HTTP/1.1" 200 10947 "-" "Mozilla/5.0 (compatible; Googlebot/2.1; +http://www.google.com/bot.html)"
66.249.71.249 - - [19/Mar/2009:11:45:02 +0100] "GET /zampa-lovers/zampamali.gif HTTP/1.1" 200 2617 "-" "Mozilla/5.0 (compatible; Googlebot/2.1; +http://www.google.com/bot.html)"
66.249.71.249 - - [19/Mar/2009:11:48:04 +0100] "GET /zampa-lovers/DRAGANZA.JPG HTTP/1.1" 200 18560 "-" "Mozilla/5.0 (compatible; Googlebot/2.1; +http://www.google.com/bot.html)"
87.250.39.216 - - [19/Mar/2009:11:49:54 +0100] "GET /favicon.ico HTTP/1.1" 302 364 "-" "Mozilla/4.0 (compatible; GoogleToolbar 5.0.2124.6042; Windows XP 5.1; MSIE 7.0.5730.13)"
87.250.39.216 - - [19/Mar/2009:11:49:54 +0100] "GET /zampa/favicon.ico HTTP/1.1" 404 2748 "-" "Mozilla/4.0 (compatible; GoogleToolbar 5.0.2124.6042; Windows XP 5.1; MSIE 7.0.5730.13)"
87.250.39.216 - - [19/Mar/2009:11:49:54 +0100] "GET /favicon.gif HTTP/1.1" 302 364 "-" "Mozilla/4.0 (compatible; GoogleToolbar 5.0.2124.6042; Windows XP 5.1; MSIE 7.0.5730.13)"
87.250.39.216 - - [19/Mar/2009:11:49:54 +0100] "GET /zampa/favicon.gif HTTP/1.1" 404 2748 "-" "Mozilla/4.0 (compatible; GoogleToolbar 5.0.2124.6042; Windows XP 5.1; MSIE 7.0.5730.13)"
87.250.39.216 - - [19/Mar/2009:11:50:44 +0100] "GET /favicon.ico HTTP/1.1" 302 364 "-" "Mozilla/4.0 (compatible; GoogleToolbar 5.0.2124.6042; Windows XP 5.1; MSIE 7.0.5730.13)"
87.250.39.216 - - [19/Mar/2009:11:50:44 +0100] "GET /zampa/favicon.ico HTTP/1.1" 404 2748 "-" "Mozilla/4.0 (compatible; GoogleToolbar 5.0.2124.6042; Windows XP 5.1; MSIE 7.0.5730.13)"
87.250.39.216 - - [19/Mar/2009:11:50:44 +0100] "GET /favicon.gif HTTP/1.1" 302 364 "-" "Mozilla/4.0 (compatible; GoogleToolbar 5.0.2124.6042; Windows XP 5.1; MSIE 7.0.5730.13)"
87.250.39.216 - - [19/Mar/2009:11:50:44 +0100] "GET /zampa/favicon.gif HTTP/1.1" 404 2748 "-" "Mozilla/4.0 (compatible; GoogleToolbar 5.0.2124.6042; Windows XP 5.1; MSIE 7.0.5730.13)"
87.250.39.216 - - [19/Mar/2009:11:52:18 +0100] "GET /favicon.ico HTTP/1.1" 302 364 "-" "Mozilla/4.0 (compatible; GoogleToolbar 5.0.2124.6042; Windows XP 5.1; MSIE 7.0.5730.13)"
87.250.39.216 - - [19/Mar/2009:11:52:18 +0100] "GET /zampa/favicon.ico HTTP/1.1" 404 2748 "-" "Mozilla/4.0 (compatible; GoogleToolbar 5.0.2124.6042; Windows XP 5.1; MSIE 7.0.5730.13)"
87.250.39.216 - - [19/Mar/2009:11:52:18 +0100] "GET /favicon.gif HTTP/1.1" 302 364 "-" "Mozilla/4.0 (compatible; GoogleToolbar 5.0.2124.6042; Windows XP 5.1; MSIE 7.0.5730.13)"
87.250.39.216 - - [19/Mar/2009:11:52:18 +0100] "GET /zampa/favicon.gif HTTP/1.1" 404 2748 "-" "Mozilla/4.0 (compatible; GoogleToolbar 5.0.2124.6042; Windows XP 5.1; MSIE 7.0.5730.13)"
82.99.30.15 - - [19/Mar/2009:11:55:26 +0100] "GET /bannerz/exit.gif HTTP/1.0" 200 2988 "http://www.various-euro.com/neon/warning.html" "Mozilla/4.0 (compatible; MSIE 6.0; Windows NT 5.1)"
208.36.144.6 - - [19/Mar/2009:12:03:51 +0100] "GET / HTTP/1.0" 302 353 "-" "Mozilla/5.0 (Twiceler-0.9 http://www.cuil.com/twiceler/robot.html)"
66.249.71.249 - - [19/Mar/2009:12:06:16 +0100] "GET /robots.txt HTTP/1.1" 200 64 "-" "Mozilla/5.0 (compatible; Googlebot/2.1; +http://www.google.com/bot.html)"
66.249.71.249 - - [19/Mar/2009:12:06:17 +0100] "GET /zampa-lovers/MILIZA_3.JPG HTTP/1.1" 200 26924 "-" "Mozilla/5.0 (compatible; Googlebot/2.1; +http://www.google.com/bot.html)"
66.249.71.249 - - [19/Mar/2009:12:07:56 +0100] "GET /zampa-lovers/zampa.gif HTTP/1.1" 200 460627 "-" "Mozilla/5.0 (compatible; Googlebot/2.1; +http://www.google.com/bot.html)"
66.249.71.249 - - [19/Mar/2009:12:10:27 +0100] "GET /zampa-lovers/MILIZA_2.JPG HTTP/1.1" 200 22172 "-" "Mozilla/5.0 (compatible; Googlebot/2.1; +http://www.google.com/bot.html)"
67.195.37.171 - - [19/Mar/2009:12:16:00 +0100] "GET /logs/ HTTP/1.0" 200 10079 "-" "Mozilla/5.0 (compatible; Yahoo! Slurp; http://help.yahoo.com/help/us/ysearch/slurp)"
193.252.149.14 - - [19/Mar/2009:12:20:33 +0100] "GET /framez.html HTTP/1.1" 200 3959 "-" "Mozilla/5.0 (Windows; U; Windows NT 5.1; fr; rv:1.8.1) VoilaBot BETA 1.2 (support.voilabot@orange-ftgroup.com)"
193.252.149.14 - - [19/Mar/2009:12:20:45 +0100] "GET /frame-inhalt.html HTTP/1.1" 200 5418 "-" "Mozilla/5.0 (Windows; U; Windows NT 5.1; fr; rv:1.8.1) VoilaBot BETA 1.2 (support.voilabot@orange-ftgroup.com)"
193.252.149.14 - - [19/Mar/2009:12:20:45 +0100] "GET /frame-menu.html HTTP/1.1" 200 10536 "-" "Mozilla/5.0 (Windows; U; Windows NT 5.1; fr; rv:1.8.1) VoilaBot BETA 1.2 (support.voilabot@orange-ftgroup.com)"
193.252.149.14 - - [19/Mar/2009:12:20:45 +0100] "GET /frame-unten.html HTTP/1.1" 200 5308 "-" "Mozilla/5.0 (Windows; U; Windows NT 5.1; fr; rv:1.8.1) VoilaBot BETA 1.2 (support.voilabot@orange-ftgroup.com)"
74.6.8.105 - - [19/Mar/2009:12:21:45 +0100] "GET /robots.txt HTTP/1.0" 200 64 "-" "Mozilla/5.0 (compatible; Yahoo! Slurp; http://help.yahoo.com/help/us/ysearch/slurp)"
74.6.8.105 - - [19/Mar/2009:12:21:45 +0100] "GET /logs/ HTTP/1.0" 200 10079 "-" "Mozilla/5.0 (compatible; Yahoo! Slurp/3.0; http://help.yahoo.com/help/us/ysearch/slurp)"
66.249.71.249 - - [19/Mar/2009:12:34:45 +0100] "GET /style/various-euro.css HTTP/1.1" 200 3437 "-" "Mozilla/5.0 (compatible; Googlebot/2.1; +http://www.google.com/bot.html)"
82.99.30.65 - - [19/Mar/2009:12:50:21 +0100] "GET /zampa/montenegro/slike/plakat.jpg HTTP/1.0" 200 47879 "http://www.various-euro.com/zampa/montenegro/index.html" "Mozilla/4.0 (compatible; MSIE 6.0; Windows NT 5.1)"
82.99.30.34 - - [19/Mar/2009:12:57:49 +0100] "GET /logs/hourly_usage_200704.png HTTP/1.0" 200 2204 "http://www.various-euro.com/logs/usage_200704.html" "Mozilla/4.0 (compatible; MSIE 6.0; Windows NT 5.1)"
82.99.30.34 - - [19/Mar/2009:12:57:49 +0100] "GET /logs/ctry_usage_200704.png HTTP/1.0" 200 5285 "http://www.various-euro.com/logs/usage_200704.html" "Mozilla/4.0 (compatible; MSIE 6.0; Windows NT 5.1)"
82.99.30.34 - - [19/Mar/2009:12:57:49 +0100] "GET /logs/daily_usage_200704.png HTTP/1.0" 200 4118 "http://www.various-euro.com/logs/usage_200704.html" "Mozilla/4.0 (compatible; MSIE 6.0; Windows NT 5.1)"
66.249.71.249 - - [19/Mar/2009:12:59:34 +0100] "GET /zampa-lovers/kralle.gif HTTP/1.1" 404 2748 "-" "Mozilla/5.0 (compatible; Googlebot/2.1; +http://www.google.com/bot.html)"
74.6.8.105 - - [19/Mar/2009:12:59:45 +0100] "GET /zampa/montenegro/index.html HTTP/1.0" 200 2651 "http://www.angelfire.com/psy/zampa-di-leone-zampa/" "Mozilla/5.0 (compatible; Yahoo! Slurp/3.0; http://help.yahoo.com/help/us/ysearch/slurp)"
74.6.8.105 - - [19/Mar/2009:12:59:45 +0100] "GET /zampa/ HTTP/1.0" 200 7153 "http://www.angelfire.com/psy/zampa-di-leone-zampa/" "Mozilla/5.0 (compatible; Yahoo! Slurp/3.0; http://help.yahoo.com/help/us/ysearch/slurp)"
67.195.37.171 - - [19/Mar/2009:12:59:59 +0100] "GET /f-maintitle.html HTTP/1.0" 200 5030 "-" "Mozilla/5.0 (compatible; Yahoo! Slurp/3.0; http://help.yahoo.com/help/us/ysearch/slurp)"
66.249.71.249 - - [19/Mar/2009:13:34:36 +0100] "GET /zampa-lovers/1SEITEVE.GIF HTTP/1.1" 200 78726 "-" "Mozilla/5.0 (compatible; Googlebot/2.1; +http://www.google.com/bot.html)"
67.195.37.171 - - [19/Mar/2009:13:45:12 +0100] "GET /schubb/schubb-2.html HTTP/1.0" 200 16660 "-" "Mozilla/5.0 (compatible; Yahoo! Slurp/3.0; http://help.yahoo.com/help/us/ysearch/slurp)"
66.249.71.249 - - [19/Mar/2009:14:21:50 +0100] "GET /zampa-lovers/zampa-2X2.gif HTTP/1.1" 200 6948 "-" "Mozilla/5.0 (compatible; Googlebot/2.1; +http://www.google.com/bot.html)"
74.6.8.105 - - [19/Mar/2009:14:36:13 +0100] "GET /f-zeug.html HTTP/1.0" 200 48203 "-" "Mozilla/5.0 (compatible; Yahoo! Slurp/3.0; http://help.yahoo.com/help/us/ysearch/slurp)"
62.162.181.135 - - [19/Mar/2009:15:06:56 +0100] "GET /framez-zampa-lovers.html HTTP/1.1" 200 4322 "http://search.conduit.com/Results.aspx?q=kada+ces+umreti&hl=en&SelfSearch=1&SearchSourceOrigin=13&ctid=CT1814311" "Mozilla/5.0 (Windows; U; Windows NT 5.1; en-US; rv:1.8.1.20) Gecko/20081217 Firefox/2.0.0.20"
62.162.181.135 - - [19/Mar/2009:15:06:56 +0100] "GET /ve-icon-2.ico HTTP/1.1" 200 2238 "-" "Mozilla/5.0 (Windows; U; Windows NT 5.1; en-US; rv:1.8.1.20) Gecko/20081217 Firefox/2.0.0.20"
62.162.181.135 - - [19/Mar/2009:15:06:56 +0100] "GET /frame-menu.html HTTP/1.1" 200 10536 "http://www.various-euro.com/framez-zampa-lovers.html" "Mozilla/5.0 (Windows; U; Windows NT 5.1; en-US; rv:1.8.1.20) Gecko/20081217 Firefox/2.0.0.20"
62.162.181.135 - - [19/Mar/2009:15:06:56 +0100] "GET /zampa-lovers/index.html HTTP/1.1" 200 37790 "http://www.various-euro.com/framez-zampa-lovers.html" "Mozilla/5.0 (Windows; U; Windows NT 5.1; en-US; rv:1.8.1.20) Gecko/20081217 Firefox/2.0.0.20"
62.162.181.135 - - [19/Mar/2009:15:06:56 +0100] "GET /frame-unten.html HTTP/1.1" 200 5308 "http://www.various-euro.com/framez-zampa-lovers.html" "Mozilla/5.0 (Windows; U; Windows NT 5.1; en-US; rv:1.8.1.20) Gecko/20081217 Firefox/2.0.0.20"
62.162.181.135 - - [19/Mar/2009:15:06:57 +0100] "GET /zampa-lovers/DRAGAN_Z.JPG HTTP/1.1" 200 6850 "http://www.various-euro.com/zampa-lovers/index.html" "Mozilla/5.0 (Windows; U; Windows NT 5.1; en-US; rv:1.8.1.20) Gecko/20081217 Firefox/2.0.0.20"
62.162.181.135 - - [19/Mar/2009:15:06:57 +0100] "GET /zampa-lovers/MILIZA_2.JPG HTTP/1.1" 200 22172 "http://www.various-euro.com/zampa-lovers/index.html" "Mozilla/5.0 (Windows; U; Windows NT 5.1; en-US; rv:1.8.1.20) Gecko/20081217 Firefox/2.0.0.20"
62.162.181.135 - - [19/Mar/2009:15:06:57 +0100] "GET /style/various-euro.css HTTP/1.1" 200 3437 "http://www.various-euro.com/frame-menu.html" "Mozilla/5.0 (Windows; U; Windows NT 5.1; en-US; rv:1.8.1.20) Gecko/20081217 Firefox/2.0.0.20"
62.162.181.135 - - [19/Mar/2009:15:06:57 +0100] "GET /zampa-lovers/MILIZA_B.JPG HTTP/1.1" 200 10947 "http://www.various-euro.com/zampa-lovers/index.html" "Mozilla/5.0 (Windows; U; Windows NT 5.1; en-US; rv:1.8.1.20) Gecko/20081217 Firefox/2.0.0.20"
62.162.181.135 - - [19/Mar/2009:15:06:57 +0100] "GET /zampa-lovers/MILIZA_3.JPG HTTP/1.1" 200 26924 "http://www.various-euro.com/zampa-lovers/index.html" "Mozilla/5.0 (Windows; U; Windows NT 5.1; en-US; rv:1.8.1.20) Gecko/20081217 Firefox/2.0.0.20"
