81.66.212.187 - - [07/Mar/2009:07:52:38 +0100] "GET /rez/607.mp3 HTTP/1.1" 206 709202 "-" "DAP 9.0"
81.66.212.187 - - [07/Mar/2009:07:52:40 +0100] "GET /rez/607.mp3 HTTP/1.1" 206 709202 "-" "DAP 9.0"
81.66.212.187 - - [07/Mar/2009:07:52:54 +0100] "GET /rez/108.mp3 HTTP/1.1" 206 347673 "-" "DAP 9.0"
81.66.212.187 - - [07/Mar/2009:07:52:46 +0100] "GET /rez/611.mp3 HTTP/1.1" 206 968934 "-" "DAP 9.0"
81.66.212.187 - - [07/Mar/2009:07:53:01 +0100] "GET /rez/611.mp3 HTTP/1.1" 206 376498 "-" "DAP 9.0"
81.66.212.187 - - [07/Mar/2009:07:52:51 +0100] "GET /rez/108.mp3 HTTP/1.1" 206 2086040 "-" "DAP 9.0"
81.66.212.187 - - [07/Mar/2009:07:52:53 +0100] "GET /rez/108.mp3 HTTP/1.1" 206 347673 "-" "DAP 9.0"
81.66.212.187 - - [07/Mar/2009:07:52:55 +0100] "GET /rez/108.mp3 HTTP/1.1" 206 347673 "-" "DAP 9.0"
81.66.212.187 - - [07/Mar/2009:07:52:47 +0100] "GET /rez/611.mp3 HTTP/1.1" 206 968934 "-" "DAP 9.0"
81.66.212.187 - - [07/Mar/2009:07:53:02 +0100] "GET /rez/611.mp3 HTTP/1.1" 206 164072 "-" "DAP 9.0"
81.66.212.187 - - [07/Mar/2009:07:52:41 +0100] "GET /rez/611.mp3 HTTP/1.1" 206 968934 "-" "DAP 9.0"
81.66.212.187 - - [07/Mar/2009:07:52:56 +0100] "GET /rez/108.mp3 HTTP/1.1" 206 347675 "-" "DAP 9.0"
81.66.212.187 - - [07/Mar/2009:07:52:39 +0100] "GET /rez/611.mp3 HTTP/1.1" 206 6782540 "-" "DAP 9.0"
81.66.212.187 - - [07/Mar/2009:07:53:04 +0100] "GET /rez/108.mp3 HTTP/1.1" 206 90867 "-" "DAP 9.0"
81.66.212.187 - - [07/Mar/2009:07:52:55 +0100] "GET /rez/108.mp3 HTTP/1.1" 206 347673 "-" "DAP 9.0"
81.66.212.187 - - [07/Mar/2009:07:52:56 +0100] "GET /rez/554.mp3 HTTP/1.1" 200 13335140 "http://www.various-euro.com/f-rez.html" "Mozilla/5.0 (Windows; U; Windows NT 6.0; en-US) AppleWebKit/525.19 (KHTML, like Gecko) Chrome/1.0.154.48 Safari/525.19"
81.66.212.187 - - [07/Mar/2009:07:52:42 +0100] "GET /rez/611.mp3 HTTP/1.1" 206 968934 "-" "DAP 9.0"
81.66.212.187 - - [07/Mar/2009:07:53:05 +0100] "GET /rez/611.mp3 HTTP/1.1" 206 186673 "-" "DAP 9.0"
81.66.212.187 - - [07/Mar/2009:07:53:06 +0100] "GET /rez/611.mp3 HTTP/1.1" 206 161016 "-" "DAP 9.0"
81.66.212.187 - - [07/Mar/2009:07:52:57 +0100] "GET /rez/611.mp3 HTTP/1.1" 206 500901 "-" "DAP 9.0"
81.66.212.187 - - [07/Mar/2009:07:52:57 +0100] "GET /rez/601.mp3 HTTP/1.1" 206 102884 "-" "DAP 9.0"
81.66.212.187 - - [07/Mar/2009:07:53:04 +0100] "GET /rez/611.mp3 HTTP/1.1" 206 192273 "-" "DAP 9.0"
81.66.212.187 - - [07/Mar/2009:07:53:08 +0100] "GET /rez/601.mp3 HTTP/1.1" 206 95413 "-" "DAP 9.0"
81.66.212.187 - - [07/Mar/2009:07:52:33 +0100] "GET /rez/601.mp3 HTTP/1.1" 206 721815 "-" "DAP 9.0"
81.66.212.187 - - [07/Mar/2009:07:52:36 +0100] "GET /rez/601.mp3 HTTP/1.1" 206 721821 "-" "DAP 9.0"
81.66.212.187 - - [07/Mar/2009:07:52:38 +0100] "GET /rez/601.mp3 HTTP/1.1" 206 709673 "-" "DAP 9.0"
81.66.212.187 - - [07/Mar/2009:07:53:11 +0100] "GET /rez/326.mp3 HTTP/1.1" 206 1096069 "-" "DAP 9.0"
81.66.212.187 - - [07/Mar/2009:07:53:12 +0100] "GET /rez/326.mp3 HTTP/1.1" 206 1096069 "-" "DAP 9.0"
81.66.212.187 - - [07/Mar/2009:07:53:12 +0100] "GET /rez/326.mp3 HTTP/1.1" 206 1096069 "-" "DAP 9.0"
81.66.212.187 - - [07/Mar/2009:07:53:28 +0100] "GET /rez/326.mp3 HTTP/1.1" 206 469143 "-" "DAP 9.0"
81.66.212.187 - - [07/Mar/2009:07:53:13 +0100] "GET /rez/326.mp3 HTTP/1.1" 206 1096070 "-" "DAP 9.0"
81.66.212.187 - - [07/Mar/2009:07:53:13 +0100] "GET /rez/554.mp3 HTTP/1.1" 206 1905020 "-" "DAP 9.0"
81.66.212.187 - - [07/Mar/2009:07:53:11 +0100] "GET /rez/326.mp3 HTTP/1.1" 206 1096069 "-" "DAP 9.0"
81.66.212.187 - - [07/Mar/2009:07:53:01 +0100] "GET /rez/326.mp3 HTTP/1.1" 206 7672484 "-" "DAP 9.0"
81.66.212.187 - - [07/Mar/2009:07:53:25 +0100] "GET /rez/326.mp3 HTTP/1.1" 206 645229 "-" "DAP 9.0"
81.66.212.187 - - [07/Mar/2009:07:53:30 +0100] "GET /rez/326.mp3 HTTP/1.1" 206 176469 "-" "DAP 9.0"
81.66.212.187 - - [07/Mar/2009:07:53:32 +0100] "GET /rez/326.mp3 HTTP/1.1" 206 227429 "-" "DAP 9.0"
81.66.212.187 - - [07/Mar/2009:07:53:30 +0100] "GET /rez/326.mp3 HTTP/1.1" 206 267512 "-" "DAP 9.0"
81.66.212.187 - - [07/Mar/2009:07:53:11 +0100] "GET /rez/326.mp3 HTTP/1.1" 206 1096069 "-" "DAP 9.0"
81.66.212.187 - - [07/Mar/2009:07:53:11 +0100] "GET /rez/554.mp3 HTTP/1.1" 206 1905020 "-" "DAP 9.0"
81.66.212.187 - - [07/Mar/2009:07:53:12 +0100] "GET /rez/554.mp3 HTTP/1.1" 206 1905020 "-" "DAP 9.0"
81.66.212.187 - - [07/Mar/2009:07:53:12 +0100] "GET /rez/554.mp3 HTTP/1.1" 206 1905020 "-" "DAP 9.0"
81.66.212.187 - - [07/Mar/2009:07:53:37 +0100] "GET /rez/554.mp3 HTTP/1.1" 206 522458 "-" "DAP 9.0"
81.66.212.187 - - [07/Mar/2009:07:53:35 +0100] "GET /rez/554.mp3 HTTP/1.1" 206 390018 "-" "DAP 9.0"
81.66.212.187 - - [07/Mar/2009:07:53:37 +0100] "GET /rez/554.mp3 HTTP/1.1" 206 277838 "-" "DAP 9.0"
81.66.212.187 - - [07/Mar/2009:07:53:38 +0100] "GET /rez/554.mp3 HTTP/1.1" 206 245376 "-" "DAP 9.0"
81.66.212.187 - - [07/Mar/2009:07:53:10 +0100] "GET /rez/554.mp3 HTTP/1.1" 206 1905020 "-" "DAP 9.0"
81.66.212.187 - - [07/Mar/2009:07:53:37 +0100] "GET /rez/554.mp3 HTTP/1.1" 206 286378 "-" "DAP 9.0"
81.66.212.187 - - [07/Mar/2009:07:53:07 +0100] "GET /rez/554.mp3 HTTP/1.1" 206 13335140 "-" "DAP 9.0"
81.66.212.187 - - [07/Mar/2009:07:52:07 +0100] "GET /rez/556.mp3 HTTP/1.1" 206 85136 "-" "DAP 9.0"
81.66.212.187 - - [07/Mar/2009:07:52:31 +0100] "GET /rez/601.mp3 HTTP/1.1" 206 5052711 "-" "DAP 9.0"
81.66.212.187 - - [07/Mar/2009:07:52:28 +0100] "GET /rez/327.mp3 HTTP/1.1" 206 395992 "-" "DAP 9.0"
81.66.212.187 - - [07/Mar/2009:07:52:22 +0100] "GET /rez/327.mp3 HTTP/1.1" 206 2771948 "-" "DAP 9.0"
81.66.212.187 - - [07/Mar/2009:07:52:55 +0100] "GET /rez/611.mp3 HTTP/1.1" 206 836717 "-" "DAP 9.0"
81.66.212.187 - - [07/Mar/2009:07:53:00 +0100] "GET /rez/108.mp3 HTTP/1.1" 206 156662 "-" "DAP 9.0"
81.66.212.187 - - [07/Mar/2009:07:52:51 +0100] "GET /rez/611.mp3 HTTP/1.1" 206 968936 "-" "DAP 9.0"
81.66.212.187 - - [07/Mar/2009:07:53:04 +0100] "GET /rez/611.mp3 HTTP/1.1" 206 270601 "-" "DAP 9.0"
81.66.212.187 - - [07/Mar/2009:07:53:11 +0100] "GET /rez/554.mp3 HTTP/1.1" 206 1905020 "-" "DAP 9.0"
81.66.212.187 - - [07/Mar/2009:07:53:31 +0100] "GET /rez/554.mp3 HTTP/1.1" 206 863341 "-" "DAP 9.0"
81.66.212.187 - - [07/Mar/2009:07:52:13 +0100] "GET /rez/555.mp3 HTTP/1.1" 206 859672 "-" "DAP 9.0"
81.66.212.187 - - [07/Mar/2009:07:52:55 +0100] "GET /rez/607.mp3 HTTP/1.1" 206 75871 "-" "DAP 9.0"
72.30.161.223 - - [07/Mar/2009:08:12:47 +0100] "GET /robots.txt HTTP/1.0" 200 64 "-" "Mozilla/5.0 (compatible; Yahoo! Slurp; http://help.yahoo.com/help/us/ysearch/slurp)"
72.30.87.119 - - [07/Mar/2009:08:13:33 +0100] "GET /robots.txt HTTP/1.0" 200 64 "-" "Mozilla/5.0 (compatible; Yahoo! Slurp; http://help.yahoo.com/help/us/ysearch/slurp)"
72.30.87.119 - - [07/Mar/2009:08:13:34 +0100] "GET /logs/usage_200705.html HTTP/1.0" 200 99798 "-" "Mozilla/5.0 (compatible; Yahoo! Slurp/3.0; http://help.yahoo.com/help/us/ysearch/slurp)"
72.30.87.119 - - [07/Mar/2009:08:13:34 +0100] "GET /logs/usage_200705.html HTTP/1.0" 200 109447 "-" "Mozilla/5.0 (compatible; Yahoo! Slurp/3.0; http://help.yahoo.com/help/us/ysearch/slurp)"
193.252.149.15 - - [07/Mar/2009:08:46:54 +0100] "GET /neon/slow-walk2.html HTTP/1.1" 200 1777 "-" "Mozilla/5.0 (Windows; U; Windows NT 5.1; fr; rv:1.8.1) VoilaBot BETA 1.2 (support.voilabot@orange-ftgroup.com)"
72.30.81.159 - - [07/Mar/2009:09:03:13 +0100] "GET /robots.txt HTTP/1.0" 200 64 "-" "Mozilla/5.0 (compatible; Yahoo! Slurp; http://help.yahoo.com/help/us/ysearch/slurp)"
72.30.81.159 - - [07/Mar/2009:09:03:34 +0100] "GET /neon/click.html HTTP/1.0" 200 521 "-" "Mozilla/5.0 (compatible; Yahoo! Slurp/3.0; http://help.yahoo.com/help/us/ysearch/slurp)"
66.235.124.7 - - [07/Mar/2009:09:04:48 +0100] "GET /robots.txt HTTP/1.1" 200 64 "-" "Mozilla/5.0 (compatible; Ask Jeeves/Teoma; +http://about.ask.com/en/docs/about/webmasters.shtml)"
66.235.124.7 - - [07/Mar/2009:09:05:03 +0100] "GET /neon/girlz3.html HTTP/1.1" 200 2479 "-" "Mozilla/5.0 (compatible; Ask Jeeves/Teoma; +http://about.ask.com/en/docs/about/webmasters.shtml)"
89.216.126.125 - - [07/Mar/2009:09:14:16 +0100] "GET / HTTP/1.1" 302 353 "http://search.bearshare.com/intl/webResults.html?q=legije&hl=en&o=10596&page=1&lr=1&src=hmp_intl" "Mozilla/5.0 (Windows; U; Windows NT 5.1; en-US; rv:1.9.0.7) Gecko/2009021910 Firefox/3.0.7"
89.216.126.125 - - [07/Mar/2009:09:14:16 +0100] "GET /zampa/ HTTP/1.1" 200 7153 "http://search.bearshare.com/intl/webResults.html?q=legije&hl=en&o=10596&page=1&lr=1&src=hmp_intl" "Mozilla/5.0 (Windows; U; Windows NT 5.1; en-US; rv:1.9.0.7) Gecko/2009021910 Firefox/3.0.7"
89.216.126.125 - - [07/Mar/2009:09:14:16 +0100] "GET /zampa/slike/zampa.gif HTTP/1.1" 200 5310 "http://www.various-euro.com/zampa/" "Mozilla/5.0 (Windows; U; Windows NT 5.1; en-US; rv:1.9.0.7) Gecko/2009021910 Firefox/3.0.7"
89.216.126.125 - - [07/Mar/2009:09:14:16 +0100] "GET /zampa/slike/inthearse.gif HTTP/1.1" 200 4077 "http://www.various-euro.com/zampa/" "Mozilla/5.0 (Windows; U; Windows NT 5.1; en-US; rv:1.9.0.7) Gecko/2009021910 Firefox/3.0.7"
89.216.126.125 - - [07/Mar/2009:09:14:16 +0100] "GET /zampa/slike/udupetu.gif HTTP/1.1" 200 4138 "http://www.various-euro.com/zampa/" "Mozilla/5.0 (Windows; U; Windows NT 5.1; en-US; rv:1.9.0.7) Gecko/2009021910 Firefox/3.0.7"
89.216.126.125 - - [07/Mar/2009:09:14:17 +0100] "GET /favicon.ico HTTP/1.1" 404 2748 "-" "Mozilla/5.0 (Windows; U; Windows NT 5.1; en-US; rv:1.9.0.7) Gecko/2009021910 Firefox/3.0.7"
89.216.126.125 - - [07/Mar/2009:09:14:20 +0100] "GET /favicon.ico HTTP/1.1" 404 2748 "-" "Mozilla/5.0 (Windows; U; Windows NT 5.1; en-US; rv:1.9.0.7) Gecko/2009021910 Firefox/3.0.7"
72.30.81.159 - - [07/Mar/2009:09:34:38 +0100] "GET /logs/ HTTP/1.0" 200 10079 "-" "Mozilla/5.0 (compatible; Yahoo! Slurp/3.0; http://help.yahoo.com/help/us/ysearch/slurp)"
89.49.49.224 - - [07/Mar/2009:09:43:43 +0100] "GET /f-channel1.html HTTP/1.1" 200 8471 "-" "Mozilla/4.0 (compatible; MSIE 5.5; Windows 98)"
67.195.37.126 - - [07/Mar/2009:10:20:32 +0100] "GET /robots.txt HTTP/1.0" 200 64 "-" "Mozilla/5.0 (compatible; Yahoo! Slurp; http://help.yahoo.com/help/us/ysearch/slurp)"
67.195.37.126 - - [07/Mar/2009:10:20:37 +0100] "GET /framez-rez.html HTTP/1.0" 200 4323 "-" "Mozilla/5.0 (compatible; Yahoo! Slurp/3.0; http://help.yahoo.com/help/us/ysearch/slurp)"
67.195.37.126 - - [07/Mar/2009:10:20:38 +0100] "GET /frame-unten.html HTTP/1.0" 200 5308 "http://www.various-euro.com/framez-rez.html" "Mozilla/5.0 (compatible; Yahoo! Slurp/3.0; http://help.yahoo.com/help/us/ysearch/slurp)"
67.195.37.126 - - [07/Mar/2009:10:20:38 +0100] "GET /frame-menu.html HTTP/1.0" 200 10536 "http://www.various-euro.com/framez-rez.html" "Mozilla/5.0 (compatible; Yahoo! Slurp/3.0; http://help.yahoo.com/help/us/ysearch/slurp)"
67.195.37.126 - - [07/Mar/2009:10:20:38 +0100] "GET /f-rez.html HTTP/1.0" 200 9765 "http://www.various-euro.com/framez-rez.html" "Mozilla/5.0 (compatible; Yahoo! Slurp/3.0; http://help.yahoo.com/help/us/ysearch/slurp)"
67.195.37.126 - - [07/Mar/2009:10:20:38 +0100] "GET /style/various-euro.css HTTP/1.0" 200 3437 "http://www.various-euro.com/frame-menu.html" "Mozilla/5.0 (compatible; Yahoo! Slurp/3.0; http://help.yahoo.com/help/us/ysearch/slurp)"
72.30.81.159 - - [07/Mar/2009:10:27:29 +0100] "GET /f-contact.html HTTP/1.0" 200 6804 "-" "Mozilla/5.0 (compatible; Yahoo! Slurp/3.0; http://help.yahoo.com/help/us/ysearch/slurp)"
72.30.81.159 - - [07/Mar/2009:10:30:49 +0100] "GET /logs/usage_200704.html HTTP/1.0" 200 108835 "-" "Mozilla/5.0 (compatible; Yahoo! Slurp/3.0; http://help.yahoo.com/help/us/ysearch/slurp)"
72.30.81.159 - - [07/Mar/2009:10:30:51 +0100] "GET /logs/usage_200704.html HTTP/1.0" 200 108835 "-" "Mozilla/5.0 (compatible; Yahoo! Slurp/3.0; http://help.yahoo.com/help/us/ysearch/slurp)"
193.252.149.16 - - [07/Mar/2009:10:34:30 +0100] "GET /neon/sushi.html HTTP/1.1" 200 687 "-" "Mozilla/5.0 (Windows; U; Windows NT 5.1; fr; rv:1.8.1) VoilaBot BETA 1.2 (support.voilabot@orange-ftgroup.com)"
72.30.81.159 - - [07/Mar/2009:10:42:20 +0100] "GET /f-warez.html HTTP/1.0" 200 10953 "-" "Mozilla/5.0 (compatible; Yahoo! Slurp/3.0; http://help.yahoo.com/help/us/ysearch/slurp)"
87.250.39.216 - - [07/Mar/2009:11:00:17 +0100] "GET /favicon.ico HTTP/1.1" 302 364 "-" "Mozilla/4.0 (compatible; GoogleToolbar 5.0.2124.6042; Windows XP 5.1; MSIE 7.0.5730.13)"
87.250.39.216 - - [07/Mar/2009:11:00:17 +0100] "GET /zampa/favicon.ico HTTP/1.1" 404 2748 "-" "Mozilla/4.0 (compatible; GoogleToolbar 5.0.2124.6042; Windows XP 5.1; MSIE 7.0.5730.13)"
87.250.39.216 - - [07/Mar/2009:11:00:17 +0100] "GET /favicon.gif HTTP/1.1" 302 364 "-" "Mozilla/4.0 (compatible; GoogleToolbar 5.0.2124.6042; Windows XP 5.1; MSIE 7.0.5730.13)"
87.250.39.216 - - [07/Mar/2009:11:00:17 +0100] "GET /zampa/favicon.gif HTTP/1.1" 404 2748 "-" "Mozilla/4.0 (compatible; GoogleToolbar 5.0.2124.6042; Windows XP 5.1; MSIE 7.0.5730.13)"
87.250.39.216 - - [07/Mar/2009:11:08:23 +0100] "GET /favicon.ico HTTP/1.1" 302 364 "-" "Mozilla/4.0 (compatible; GoogleToolbar 5.0.2124.6042; Windows XP 5.1; MSIE 7.0.5730.13)"
87.250.39.216 - - [07/Mar/2009:11:08:23 +0100] "GET /favicon.ico HTTP/1.1" 302 364 "-" "Mozilla/4.0 (compatible; GoogleToolbar 5.0.2124.6042; Windows XP 5.1; MSIE 7.0.5730.13)"
87.250.39.216 - - [07/Mar/2009:11:08:23 +0100] "GET /favicon.ico HTTP/1.1" 302 364 "-" "Mozilla/4.0 (compatible; GoogleToolbar 5.0.2124.6042; Windows XP 5.1; MSIE 7.0.5730.13)"
87.250.39.216 - - [07/Mar/2009:11:08:23 +0100] "GET /zampa/favicon.ico HTTP/1.1" 404 2748 "-" "Mozilla/4.0 (compatible; GoogleToolbar 5.0.2124.6042; Windows XP 5.1; MSIE 7.0.5730.13)"
87.250.39.216 - - [07/Mar/2009:11:08:23 +0100] "GET /zampa/favicon.ico HTTP/1.1" 404 2748 "-" "Mozilla/4.0 (compatible; GoogleToolbar 5.0.2124.6042; Windows XP 5.1; MSIE 7.0.5730.13)"
87.250.39.216 - - [07/Mar/2009:11:08:23 +0100] "GET /zampa/favicon.ico HTTP/1.1" 404 2748 "-" "Mozilla/4.0 (compatible; GoogleToolbar 5.0.2124.6042; Windows XP 5.1; MSIE 7.0.5730.13)"
87.250.39.216 - - [07/Mar/2009:11:08:23 +0100] "GET /favicon.gif HTTP/1.1" 302 364 "-" "Mozilla/4.0 (compatible; GoogleToolbar 5.0.2124.6042; Windows XP 5.1; MSIE 7.0.5730.13)"
87.250.39.216 - - [07/Mar/2009:11:08:23 +0100] "GET /favicon.gif HTTP/1.1" 302 364 "-" "Mozilla/4.0 (compatible; GoogleToolbar 5.0.2124.6042; Windows XP 5.1; MSIE 7.0.5730.13)"
87.250.39.216 - - [07/Mar/2009:11:08:23 +0100] "GET /zampa/favicon.gif HTTP/1.1" 404 2748 "-" "Mozilla/4.0 (compatible; GoogleToolbar 5.0.2124.6042; Windows XP 5.1; MSIE 7.0.5730.13)"
87.250.39.216 - - [07/Mar/2009:11:08:23 +0100] "GET /zampa/favicon.gif HTTP/1.1" 404 2748 "-" "Mozilla/4.0 (compatible; GoogleToolbar 5.0.2124.6042; Windows XP 5.1; MSIE 7.0.5730.13)"
87.250.39.216 - - [07/Mar/2009:11:08:23 +0100] "GET /favicon.gif HTTP/1.1" 302 364 "-" "Mozilla/4.0 (compatible; GoogleToolbar 5.0.2124.6042; Windows XP 5.1; MSIE 7.0.5730.13)"
87.250.39.216 - - [07/Mar/2009:11:08:23 +0100] "GET /zampa/favicon.gif HTTP/1.1" 404 2748 "-" "Mozilla/4.0 (compatible; GoogleToolbar 5.0.2124.6042; Windows XP 5.1; MSIE 7.0.5730.13)"
75.101.205.31 - - [07/Mar/2009:11:08:25 +0100] "GET /robots.txt HTTP/1.0" 200 64 "-" "SimilarPages/Nutch-1.0-dev (SimilarPages Nutch Crawler; http://www.similarpages.com; info at similarpages dot com)"
75.101.205.31 - - [07/Mar/2009:11:08:25 +0100] "GET / HTTP/1.0" 200 7869 "-" "SimilarPages/Nutch-1.0-dev (SimilarPages Nutch Crawler; http://www.similarpages.com; info at similarpages dot com)"
72.30.81.159 - - [07/Mar/2009:11:36:43 +0100] "GET /neon/annniiii.html HTTP/1.0" 200 686 "-" "Mozilla/5.0 (compatible; Yahoo! Slurp/3.0; http://help.yahoo.com/help/us/ysearch/slurp)"
174.129.179.142 - - [07/Mar/2009:11:38:57 +0100] "GET /robots.txt HTTP/1.0" 200 64 "-" "SimilarPages/Nutch-1.0-dev (SimilarPages Nutch Crawler; http://www.similarpages.com; info at similarpages dot com)"
174.129.179.142 - - [07/Mar/2009:11:38:57 +0100] "GET /frame-unten.html HTTP/1.0" 200 5308 "-" "SimilarPages/Nutch-1.0-dev (SimilarPages Nutch Crawler; http://www.similarpages.com; info at similarpages dot com)"
174.129.179.142 - - [07/Mar/2009:11:38:58 +0100] "GET /frame-menu.html HTTP/1.0" 200 10536 "-" "SimilarPages/Nutch-1.0-dev (SimilarPages Nutch Crawler; http://www.similarpages.com; info at similarpages dot com)"
174.129.179.142 - - [07/Mar/2009:11:40:18 +0100] "GET /frame-inhalt.html HTTP/1.0" 200 5418 "-" "SimilarPages/Nutch-1.0-dev (SimilarPages Nutch Crawler; http://www.similarpages.com; info at similarpages dot com)"
66.249.71.137 - - [07/Mar/2009:11:40:27 +0100] "GET /schubb/schubb-3.html HTTP/1.1" 200 17546 "-" "Mozilla/5.0 (compatible; Googlebot/2.1; +http://www.google.com/bot.html)"
72.30.81.159 - - [07/Mar/2009:11:56:51 +0100] "GET /f-channel1.html HTTP/1.0" 200 8471 "-" "Mozilla/5.0 (compatible; Yahoo! Slurp; http://help.yahoo.com/help/us/ysearch/slurp)"
66.249.71.136 - - [07/Mar/2009:12:04:13 +0100] "GET /logs/usage_200903.html HTTP/1.1" 404 2748 "-" "Mozilla/5.0 (compatible; Googlebot/2.1; +http://www.google.com/bot.html)"
72.30.81.159 - - [07/Mar/2009:12:59:02 +0100] "GET /robots.txt HTTP/1.0" 200 64 "-" "Mozilla/5.0 (compatible; Yahoo! Slurp; http://help.yahoo.com/help/us/ysearch/slurp)"
72.30.81.159 - - [07/Mar/2009:12:59:02 +0100] "GET /zampa/montenegro/ HTTP/1.0" 200 2651 "-" "Mozilla/5.0 (compatible; Yahoo! Slurp/3.0; http://help.yahoo.com/help/us/ysearch/slurp)"
81.52.143.35 - - [07/Mar/2009:13:18:43 +0100] "GET /neon/warning2.html HTTP/1.1" 200 997 "-" "Mozilla/5.0 (Windows; U; Windows NT 5.1; fr; rv:1.8.1) VoilaBot BETA 1.2 (support.voilabot@orange-ftgroup.com)"
72.30.81.159 - - [07/Mar/2009:13:45:37 +0100] "GET / HTTP/1.0" 200 7869 "-" "Mozilla/5.0 (compatible; Yahoo! Slurp/3.0; http://help.yahoo.com/help/us/ysearch/slurp)"
72.30.81.159 - - [07/Mar/2009:13:45:39 +0100] "GET /style/various-euro.css HTTP/1.0" 200 3437 "http://www.various-euro.com/" "Mozilla/5.0 (compatible; Yahoo! Slurp/3.0; http://help.yahoo.com/help/us/ysearch/slurp)"
66.249.71.135 - - [07/Mar/2009:14:04:59 +0100] "GET /framez-schubb2.html HTTP/1.1" 200 4314 "-" "Mozilla/5.0 (compatible; Googlebot/2.1; +http://www.google.com/bot.html)"
66.249.71.137 - - [07/Mar/2009:14:18:58 +0100] "GET /neon/click.html HTTP/1.1" 200 521 "-" "Mozilla/5.0 (compatible; Googlebot/2.1; +http://www.google.com/bot.html)"
72.30.81.159 - - [07/Mar/2009:14:32:27 +0100] "GET /f-warez.html HTTP/1.0" 200 10953 "-" "Mozilla/5.0 (compatible; Yahoo! Slurp; http://help.yahoo.com/help/us/ysearch/slurp)"
72.30.81.159 - - [07/Mar/2009:14:32:27 +0100] "GET /f-actions.html HTTP/1.0" 200 10429 "-" "Mozilla/5.0 (compatible; Yahoo! Slurp; http://help.yahoo.com/help/us/ysearch/slurp)"
193.252.149.15 - - [07/Mar/2009:14:37:04 +0100] "GET /neon/code.html HTTP/1.1" 200 1109 "-" "Mozilla/5.0 (Windows; U; Windows NT 5.1; fr; rv:1.8.1) VoilaBot BETA 1.2 (support.voilabot@orange-ftgroup.com)"
72.30.81.159 - - [07/Mar/2009:14:56:31 +0100] "GET /world.html HTTP/1.0" 200 16295 "-" "Mozilla/5.0 (compatible; Yahoo! Slurp/3.0; http://help.yahoo.com/help/us/ysearch/slurp)"
72.30.81.159 - - [07/Mar/2009:15:03:48 +0100] "GET / HTTP/1.0" 200 7869 "-" "Mozilla/5.0 (compatible; Yahoo! Slurp/3.0; http://help.yahoo.com/help/us/ysearch/slurp)"
72.30.81.159 - - [07/Mar/2009:15:03:49 +0100] "GET /style/various-euro.css HTTP/1.0" 304 - "http://www.various-euro.com/" "Mozilla/5.0 (compatible; Yahoo! Slurp/3.0; http://help.yahoo.com/help/us/ysearch/slurp)"
72.30.81.159 - - [07/Mar/2009:15:29:45 +0100] "GET /games/virtualcop/virtualcop.html HTTP/1.0" 200 4487 "-" "Mozilla/5.0 (compatible; Yahoo! Slurp/3.0; http://help.yahoo.com/help/us/ysearch/slurp)"
72.30.81.159 - - [07/Mar/2009:15:56:29 +0100] "GET /partnergegenberlin.html HTTP/1.0" 200 5022 "-" "Mozilla/5.0 (compatible; Yahoo! Slurp/3.0; http://help.yahoo.com/help/us/ysearch/slurp)"
213.140.15.168 - - [07/Mar/2009:16:11:47 +0100] "GET / HTTP/1.1" 302 353 "http://www.google.it/search?hl=it&q=zampa+di+leone&btnG=Cerca+con+Google&meta=&aq=f&oq=" "Mozilla/5.0 (Windows; U; Windows NT 5.1; it; rv:1.9.0.7) Gecko/2009021910 Firefox/3.0.7"
213.140.15.168 - - [07/Mar/2009:16:11:47 +0100] "GET /zampa/ HTTP/1.1" 200 7153 "http://www.google.it/search?hl=it&q=zampa+di+leone&btnG=Cerca+con+Google&meta=&aq=f&oq=" "Mozilla/5.0 (Windows; U; Windows NT 5.1; it; rv:1.9.0.7) Gecko/2009021910 Firefox/3.0.7"
213.140.15.168 - - [07/Mar/2009:16:11:47 +0100] "GET /zampa/slike/zampa.gif HTTP/1.1" 200 5310 "http://www.various-euro.com/zampa/" "Mozilla/5.0 (Windows; U; Windows NT 5.1; it; rv:1.9.0.7) Gecko/2009021910 Firefox/3.0.7"
213.140.15.168 - - [07/Mar/2009:16:11:48 +0100] "GET /zampa/slike/udupetu.gif HTTP/1.1" 200 4138 "http://www.various-euro.com/zampa/" "Mozilla/5.0 (Windows; U; Windows NT 5.1; it; rv:1.9.0.7) Gecko/2009021910 Firefox/3.0.7"
213.140.15.168 - - [07/Mar/2009:16:11:48 +0100] "GET /zampa/slike/inthearse.gif HTTP/1.1" 200 4077 "http://www.various-euro.com/zampa/" "Mozilla/5.0 (Windows; U; Windows NT 5.1; it; rv:1.9.0.7) Gecko/2009021910 Firefox/3.0.7"
213.140.15.168 - - [07/Mar/2009:16:11:48 +0100] "GET /favicon.ico HTTP/1.1" 404 2748 "-" "Mozilla/5.0 (Windows; U; Windows NT 5.1; it; rv:1.9.0.7) Gecko/2009021910 Firefox/3.0.7"
72.30.81.159 - - [07/Mar/2009:16:18:58 +0100] "GET /f-maintitle.html HTTP/1.0" 200 5030 "-" "Mozilla/5.0 (compatible; Yahoo! Slurp; http://help.yahoo.com/help/us/ysearch/slurp)"
72.30.81.159 - - [07/Mar/2009:16:18:58 +0100] "GET /restate_copy.html HTTP/1.0" 200 97631 "-" "Mozilla/5.0 (compatible; Yahoo! Slurp; http://help.yahoo.com/help/us/ysearch/slurp)"
85.91.136.188 - - [07/Mar/2009:16:40:02 +0100] "GET /framez.html HTTP/1.1" 200 3959 "http://www.google.bg/search?hl=bg&client=firefox-a&channel=s&rls=org.mozilla:en-US:official&hs=1ZJ&q=europortal.biz&start=10&sa=N" "Mozilla/5.0 (Windows; U; Windows NT 5.1; en-US; rv:1.9.0.7) Gecko/2009021910 Firefox/3.0.7"
85.91.136.188 - - [07/Mar/2009:16:40:03 +0100] "GET /ve-icon-2.ico HTTP/1.1" 200 2238 "-" "Mozilla/5.0 (Windows; U; Windows NT 5.1; en-US; rv:1.9.0.7) Gecko/2009021910 Firefox/3.0.7"
85.91.136.188 - - [07/Mar/2009:16:40:03 +0100] "GET /style/various-euro.css HTTP/1.1" 200 3437 "http://www.various-euro.com/framez.html" "Mozilla/5.0 (Windows; U; Windows NT 5.1; en-US; rv:1.9.0.7) Gecko/2009021910 Firefox/3.0.7"
85.91.136.188 - - [07/Mar/2009:16:40:03 +0100] "GET /frame-inhalt.html HTTP/1.1" 200 5418 "http://www.various-euro.com/framez.html" "Mozilla/5.0 (Windows; U; Windows NT 5.1; en-US; rv:1.9.0.7) Gecko/2009021910 Firefox/3.0.7"
85.91.136.188 - - [07/Mar/2009:16:40:03 +0100] "GET /frame-unten.html HTTP/1.1" 200 5308 "http://www.various-euro.com/framez.html" "Mozilla/5.0 (Windows; U; Windows NT 5.1; en-US; rv:1.9.0.7) Gecko/2009021910 Firefox/3.0.7"
85.91.136.188 - - [07/Mar/2009:16:40:03 +0100] "GET /frame-menu.html HTTP/1.1" 200 10536 "http://www.various-euro.com/framez.html" "Mozilla/5.0 (Windows; U; Windows NT 5.1; en-US; rv:1.9.0.7) Gecko/2009021910 Firefox/3.0.7"
85.91.136.188 - - [07/Mar/2009:16:40:03 +0100] "GET /bannerz/neon_click_3.gif HTTP/1.1" 200 240 "http://www.various-euro.com/frame-inhalt.html" "Mozilla/5.0 (Windows; U; Windows NT 5.1; en-US; rv:1.9.0.7) Gecko/2009021910 Firefox/3.0.7"
85.91.136.188 - - [07/Mar/2009:16:40:03 +0100] "GET /bannerz/neon_click_1.gif HTTP/1.1" 200 890 "http://www.various-euro.com/frame-inhalt.html" "Mozilla/5.0 (Windows; U; Windows NT 5.1; en-US; rv:1.9.0.7) Gecko/2009021910 Firefox/3.0.7"
85.91.136.188 - - [07/Mar/2009:16:40:03 +0100] "GET /bannerz/neon_click_2.gif HTTP/1.1" 200 387 "http://www.various-euro.com/frame-inhalt.html" "Mozilla/5.0 (Windows; U; Windows NT 5.1; en-US; rv:1.9.0.7) Gecko/2009021910 Firefox/3.0.7"
85.91.136.188 - - [07/Mar/2009:16:40:03 +0100] "GET /bannerz/goolag_468.jpg HTTP/1.1" 200 28285 "http://www.various-euro.com/frame-inhalt.html" "Mozilla/5.0 (Windows; U; Windows NT 5.1; en-US; rv:1.9.0.7) Gecko/2009021910 Firefox/3.0.7"
85.91.136.188 - - [07/Mar/2009:16:40:03 +0100] "GET /bannerz/douwil.gif HTTP/1.1" 200 528 "http://www.various-euro.com/frame-inhalt.html" "Mozilla/5.0 (Windows; U; Windows NT 5.1; en-US; rv:1.9.0.7) Gecko/2009021910 Firefox/3.0.7"
85.91.136.188 - - [07/Mar/2009:16:40:03 +0100] "GET /bannerz/wet.gif HTTP/1.1" 200 18561 "http://www.various-euro.com/frame-inhalt.html" "Mozilla/5.0 (Windows; U; Windows NT 5.1; en-US; rv:1.9.0.7) Gecko/2009021910 Firefox/3.0.7"
85.91.136.188 - - [07/Mar/2009:16:40:03 +0100] "GET /eurosign3.gif HTTP/1.1" 200 7879 "http://www.various-euro.com/frame-inhalt.html" "Mozilla/5.0 (Windows; U; Windows NT 5.1; en-US; rv:1.9.0.7) Gecko/2009021910 Firefox/3.0.7"
85.91.136.188 - - [07/Mar/2009:16:40:03 +0100] "GET /bannerz/copyleft_black_small.gif HTTP/1.1" 200 1231 "http://www.various-euro.com/frame-inhalt.html" "Mozilla/5.0 (Windows; U; Windows NT 5.1; en-US; rv:1.9.0.7) Gecko/2009021910 Firefox/3.0.7"
85.91.136.188 - - [07/Mar/2009:16:40:03 +0100] "GET /bannerz/anti_black_small.gif HTTP/1.1" 200 1009 "http://www.various-euro.com/frame-inhalt.html" "Mozilla/5.0 (Windows; U; Windows NT 5.1; en-US; rv:1.9.0.7) Gecko/2009021910 Firefox/3.0.7"
85.91.136.188 - - [07/Mar/2009:16:40:03 +0100] "GET /bannerz/google/Logo_40blk.gif HTTP/1.1" 200 2308 "http://www.various-euro.com/frame-inhalt.html" "Mozilla/5.0 (Windows; U; Windows NT 5.1; en-US; rv:1.9.0.7) Gecko/2009021910 Firefox/3.0.7"
85.91.136.188 - - [07/Mar/2009:16:40:03 +0100] "GET /bannerz/ve.jpg HTTP/1.1" 200 36912 "http://www.various-euro.com/frame-unten.html" "Mozilla/5.0 (Windows; U; Windows NT 5.1; en-US; rv:1.9.0.7) Gecko/2009021910 Firefox/3.0.7"
85.91.136.188 - - [07/Mar/2009:16:40:03 +0100] "GET /bannerz/various-euro-girl.jpg HTTP/1.1" 200 91514 "http://www.various-euro.com/frame-unten.html" "Mozilla/5.0 (Windows; U; Windows NT 5.1; en-US; rv:1.9.0.7) Gecko/2009021910 Firefox/3.0.7"
72.30.81.159 - - [07/Mar/2009:16:56:37 +0100] "GET /robots.txt HTTP/1.0" 200 64 "-" "Mozilla/5.0 (compatible; Yahoo! Slurp/3.0; http://help.yahoo.com/help/us/ysearch/slurp)"
66.235.124.7 - - [07/Mar/2009:16:59:04 +0100] "GET /restate_copy.html HTTP/1.1" 200 97631 "-" "Mozilla/5.0 (compatible; Ask Jeeves/Teoma; +http://about.ask.com/en/docs/about/webmasters.shtml)"
66.235.124.7 - - [07/Mar/2009:16:59:05 +0100] "GET /menueleiste.js HTTP/1.1" 404 2748 "-" "Mozilla/5.0 (compatible; Ask Jeeves/Teoma; +http://about.ask.com/en/docs/about/webmasters.shtml)"
66.249.71.137 - - [07/Mar/2009:17:07:57 +0100] "GET /neon/europa.html HTTP/1.1" 200 389 "-" "Mozilla/5.0 (compatible; Googlebot/2.1; +http://www.google.com/bot.html)"
65.55.230.241 - - [07/Mar/2009:17:51:53 +0100] "GET /robots.txt HTTP/1.1" 200 64 "-" "msnbot-media/1.1 (+http://search.msn.com/msnbot.htm)"
65.55.230.241 - - [07/Mar/2009:17:51:53 +0100] "GET /games/virtualcop/virtualcop.html HTTP/1.1" 200 4487 "-" "msnbot-media/1.1 (+http://search.msn.com/msnbot.htm)"
66.235.124.7 - - [07/Mar/2009:18:03:13 +0100] "GET /zampa/montenegro/contributions.html HTTP/1.1" 200 18843 "-" "Mozilla/5.0 (compatible; Ask Jeeves/Teoma; +http://about.ask.com/en/docs/about/webmasters.shtml)"
66.249.71.137 - - [07/Mar/2009:18:13:39 +0100] "GET /zampa/lybia/index.html HTTP/1.1" 200 3036 "-" "Mozilla/5.0 (compatible; Googlebot/2.1; +http://www.google.com/bot.html)"
66.249.71.136 - - [07/Mar/2009:18:23:03 +0100] "GET /zampa/ HTTP/1.1" 200 7153 "-" "Mozilla/5.0 (compatible; Googlebot/2.1; +http://www.google.com/bot.html)"
72.30.81.159 - - [07/Mar/2009:18:30:35 +0100] "GET /schubb/schubb-1.html HTTP/1.0" 200 9070 "-" "Mozilla/5.0 (compatible; Yahoo! Slurp; http://help.yahoo.com/help/us/ysearch/slurp)"
66.249.71.137 - - [07/Mar/2009:18:46:30 +0100] "GET /bmpp/18asi_2.html HTTP/1.1" 200 8674 "-" "Mozilla/5.0 (compatible; Googlebot/2.1; +http://www.google.com/bot.html)"
72.30.81.159 - - [07/Mar/2009:19:03:32 +0100] "GET /f-net.html HTTP/1.0" 200 9913 "-" "Mozilla/5.0 (compatible; Yahoo! Slurp/3.0; http://help.yahoo.com/help/us/ysearch/slurp)"
81.52.143.16 - - [07/Mar/2009:19:04:08 +0100] "GET /bmpp/18_x.html HTTP/1.1" 200 1100 "-" "Mozilla/5.0 (Windows; U; Windows NT 5.1; fr; rv:1.8.1) VoilaBot BETA 1.2 (support.voilabot@orange-ftgroup.com)"
66.249.71.14 - - [07/Mar/2009:19:09:58 +0100] "GET /robots.txt HTTP/1.1" 302 363 "-" "Mozilla/5.0 (compatible; Googlebot/2.1; +http://www.google.com/bot.html)"
66.249.71.135 - - [07/Mar/2009:19:09:58 +0100] "GET /zampa/robots.txt HTTP/1.1" 404 2748 "-" "Mozilla/5.0 (compatible; Googlebot/2.1; +http://www.google.com/bot.html)"
66.249.71.14 - - [07/Mar/2009:19:09:59 +0100] "GET / HTTP/1.1" 302 353 "-" "Mozilla/5.0 (compatible; Googlebot/2.1; +http://www.google.com/bot.html)"
72.30.81.159 - - [07/Mar/2009:19:10:27 +0100] "GET /framez-rez.html HTTP/1.0" 200 4323 "-" "Mozilla/5.0 (compatible; Yahoo! Slurp/3.0; http://help.yahoo.com/help/us/ysearch/slurp)"
72.30.81.159 - - [07/Mar/2009:19:10:27 +0100] "GET /frame-menu.html HTTP/1.0" 200 10536 "http://www.various-euro.com/framez-rez.html" "Mozilla/5.0 (compatible; Yahoo! Slurp/3.0; http://help.yahoo.com/help/us/ysearch/slurp)"
72.30.81.159 - - [07/Mar/2009:19:10:27 +0100] "GET /frame-unten.html HTTP/1.0" 200 5308 "http://www.various-euro.com/framez-rez.html" "Mozilla/5.0 (compatible; Yahoo! Slurp/3.0; http://help.yahoo.com/help/us/ysearch/slurp)"
72.30.81.159 - - [07/Mar/2009:19:10:27 +0100] "GET /f-rez.html HTTP/1.0" 200 9765 "http://www.various-euro.com/framez-rez.html" "Mozilla/5.0 (compatible; Yahoo! Slurp/3.0; http://help.yahoo.com/help/us/ysearch/slurp)"
72.30.81.159 - - [07/Mar/2009:19:10:28 +0100] "GET /style/various-euro.css HTTP/1.0" 304 - "http://www.various-euro.com/frame-menu.html" "Mozilla/5.0 (compatible; Yahoo! Slurp/3.0; http://help.yahoo.com/help/us/ysearch/slurp)"
72.30.81.178 - - [07/Mar/2009:19:37:49 +0100] "GET /robots.txt HTTP/1.0" 200 64 "-" "Mozilla/5.0 (compatible; Yahoo! Slurp; http://help.yahoo.com/help/us/ysearch/slurp)"
72.30.81.178 - - [07/Mar/2009:19:37:52 +0100] "GET / HTTP/1.0" 200 7869 "-" "Mozilla/5.0 (compatible; Yahoo! Slurp/3.0; http://help.yahoo.com/help/us/ysearch/slurp)"
72.30.81.178 - - [07/Mar/2009:19:37:53 +0100] "GET /style/various-euro.css HTTP/1.0" 200 3437 "http://various-euro.com/" "Mozilla/5.0 (compatible; Yahoo! Slurp/3.0; http://help.yahoo.com/help/us/ysearch/slurp)"
66.249.71.15 - - [07/Mar/2009:20:08:12 +0100] "GET /%3E%5D HTTP/1.1" 302 359 "-" "Mozilla/5.0 (compatible; Googlebot/2.1; +http://www.google.com/bot.html)"
66.249.71.15 - - [07/Mar/2009:20:08:12 +0100] "GET /%3E) HTTP/1.1" 302 357 "-" "Mozilla/5.0 (compatible; Googlebot/2.1; +http://www.google.com/bot.html)"
66.249.71.15 - - [07/Mar/2009:20:08:13 +0100] "GET /%3E HTTP/1.1" 302 356 "-" "Mozilla/5.0 (compatible; Googlebot/2.1; +http://www.google.com/bot.html)"
66.249.71.135 - - [07/Mar/2009:20:08:13 +0100] "GET /zampa/%3E%5D HTTP/1.1" 404 2748 "-" "Mozilla/5.0 (compatible; Googlebot/2.1; +http://www.google.com/bot.html)"
66.249.71.135 - - [07/Mar/2009:20:08:14 +0100] "GET /zampa/%3E) HTTP/1.1" 404 2748 "-" "Mozilla/5.0 (compatible; Googlebot/2.1; +http://www.google.com/bot.html)"
66.249.71.135 - - [07/Mar/2009:20:08:14 +0100] "GET /zampa/%3E HTTP/1.1" 404 2748 "-" "Mozilla/5.0 (compatible; Googlebot/2.1; +http://www.google.com/bot.html)"
72.30.81.159 - - [07/Mar/2009:20:12:10 +0100] "GET /bmpp/euro_pal_1.html HTTP/1.0" 200 18252 "-" "Mozilla/5.0 (compatible; Yahoo! Slurp/3.0; http://help.yahoo.com/help/us/ysearch/slurp)"
61.247.221.94 - - [07/Mar/2009:20:21:35 +0100] "GET /robots.txt HTTP/1.1" 200 64 "-" "Mozilla/4.0 (compatible; NaverBot/1.0; http://help.naver.com/customer_webtxt_02.jsp)"
61.247.221.94 - - [07/Mar/2009:20:21:35 +0100] "GET /logs HTTP/1.1" 301 374 "-" "Mozilla/4.0 (compatible; NaverBot/1.0; http://help.naver.com/customer_webtxt_02.jsp)"
61.247.221.94 - - [07/Mar/2009:20:21:36 +0100] "GET /logs/ HTTP/1.1" 200 10079 "-" "Mozilla/4.0 (compatible; NaverBot/1.0; http://help.naver.com/customer_webtxt_02.jsp)"
72.30.81.159 - - [07/Mar/2009:20:35:40 +0100] "GET /neon/gigant.html HTTP/1.0" 200 408 "-" "Mozilla/5.0 (compatible; Yahoo! Slurp/3.0; http://help.yahoo.com/help/us/ysearch/slurp)"
72.30.81.159 - - [07/Mar/2009:20:40:25 +0100] "GET /framez-rez.html HTTP/1.0" 200 4323 "-" "Mozilla/5.0 (compatible; Yahoo! Slurp; http://help.yahoo.com/help/us/ysearch/slurp)"
72.30.81.159 - - [07/Mar/2009:20:40:45 +0100] "GET /frame-menu.html HTTP/1.0" 200 10536 "-" "Mozilla/5.0 (compatible; Yahoo! Slurp; http://help.yahoo.com/help/us/ysearch/slurp)"
72.30.81.159 - - [07/Mar/2009:20:41:22 +0100] "GET /f-rez.html HTTP/1.0" 200 9765 "-" "Mozilla/5.0 (compatible; Yahoo! Slurp; http://help.yahoo.com/help/us/ysearch/slurp)"
72.30.81.159 - - [07/Mar/2009:20:41:37 +0100] "GET /frame-unten.html HTTP/1.0" 200 5308 "-" "Mozilla/5.0 (compatible; Yahoo! Slurp; http://help.yahoo.com/help/us/ysearch/slurp)"
72.30.81.159 - - [07/Mar/2009:20:45:18 +0100] "GET /f-net.html HTTP/1.0" 200 9913 "-" "Mozilla/5.0 (compatible; Yahoo! Slurp; http://help.yahoo.com/help/us/ysearch/slurp)"
72.30.81.178 - - [07/Mar/2009:20:48:54 +0100] "GET /robots.txt HTTP/1.0" 200 64 "-" "Mozilla/5.0 (compatible; Yahoo! Slurp; http://help.yahoo.com/help/us/ysearch/slurp)"
72.30.81.178 - - [07/Mar/2009:20:48:55 +0100] "GET /zampa-lovers/index.html HTTP/1.0" 200 37790 "-" "Mozilla/5.0 (compatible; Yahoo! Slurp/3.0; http://help.yahoo.com/help/us/ysearch/slurp)"
119.63.193.43 - - [07/Mar/2009:21:39:48 +0100] "GET /frame-unten.html HTTP/1.1" 200 5308 "-" "Baiduspider+(+http://help.baidu.jp/system/05.html)"
81.52.143.29 - - [07/Mar/2009:22:03:01 +0100] "GET /DgH/orginal/index.html HTTP/1.1" 200 1727 "-" "Mozilla/5.0 (Windows; U; Windows NT 5.1; fr; rv:1.8.1) VoilaBot BETA 1.2 (support.voilabot@orange-ftgroup.com)"
78.84.111.79 - - [07/Mar/2009:22:08:08 +0100] "GET / HTTP/1.1" 200 7869 "http://www.weightwatchers-recipes.info/" "Mozilla/4.0 (compatible; MSIE 7.0; Windows NT 5.1)"
78.84.111.79 - - [07/Mar/2009:22:08:08 +0100] "GET / HTTP/1.1" 200 7869 "http://weightwatchers-recipes.info/accounting-for-unused-ingredients-in-a-weight-watchers-recipe" "Mozilla/4.0 (compatible; MSIE 7.0; Windows NT 5.1)"
78.84.111.79 - - [07/Mar/2009:22:08:08 +0100] "GET / HTTP/1.1" 200 7869 "http://weightwatchers-recipes.info/clean-out-your-cupboard-for-the-core-plan" "Mozilla/4.0 (compatible; MSIE 7.0; Windows NT 5.1)"
78.84.111.79 - - [07/Mar/2009:22:08:08 +0100] "GET / HTTP/1.1" 200 7869 "http://weightwatchers-recipes.info/weight-watchers-taco-soup-recipe" "Mozilla/4.0 (compatible; MSIE 7.0; Windows NT 5.1)"
78.84.111.79 - - [07/Mar/2009:22:08:08 +0100] "GET / HTTP/1.1" 200 7869 "http://weightwatchers-recipes.info/weight-watchers-cabbage-soup-recipe" "Mozilla/4.0 (compatible; MSIE 7.0; Windows NT 5.1)"
64.1.215.165 - - [07/Mar/2009:22:30:59 +0100] "GET /robots.txt HTTP/1.0" 200 64 "-" "Mozilla/5.0 (Twiceler-0.9 http://www.cuil.com/twiceler/robot.html)"
66.249.71.136 - - [07/Mar/2009:23:03:29 +0100] "GET /f-doku-brau.html HTTP/1.1" 200 7152 "-" "Mozilla/5.0 (compatible; Googlebot/2.1; +http://www.google.com/bot.html)"
87.95.14.137 - - [07/Mar/2009:23:19:45 +0100] "GET / HTTP/1.1" 302 353 "http://www.google.fi/search?q=zampa+di+leone&ie=utf-8&oe=utf-8&aq=t&rls=com.ubuntu:en-GB:unofficial&client=firefox-a" "Mozilla/5.0 (X11; U; Linux x86_64; en-GB; rv:1.9.0.7) Gecko/2009030423 Ubuntu/8.10 (intrepid) Firefox/3.0.7"
87.95.14.137 - - [07/Mar/2009:23:19:46 +0100] "GET /zampa/ HTTP/1.1" 200 7153 "http://www.google.fi/search?q=zampa+di+leone&ie=utf-8&oe=utf-8&aq=t&rls=com.ubuntu:en-GB:unofficial&client=firefox-a" "Mozilla/5.0 (X11; U; Linux x86_64; en-GB; rv:1.9.0.7) Gecko/2009030423 Ubuntu/8.10 (intrepid) Firefox/3.0.7"
87.95.14.137 - - [07/Mar/2009:23:19:46 +0100] "GET /zampa/slike/udupetu.gif HTTP/1.1" 200 4138 "http://www.various-euro.com/zampa/" "Mozilla/5.0 (X11; U; Linux x86_64; en-GB; rv:1.9.0.7) Gecko/2009030423 Ubuntu/8.10 (intrepid) Firefox/3.0.7"
87.95.14.137 - - [07/Mar/2009:23:19:46 +0100] "GET /zampa/slike/zampa.gif HTTP/1.1" 200 5310 "http://www.various-euro.com/zampa/" "Mozilla/5.0 (X11; U; Linux x86_64; en-GB; rv:1.9.0.7) Gecko/2009030423 Ubuntu/8.10 (intrepid) Firefox/3.0.7"
87.95.14.137 - - [07/Mar/2009:23:19:46 +0100] "GET /zampa/slike/inthearse.gif HTTP/1.1" 200 4077 "http://www.various-euro.com/zampa/" "Mozilla/5.0 (X11; U; Linux x86_64; en-GB; rv:1.9.0.7) Gecko/2009030423 Ubuntu/8.10 (intrepid) Firefox/3.0.7"
87.95.14.137 - - [07/Mar/2009:23:19:47 +0100] "GET /favicon.ico HTTP/1.1" 404 2748 "-" "Mozilla/5.0 (X11; U; Linux x86_64; en-GB; rv:1.9.0.7) Gecko/2009030423 Ubuntu/8.10 (intrepid) Firefox/3.0.7"
87.95.14.137 - - [07/Mar/2009:23:19:50 +0100] "GET /favicon.ico HTTP/1.1" 404 2748 "-" "Mozilla/5.0 (X11; U; Linux x86_64; en-GB; rv:1.9.0.7) Gecko/2009030423 Ubuntu/8.10 (intrepid) Firefox/3.0.7"
87.95.14.137 - - [07/Mar/2009:23:20:01 +0100] "GET /zampa/slike/E1TITEL.GIF HTTP/1.1" 200 16284 "http://www.various-euro.com/zampa/" "Mozilla/5.0 (X11; U; Linux x86_64; en-GB; rv:1.9.0.7) Gecko/2009030423 Ubuntu/8.10 (intrepid) Firefox/3.0.7"
87.95.14.137 - - [07/Mar/2009:23:20:19 +0100] "GET /zampa/slike/E2COPY.GIF HTTP/1.1" 200 10416 "http://www.various-euro.com/zampa/" "Mozilla/5.0 (X11; U; Linux x86_64; en-GB; rv:1.9.0.7) Gecko/2009030423 Ubuntu/8.10 (intrepid) Firefox/3.0.7"
87.95.14.137 - - [07/Mar/2009:23:20:46 +0100] "GET /zampa/slike/E3VAMPIR.GIF HTTP/1.1" 200 52553 "http://www.various-euro.com/zampa/" "Mozilla/5.0 (X11; U; Linux x86_64; en-GB; rv:1.9.0.7) Gecko/2009030423 Ubuntu/8.10 (intrepid) Firefox/3.0.7"
87.95.14.137 - - [07/Mar/2009:23:21:23 +0100] "GET /zampa/montenegro/index.html HTTP/1.1" 200 2651 "http://www.various-euro.com/zampa/" "Mozilla/5.0 (X11; U; Linux x86_64; en-GB; rv:1.9.0.7) Gecko/2009030423 Ubuntu/8.10 (intrepid) Firefox/3.0.7"
87.95.14.137 - - [07/Mar/2009:23:21:23 +0100] "GET /zampa/montenegro/slike/plakat.jpg HTTP/1.1" 200 47879 "http://www.various-euro.com/zampa/montenegro/index.html" "Mozilla/5.0 (X11; U; Linux x86_64; en-GB; rv:1.9.0.7) Gecko/2009030423 Ubuntu/8.10 (intrepid) Firefox/3.0.7"
87.95.14.137 - - [07/Mar/2009:23:22:42 +0100] "GET /zampa/montenegro/dajpare.html HTTP/1.1" 200 2503 "http://www.various-euro.com/zampa/montenegro/index.html" "Mozilla/5.0 (X11; U; Linux x86_64; en-GB; rv:1.9.0.7) Gecko/2009030423 Ubuntu/8.10 (intrepid) Firefox/3.0.7"
87.95.14.137 - - [07/Mar/2009:23:22:42 +0100] "GET /zampa/montenegro/slike/BATAW.jpg HTTP/1.1" 200 2631 "http://www.various-euro.com/zampa/montenegro/dajpare.html" "Mozilla/5.0 (X11; U; Linux x86_64; en-GB; rv:1.9.0.7) Gecko/2009030423 Ubuntu/8.10 (intrepid) Firefox/3.0.7"
87.95.14.137 - - [07/Mar/2009:23:22:42 +0100] "GET /zampa/montenegro/slike/SEKAW.jpg HTTP/1.1" 200 2786 "http://www.various-euro.com/zampa/montenegro/dajpare.html" "Mozilla/5.0 (X11; U; Linux x86_64; en-GB; rv:1.9.0.7) Gecko/2009030423 Ubuntu/8.10 (intrepid) Firefox/3.0.7"
87.95.14.137 - - [07/Mar/2009:23:22:42 +0100] "GET /zampa/montenegro/slike/TESLAW.jpg HTTP/1.1" 200 3770 "http://www.various-euro.com/zampa/montenegro/dajpare.html" "Mozilla/5.0 (X11; U; Linux x86_64; en-GB; rv:1.9.0.7) Gecko/2009030423 Ubuntu/8.10 (intrepid) Firefox/3.0.7"
87.95.14.137 - - [07/Mar/2009:23:22:42 +0100] "GET /zampa/montenegro/slike/ZMAJW.jpg HTTP/1.1" 200 4555 "http://www.various-euro.com/zampa/montenegro/dajpare.html" "Mozilla/5.0 (X11; U; Linux x86_64; en-GB; rv:1.9.0.7) Gecko/2009030423 Ubuntu/8.10 (intrepid) Firefox/3.0.7"
87.95.14.137 - - [07/Mar/2009:23:22:42 +0100] "GET /zampa/montenegro/slike/MILOW.jpg HTTP/1.1" 200 3823 "http://www.various-euro.com/zampa/montenegro/dajpare.html" "Mozilla/5.0 (X11; U; Linux x86_64; en-GB; rv:1.9.0.7) Gecko/2009030423 Ubuntu/8.10 (intrepid) Firefox/3.0.7"
87.95.14.137 - - [07/Mar/2009:23:22:51 +0100] "GET /zampa/montenegro/SEKAW.html HTTP/1.1" 200 860 "http://www.various-euro.com/zampa/montenegro/dajpare.html" "Mozilla/5.0 (X11; U; Linux x86_64; en-GB; rv:1.9.0.7) Gecko/2009030423 Ubuntu/8.10 (intrepid) Firefox/3.0.7"
87.95.14.137 - - [07/Mar/2009:23:22:51 +0100] "GET /zampa/montenegro/slike/grosse/SEKAg.jpg HTTP/1.1" 200 12031 "http://www.various-euro.com/zampa/montenegro/SEKAW.html" "Mozilla/5.0 (X11; U; Linux x86_64; en-GB; rv:1.9.0.7) Gecko/2009030423 Ubuntu/8.10 (intrepid) Firefox/3.0.7"
87.95.14.137 - - [07/Mar/2009:23:23:13 +0100] "GET /zampa/montenegro/contributions.html HTTP/1.1" 200 18843 "http://www.various-euro.com/zampa/montenegro/index.html" "Mozilla/5.0 (X11; U; Linux x86_64; en-GB; rv:1.9.0.7) Gecko/2009030423 Ubuntu/8.10 (intrepid) Firefox/3.0.7"
87.95.14.137 - - [07/Mar/2009:23:23:24 +0100] "GET /zampa/slike/E7MEDIAA.GIF HTTP/1.1" 200 44716 "http://www.various-euro.com/zampa/" "Mozilla/5.0 (X11; U; Linux x86_64; en-GB; rv:1.9.0.7) Gecko/2009030423 Ubuntu/8.10 (intrepid) Firefox/3.0.7"
87.95.14.137 - - [07/Mar/2009:23:23:44 +0100] "GET /zampa/slike/S5UROSTO.GIF HTTP/1.1" 200 45220 "http://www.various-euro.com/zampa/" "Mozilla/5.0 (X11; U; Linux x86_64; en-GB; rv:1.9.0.7) Gecko/2009030423 Ubuntu/8.10 (intrepid) Firefox/3.0.7"
87.95.14.137 - - [07/Mar/2009:23:24:18 +0100] "GET /zampa/slike/E5UROSTO.GIF HTTP/1.1" 200 42690 "http://www.various-euro.com/zampa/" "Mozilla/5.0 (X11; U; Linux x86_64; en-GB; rv:1.9.0.7) Gecko/2009030423 Ubuntu/8.10 (intrepid) Firefox/3.0.7"
87.95.14.137 - - [07/Mar/2009:23:26:03 +0100] "GET /zampa/slike/E4IRWIN.GIF HTTP/1.1" 200 53174 "http://www.various-euro.com/zampa/" "Mozilla/5.0 (X11; U; Linux x86_64; en-GB; rv:1.9.0.7) Gecko/2009030423 Ubuntu/8.10 (intrepid) Firefox/3.0.7"
61.247.222.53 - - [07/Mar/2009:23:37:43 +0100] "GET /robots.txt HTTP/1.1" 200 64 "-" "Yeti/1.0 (NHN Corp.; http://help.naver.com/robots/)"
61.247.222.53 - - [07/Mar/2009:23:37:44 +0100] "GET / HTTP/1.1" 200 7869 "-" "Yeti/1.0 (NHN Corp.; http://help.naver.com/robots/)"
61.247.222.49 - - [07/Mar/2009:23:37:52 +0100] "GET /style/various-euro.css HTTP/1.1" 200 3437 "-" "Yeti/1.0 (NHN Corp.; http://help.naver.com/robots/)"
72.30.81.159 - - [07/Mar/2009:23:39:00 +0100] "GET /f-maintitle.html HTTP/1.0" 200 5030 "-" "Mozilla/5.0 (compatible; Yahoo! Slurp/3.0; http://help.yahoo.com/help/us/ysearch/slurp)"
81.52.143.33 - - [07/Mar/2009:23:56:27 +0100] "GET /neon/girlz2.html HTTP/1.1" 200 2937 "-" "Mozilla/5.0 (Windows; U; Windows NT 5.1; fr; rv:1.8.1) VoilaBot BETA 1.2 (support.voilabot@orange-ftgroup.com)"
193.252.149.15 - - [08/Mar/2009:00:55:06 +0100] "GET /f-channel1.html HTTP/1.1" 200 8471 "-" "Mozilla/5.0 (Windows; U; Windows NT 5.1; fr; rv:1.8.1) VoilaBot BETA 1.2 (support.voilabot@orange-ftgroup.com)"
72.30.81.159 - - [08/Mar/2009:01:01:36 +0100] "GET /schubb/schubb-5.html HTTP/1.0" 200 72944 "-" "Mozilla/5.0 (compatible; Yahoo! Slurp/3.0; http://help.yahoo.com/help/us/ysearch/slurp)"
87.250.39.216 - - [08/Mar/2009:01:02:49 +0100] "GET /favicon.ico HTTP/1.1" 302 364 "-" "Mozilla/4.0 (compatible; GoogleToolbar 5.0.2124.6042; Windows XP 5.1; MSIE 7.0.5730.13)"
87.250.39.216 - - [08/Mar/2009:01:02:50 +0100] "GET /zampa/favicon.ico HTTP/1.1" 404 2748 "-" "Mozilla/4.0 (compatible; GoogleToolbar 5.0.2124.6042; Windows XP 5.1; MSIE 7.0.5730.13)"
87.250.39.216 - - [08/Mar/2009:01:02:50 +0100] "GET /favicon.gif HTTP/1.1" 302 364 "-" "Mozilla/4.0 (compatible; GoogleToolbar 5.0.2124.6042; Windows XP 5.1; MSIE 7.0.5730.13)"
87.250.39.216 - - [08/Mar/2009:01:02:50 +0100] "GET /zampa/favicon.gif HTTP/1.1" 404 2748 "-" "Mozilla/4.0 (compatible; GoogleToolbar 5.0.2124.6042; Windows XP 5.1; MSIE 7.0.5730.13)"
87.250.39.216 - - [08/Mar/2009:01:07:28 +0100] "GET /favicon.ico HTTP/1.1" 302 364 "-" "Mozilla/4.0 (compatible; GoogleToolbar 5.0.2124.6042; Windows XP 5.1; MSIE 7.0.5730.13)"
87.250.39.216 - - [08/Mar/2009:01:07:28 +0100] "GET /zampa/favicon.ico HTTP/1.1" 404 2748 "-" "Mozilla/4.0 (compatible; GoogleToolbar 5.0.2124.6042; Windows XP 5.1; MSIE 7.0.5730.13)"
87.250.39.216 - - [08/Mar/2009:01:07:28 +0100] "GET /favicon.gif HTTP/1.1" 302 364 "-" "Mozilla/4.0 (compatible; GoogleToolbar 5.0.2124.6042; Windows XP 5.1; MSIE 7.0.5730.13)"
87.250.39.216 - - [08/Mar/2009:01:07:28 +0100] "GET /zampa/favicon.gif HTTP/1.1" 404 2748 "-" "Mozilla/4.0 (compatible; GoogleToolbar 5.0.2124.6042; Windows XP 5.1; MSIE 7.0.5730.13)"
193.252.149.16 - - [08/Mar/2009:01:08:41 +0100] "GET /neon/girl-tv.html HTTP/1.1" 200 1717 "-" "Mozilla/5.0 (Windows; U; Windows NT 5.1; fr; rv:1.8.1) VoilaBot BETA 1.2 (support.voilabot@orange-ftgroup.com)"
87.250.39.216 - - [08/Mar/2009:01:08:51 +0100] "GET /favicon.ico HTTP/1.1" 302 364 "-" "Mozilla/4.0 (compatible; GoogleToolbar 5.0.2124.6042; Windows XP 5.1; MSIE 7.0.5730.13)"
87.250.39.216 - - [08/Mar/2009:01:08:51 +0100] "GET /zampa/favicon.ico HTTP/1.1" 404 2748 "-" "Mozilla/4.0 (compatible; GoogleToolbar 5.0.2124.6042; Windows XP 5.1; MSIE 7.0.5730.13)"
87.250.39.216 - - [08/Mar/2009:01:08:51 +0100] "GET /favicon.gif HTTP/1.1" 302 364 "-" "Mozilla/4.0 (compatible; GoogleToolbar 5.0.2124.6042; Windows XP 5.1; MSIE 7.0.5730.13)"
87.250.39.216 - - [08/Mar/2009:01:08:51 +0100] "GET /zampa/favicon.gif HTTP/1.1" 404 2748 "-" "Mozilla/4.0 (compatible; GoogleToolbar 5.0.2124.6042; Windows XP 5.1; MSIE 7.0.5730.13)"
87.250.39.216 - - [08/Mar/2009:01:09:18 +0100] "GET /favicon.ico HTTP/1.1" 302 364 "-" "Mozilla/4.0 (compatible; GoogleToolbar 5.0.2124.6042; Windows XP 5.1; MSIE 7.0.5730.13)"
87.250.39.216 - - [08/Mar/2009:01:09:18 +0100] "GET /zampa/favicon.ico HTTP/1.1" 404 2748 "-" "Mozilla/4.0 (compatible; GoogleToolbar 5.0.2124.6042; Windows XP 5.1; MSIE 7.0.5730.13)"
87.250.39.216 - - [08/Mar/2009:01:09:19 +0100] "GET /favicon.gif HTTP/1.1" 302 364 "-" "Mozilla/4.0 (compatible; GoogleToolbar 5.0.2124.6042; Windows XP 5.1; MSIE 7.0.5730.13)"
87.250.39.216 - - [08/Mar/2009:01:09:19 +0100] "GET /zampa/favicon.gif HTTP/1.1" 404 2748 "-" "Mozilla/4.0 (compatible; GoogleToolbar 5.0.2124.6042; Windows XP 5.1; MSIE 7.0.5730.13)"
220.181.61.234 - - [08/Mar/2009:01:20:59 +0100] "GET / HTTP/1.1" 302 353 "-" "Sogou web spider/4.0(+http://www.sogou.com/docs/help/webmasters.htm#07)"
72.30.81.159 - - [08/Mar/2009:01:52:48 +0100] "GET /zampa/montenegro/BATAW.html HTTP/1.0" 200 860 "-" "Mozilla/5.0 (compatible; Yahoo! Slurp/3.0; http://help.yahoo.com/help/us/ysearch/slurp)"
67.202.41.3 - - [08/Mar/2009:01:55:42 +0100] "GET /robots.txt HTTP/1.0" 200 64 "-" "ia_archiver (+http://www.alexa.com/site/help/webmasters; crawler@alexa.com)"
66.249.71.136 - - [08/Mar/2009:02:42:27 +0100] "GET /neon/warning.html HTTP/1.1" 200 5134 "-" "Mozilla/5.0 (compatible; Googlebot/2.1; +http://www.google.com/bot.html)"
67.55.72.165 - - [08/Mar/2009:02:42:39 +0100] "HEAD / HTTP/1.1" 200 - "-" "swish-e http://swish-e.org/"
67.55.72.165 - - [08/Mar/2009:02:42:40 +0100] "GET / HTTP/1.1" 200 7869 "-" "swish-e http://swish-e.org/"
67.55.72.165 - - [08/Mar/2009:02:42:41 +0100] "HEAD /framez.html HTTP/1.1" 200 - "http://www.various-euro.com" "swish-e http://swish-e.org/"
67.55.72.165 - - [08/Mar/2009:02:42:41 +0100] "GET /framez.html HTTP/1.1" 200 3959 "http://www.various-euro.com" "swish-e http://swish-e.org/"
67.55.72.165 - - [08/Mar/2009:02:42:41 +0100] "HEAD /frame-menu.html HTTP/1.1" 200 - "http://www.various-euro.com/framez.html" "swish-e http://swish-e.org/"
67.55.72.165 - - [08/Mar/2009:02:42:41 +0100] "GET /frame-menu.html HTTP/1.1" 200 10536 "http://www.various-euro.com/framez.html" "swish-e http://swish-e.org/"
67.55.72.165 - - [08/Mar/2009:02:42:41 +0100] "HEAD /frame-inhalt.html HTTP/1.1" 200 - "http://www.various-euro.com/framez.html" "swish-e http://swish-e.org/"
67.55.72.165 - - [08/Mar/2009:02:42:41 +0100] "GET /frame-inhalt.html HTTP/1.1" 200 5418 "http://www.various-euro.com/framez.html" "swish-e http://swish-e.org/"
67.55.72.165 - - [08/Mar/2009:02:42:42 +0100] "HEAD /frame-unten.html HTTP/1.1" 200 - "http://www.various-euro.com/framez.html" "swish-e http://swish-e.org/"
67.55.72.165 - - [08/Mar/2009:02:42:42 +0100] "GET /frame-unten.html HTTP/1.1" 200 5308 "http://www.various-euro.com/framez.html" "swish-e http://swish-e.org/"
67.55.72.165 - - [08/Mar/2009:02:42:42 +0100] "HEAD /f-search.html HTTP/1.1" 200 - "http://www.various-euro.com/frame-menu.html" "swish-e http://swish-e.org/"
67.55.72.165 - - [08/Mar/2009:02:42:42 +0100] "GET /f-search.html HTTP/1.1" 200 11800 "http://www.various-euro.com/frame-menu.html" "swish-e http://swish-e.org/"
67.55.72.165 - - [08/Mar/2009:02:42:42 +0100] "HEAD /f-contact.html HTTP/1.1" 200 - "http://www.various-euro.com/frame-menu.html" "swish-e http://swish-e.org/"
67.55.72.165 - - [08/Mar/2009:02:42:42 +0100] "GET /f-contact.html HTTP/1.1" 200 6804 "http://www.various-euro.com/frame-menu.html" "swish-e http://swish-e.org/"
67.55.72.165 - - [08/Mar/2009:02:42:42 +0100] "HEAD /f-sponsor.html HTTP/1.1" 200 - "http://www.various-euro.com/frame-menu.html" "swish-e http://swish-e.org/"
67.55.72.165 - - [08/Mar/2009:02:42:42 +0100] "GET /f-sponsor.html HTTP/1.1" 200 8578 "http://www.various-euro.com/frame-menu.html" "swish-e http://swish-e.org/"
67.55.72.165 - - [08/Mar/2009:02:42:43 +0100] "HEAD /f-warez.html HTTP/1.1" 200 - "http://www.various-euro.com/frame-menu.html" "swish-e http://swish-e.org/"
67.55.72.165 - - [08/Mar/2009:02:42:43 +0100] "GET /f-warez.html HTTP/1.1" 200 10953 "http://www.various-euro.com/frame-menu.html" "swish-e http://swish-e.org/"
67.55.72.165 - - [08/Mar/2009:02:42:43 +0100] "HEAD /f-web.html HTTP/1.1" 200 - "http://www.various-euro.com/frame-menu.html" "swish-e http://swish-e.org/"
67.55.72.165 - - [08/Mar/2009:02:42:43 +0100] "GET /f-web.html HTTP/1.1" 200 13605 "http://www.various-euro.com/frame-menu.html" "swish-e http://swish-e.org/"
67.55.72.165 - - [08/Mar/2009:02:42:43 +0100] "HEAD /f-net.html HTTP/1.1" 200 - "http://www.various-euro.com/frame-menu.html" "swish-e http://swish-e.org/"
67.55.72.165 - - [08/Mar/2009:02:42:43 +0100] "GET /f-net.html HTTP/1.1" 200 9913 "http://www.various-euro.com/frame-menu.html" "swish-e http://swish-e.org/"
67.55.72.165 - - [08/Mar/2009:02:42:43 +0100] "HEAD /f-euro.html HTTP/1.1" 200 - "http://www.various-euro.com/frame-menu.html" "swish-e http://swish-e.org/"
67.55.72.165 - - [08/Mar/2009:02:42:44 +0100] "GET /f-euro.html HTTP/1.1" 200 12203 "http://www.various-euro.com/frame-menu.html" "swish-e http://swish-e.org/"
67.55.72.165 - - [08/Mar/2009:02:42:44 +0100] "HEAD /f-zeug.html HTTP/1.1" 200 - "http://www.various-euro.com/frame-menu.html" "swish-e http://swish-e.org/"
