67.195.37.171 - - [12/Mar/2009:00:17:44 +0100] "GET /frame-menu.html HTTP/1.0" 200 10536 "http://www.various-euro.com/framez.html" "Mozilla/5.0 (compatible; Yahoo! Slurp/3.0; http://help.yahoo.com/help/us/ysearch/slurp)"
67.195.37.171 - - [12/Mar/2009:00:17:44 +0100] "GET /frame-inhalt.html HTTP/1.0" 200 5418 "http://www.various-euro.com/framez.html" "Mozilla/5.0 (compatible; Yahoo! Slurp/3.0; http://help.yahoo.com/help/us/ysearch/slurp)"
67.195.37.171 - - [12/Mar/2009:00:17:44 +0100] "GET /frame-unten.html HTTP/1.0" 200 5308 "http://www.various-euro.com/framez.html" "Mozilla/5.0 (compatible; Yahoo! Slurp/3.0; http://help.yahoo.com/help/us/ysearch/slurp)"
67.195.37.171 - - [12/Mar/2009:01:11:27 +0100] "GET /restate_copy.html HTTP/1.0" 200 97631 "-" "Mozilla/5.0 (compatible; Yahoo! Slurp/3.0; http://help.yahoo.com/help/us/ysearch/slurp)"
74.6.8.105 - - [12/Mar/2009:01:17:07 +0100] "GET /f-logz_old.html HTTP/1.0" 200 43773 "-" "Mozilla/5.0 (compatible; Yahoo! Slurp/3.0; http://help.yahoo.com/help/us/ysearch/slurp)"
193.47.80.51 - - [12/Mar/2009:01:54:32 +0100] "GET /robots.txt HTTP/1.1" 200 64 "-" "Mozilla/5.0 (compatible; Exabot/3.0; +http://www.exabot.com/go/robot)"
193.47.80.51 - - [12/Mar/2009:01:54:32 +0100] "GET / HTTP/1.1" 200 7869 "-" "Mozilla/5.0 (compatible; Exabot/3.0; +http://www.exabot.com/go/robot)"
98.243.251.63 - - [12/Mar/2009:02:05:57 +0100] "GET / HTTP/1.1" 200 7869 "-" "Mozilla/5.0 (Macintosh; U; Intel Mac OS X 10.5; en-US; rv:1.9.0.7) Gecko/2009021906 Firefox/3.0.7"
98.243.251.63 - - [12/Mar/2009:02:05:57 +0100] "GET /ve-icon-2.ico HTTP/1.1" 200 2238 "-" "Mozilla/5.0 (Macintosh; U; Intel Mac OS X 10.5; en-US; rv:1.9.0.7) Gecko/2009021906 Firefox/3.0.7"
98.243.251.63 - - [12/Mar/2009:02:05:57 +0100] "GET /style/various-euro.css HTTP/1.1" 200 3437 "http://www.various-euro.com/" "Mozilla/5.0 (Macintosh; U; Intel Mac OS X 10.5; en-US; rv:1.9.0.7) Gecko/2009021906 Firefox/3.0.7"
98.243.251.63 - - [12/Mar/2009:02:05:58 +0100] "GET /framez_0.html HTTP/1.1" 200 12444 "http://www.various-euro.com/" "Mozilla/5.0 (Macintosh; U; Intel Mac OS X 10.5; en-US; rv:1.9.0.7) Gecko/2009021906 Firefox/3.0.7"
67.195.37.171 - - [12/Mar/2009:02:14:40 +0100] "GET /f-maintitle.html HTTP/1.0" 200 5030 "-" "Mozilla/5.0 (compatible; Yahoo! Slurp/3.0; http://help.yahoo.com/help/us/ysearch/slurp)"
74.6.8.105 - - [12/Mar/2009:02:32:01 +0100] "GET /logs/usage_200711.html HTTP/1.0" 200 109628 "-" "Mozilla/5.0 (compatible; Yahoo! Slurp/3.0; http://help.yahoo.com/help/us/ysearch/slurp)"
74.6.8.105 - - [12/Mar/2009:02:32:02 +0100] "GET /logs/usage_200711.html HTTP/1.0" 200 109628 "-" "Mozilla/5.0 (compatible; Yahoo! Slurp/3.0; http://help.yahoo.com/help/us/ysearch/slurp)"
65.55.211.170 - - [12/Mar/2009:02:36:23 +0100] "GET /robots.txt HTTP/1.1" 200 64 "-" "msnbot/1.1 (+http://search.msn.com/msnbot.htm)"
65.55.211.170 - - [12/Mar/2009:02:36:23 +0100] "GET /warez.html HTTP/1.1" 200 9754 "-" "msnbot/1.1 (+http://search.msn.com/msnbot.htm)"
74.6.18.228 - - [12/Mar/2009:02:50:04 +0100] "GET /robots.txt HTTP/1.0" 200 64 "-" "Mozilla/5.0 (compatible; Yahoo! Slurp; http://help.yahoo.com/help/us/ysearch/slurp)"
74.6.18.228 - - [12/Mar/2009:02:50:04 +0100] "GET /ie_menue.html HTTP/1.0" 404 2748 "-" "Mozilla/5.0 (compatible; Yahoo! Slurp/3.0; http://help.yahoo.com/help/us/ysearch/slurp)"
207.46.92.17 - - [12/Mar/2009:03:07:50 +0100] "GET /zampa-lovers/MILIZA_B.JPG HTTP/1.1" 200 10947 "-" "LWP::Simple/5.814"
85.66.137.215 - - [12/Mar/2009:03:24:08 +0100] "GET /cgi-bin/add-passwd.cgi HTTP/1.1" 404 2748 "http://various-euro.com/cgi-bin/add-passwd.cgi" "Mozilla/4.0 (compatible; MSIE 6.0; Windows NT 5.1)"
66.235.124.61 - - [12/Mar/2009:03:25:12 +0100] "GET /robots.txt HTTP/1.1" 200 64 "-" "Mozilla/5.0 (compatible; Ask Jeeves/Teoma; +http://about.ask.com/en/docs/about/webmasters.shtml)"
193.252.149.16 - - [12/Mar/2009:03:25:18 +0100] "GET /world.html HTTP/1.1" 200 16295 "-" "Mozilla/5.0 (Windows; U; Windows NT 5.1; fr; rv:1.8.1) VoilaBot BETA 1.2 (support.voilabot@orange-ftgroup.com)"
66.235.124.61 - - [12/Mar/2009:03:25:27 +0100] "GET /framez-restate.html HTTP/1.1" 200 4328 "-" "Mozilla/5.0 (compatible; Ask Jeeves/Teoma; +http://about.ask.com/en/docs/about/webmasters.shtml)"
66.235.124.61 - - [12/Mar/2009:03:25:28 +0100] "GET /frame-menu.html HTTP/1.1" 200 10536 "-" "Mozilla/5.0 (compatible; Ask Jeeves/Teoma; +http://about.ask.com/en/docs/about/webmasters.shtml)"
66.235.124.61 - - [12/Mar/2009:03:25:28 +0100] "GET /restate_copy.html HTTP/1.1" 200 97631 "-" "Mozilla/5.0 (compatible; Ask Jeeves/Teoma; +http://about.ask.com/en/docs/about/webmasters.shtml)"
66.235.124.61 - - [12/Mar/2009:03:25:29 +0100] "GET /frame-unten.html HTTP/1.1" 200 5308 "-" "Mozilla/5.0 (compatible; Ask Jeeves/Teoma; +http://about.ask.com/en/docs/about/webmasters.shtml)"
74.6.8.105 - - [12/Mar/2009:03:27:22 +0100] "GET /logs/usage_200703.html HTTP/1.0" 200 108444 "-" "Mozilla/5.0 (compatible; Yahoo! Slurp/3.0; http://help.yahoo.com/help/us/ysearch/slurp)"
74.6.8.105 - - [12/Mar/2009:03:27:24 +0100] "GET /logs/usage_200703.html HTTP/1.0" 200 108444 "-" "Mozilla/5.0 (compatible; Yahoo! Slurp/3.0; http://help.yahoo.com/help/us/ysearch/slurp)"
67.195.37.171 - - [12/Mar/2009:03:28:59 +0100] "GET /robots.txt HTTP/1.0" 200 64 "-" "Mozilla/5.0 (compatible; Yahoo! Slurp; http://help.yahoo.com/help/us/ysearch/slurp)"
67.195.37.171 - - [12/Mar/2009:03:29:10 +0100] "GET /f-rez.html HTTP/1.0" 200 9765 "-" "Mozilla/5.0 (compatible; Yahoo! Slurp/3.0; http://help.yahoo.com/help/us/ysearch/slurp)"
65.55.231.98 - - [12/Mar/2009:03:32:22 +0100] "GET /robots.txt HTTP/1.1" 200 64 "-" "msnbot-media/1.1 (+http://search.msn.com/msnbot.htm)"
65.55.231.98 - - [12/Mar/2009:03:32:22 +0100] "GET /rez/mb.jpg HTTP/1.1" 200 12467 "-" "msnbot-media/1.1 (+http://search.msn.com/msnbot.htm)"
65.55.231.98 - - [12/Mar/2009:03:32:23 +0100] "GET /framez-rez.html HTTP/1.1" 200 4323 "-" "msnbot-media/1.1 (+http://search.msn.com/msnbot.htm)"
66.235.124.61 - - [12/Mar/2009:03:35:05 +0100] "GET /framez.html HTTP/1.1" 200 3959 "-" "Mozilla/5.0 (compatible; Ask Jeeves/Teoma; +http://about.ask.com/en/docs/about/webmasters.shtml)"
66.235.124.61 - - [12/Mar/2009:03:35:05 +0100] "GET /framez.html HTTP/1.1" 200 3959 "-" "Mozilla/5.0 (compatible; Ask Jeeves/Teoma; +http://about.ask.com/en/docs/about/webmasters.shtml)"
66.235.124.61 - - [12/Mar/2009:03:35:05 +0100] "GET /frame-inhalt.html HTTP/1.1" 200 5418 "-" "Mozilla/5.0 (compatible; Ask Jeeves/Teoma; +http://about.ask.com/en/docs/about/webmasters.shtml)"
174.129.183.225 - - [12/Mar/2009:03:38:36 +0100] "GET /robots.txt HTTP/1.0" 200 64 "-" "SimilarPages/Nutch-1.0-dev (SimilarPages Nutch Crawler; http://www.similarpages.com; info at similarpages dot com)"
174.129.183.225 - - [12/Mar/2009:03:38:37 +0100] "GET /schubb/schubb-5.html HTTP/1.0" 200 72944 "-" "SimilarPages/Nutch-1.0-dev (SimilarPages Nutch Crawler; http://www.similarpages.com; info at similarpages dot com)"
193.47.80.51 - - [12/Mar/2009:03:59:10 +0100] "GET /robots.txt HTTP/1.1" 200 64 "-" "Mozilla/5.0 (compatible; Exabot/3.0; +http://www.exabot.com/go/robot)"
193.47.80.51 - - [12/Mar/2009:03:59:11 +0100] "GET / HTTP/1.1" 200 7869 "-" "Mozilla/5.0 (compatible; Exabot/3.0; +http://www.exabot.com/go/robot)"
74.6.8.105 - - [12/Mar/2009:04:08:28 +0100] "GET /f-sponsor.html HTTP/1.0" 200 8578 "-" "Mozilla/5.0 (compatible; Yahoo! Slurp/3.0; http://help.yahoo.com/help/us/ysearch/slurp)"
81.52.143.16 - - [12/Mar/2009:04:41:48 +0100] "GET /bmpp/18_x.html HTTP/1.1" 200 1100 "-" "Mozilla/5.0 (Windows; U; Windows NT 5.1; fr; rv:1.8.1) VoilaBot BETA 1.2 (support.voilabot@orange-ftgroup.com)"
66.249.71.249 - - [12/Mar/2009:04:48:38 +0100] "GET /robots.txt HTTP/1.1" 200 64 "-" "Mozilla/5.0 (compatible; Googlebot/2.1; +http://www.google.com/bot.html)"
66.249.71.249 - - [12/Mar/2009:04:48:38 +0100] "GET /frame-unten.html HTTP/1.1" 200 5308 "-" "Mozilla/5.0 (compatible; Googlebot/2.1; +http://www.google.com/bot.html)"
81.52.143.37 - - [12/Mar/2009:04:51:20 +0100] "GET /warez.html HTTP/1.1" 200 9754 "-" "Mozilla/5.0 (Windows; U; Windows NT 5.1; fr; rv:1.8.1) VoilaBot BETA 1.2 (support.voilabot@orange-ftgroup.com)"
65.55.108.144 - - [12/Mar/2009:05:05:40 +0100] "GET /robots.txt HTTP/1.1" 200 64 "-" "msnbot-media/1.1 (+http://search.msn.com/msnbot.htm)"
65.55.108.144 - - [12/Mar/2009:05:05:40 +0100] "GET /zampa/lybia/slike/tele.jpg HTTP/1.1" 200 28022 "-" "msnbot-media/1.1 (+http://search.msn.com/msnbot.htm)"
65.55.108.144 - - [12/Mar/2009:05:05:41 +0100] "GET /zampa/lybia/index.html HTTP/1.1" 200 3036 "-" "msnbot-media/1.1 (+http://search.msn.com/msnbot.htm)"
65.55.108.144 - - [12/Mar/2009:05:05:42 +0100] "GET /zampa/lybia/index.html HTTP/1.1" 200 3036 "-" "msnbot-media/1.1 (+http://search.msn.com/msnbot.htm)"
66.249.71.249 - - [12/Mar/2009:05:08:09 +0100] "GET /schubb/schubb-2.html HTTP/1.1" 200 16660 "-" "Mozilla/5.0 (compatible; Googlebot/2.1; +http://www.google.com/bot.html)"
76.184.24.12 - - [12/Mar/2009:05:22:10 +0100] "GET / HTTP/1.1" 200 7869 "-" "Mozilla/5.0 (Windows; U; Windows NT 5.1; en; rv:1.8.1.8) Gecko/20071008 Firefox/2.0.0.8"
119.63.193.43 - - [12/Mar/2009:05:22:46 +0100] "GET / HTTP/1.1" 200 7869 "-" "Baiduspider+(+http://www.baidu.jp/spider/)"
74.6.8.105 - - [12/Mar/2009:05:27:01 +0100] "GET /logs/usage_200702.html HTTP/1.0" 200 107861 "-" "Mozilla/5.0 (compatible; Yahoo! Slurp/3.0; http://help.yahoo.com/help/us/ysearch/slurp)"
66.249.71.15 - - [12/Mar/2009:05:45:03 +0100] "GET /robots.txt HTTP/1.1" 302 363 "-" "Mozilla/5.0 (compatible; Googlebot/2.1; +http://www.google.com/bot.html)"
66.249.71.249 - - [12/Mar/2009:05:45:04 +0100] "GET /zampa/robots.txt HTTP/1.1" 404 2748 "-" "Mozilla/5.0 (compatible; Googlebot/2.1; +http://www.google.com/bot.html)"
66.249.71.15 - - [12/Mar/2009:05:45:04 +0100] "GET / HTTP/1.1" 302 353 "-" "Mozilla/5.0 (compatible; Googlebot/2.1; +http://www.google.com/bot.html)"
66.249.71.249 - - [12/Mar/2009:05:45:04 +0100] "GET /zampa/ HTTP/1.1" 200 7153 "-" "Mozilla/5.0 (compatible; Googlebot/2.1; +http://www.google.com/bot.html)"
81.52.143.29 - - [12/Mar/2009:05:51:47 +0100] "GET /DgH/orginal/index.html HTTP/1.1" 200 1727 "-" "Mozilla/5.0 (Windows; U; Windows NT 5.1; fr; rv:1.8.1) VoilaBot BETA 1.2 (support.voilabot@orange-ftgroup.com)"
71.195.46.8 - - [12/Mar/2009:06:06:31 +0100] "GET / HTTP/1.1" 200 7869 "http://www.randomwebsite.com/" "Mozilla/5.0 (Windows; U; Windows NT 5.1; en-US; rv:1.9.0.7) Gecko/2009021910 Firefox/3.0.7"
71.195.46.8 - - [12/Mar/2009:06:06:32 +0100] "GET /style/various-euro.css HTTP/1.1" 200 3437 "http://www.various-euro.com/" "Mozilla/5.0 (Windows; U; Windows NT 5.1; en-US; rv:1.9.0.7) Gecko/2009021910 Firefox/3.0.7"
71.195.46.8 - - [12/Mar/2009:06:06:32 +0100] "GET /ve-icon-2.ico HTTP/1.1" 200 2238 "-" "Mozilla/5.0 (Windows; U; Windows NT 5.1; en-US; rv:1.9.0.7) Gecko/2009021910 Firefox/3.0.7"
71.195.46.8 - - [12/Mar/2009:06:06:33 +0100] "GET /framez_0.html HTTP/1.1" 200 12444 "http://www.various-euro.com/" "Mozilla/5.0 (Windows; U; Windows NT 5.1; en-US; rv:1.9.0.7) Gecko/2009021910 Firefox/3.0.7"
71.195.46.8 - - [12/Mar/2009:06:06:39 +0100] "GET /framez.html HTTP/1.1" 200 3959 "http://www.various-euro.com/framez_0.html" "Mozilla/5.0 (Windows; U; Windows NT 5.1; en-US; rv:1.9.0.7) Gecko/2009021910 Firefox/3.0.7"
71.195.46.8 - - [12/Mar/2009:06:06:39 +0100] "GET /frame-menu.html HTTP/1.1" 200 10536 "http://www.various-euro.com/framez.html" "Mozilla/5.0 (Windows; U; Windows NT 5.1; en-US; rv:1.9.0.7) Gecko/2009021910 Firefox/3.0.7"
71.195.46.8 - - [12/Mar/2009:06:06:39 +0100] "GET /frame-unten.html HTTP/1.1" 200 5308 "http://www.various-euro.com/framez.html" "Mozilla/5.0 (Windows; U; Windows NT 5.1; en-US; rv:1.9.0.7) Gecko/2009021910 Firefox/3.0.7"
71.195.46.8 - - [12/Mar/2009:06:06:39 +0100] "GET /frame-inhalt.html HTTP/1.1" 200 5418 "http://www.various-euro.com/framez.html" "Mozilla/5.0 (Windows; U; Windows NT 5.1; en-US; rv:1.9.0.7) Gecko/2009021910 Firefox/3.0.7"
71.195.46.8 - - [12/Mar/2009:06:06:40 +0100] "GET /bannerz/neon_click_3.gif HTTP/1.1" 200 240 "http://www.various-euro.com/frame-inhalt.html" "Mozilla/5.0 (Windows; U; Windows NT 5.1; en-US; rv:1.9.0.7) Gecko/2009021910 Firefox/3.0.7"
71.195.46.8 - - [12/Mar/2009:06:06:40 +0100] "GET /bannerz/neon_click_1.gif HTTP/1.1" 200 890 "http://www.various-euro.com/frame-inhalt.html" "Mozilla/5.0 (Windows; U; Windows NT 5.1; en-US; rv:1.9.0.7) Gecko/2009021910 Firefox/3.0.7"
71.195.46.8 - - [12/Mar/2009:06:06:40 +0100] "GET /eurosign3.gif HTTP/1.1" 200 7879 "http://www.various-euro.com/frame-inhalt.html" "Mozilla/5.0 (Windows; U; Windows NT 5.1; en-US; rv:1.9.0.7) Gecko/2009021910 Firefox/3.0.7"
71.195.46.8 - - [12/Mar/2009:06:06:40 +0100] "GET /bannerz/ve.jpg HTTP/1.1" 200 36912 "http://www.various-euro.com/frame-unten.html" "Mozilla/5.0 (Windows; U; Windows NT 5.1; en-US; rv:1.9.0.7) Gecko/2009021910 Firefox/3.0.7"
71.195.46.8 - - [12/Mar/2009:06:06:40 +0100] "GET /bannerz/neon_click_2.gif HTTP/1.1" 200 387 "http://www.various-euro.com/frame-inhalt.html" "Mozilla/5.0 (Windows; U; Windows NT 5.1; en-US; rv:1.9.0.7) Gecko/2009021910 Firefox/3.0.7"
71.195.46.8 - - [12/Mar/2009:06:06:40 +0100] "GET /bannerz/wet.gif HTTP/1.1" 200 18561 "http://www.various-euro.com/frame-inhalt.html" "Mozilla/5.0 (Windows; U; Windows NT 5.1; en-US; rv:1.9.0.7) Gecko/2009021910 Firefox/3.0.7"
71.195.46.8 - - [12/Mar/2009:06:06:41 +0100] "GET /bannerz/douwil.gif HTTP/1.1" 200 528 "http://www.various-euro.com/frame-inhalt.html" "Mozilla/5.0 (Windows; U; Windows NT 5.1; en-US; rv:1.9.0.7) Gecko/2009021910 Firefox/3.0.7"
71.195.46.8 - - [12/Mar/2009:06:06:41 +0100] "GET /bannerz/anti_black_small.gif HTTP/1.1" 200 1009 "http://www.various-euro.com/frame-inhalt.html" "Mozilla/5.0 (Windows; U; Windows NT 5.1; en-US; rv:1.9.0.7) Gecko/2009021910 Firefox/3.0.7"
71.195.46.8 - - [12/Mar/2009:06:06:41 +0100] "GET /bannerz/copyleft_black_small.gif HTTP/1.1" 200 1231 "http://www.various-euro.com/frame-inhalt.html" "Mozilla/5.0 (Windows; U; Windows NT 5.1; en-US; rv:1.9.0.7) Gecko/2009021910 Firefox/3.0.7"
71.195.46.8 - - [12/Mar/2009:06:06:41 +0100] "GET /bannerz/google/Logo_40blk.gif HTTP/1.1" 200 2308 "http://www.various-euro.com/frame-inhalt.html" "Mozilla/5.0 (Windows; U; Windows NT 5.1; en-US; rv:1.9.0.7) Gecko/2009021910 Firefox/3.0.7"
71.195.46.8 - - [12/Mar/2009:06:06:40 +0100] "GET /bannerz/various-euro-girl.jpg HTTP/1.1" 200 91514 "http://www.various-euro.com/frame-unten.html" "Mozilla/5.0 (Windows; U; Windows NT 5.1; en-US; rv:1.9.0.7) Gecko/2009021910 Firefox/3.0.7"
71.195.46.8 - - [12/Mar/2009:06:06:40 +0100] "GET /bannerz/goolag_468.jpg HTTP/1.1" 200 28285 "http://www.various-euro.com/frame-inhalt.html" "Mozilla/5.0 (Windows; U; Windows NT 5.1; en-US; rv:1.9.0.7) Gecko/2009021910 Firefox/3.0.7"
66.249.71.249 - - [12/Mar/2009:06:13:15 +0100] "GET /f-other.html HTTP/1.1" 200 33189 "-" "Mozilla/5.0 (compatible; Googlebot/2.1; +http://www.google.com/bot.html)"
97.86.125.161 - - [12/Mar/2009:06:52:57 +0100] "GET / HTTP/1.1" 200 7869 "http://www.randomwebsite.com/" "Mozilla/5.0 (Windows; U; Windows NT 5.1; en-US; rv:1.9.0.7) Gecko/2009021910 Firefox/3.0.7"
97.86.125.161 - - [12/Mar/2009:06:52:57 +0100] "GET /ve-icon-2.ico HTTP/1.1" 200 2238 "-" "Mozilla/5.0 (Windows; U; Windows NT 5.1; en-US; rv:1.9.0.7) Gecko/2009021910 Firefox/3.0.7"
97.86.125.161 - - [12/Mar/2009:06:52:57 +0100] "GET /style/various-euro.css HTTP/1.1" 200 3437 "http://www.various-euro.com/" "Mozilla/5.0 (Windows; U; Windows NT 5.1; en-US; rv:1.9.0.7) Gecko/2009021910 Firefox/3.0.7"
97.86.125.161 - - [12/Mar/2009:06:52:58 +0100] "GET /framez_0.html HTTP/1.1" 200 12444 "http://www.various-euro.com/" "Mozilla/5.0 (Windows; U; Windows NT 5.1; en-US; rv:1.9.0.7) Gecko/2009021910 Firefox/3.0.7"
97.86.125.161 - - [12/Mar/2009:06:53:08 +0100] "GET /framez.html HTTP/1.1" 200 3959 "http://www.various-euro.com/framez_0.html" "Mozilla/5.0 (Windows; U; Windows NT 5.1; en-US; rv:1.9.0.7) Gecko/2009021910 Firefox/3.0.7"
97.86.125.161 - - [12/Mar/2009:06:53:09 +0100] "GET /frame-menu.html HTTP/1.1" 200 10536 "http://www.various-euro.com/framez.html" "Mozilla/5.0 (Windows; U; Windows NT 5.1; en-US; rv:1.9.0.7) Gecko/2009021910 Firefox/3.0.7"
97.86.125.161 - - [12/Mar/2009:06:53:09 +0100] "GET /frame-inhalt.html HTTP/1.1" 200 5418 "http://www.various-euro.com/framez.html" "Mozilla/5.0 (Windows; U; Windows NT 5.1; en-US; rv:1.9.0.7) Gecko/2009021910 Firefox/3.0.7"
97.86.125.161 - - [12/Mar/2009:06:53:09 +0100] "GET /frame-unten.html HTTP/1.1" 200 5308 "http://www.various-euro.com/framez.html" "Mozilla/5.0 (Windows; U; Windows NT 5.1; en-US; rv:1.9.0.7) Gecko/2009021910 Firefox/3.0.7"
97.86.125.161 - - [12/Mar/2009:06:53:10 +0100] "GET /bannerz/ve.jpg HTTP/1.1" 200 36912 "http://www.various-euro.com/frame-unten.html" "Mozilla/5.0 (Windows; U; Windows NT 5.1; en-US; rv:1.9.0.7) Gecko/2009021910 Firefox/3.0.7"
97.86.125.161 - - [12/Mar/2009:06:53:10 +0100] "GET /bannerz/various-euro-girl.jpg HTTP/1.1" 200 91514 "http://www.various-euro.com/frame-unten.html" "Mozilla/5.0 (Windows; U; Windows NT 5.1; en-US; rv:1.9.0.7) Gecko/2009021910 Firefox/3.0.7"
97.86.125.161 - - [12/Mar/2009:06:53:11 +0100] "GET /bannerz/neon_click_3.gif HTTP/1.1" 200 240 "http://www.various-euro.com/frame-inhalt.html" "Mozilla/5.0 (Windows; U; Windows NT 5.1; en-US; rv:1.9.0.7) Gecko/2009021910 Firefox/3.0.7"
97.86.125.161 - - [12/Mar/2009:06:53:11 +0100] "GET /bannerz/goolag_468.jpg HTTP/1.1" 200 28285 "http://www.various-euro.com/frame-inhalt.html" "Mozilla/5.0 (Windows; U; Windows NT 5.1; en-US; rv:1.9.0.7) Gecko/2009021910 Firefox/3.0.7"
97.86.125.161 - - [12/Mar/2009:06:53:11 +0100] "GET /eurosign3.gif HTTP/1.1" 200 7879 "http://www.various-euro.com/frame-inhalt.html" "Mozilla/5.0 (Windows; U; Windows NT 5.1; en-US; rv:1.9.0.7) Gecko/2009021910 Firefox/3.0.7"
97.86.125.161 - - [12/Mar/2009:06:53:12 +0100] "GET /bannerz/neon_click_1.gif HTTP/1.1" 200 890 "http://www.various-euro.com/frame-inhalt.html" "Mozilla/5.0 (Windows; U; Windows NT 5.1; en-US; rv:1.9.0.7) Gecko/2009021910 Firefox/3.0.7"
97.86.125.161 - - [12/Mar/2009:06:53:12 +0100] "GET /bannerz/wet.gif HTTP/1.1" 200 18561 "http://www.various-euro.com/frame-inhalt.html" "Mozilla/5.0 (Windows; U; Windows NT 5.1; en-US; rv:1.9.0.7) Gecko/2009021910 Firefox/3.0.7"
97.86.125.161 - - [12/Mar/2009:06:53:12 +0100] "GET /bannerz/neon_click_2.gif HTTP/1.1" 200 387 "http://www.various-euro.com/frame-inhalt.html" "Mozilla/5.0 (Windows; U; Windows NT 5.1; en-US; rv:1.9.0.7) Gecko/2009021910 Firefox/3.0.7"
97.86.125.161 - - [12/Mar/2009:06:53:12 +0100] "GET /bannerz/douwil.gif HTTP/1.1" 200 528 "http://www.various-euro.com/frame-inhalt.html" "Mozilla/5.0 (Windows; U; Windows NT 5.1; en-US; rv:1.9.0.7) Gecko/2009021910 Firefox/3.0.7"
97.86.125.161 - - [12/Mar/2009:06:53:12 +0100] "GET /bannerz/copyleft_black_small.gif HTTP/1.1" 200 1231 "http://www.various-euro.com/frame-inhalt.html" "Mozilla/5.0 (Windows; U; Windows NT 5.1; en-US; rv:1.9.0.7) Gecko/2009021910 Firefox/3.0.7"
97.86.125.161 - - [12/Mar/2009:06:53:12 +0100] "GET /bannerz/anti_black_small.gif HTTP/1.1" 200 1009 "http://www.various-euro.com/frame-inhalt.html" "Mozilla/5.0 (Windows; U; Windows NT 5.1; en-US; rv:1.9.0.7) Gecko/2009021910 Firefox/3.0.7"
97.86.125.161 - - [12/Mar/2009:06:53:12 +0100] "GET /bannerz/google/Logo_40blk.gif HTTP/1.1" 200 2308 "http://www.various-euro.com/frame-inhalt.html" "Mozilla/5.0 (Windows; U; Windows NT 5.1; en-US; rv:1.9.0.7) Gecko/2009021910 Firefox/3.0.7"
65.55.220.205 - - [12/Mar/2009:07:33:49 +0100] "GET /robots.txt HTTP/1.1" 200 64 "-" "msnbot-media/1.1 (+http://search.msn.com/msnbot.htm)"
65.55.220.205 - - [12/Mar/2009:07:33:50 +0100] "GET /zampa/slike/zampa.gif HTTP/1.1" 200 5310 "-" "msnbot-media/1.1 (+http://search.msn.com/msnbot.htm)"
65.55.220.205 - - [12/Mar/2009:07:33:50 +0100] "GET /zampa/ HTTP/1.1" 200 7153 "-" "msnbot-media/1.1 (+http://search.msn.com/msnbot.htm)"
66.249.71.249 - - [12/Mar/2009:07:33:51 +0100] "GET /framez-schubb2.html HTTP/1.1" 200 4314 "-" "Mozilla/5.0 (compatible; Googlebot/2.1; +http://www.google.com/bot.html)"
65.55.220.205 - - [12/Mar/2009:07:33:52 +0100] "GET /robots.txt HTTP/1.1" 302 363 "-" "msnbot-media/1.1 (+http://search.msn.com/msnbot.htm)"
65.55.220.205 - - [12/Mar/2009:07:33:52 +0100] "GET /zampa/robots.txt HTTP/1.1" 404 2748 "-" "msnbot-media/1.1 (+http://search.msn.com/msnbot.htm)"
65.55.220.205 - - [12/Mar/2009:07:33:52 +0100] "GET / HTTP/1.1" 302 353 "-" "msnbot-media/1.1 (+http://search.msn.com/msnbot.htm)"
65.55.220.205 - - [12/Mar/2009:07:33:52 +0100] "GET /zampa/ HTTP/1.1" 200 7153 "-" "msnbot-media/1.1 (+http://search.msn.com/msnbot.htm)"
65.55.220.205 - - [12/Mar/2009:07:33:53 +0100] "GET /zampa/ HTTP/1.1" 200 7153 "-" "msnbot-media/1.1 (+http://search.msn.com/msnbot.htm)"
65.55.220.205 - - [12/Mar/2009:07:34:01 +0100] "GET /zampa/slike/zampa.gif HTTP/1.1" 200 5310 "-" "msnbot-media/1.1 (+http://search.msn.com/msnbot.htm)"
65.55.220.205 - - [12/Mar/2009:07:34:02 +0100] "GET /zampa/ HTTP/1.1" 200 7153 "-" "msnbot-media/1.1 (+http://search.msn.com/msnbot.htm)"
65.55.220.205 - - [12/Mar/2009:07:34:02 +0100] "GET / HTTP/1.1" 302 353 "-" "msnbot-media/1.1 (+http://search.msn.com/msnbot.htm)"
65.55.220.205 - - [12/Mar/2009:07:34:03 +0100] "GET /zampa/ HTTP/1.1" 200 7153 "-" "msnbot-media/1.1 (+http://search.msn.com/msnbot.htm)"
65.55.220.205 - - [12/Mar/2009:07:34:04 +0100] "GET /zampa/ HTTP/1.1" 200 7153 "-" "msnbot-media/1.1 (+http://search.msn.com/msnbot.htm)"
66.249.71.249 - - [12/Mar/2009:07:58:01 +0100] "GET /3dsf3/sendi/hyperreality.html HTTP/1.1" 200 1436 "-" "Mozilla/5.0 (compatible; Googlebot/2.1; +http://www.google.com/bot.html)"
65.55.108.162 - - [12/Mar/2009:08:06:34 +0100] "GET /robots.txt HTTP/1.1" 200 64 "-" "msnbot-media/1.1 (+http://search.msn.com/msnbot.htm)"
65.55.108.162 - - [12/Mar/2009:08:06:34 +0100] "GET /bannerz/overgarden-toplogo.jpg HTTP/1.1" 200 28153 "-" "msnbot-media/1.1 (+http://search.msn.com/msnbot.htm)"
65.55.108.162 - - [12/Mar/2009:08:06:35 +0100] "GET /f-actions.html HTTP/1.1" 200 10429 "-" "msnbot-media/1.1 (+http://search.msn.com/msnbot.htm)"
91.205.124.4 - - [12/Mar/2009:08:23:07 +0100] "GET /robots.txt HTTP/1.1" 200 64 "-" "Yanga WorldSearch Bot v1.1/beta (http://www.yanga.co.uk/)"
91.205.124.4 - - [12/Mar/2009:08:23:08 +0100] "GET /framez.html HTTP/1.1" 200 3959 "-" "Yanga WorldSearch Bot v1.1/beta (http://www.yanga.co.uk/)"
66.235.124.102 - - [12/Mar/2009:08:24:26 +0100] "GET /robots.txt HTTP/1.1" 200 64 "-" "Mozilla/5.0 (compatible; Ask Jeeves/Teoma; +http://about.ask.com/en/docs/about/webmasters.shtml)"
66.235.124.102 - - [12/Mar/2009:08:24:41 +0100] "GET /restate_copy.html HTTP/1.1" 200 97631 "-" "Mozilla/5.0 (compatible; Ask Jeeves/Teoma; +http://about.ask.com/en/docs/about/webmasters.shtml)"
66.235.124.102 - - [12/Mar/2009:08:24:42 +0100] "GET /menueleiste.js HTTP/1.1" 404 2748 "-" "Mozilla/5.0 (compatible; Ask Jeeves/Teoma; +http://about.ask.com/en/docs/about/webmasters.shtml)"
66.235.124.89 - - [12/Mar/2009:08:24:44 +0100] "GET /framez-restate.html HTTP/1.1" 200 4328 "-" "Mozilla/5.0 (compatible; Ask Jeeves/Teoma; +http://about.ask.com/en/docs/about/webmasters.shtml)"
66.235.124.89 - - [12/Mar/2009:08:24:44 +0100] "GET /frame-menu.html HTTP/1.1" 200 10536 "-" "Mozilla/5.0 (compatible; Ask Jeeves/Teoma; +http://about.ask.com/en/docs/about/webmasters.shtml)"
66.235.124.89 - - [12/Mar/2009:08:24:44 +0100] "GET /restate_copy.html HTTP/1.1" 200 97631 "-" "Mozilla/5.0 (compatible; Ask Jeeves/Teoma; +http://about.ask.com/en/docs/about/webmasters.shtml)"
66.235.124.89 - - [12/Mar/2009:08:24:45 +0100] "GET /frame-unten.html HTTP/1.1" 200 5308 "-" "Mozilla/5.0 (compatible; Ask Jeeves/Teoma; +http://about.ask.com/en/docs/about/webmasters.shtml)"
66.235.124.89 - - [12/Mar/2009:08:24:46 +0100] "GET /framez.html HTTP/1.1" 200 3959 "-" "Mozilla/5.0 (compatible; Ask Jeeves/Teoma; +http://about.ask.com/en/docs/about/webmasters.shtml)"
66.235.124.89 - - [12/Mar/2009:08:24:47 +0100] "GET /framez.html HTTP/1.1" 200 3959 "-" "Mozilla/5.0 (compatible; Ask Jeeves/Teoma; +http://about.ask.com/en/docs/about/webmasters.shtml)"
66.235.124.89 - - [12/Mar/2009:08:24:47 +0100] "GET /frame-inhalt.html HTTP/1.1" 200 5418 "-" "Mozilla/5.0 (compatible; Ask Jeeves/Teoma; +http://about.ask.com/en/docs/about/webmasters.shtml)"
67.195.37.171 - - [12/Mar/2009:08:34:48 +0100] "GET /schubb/schubb-2.html HTTP/1.0" 200 16660 "-" "Mozilla/5.0 (compatible; Yahoo! Slurp; http://help.yahoo.com/help/us/ysearch/slurp)"
193.252.149.14 - - [12/Mar/2009:08:58:50 +0100] "GET /neon/biggtani.html HTTP/1.1" 200 1698 "-" "Mozilla/5.0 (Windows; U; Windows NT 5.1; fr; rv:1.8.1) VoilaBot BETA 1.2 (support.voilabot@orange-ftgroup.com)"
69.147.111.51 - - [12/Mar/2009:09:33:46 +0100] "HEAD /bannerz/various-euro-girl.jpg HTTP/1.1" 200 - "-" "-"
69.147.115.59 - - [12/Mar/2009:09:33:49 +0100] "GET /bannerz/various-euro-girl.jpg HTTP/1.1" 200 91514 "-" "-"
193.252.149.13 - - [12/Mar/2009:09:43:33 +0100] "GET /neon/slow-walk2.html HTTP/1.1" 200 1777 "-" "Mozilla/5.0 (Windows; U; Windows NT 5.1; fr; rv:1.8.1) VoilaBot BETA 1.2 (support.voilabot@orange-ftgroup.com)"
94.228.228.79 - - [12/Mar/2009:09:46:02 +0100] "GET /framez-zampa-lovers.html HTTP/1.1" 200 4322 "http://www.google.com/search?hl=en&q=covek+kao+crv+&btnG=Search" "Mozilla/5.0 (Windows; U; Windows NT 5.1; en-US; rv:1.9.0.7) Gecko/2009021910 Firefox/3.0.7"
94.228.228.79 - - [12/Mar/2009:09:46:02 +0100] "GET /ve-icon-2.ico HTTP/1.1" 200 2238 "-" "Mozilla/5.0 (Windows; U; Windows NT 5.1; en-US; rv:1.9.0.7) Gecko/2009021910 Firefox/3.0.7"
94.228.228.79 - - [12/Mar/2009:09:46:02 +0100] "GET /frame-menu.html HTTP/1.1" 200 10536 "http://www.various-euro.com/framez-zampa-lovers.html" "Mozilla/5.0 (Windows; U; Windows NT 5.1; en-US; rv:1.9.0.7) Gecko/2009021910 Firefox/3.0.7"
94.228.228.79 - - [12/Mar/2009:09:46:02 +0100] "GET /frame-unten.html HTTP/1.1" 200 5308 "http://www.various-euro.com/framez-zampa-lovers.html" "Mozilla/5.0 (Windows; U; Windows NT 5.1; en-US; rv:1.9.0.7) Gecko/2009021910 Firefox/3.0.7"
94.228.228.79 - - [12/Mar/2009:09:46:02 +0100] "GET /style/various-euro.css HTTP/1.1" 200 3437 "http://www.various-euro.com/frame-menu.html" "Mozilla/5.0 (Windows; U; Windows NT 5.1; en-US; rv:1.9.0.7) Gecko/2009021910 Firefox/3.0.7"
94.228.228.79 - - [12/Mar/2009:09:46:03 +0100] "GET /zampa-lovers/kralle.gif HTTP/1.1" 404 2748 "http://www.various-euro.com/zampa-lovers/index.html" "Mozilla/5.0 (Windows; U; Windows NT 5.1; en-US; rv:1.9.0.7) Gecko/2009021910 Firefox/3.0.7"
94.228.228.79 - - [12/Mar/2009:09:46:03 +0100] "GET /zampa-lovers/DRAGAN_Z.JPG HTTP/1.1" 200 6850 "http://www.various-euro.com/zampa-lovers/index.html" "Mozilla/5.0 (Windows; U; Windows NT 5.1; en-US; rv:1.9.0.7) Gecko/2009021910 Firefox/3.0.7"
94.228.228.79 - - [12/Mar/2009:09:46:03 +0100] "GET /zampa-lovers/MILIZA_2.JPG HTTP/1.1" 200 22172 "http://www.various-euro.com/zampa-lovers/index.html" "Mozilla/5.0 (Windows; U; Windows NT 5.1; en-US; rv:1.9.0.7) Gecko/2009021910 Firefox/3.0.7"
94.228.228.79 - - [12/Mar/2009:09:46:03 +0100] "GET /bannerz/ve.jpg HTTP/1.1" 200 36912 "http://www.various-euro.com/frame-unten.html" "Mozilla/5.0 (Windows; U; Windows NT 5.1; en-US; rv:1.9.0.7) Gecko/2009021910 Firefox/3.0.7"
94.228.228.79 - - [12/Mar/2009:09:46:04 +0100] "GET /zampa-lovers/WASISTMI1.MPG HTTP/1.1" 200 271221 "http://www.various-euro.com/zampa-lovers/index.html" "Mozilla/5.0 (Windows; U; Windows NT 5.1; en-US; rv:1.9.0.7) Gecko/2009021910 Firefox/3.0.7"
94.228.228.79 - - [12/Mar/2009:09:46:05 +0100] "GET /zampa-lovers/MILIZA_B.JPG HTTP/1.1" 200 10947 "http://www.various-euro.com/zampa-lovers/index.html" "Mozilla/5.0 (Windows; U; Windows NT 5.1; en-US; rv:1.9.0.7) Gecko/2009021910 Firefox/3.0.7"
94.228.228.79 - - [12/Mar/2009:09:46:05 +0100] "GET /zampa-lovers/ZAMPAMAS.MPG HTTP/1.1" 200 520196 "http://www.various-euro.com/zampa-lovers/index.html" "Mozilla/5.0 (Windows; U; Windows NT 5.1; en-US; rv:1.9.0.7) Gecko/2009021910 Firefox/3.0.7"
94.228.228.79 - - [12/Mar/2009:09:46:06 +0100] "GET /zampa-lovers/MILIZA_4.JPG HTTP/1.1" 200 9946 "http://www.various-euro.com/zampa-lovers/index.html" "Mozilla/5.0 (Windows; U; Windows NT 5.1; en-US; rv:1.9.0.7) Gecko/2009021910 Firefox/3.0.7"
94.228.228.79 - - [12/Mar/2009:09:46:02 +0100] "GET /zampa-lovers/index.html HTTP/1.1" 200 37790 "http://www.various-euro.com/framez-zampa-lovers.html" "Mozilla/5.0 (Windows; U; Windows NT 5.1; en-US; rv:1.9.0.7) Gecko/2009021910 Firefox/3.0.7"
94.228.228.79 - - [12/Mar/2009:09:46:05 +0100] "GET /zampa-lovers/MILIZA_3.JPG HTTP/1.1" 200 26924 "http://www.various-euro.com/zampa-lovers/index.html" "Mozilla/5.0 (Windows; U; Windows NT 5.1; en-US; rv:1.9.0.7) Gecko/2009021910 Firefox/3.0.7"
94.228.228.79 - - [12/Mar/2009:09:46:06 +0100] "GET /zampa-lovers/ZAMPAMA2.MPG HTTP/1.1" 200 63492 "http://www.various-euro.com/zampa-lovers/index.html" "Mozilla/5.0 (Windows; U; Windows NT 5.1; en-US; rv:1.9.0.7) Gecko/2009021910 Firefox/3.0.7"
94.228.228.79 - - [12/Mar/2009:09:46:06 +0100] "GET /zampa-lovers/DRAGANZA.JPG HTTP/1.1" 200 18560 "http://www.various-euro.com/zampa-lovers/index.html" "Mozilla/5.0 (Windows; U; Windows NT 5.1; en-US; rv:1.9.0.7) Gecko/2009021910 Firefox/3.0.7"
94.228.228.79 - - [12/Mar/2009:09:46:06 +0100] "GET /zampa-lovers/1SEITEVE.GIF HTTP/1.1" 200 78726 "http://www.various-euro.com/zampa-lovers/index.html" "Mozilla/5.0 (Windows; U; Windows NT 5.1; en-US; rv:1.9.0.7) Gecko/2009021910 Firefox/3.0.7"
94.228.228.79 - - [12/Mar/2009:09:46:07 +0100] "GET /zampa-lovers/zampa.gif HTTP/1.1" 200 460627 "http://www.various-euro.com/zampa-lovers/index.html" "Mozilla/5.0 (Windows; U; Windows NT 5.1; en-US; rv:1.9.0.7) Gecko/2009021910 Firefox/3.0.7"
94.228.228.79 - - [12/Mar/2009:09:46:03 +0100] "GET /bannerz/various-euro-girl.jpg HTTP/1.1" 200 91514 "http://www.various-euro.com/frame-unten.html" "Mozilla/5.0 (Windows; U; Windows NT 5.1; en-US; rv:1.9.0.7) Gecko/2009021910 Firefox/3.0.7"
65.55.231.105 - - [12/Mar/2009:09:49:05 +0100] "GET /robots.txt HTTP/1.1" 200 64 "-" "msnbot-media/1.1 (+http://search.msn.com/msnbot.htm)"
65.55.231.105 - - [12/Mar/2009:09:49:05 +0100] "GET /zampa/montenegro/slike/plakat.jpg HTTP/1.1" 200 47879 "-" "msnbot-media/1.1 (+http://search.msn.com/msnbot.htm)"
65.55.231.105 - - [12/Mar/2009:09:49:06 +0100] "GET /zampa/montenegro/index.html HTTP/1.1" 200 2651 "-" "msnbot-media/1.1 (+http://search.msn.com/msnbot.htm)"
65.55.231.105 - - [12/Mar/2009:09:49:07 +0100] "GET /zampa/montenegro/index.html HTTP/1.1" 200 2651 "-" "msnbot-media/1.1 (+http://search.msn.com/msnbot.htm)"
74.6.8.105 - - [12/Mar/2009:09:59:59 +0100] "GET /robots.txt HTTP/1.0" 200 64 "-" "Mozilla/5.0 (compatible; Yahoo! Slurp; http://help.yahoo.com/help/us/ysearch/slurp)"
74.6.8.105 - - [12/Mar/2009:10:00:01 +0100] "GET /neon/europa.html HTTP/1.0" 200 389 "-" "Mozilla/5.0 (compatible; Yahoo! Slurp/3.0; http://help.yahoo.com/help/us/ysearch/slurp)"
74.6.8.105 - - [12/Mar/2009:10:04:41 +0100] "GET /DgH/bull/index.html HTTP/1.0" 200 1915 "-" "Mozilla/5.0 (compatible; Yahoo! Slurp/3.0; http://help.yahoo.com/help/us/ysearch/slurp)"
67.195.37.171 - - [12/Mar/2009:10:25:22 +0100] "GET /logs/ HTTP/1.0" 200 10079 "-" "Mozilla/5.0 (compatible; Yahoo! Slurp; http://help.yahoo.com/help/us/ysearch/slurp)"
208.36.144.6 - - [12/Mar/2009:10:34:48 +0100] "GET /robots.txt HTTP/1.0" 302 363 "-" "Mozilla/5.0 (Twiceler-0.9 http://www.cuil.com/twiceler/robot.html)"
67.195.37.171 - - [12/Mar/2009:10:44:20 +0100] "GET /f-web.html HTTP/1.0" 200 13605 "-" "Mozilla/5.0 (compatible; Yahoo! Slurp; http://help.yahoo.com/help/us/ysearch/slurp)"
67.195.37.171 - - [12/Mar/2009:10:47:44 +0100] "GET /f-contact.html HTTP/1.0" 200 6804 "-" "Mozilla/5.0 (compatible; Yahoo! Slurp; http://help.yahoo.com/help/us/ysearch/slurp)"
65.55.231.130 - - [12/Mar/2009:10:59:43 +0100] "GET /robots.txt HTTP/1.1" 200 64 "-" "msnbot-media/1.1 (+http://search.msn.com/msnbot.htm)"
65.55.231.130 - - [12/Mar/2009:10:59:43 +0100] "GET /zampa/slike/E2COPY.GIF HTTP/1.1" 200 10416 "-" "msnbot-media/1.1 (+http://search.msn.com/msnbot.htm)"
65.55.231.130 - - [12/Mar/2009:10:59:44 +0100] "GET /zampa/ HTTP/1.1" 200 7153 "-" "msnbot-media/1.1 (+http://search.msn.com/msnbot.htm)"
74.6.8.105 - - [12/Mar/2009:11:01:06 +0100] "GET /f-warez.html HTTP/1.0" 200 10953 "-" "Mozilla/5.0 (compatible; Yahoo! Slurp/3.0; http://help.yahoo.com/help/us/ysearch/slurp)"
66.249.71.249 - - [12/Mar/2009:11:04:20 +0100] "GET /logs/usage_200903.html HTTP/1.1" 404 2748 "-" "Mozilla/5.0 (compatible; Googlebot/2.1; +http://www.google.com/bot.html)"
65.55.231.72 - - [12/Mar/2009:11:07:39 +0100] "GET /robots.txt HTTP/1.1" 200 64 "-" "msnbot-media/1.1 (+http://search.msn.com/msnbot.htm)"
65.55.231.72 - - [12/Mar/2009:11:07:39 +0100] "GET /3dsf3/sendi/slike/ddplugin-table.jpg HTTP/1.1" 200 10146 "-" "msnbot-media/1.1 (+http://search.msn.com/msnbot.htm)"
65.55.231.72 - - [12/Mar/2009:11:07:40 +0100] "GET /3dsf3/sendi/sendisendi.html HTTP/1.1" 200 5118 "-" "msnbot-media/1.1 (+http://search.msn.com/msnbot.htm)"
87.250.39.216 - - [12/Mar/2009:11:34:39 +0100] "GET /favicon.ico HTTP/1.1" 302 364 "-" "Mozilla/4.0 (compatible; GoogleToolbar 5.0.2124.6042; Windows XP 5.1; MSIE 7.0.5730.13)"
87.250.39.216 - - [12/Mar/2009:11:34:39 +0100] "GET /zampa/favicon.ico HTTP/1.1" 404 2748 "-" "Mozilla/4.0 (compatible; GoogleToolbar 5.0.2124.6042; Windows XP 5.1; MSIE 7.0.5730.13)"
87.250.39.216 - - [12/Mar/2009:11:34:39 +0100] "GET /favicon.gif HTTP/1.1" 302 364 "-" "Mozilla/4.0 (compatible; GoogleToolbar 5.0.2124.6042; Windows XP 5.1; MSIE 7.0.5730.13)"
87.250.39.216 - - [12/Mar/2009:11:34:39 +0100] "GET /zampa/favicon.gif HTTP/1.1" 404 2748 "-" "Mozilla/4.0 (compatible; GoogleToolbar 5.0.2124.6042; Windows XP 5.1; MSIE 7.0.5730.13)"
74.6.8.105 - - [12/Mar/2009:11:34:47 +0100] "GET /logz_old.html HTTP/1.0" 404 2748 "-" "Mozilla/5.0 (compatible; Yahoo! Slurp/3.0; http://help.yahoo.com/help/us/ysearch/slurp)"
65.55.211.159 - - [12/Mar/2009:11:39:26 +0100] "GET /robots.txt HTTP/1.1" 200 64 "-" "msnbot/1.1 (+http://search.msn.com/msnbot.htm)"
65.55.211.159 - - [12/Mar/2009:11:39:27 +0100] "GET /zampa/montenegro/contributions.html HTTP/1.1" 200 18843 "-" "msnbot/1.1 (+http://search.msn.com/msnbot.htm)"
74.6.8.105 - - [12/Mar/2009:11:44:00 +0100] "GET /logs/usage_200709.html HTTP/1.0" 200 110974 "-" "Mozilla/5.0 (compatible; Yahoo! Slurp/3.0; http://help.yahoo.com/help/us/ysearch/slurp)"
208.80.195.34 - - [12/Mar/2009:12:23:14 +0100] "GET / HTTP/1.0" 200 7869 "-" "Mozilla/4.0 (compatible; MSIE 6.0; Windows NT 5.1; FunWebProducts; Hotbar 4.4.5.0; SV1; .NET CLR 1.1.4322; FDM)"
208.80.195.34 - - [12/Mar/2009:12:23:14 +0100] "GET / HTTP/1.0" 200 7869 "-" "Mozilla/4.0 (compatible; MSIE 6.0; Windows NT 5.1; SV1; iebar; QS 4.1.2.2)"
67.195.37.171 - - [12/Mar/2009:12:39:49 +0100] "GET /f-doku-brau.html HTTP/1.0" 200 7152 "-" "Mozilla/5.0 (compatible; Yahoo! Slurp; http://help.yahoo.com/help/us/ysearch/slurp)"
67.195.37.171 - - [12/Mar/2009:13:01:38 +0100] "GET /schubb/schubb-2.html HTTP/1.0" 200 16660 "-" "Mozilla/5.0 (compatible; Yahoo! Slurp/3.0; http://help.yahoo.com/help/us/ysearch/slurp)"
194.117.157.72 - - [12/Mar/2009:13:04:17 +0100] "GET /framez-schubb5.html HTTP/1.0" 200 4330 "http://www.vanessa-sucht.com" "Mozilla/4.0 (compatible; MSIE 6.0; MSIE 5.5; Windows NT 4.0) Opera 7.0 [en]"
203.158.167.152 - - [12/Mar/2009:13:05:10 +0100] "GET /framez-schubb5.html HTTP/1.0" 200 4330 "http://www.various-euro.com/framez-schubb5.html" "Mozilla/4.0 (compatible; MSIE 6.0; MSIE 5.5; Windows NT 4.0) Opera 7.0 [en]"
203.158.167.152 - - [12/Mar/2009:13:05:15 +0100] "GET /frame-menu.html HTTP/1.0" 200 10536 "http://www.various-euro.com/frame-menu.html" "Mozilla/4.0 (compatible; MSIE 6.0; MSIE 5.5; Windows NT 4.0) Opera 7.0 [en]"
203.158.167.152 - - [12/Mar/2009:13:05:18 +0100] "GET /schubb/schubb-5.html HTTP/1.0" 200 72944 "http://www.various-euro.com/schubb/schubb-5.html" "Mozilla/4.0 (compatible; MSIE 6.0; MSIE 5.5; Windows NT 4.0) Opera 7.0 [en]"
203.158.167.152 - - [12/Mar/2009:13:05:34 +0100] "GET /frame-unten.html HTTP/1.0" 200 5308 "http://www.various-euro.com/frame-unten.html" "Mozilla/4.0 (compatible; MSIE 6.0; MSIE 5.5; Windows NT 4.0) Opera 7.0 [en]"
65.55.211.167 - - [12/Mar/2009:13:07:58 +0100] "GET /robots.txt HTTP/1.1" 200 64 "-" "msnbot/1.1 (+http://search.msn.com/msnbot.htm)"
65.55.211.167 - - [12/Mar/2009:13:07:58 +0100] "GET /schubb/schubb-3.html HTTP/1.1" 200 17546 "-" "msnbot/1.1 (+http://search.msn.com/msnbot.htm)"
81.52.143.35 - - [12/Mar/2009:13:48:18 +0100] "GET /bmpp/18asi_2.html HTTP/1.1" 200 8674 "-" "Mozilla/5.0 (Windows; U; Windows NT 5.1; fr; rv:1.8.1) VoilaBot BETA 1.2 (support.voilabot@orange-ftgroup.com)"
65.55.231.99 - - [12/Mar/2009:13:50:15 +0100] "GET /robots.txt HTTP/1.1" 200 64 "-" "msnbot-media/1.1 (+http://search.msn.com/msnbot.htm)"
65.55.231.99 - - [12/Mar/2009:13:50:15 +0100] "GET /bannerz/ve-girl.gif HTTP/1.1" 200 61791 "-" "msnbot-media/1.1 (+http://search.msn.com/msnbot.htm)"
65.55.231.99 - - [12/Mar/2009:13:50:16 +0100] "GET /f-bannnerz.html HTTP/1.1" 200 12651 "-" "msnbot-media/1.1 (+http://search.msn.com/msnbot.htm)"
89.202.181.81 - - [12/Mar/2009:13:50:16 +0100] "GET / HTTP/1.1" 302 353 "-" "User-Agent: Mozilla/4.0 (compatible; MSIE 7.0; Windows NT 5.1; .NET CLR 1.1.4322)"
65.55.231.99 - - [12/Mar/2009:13:50:16 +0100] "GET /f-bannnerz.html HTTP/1.1" 200 12651 "-" "msnbot-media/1.1 (+http://search.msn.com/msnbot.htm)"
89.202.181.81 - - [12/Mar/2009:13:50:16 +0100] "GET /zampa/ HTTP/1.1" 200 7153 "-" "User-Agent: Mozilla/4.0 (compatible; MSIE 7.0; Windows NT 5.1; .NET CLR 1.1.4322)"
67.195.37.171 - - [12/Mar/2009:13:59:15 +0100] "GET /f-other.html HTTP/1.0" 200 33189 "-" "Mozilla/5.0 (compatible; Yahoo! Slurp; http://help.yahoo.com/help/us/ysearch/slurp)"
208.36.144.10 - - [12/Mar/2009:14:11:54 +0100] "GET /robots.txt HTTP/1.0" 200 64 "-" "Mozilla/5.0 (Twiceler-0.9 http://www.cuil.com/twiceler/robot.html)"
195.62.162.210 - - [12/Mar/2009:14:13:55 +0100] "GET / HTTP/1.0" 302 353 "http://www.google.it/search?hl=it&q=zampa+%3Bleone&btnG=Cerca+con+Google&meta=&aq=f&oq=" "Mozilla/4.0 (compatible; MSIE 6.0; Windows NT 5.1; SV1)"
195.62.162.210 - - [12/Mar/2009:14:13:55 +0100] "GET /zampa/ HTTP/1.0" 200 7153 "http://www.google.it/search?hl=it&q=zampa+%3Bleone&btnG=Cerca+con+Google&meta=&aq=f&oq=" "Mozilla/4.0 (compatible; MSIE 6.0; Windows NT 5.1; SV1)"
195.62.162.210 - - [12/Mar/2009:14:13:55 +0100] "GET /zampa/slike/zampa.gif HTTP/1.0" 200 5310 "http://www.various-euro.com/zampa/" "Mozilla/4.0 (compatible; MSIE 6.0; Windows NT 5.1; SV1)"
195.62.162.210 - - [12/Mar/2009:14:13:55 +0100] "GET /zampa/slike/inthearse.gif HTTP/1.0" 200 4077 "http://www.various-euro.com/zampa/" "Mozilla/4.0 (compatible; MSIE 6.0; Windows NT 5.1; SV1)"
195.62.162.210 - - [12/Mar/2009:14:13:55 +0100] "GET /zampa/slike/udupetu.gif HTTP/1.0" 200 4138 "http://www.various-euro.com/zampa/" "Mozilla/4.0 (compatible; MSIE 6.0; Windows NT 5.1; SV1)"
67.195.37.170 - - [12/Mar/2009:14:18:10 +0100] "GET /robots.txt HTTP/1.0" 200 64 "-" "Mozilla/5.0 (compatible; Yahoo! Slurp; http://help.yahoo.com/help/us/ysearch/slurp)"
67.195.37.170 - - [12/Mar/2009:14:18:10 +0100] "GET /f-search.html HTTP/1.0" 200 11800 "-" "Mozilla/5.0 (compatible; Yahoo! Slurp; http://help.yahoo.com/help/us/ysearch/slurp)"
67.195.37.98 - - [12/Mar/2009:14:33:46 +0100] "GET /robots.txt HTTP/1.0" 302 363 "-" "Mozilla/5.0 (compatible; Yahoo! Slurp; http://help.yahoo.com/help/us/ysearch/slurp)"
67.195.37.98 - - [12/Mar/2009:14:33:47 +0100] "GET /zampa/robots.txt HTTP/1.0" 404 2748 "-" "Mozilla/5.0 (compatible; Yahoo! Slurp; http://help.yahoo.com/help/us/ysearch/slurp)"
67.195.37.98 - - [12/Mar/2009:14:33:47 +0100] "GET / HTTP/1.0" 302 353 "-" "Mozilla/5.0 (compatible; Yahoo! Slurp/3.0; http://help.yahoo.com/help/us/ysearch/slurp)"
67.195.37.170 - - [12/Mar/2009:14:33:57 +0100] "GET /zampa/ HTTP/1.0" 200 7153 "-" "Mozilla/5.0 (compatible; Yahoo! Slurp/3.0; http://help.yahoo.com/help/us/ysearch/slurp)"
87.250.39.216 - - [12/Mar/2009:14:35:18 +0100] "GET /favicon.ico HTTP/1.1" 302 364 "-" "Mozilla/4.0 (compatible; GoogleToolbar 5.0.2124.6042; Windows XP 5.1; MSIE 7.0.5730.13)"
87.250.39.216 - - [12/Mar/2009:14:35:19 +0100] "GET /zampa/favicon.ico HTTP/1.1" 404 2748 "-" "Mozilla/4.0 (compatible; GoogleToolbar 5.0.2124.6042; Windows XP 5.1; MSIE 7.0.5730.13)"
87.250.39.216 - - [12/Mar/2009:14:35:19 +0100] "GET /favicon.gif HTTP/1.1" 302 364 "-" "Mozilla/4.0 (compatible; GoogleToolbar 5.0.2124.6042; Windows XP 5.1; MSIE 7.0.5730.13)"
87.250.39.216 - - [12/Mar/2009:14:35:19 +0100] "GET /zampa/favicon.gif HTTP/1.1" 404 2748 "-" "Mozilla/4.0 (compatible; GoogleToolbar 5.0.2124.6042; Windows XP 5.1; MSIE 7.0.5730.13)"
87.250.39.216 - - [12/Mar/2009:14:35:23 +0100] "GET /favicon.ico HTTP/1.1" 302 364 "-" "Mozilla/4.0 (compatible; GoogleToolbar 5.0.2124.6042; Windows XP 5.1; MSIE 7.0.5730.13)"
87.250.39.216 - - [12/Mar/2009:14:35:23 +0100] "GET /zampa/favicon.ico HTTP/1.1" 404 2748 "-" "Mozilla/4.0 (compatible; GoogleToolbar 5.0.2124.6042; Windows XP 5.1; MSIE 7.0.5730.13)"
87.250.39.216 - - [12/Mar/2009:14:35:23 +0100] "GET /favicon.gif HTTP/1.1" 302 364 "-" "Mozilla/4.0 (compatible; GoogleToolbar 5.0.2124.6042; Windows XP 5.1; MSIE 7.0.5730.13)"
87.250.39.216 - - [12/Mar/2009:14:35:23 +0100] "GET /zampa/favicon.gif HTTP/1.1" 404 2748 "-" "Mozilla/4.0 (compatible; GoogleToolbar 5.0.2124.6042; Windows XP 5.1; MSIE 7.0.5730.13)"
87.250.39.216 - - [12/Mar/2009:14:36:17 +0100] "GET /favicon.ico HTTP/1.1" 302 364 "-" "Mozilla/4.0 (compatible; GoogleToolbar 5.0.2124.6042; Windows XP 5.1; MSIE 7.0.5730.13)"
87.250.39.216 - - [12/Mar/2009:14:36:17 +0100] "GET /zampa/favicon.ico HTTP/1.1" 404 2748 "-" "Mozilla/4.0 (compatible; GoogleToolbar 5.0.2124.6042; Windows XP 5.1; MSIE 7.0.5730.13)"
87.250.39.216 - - [12/Mar/2009:14:36:17 +0100] "GET /favicon.gif HTTP/1.1" 302 364 "-" "Mozilla/4.0 (compatible; GoogleToolbar 5.0.2124.6042; Windows XP 5.1; MSIE 7.0.5730.13)"
87.250.39.216 - - [12/Mar/2009:14:36:18 +0100] "GET /zampa/favicon.gif HTTP/1.1" 404 2748 "-" "Mozilla/4.0 (compatible; GoogleToolbar 5.0.2124.6042; Windows XP 5.1; MSIE 7.0.5730.13)"
67.195.37.170 - - [12/Mar/2009:14:46:51 +0100] "GET /f-maintitle.html HTTP/1.0" 200 5030 "-" "Mozilla/5.0 (compatible; Yahoo! Slurp; http://help.yahoo.com/help/us/ysearch/slurp)"
65.55.108.144 - - [12/Mar/2009:15:16:01 +0100] "GET /robots.txt HTTP/1.1" 200 64 "-" "msnbot-media/1.1 (+http://search.msn.com/msnbot.htm)"
65.55.108.144 - - [12/Mar/2009:15:16:02 +0100] "GET /Rampe-DgH.jpg HTTP/1.1" 200 12044 "-" "msnbot-media/1.1 (+http://search.msn.com/msnbot.htm)"
65.55.108.144 - - [12/Mar/2009:15:16:02 +0100] "GET /f-euro.html HTTP/1.1" 200 12203 "-" "msnbot-media/1.1 (+http://search.msn.com/msnbot.htm)"
67.195.37.170 - - [12/Mar/2009:15:32:38 +0100] "GET /framez-rez.html HTTP/1.0" 200 4323 "-" "Mozilla/5.0 (compatible; Yahoo! Slurp/3.0; http://help.yahoo.com/help/us/ysearch/slurp)"
67.195.37.170 - - [12/Mar/2009:15:32:39 +0100] "GET /frame-menu.html HTTP/1.0" 200 10536 "http://www.various-euro.com/framez-rez.html" "Mozilla/5.0 (compatible; Yahoo! Slurp/3.0; http://help.yahoo.com/help/us/ysearch/slurp)"
67.195.37.170 - - [12/Mar/2009:15:32:39 +0100] "GET /f-rez.html HTTP/1.0" 200 9765 "http://www.various-euro.com/framez-rez.html" "Mozilla/5.0 (compatible; Yahoo! Slurp/3.0; http://help.yahoo.com/help/us/ysearch/slurp)"
67.195.37.170 - - [12/Mar/2009:15:32:39 +0100] "GET /frame-unten.html HTTP/1.0" 200 5308 "http://www.various-euro.com/framez-rez.html" "Mozilla/5.0 (compatible; Yahoo! Slurp/3.0; http://help.yahoo.com/help/us/ysearch/slurp)"
67.195.37.170 - - [12/Mar/2009:15:32:40 +0100] "GET /style/various-euro.css HTTP/1.0" 200 3437 "http://www.various-euro.com/frame-menu.html" "Mozilla/5.0 (compatible; Yahoo! Slurp/3.0; http://help.yahoo.com/help/us/ysearch/slurp)"
81.52.143.33 - - [12/Mar/2009:15:40:17 +0100] "GET /neon/girlz2.html HTTP/1.1" 200 2937 "-" "Mozilla/5.0 (Windows; U; Windows NT 5.1; fr; rv:1.8.1) VoilaBot BETA 1.2 (support.voilabot@orange-ftgroup.com)"
65.55.108.138 - - [12/Mar/2009:16:00:22 +0100] "GET /robots.txt HTTP/1.1" 200 64 "-" "msnbot-media/1.1 (+http://search.msn.com/msnbot.htm)"
65.55.108.138 - - [12/Mar/2009:16:00:23 +0100] "GET /bannerz/army_graphics_package/m4a1-n.gif HTTP/1.1" 200 9356 "-" "msnbot-media/1.1 (+http://search.msn.com/msnbot.htm)"
65.55.108.138 - - [12/Mar/2009:16:00:23 +0100] "GET /neon/code.html HTTP/1.1" 200 1109 "-" "msnbot-media/1.1 (+http://search.msn.com/msnbot.htm)"
67.195.37.170 - - [12/Mar/2009:16:10:52 +0100] "GET /your_tour.html HTTP/1.0" 200 7728 "-" "Mozilla/5.0 (compatible; Yahoo! Slurp; http://help.yahoo.com/help/us/ysearch/slurp)"
67.195.37.170 - - [12/Mar/2009:16:38:32 +0100] "GET /f-sponsor.html HTTP/1.0" 200 8578 "-" "Mozilla/5.0 (compatible; Yahoo! Slurp/3.0; http://help.yahoo.com/help/us/ysearch/slurp)"
67.195.37.170 - - [12/Mar/2009:16:39:18 +0100] "GET /f-actions.html HTTP/1.0" 200 10429 "-" "Mozilla/5.0 (compatible; Yahoo! Slurp; http://help.yahoo.com/help/us/ysearch/slurp)"
196.35.158.181 - - [12/Mar/2009:16:51:59 +0100] "GET /restate_copy.html HTTP/1.1" 200 97631 "http://xml.alexa.com/data?cli=10&dat=nsa&ver=quirk-searchstatus&uid=20090312055406&userip=Sebastianz/10.201.0.135&url=http%3A%2F%2Fwww%2Evarious%2Deuro%2Ecom" "Mozilla/4.0 (compatible; MSIE 6.0; Windows NT 5.0; .NET CLR 3.8.27; ZangoToolbar 8.9.18; SV1)"
196.35.158.181 - - [12/Mar/2009:16:52:06 +0100] "GET /robots.txt HTTP/1.1" 200 64 "-" "Mozilla/4.0 (compatible; MSIE 6.0; Windows NT 5.2; Crazy Browser 1.2.26; Zango 7.0.77; Alexa Toolbar; FDM)"
66.235.124.54 - - [12/Mar/2009:17:04:59 +0100] "GET /robots.txt HTTP/1.0" 200 64 "-" "Mozilla/5.0 (compatible; Ask Jeeves/Teoma; +http://about.ask.com/en/docs/about/webmasters.shtml)"
66.235.124.54 - - [12/Mar/2009:17:04:59 +0100] "GET /framez-zampa-lovers.html HTTP/1.0" 200 4322 "-" "Mozilla/5.0 (compatible; Ask Jeeves/Teoma; +http://about.ask.com/en/docs/about/webmasters.shtml)"
66.235.124.54 - - [12/Mar/2009:17:05:00 +0100] "GET /frame-menu.html HTTP/1.0" 200 10536 "-" "Mozilla/5.0 (compatible; Ask Jeeves/Teoma; +http://about.ask.com/en/docs/about/webmasters.shtml)"
66.235.124.54 - - [12/Mar/2009:17:05:00 +0100] "GET /zampa-lovers/index.html HTTP/1.0" 200 37790 "-" "Mozilla/5.0 (compatible; Ask Jeeves/Teoma; +http://about.ask.com/en/docs/about/webmasters.shtml)"
66.235.124.54 - - [12/Mar/2009:17:05:01 +0100] "GET /frame-unten.html HTTP/1.0" 200 5308 "-" "Mozilla/5.0 (compatible; Ask Jeeves/Teoma; +http://about.ask.com/en/docs/about/webmasters.shtml)"
66.249.71.249 - - [12/Mar/2009:17:16:06 +0100] "GET /3dsf3/sendi/body.html HTTP/1.1" 200 1322 "-" "Mozilla/5.0 (compatible; Googlebot/2.1; +http://www.google.com/bot.html)"
65.55.211.167 - - [12/Mar/2009:17:26:33 +0100] "GET /bmpp/euro_pal_1.html HTTP/1.1" 200 18252 "-" "msnbot/1.1 (+http://search.msn.com/msnbot.htm)"
65.55.109.40 - - [12/Mar/2009:17:27:24 +0100] "GET /bmpp/euro_pal_1.html HTTP/1.0" 200 18252 "-" "Mozilla/4.0 (compatible; MSIE 6.0; Windows NT 5.2; SV1; .NET CLR 1.1.4322)"
65.55.109.40 - - [12/Mar/2009:17:27:25 +0100] "GET /framez-pal1.html HTTP/1.0" 200 4326 "-" "Mozilla/4.0 (compatible; MSIE 6.0; Windows NT 5.2; SV1; .NET CLR 1.1.4322)"
65.55.109.40 - - [12/Mar/2009:17:27:25 +0100] "GET /frame-menu.html HTTP/1.0" 200 10536 "http://www.various-euro.com/framez-pal1.html" "Mozilla/4.0 (compatible; MSIE 6.0; Windows NT 5.2; SV1; .NET CLR 1.1.4322)"
65.55.109.40 - - [12/Mar/2009:17:27:25 +0100] "GET /bmpp/euro_pal_1.html HTTP/1.0" 200 18252 "http://www.various-euro.com/framez-pal1.html" "Mozilla/4.0 (compatible; MSIE 6.0; Windows NT 5.2; SV1; .NET CLR 1.1.4322)"
65.55.109.40 - - [12/Mar/2009:17:27:25 +0100] "GET /frame-unten.html HTTP/1.0" 200 5308 "http://www.various-euro.com/framez-pal1.html" "Mozilla/4.0 (compatible; MSIE 6.0; Windows NT 5.2; SV1; .NET CLR 1.1.4322)"
65.55.109.40 - - [12/Mar/2009:17:27:25 +0100] "GET /style/various-euro.css HTTP/1.0" 200 3437 "http://www.various-euro.com/frame-menu.html" "Mozilla/4.0 (compatible; MSIE 6.0; Windows NT 5.2; SV1; .NET CLR 1.1.4322)"
206.206.50.86 - - [12/Mar/2009:17:32:57 +0100] "GET / HTTP/1.1" 200 7869 "-" "Mozilla/5.0 (X11; U; Linux i686; en-US; rv:1.6) Gecko/20040225 Firefox/0.8"
67.195.37.170 - - [12/Mar/2009:17:44:28 +0100] "GET /f-sponsor.html HTTP/1.0" 200 8578 "-" "Mozilla/5.0 (compatible; Yahoo! Slurp; http://help.yahoo.com/help/us/ysearch/slurp)"
67.195.37.170 - - [12/Mar/2009:17:55:23 +0100] "GET /framez-rez.html HTTP/1.0" 200 4323 "-" "Mozilla/5.0 (compatible; Yahoo! Slurp/3.0; http://help.yahoo.com/help/us/ysearch/slurp)"
67.195.37.170 - - [12/Mar/2009:17:55:24 +0100] "GET /frame-menu.html HTTP/1.0" 200 10536 "http://www.various-euro.com/framez-rez.html" "Mozilla/5.0 (compatible; Yahoo! Slurp/3.0; http://help.yahoo.com/help/us/ysearch/slurp)"
67.195.37.170 - - [12/Mar/2009:17:55:24 +0100] "GET /f-rez.html HTTP/1.0" 200 9765 "http://www.various-euro.com/framez-rez.html" "Mozilla/5.0 (compatible; Yahoo! Slurp/3.0; http://help.yahoo.com/help/us/ysearch/slurp)"
67.195.37.170 - - [12/Mar/2009:17:55:24 +0100] "GET /frame-unten.html HTTP/1.0" 200 5308 "http://www.various-euro.com/framez-rez.html" "Mozilla/5.0 (compatible; Yahoo! Slurp/3.0; http://help.yahoo.com/help/us/ysearch/slurp)"
67.195.37.170 - - [12/Mar/2009:17:55:24 +0100] "GET /style/various-euro.css HTTP/1.0" 304 - "http://www.various-euro.com/frame-menu.html" "Mozilla/5.0 (compatible; Yahoo! Slurp/3.0; http://help.yahoo.com/help/us/ysearch/slurp)"
74.6.8.105 - - [12/Mar/2009:17:56:51 +0100] "GET /bmpp/18.html HTTP/1.0" 200 4467 "-" "Mozilla/5.0 (compatible; Yahoo! Slurp/3.0; http://help.yahoo.com/help/us/ysearch/slurp)"
207.46.92.17 - - [12/Mar/2009:18:13:34 +0100] "GET /3dsf3/sendi/slike/wewant.jpg HTTP/1.1" 200 7142 "-" "LWP::Simple/5.814"
67.195.37.170 - - [12/Mar/2009:18:20:08 +0100] "GET /f-world.html HTTP/1.0" 200 35590 "-" "Mozilla/5.0 (compatible; Yahoo! Slurp; http://help.yahoo.com/help/us/ysearch/slurp)"
