78.108.248.245 - - [17/Mar/2009:20:28:06 +0100] "GET /menueleiste.js HTTP/1.1" 404 2748 "http://www.various-euro.com/restate_copy.html" "Mozilla/5.0 (Windows; U; Windows NT 5.1; en-US; rv:1.9.0.7) Gecko/2009021910 Firefox/3.0.7"
78.108.248.245 - - [17/Mar/2009:20:28:06 +0100] "GET /restate_copy.html HTTP/1.1" 200 97631 "http://www.ask.com/web?q=evro+sex.com&qsrc=0&o=101764&l=dis" "Mozilla/5.0 (Windows; U; Windows NT 5.1; en-US; rv:1.9.0.7) Gecko/2009021910 Firefox/3.0.7"
78.108.248.245 - - [17/Mar/2009:20:28:08 +0100] "GET /framez-restate.html HTTP/1.1" 200 4328 "http://www.various-euro.com/restate_copy.html" "Mozilla/5.0 (Windows; U; Windows NT 5.1; en-US; rv:1.9.0.7) Gecko/2009021910 Firefox/3.0.7"
78.108.248.245 - - [17/Mar/2009:20:28:08 +0100] "GET /frame-menu.html HTTP/1.1" 200 10536 "http://www.various-euro.com/framez-restate.html" "Mozilla/5.0 (Windows; U; Windows NT 5.1; en-US; rv:1.9.0.7) Gecko/2009021910 Firefox/3.0.7"
78.108.248.245 - - [17/Mar/2009:20:28:08 +0100] "GET /frame-unten.html HTTP/1.1" 200 5308 "http://www.various-euro.com/framez-restate.html" "Mozilla/5.0 (Windows; U; Windows NT 5.1; en-US; rv:1.9.0.7) Gecko/2009021910 Firefox/3.0.7"
78.108.248.245 - - [17/Mar/2009:20:28:08 +0100] "GET /menueleiste.js HTTP/1.1" 404 2748 "http://www.various-euro.com/restate_copy.html" "Mozilla/5.0 (Windows; U; Windows NT 5.1; en-US; rv:1.9.0.7) Gecko/2009021910 Firefox/3.0.7"
78.108.248.245 - - [17/Mar/2009:20:28:08 +0100] "GET /restate_copy.html HTTP/1.1" 200 97631 "http://www.various-euro.com/framez-restate.html" "Mozilla/5.0 (Windows; U; Windows NT 5.1; en-US; rv:1.9.0.7) Gecko/2009021910 Firefox/3.0.7"
78.108.248.245 - - [17/Mar/2009:20:28:09 +0100] "GET /favicon.ico HTTP/1.1" 404 2748 "-" "Mozilla/5.0 (Windows; U; Windows NT 5.1; en-US; rv:1.9.0.7) Gecko/2009021910 Firefox/3.0.7"
208.80.195.38 - - [17/Mar/2009:20:42:00 +0100] "GET / HTTP/1.0" 200 7869 "-" "Mozilla/4.0 (compatible; MSIE 6.0; Windows NT 5.1; SV1; acc=; FunWebProducts; .NET CLR 1.1.4322; ZangoToolbar 4.8.2)"
208.80.195.38 - - [17/Mar/2009:20:42:00 +0100] "GET / HTTP/1.0" 200 7869 "-" "Mozilla/4.0 (compatible; MSIE 6.0; Windows NT 5.1; SV1; .NET CLR 1.1.4322; SpamBlockerUtility 4.8.0; yplus 5.6.02b)"
74.6.8.105 - - [17/Mar/2009:21:25:51 +0100] "GET /e-counter.html HTTP/1.0" 200 4047 "-" "Mozilla/5.0 (compatible; Yahoo! Slurp/3.0; http://help.yahoo.com/help/us/ysearch/slurp)"
208.96.54.72 - - [17/Mar/2009:21:42:45 +0100] "GET /robots.txt HTTP/1.1" 200 64 "-" "Mozilla/5.0 (compatible; discobot/1.0; +http://discoveryengine.com/discobot.html)"
208.115.111.243 - - [17/Mar/2009:21:59:53 +0100] "GET /robots.txt HTTP/1.1" 200 64 "-" "Mozilla/5.0 (compatible; DotBot/1.1; http://www.dotnetdotcom.org/, crawler@dotnetdotcom.org)"
203.231.35.38 - - [17/Mar/2009:22:01:53 +0100] "POST /_vti_bin/_vti_aut/author.dll HTTP/1.1" 404 2748 "-" "core-project/1.0"
74.6.8.105 - - [17/Mar/2009:22:06:51 +0100] "GET /frame-menu.html HTTP/1.0" 200 10536 "-" "Mozilla/5.0 (compatible; Yahoo! Slurp/3.0; http://help.yahoo.com/help/us/ysearch/slurp)"
74.6.8.105 - - [17/Mar/2009:22:06:51 +0100] "GET /style/various-euro.css HTTP/1.0" 304 - "http://www.various-euro.com/frame-menu.html" "Mozilla/5.0 (compatible; Yahoo! Slurp/3.0; http://help.yahoo.com/help/us/ysearch/slurp)"
208.96.54.72 - - [17/Mar/2009:22:08:40 +0100] "GET /robots.txt HTTP/1.1" 302 363 "-" "Mozilla/5.0 (compatible; discobot/1.0; +http://discoveryengine.com/discobot.html)"
67.195.37.109 - - [17/Mar/2009:22:46:26 +0100] "GET /robots.txt HTTP/1.0" 200 64 "-" "Mozilla/5.0 (compatible; Yahoo! Slurp; http://help.yahoo.com/help/us/ysearch/slurp)"
67.195.37.109 - - [17/Mar/2009:22:46:26 +0100] "GET / HTTP/1.0" 200 7869 "-" "Mozilla/5.0 (compatible; Yahoo! Slurp; http://help.yahoo.com/help/us/ysearch/slurp)"
65.55.220.217 - - [17/Mar/2009:22:57:48 +0100] "GET /robots.txt HTTP/1.1" 200 64 "-" "msnbot-media/1.1 (+http://search.msn.com/msnbot.htm)"
65.55.220.217 - - [17/Mar/2009:22:57:49 +0100] "GET /zampa/montenegro/slike/grosse/BATAg.jpg HTTP/1.1" 200 13940 "-" "msnbot-media/1.1 (+http://search.msn.com/msnbot.htm)"
65.55.220.217 - - [17/Mar/2009:22:57:50 +0100] "GET /zampa/montenegro/BATAW.html HTTP/1.1" 200 860 "-" "msnbot-media/1.1 (+http://search.msn.com/msnbot.htm)"
74.125.16.3 - - [17/Mar/2009:23:46:46 +0100] "GET / HTTP/1.1" 302 353 "-" "Mozilla/5.0 (Windows; U; Windows NT 5.1; en-US; rv:1.9.0.7) Gecko/2009021910 Firefox/3.0.7,gzip(gfe) (via translate.google.com)"
74.125.16.3 - - [17/Mar/2009:23:46:47 +0100] "GET /zampa/ HTTP/1.1" 200 7153 "-" "Mozilla/5.0 (Windows; U; Windows NT 5.1; en-US; rv:1.9.0.7) Gecko/2009021910 Firefox/3.0.7,gzip(gfe) (via translate.google.com)"
62.117.51.208 - - [17/Mar/2009:23:46:49 +0100] "GET /zampa/slike/inthearse.gif HTTP/1.1" 200 4077 "http://209.85.229.132/translate_c?hl=ar&langpair=en%7Car&u=http://www.various-euro.com/zampa/&prev=/translate_s%3Fhl%3Dar%26q%3Dzampa%26tq%3DZampa%26sl%3Dar%26tl%3Den&usg=ALkJrhjx-cJQ_8as80OO3E_jfbuDtQ_6PA" "Mozilla/5.0 (Windows; U; Windows NT 5.1; en-US; rv:1.9.0.7) Gecko/2009021910 Firefox/3.0.7"
62.117.51.208 - - [17/Mar/2009:23:46:49 +0100] "GET /zampa/slike/zampa.gif HTTP/1.1" 200 5310 "http://209.85.229.132/translate_c?hl=ar&langpair=en%7Car&u=http://www.various-euro.com/zampa/&prev=/translate_s%3Fhl%3Dar%26q%3Dzampa%26tq%3DZampa%26sl%3Dar%26tl%3Den&usg=ALkJrhjx-cJQ_8as80OO3E_jfbuDtQ_6PA" "Mozilla/5.0 (Windows; U; Windows NT 5.1; en-US; rv:1.9.0.7) Gecko/2009021910 Firefox/3.0.7"
62.117.51.208 - - [17/Mar/2009:23:46:49 +0100] "GET /zampa/slike/udupetu.gif HTTP/1.1" 200 4138 "http://209.85.229.132/translate_c?hl=ar&langpair=en%7Car&u=http://www.various-euro.com/zampa/&prev=/translate_s%3Fhl%3Dar%26q%3Dzampa%26tq%3DZampa%26sl%3Dar%26tl%3Den&usg=ALkJrhjx-cJQ_8as80OO3E_jfbuDtQ_6PA" "Mozilla/5.0 (Windows; U; Windows NT 5.1; en-US; rv:1.9.0.7) Gecko/2009021910 Firefox/3.0.7"
65.55.108.68 - - [17/Mar/2009:23:47:29 +0100] "GET /robots.txt HTTP/1.1" 200 64 "-" "msnbot-media/1.1 (+http://search.msn.com/msnbot.htm)"
65.55.108.68 - - [17/Mar/2009:23:47:29 +0100] "GET /3dsf3/sendi/seks_sendi.mpg HTTP/1.1" 404 2748 "-" "msnbot-media/1.1 (+http://search.msn.com/msnbot.htm)"
74.6.8.105 - - [17/Mar/2009:23:56:43 +0100] "GET /net.html HTTP/1.0" 404 2748 "-" "Mozilla/5.0 (compatible; Yahoo! Slurp/3.0; http://help.yahoo.com/help/us/ysearch/slurp)"
121.95.214.7 - - [18/Mar/2009:00:00:58 +0100] "GET /framez-rez.html HTTP/1.1" 200 4323 "-" "-"
75.101.250.66 - - [18/Mar/2009:00:12:41 +0100] "GET /robots.txt HTTP/1.0" 200 64 "-" "SimilarPages/Nutch-1.0-dev (SimilarPages Nutch Crawler; http://www.similarpages.com; info at similarpages dot com)"
75.101.250.66 - - [18/Mar/2009:00:12:42 +0100] "GET /DgH/bull/index.html HTTP/1.0" 200 1915 "-" "SimilarPages/Nutch-1.0-dev (SimilarPages Nutch Crawler; http://www.similarpages.com; info at similarpages dot com)"
75.101.250.66 - - [18/Mar/2009:00:12:47 +0100] "GET /logs/usage_200711.html HTTP/1.0" 200 109628 "-" "SimilarPages/Nutch-1.0-dev (SimilarPages Nutch Crawler; http://www.similarpages.com; info at similarpages dot com)"
75.101.250.66 - - [18/Mar/2009:00:12:53 +0100] "GET /logs/usage_200706.html HTTP/1.0" 200 107008 "-" "SimilarPages/Nutch-1.0-dev (SimilarPages Nutch Crawler; http://www.similarpages.com; info at similarpages dot com)"
75.101.250.66 - - [18/Mar/2009:00:13:00 +0100] "GET /DgH/rampe/index.html HTTP/1.0" 200 2056 "-" "SimilarPages/Nutch-1.0-dev (SimilarPages Nutch Crawler; http://www.similarpages.com; info at similarpages dot com)"
75.101.250.66 - - [18/Mar/2009:00:15:59 +0100] "GET /neon/slow-walk.html HTTP/1.0" 200 1640 "-" "SimilarPages/Nutch-1.0-dev (SimilarPages Nutch Crawler; http://www.similarpages.com; info at similarpages dot com)"
75.101.250.66 - - [18/Mar/2009:00:16:43 +0100] "GET /logs/usage_200702.html HTTP/1.0" 200 107861 "-" "SimilarPages/Nutch-1.0-dev (SimilarPages Nutch Crawler; http://www.similarpages.com; info at similarpages dot com)"
75.101.250.66 - - [18/Mar/2009:00:18:01 +0100] "GET /DgH/orginal/index.html HTTP/1.0" 200 1727 "-" "SimilarPages/Nutch-1.0-dev (SimilarPages Nutch Crawler; http://www.similarpages.com; info at similarpages dot com)"
75.101.250.66 - - [18/Mar/2009:00:20:28 +0100] "GET /framez-e-count.html HTTP/1.0" 200 4321 "-" "SimilarPages/Nutch-1.0-dev (SimilarPages Nutch Crawler; http://www.similarpages.com; info at similarpages dot com)"
75.101.250.66 - - [18/Mar/2009:00:20:39 +0100] "GET /logs/usage_200709.html HTTP/1.0" 200 110974 "-" "SimilarPages/Nutch-1.0-dev (SimilarPages Nutch Crawler; http://www.similarpages.com; info at similarpages dot com)"
174.129.81.160 - - [18/Mar/2009:00:21:20 +0100] "GET /robots.txt HTTP/1.0" 200 64 "-" "SimilarPages/Nutch-1.0-dev (SimilarPages Nutch Crawler; http://www.similarpages.com; info at similarpages dot com)"
174.129.81.160 - - [18/Mar/2009:00:21:20 +0100] "GET /frame-menu.html HTTP/1.0" 200 10536 "-" "SimilarPages/Nutch-1.0-dev (SimilarPages Nutch Crawler; http://www.similarpages.com; info at similarpages dot com)"
75.101.250.66 - - [18/Mar/2009:00:24:56 +0100] "GET /logs/usage_200710.html HTTP/1.0" 200 110952 "-" "SimilarPages/Nutch-1.0-dev (SimilarPages Nutch Crawler; http://www.similarpages.com; info at similarpages dot com)"
75.101.250.66 - - [18/Mar/2009:00:25:54 +0100] "GET /logs/usage_200705.html HTTP/1.0" 200 109447 "-" "SimilarPages/Nutch-1.0-dev (SimilarPages Nutch Crawler; http://www.similarpages.com; info at similarpages dot com)"
75.101.250.66 - - [18/Mar/2009:00:26:50 +0100] "GET /3dsf3/sendi/receiver.html HTTP/1.0" 200 1402 "-" "SimilarPages/Nutch-1.0-dev (SimilarPages Nutch Crawler; http://www.similarpages.com; info at similarpages dot com)"
75.101.250.66 - - [18/Mar/2009:00:30:52 +0100] "GET /logs/usage_200701.html HTTP/1.0" 200 109268 "-" "SimilarPages/Nutch-1.0-dev (SimilarPages Nutch Crawler; http://www.similarpages.com; info at similarpages dot com)"
75.101.250.66 - - [18/Mar/2009:00:34:11 +0100] "GET /logs/usage_200708.html HTTP/1.0" 200 111167 "-" "SimilarPages/Nutch-1.0-dev (SimilarPages Nutch Crawler; http://www.similarpages.com; info at similarpages dot com)"
75.101.250.66 - - [18/Mar/2009:00:38:53 +0100] "GET /DgH/watch/index.html HTTP/1.0" 200 2028 "-" "SimilarPages/Nutch-1.0-dev (SimilarPages Nutch Crawler; http://www.similarpages.com; info at similarpages dot com)"
75.101.250.66 - - [18/Mar/2009:00:39:12 +0100] "GET /logs/usage_200704.html HTTP/1.0" 200 108835 "-" "SimilarPages/Nutch-1.0-dev (SimilarPages Nutch Crawler; http://www.similarpages.com; info at similarpages dot com)"
66.249.71.249 - - [18/Mar/2009:00:39:41 +0100] "GET /neon/girl-tv.html HTTP/1.1" 200 1717 "-" "Mozilla/5.0 (compatible; Googlebot/2.1; +http://www.google.com/bot.html)"
75.101.250.66 - - [18/Mar/2009:00:40:27 +0100] "GET /neon/girl-tv.html HTTP/1.0" 200 1717 "-" "SimilarPages/Nutch-1.0-dev (SimilarPages Nutch Crawler; http://www.similarpages.com; info at similarpages dot com)"
75.101.250.66 - - [18/Mar/2009:00:41:20 +0100] "GET /neon/slow-walk2.html HTTP/1.0" 200 1777 "-" "SimilarPages/Nutch-1.0-dev (SimilarPages Nutch Crawler; http://www.similarpages.com; info at similarpages dot com)"
75.101.250.66 - - [18/Mar/2009:00:41:28 +0100] "GET /neon/left-one-new.html HTTP/1.0" 200 1483 "-" "SimilarPages/Nutch-1.0-dev (SimilarPages Nutch Crawler; http://www.similarpages.com; info at similarpages dot com)"
75.101.250.66 - - [18/Mar/2009:00:42:12 +0100] "GET /neon/biggtani.html HTTP/1.0" 200 1698 "-" "SimilarPages/Nutch-1.0-dev (SimilarPages Nutch Crawler; http://www.similarpages.com; info at similarpages dot com)"
174.129.81.160 - - [18/Mar/2009:00:44:47 +0100] "GET /frame-unten.html HTTP/1.0" 200 5308 "-" "SimilarPages/Nutch-1.0-dev (SimilarPages Nutch Crawler; http://www.similarpages.com; info at similarpages dot com)"
75.101.250.66 - - [18/Mar/2009:00:46:34 +0100] "GET /logs/usage_200712.html HTTP/1.0" 200 92577 "-" "SimilarPages/Nutch-1.0-dev (SimilarPages Nutch Crawler; http://www.similarpages.com; info at similarpages dot com)"
75.101.250.66 - - [18/Mar/2009:00:47:30 +0100] "GET /logs/usage_200707.html HTTP/1.0" 200 110942 "-" "SimilarPages/Nutch-1.0-dev (SimilarPages Nutch Crawler; http://www.similarpages.com; info at similarpages dot com)"
174.129.81.160 - - [18/Mar/2009:00:47:59 +0100] "GET /frame-inhalt.html HTTP/1.0" 200 5418 "-" "SimilarPages/Nutch-1.0-dev (SimilarPages Nutch Crawler; http://www.similarpages.com; info at similarpages dot com)"
208.115.111.243 - - [18/Mar/2009:00:48:32 +0100] "GET /robots.txt HTTP/1.1" 200 64 "-" "Mozilla/5.0 (compatible; DotBot/1.1; http://www.dotnetdotcom.org/, crawler@dotnetdotcom.org)"
75.101.250.66 - - [18/Mar/2009:00:52:19 +0100] "GET /logs/usage_200703.html HTTP/1.0" 200 108444 "-" "SimilarPages/Nutch-1.0-dev (SimilarPages Nutch Crawler; http://www.similarpages.com; info at similarpages dot com)"
88.131.106.12 - - [18/Mar/2009:00:55:11 +0100] "GET /robots.txt HTTP/1.0" 200 64 "-" "Speedy Spider (http://www.entireweb.com/about/search_tech/speedy_spider/)"
88.131.106.12 - - [18/Mar/2009:00:55:11 +0100] "GET /framez.html HTTP/1.0" 200 3959 "-" "Speedy Spider (http://www.entireweb.com/about/search_tech/speedy_spider/)"
74.86.223.42 - - [18/Mar/2009:00:55:25 +0100] "GET / HTTP/1.1" 206 7869 "http://www.followsite.com/bot.html" "FollowSite Bot ( http://www.followsite.com/bot.html )"
208.115.111.243 - - [18/Mar/2009:01:00:19 +0100] "GET / HTTP/1.1" 200 7869 "-" "Mozilla/5.0 (compatible; DotBot/1.1; http://www.dotnetdotcom.org/, crawler@dotnetdotcom.org)"
208.115.111.243 - - [18/Mar/2009:01:00:23 +0100] "GET /DgH/ HTTP/1.1" 200 5024 "-" "Mozilla/5.0 (compatible; DotBot/1.1; http://www.dotnetdotcom.org/, crawler@dotnetdotcom.org)"
208.115.111.243 - - [18/Mar/2009:01:00:29 +0100] "GET /DgH/bull/index.html HTTP/1.1" 200 1915 "-" "Mozilla/5.0 (compatible; DotBot/1.1; http://www.dotnetdotcom.org/, crawler@dotnetdotcom.org)"
208.115.111.243 - - [18/Mar/2009:01:00:34 +0100] "GET /DgH/orginal/index.html HTTP/1.1" 200 1727 "-" "Mozilla/5.0 (compatible; DotBot/1.1; http://www.dotnetdotcom.org/, crawler@dotnetdotcom.org)"
66.249.71.249 - - [18/Mar/2009:01:02:06 +0100] "GET /restate_copy.html HTTP/1.1" 200 97631 "-" "Mozilla/5.0 (compatible; Googlebot/2.1; +http://www.google.com/bot.html)"
66.249.71.249 - - [18/Mar/2009:01:05:24 +0100] "GET /bmpp/flyer_cut3TT.html HTTP/1.1" 200 20277 "-" "Mozilla/5.0 (compatible; Googlebot/2.1; +http://www.google.com/bot.html)"
66.249.71.249 - - [18/Mar/2009:01:27:52 +0100] "GET /bmpp/18_x.html HTTP/1.1" 200 1100 "-" "Mozilla/5.0 (compatible; Googlebot/2.1; +http://www.google.com/bot.html)"
74.6.8.105 - - [18/Mar/2009:01:51:08 +0100] "GET /robots.txt HTTP/1.0" 200 64 "-" "Mozilla/5.0 (compatible; Yahoo! Slurp; http://help.yahoo.com/help/us/ysearch/slurp)"
74.6.8.105 - - [18/Mar/2009:01:51:09 +0100] "GET /DgH/bull/ HTTP/1.0" 200 1915 "-" "Mozilla/5.0 (compatible; Yahoo! Slurp/3.0; http://help.yahoo.com/help/us/ysearch/slurp)"
74.6.8.105 - - [18/Mar/2009:01:56:55 +0100] "GET /logs/usage_200607.html HTTP/1.0" 200 109660 "-" "Mozilla/5.0 (compatible; Yahoo! Slurp/3.0; http://help.yahoo.com/help/us/ysearch/slurp)"
66.249.71.249 - - [18/Mar/2009:02:09:40 +0100] "GET /framez-schubb4.html HTTP/1.1" 200 4318 "-" "Mozilla/5.0 (compatible; Googlebot/2.1; +http://www.google.com/bot.html)"
207.46.92.17 - - [18/Mar/2009:02:10:34 +0100] "GET /zampa/slike/S4IRWIN.GIF HTTP/1.1" 200 54718 "-" "LWP::Simple/5.812"
67.195.37.120 - - [18/Mar/2009:02:17:01 +0100] "GET /robots.txt HTTP/1.0" 200 64 "-" "Mozilla/5.0 (compatible; Yahoo! Slurp; http://help.yahoo.com/help/us/ysearch/slurp)"
67.195.37.120 - - [18/Mar/2009:02:17:02 +0100] "GET /euro.html HTTP/1.0" 404 2748 "-" "Mozilla/5.0 (compatible; Yahoo! Slurp/3.0; http://help.yahoo.com/help/us/ysearch/slurp)"
66.249.71.249 - - [18/Mar/2009:02:31:06 +0100] "GET /framez_0.html HTTP/1.1" 200 12444 "-" "Mozilla/5.0 (compatible; Googlebot/2.1; +http://www.google.com/bot.html)"
74.6.8.105 - - [18/Mar/2009:02:31:41 +0100] "GET /f-actions.html HTTP/1.0" 200 10429 "-" "Mozilla/5.0 (compatible; Yahoo! Slurp/3.0; http://help.yahoo.com/help/us/ysearch/slurp)"
72.83.193.160 - - [18/Mar/2009:02:37:56 +0100] "GET / HTTP/1.1" 200 7869 "http://www.randomwebsite.com/" "Mozilla/4.0 (compatible; MSIE 7.0; Windows NT 6.0; SLCC1; .NET CLR 2.0.50727; Media Center PC 5.0; .NET CLR 3.0.04506)"
72.83.193.160 - - [18/Mar/2009:02:37:57 +0100] "GET /style/various-euro.css HTTP/1.1" 200 3437 "http://www.various-euro.com/" "Mozilla/4.0 (compatible; MSIE 7.0; Windows NT 6.0; SLCC1; .NET CLR 2.0.50727; Media Center PC 5.0; .NET CLR 3.0.04506)"
72.83.193.160 - - [18/Mar/2009:02:37:57 +0100] "GET /framez_0.html HTTP/1.1" 200 12444 "-" "Mozilla/4.0 (compatible; MSIE 7.0; Windows NT 6.0; SLCC1; .NET CLR 2.0.50727; Media Center PC 5.0; .NET CLR 3.0.04506)"
72.83.193.160 - - [18/Mar/2009:02:38:10 +0100] "GET /ve-icon-2.ico HTTP/1.1" 200 2238 "-" "Mozilla/4.0 (compatible; MSIE 7.0; Windows NT 6.0; SLCC1; .NET CLR 2.0.50727; Media Center PC 5.0; .NET CLR 3.0.04506)"
72.83.193.160 - - [18/Mar/2009:02:38:14 +0100] "GET /framez.html HTTP/1.1" 200 3959 "-" "Mozilla/4.0 (compatible; MSIE 7.0; Windows NT 6.0; SLCC1; .NET CLR 2.0.50727; Media Center PC 5.0; .NET CLR 3.0.04506)"
72.83.193.160 - - [18/Mar/2009:02:38:18 +0100] "GET /frame-menu.html HTTP/1.1" 200 10536 "http://www.various-euro.com/framez.html" "Mozilla/4.0 (compatible; MSIE 7.0; Windows NT 6.0; SLCC1; .NET CLR 2.0.50727; Media Center PC 5.0; .NET CLR 3.0.04506)"
72.83.193.160 - - [18/Mar/2009:02:38:18 +0100] "GET /frame-inhalt.html HTTP/1.1" 200 5418 "http://www.various-euro.com/framez.html" "Mozilla/4.0 (compatible; MSIE 7.0; Windows NT 6.0; SLCC1; .NET CLR 2.0.50727; Media Center PC 5.0; .NET CLR 3.0.04506)"
72.83.193.160 - - [18/Mar/2009:02:38:18 +0100] "GET /frame-unten.html HTTP/1.1" 200 5308 "http://www.various-euro.com/framez.html" "Mozilla/4.0 (compatible; MSIE 7.0; Windows NT 6.0; SLCC1; .NET CLR 2.0.50727; Media Center PC 5.0; .NET CLR 3.0.04506)"
72.83.193.160 - - [18/Mar/2009:02:38:18 +0100] "GET /eurosign3.gif HTTP/1.1" 200 7879 "http://www.various-euro.com/frame-inhalt.html" "Mozilla/4.0 (compatible; MSIE 7.0; Windows NT 6.0; SLCC1; .NET CLR 2.0.50727; Media Center PC 5.0; .NET CLR 3.0.04506)"
72.83.193.160 - - [18/Mar/2009:02:38:18 +0100] "GET /bannerz/neon_click_3.gif HTTP/1.1" 200 240 "http://www.various-euro.com/frame-inhalt.html" "Mozilla/4.0 (compatible; MSIE 7.0; Windows NT 6.0; SLCC1; .NET CLR 2.0.50727; Media Center PC 5.0; .NET CLR 3.0.04506)"
72.83.193.160 - - [18/Mar/2009:02:38:18 +0100] "GET /bannerz/neon_click_2.gif HTTP/1.1" 200 387 "http://www.various-euro.com/frame-inhalt.html" "Mozilla/4.0 (compatible; MSIE 7.0; Windows NT 6.0; SLCC1; .NET CLR 2.0.50727; Media Center PC 5.0; .NET CLR 3.0.04506)"
72.83.193.160 - - [18/Mar/2009:02:38:19 +0100] "GET /bannerz/neon_click_1.gif HTTP/1.1" 200 890 "http://www.various-euro.com/frame-inhalt.html" "Mozilla/4.0 (compatible; MSIE 7.0; Windows NT 6.0; SLCC1; .NET CLR 2.0.50727; Media Center PC 5.0; .NET CLR 3.0.04506)"
72.83.193.160 - - [18/Mar/2009:02:38:19 +0100] "GET /bannerz/douwil.gif HTTP/1.1" 200 528 "http://www.various-euro.com/frame-inhalt.html" "Mozilla/4.0 (compatible; MSIE 7.0; Windows NT 6.0; SLCC1; .NET CLR 2.0.50727; Media Center PC 5.0; .NET CLR 3.0.04506)"
72.83.193.160 - - [18/Mar/2009:02:38:19 +0100] "GET /bannerz/google/Logo_40blk.gif HTTP/1.1" 200 2308 "http://www.various-euro.com/frame-inhalt.html" "Mozilla/4.0 (compatible; MSIE 7.0; Windows NT 6.0; SLCC1; .NET CLR 2.0.50727; Media Center PC 5.0; .NET CLR 3.0.04506)"
72.83.193.160 - - [18/Mar/2009:02:38:19 +0100] "GET /bannerz/anti_black_small.gif HTTP/1.1" 200 1009 "http://www.various-euro.com/frame-inhalt.html" "Mozilla/4.0 (compatible; MSIE 7.0; Windows NT 6.0; SLCC1; .NET CLR 2.0.50727; Media Center PC 5.0; .NET CLR 3.0.04506)"
72.83.193.160 - - [18/Mar/2009:02:38:19 +0100] "GET /bannerz/copyleft_black_small.gif HTTP/1.1" 200 1231 "http://www.various-euro.com/frame-inhalt.html" "Mozilla/4.0 (compatible; MSIE 7.0; Windows NT 6.0; SLCC1; .NET CLR 2.0.50727; Media Center PC 5.0; .NET CLR 3.0.04506)"
72.83.193.160 - - [18/Mar/2009:02:38:19 +0100] "GET /bannerz/goolag_468.jpg HTTP/1.1" 200 28285 "http://www.various-euro.com/frame-inhalt.html" "Mozilla/4.0 (compatible; MSIE 7.0; Windows NT 6.0; SLCC1; .NET CLR 2.0.50727; Media Center PC 5.0; .NET CLR 3.0.04506)"
72.83.193.160 - - [18/Mar/2009:02:38:18 +0100] "GET /bannerz/wet.gif HTTP/1.1" 200 18561 "http://www.various-euro.com/frame-inhalt.html" "Mozilla/4.0 (compatible; MSIE 7.0; Windows NT 6.0; SLCC1; .NET CLR 2.0.50727; Media Center PC 5.0; .NET CLR 3.0.04506)"
72.83.193.160 - - [18/Mar/2009:02:38:19 +0100] "GET /bannerz/ve.jpg HTTP/1.1" 200 36912 "http://www.various-euro.com/frame-unten.html" "Mozilla/4.0 (compatible; MSIE 7.0; Windows NT 6.0; SLCC1; .NET CLR 2.0.50727; Media Center PC 5.0; .NET CLR 3.0.04506)"
72.83.193.160 - - [18/Mar/2009:02:38:19 +0100] "GET /bannerz/various-euro-girl.jpg HTTP/1.1" 200 91514 "http://www.various-euro.com/frame-unten.html" "Mozilla/4.0 (compatible; MSIE 7.0; Windows NT 6.0; SLCC1; .NET CLR 2.0.50727; Media Center PC 5.0; .NET CLR 3.0.04506)"
72.83.193.160 - - [18/Mar/2009:02:38:33 +0100] "GET /favicon.ico HTTP/1.1" 404 2748 "-" "Mozilla/4.0 (compatible; MSIE 7.0; Windows NT 6.0; SLCC1; .NET CLR 2.0.50727; Media Center PC 5.0; .NET CLR 3.0.04506)"
74.6.8.105 - - [18/Mar/2009:02:43:07 +0100] "GET /zampa/wonderland/index.html HTTP/1.0" 200 2084 "-" "Mozilla/5.0 (compatible; Yahoo! Slurp/3.0; http://help.yahoo.com/help/us/ysearch/slurp)"
74.6.8.105 - - [18/Mar/2009:02:48:33 +0100] "GET /robots.txt HTTP/1.0" 200 64 "-" "Mozilla/5.0 (compatible; Yahoo! Slurp/3.0; http://help.yahoo.com/help/us/ysearch/slurp)"
66.249.71.249 - - [18/Mar/2009:02:56:50 +0100] "GET / HTTP/1.1" 200 7869 "-" "Mozilla/5.0 (compatible; Googlebot/2.1; +http://www.google.com/bot.html)"
81.52.143.37 - - [18/Mar/2009:03:04:49 +0100] "GET /neon/left-one-new.html HTTP/1.1" 200 1483 "-" "Mozilla/5.0 (Windows; U; Windows NT 5.1; fr; rv:1.8.1) VoilaBot BETA 1.2 (support.voilabot@orange-ftgroup.com)"
74.6.8.105 - - [18/Mar/2009:03:08:26 +0100] "GET /neon/left-one-new.html HTTP/1.0" 200 1483 "-" "Mozilla/5.0 (compatible; Yahoo! Slurp/3.0; http://help.yahoo.com/help/us/ysearch/slurp)"
208.115.111.243 - - [18/Mar/2009:03:34:19 +0100] "GET /robots.txt HTTP/1.1" 302 363 "-" "Mozilla/5.0 (compatible; DotBot/1.1; http://www.dotnetdotcom.org/, crawler@dotnetdotcom.org)"
208.115.111.243 - - [18/Mar/2009:03:34:18 +0100] "GET /robots.txt HTTP/1.1" 200 64 "-" "Mozilla/5.0 (compatible; DotBot/1.1; http://www.dotnetdotcom.org/, crawler@dotnetdotcom.org)"
208.115.111.243 - - [18/Mar/2009:03:34:19 +0100] "GET /robots.txt HTTP/1.1" 200 64 "-" "Mozilla/5.0 (compatible; DotBot/1.1; http://www.dotnetdotcom.org/, crawler@dotnetdotcom.org)"
208.115.111.243 - - [18/Mar/2009:03:34:19 +0100] "GET /zampa/robots.txt HTTP/1.1" 404 2748 "-" "Mozilla/5.0 (compatible; DotBot/1.1; http://www.dotnetdotcom.org/, crawler@dotnetdotcom.org)"
66.249.71.249 - - [18/Mar/2009:03:40:05 +0100] "GET /neon/code.html HTTP/1.1" 200 1109 "-" "Mozilla/5.0 (compatible; Googlebot/2.1; +http://www.google.com/bot.html)"
66.249.71.249 - - [18/Mar/2009:03:44:23 +0100] "GET /f-zeug.html HTTP/1.1" 200 48203 "-" "Mozilla/5.0 (compatible; Googlebot/2.1; +http://www.google.com/bot.html)"
208.115.111.243 - - [18/Mar/2009:03:46:28 +0100] "GET /DgH/rampe/index.html HTTP/1.1" 200 2056 "-" "Mozilla/5.0 (compatible; DotBot/1.1; http://www.dotnetdotcom.org/, crawler@dotnetdotcom.org)"
208.115.111.243 - - [18/Mar/2009:03:46:34 +0100] "GET /DgH/watch/index.html HTTP/1.1" 200 2028 "-" "Mozilla/5.0 (compatible; DotBot/1.1; http://www.dotnetdotcom.org/, crawler@dotnetdotcom.org)"
208.115.111.243 - - [18/Mar/2009:03:46:39 +0100] "GET /framez-rez.html HTTP/1.1" 200 4323 "-" "Mozilla/5.0 (compatible; DotBot/1.1; http://www.dotnetdotcom.org/, crawler@dotnetdotcom.org)"
208.115.111.243 - - [18/Mar/2009:03:46:43 +0100] "GET /framez-zampa-lovers.html HTTP/1.1" 200 4322 "-" "Mozilla/5.0 (compatible; DotBot/1.1; http://www.dotnetdotcom.org/, crawler@dotnetdotcom.org)"
208.115.111.243 - - [18/Mar/2009:03:47:08 +0100] "GET /framez.html HTTP/1.1" 200 3959 "-" "Mozilla/5.0 (compatible; DotBot/1.1; http://www.dotnetdotcom.org/, crawler@dotnetdotcom.org)"
208.115.111.243 - - [18/Mar/2009:03:47:12 +0100] "GET /zampa/ HTTP/1.1" 200 7153 "-" "Mozilla/5.0 (compatible; DotBot/1.1; http://www.dotnetdotcom.org/, crawler@dotnetdotcom.org)"
208.115.111.243 - - [18/Mar/2009:03:47:17 +0100] "GET /zampa/lybia/index.html HTTP/1.1" 200 3036 "-" "Mozilla/5.0 (compatible; DotBot/1.1; http://www.dotnetdotcom.org/, crawler@dotnetdotcom.org)"
208.115.111.243 - - [18/Mar/2009:03:47:21 +0100] "GET /zampa/montenegro/BATAW.html HTTP/1.1" 200 860 "-" "Mozilla/5.0 (compatible; DotBot/1.1; http://www.dotnetdotcom.org/, crawler@dotnetdotcom.org)"
208.115.111.243 - - [18/Mar/2009:03:47:28 +0100] "GET /zampa/montenegro/MILOW.html HTTP/1.1" 200 860 "-" "Mozilla/5.0 (compatible; DotBot/1.1; http://www.dotnetdotcom.org/, crawler@dotnetdotcom.org)"
208.115.111.243 - - [18/Mar/2009:03:47:33 +0100] "GET /zampa/montenegro/SEKAW.html HTTP/1.1" 200 860 "-" "Mozilla/5.0 (compatible; DotBot/1.1; http://www.dotnetdotcom.org/, crawler@dotnetdotcom.org)"
65.55.211.167 - - [18/Mar/2009:04:11:02 +0100] "GET /robots.txt HTTP/1.1" 200 64 "-" "msnbot/1.1 (+http://search.msn.com/msnbot.htm)"
65.55.211.167 - - [18/Mar/2009:04:11:02 +0100] "GET /bmpp/18asi_2.html HTTP/1.1" 200 8674 "-" "msnbot/1.1 (+http://search.msn.com/msnbot.htm)"
74.86.223.42 - - [18/Mar/2009:04:19:55 +0100] "GET / HTTP/1.1" 206 7869 "http://www.followsite.com/bot.html" "FollowSite Bot ( http://www.followsite.com/bot.html )"
66.235.124.61 - - [18/Mar/2009:04:27:19 +0100] "GET /robots.txt HTTP/1.1" 200 64 "-" "Mozilla/5.0 (compatible; Ask Jeeves/Teoma; +http://about.ask.com/en/docs/about/webmasters.shtml)"
66.235.124.61 - - [18/Mar/2009:04:27:35 +0100] "GET /framez_0.html HTTP/1.1" 200 12444 "-" "Mozilla/5.0 (compatible; Ask Jeeves/Teoma; +http://about.ask.com/en/docs/about/webmasters.shtml)"
67.202.40.128 - - [18/Mar/2009:04:28:58 +0100] "GET / HTTP/1.0" 200 7869 "http://www.companymovers.com/" "Mozilla/4.0 (compatible; MSIE 6.0; Windows NT 5.1)"
74.6.8.105 - - [18/Mar/2009:04:48:16 +0100] "GET /neon/warning2.html HTTP/1.0" 200 997 "-" "Mozilla/5.0 (compatible; Yahoo! Slurp/3.0; http://help.yahoo.com/help/us/ysearch/slurp)"
219.234.81.33 - - [18/Mar/2009:05:09:19 +0100] "GET /robots.txt HTTP/1.1" 200 64 "-" "-"
219.234.81.33 - - [18/Mar/2009:05:09:20 +0100] "GET / HTTP/1.1" 200 7869 "-" "Mozilla/4.0 (compatible; MSIE 6.0; Windows NT 5.1; SV1; Avant Browser; InfoPath.1; .NET CLR 2.0.50727; .NET CLR1.1.4322)"
193.252.149.13 - - [18/Mar/2009:05:14:34 +0100] "GET /neon/girlz3.html HTTP/1.1" 200 2479 "-" "Mozilla/5.0 (Windows; U; Windows NT 5.1; fr; rv:1.8.1) VoilaBot BETA 1.2 (support.voilabot@orange-ftgroup.com)"
65.55.231.42 - - [18/Mar/2009:05:22:03 +0100] "GET /robots.txt HTTP/1.1" 200 64 "-" "msnbot-media/1.1 (+http://search.msn.com/msnbot.htm)"
65.55.231.42 - - [18/Mar/2009:05:22:04 +0100] "GET /vgirls/penilefitnessrec.jpg HTTP/1.1" 200 4077 "-" "msnbot-media/1.1 (+http://search.msn.com/msnbot.htm)"
200.71.160.1 - - [18/Mar/2009:05:49:40 +0100] "GET /f-actions.html HTTP/1.1" 200 10429 "-" "Mozilla/4.0 (compatible; MSIE 6.0; Windows NT 5.0)"
74.6.8.105 - - [18/Mar/2009:06:15:57 +0100] "GET /euro.html HTTP/1.0" 404 2748 "-" "Mozilla/5.0 (compatible; Yahoo! Slurp/3.0; http://help.yahoo.com/help/us/ysearch/slurp)"
119.63.193.43 - - [18/Mar/2009:06:16:44 +0100] "GET / HTTP/1.1" 200 7869 "-" "Baiduspider+(+http://www.baidu.jp/spider/)"
208.115.111.243 - - [18/Mar/2009:06:24:46 +0100] "GET /zampa/montenegro/TESLAW.html HTTP/1.1" 200 861 "-" "Mozilla/5.0 (compatible; DotBot/1.1; http://www.dotnetdotcom.org/, crawler@dotnetdotcom.org)"
208.115.111.243 - - [18/Mar/2009:06:24:51 +0100] "GET /zampa/montenegro/ZMAJW.html HTTP/1.1" 200 860 "-" "Mozilla/5.0 (compatible; DotBot/1.1; http://www.dotnetdotcom.org/, crawler@dotnetdotcom.org)"
208.115.111.243 - - [18/Mar/2009:06:24:54 +0100] "GET /zampa/montenegro/contributions.html HTTP/1.1" 200 18843 "-" "Mozilla/5.0 (compatible; DotBot/1.1; http://www.dotnetdotcom.org/, crawler@dotnetdotcom.org)"
208.115.111.243 - - [18/Mar/2009:06:24:58 +0100] "GET /zampa/montenegro/dajpare.html HTTP/1.1" 200 2503 "-" "Mozilla/5.0 (compatible; DotBot/1.1; http://www.dotnetdotcom.org/, crawler@dotnetdotcom.org)"
208.115.111.243 - - [18/Mar/2009:06:25:02 +0100] "GET /zampa/montenegro/index.html HTTP/1.1" 200 2651 "-" "Mozilla/5.0 (compatible; DotBot/1.1; http://www.dotnetdotcom.org/, crawler@dotnetdotcom.org)"
208.115.111.243 - - [18/Mar/2009:06:25:07 +0100] "GET /zampa/wonderland/index.html HTTP/1.1" 200 2084 "-" "Mozilla/5.0 (compatible; DotBot/1.1; http://www.dotnetdotcom.org/, crawler@dotnetdotcom.org)"
208.115.111.243 - - [18/Mar/2009:06:25:11 +0100] "GET / HTTP/1.1" 200 7869 "-" "Mozilla/5.0 (compatible; DotBot/1.1; http://www.dotnetdotcom.org/, crawler@dotnetdotcom.org)"
208.115.111.243 - - [18/Mar/2009:06:25:31 +0100] "GET /framez.html HTTP/1.1" 200 3959 "-" "Mozilla/5.0 (compatible; DotBot/1.1; http://www.dotnetdotcom.org/, crawler@dotnetdotcom.org)"
208.115.111.243 - - [18/Mar/2009:06:25:37 +0100] "GET /zampa-lovers/index.html HTTP/1.1" 200 37790 "-" "Mozilla/5.0 (compatible; DotBot/1.1; http://www.dotnetdotcom.org/, crawler@dotnetdotcom.org)"
208.115.111.243 - - [18/Mar/2009:06:25:43 +0100] "GET / HTTP/1.1" 302 353 "-" "Mozilla/5.0 (compatible; DotBot/1.1; http://www.dotnetdotcom.org/, crawler@dotnetdotcom.org)"
193.252.149.14 - - [18/Mar/2009:06:34:24 +0100] "GET /neon/channel.html HTTP/1.1" 200 1942 "-" "Mozilla/5.0 (Windows; U; Windows NT 5.1; fr; rv:1.8.1) VoilaBot BETA 1.2 (support.voilabot@orange-ftgroup.com)"
74.6.8.105 - - [18/Mar/2009:06:53:50 +0100] "GET /games/virtualcop/virtualcop.html HTTP/1.0" 200 4487 "-" "Mozilla/5.0 (compatible; Yahoo! Slurp/3.0; http://help.yahoo.com/help/us/ysearch/slurp)"
74.6.8.105 - - [18/Mar/2009:06:57:17 +0100] "GET /logs/usage_200703.html HTTP/1.0" 200 108444 "-" "Mozilla/5.0 (compatible; Yahoo! Slurp/3.0; http://help.yahoo.com/help/us/ysearch/slurp)"
74.6.8.105 - - [18/Mar/2009:07:01:32 +0100] "GET /neon/girlz2.html HTTP/1.0" 200 2937 "-" "Mozilla/5.0 (compatible; Yahoo! Slurp/3.0; http://help.yahoo.com/help/us/ysearch/slurp)"
65.55.211.159 - - [18/Mar/2009:07:17:17 +0100] "GET /robots.txt HTTP/1.1" 200 64 "-" "msnbot/1.1 (+http://search.msn.com/msnbot.htm)"
65.55.211.159 - - [18/Mar/2009:07:17:18 +0100] "GET /logs/usage_200709.html HTTP/1.1" 200 110974 "-" "msnbot/1.1 (+http://search.msn.com/msnbot.htm)"
67.195.37.114 - - [18/Mar/2009:08:04:48 +0100] "GET /robots.txt HTTP/1.0" 200 64 "-" "Mozilla/5.0 (compatible; Yahoo! Slurp; http://help.yahoo.com/help/us/ysearch/slurp)"
67.195.37.114 - - [18/Mar/2009:08:04:48 +0100] "GET /bmpp/18_x.html HTTP/1.0" 200 1100 "-" "Mozilla/5.0 (compatible; Yahoo! Slurp/3.0; http://help.yahoo.com/help/us/ysearch/slurp)"
67.195.37.90 - - [18/Mar/2009:09:47:16 +0100] "GET /robots.txt HTTP/1.0" 200 64 "-" "Mozilla/5.0 (compatible; Yahoo! Slurp; http://help.yahoo.com/help/us/ysearch/slurp)"
67.195.37.90 - - [18/Mar/2009:09:47:18 +0100] "GET /zampa/montenegro/ HTTP/1.0" 200 2651 "-" "Mozilla/5.0 (compatible; Yahoo! Slurp/3.0; http://help.yahoo.com/help/us/ysearch/slurp)"
74.6.8.105 - - [18/Mar/2009:09:56:53 +0100] "GET /neon/euro.html HTTP/1.0" 200 2212 "-" "Mozilla/5.0 (compatible; Yahoo! Slurp/3.0; http://help.yahoo.com/help/us/ysearch/slurp)"
66.235.124.7 - - [18/Mar/2009:09:58:21 +0100] "GET /schubb/schubb-5.html HTTP/1.1" 200 72944 "-" "Mozilla/5.0 (compatible; Ask Jeeves/Teoma; +http://about.ask.com/en/docs/about/webmasters.shtml)"
65.55.108.136 - - [18/Mar/2009:10:02:38 +0100] "GET /robots.txt HTTP/1.1" 200 64 "-" "msnbot-media/1.1 (+http://search.msn.com/msnbot.htm)"
65.55.108.136 - - [18/Mar/2009:10:02:38 +0100] "GET /3dsf3/sendi/slike/sendichannel2.jpg HTTP/1.1" 200 9728 "-" "msnbot-media/1.1 (+http://search.msn.com/msnbot.htm)"
66.235.124.7 - - [18/Mar/2009:10:12:58 +0100] "GET /framez-rez.html HTTP/1.1" 200 4323 "-" "Mozilla/5.0 (compatible; Ask Jeeves/Teoma; +http://about.ask.com/en/docs/about/webmasters.shtml)"
66.235.124.7 - - [18/Mar/2009:10:12:58 +0100] "GET /frame-menu.html HTTP/1.1" 200 10536 "-" "Mozilla/5.0 (compatible; Ask Jeeves/Teoma; +http://about.ask.com/en/docs/about/webmasters.shtml)"
66.235.124.7 - - [18/Mar/2009:10:12:59 +0100] "GET /f-rez.html HTTP/1.1" 200 9765 "-" "Mozilla/5.0 (compatible; Ask Jeeves/Teoma; +http://about.ask.com/en/docs/about/webmasters.shtml)"
66.235.124.7 - - [18/Mar/2009:10:12:59 +0100] "GET /frame-unten.html HTTP/1.1" 200 5308 "-" "Mozilla/5.0 (compatible; Ask Jeeves/Teoma; +http://about.ask.com/en/docs/about/webmasters.shtml)"
81.52.143.35 - - [18/Mar/2009:10:20:12 +0100] "GET /bmpp/18asi_2.html HTTP/1.1" 200 8674 "-" "Mozilla/5.0 (Windows; U; Windows NT 5.1; fr; rv:1.8.1) VoilaBot BETA 1.2 (support.voilabot@orange-ftgroup.com)"
87.250.39.216 - - [18/Mar/2009:10:36:58 +0100] "GET /favicon.ico HTTP/1.1" 302 364 "-" "Mozilla/4.0 (compatible; GoogleToolbar 5.0.2124.6042; Windows XP 5.1; MSIE 7.0.5730.13)"
87.250.39.216 - - [18/Mar/2009:10:36:58 +0100] "GET /zampa/favicon.ico HTTP/1.1" 404 2748 "-" "Mozilla/4.0 (compatible; GoogleToolbar 5.0.2124.6042; Windows XP 5.1; MSIE 7.0.5730.13)"
87.250.39.216 - - [18/Mar/2009:10:36:58 +0100] "GET /favicon.gif HTTP/1.1" 302 364 "-" "Mozilla/4.0 (compatible; GoogleToolbar 5.0.2124.6042; Windows XP 5.1; MSIE 7.0.5730.13)"
87.250.39.216 - - [18/Mar/2009:10:36:58 +0100] "GET /zampa/favicon.gif HTTP/1.1" 404 2748 "-" "Mozilla/4.0 (compatible; GoogleToolbar 5.0.2124.6042; Windows XP 5.1; MSIE 7.0.5730.13)"
85.66.137.215 - - [18/Mar/2009:10:40:25 +0100] "GET http://various-euro.com/cgi-bin/sentry/admin/admin.cgi?setup=setup HTTP/1.0" 404 2748 "http://various-euro.com/cgi-bin/sentry/admin/admin.cgi?setup=setup" "Mozilla/4.0 (compatible; MSIE 6.0; Windows NT 5.1)"
74.6.8.105 - - [18/Mar/2009:10:50:28 +0100] "GET /web.html HTTP/1.0" 404 2748 "-" "Mozilla/5.0 (compatible; Yahoo! Slurp/3.0; http://help.yahoo.com/help/us/ysearch/slurp)"
82.195.246.196 - - [18/Mar/2009:10:56:55 +0100] "GET /framez-schubb5.html HTTP/1.0" 200 4330 "http://www.tecadress.com" "Opera/7.60 (Windows NT 5.2; U) [en] (IBM EVV/3.0/EAK01AG9/LE)"
82.195.246.196 - - [18/Mar/2009:10:56:56 +0100] "GET /frame-menu.html HTTP/1.0" 200 10536 "http://www.tecadress.com" "Opera/7.60 (Windows NT 5.2; U) [en] (IBM EVV/3.0/EAK01AG9/LE)"
82.195.246.196 - - [18/Mar/2009:10:56:56 +0100] "GET /schubb/schubb-5.html HTTP/1.0" 200 72944 "http://www.tecadress.com" "Opera/7.60 (Windows NT 5.2; U) [en] (IBM EVV/3.0/EAK01AG9/LE)"
82.195.246.196 - - [18/Mar/2009:10:56:56 +0100] "GET /frame-unten.html HTTP/1.0" 200 5308 "http://www.tecadress.com" "Opera/7.60 (Windows NT 5.2; U) [en] (IBM EVV/3.0/EAK01AG9/LE)"
66.249.71.249 - - [18/Mar/2009:11:03:59 +0100] "GET /logs/usage_200903.html HTTP/1.1" 404 2748 "-" "Mozilla/5.0 (compatible; Googlebot/2.1; +http://www.google.com/bot.html)"
65.55.108.160 - - [18/Mar/2009:11:14:18 +0100] "GET /robots.txt HTTP/1.1" 200 64 "-" "msnbot-media/1.1 (+http://search.msn.com/msnbot.htm)"
65.55.108.160 - - [18/Mar/2009:11:14:18 +0100] "GET /3dsf3/sendi/slike/sendichannel1.jpg HTTP/1.1" 200 10755 "-" "msnbot-media/1.1 (+http://search.msn.com/msnbot.htm)"
74.6.8.105 - - [18/Mar/2009:11:24:48 +0100] "GET /f-logz_old.html HTTP/1.0" 200 43773 "-" "Mozilla/5.0 (compatible; Yahoo! Slurp/3.0; http://help.yahoo.com/help/us/ysearch/slurp)"
82.99.30.70 - - [18/Mar/2009:11:41:05 +0100] "GET /bannerz/warning.gif HTTP/1.0" 200 3352 "http://www.various-euro.com/neon/warning2.html" "Mozilla/4.0 (compatible; MSIE 6.0; Windows NT 5.1)"
82.99.30.70 - - [18/Mar/2009:11:41:05 +0100] "GET /bannerz/moneys.gif HTTP/1.0" 200 13192 "http://www.various-euro.com/neon/warning2.html" "Mozilla/4.0 (compatible; MSIE 6.0; Windows NT 5.1)"
66.249.71.249 - - [18/Mar/2009:12:02:28 +0100] "GET /robots.txt HTTP/1.1" 200 64 "-" "Mozilla/5.0 (compatible; Googlebot/2.1; +http://www.google.com/bot.html)"
66.249.71.249 - - [18/Mar/2009:12:02:28 +0100] "GET /DgH/bull/ HTTP/1.1" 200 1915 "-" "Mozilla/5.0 (compatible; Googlebot/2.1; +http://www.google.com/bot.html)"
74.6.8.105 - - [18/Mar/2009:12:05:27 +0100] "GET /logs/usage_200604.html HTTP/1.0" 200 108812 "-" "Mozilla/5.0 (compatible; Yahoo! Slurp/3.0; http://help.yahoo.com/help/us/ysearch/slurp)"
65.55.231.24 - - [18/Mar/2009:12:08:48 +0100] "GET /robots.txt HTTP/1.1" 200 64 "-" "msnbot-media/1.1 (+http://search.msn.com/msnbot.htm)"
65.55.231.24 - - [18/Mar/2009:12:08:48 +0100] "GET /logs/hourly_usage_200712.png HTTP/1.1" 200 2232 "-" "msnbot-media/1.1 (+http://search.msn.com/msnbot.htm)"
65.55.231.24 - - [18/Mar/2009:12:08:49 +0100] "GET /logs/usage_200712.html HTTP/1.1" 200 92577 "-" "msnbot-media/1.1 (+http://search.msn.com/msnbot.htm)"
195.234.108.197 - - [18/Mar/2009:12:09:38 +0100] "GET /framez-schubb2.html HTTP/1.0" 200 4314 "http://www.various-euro.com/framez-schubb2.html" "Mozilla/4.0 (compatible; MSIE 6.0; Windows NT 5.1; MRA 4.6 (build 01425))"
195.234.108.197 - - [18/Mar/2009:12:09:38 +0100] "GET /frame-menu.html HTTP/1.0" 200 10536 "http://www.various-euro.com/frame-menu.html" "Mozilla/4.0 (compatible; MSIE 6.0; Windows NT 5.1; MRA 4.6 (build 01425))"
195.234.108.197 - - [18/Mar/2009:12:09:39 +0100] "GET /schubb/schubb-2.html HTTP/1.0" 200 16660 "http://www.various-euro.com/schubb/schubb-2.html" "Mozilla/4.0 (compatible; MSIE 6.0; Windows NT 5.1; MRA 4.6 (build 01425))"
195.234.108.197 - - [18/Mar/2009:12:09:39 +0100] "GET /frame-unten.html HTTP/1.0" 200 5308 "http://www.various-euro.com/frame-unten.html" "Mozilla/4.0 (compatible; MSIE 6.0; Windows NT 5.1; MRA 4.6 (build 01425))"
82.99.30.5 - - [18/Mar/2009:12:13:09 +0100] "GET /vgirls/button3.gif HTTP/1.0" 200 9634 "http://www.various-euro.com/neon/girlz2.html" "Mozilla/4.0 (compatible; MSIE 6.0; Windows NT 5.1)"
82.99.30.5 - - [18/Mar/2009:12:13:09 +0100] "GET /vgirls/button1.gif HTTP/1.0" 200 9099 "http://www.various-euro.com/neon/girlz2.html" "Mozilla/4.0 (compatible; MSIE 6.0; Windows NT 5.1)"
82.99.30.5 - - [18/Mar/2009:12:13:09 +0100] "GET /vgirls/virtua4.gif HTTP/1.0" 200 12643 "http://www.various-euro.com/neon/girlz2.html" "Mozilla/4.0 (compatible; MSIE 6.0; Windows NT 5.1)"
82.99.30.5 - - [18/Mar/2009:12:13:09 +0100] "GET /vgirls/dora_01.gif HTTP/1.0" 200 15465 "http://www.various-euro.com/neon/girlz2.html" "Mozilla/4.0 (compatible; MSIE 6.0; Windows NT 5.1)"
82.99.30.5 - - [18/Mar/2009:12:13:09 +0100] "GET /vgirls/button10.gif HTTP/1.0" 200 15687 "http://www.various-euro.com/neon/girlz2.html" "Mozilla/4.0 (compatible; MSIE 6.0; Windows NT 5.1)"
82.99.30.5 - - [18/Mar/2009:12:13:09 +0100] "GET /vgirls/shaina_big.gif HTTP/1.0" 200 16169 "http://www.various-euro.com/neon/girlz2.html" "Mozilla/4.0 (compatible; MSIE 6.0; Windows NT 5.1)"
193.252.149.13 - - [18/Mar/2009:12:34:22 +0100] "GET /robots.txt HTTP/1.1" 200 64 "-" "Mozilla/5.0 (Windows; U; Windows NT 5.1; fr; rv:1.8.1) VoilaBot BETA 1.2 (support.voilabot@orange-ftgroup.com)"
193.252.149.13 - - [18/Mar/2009:12:34:49 +0100] "GET /neon/europa.html HTTP/1.1" 200 389 "-" "Mozilla/5.0 (Windows; U; Windows NT 5.1; fr; rv:1.8.1) VoilaBot BETA 1.2 (support.voilabot@orange-ftgroup.com)"
89.216.17.228 - - [18/Mar/2009:12:41:58 +0100] "GET / HTTP/1.1" 302 353 "http://www.google.com/search?hl=en&client=firefox-a&rls=org.mozilla%3Aen-US%3Aofficial&hs=c7E&q=zampa+di+leone&btnG=Search" "Mozilla/5.0 (Windows; U; Windows NT 5.1; en-US; rv:1.9.0.7) Gecko/2009021910 Firefox/3.0.7"
89.216.17.228 - - [18/Mar/2009:12:41:59 +0100] "GET /zampa/ HTTP/1.1" 200 7153 "http://www.google.com/search?hl=en&client=firefox-a&rls=org.mozilla%3Aen-US%3Aofficial&hs=c7E&q=zampa+di+leone&btnG=Search" "Mozilla/5.0 (Windows; U; Windows NT 5.1; en-US; rv:1.9.0.7) Gecko/2009021910 Firefox/3.0.7"
98.136.119.53 - - [18/Mar/2009:12:44:52 +0100] "GET /zampa-lovers/ZAMPAMAS.MPG HTTP/1.1" 200 520196 "-" "-"
66.249.71.249 - - [18/Mar/2009:12:49:03 +0100] "GET /DgH/watch/index.html HTTP/1.1" 200 2028 "-" "Mozilla/5.0 (compatible; Googlebot/2.1; +http://www.google.com/bot.html)"
98.136.119.53 - - [18/Mar/2009:12:49:19 +0100] "GET /zampa-lovers/WASISTMI1.MPG HTTP/1.1" 200 271221 "-" "-"
65.55.211.168 - - [18/Mar/2009:12:55:05 +0100] "GET /robots.txt HTTP/1.1" 200 64 "-" "msnbot/1.1 (+http://search.msn.com/msnbot.htm)"
65.55.211.168 - - [18/Mar/2009:12:55:07 +0100] "GET /schubb/schubb-1.html HTTP/1.1" 200 9070 "-" "msnbot/1.1 (+http://search.msn.com/msnbot.htm)"
65.55.109.187 - - [18/Mar/2009:12:55:36 +0100] "GET /schubb/schubb-1.html HTTP/1.0" 200 9070 "http://search.live.com/results.aspx?q=various" "Mozilla/4.0 (compatible; MSIE 6.0; Windows NT 5.2; SV1; .NET CLR 1.1.4322)"
65.55.109.187 - - [18/Mar/2009:12:55:48 +0100] "GET /framez-schubb.html HTTP/1.0" 200 4324 "-" "Mozilla/4.0 (compatible; MSIE 6.0; Windows NT 5.2; SV1; .NET CLR 1.1.4322)"
65.55.109.187 - - [18/Mar/2009:12:55:50 +0100] "GET /frame-menu.html HTTP/1.0" 200 10536 "http://www.various-euro.com/framez-schubb.html" "Mozilla/4.0 (compatible; MSIE 6.0; Windows NT 5.2; SV1; .NET CLR 1.1.4322)"
74.6.8.105 - - [18/Mar/2009:13:01:02 +0100] "GET /f-channel1.html HTTP/1.0" 200 8471 "-" "Mozilla/5.0 (compatible; Yahoo! Slurp/3.0; http://help.yahoo.com/help/us/ysearch/slurp)"
193.252.149.13 - - [18/Mar/2009:13:30:21 +0100] "GET /neon/euro.html HTTP/1.1" 200 2212 "-" "Mozilla/5.0 (Windows; U; Windows NT 5.1; fr; rv:1.8.1) VoilaBot BETA 1.2 (support.voilabot@orange-ftgroup.com)"
65.55.211.157 - - [18/Mar/2009:13:59:50 +0100] "GET /robots.txt HTTP/1.1" 200 64 "-" "msnbot/1.1 (+http://search.msn.com/msnbot.htm)"
65.55.211.157 - - [18/Mar/2009:13:59:51 +0100] "GET /zampa/montenegro/MILOW.html HTTP/1.1" 200 860 "-" "msnbot/1.1 (+http://search.msn.com/msnbot.htm)"
83.133.125.202 - - [18/Mar/2009:14:18:15 +0100] "GET / HTTP/1.0" 200 7869 "-" "-"
83.133.125.202 - - [18/Mar/2009:14:18:15 +0100] "GET / HTTP/1.0" 200 7869 "-" "-"
66.235.124.7 - - [18/Mar/2009:14:30:11 +0100] "GET /framez.html HTTP/1.1" 200 3959 "-" "Mozilla/5.0 (compatible; Ask Jeeves/Teoma; +http://about.ask.com/en/docs/about/webmasters.shtml)"
66.235.124.7 - - [18/Mar/2009:14:30:11 +0100] "GET /frame-inhalt.html HTTP/1.1" 200 5418 "-" "Mozilla/5.0 (compatible; Ask Jeeves/Teoma; +http://about.ask.com/en/docs/about/webmasters.shtml)"
74.6.8.105 - - [18/Mar/2009:14:34:45 +0100] "GET /sendi-agent/ HTTP/1.0" 403 1223 "-" "Mozilla/5.0 (compatible; Yahoo! Slurp/3.0; http://help.yahoo.com/help/us/ysearch/slurp)"
74.6.8.105 - - [18/Mar/2009:14:34:46 +0100] "GET /sendi-agent/ HTTP/1.0" 403 1223 "-" "Mozilla/5.0 (compatible; Yahoo! Slurp/3.0; http://help.yahoo.com/help/us/ysearch/slurp)"
82.99.30.71 - - [18/Mar/2009:14:37:41 +0100] "GET /neon/imeurope.GIF HTTP/1.0" 200 9365 "http://www.various-euro.com/neon/europa.html" "Mozilla/4.0 (compatible; MSIE 6.0; Windows NT 5.1)"
87.250.39.216 - - [18/Mar/2009:15:02:37 +0100] "GET /favicon.ico HTTP/1.1" 302 364 "-" "Mozilla/4.0 (compatible; GoogleToolbar 5.0.2124.6042; Windows XP 5.1; MSIE 7.0.5730.13)"
87.250.39.216 - - [18/Mar/2009:15:02:37 +0100] "GET /zampa/favicon.ico HTTP/1.1" 404 2748 "-" "Mozilla/4.0 (compatible; GoogleToolbar 5.0.2124.6042; Windows XP 5.1; MSIE 7.0.5730.13)"
87.250.39.216 - - [18/Mar/2009:15:02:38 +0100] "GET /favicon.gif HTTP/1.1" 302 364 "-" "Mozilla/4.0 (compatible; GoogleToolbar 5.0.2124.6042; Windows XP 5.1; MSIE 7.0.5730.13)"
87.250.39.216 - - [18/Mar/2009:15:02:38 +0100] "GET /zampa/favicon.gif HTTP/1.1" 404 2748 "-" "Mozilla/4.0 (compatible; GoogleToolbar 5.0.2124.6042; Windows XP 5.1; MSIE 7.0.5730.13)"
87.250.39.216 - - [18/Mar/2009:15:04:32 +0100] "GET /favicon.ico HTTP/1.1" 302 364 "-" "Mozilla/4.0 (compatible; GoogleToolbar 5.0.2124.6042; Windows XP 5.1; MSIE 7.0.5730.13)"
87.250.39.216 - - [18/Mar/2009:15:04:32 +0100] "GET /zampa/favicon.ico HTTP/1.1" 404 2748 "-" "Mozilla/4.0 (compatible; GoogleToolbar 5.0.2124.6042; Windows XP 5.1; MSIE 7.0.5730.13)"
87.250.39.216 - - [18/Mar/2009:15:04:32 +0100] "GET /favicon.gif HTTP/1.1" 302 364 "-" "Mozilla/4.0 (compatible; GoogleToolbar 5.0.2124.6042; Windows XP 5.1; MSIE 7.0.5730.13)"
87.250.39.216 - - [18/Mar/2009:15:04:33 +0100] "GET /zampa/favicon.gif HTTP/1.1" 404 2748 "-" "Mozilla/4.0 (compatible; GoogleToolbar 5.0.2124.6042; Windows XP 5.1; MSIE 7.0.5730.13)"
87.250.39.216 - - [18/Mar/2009:15:05:52 +0100] "GET /favicon.ico HTTP/1.1" 302 364 "-" "Mozilla/4.0 (compatible; GoogleToolbar 5.0.2124.6042; Windows XP 5.1; MSIE 7.0.5730.13)"
87.250.39.216 - - [18/Mar/2009:15:05:52 +0100] "GET /zampa/favicon.ico HTTP/1.1" 404 2748 "-" "Mozilla/4.0 (compatible; GoogleToolbar 5.0.2124.6042; Windows XP 5.1; MSIE 7.0.5730.13)"
87.250.39.216 - - [18/Mar/2009:15:05:52 +0100] "GET /favicon.gif HTTP/1.1" 302 364 "-" "Mozilla/4.0 (compatible; GoogleToolbar 5.0.2124.6042; Windows XP 5.1; MSIE 7.0.5730.13)"
87.250.39.216 - - [18/Mar/2009:15:05:52 +0100] "GET /zampa/favicon.gif HTTP/1.1" 404 2748 "-" "Mozilla/4.0 (compatible; GoogleToolbar 5.0.2124.6042; Windows XP 5.1; MSIE 7.0.5730.13)"
67.195.37.114 - - [18/Mar/2009:15:29:11 +0100] "GET /neon/click.html HTTP/1.0" 200 521 "-" "Mozilla/5.0 (compatible; Yahoo! Slurp/3.0; http://help.yahoo.com/help/us/ysearch/slurp)"
74.6.8.105 - - [18/Mar/2009:15:37:16 +0100] "GET /warez.html HTTP/1.0" 200 9754 "-" "Mozilla/5.0 (compatible; Yahoo! Slurp/3.0; http://help.yahoo.com/help/us/ysearch/slurp)"
82.99.30.43 - - [18/Mar/2009:16:05:59 +0100] "GET /neon/clicktoenter.gif HTTP/1.0" 200 16302 "http://www.various-euro.com/neon/click.html" "Mozilla/4.0 (compatible; MSIE 6.0; Windows NT 5.1)"
66.249.71.249 - - [18/Mar/2009:16:10:09 +0100] "GET /zampa/montenegro/ZMAJW.html HTTP/1.1" 200 860 "-" "Mozilla/5.0 (compatible; Googlebot/2.1; +http://www.google.com/bot.html)"
79.131.113.106 - - [18/Mar/2009:16:23:17 +0100] "GET http://various-euro.com/cgi-bin/adduser.cgi HTTP/1.0" 404 2748 "http://various-euro.com/cgi-bin/adduser.cgi" "Mozilla/4.0 (compatible; MSIE 6.0; Windows NT 5.1)"
66.249.71.249 - - [18/Mar/2009:16:40:27 +0100] "GET /zampa/slike/udupetu.gif HTTP/1.1" 200 4138 "-" "Mozilla/5.0 (compatible; Googlebot/2.1; +http://www.google.com/bot.html)"
98.136.119.152 - - [18/Mar/2009:16:40:41 +0100] "GET /zampa-lovers/ZAMPAMA2.MPG HTTP/1.1" 200 63492 "-" "-"
66.249.71.249 - - [18/Mar/2009:16:41:18 +0100] "GET /DgH/watch/ HTTP/1.1" 200 2028 "-" "Mozilla/5.0 (compatible; Googlebot/2.1; +http://www.google.com/bot.html)"
74.6.8.105 - - [18/Mar/2009:16:47:35 +0100] "GET /rez/fisztfull.mp4 HTTP/1.0" 200 5973230 "-" "Mozilla/5.0 (compatible; Yahoo! Slurp/3.0; http://help.yahoo.com/help/us/ysearch/slurp)"
66.249.71.249 - - [18/Mar/2009:16:56:56 +0100] "GET /DgH/orginal/index.html HTTP/1.1" 200 1727 "-" "Mozilla/5.0 (compatible; Googlebot/2.1; +http://www.google.com/bot.html)"
74.6.8.105 - - [18/Mar/2009:17:08:33 +0100] "GET /neon/walk-more.html HTTP/1.0" 200 1689 "-" "Mozilla/5.0 (compatible; Yahoo! Slurp/3.0; http://help.yahoo.com/help/us/ysearch/slurp)"
74.6.8.105 - - [18/Mar/2009:17:12:23 +0100] "GET /logs/usage_200712.html HTTP/1.0" 200 92577 "-" "Mozilla/5.0 (compatible; Yahoo! Slurp/3.0; http://help.yahoo.com/help/us/ysearch/slurp)"
66.249.71.249 - - [18/Mar/2009:17:12:36 +0100] "GET /DgH/bull/index.html HTTP/1.1" 200 1915 "-" "Mozilla/5.0 (compatible; Googlebot/2.1; +http://www.google.com/bot.html)"
65.55.231.50 - - [18/Mar/2009:17:35:15 +0100] "GET /robots.txt HTTP/1.1" 200 64 "-" "msnbot-media/1.1 (+http://search.msn.com/msnbot.htm)"
65.55.231.50 - - [18/Mar/2009:17:35:15 +0100] "GET /3dsf3/sendi/slike/SHEMA.JPG HTTP/1.1" 200 24378 "-" "msnbot-media/1.1 (+http://search.msn.com/msnbot.htm)"
74.6.8.105 - - [18/Mar/2009:18:38:23 +0100] "GET /f-warez.html HTTP/1.0" 200 10953 "-" "Mozilla/5.0 (compatible; Yahoo! Slurp/3.0; http://help.yahoo.com/help/us/ysearch/slurp)"
208.36.144.10 - - [18/Mar/2009:19:18:05 +0100] "GET /robots.txt HTTP/1.0" 200 64 "-" "Mozilla/5.0 (Twiceler-0.9 http://www.cuil.com/twiceler/robot.html)"
208.36.144.6 - - [18/Mar/2009:19:18:05 +0100] "GET /robots.txt HTTP/1.0" 302 363 "-" "Mozilla/5.0 (Twiceler-0.9 http://www.cuil.com/twiceler/robot.html)"
64.1.215.165 - - [18/Mar/2009:19:21:06 +0100] "GET /robots.txt HTTP/1.0" 200 64 "-" "Mozilla/5.0 (Twiceler-0.9 http://www.cuil.com/twiceler/robot.html)"
65.55.211.169 - - [18/Mar/2009:19:37:30 +0100] "GET /robots.txt HTTP/1.1" 200 64 "-" "msnbot/1.1 (+http://search.msn.com/msnbot.htm)"
65.55.211.169 - - [18/Mar/2009:19:37:31 +0100] "GET /zampa/wonderland/index.html HTTP/1.1" 200 2084 "-" "msnbot/1.1 (+http://search.msn.com/msnbot.htm)"
74.6.8.105 - - [18/Mar/2009:20:20:25 +0100] "GET /neon/girl-tv.html HTTP/1.0" 200 1717 "-" "Mozilla/5.0 (compatible; Yahoo! Slurp/3.0; http://help.yahoo.com/help/us/ysearch/slurp)"
74.6.8.105 - - [18/Mar/2009:20:20:53 +0100] "GET /neon/left-one.html HTTP/1.0" 200 1712 "-" "Mozilla/5.0 (compatible; Yahoo! Slurp/3.0; http://help.yahoo.com/help/us/ysearch/slurp)"
74.6.8.105 - - [18/Mar/2009:20:26:51 +0100] "GET /zampa/montenegro/BATAW.html HTTP/1.0" 200 860 "-" "Mozilla/5.0 (compatible; Yahoo! Slurp/3.0; http://help.yahoo.com/help/us/ysearch/slurp)"
74.6.8.105 - - [18/Mar/2009:20:30:16 +0100] "GET /restate_copy.html HTTP/1.0" 200 97631 "-" "Mozilla/5.0 (compatible; Yahoo! Slurp/3.0; http://help.yahoo.com/help/us/ysearch/slurp)"
66.249.71.249 - - [18/Mar/2009:21:11:34 +0100] "GET /framez.html HTTP/1.1" 200 3959 "-" "Mozilla/5.0 (compatible; Googlebot/2.1; +http://www.google.com/bot.html)"
74.6.8.105 - - [18/Mar/2009:21:32:42 +0100] "GET /f-doku-brau.html HTTP/1.0" 200 7152 "-" "Mozilla/5.0 (compatible; Yahoo! Slurp/3.0; http://help.yahoo.com/help/us/ysearch/slurp)"
65.55.211.164 - - [18/Mar/2009:21:34:52 +0100] "GET /robots.txt HTTP/1.1" 200 64 "-" "msnbot/1.1 (+http://search.msn.com/msnbot.htm)"
65.55.211.164 - - [18/Mar/2009:21:34:53 +0100] "GET /schubb/schubb-4.html HTTP/1.1" 200 17746 "-" "msnbot/1.1 (+http://search.msn.com/msnbot.htm)"
