65.55.108.147 - - [08/Mar/2009:20:08:27 +0100] "GET /zampa/slike/S1TITEL.GIF HTTP/1.1" 200 15244 "-" "msnbot-media/1.1 (+http://search.msn.com/msnbot.htm)"
65.55.108.147 - - [08/Mar/2009:20:08:28 +0100] "GET /robots.txt HTTP/1.1" 302 363 "-" "msnbot-media/1.1 (+http://search.msn.com/msnbot.htm)"
65.55.108.147 - - [08/Mar/2009:20:08:29 +0100] "GET /zampa/robots.txt HTTP/1.1" 404 2748 "-" "msnbot-media/1.1 (+http://search.msn.com/msnbot.htm)"
65.55.108.147 - - [08/Mar/2009:20:08:29 +0100] "GET / HTTP/1.1" 302 353 "-" "msnbot-media/1.1 (+http://search.msn.com/msnbot.htm)"
65.55.108.147 - - [08/Mar/2009:20:08:29 +0100] "GET /zampa/ HTTP/1.1" 200 7153 "-" "msnbot-media/1.1 (+http://search.msn.com/msnbot.htm)"
65.55.108.147 - - [08/Mar/2009:20:08:30 +0100] "GET /zampa/ HTTP/1.1" 200 7153 "-" "msnbot-media/1.1 (+http://search.msn.com/msnbot.htm)"
74.86.223.42 - - [08/Mar/2009:20:27:11 +0100] "GET / HTTP/1.1" 206 7869 "http://www.followsite.com/bot.html" "FollowSite Bot ( http://www.followsite.com/bot.html )"
66.249.71.135 - - [08/Mar/2009:20:30:26 +0100] "GET /bmpp/18.html HTTP/1.1" 200 4467 "-" "Mozilla/5.0 (compatible; Googlebot/2.1; +http://www.google.com/bot.html)"
58.225.137.253 - - [08/Mar/2009:21:00:53 +0100] "GET /framez-schubb5.html HTTP/1.0" 200 4330 "http://www.various-euro.com/framez-schubb5.html" "Mozilla/4.0 (compatible; MSIE 6.0; Windows NT 5.1; Crazy Browser 1.0.5)"
58.225.137.253 - - [08/Mar/2009:21:00:55 +0100] "GET /frame-menu.html HTTP/1.0" 200 10536 "http://www.various-euro.com/frame-menu.html" "Mozilla/4.0 (compatible; MSIE 6.0; Windows NT 5.1; Crazy Browser 1.0.5)"
58.225.137.253 - - [08/Mar/2009:21:00:57 +0100] "GET /schubb/schubb-5.html HTTP/1.0" 200 72944 "http://www.various-euro.com/schubb/schubb-5.html" "Mozilla/4.0 (compatible; MSIE 6.0; Windows NT 5.1; Crazy Browser 1.0.5)"
58.225.137.253 - - [08/Mar/2009:21:01:01 +0100] "GET /frame-unten.html HTTP/1.0" 200 5308 "http://www.various-euro.com/frame-unten.html" "Mozilla/4.0 (compatible; MSIE 6.0; Windows NT 5.1; Crazy Browser 1.0.5)"
220.181.61.234 - - [08/Mar/2009:21:11:53 +0100] "GET /zampa/ HTTP/1.1" 200 7153 "-" "Sogou web spider/4.0(+http://www.sogou.com/docs/help/webmasters.htm#07)"
66.249.71.137 - - [08/Mar/2009:21:17:34 +0100] "GET / HTTP/1.1" 200 7869 "-" "Mozilla/5.0 (compatible; Googlebot/2.1; +http://www.google.com/bot.html)"
66.235.124.7 - - [08/Mar/2009:21:36:29 +0100] "GET /robots.txt HTTP/1.1" 200 64 "-" "Mozilla/5.0 (compatible; Ask Jeeves/Teoma; +http://about.ask.com/en/docs/about/webmasters.shtml)"
66.235.124.7 - - [08/Mar/2009:21:36:44 +0100] "GET /schubb/schubb-5.html HTTP/1.1" 200 72944 "-" "Mozilla/5.0 (compatible; Ask Jeeves/Teoma; +http://about.ask.com/en/docs/about/webmasters.shtml)"
72.30.81.159 - - [08/Mar/2009:21:39:35 +0100] "GET /neon/onlytttt.html HTTP/1.0" 200 1536 "-" "Mozilla/5.0 (compatible; Yahoo! Slurp/3.0; http://help.yahoo.com/help/us/ysearch/slurp)"
66.249.71.137 - - [08/Mar/2009:22:20:28 +0100] "GET /f-world.html HTTP/1.1" 200 35590 "-" "Mozilla/5.0 (compatible; Googlebot/2.1; +http://www.google.com/bot.html)"
66.249.71.136 - - [08/Mar/2009:23:02:24 +0100] "GET /zampa/montenegro/contributions.html HTTP/1.1" 200 18843 "-" "Mozilla/5.0 (compatible; Googlebot/2.1; +http://www.google.com/bot.html)"
66.249.71.137 - - [08/Mar/2009:23:39:06 +0100] "GET /framez_0.html HTTP/1.1" 200 12444 "-" "Mozilla/5.0 (compatible; Googlebot/2.1; +http://www.google.com/bot.html)"
77.102.55.3 - - [08/Mar/2009:23:54:01 +0100] "GET http://various-euro.com/cgi-bin/sblogin/report/usermanage.cgi HTTP/1.0" 404 2748 "http://various-euro.com/cgi-bin/sblogin/report/usermanage.cgi" "Mozilla/4.0 (compatible; MSIE 6.0; Windows NT 5.1)"
193.252.149.16 - - [09/Mar/2009:00:16:47 +0100] "GET /world.html HTTP/1.1" 200 16295 "-" "Mozilla/5.0 (Windows; U; Windows NT 5.1; fr; rv:1.8.1) VoilaBot BETA 1.2 (support.voilabot@orange-ftgroup.com)"
71.195.46.8 - - [09/Mar/2009:00:34:47 +0100] "GET / HTTP/1.1" 200 7869 "http://www.randomwebsite.com/" "Mozilla/5.0 (Windows; U; Windows NT 5.1; en-US; rv:1.9.0.7) Gecko/2009021910 Firefox/3.0.7"
71.195.46.8 - - [09/Mar/2009:00:34:47 +0100] "GET /style/various-euro.css HTTP/1.1" 200 3437 "http://www.various-euro.com/" "Mozilla/5.0 (Windows; U; Windows NT 5.1; en-US; rv:1.9.0.7) Gecko/2009021910 Firefox/3.0.7"
71.195.46.8 - - [09/Mar/2009:00:34:48 +0100] "GET /ve-icon-2.ico HTTP/1.1" 200 2238 "-" "Mozilla/5.0 (Windows; U; Windows NT 5.1; en-US; rv:1.9.0.7) Gecko/2009021910 Firefox/3.0.7"
71.195.46.8 - - [09/Mar/2009:00:34:48 +0100] "GET /framez_0.html HTTP/1.1" 200 12444 "http://www.various-euro.com/" "Mozilla/5.0 (Windows; U; Windows NT 5.1; en-US; rv:1.9.0.7) Gecko/2009021910 Firefox/3.0.7"
71.195.46.8 - - [09/Mar/2009:00:34:49 +0100] "GET /ve-icon-2.ico HTTP/1.1" 200 2238 "-" "Mozilla/5.0 (Windows; U; Windows NT 5.1; en-US; rv:1.9.0.7) Gecko/2009021910 Firefox/3.0.7"
66.249.71.137 - - [09/Mar/2009:00:36:03 +0100] "GET /3dsf3/sendi/animals.html HTTP/1.1" 200 1422 "-" "Mozilla/5.0 (compatible; Googlebot/2.1; +http://www.google.com/bot.html)"
208.80.195.34 - - [09/Mar/2009:00:41:19 +0100] "GET / HTTP/1.0" 200 7869 "-" "Mozilla/4.0 (compatible; MSIE 7.0; Windows NT 5.1; {5ADAE83B-0E7D-4971-AF46-B724AAC510CC}; .NET CLR 1.0.3705; .NET CLR 1.1.4322)"
208.80.195.34 - - [09/Mar/2009:00:41:19 +0100] "GET / HTTP/1.0" 200 7869 "-" "Mozilla/4.0 (compatible; MSIE 6.0; Windows 98; FunWebProducts; .NET CLR 1.1.4322; yplus 5.1.04b)"
72.30.81.159 - - [09/Mar/2009:01:43:29 +0100] "GET /robots.txt HTTP/1.0" 200 64 "-" "Mozilla/5.0 (compatible; Yahoo! Slurp; http://help.yahoo.com/help/us/ysearch/slurp)"
72.30.81.159 - - [09/Mar/2009:01:43:29 +0100] "GET /schubb/schubb-1.html HTTP/1.0" 200 9070 "-" "Mozilla/5.0 (compatible; Yahoo! Slurp/3.0; http://help.yahoo.com/help/us/ysearch/slurp)"
72.30.81.159 - - [09/Mar/2009:01:57:49 +0100] "GET /neon/warning2.html HTTP/1.0" 200 997 "-" "Mozilla/5.0 (compatible; Yahoo! Slurp/3.0; http://help.yahoo.com/help/us/ysearch/slurp)"
72.30.81.159 - - [09/Mar/2009:02:14:05 +0100] "GET /SlurpConfirm404/bcheats/presentation/p070199tc.htm HTTP/1.0" 404 2748 "-" "Mozilla/5.0 (compatible; Yahoo! Slurp/3.0; http://help.yahoo.com/help/us/ysearch/slurp)"
72.30.81.159 - - [09/Mar/2009:02:14:06 +0100] "GET /SlurpConfirm404/ccp_faq/kegel.htm HTTP/1.0" 404 2748 "-" "Mozilla/5.0 (compatible; Yahoo! Slurp/3.0; http://help.yahoo.com/help/us/ysearch/slurp)"
72.30.81.159 - - [09/Mar/2009:02:16:20 +0100] "GET /SlurpConfirm404.htm HTTP/1.0" 404 2748 "-" "Mozilla/5.0 (compatible; Yahoo! Slurp/3.0; http://help.yahoo.com/help/us/ysearch/slurp)"
72.30.81.159 - - [09/Mar/2009:02:20:01 +0100] "GET /SlurpConfirm404/reisetipps.htm HTTP/1.0" 404 2748 "-" "Mozilla/5.0 (compatible; Yahoo! Slurp/3.0; http://help.yahoo.com/help/us/ysearch/slurp)"
72.30.81.159 - - [09/Mar/2009:02:34:15 +0100] "GET /SlurpConfirm404/announcements.htm HTTP/1.0" 404 2748 "-" "Mozilla/5.0 (compatible; Yahoo! Slurp/3.0; http://help.yahoo.com/help/us/ysearch/slurp)"
87.156.42.251 - - [09/Mar/2009:02:49:19 +0100] "GET / HTTP/1.1" 200 7869 "http://www.askpeter.info/gosearch.php?pt1=1&pt3=1&pt4=0&pt6=0&pt7=all&pt8=0&pt9=0&q=various-euro" "Mozilla/5.0 (compatible; askpeter_bot_5.0; +http://www.askpeter.info)"
81.52.143.37 - - [09/Mar/2009:03:24:45 +0100] "GET /robots.txt HTTP/1.1" 200 64 "-" "Mozilla/5.0 (Windows; U; Windows NT 5.1; fr; rv:1.8.1) VoilaBot BETA 1.2 (support.voilabot@orange-ftgroup.com)"
81.52.143.37 - - [09/Mar/2009:03:25:00 +0100] "GET /warez.html HTTP/1.1" 200 9754 "-" "Mozilla/5.0 (Windows; U; Windows NT 5.1; fr; rv:1.8.1) VoilaBot BETA 1.2 (support.voilabot@orange-ftgroup.com)"
66.235.124.7 - - [09/Mar/2009:03:49:01 +0100] "GET /framez.html HTTP/1.1" 200 3959 "-" "Mozilla/5.0 (compatible; Ask Jeeves/Teoma; +http://about.ask.com/en/docs/about/webmasters.shtml)"
66.235.124.7 - - [09/Mar/2009:03:49:01 +0100] "GET /frame-menu.html HTTP/1.1" 200 10536 "-" "Mozilla/5.0 (compatible; Ask Jeeves/Teoma; +http://about.ask.com/en/docs/about/webmasters.shtml)"
66.235.124.7 - - [09/Mar/2009:03:49:02 +0100] "GET /frame-inhalt.html HTTP/1.1" 200 5418 "-" "Mozilla/5.0 (compatible; Ask Jeeves/Teoma; +http://about.ask.com/en/docs/about/webmasters.shtml)"
66.235.124.7 - - [09/Mar/2009:03:49:02 +0100] "GET /frame-unten.html HTTP/1.1" 200 5308 "-" "Mozilla/5.0 (compatible; Ask Jeeves/Teoma; +http://about.ask.com/en/docs/about/webmasters.shtml)"
193.252.149.15 - - [09/Mar/2009:03:56:56 +0100] "GET /neon/euro.html HTTP/1.1" 200 2212 "-" "Mozilla/5.0 (Windows; U; Windows NT 5.1; fr; rv:1.8.1) VoilaBot BETA 1.2 (support.voilabot@orange-ftgroup.com)"
75.74.35.213 - - [09/Mar/2009:04:29:49 +0100] "GET /cgi-bin/imageFolio.cgi HTTP/1.1" 404 2748 "http://various-euro.com/cgi-bin/imageFolio.cgi" "Mozilla/4.0 (compatible; MSIE 6.0; Windows NT 5.1)"
74.86.223.42 - - [09/Mar/2009:04:46:41 +0100] "GET / HTTP/1.1" 206 7869 "http://www.followsite.com/bot.html" "FollowSite Bot ( http://www.followsite.com/bot.html )"
193.252.149.16 - - [09/Mar/2009:04:49:17 +0100] "GET /DgH/rampe/index.html HTTP/1.1" 200 2056 "-" "Mozilla/5.0 (Windows; U; Windows NT 5.1; fr; rv:1.8.1) VoilaBot BETA 1.2 (support.voilabot@orange-ftgroup.com)"
72.30.81.159 - - [09/Mar/2009:05:09:52 +0100] "GET /framez.html HTTP/1.0" 200 3959 "-" "Mozilla/5.0 (compatible; Yahoo! Slurp; http://help.yahoo.com/help/us/ysearch/slurp)"
72.30.81.159 - - [09/Mar/2009:05:09:53 +0100] "GET /frame-menu.html HTTP/1.0" 200 10536 "-" "Mozilla/5.0 (compatible; Yahoo! Slurp; http://help.yahoo.com/help/us/ysearch/slurp)"
72.30.81.159 - - [09/Mar/2009:05:09:54 +0100] "GET /frame-inhalt.html HTTP/1.0" 200 5418 "-" "Mozilla/5.0 (compatible; Yahoo! Slurp; http://help.yahoo.com/help/us/ysearch/slurp)"
72.30.81.159 - - [09/Mar/2009:05:09:55 +0100] "GET /frame-unten.html HTTP/1.0" 200 5308 "-" "Mozilla/5.0 (compatible; Yahoo! Slurp; http://help.yahoo.com/help/us/ysearch/slurp)"
193.252.149.15 - - [09/Mar/2009:05:29:15 +0100] "GET /neon/europa.html HTTP/1.1" 200 389 "-" "Mozilla/5.0 (Windows; U; Windows NT 5.1; fr; rv:1.8.1) VoilaBot BETA 1.2 (support.voilabot@orange-ftgroup.com)"
72.30.81.159 - - [09/Mar/2009:05:29:52 +0100] "GET /SlurpConfirm404/drft/isar/masterworks.htm HTTP/1.0" 404 2748 "-" "Mozilla/5.0 (compatible; Yahoo! Slurp/3.0; http://help.yahoo.com/help/us/ysearch/slurp)"
72.30.81.159 - - [09/Mar/2009:05:33:02 +0100] "GET /SlurpConfirm404/www.sussex.ac.uk/usctwest.htm HTTP/1.0" 404 2748 "-" "Mozilla/5.0 (compatible; Yahoo! Slurp/3.0; http://help.yahoo.com/help/us/ysearch/slurp)"
72.30.81.159 - - [09/Mar/2009:05:52:38 +0100] "GET /neon/code.html HTTP/1.0" 200 1109 "-" "Mozilla/5.0 (compatible; Yahoo! Slurp/3.0; http://help.yahoo.com/help/us/ysearch/slurp)"
72.30.81.159 - - [09/Mar/2009:05:53:33 +0100] "GET /SlurpConfirm404/sharantyr/siogama%2Ctagazyou.htm HTTP/1.0" 404 2748 "-" "Mozilla/5.0 (compatible; Yahoo! Slurp/3.0; http://help.yahoo.com/help/us/ysearch/slurp)"
81.52.143.33 - - [09/Mar/2009:06:04:38 +0100] "GET /bmpp/18.html HTTP/1.1" 200 4467 "-" "Mozilla/5.0 (Windows; U; Windows NT 5.1; fr; rv:1.8.1) VoilaBot BETA 1.2 (support.voilabot@orange-ftgroup.com)"
72.30.81.159 - - [09/Mar/2009:06:05:52 +0100] "GET /SlurpConfirm404.htm HTTP/1.0" 404 2748 "-" "Mozilla/5.0 (compatible; Yahoo! Slurp/3.0; http://help.yahoo.com/help/us/ysearch/slurp)"
193.252.149.16 - - [09/Mar/2009:06:14:01 +0100] "GET /neon/channel.html HTTP/1.1" 200 1942 "-" "Mozilla/5.0 (Windows; U; Windows NT 5.1; fr; rv:1.8.1) VoilaBot BETA 1.2 (support.voilabot@orange-ftgroup.com)"
72.30.81.159 - - [09/Mar/2009:06:29:49 +0100] "GET /framez-rez.html HTTP/1.0" 200 4323 "-" "Mozilla/5.0 (compatible; Yahoo! Slurp/3.0; http://help.yahoo.com/help/us/ysearch/slurp)"
72.30.81.159 - - [09/Mar/2009:06:29:51 +0100] "GET /frame-menu.html HTTP/1.0" 200 10536 "http://www.various-euro.com/framez-rez.html" "Mozilla/5.0 (compatible; Yahoo! Slurp/3.0; http://help.yahoo.com/help/us/ysearch/slurp)"
72.30.81.159 - - [09/Mar/2009:06:29:51 +0100] "GET /f-rez.html HTTP/1.0" 200 9765 "http://www.various-euro.com/framez-rez.html" "Mozilla/5.0 (compatible; Yahoo! Slurp/3.0; http://help.yahoo.com/help/us/ysearch/slurp)"
72.30.81.159 - - [09/Mar/2009:06:29:51 +0100] "GET /frame-unten.html HTTP/1.0" 200 5308 "http://www.various-euro.com/framez-rez.html" "Mozilla/5.0 (compatible; Yahoo! Slurp/3.0; http://help.yahoo.com/help/us/ysearch/slurp)"
72.30.81.159 - - [09/Mar/2009:06:29:52 +0100] "GET /style/various-euro.css HTTP/1.0" 304 - "http://www.various-euro.com/frame-menu.html" "Mozilla/5.0 (compatible; Yahoo! Slurp/3.0; http://help.yahoo.com/help/us/ysearch/slurp)"
72.30.81.159 - - [09/Mar/2009:06:37:37 +0100] "GET /SlurpConfirm404/tut/ijinkanichiran/manneris.htm HTTP/1.0" 404 2748 "-" "Mozilla/5.0 (compatible; Yahoo! Slurp/3.0; http://help.yahoo.com/help/us/ysearch/slurp)"
74.6.8.101 - - [09/Mar/2009:06:45:13 +0100] "GET /robots.txt HTTP/1.0" 302 363 "-" "Mozilla/5.0 (compatible; Yahoo! Slurp; http://help.yahoo.com/help/us/ysearch/slurp)"
74.6.8.101 - - [09/Mar/2009:06:45:14 +0100] "GET /zampa/robots.txt HTTP/1.0" 404 2748 "-" "Mozilla/5.0 (compatible; Yahoo! Slurp; http://help.yahoo.com/help/us/ysearch/slurp)"
74.6.8.101 - - [09/Mar/2009:06:45:15 +0100] "GET / HTTP/1.0" 302 353 "-" "Mozilla/5.0 (compatible; Yahoo! Slurp; http://help.yahoo.com/help/us/ysearch/slurp)"
72.30.81.159 - - [09/Mar/2009:06:45:17 +0100] "GET /zampa/ HTTP/1.0" 200 7153 "-" "Mozilla/5.0 (compatible; Yahoo! Slurp; http://help.yahoo.com/help/us/ysearch/slurp)"
72.30.81.159 - - [09/Mar/2009:06:56:34 +0100] "GET / HTTP/1.0" 200 7869 "-" "Mozilla/5.0 (compatible; Yahoo! Slurp; http://help.yahoo.com/help/us/ysearch/slurp)"
72.30.81.159 - - [09/Mar/2009:07:13:50 +0100] "GET /f-search.html HTTP/1.0" 200 11800 "-" "Mozilla/5.0 (compatible; Yahoo! Slurp/3.0; http://help.yahoo.com/help/us/ysearch/slurp)"
38.113.234.181 - - [09/Mar/2009:07:13:59 +0100] "GET /robots.txt HTTP/1.1" 200 64 "-" "voyager/2.0 (http://www.kosmix.com/crawler.html)"
193.252.149.15 - - [09/Mar/2009:07:39:18 +0100] "GET /neon/click.html HTTP/1.1" 200 521 "-" "Mozilla/5.0 (Windows; U; Windows NT 5.1; fr; rv:1.8.1) VoilaBot BETA 1.2 (support.voilabot@orange-ftgroup.com)"
81.52.143.32 - - [09/Mar/2009:07:40:42 +0100] "GET /schubb/schubb-2.html HTTP/1.1" 200 16660 "-" "Mozilla/5.0 (Windows; U; Windows NT 5.1; fr; rv:1.8.1) VoilaBot BETA 1.2 (support.voilabot@orange-ftgroup.com)"
76.184.24.12 - - [09/Mar/2009:08:05:11 +0100] "GET / HTTP/1.1" 200 7869 "-" "Mozilla/5.0 (Windows; U; Windows NT 5.1; en; rv:1.8.1.8) Gecko/20071008 Firefox/2.0.0.8"
72.30.81.159 - - [09/Mar/2009:08:12:10 +0100] "GET /schubb/schubb-3.html HTTP/1.0" 200 17546 "-" "Mozilla/5.0 (compatible; Yahoo! Slurp/3.0; http://help.yahoo.com/help/us/ysearch/slurp)"
72.30.81.159 - - [09/Mar/2009:08:48:07 +0100] "GET /frame-unten.html HTTP/1.0" 200 5308 "-" "Mozilla/5.0 (compatible; Yahoo! Slurp/3.0; http://help.yahoo.com/help/us/ysearch/slurp)"
87.250.39.216 - - [09/Mar/2009:09:47:15 +0100] "GET /favicon.ico HTTP/1.1" 302 364 "-" "Mozilla/4.0 (compatible; GoogleToolbar 5.0.2124.6042; Windows XP 5.1; MSIE 7.0.5730.13)"
87.250.39.216 - - [09/Mar/2009:09:47:15 +0100] "GET /zampa/favicon.ico HTTP/1.1" 404 2748 "-" "Mozilla/4.0 (compatible; GoogleToolbar 5.0.2124.6042; Windows XP 5.1; MSIE 7.0.5730.13)"
87.250.39.216 - - [09/Mar/2009:09:47:16 +0100] "GET /favicon.gif HTTP/1.1" 302 364 "-" "Mozilla/4.0 (compatible; GoogleToolbar 5.0.2124.6042; Windows XP 5.1; MSIE 7.0.5730.13)"
87.250.39.216 - - [09/Mar/2009:09:47:16 +0100] "GET /zampa/favicon.gif HTTP/1.1" 404 2748 "-" "Mozilla/4.0 (compatible; GoogleToolbar 5.0.2124.6042; Windows XP 5.1; MSIE 7.0.5730.13)"
208.36.144.6 - - [09/Mar/2009:09:54:45 +0100] "GET /robots.txt HTTP/1.0" 302 363 "-" "Mozilla/5.0 (Twiceler-0.9 http://www.cuil.com/twiceler/robot.html)"
72.30.81.159 - - [09/Mar/2009:10:00:29 +0100] "GET /f-world.html HTTP/1.0" 200 35590 "-" "Mozilla/5.0 (compatible; Yahoo! Slurp/3.0; http://help.yahoo.com/help/us/ysearch/slurp)"
38.105.83.10 - - [09/Mar/2009:10:18:51 +0100] "GET /restate_copy.html HTTP/1.1" 200 97631 "http://www.google.com/custom?cof=GALT%3A336600%3BVLC%3A000066%3BAH%3Acenter%3BBGC%3AFFFFFF%3BLH%3A81%3BLC%3A000066%3BGFNT%3A336600%3BL%3Ahttp%3A%2F%2Fcyveillance.allthesites.com%2Fimages%2Fats_logo.gif%3BALC%3A000066%3BLW%3A361%3BT%3A000066%3BGIMP%3A336600%3BAWFID%3A248cacfbbe0ae58f%3B&q=%22state%20farm%22%20yahoo%20%22previous%20message%22&num=100&hl=en&start=0&filter=0" "Mozilla/4.0 (compatible; MSIE 5.5; Windows NT 5.0)"
87.250.39.216 - - [09/Mar/2009:10:25:45 +0100] "GET /favicon.ico HTTP/1.1" 302 364 "-" "Mozilla/4.0 (compatible; GoogleToolbar 5.0.2124.6042; Windows XP 5.1; MSIE 7.0.5730.13)"
87.250.39.216 - - [09/Mar/2009:10:25:45 +0100] "GET /zampa/favicon.ico HTTP/1.1" 404 2748 "-" "Mozilla/4.0 (compatible; GoogleToolbar 5.0.2124.6042; Windows XP 5.1; MSIE 7.0.5730.13)"
87.250.39.216 - - [09/Mar/2009:10:25:45 +0100] "GET /favicon.gif HTTP/1.1" 302 364 "-" "Mozilla/4.0 (compatible; GoogleToolbar 5.0.2124.6042; Windows XP 5.1; MSIE 7.0.5730.13)"
87.250.39.216 - - [09/Mar/2009:10:25:45 +0100] "GET /zampa/favicon.gif HTTP/1.1" 404 2748 "-" "Mozilla/4.0 (compatible; GoogleToolbar 5.0.2124.6042; Windows XP 5.1; MSIE 7.0.5730.13)"
87.250.39.216 - - [09/Mar/2009:10:29:00 +0100] "GET /favicon.ico HTTP/1.1" 302 364 "-" "Mozilla/4.0 (compatible; GoogleToolbar 5.0.2124.6042; Windows XP 5.1; MSIE 7.0.5730.13)"
87.250.39.216 - - [09/Mar/2009:10:29:00 +0100] "GET /zampa/favicon.ico HTTP/1.1" 404 2748 "-" "Mozilla/4.0 (compatible; GoogleToolbar 5.0.2124.6042; Windows XP 5.1; MSIE 7.0.5730.13)"
87.250.39.216 - - [09/Mar/2009:10:29:00 +0100] "GET /favicon.gif HTTP/1.1" 302 364 "-" "Mozilla/4.0 (compatible; GoogleToolbar 5.0.2124.6042; Windows XP 5.1; MSIE 7.0.5730.13)"
87.250.39.216 - - [09/Mar/2009:10:29:00 +0100] "GET /zampa/favicon.gif HTTP/1.1" 404 2748 "-" "Mozilla/4.0 (compatible; GoogleToolbar 5.0.2124.6042; Windows XP 5.1; MSIE 7.0.5730.13)"
87.250.39.216 - - [09/Mar/2009:10:29:14 +0100] "GET /favicon.ico HTTP/1.1" 302 364 "-" "Mozilla/4.0 (compatible; GoogleToolbar 5.0.2124.6042; Windows XP 5.1; MSIE 7.0.5730.13)"
87.250.39.216 - - [09/Mar/2009:10:29:14 +0100] "GET /zampa/favicon.ico HTTP/1.1" 404 2748 "-" "Mozilla/4.0 (compatible; GoogleToolbar 5.0.2124.6042; Windows XP 5.1; MSIE 7.0.5730.13)"
87.250.39.216 - - [09/Mar/2009:10:29:14 +0100] "GET /favicon.gif HTTP/1.1" 302 364 "-" "Mozilla/4.0 (compatible; GoogleToolbar 5.0.2124.6042; Windows XP 5.1; MSIE 7.0.5730.13)"
87.250.39.216 - - [09/Mar/2009:10:29:14 +0100] "GET /zampa/favicon.gif HTTP/1.1" 404 2748 "-" "Mozilla/4.0 (compatible; GoogleToolbar 5.0.2124.6042; Windows XP 5.1; MSIE 7.0.5730.13)"
72.30.81.159 - - [09/Mar/2009:10:48:24 +0100] "GET /logs/usage_200608.html HTTP/1.0" 200 108723 "-" "Mozilla/5.0 (compatible; Yahoo! Slurp/3.0; http://help.yahoo.com/help/us/ysearch/slurp)"
72.30.81.159 - - [09/Mar/2009:10:48:27 +0100] "GET /logs/usage_200608.html HTTP/1.0" 200 108723 "-" "Mozilla/5.0 (compatible; Yahoo! Slurp/3.0; http://help.yahoo.com/help/us/ysearch/slurp)"
66.249.71.137 - - [09/Mar/2009:10:50:17 +0100] "GET /neon/slow-walk.html HTTP/1.1" 200 1640 "-" "Mozilla/5.0 (compatible; Googlebot/2.1; +http://www.google.com/bot.html)"
72.30.81.159 - - [09/Mar/2009:10:57:53 +0100] "GET /SlurpConfirm404/virus.htm HTTP/1.0" 404 2748 "-" "Mozilla/5.0 (compatible; Yahoo! Slurp/3.0; http://help.yahoo.com/help/us/ysearch/slurp)"
66.249.71.135 - - [09/Mar/2009:11:03:49 +0100] "GET /logs/usage_200903.html HTTP/1.1" 404 2748 "-" "Mozilla/5.0 (compatible; Googlebot/2.1; +http://www.google.com/bot.html)"
66.249.71.135 - - [09/Mar/2009:11:20:32 +0100] "GET /robots.txt HTTP/1.1" 200 64 "-" "Mozilla/5.0 (compatible; Googlebot/2.1; +http://www.google.com/bot.html)"
66.249.71.135 - - [09/Mar/2009:11:20:32 +0100] "GET /framez-contact.html HTTP/1.1" 200 4325 "-" "Mozilla/5.0 (compatible; Googlebot/2.1; +http://www.google.com/bot.html)"
145.102.8.75 - - [09/Mar/2009:11:29:33 +0100] "GET /zampa-lovers/index.html HTTP/1.0" 200 37790 "http://search.msn.com/results.aspx?srch=106&FORM=AS6&q=agane+irak" "Mozilla/4.0 (compatible; MSIE 6.0; Windows NT 5.0)"
145.102.8.75 - - [09/Mar/2009:11:29:33 +0100] "GET /zampa-lovers/kralle.gif HTTP/1.0" 404 2748 "http://www.various-euro.com/zampa-lovers/index.html" "Mozilla/4.0 (compatible; MSIE 6.0; Windows NT 5.0)"
145.102.8.75 - - [09/Mar/2009:11:29:33 +0100] "GET /zampa-lovers/DRAGAN_Z.JPG HTTP/1.0" 200 6850 "http://www.various-euro.com/zampa-lovers/index.html" "Mozilla/4.0 (compatible; MSIE 6.0; Windows NT 5.0)"
145.102.8.75 - - [09/Mar/2009:11:29:33 +0100] "GET /zampa-lovers/MILIZA_2.JPG HTTP/1.0" 200 22172 "http://www.various-euro.com/zampa-lovers/index.html" "Mozilla/4.0 (compatible; MSIE 6.0; Windows NT 5.0)"
145.102.8.75 - - [09/Mar/2009:11:29:33 +0100] "GET /zampa-lovers/MILIZA_3.JPG HTTP/1.0" 200 26924 "http://www.various-euro.com/zampa-lovers/index.html" "Mozilla/4.0 (compatible; MSIE 6.0; Windows NT 5.0)"
145.102.8.75 - - [09/Mar/2009:11:29:33 +0100] "GET /zampa-lovers/MILIZA_B.JPG HTTP/1.0" 200 10947 "http://www.various-euro.com/zampa-lovers/index.html" "Mozilla/4.0 (compatible; MSIE 6.0; Windows NT 5.0)"
145.102.8.75 - - [09/Mar/2009:11:29:33 +0100] "GET /zampa-lovers/DRAGANZA.JPG HTTP/1.0" 200 18560 "http://www.various-euro.com/zampa-lovers/index.html" "Mozilla/4.0 (compatible; MSIE 6.0; Windows NT 5.0)"
145.102.8.75 - - [09/Mar/2009:11:29:33 +0100] "GET /zampa-lovers/MILIZA_4.JPG HTTP/1.0" 200 9946 "http://www.various-euro.com/zampa-lovers/index.html" "Mozilla/4.0 (compatible; MSIE 6.0; Windows NT 5.0)"
145.102.8.75 - - [09/Mar/2009:11:29:33 +0100] "GET /zampa-lovers/zampa.gif HTTP/1.0" 200 460627 "http://www.various-euro.com/zampa-lovers/index.html" "Mozilla/4.0 (compatible; MSIE 6.0; Windows NT 5.0)"
145.102.8.75 - - [09/Mar/2009:11:29:34 +0100] "GET /zampa-lovers/Kralle.gif HTTP/1.0" 200 260 "http://www.various-euro.com/zampa-lovers/index.html" "Mozilla/4.0 (compatible; MSIE 6.0; Windows NT 5.0)"
145.102.8.75 - - [09/Mar/2009:11:29:34 +0100] "GET /zampa-lovers/1SEITEVE.GIF HTTP/1.0" 200 78726 "http://www.various-euro.com/zampa-lovers/index.html" "Mozilla/4.0 (compatible; MSIE 6.0; Windows NT 5.0)"
145.102.8.75 - - [09/Mar/2009:11:29:34 +0100] "GET /zampa-lovers/2SEITEVE.GIF HTTP/1.0" 200 83466 "http://www.various-euro.com/zampa-lovers/index.html" "Mozilla/4.0 (compatible; MSIE 6.0; Windows NT 5.0)"
145.102.8.75 - - [09/Mar/2009:11:29:34 +0100] "GET /zampa-lovers/zampa-2X2.gif HTTP/1.0" 200 6948 "http://www.various-euro.com/zampa-lovers/index.html" "Mozilla/4.0 (compatible; MSIE 6.0; Windows NT 5.0)"
145.102.8.75 - - [09/Mar/2009:11:29:34 +0100] "GET /zampa-lovers/zampamali.gif HTTP/1.0" 200 2617 "http://www.various-euro.com/zampa-lovers/index.html" "Mozilla/4.0 (compatible; MSIE 6.0; Windows NT 5.0)"
145.102.8.75 - - [09/Mar/2009:11:29:36 +0100] "GET /zampa-lovers/ZAMPAMA2.MPG HTTP/1.0" 200 63492 "-" "Windows-Media-Player/9.00.00.2980"
145.102.8.75 - - [09/Mar/2009:11:29:36 +0100] "GET /zampa-lovers/WASISTMI1.MPG HTTP/1.0" 200 271221 "-" "Windows-Media-Player/9.00.00.2980"
145.102.8.75 - - [09/Mar/2009:11:29:36 +0100] "GET /zampa-lovers/WASISTMI1.MPG HTTP/1.0" 200 271221 "-" "Mozilla/4.0 (compatible; MSIE 6.0; Windows NT 5.0)"
145.102.8.75 - - [09/Mar/2009:11:29:37 +0100] "GET /framez-zampa-lovers.html HTTP/1.0" 200 4322 "-" "Mozilla/4.0 (compatible; MSIE 6.0; Windows NT 5.0)"
145.102.8.75 - - [09/Mar/2009:11:29:37 +0100] "GET /frame-menu.html HTTP/1.0" 200 10536 "http://www.various-euro.com/framez-zampa-lovers.html" "Mozilla/4.0 (compatible; MSIE 6.0; Windows NT 5.0)"
145.102.8.75 - - [09/Mar/2009:11:29:37 +0100] "GET /frame-unten.html HTTP/1.0" 200 5308 "http://www.various-euro.com/framez-zampa-lovers.html" "Mozilla/4.0 (compatible; MSIE 6.0; Windows NT 5.0)"
145.102.8.75 - - [09/Mar/2009:11:29:37 +0100] "GET /zampa-lovers/index.html HTTP/1.0" 200 37790 "http://www.various-euro.com/framez-zampa-lovers.html" "Mozilla/4.0 (compatible; MSIE 6.0; Windows NT 5.0)"
145.102.8.75 - - [09/Mar/2009:11:29:38 +0100] "GET /style/various-euro.css HTTP/1.0" 200 3437 "http://www.various-euro.com/frame-menu.html" "Mozilla/4.0 (compatible; MSIE 6.0; Windows NT 5.0)"
145.102.8.75 - - [09/Mar/2009:11:29:38 +0100] "GET /bannerz/ve.jpg HTTP/1.0" 200 36912 "http://www.various-euro.com/frame-unten.html" "Mozilla/4.0 (compatible; MSIE 6.0; Windows NT 5.0)"
145.102.8.75 - - [09/Mar/2009:11:29:38 +0100] "GET /bannerz/various-euro-girl.jpg HTTP/1.0" 200 91514 "http://www.various-euro.com/frame-unten.html" "Mozilla/4.0 (compatible; MSIE 6.0; Windows NT 5.0)"
145.102.8.75 - - [09/Mar/2009:11:29:41 +0100] "GET /zampa-lovers/WASISTMI1.MPG HTTP/1.0" 200 271221 "-" "Windows-Media-Player/9.00.00.2980"
145.102.8.75 - - [09/Mar/2009:11:29:41 +0100] "GET /zampa-lovers/WASISTMI1.MPG HTTP/1.0" 200 271221 "-" "Mozilla/4.0 (compatible; MSIE 6.0; Windows NT 5.0)"
145.102.8.75 - - [09/Mar/2009:11:29:41 +0100] "GET /zampa-lovers/ZAMPAMAS.MPG HTTP/1.0" 200 520196 "-" "Mozilla/4.0 (compatible; MSIE 6.0; Windows NT 5.0)"
145.102.8.75 - - [09/Mar/2009:11:29:41 +0100] "GET /zampa-lovers/ZAMPAMAS.MPG HTTP/1.0" 200 520196 "-" "Windows-Media-Player/9.00.00.2980"
145.102.8.75 - - [09/Mar/2009:11:29:47 +0100] "GET /framez-zampa-lovers.html HTTP/1.0" 200 4322 "-" "Mozilla/4.0 (compatible; MSIE 6.0; Windows NT 5.0)"
145.102.8.75 - - [09/Mar/2009:11:29:47 +0100] "GET /frame-menu.html HTTP/1.0" 200 10536 "http://www.various-euro.com/framez-zampa-lovers.html" "Mozilla/4.0 (compatible; MSIE 6.0; Windows NT 5.0)"
145.102.8.75 - - [09/Mar/2009:11:29:47 +0100] "GET /frame-unten.html HTTP/1.0" 200 5308 "http://www.various-euro.com/framez-zampa-lovers.html" "Mozilla/4.0 (compatible; MSIE 6.0; Windows NT 5.0)"
145.102.8.75 - - [09/Mar/2009:11:29:47 +0100] "GET /zampa-lovers/index.html HTTP/1.0" 200 37790 "http://www.various-euro.com/framez-zampa-lovers.html" "Mozilla/4.0 (compatible; MSIE 6.0; Windows NT 5.0)"
145.102.8.75 - - [09/Mar/2009:11:29:52 +0100] "GET /framez-zampa-lovers.html HTTP/1.0" 200 4322 "-" "Mozilla/4.0 (compatible; MSIE 6.0; Windows NT 5.0)"
145.102.8.75 - - [09/Mar/2009:11:29:53 +0100] "GET /frame-menu.html HTTP/1.0" 200 10536 "http://www.various-euro.com/framez-zampa-lovers.html" "Mozilla/4.0 (compatible; MSIE 6.0; Windows NT 5.0)"
145.102.8.75 - - [09/Mar/2009:11:29:53 +0100] "GET /frame-unten.html HTTP/1.0" 200 5308 "http://www.various-euro.com/framez-zampa-lovers.html" "Mozilla/4.0 (compatible; MSIE 6.0; Windows NT 5.0)"
145.102.8.75 - - [09/Mar/2009:11:29:53 +0100] "GET /zampa-lovers/index.html HTTP/1.0" 200 37790 "http://www.various-euro.com/framez-zampa-lovers.html" "Mozilla/4.0 (compatible; MSIE 6.0; Windows NT 5.0)"
145.102.8.75 - - [09/Mar/2009:11:29:57 +0100] "GET /framez-zampa-lovers.html HTTP/1.0" 200 4322 "-" "Mozilla/4.0 (compatible; MSIE 6.0; Windows NT 5.0)"
81.52.143.34 - - [09/Mar/2009:12:07:59 +0100] "GET /neon/warning.html HTTP/1.1" 200 5134 "-" "Mozilla/5.0 (Windows; U; Windows NT 5.1; fr; rv:1.8.1) VoilaBot BETA 1.2 (support.voilabot@orange-ftgroup.com)"
72.30.81.159 - - [09/Mar/2009:12:09:44 +0100] "GET /robots.txt HTTP/1.0" 200 64 "-" "Mozilla/5.0 (compatible; Yahoo! Slurp; http://help.yahoo.com/help/us/ysearch/slurp)"
72.30.81.159 - - [09/Mar/2009:12:09:44 +0100] "GET /logs/usage_200712.html HTTP/1.0" 200 92577 "-" "Mozilla/5.0 (compatible; Yahoo! Slurp/3.0; http://help.yahoo.com/help/us/ysearch/slurp)"
66.249.71.135 - - [09/Mar/2009:12:21:09 +0100] "GET /f-contact.html HTTP/1.1" 200 6804 "-" "Mozilla/5.0 (compatible; Googlebot/2.1; +http://www.google.com/bot.html)"
72.30.81.159 - - [09/Mar/2009:12:27:15 +0100] "GET /f-other.html HTTP/1.0" 200 33189 "-" "Mozilla/5.0 (compatible; Yahoo! Slurp/3.0; http://help.yahoo.com/help/us/ysearch/slurp)"
193.252.149.16 - - [09/Mar/2009:12:35:22 +0100] "GET /bmpp/18start.html HTTP/1.1" 200 320 "-" "Mozilla/5.0 (Windows; U; Windows NT 5.1; fr; rv:1.8.1) VoilaBot BETA 1.2 (support.voilabot@orange-ftgroup.com)"
66.249.71.137 - - [09/Mar/2009:12:36:19 +0100] "GET /framez-schubb.html HTTP/1.1" 200 4324 "-" "Mozilla/5.0 (compatible; Googlebot/2.1; +http://www.google.com/bot.html)"
66.249.71.135 - - [09/Mar/2009:13:14:11 +0100] "GET /bmpp/crashh3.html HTTP/1.1" 200 9689 "-" "Mozilla/5.0 (compatible; Googlebot/2.1; +http://www.google.com/bot.html)"
72.30.81.159 - - [09/Mar/2009:13:46:36 +0100] "GET /neon/slow-walk2.html HTTP/1.0" 200 1777 "-" "Mozilla/5.0 (compatible; Yahoo! Slurp/3.0; http://help.yahoo.com/help/us/ysearch/slurp)"
74.86.223.42 - - [09/Mar/2009:13:52:15 +0100] "GET / HTTP/1.1" 206 7869 "http://www.followsite.com/bot.html" "FollowSite Bot ( http://www.followsite.com/bot.html )"
75.74.35.213 - - [09/Mar/2009:14:24:09 +0100] "POST /ccbill/ccbill.php HTTP/1.1" 404 2748 "http://various-euro.com/ccbill/ccbill.php" "Mozilla/4.0 (compatible; MSIE 6.0; Windows NT 5.1)"
65.55.231.102 - - [09/Mar/2009:14:36:45 +0100] "GET /robots.txt HTTP/1.1" 200 64 "-" "msnbot-media/1.1 (+http://search.msn.com/msnbot.htm)"
65.55.231.102 - - [09/Mar/2009:14:36:45 +0100] "GET /zampa/slike/S2COPY.GIF HTTP/1.1" 200 12771 "-" "msnbot-media/1.1 (+http://search.msn.com/msnbot.htm)"
193.252.149.15 - - [09/Mar/2009:14:36:57 +0100] "GET /neon/girlz3.html HTTP/1.1" 200 2479 "-" "Mozilla/5.0 (Windows; U; Windows NT 5.1; fr; rv:1.8.1) VoilaBot BETA 1.2 (support.voilabot@orange-ftgroup.com)"
66.249.71.137 - - [09/Mar/2009:14:45:03 +0100] "GET /neon/code.html HTTP/1.1" 200 1109 "-" "Mozilla/5.0 (compatible; Googlebot/2.1; +http://www.google.com/bot.html)"
208.36.144.10 - - [09/Mar/2009:14:49:57 +0100] "GET /robots.txt HTTP/1.0" 200 64 "-" "Mozilla/5.0 (Twiceler-0.9 http://www.cuil.com/twiceler/robot.html)"
66.249.71.135 - - [09/Mar/2009:14:57:25 +0100] "GET /framez.html HTTP/1.1" 200 3959 "-" "Mozilla/5.0 (compatible; Googlebot/2.1; +http://www.google.com/bot.html)"
66.249.71.137 - - [09/Mar/2009:15:15:23 +0100] "GET /3dsf3/sendi/connection.html HTTP/1.1" 200 1336 "-" "Mozilla/5.0 (compatible; Googlebot/2.1; +http://www.google.com/bot.html)"
72.30.81.159 - - [09/Mar/2009:16:00:01 +0100] "GET /logs/usage_200708.html HTTP/1.0" 200 111167 "-" "Mozilla/5.0 (compatible; Yahoo! Slurp/3.0; http://help.yahoo.com/help/us/ysearch/slurp)"
72.30.81.159 - - [09/Mar/2009:16:00:04 +0100] "GET /logs/usage_200708.html HTTP/1.0" 200 111167 "-" "Mozilla/5.0 (compatible; Yahoo! Slurp/3.0; http://help.yahoo.com/help/us/ysearch/slurp)"
41.7.190.179 - - [09/Mar/2009:16:36:55 +0100] "GET / HTTP/1.1" 200 7869 "http://www.google.com/url?sa=D&q=http://www.various-euro.com/&usg=AFQjCNHJKu1uKrgeezKmimy6oTLKdzETTA" "Mozilla/5.0 (Windows; U; Windows NT 6.0; en-US) AppleWebKit/525.19 (KHTML, like Gecko) Chrome/1.0.154.48 Safari/525.19"
41.7.190.179 - - [09/Mar/2009:16:36:57 +0100] "GET /ve-icon-2.ico HTTP/1.1" 200 2238 "-" "Mozilla/5.0 (Windows; U; Windows NT 6.0; en-US) AppleWebKit/525.19 (KHTML, like Gecko) Chrome/1.0.154.48 Safari/525.19"
41.7.190.179 - - [09/Mar/2009:16:36:57 +0100] "GET /framez_0.html HTTP/1.1" 200 12444 "http://www.various-euro.com/" "Mozilla/5.0 (Windows; U; Windows NT 6.0; en-US) AppleWebKit/525.19 (KHTML, like Gecko) Chrome/1.0.154.48 Safari/525.19"
41.7.190.179 - - [09/Mar/2009:16:37:02 +0100] "GET /framez.html HTTP/1.1" 200 3959 "http://www.various-euro.com/framez_0.html" "Mozilla/5.0 (Windows; U; Windows NT 6.0; en-US) AppleWebKit/525.19 (KHTML, like Gecko) Chrome/1.0.154.48 Safari/525.19"
41.7.190.179 - - [09/Mar/2009:16:37:02 +0100] "GET /style/various-euro.css HTTP/1.1" 200 3437 "http://www.various-euro.com/framez.html" "Mozilla/5.0 (Windows; U; Windows NT 6.0; en-US) AppleWebKit/525.19 (KHTML, like Gecko) Chrome/1.0.154.48 Safari/525.19"
41.7.190.179 - - [09/Mar/2009:16:37:03 +0100] "GET /frame-inhalt.html HTTP/1.1" 200 5418 "http://www.various-euro.com/framez.html" "Mozilla/5.0 (Windows; U; Windows NT 6.0; en-US) AppleWebKit/525.19 (KHTML, like Gecko) Chrome/1.0.154.48 Safari/525.19"
41.7.190.179 - - [09/Mar/2009:16:37:03 +0100] "GET /frame-menu.html HTTP/1.1" 200 10536 "http://www.various-euro.com/framez.html" "Mozilla/5.0 (Windows; U; Windows NT 6.0; en-US) AppleWebKit/525.19 (KHTML, like Gecko) Chrome/1.0.154.48 Safari/525.19"
41.7.190.179 - - [09/Mar/2009:16:37:03 +0100] "GET /frame-unten.html HTTP/1.1" 200 5308 "http://www.various-euro.com/framez.html" "Mozilla/5.0 (Windows; U; Windows NT 6.0; en-US) AppleWebKit/525.19 (KHTML, like Gecko) Chrome/1.0.154.48 Safari/525.19"
41.7.190.179 - - [09/Mar/2009:16:37:03 +0100] "GET /bannerz/neon_click_3.gif HTTP/1.1" 200 240 "http://www.various-euro.com/frame-inhalt.html" "Mozilla/5.0 (Windows; U; Windows NT 6.0; en-US) AppleWebKit/525.19 (KHTML, like Gecko) Chrome/1.0.154.48 Safari/525.19"
41.7.190.179 - - [09/Mar/2009:16:37:04 +0100] "GET /eurosign3.gif HTTP/1.1" 200 7879 "http://www.various-euro.com/frame-inhalt.html" "Mozilla/5.0 (Windows; U; Windows NT 6.0; en-US) AppleWebKit/525.19 (KHTML, like Gecko) Chrome/1.0.154.48 Safari/525.19"
41.7.190.179 - - [09/Mar/2009:16:37:04 +0100] "GET /bannerz/neon_click_1.gif HTTP/1.1" 200 890 "http://www.various-euro.com/frame-inhalt.html" "Mozilla/5.0 (Windows; U; Windows NT 6.0; en-US) AppleWebKit/525.19 (KHTML, like Gecko) Chrome/1.0.154.48 Safari/525.19"
41.7.190.179 - - [09/Mar/2009:16:37:03 +0100] "GET /bannerz/goolag_468.jpg HTTP/1.1" 200 28285 "http://www.various-euro.com/frame-inhalt.html" "Mozilla/5.0 (Windows; U; Windows NT 6.0; en-US) AppleWebKit/525.19 (KHTML, like Gecko) Chrome/1.0.154.48 Safari/525.19"
41.7.190.179 - - [09/Mar/2009:16:37:04 +0100] "GET /bannerz/google/Logo_40blk.gif HTTP/1.1" 200 2308 "http://www.various-euro.com/frame-inhalt.html" "Mozilla/5.0 (Windows; U; Windows NT 6.0; en-US) AppleWebKit/525.19 (KHTML, like Gecko) Chrome/1.0.154.48 Safari/525.19"
41.7.190.179 - - [09/Mar/2009:16:37:05 +0100] "GET /bannerz/neon_click_2.gif HTTP/1.1" 200 387 "http://www.various-euro.com/frame-inhalt.html" "Mozilla/5.0 (Windows; U; Windows NT 6.0; en-US) AppleWebKit/525.19 (KHTML, like Gecko) Chrome/1.0.154.48 Safari/525.19"
41.7.190.179 - - [09/Mar/2009:16:37:04 +0100] "GET /bannerz/wet.gif HTTP/1.1" 200 18561 "http://www.various-euro.com/frame-inhalt.html" "Mozilla/5.0 (Windows; U; Windows NT 6.0; en-US) AppleWebKit/525.19 (KHTML, like Gecko) Chrome/1.0.154.48 Safari/525.19"
41.7.190.179 - - [09/Mar/2009:16:37:05 +0100] "GET /bannerz/douwil.gif HTTP/1.1" 200 528 "http://www.various-euro.com/frame-inhalt.html" "Mozilla/5.0 (Windows; U; Windows NT 6.0; en-US) AppleWebKit/525.19 (KHTML, like Gecko) Chrome/1.0.154.48 Safari/525.19"
41.7.190.179 - - [09/Mar/2009:16:37:05 +0100] "GET /bannerz/anti_black_small.gif HTTP/1.1" 200 1009 "http://www.various-euro.com/frame-inhalt.html" "Mozilla/5.0 (Windows; U; Windows NT 6.0; en-US) AppleWebKit/525.19 (KHTML, like Gecko) Chrome/1.0.154.48 Safari/525.19"
41.7.190.179 - - [09/Mar/2009:16:37:05 +0100] "GET /bannerz/copyleft_black_small.gif HTTP/1.1" 200 1231 "http://www.various-euro.com/frame-inhalt.html" "Mozilla/5.0 (Windows; U; Windows NT 6.0; en-US) AppleWebKit/525.19 (KHTML, like Gecko) Chrome/1.0.154.48 Safari/525.19"
41.7.190.179 - - [09/Mar/2009:16:37:06 +0100] "GET /bannerz/ve.jpg HTTP/1.1" 200 36912 "http://www.various-euro.com/frame-unten.html" "Mozilla/5.0 (Windows; U; Windows NT 6.0; en-US) AppleWebKit/525.19 (KHTML, like Gecko) Chrome/1.0.154.48 Safari/525.19"
41.7.190.179 - - [09/Mar/2009:16:37:06 +0100] "GET /bannerz/various-euro-girl.jpg HTTP/1.1" 200 91514 "http://www.various-euro.com/frame-unten.html" "Mozilla/5.0 (Windows; U; Windows NT 6.0; en-US) AppleWebKit/525.19 (KHTML, like Gecko) Chrome/1.0.154.48 Safari/525.19"
72.30.81.159 - - [09/Mar/2009:16:40:44 +0100] "GET /logs/usage_200712.html HTTP/1.0" 200 92577 "-" "Mozilla/5.0 (compatible; Yahoo! Slurp/3.0; http://help.yahoo.com/help/us/ysearch/slurp)"
72.30.81.159 - - [09/Mar/2009:16:40:45 +0100] "GET /logs/usage_200712.html HTTP/1.0" 200 92577 "-" "Mozilla/5.0 (compatible; Yahoo! Slurp/3.0; http://help.yahoo.com/help/us/ysearch/slurp)"
66.249.71.135 - - [09/Mar/2009:17:24:06 +0100] "GET /f-actions.html HTTP/1.1" 200 10429 "-" "Mozilla/5.0 (compatible; Googlebot/2.1; +http://www.google.com/bot.html)"
66.249.71.135 - - [09/Mar/2009:18:24:58 +0100] "GET /bmpp/crashhA.html HTTP/1.1" 200 15304 "-" "Mozilla/5.0 (compatible; Googlebot/2.1; +http://www.google.com/bot.html)"
66.249.71.135 - - [09/Mar/2009:18:32:20 +0100] "GET /bmpp/euro_pal_3a.html HTTP/1.1" 200 330 "-" "Mozilla/5.0 (compatible; Googlebot/2.1; +http://www.google.com/bot.html)"
66.249.71.135 - - [09/Mar/2009:18:47:22 +0100] "GET /logs/usage_200703.html HTTP/1.1" 200 108444 "-" "Mozilla/5.0 (compatible; Googlebot/2.1; +http://www.google.com/bot.html)"
173.3.154.60 - - [09/Mar/2009:18:54:06 +0100] "GET /robots.txt HTTP/1.1" 200 64 "-" "Mozilla/5.0 (Windows; U; Windows NT 5.1; en-US; rv:1.9.0.6) Gecko/2009011913 Firefox/3.0.6 (.NET CLR 3.5.30729)"
72.30.81.159 - - [09/Mar/2009:19:04:05 +0100] "GET /f-zeug.html HTTP/1.0" 200 48203 "-" "Mozilla/5.0 (compatible; Yahoo! Slurp; http://help.yahoo.com/help/us/ysearch/slurp)"
72.30.81.159 - - [09/Mar/2009:19:04:45 +0100] "GET /bmpp/eurolauf.html HTTP/1.0" 200 3078 "-" "Mozilla/5.0 (compatible; Yahoo! Slurp/3.0; http://help.yahoo.com/help/us/ysearch/slurp)"
66.249.71.135 - - [09/Mar/2009:19:10:11 +0100] "GET /schubb/schubb-1.html HTTP/1.1" 200 9070 "-" "Mozilla/5.0 (compatible; Googlebot/2.1; +http://www.google.com/bot.html)"
38.99.127.120 - - [09/Mar/2009:19:35:11 +0100] "GET / HTTP/1.0" 200 7869 "-" "Mozilla/4.0 (compatible; MSIE 7.0; Windows NT 5.1; SV1; .NET CLR 1.1.4322)"
92.228.56.148 - - [09/Mar/2009:20:19:45 +0100] "GET /favicon.ico HTTP/1.1" 404 2748 "-" "Mozilla/5.0 (Windows; U; Windows NT 6.0; de; rv:1.9.0.7) Gecko/2009021910 Firefox/3.0.7"
62.146.68.11 - - [09/Mar/2009:20:46:03 +0100] "GET / HTTP/1.1" 200 7869 "-" "BotTracer; (+http://www.informacja.pl) visited various-euro.com"
87.250.39.216 - - [09/Mar/2009:20:46:43 +0100] "GET /favicon.ico HTTP/1.1" 302 364 "-" "Mozilla/4.0 (compatible; GoogleToolbar 5.0.2124.6042; Windows XP 5.1; MSIE 7.0.5730.13)"
87.250.39.216 - - [09/Mar/2009:20:46:43 +0100] "GET /zampa/favicon.ico HTTP/1.1" 404 2748 "-" "Mozilla/4.0 (compatible; GoogleToolbar 5.0.2124.6042; Windows XP 5.1; MSIE 7.0.5730.13)"
87.250.39.216 - - [09/Mar/2009:20:46:43 +0100] "GET /favicon.gif HTTP/1.1" 302 364 "-" "Mozilla/4.0 (compatible; GoogleToolbar 5.0.2124.6042; Windows XP 5.1; MSIE 7.0.5730.13)"
87.250.39.216 - - [09/Mar/2009:20:46:43 +0100] "GET /zampa/favicon.gif HTTP/1.1" 404 2748 "-" "Mozilla/4.0 (compatible; GoogleToolbar 5.0.2124.6042; Windows XP 5.1; MSIE 7.0.5730.13)"
207.46.92.17 - - [09/Mar/2009:21:31:03 +0100] "GET /vgirls/button1.gif HTTP/1.1" 200 9099 "-" "LWP::Simple/5.814"
81.52.143.33 - - [09/Mar/2009:22:15:51 +0100] "GET /schubb/schubb-1.html HTTP/1.1" 200 9070 "-" "Mozilla/5.0 (Windows; U; Windows NT 5.1; fr; rv:1.8.1) VoilaBot BETA 1.2 (support.voilabot@orange-ftgroup.com)"
72.30.81.159 - - [09/Mar/2009:22:28:03 +0100] "GET /bmpp/euro_pal_111.html HTTP/1.0" 200 2129 "-" "Mozilla/5.0 (compatible; Yahoo! Slurp; http://help.yahoo.com/help/us/ysearch/slurp)"
71.105.100.82 - - [09/Mar/2009:22:39:36 +0100] "GET /neon/annniiii.html HTTP/1.1" 200 686 "http://www.google.com/search?hl=en&q=euros+adult" "Mozilla/4.0 (compatible; MSIE 7.0; Windows NT 5.1; .NET CLR 1.1.4322; .NET CLR 2.0.50727)"
71.105.100.82 - - [09/Mar/2009:22:39:37 +0100] "GET /neon/blacksatin.jpg HTTP/1.1" 200 5695 "http://www.various-euro.com/neon/annniiii.html" "Mozilla/4.0 (compatible; MSIE 7.0; Windows NT 5.1; .NET CLR 1.1.4322; .NET CLR 2.0.50727)"
71.105.100.82 - - [09/Mar/2009:22:39:37 +0100] "GET /neon/pamtv.gif HTTP/1.1" 200 9732 "http://www.various-euro.com/neon/annniiii.html" "Mozilla/4.0 (compatible; MSIE 7.0; Windows NT 5.1; .NET CLR 1.1.4322; .NET CLR 2.0.50727)"
71.105.100.82 - - [09/Mar/2009:22:39:37 +0100] "GET /neon/pam.gif HTTP/1.1" 200 17268 "http://www.various-euro.com/neon/annniiii.html" "Mozilla/4.0 (compatible; MSIE 7.0; Windows NT 5.1; .NET CLR 1.1.4322; .NET CLR 2.0.50727)"
71.105.100.82 - - [09/Mar/2009:22:39:38 +0100] "GET /favicon.ico HTTP/1.1" 404 2748 "-" "Mozilla/4.0 (compatible; MSIE 7.0; Windows NT 5.1; .NET CLR 1.1.4322; .NET CLR 2.0.50727)"
66.249.71.251 - - [09/Mar/2009:23:41:10 +0100] "GET /games/virtualcop/virtualcop.html HTTP/1.1" 200 4487 "-" "Mozilla/5.0 (compatible; Googlebot/2.1; +http://www.google.com/bot.html)"
65.55.108.132 - - [09/Mar/2009:23:47:01 +0100] "GET /robots.txt HTTP/1.1" 200 64 "-" "msnbot-media/1.1 (+http://search.msn.com/msnbot.htm)"
65.55.108.132 - - [09/Mar/2009:23:47:01 +0100] "GET /zampa-lovers/2SEITEVE.GIF HTTP/1.1" 200 83466 "-" "msnbot-media/1.1 (+http://search.msn.com/msnbot.htm)"
72.30.81.159 - - [10/Mar/2009:00:12:06 +0100] "GET /framez-rez.html HTTP/1.0" 200 4323 "-" "Mozilla/5.0 (compatible; Yahoo! Slurp/3.0; http://help.yahoo.com/help/us/ysearch/slurp)"
72.30.81.159 - - [10/Mar/2009:00:12:06 +0100] "GET /frame-menu.html HTTP/1.0" 200 10536 "http://www.various-euro.com/framez-rez.html" "Mozilla/5.0 (compatible; Yahoo! Slurp/3.0; http://help.yahoo.com/help/us/ysearch/slurp)"
72.30.81.159 - - [10/Mar/2009:00:12:06 +0100] "GET /frame-unten.html HTTP/1.0" 200 5308 "http://www.various-euro.com/framez-rez.html" "Mozilla/5.0 (compatible; Yahoo! Slurp/3.0; http://help.yahoo.com/help/us/ysearch/slurp)"
72.30.81.159 - - [10/Mar/2009:00:12:06 +0100] "GET /f-rez.html HTTP/1.0" 200 9765 "http://www.various-euro.com/framez-rez.html" "Mozilla/5.0 (compatible; Yahoo! Slurp/3.0; http://help.yahoo.com/help/us/ysearch/slurp)"
72.30.81.159 - - [10/Mar/2009:00:12:07 +0100] "GET /style/various-euro.css HTTP/1.0" 304 - "http://www.various-euro.com/frame-menu.html" "Mozilla/5.0 (compatible; Yahoo! Slurp/3.0; http://help.yahoo.com/help/us/ysearch/slurp)"
83.167.62.177 - - [10/Mar/2009:00:17:22 +0100] "GET /robots.txt HTTP/1.1" 200 64 "-" "Mozilla/5.0 (compatible; Exabot/3.0; +http://www.exabot.com/go/robot)"
83.167.62.177 - - [10/Mar/2009:00:17:22 +0100] "GET /framez.html HTTP/1.1" 200 3959 "-" "Mozilla/5.0 (compatible; Exabot/3.0; +http://www.exabot.com/go/robot)"
66.249.71.249 - - [10/Mar/2009:00:32:24 +0100] "GET /robots.txt HTTP/1.1" 200 64 "-" "Mozilla/5.0 (compatible; Googlebot/2.1; +http://www.google.com/bot.html)"
66.249.71.249 - - [10/Mar/2009:00:32:24 +0100] "GET /style/various-euro.css HTTP/1.1" 200 3437 "-" "Mozilla/5.0 (compatible; Googlebot/2.1; +http://www.google.com/bot.html)"
66.249.71.249 - - [10/Mar/2009:01:08:05 +0100] "GET /schubb/schubb-3.html HTTP/1.1" 200 17546 "-" "Mozilla/5.0 (compatible; Googlebot/2.1; +http://www.google.com/bot.html)"
193.252.149.16 - - [10/Mar/2009:01:40:55 +0100] "GET / HTTP/1.1" 200 7869 "-" "Mozilla/5.0 (Windows; U; Windows NT 5.1; fr; rv:1.8.1) VoilaBot BETA 1.2 (support.voilabot@orange-ftgroup.com)"
66.249.71.249 - - [10/Mar/2009:01:41:35 +0100] "GET /framez-zeug.html HTTP/1.1" 200 4311 "-" "Mozilla/5.0 (compatible; Googlebot/2.1; +http://www.google.com/bot.html)"
72.30.81.159 - - [10/Mar/2009:01:56:39 +0100] "GET /robots.txt HTTP/1.0" 200 64 "-" "Mozilla/5.0 (compatible; Yahoo! Slurp; http://help.yahoo.com/help/us/ysearch/slurp)"
72.30.81.159 - - [10/Mar/2009:01:57:02 +0100] "GET /f-web.html HTTP/1.0" 200 13605 "-" "Mozilla/5.0 (compatible; Yahoo! Slurp/3.0; http://help.yahoo.com/help/us/ysearch/slurp)"
66.249.71.249 - - [10/Mar/2009:02:19:19 +0100] "GET /bmpp/18.html HTTP/1.1" 200 4467 "-" "Mozilla/5.0 (compatible; Googlebot/2.1; +http://www.google.com/bot.html)"
91.107.198.120 - - [10/Mar/2009:02:20:54 +0100] "GET /framez-rez.html HTTP/1.1" 200 4323 "-" "User-Agent: Mozilla/4.0 (compatible; MSIE 7.0; Windows NT 6.0; GTB5; FunWebProducts; SLCC1; .NET CLR 2.0.50727; Media Center PC 5.0; .NET CLR 3.0.04506)"
119.63.193.43 - - [10/Mar/2009:02:32:20 +0100] "GET / HTTP/1.1" 200 7869 "-" "Baiduspider+(+http://help.baidu.jp/system/05.html)"
72.30.81.159 - - [10/Mar/2009:02:39:44 +0100] "GET /restate_copy.html HTTP/1.0" 200 97631 "-" "Mozilla/5.0 (compatible; Yahoo! Slurp/3.0; http://help.yahoo.com/help/us/ysearch/slurp)"
81.52.143.29 - - [10/Mar/2009:02:48:54 +0100] "GET /f-warez.html HTTP/1.1" 200 10953 "-" "Mozilla/5.0 (Windows; U; Windows NT 5.1; fr; rv:1.8.1) VoilaBot BETA 1.2 (support.voilabot@orange-ftgroup.com)"
66.249.71.249 - - [10/Mar/2009:03:09:28 +0100] "GET /frame-inhalt.html HTTP/1.1" 200 5418 "-" "Mozilla/5.0 (compatible; Googlebot/2.1; +http://www.google.com/bot.html)"
72.30.81.159 - - [10/Mar/2009:03:12:48 +0100] "GET /logs/usage_200707.html HTTP/1.0" 200 110942 "-" "Mozilla/5.0 (compatible; Yahoo! Slurp; http://help.yahoo.com/help/us/ysearch/slurp)"
189.137.232.49 - - [10/Mar/2009:03:17:08 +0100] "POST http://various-euro.com/cgi-bin/subscribe_eng.pl HTTP/1.0" 404 2748 "http://various-euro.com/cgi-bin/subscribe_eng.pl" "Mozilla/4.0 (compatible; MSIE 6.0; Windows NT 5.1)"
74.86.223.42 - - [10/Mar/2009:04:00:14 +0100] "GET / HTTP/1.1" 206 7869 "http://www.followsite.com/bot.html" "FollowSite Bot ( http://www.followsite.com/bot.html )"
65.55.108.140 - - [10/Mar/2009:04:11:45 +0100] "GET /robots.txt HTTP/1.1" 200 64 "-" "msnbot-media/1.1 (+http://search.msn.com/msnbot.htm)"
65.55.108.140 - - [10/Mar/2009:04:11:45 +0100] "GET /zampa-lovers/1SEITEVE.GIF HTTP/1.1" 200 78726 "-" "msnbot-media/1.1 (+http://search.msn.com/msnbot.htm)"
67.202.30.8 - - [10/Mar/2009:04:16:09 +0100] "GET /robots.txt HTTP/1.0" 302 363 "-" "SimilarPages/Nutch-1.0-dev (SimilarPages Nutch Crawler; http://www.similarpages.com; info at similarpages dot com)"
67.202.30.8 - - [10/Mar/2009:04:16:09 +0100] "GET / HTTP/1.0" 302 353 "-" "SimilarPages/Nutch-1.0-dev (SimilarPages Nutch Crawler; http://www.similarpages.com; info at similarpages dot com)"
208.80.195.51 - - [10/Mar/2009:04:30:32 +0100] "GET / HTTP/1.0" 200 7869 "-" "Mozilla/4.0 (compatible; MSIE 7.0; Windows NT 5.1; DigExt; MSN 8.0; MSN 8.5; MSNbMSNI; MSNmen-us; MSNcOTH)"
208.80.195.51 - - [10/Mar/2009:04:30:32 +0100] "GET / HTTP/1.0" 200 7869 "-" "Mozilla/4.0 (compatible; MSIE 6.0; Windows NT 5.1; SV1; FunWebProducts; (R1 1.1); .NET CLR 1.1.4322; InfoPath.1)"
72.30.81.159 - - [10/Mar/2009:04:42:16 +0100] "GET /logs/usage_200706.html HTTP/1.0" 200 107008 "-" "Mozilla/5.0 (compatible; Yahoo! Slurp/3.0; http://help.yahoo.com/help/us/ysearch/slurp)"
66.235.124.7 - - [10/Mar/2009:05:45:48 +0100] "GET /robots.txt HTTP/1.1" 200 64 "-" "Mozilla/5.0 (compatible; Ask Jeeves/Teoma; +http://about.ask.com/en/docs/about/webmasters.shtml)"
66.235.124.7 - - [10/Mar/2009:05:46:03 +0100] "GET / HTTP/1.1" 200 7869 "-" "Mozilla/5.0 (compatible; Ask Jeeves/Teoma; +http://about.ask.com/en/docs/about/webmasters.shtml)"
67.202.37.18 - - [10/Mar/2009:05:48:30 +0100] "GET /robots.txt HTTP/1.0" 200 64 "-" "SimilarPages/Nutch-1.0-dev (SimilarPages Nutch Crawler; http://www.similarpages.com; info at similarpages dot com)"
67.202.37.18 - - [10/Mar/2009:05:48:30 +0100] "GET /f-search.html HTTP/1.0" 200 11800 "-" "SimilarPages/Nutch-1.0-dev (SimilarPages Nutch Crawler; http://www.similarpages.com; info at similarpages dot com)"
67.202.37.18 - - [10/Mar/2009:05:50:25 +0100] "GET /bmpp/euro_pal_111.html HTTP/1.0" 200 2129 "-" "SimilarPages/Nutch-1.0-dev (SimilarPages Nutch Crawler; http://www.similarpages.com; info at similarpages dot com)"
72.30.81.159 - - [10/Mar/2009:06:00:41 +0100] "GET /sendi_agent.html HTTP/1.0" 200 6213 "-" "Mozilla/5.0 (compatible; Yahoo! Slurp; http://help.yahoo.com/help/us/ysearch/slurp)"
72.30.81.159 - - [10/Mar/2009:07:13:45 +0100] "GET /your_tour.html HTTP/1.0" 200 29760 "-" "Mozilla/5.0 (compatible; Yahoo! Slurp/3.0; http://help.yahoo.com/help/us/ysearch/slurp)"
72.30.81.159 - - [10/Mar/2009:07:13:47 +0100] "GET /anon.css HTTP/1.0" 404 2748 "http://www.various-euro.com/your_tour.html" "Mozilla/5.0 (compatible; Yahoo! Slurp/3.0; http://help.yahoo.com/help/us/ysearch/slurp)"
193.47.80.51 - - [10/Mar/2009:07:21:44 +0100] "GET /robots.txt HTTP/1.1" 200 64 "-" "Mozilla/5.0 (compatible; Exabot/3.0; +http://www.exabot.com/go/robot)"
193.47.80.51 - - [10/Mar/2009:07:21:44 +0100] "GET / HTTP/1.1" 200 7869 "-" "Mozilla/5.0 (compatible; Exabot/3.0; +http://www.exabot.com/go/robot)"
75.101.195.129 - - [10/Mar/2009:07:24:12 +0100] "GET /robots.txt HTTP/1.0" 200 64 "-" "SimilarPages/Nutch-1.0-dev (SimilarPages Nutch Crawler; http://www.similarpages.com; info at similarpages dot com)"
75.101.195.129 - - [10/Mar/2009:07:24:12 +0100] "GET /bmpp/euro_pal_111.html HTTP/1.0" 200 2129 "-" "SimilarPages/Nutch-1.0-dev (SimilarPages Nutch Crawler; http://www.similarpages.com; info at similarpages dot com)"
75.101.195.129 - - [10/Mar/2009:08:01:40 +0100] "GET /schubb/schubb-1.html HTTP/1.0" 200 9070 "-" "SimilarPages/Nutch-1.0-dev (SimilarPages Nutch Crawler; http://www.similarpages.com; info at similarpages dot com)"
72.30.81.159 - - [10/Mar/2009:08:11:18 +0100] "GET /schubb/schubb-2.html HTTP/1.0" 200 16660 "-" "Mozilla/5.0 (compatible; Yahoo! Slurp/3.0; http://help.yahoo.com/help/us/ysearch/slurp)"
75.101.195.129 - - [10/Mar/2009:08:18:05 +0100] "GET /logs/ HTTP/1.0" 200 10079 "-" "SimilarPages/Nutch-1.0-dev (SimilarPages Nutch Crawler; http://www.similarpages.com; info at similarpages dot com)"
66.235.124.7 - - [10/Mar/2009:08:48:54 +0100] "GET /neon/girlz2.html HTTP/1.1" 200 2937 "-" "Mozilla/5.0 (compatible; Ask Jeeves/Teoma; +http://about.ask.com/en/docs/about/webmasters.shtml)"
75.101.195.129 - - [10/Mar/2009:08:49:57 +0100] "GET /zampa-lovers/index.html HTTP/1.0" 200 37790 "-" "SimilarPages/Nutch-1.0-dev (SimilarPages Nutch Crawler; http://www.similarpages.com; info at similarpages dot com)"
66.235.124.102 - - [10/Mar/2009:08:51:25 +0100] "GET /robots.txt HTTP/1.1" 200 64 "-" "Mozilla/5.0 (compatible; Ask Jeeves/Teoma; +http://about.ask.com/en/docs/about/webmasters.shtml)"
66.235.124.102 - - [10/Mar/2009:08:51:40 +0100] "GET /zampa-lovers/index.html HTTP/1.1" 200 37790 "-" "Mozilla/5.0 (compatible; Ask Jeeves/Teoma; +http://about.ask.com/en/docs/about/webmasters.shtml)"
66.235.124.89 - - [10/Mar/2009:08:51:42 +0100] "GET /robots.txt HTTP/1.1" 200 64 "-" "Mozilla/5.0 (compatible; Ask Jeeves/Teoma; +http://about.ask.com/en/docs/about/webmasters.shtml)"
