89.173.60.66 - - [28/Mar/2009:13:39:39 +0100] "GET /style/various-euro.css HTTP/1.1" 200 3437 "http://www.various-euro.com/frame-menu.html" "Mozilla/5.0 (Windows; U; Windows NT 5.1; sk; rv:1.9.0.7) Gecko/2009021910 Firefox/3.0.5, Ant.com Toolbar 1.2"
89.173.60.66 - - [28/Mar/2009:13:39:39 +0100] "GET /menueleiste.js HTTP/1.1" 404 2748 "http://www.various-euro.com/restate_copy.html" "Mozilla/5.0 (Windows; U; Windows NT 5.1; sk; rv:1.9.0.7) Gecko/2009021910 Firefox/3.0.5, Ant.com Toolbar 1.2"
89.173.60.66 - - [28/Mar/2009:13:39:39 +0100] "GET /bannerz/ve.jpg HTTP/1.1" 200 36912 "http://www.various-euro.com/frame-unten.html" "Mozilla/5.0 (Windows; U; Windows NT 5.1; sk; rv:1.9.0.7) Gecko/2009021910 Firefox/3.0.5, Ant.com Toolbar 1.2"
89.173.60.66 - - [28/Mar/2009:13:39:40 +0100] "GET /bannerz/rebelle.gif HTTP/1.1" 200 6986 "http://www.various-euro.com/restate_copy.html" "Mozilla/5.0 (Windows; U; Windows NT 5.1; sk; rv:1.9.0.7) Gecko/2009021910 Firefox/3.0.5, Ant.com Toolbar 1.2"
89.173.60.66 - - [28/Mar/2009:13:39:40 +0100] "GET /detonators.gif HTTP/1.1" 200 14892 "http://www.various-euro.com/restate_copy.html" "Mozilla/5.0 (Windows; U; Windows NT 5.1; sk; rv:1.9.0.7) Gecko/2009021910 Firefox/3.0.5, Ant.com Toolbar 1.2"
89.173.60.66 - - [28/Mar/2009:13:39:39 +0100] "GET /restate_copy.html HTTP/1.1" 200 97631 "http://www.various-euro.com/framez-restate.html" "Mozilla/5.0 (Windows; U; Windows NT 5.1; sk; rv:1.9.0.7) Gecko/2009021910 Firefox/3.0.5, Ant.com Toolbar 1.2"
89.173.60.66 - - [28/Mar/2009:13:39:39 +0100] "GET /bannerz/various-euro-girl.jpg HTTP/1.1" 200 91514 "http://www.various-euro.com/frame-unten.html" "Mozilla/5.0 (Windows; U; Windows NT 5.1; sk; rv:1.9.0.7) Gecko/2009021910 Firefox/3.0.5, Ant.com Toolbar 1.2"
67.195.37.158 - - [28/Mar/2009:13:42:11 +0100] "GET /f-web.html HTTP/1.0" 200 13605 "-" "Mozilla/5.0 (compatible; Yahoo! Slurp; http://help.yahoo.com/help/us/ysearch/slurp)"
67.195.37.158 - - [28/Mar/2009:13:57:42 +0100] "GET /f-contact.html HTTP/1.0" 200 6804 "-" "Mozilla/5.0 (compatible; Yahoo! Slurp; http://help.yahoo.com/help/us/ysearch/slurp)"
67.195.37.158 - - [28/Mar/2009:13:59:15 +0100] "GET /f-search.html HTTP/1.0" 200 11800 "-" "Mozilla/5.0 (compatible; Yahoo! Slurp/3.0; http://help.yahoo.com/help/us/ysearch/slurp)"
67.195.37.158 - - [28/Mar/2009:14:00:06 +0100] "GET /f-other.html HTTP/1.0" 200 33189 "-" "Mozilla/5.0 (compatible; Yahoo! Slurp/3.0; http://help.yahoo.com/help/us/ysearch/slurp)"
74.6.8.90 - - [28/Mar/2009:14:07:19 +0100] "GET /logs/usage_200702.html HTTP/1.0" 200 107861 "-" "Mozilla/5.0 (compatible; Yahoo! Slurp/3.0; http://help.yahoo.com/help/us/ysearch/slurp)"
74.6.8.90 - - [28/Mar/2009:14:07:19 +0100] "GET /logs/usage_200702.html HTTP/1.0" 200 107861 "-" "Mozilla/5.0 (compatible; Yahoo! Slurp/3.0; http://help.yahoo.com/help/us/ysearch/slurp)"
64.1.215.170 - - [28/Mar/2009:14:18:20 +0100] "GET /robots.txt HTTP/1.0" 200 64 "-" "Mozilla/5.0 (Twiceler-0.9 http://www.cuil.com/twiceler/robot.html)"
67.195.37.158 - - [28/Mar/2009:14:29:24 +0100] "GET /net.html HTTP/1.0" 404 2748 "-" "Mozilla/5.0 (compatible; Yahoo! Slurp/3.0; http://help.yahoo.com/help/us/ysearch/slurp)"
74.6.8.90 - - [28/Mar/2009:14:32:24 +0100] "GET /f-other.html HTTP/1.0" 200 33189 "-" "Mozilla/5.0 (compatible; Yahoo! Slurp/3.0; http://help.yahoo.com/help/us/ysearch/slurp)"
193.252.149.14 - - [28/Mar/2009:14:36:15 +0100] "GET /neon/sushi.html HTTP/1.1" 200 687 "-" "Mozilla/5.0 (Windows; U; Windows NT 5.1; fr; rv:1.8.1) VoilaBot BETA 1.2 (support.voilabot@orange-ftgroup.com)"
67.195.37.158 - - [28/Mar/2009:14:45:40 +0100] "GET /channel1.html HTTP/1.0" 404 2748 "-" "Mozilla/5.0 (compatible; Yahoo! Slurp/3.0; http://help.yahoo.com/help/us/ysearch/slurp)"
193.252.149.13 - - [28/Mar/2009:15:12:58 +0100] "GET /neon/girlz3.html HTTP/1.1" 200 2479 "-" "Mozilla/5.0 (Windows; U; Windows NT 5.1; fr; rv:1.8.1) VoilaBot BETA 1.2 (support.voilabot@orange-ftgroup.com)"
74.6.8.90 - - [28/Mar/2009:15:18:22 +0100] "GET /logs/usage_200709.html HTTP/1.0" 200 110974 "-" "Mozilla/5.0 (compatible; Yahoo! Slurp/3.0; http://help.yahoo.com/help/us/ysearch/slurp)"
74.6.8.90 - - [28/Mar/2009:15:25:32 +0100] "GET /f-rez.html HTTP/1.0" 200 9765 "-" "Mozilla/5.0 (compatible; Yahoo! Slurp/3.0; http://help.yahoo.com/help/us/ysearch/slurp)"
81.52.143.35 - - [28/Mar/2009:15:34:01 +0100] "GET /neon/warning2.html HTTP/1.1" 200 997 "-" "Mozilla/5.0 (Windows; U; Windows NT 5.1; fr; rv:1.8.1) VoilaBot BETA 1.2 (support.voilabot@orange-ftgroup.com)"
67.195.37.158 - - [28/Mar/2009:15:42:47 +0100] "GET /channel1.html HTTP/1.0" 404 2748 "-" "Mozilla/5.0 (compatible; Yahoo! Slurp/3.0; http://help.yahoo.com/help/us/ysearch/slurp)"
193.252.149.13 - - [28/Mar/2009:15:45:06 +0100] "GET /DgH/bull/index.html HTTP/1.1" 200 1915 "-" "Mozilla/5.0 (Windows; U; Windows NT 5.1; fr; rv:1.8.1) VoilaBot BETA 1.2 (support.voilabot@orange-ftgroup.com)"
81.52.143.37 - - [28/Mar/2009:15:56:54 +0100] "GET /neon/left-one-new.html HTTP/1.1" 200 1483 "-" "Mozilla/5.0 (Windows; U; Windows NT 5.1; fr; rv:1.8.1) VoilaBot BETA 1.2 (support.voilabot@orange-ftgroup.com)"
87.250.39.216 - - [28/Mar/2009:16:00:43 +0100] "GET /favicon.ico HTTP/1.1" 302 364 "-" "Mozilla/4.0 (compatible; GoogleToolbar 5.0.2124.6042; Windows XP 5.1; MSIE 7.0.5730.13)"
87.250.39.216 - - [28/Mar/2009:16:00:43 +0100] "GET /zampa/favicon.ico HTTP/1.1" 404 2748 "-" "Mozilla/4.0 (compatible; GoogleToolbar 5.0.2124.6042; Windows XP 5.1; MSIE 7.0.5730.13)"
87.250.39.216 - - [28/Mar/2009:16:00:43 +0100] "GET /favicon.gif HTTP/1.1" 302 364 "-" "Mozilla/4.0 (compatible; GoogleToolbar 5.0.2124.6042; Windows XP 5.1; MSIE 7.0.5730.13)"
87.250.39.216 - - [28/Mar/2009:16:00:43 +0100] "GET /zampa/favicon.gif HTTP/1.1" 404 2748 "-" "Mozilla/4.0 (compatible; GoogleToolbar 5.0.2124.6042; Windows XP 5.1; MSIE 7.0.5730.13)"
74.6.8.90 - - [28/Mar/2009:16:12:49 +0100] "GET /f-zeug.html HTTP/1.0" 200 48203 "-" "Mozilla/5.0 (compatible; Yahoo! Slurp/3.0; http://help.yahoo.com/help/us/ysearch/slurp)"
81.52.143.26 - - [28/Mar/2009:16:43:43 +0100] "GET /robots.txt HTTP/1.1" 200 64 "-" "Mozilla/5.0 (Windows; U; Windows NT 5.1; fr; rv:1.8.1) VoilaBot BETA 1.2 (support.voilabot@orange-ftgroup.com)"
81.52.143.26 - - [28/Mar/2009:16:43:55 +0100] "GET /neon/annniiii.html HTTP/1.1" 200 686 "-" "Mozilla/5.0 (Windows; U; Windows NT 5.1; fr; rv:1.8.1) VoilaBot BETA 1.2 (support.voilabot@orange-ftgroup.com)"
193.252.149.13 - - [28/Mar/2009:17:03:43 +0100] "GET /robots.txt HTTP/1.1" 200 64 "-" "Mozilla/5.0 (Windows; U; Windows NT 5.1; fr; rv:1.8.1) VoilaBot BETA 1.2 (support.voilabot@orange-ftgroup.com)"
193.252.149.13 - - [28/Mar/2009:17:03:54 +0100] "GET /neon/europa.html HTTP/1.1" 200 389 "-" "Mozilla/5.0 (Windows; U; Windows NT 5.1; fr; rv:1.8.1) VoilaBot BETA 1.2 (support.voilabot@orange-ftgroup.com)"
67.195.37.158 - - [28/Mar/2009:17:07:05 +0100] "GET /f-actions.html HTTP/1.0" 200 11006 "-" "Mozilla/5.0 (compatible; Yahoo! Slurp/3.0; http://help.yahoo.com/help/us/ysearch/slurp)"
212.69.6.60 - - [28/Mar/2009:17:14:08 +0100] "GET / HTTP/1.1" 302 353 "http://www.google.com/search?hl=en&client=firefox-a&rls=org.mozilla%3Aen-US%3Aofficial&hs=p8v&q=muda.org+zampa&btnG=Search" "Mozilla/5.0 (Windows; U; Windows NT 5.1; en-US; rv:1.9.0.8) Gecko/2009032609 Firefox/2.0.0.14;MEGAUPLOAD 1.0"
212.69.6.60 - - [28/Mar/2009:17:14:08 +0100] "GET /zampa/ HTTP/1.1" 200 7153 "http://www.google.com/search?hl=en&client=firefox-a&rls=org.mozilla%3Aen-US%3Aofficial&hs=p8v&q=muda.org+zampa&btnG=Search" "Mozilla/5.0 (Windows; U; Windows NT 5.1; en-US; rv:1.9.0.8) Gecko/2009032609 Firefox/2.0.0.14;MEGAUPLOAD 1.0"
212.69.6.60 - - [28/Mar/2009:17:14:08 +0100] "GET /zampa/slike/udupetu.gif HTTP/1.1" 200 4138 "http://www.various-euro.com/zampa/" "Mozilla/5.0 (Windows; U; Windows NT 5.1; en-US; rv:1.9.0.8) Gecko/2009032609 Firefox/2.0.0.14;MEGAUPLOAD 1.0"
212.69.6.60 - - [28/Mar/2009:17:14:08 +0100] "GET /zampa/slike/zampa.gif HTTP/1.1" 200 5310 "http://www.various-euro.com/zampa/" "Mozilla/5.0 (Windows; U; Windows NT 5.1; en-US; rv:1.9.0.8) Gecko/2009032609 Firefox/2.0.0.14;MEGAUPLOAD 1.0"
212.69.6.60 - - [28/Mar/2009:17:14:08 +0100] "GET /zampa/slike/inthearse.gif HTTP/1.1" 200 4077 "http://www.various-euro.com/zampa/" "Mozilla/5.0 (Windows; U; Windows NT 5.1; en-US; rv:1.9.0.8) Gecko/2009032609 Firefox/2.0.0.14;MEGAUPLOAD 1.0"
212.69.6.60 - - [28/Mar/2009:17:14:09 +0100] "GET /favicon.ico HTTP/1.1" 404 2748 "-" "Mozilla/5.0 (Windows; U; Windows NT 5.1; en-US; rv:1.9.0.8) Gecko/2009032609 Firefox/2.0.0.14;MEGAUPLOAD 1.0"
212.69.6.60 - - [28/Mar/2009:17:14:11 +0100] "GET /favicon.ico HTTP/1.1" 404 2748 "-" "Mozilla/5.0 (Windows; U; Windows NT 5.1; en-US; rv:1.9.0.8) Gecko/2009032609 Firefox/2.0.0.14;MEGAUPLOAD 1.0"
212.69.6.60 - - [28/Mar/2009:17:16:05 +0100] "GET /zampa/slike/S7MEDIAA.GIF HTTP/1.1" 200 45793 "http://www.various-euro.com/zampa/" "Mozilla/5.0 (Windows; U; Windows NT 5.1; en-US; rv:1.9.0.8) Gecko/2009032609 Firefox/2.0.0.14;MEGAUPLOAD 1.0"
81.52.143.35 - - [28/Mar/2009:17:16:46 +0100] "GET /bmpp/18asi_2.html HTTP/1.1" 200 8674 "-" "Mozilla/5.0 (Windows; U; Windows NT 5.1; fr; rv:1.8.1) VoilaBot BETA 1.2 (support.voilabot@orange-ftgroup.com)"
212.69.6.60 - - [28/Mar/2009:17:16:58 +0100] "GET /zampa/slike/E7MEDIAA.GIF HTTP/1.1" 200 44716 "http://www.various-euro.com/zampa/" "Mozilla/5.0 (Windows; U; Windows NT 5.1; en-US; rv:1.9.0.8) Gecko/2009032609 Firefox/2.0.0.14;MEGAUPLOAD 1.0"
74.6.8.90 - - [28/Mar/2009:17:58:25 +0100] "GET /rez/fisztfull.mp4 HTTP/1.0" 200 5973230 "-" "Mozilla/5.0 (compatible; Yahoo! Slurp/3.0; http://help.yahoo.com/help/us/ysearch/slurp)"
74.6.8.90 - - [28/Mar/2009:18:42:40 +0100] "GET /logs/usage_200705.html HTTP/1.0" 200 109447 "-" "Mozilla/5.0 (compatible; Yahoo! Slurp/3.0; http://help.yahoo.com/help/us/ysearch/slurp)"
74.6.8.90 - - [28/Mar/2009:18:42:41 +0100] "GET /logs/usage_200705.html HTTP/1.0" 200 109447 "-" "Mozilla/5.0 (compatible; Yahoo! Slurp/3.0; http://help.yahoo.com/help/us/ysearch/slurp)"
74.6.8.90 - - [28/Mar/2009:18:53:49 +0100] "GET /neon/girlz2.html HTTP/1.0" 200 2937 "-" "Mozilla/5.0 (compatible; Yahoo! Slurp/3.0; http://help.yahoo.com/help/us/ysearch/slurp)"
64.79.221.100 - - [28/Mar/2009:19:15:58 +0100] "GET / HTTP/1.1" 200 7869 "-" "Mozilla/5.0 (X11; U; Linux i686; en-US; rv:1.6) Gecko/20040225 Firefox/0.8"
87.250.39.216 - - [28/Mar/2009:19:17:03 +0100] "GET /favicon.ico HTTP/1.1" 302 364 "-" "Mozilla/4.0 (compatible; GoogleToolbar 5.0.2124.6042; Windows XP 5.1; MSIE 7.0.5730.13)"
87.250.39.216 - - [28/Mar/2009:19:17:03 +0100] "GET /zampa/favicon.ico HTTP/1.1" 404 2748 "-" "Mozilla/4.0 (compatible; GoogleToolbar 5.0.2124.6042; Windows XP 5.1; MSIE 7.0.5730.13)"
87.250.39.216 - - [28/Mar/2009:19:17:03 +0100] "GET /favicon.gif HTTP/1.1" 302 364 "-" "Mozilla/4.0 (compatible; GoogleToolbar 5.0.2124.6042; Windows XP 5.1; MSIE 7.0.5730.13)"
87.250.39.216 - - [28/Mar/2009:19:17:03 +0100] "GET /zampa/favicon.gif HTTP/1.1" 404 2748 "-" "Mozilla/4.0 (compatible; GoogleToolbar 5.0.2124.6042; Windows XP 5.1; MSIE 7.0.5730.13)"
67.195.37.158 - - [28/Mar/2009:19:55:53 +0100] "GET /robots.txt HTTP/1.0" 200 64 "-" "Mozilla/5.0 (compatible; Yahoo! Slurp; http://help.yahoo.com/help/us/ysearch/slurp)"
67.195.37.158 - - [28/Mar/2009:19:55:54 +0100] "GET /neon/euro.html HTTP/1.0" 200 2212 "-" "Mozilla/5.0 (compatible; Yahoo! Slurp; http://help.yahoo.com/help/us/ysearch/slurp)"
67.195.37.158 - - [28/Mar/2009:20:01:25 +0100] "GET /logs/usage_200704.html HTTP/1.0" 200 108835 "-" "Mozilla/5.0 (compatible; Yahoo! Slurp/3.0; http://help.yahoo.com/help/us/ysearch/slurp)"
74.6.8.90 - - [28/Mar/2009:20:28:03 +0100] "GET /f-actions.html HTTP/1.0" 200 11006 "-" "Mozilla/5.0 (compatible; Yahoo! Slurp/3.0; http://help.yahoo.com/help/us/ysearch/slurp)"
67.195.37.158 - - [28/Mar/2009:20:29:12 +0100] "GET /logz_old.html HTTP/1.0" 404 2748 "-" "Mozilla/5.0 (compatible; Yahoo! Slurp/3.0; http://help.yahoo.com/help/us/ysearch/slurp)"
66.249.71.249 - - [28/Mar/2009:20:56:58 +0100] "GET /robots.txt HTTP/1.1" 200 64 "-" "Mozilla/5.0 (compatible; Googlebot/2.1; +http://www.google.com/bot.html)"
66.249.71.249 - - [28/Mar/2009:20:56:58 +0100] "GET /framez-pal111.html HTTP/1.1" 200 4328 "-" "Mozilla/5.0 (compatible; Googlebot/2.1; +http://www.google.com/bot.html)"
67.195.37.158 - - [28/Mar/2009:20:57:47 +0100] "GET / HTTP/1.0" 200 7869 "-" "Mozilla/5.0 (compatible; Yahoo! Slurp/3.0; http://help.yahoo.com/help/us/ysearch/slurp)"
67.195.37.158 - - [28/Mar/2009:20:57:47 +0100] "GET /style/various-euro.css HTTP/1.0" 200 3437 "http://www.various-euro.com/" "Mozilla/5.0 (compatible; Yahoo! Slurp/3.0; http://help.yahoo.com/help/us/ysearch/slurp)"
85.66.137.215 - - [28/Mar/2009:21:05:19 +0100] "GET http://various-euro.com/iSupport/index.php?include_file=../../../../../etc/passwd HTTP/1.0" 404 2748 "http://various-euro.com/iSupport/index.php?include_file=../../../../../etc/passwd" "Mozilla/4.0 (compatible; MSIE 6.0; Windows NT 5.1)"
74.6.8.90 - - [28/Mar/2009:21:40:29 +0100] "GET /robots.txt HTTP/1.0" 200 64 "-" "Mozilla/5.0 (compatible; Yahoo! Slurp; http://help.yahoo.com/help/us/ysearch/slurp)"
74.6.8.90 - - [28/Mar/2009:21:40:29 +0100] "GET /f-channel1.html HTTP/1.0" 200 8471 "-" "Mozilla/5.0 (compatible; Yahoo! Slurp/3.0; http://help.yahoo.com/help/us/ysearch/slurp)"
67.195.37.158 - - [28/Mar/2009:22:20:23 +0100] "GET /f-euro.html HTTP/1.0" 200 12203 "-" "Mozilla/5.0 (compatible; Yahoo! Slurp; http://help.yahoo.com/help/us/ysearch/slurp)"
87.250.39.216 - - [28/Mar/2009:22:25:58 +0100] "GET /favicon.ico HTTP/1.1" 302 364 "-" "Mozilla/4.0 (compatible; GoogleToolbar 5.0.2124.6042; Windows XP 5.1; MSIE 7.0.5730.13)"
87.250.39.216 - - [28/Mar/2009:22:25:59 +0100] "GET /zampa/favicon.ico HTTP/1.1" 404 2748 "-" "Mozilla/4.0 (compatible; GoogleToolbar 5.0.2124.6042; Windows XP 5.1; MSIE 7.0.5730.13)"
87.250.39.216 - - [28/Mar/2009:22:25:59 +0100] "GET /favicon.gif HTTP/1.1" 302 364 "-" "Mozilla/4.0 (compatible; GoogleToolbar 5.0.2124.6042; Windows XP 5.1; MSIE 7.0.5730.13)"
87.250.39.216 - - [28/Mar/2009:22:26:02 +0100] "GET /zampa/favicon.gif HTTP/1.1" 404 2748 "-" "Mozilla/4.0 (compatible; GoogleToolbar 5.0.2124.6042; Windows XP 5.1; MSIE 7.0.5730.13)"
85.66.137.215 - - [28/Mar/2009:22:32:24 +0100] "GET /cgi-bin/a-path.cgi HTTP/1.1" 404 2748 "http://various-euro.com/cgi-bin/a-path.cgi" "Mozilla/4.0 (compatible; MSIE 6.0; Windows NT 5.1)"
67.195.37.158 - - [28/Mar/2009:22:39:21 +0100] "GET /logs/usage_200706.html HTTP/1.0" 200 107008 "-" "Mozilla/5.0 (compatible; Yahoo! Slurp/3.0; http://help.yahoo.com/help/us/ysearch/slurp)"
67.195.37.158 - - [28/Mar/2009:22:49:24 +0100] "GET /logs/usage_200704.html HTTP/1.0" 200 108835 "-" "Mozilla/5.0 (compatible; Yahoo! Slurp/3.0; http://help.yahoo.com/help/us/ysearch/slurp)"
66.249.71.249 - - [28/Mar/2009:23:10:21 +0100] "GET /zampa-lovers/ HTTP/1.1" 200 37790 "-" "Mozilla/5.0 (compatible; Googlebot/2.1; +http://www.google.com/bot.html)"
66.249.71.249 - - [28/Mar/2009:23:11:33 +0100] "GET /bmpp/euro_pal_111.html HTTP/1.1" 200 2129 "-" "Mozilla/5.0 (compatible; Googlebot/2.1; +http://www.google.com/bot.html)"
66.235.124.7 - - [28/Mar/2009:23:23:29 +0100] "GET /robots.txt HTTP/1.1" 200 64 "-" "Mozilla/5.0 (compatible; Ask Jeeves/Teoma; +http://about.ask.com/en/docs/about/webmasters.shtml)"
66.235.124.7 - - [28/Mar/2009:23:23:44 +0100] "GET /neon/girlz3.html HTTP/1.1" 200 2479 "-" "Mozilla/5.0 (compatible; Ask Jeeves/Teoma; +http://about.ask.com/en/docs/about/webmasters.shtml)"
67.195.37.158 - - [28/Mar/2009:23:27:30 +0100] "GET / HTTP/1.0" 200 7869 "-" "Mozilla/5.0 (compatible; Yahoo! Slurp/3.0; http://help.yahoo.com/help/us/ysearch/slurp)"
67.195.37.158 - - [28/Mar/2009:23:27:30 +0100] "GET /style/various-euro.css HTTP/1.0" 200 3437 "http://www.various-euro.com/" "Mozilla/5.0 (compatible; Yahoo! Slurp/3.0; http://help.yahoo.com/help/us/ysearch/slurp)"
92.116.154.159 - - [28/Mar/2009:23:43:32 +0100] "GET /f-world.html HTTP/1.1" 200 24654 "-" "User-Agent: Mozilla/4.0 (compatible; MSIE 7.0; Windows NT 6.0; GTB5; SLCC1; .NET CLR 2.0.50727; Media Center PC 5.0; .NET CLR 3.5.30729; OfficeLiveConnector.1.3; OfficeLivePatch.0.0; .NET CLR 3.0.30618)"
74.6.8.90 - - [28/Mar/2009:23:57:35 +0100] "GET /schubb/schubb-3.html HTTP/1.0" 200 17546 "-" "Mozilla/5.0 (compatible; Yahoo! Slurp/3.0; http://help.yahoo.com/help/us/ysearch/slurp)"
81.52.143.30 - - [29/Mar/2009:00:13:46 +0100] "GET /f-maintitle.html HTTP/1.1" 200 5030 "-" "Mozilla/5.0 (Windows; U; Windows NT 5.1; fr; rv:1.8.1) VoilaBot BETA 1.2 (support.voilabot@orange-ftgroup.com)"
67.195.37.158 - - [29/Mar/2009:00:21:46 +0100] "GET /style/various-euro.css HTTP/1.0" 200 3437 "http://www.various-euro.com/" "Mozilla/5.0 (compatible; Yahoo! Slurp/3.0; http://help.yahoo.com/help/us/ysearch/slurp)"
74.6.8.90 - - [29/Mar/2009:00:32:56 +0100] "GET /channel1.html HTTP/1.0" 404 2748 "-" "Mozilla/5.0 (compatible; Yahoo! Slurp/3.0; http://help.yahoo.com/help/us/ysearch/slurp)"
193.252.149.15 - - [29/Mar/2009:00:52:27 +0100] "GET /f-bannnerz.html HTTP/1.1" 200 12651 "-" "Mozilla/5.0 (Windows; U; Windows NT 5.1; fr; rv:1.8.1) VoilaBot BETA 1.2 (support.voilabot@orange-ftgroup.com)"
65.55.106.158 - - [29/Mar/2009:00:56:48 +0100] "GET /robots.txt HTTP/1.1" 200 64 "-" "msnbot/2.0b (+http://search.msn.com/msnbot.htm)"
67.195.37.158 - - [29/Mar/2009:01:01:39 +0100] "GET /style/various-euro.css HTTP/1.0" 200 3437 "http://www.various-euro.com/" "Mozilla/5.0 (compatible; Yahoo! Slurp/3.0; http://help.yahoo.com/help/us/ysearch/slurp)"
65.55.211.165 - - [29/Mar/2009:01:08:44 +0100] "GET /robots.txt HTTP/1.1" 200 64 "-" "msnbot/1.1 (+http://search.msn.com/msnbot.htm)"
65.55.211.165 - - [29/Mar/2009:01:08:44 +0100] "GET /zampa/montenegro/dajpare.html HTTP/1.1" 200 2503 "-" "msnbot/1.1 (+http://search.msn.com/msnbot.htm)"
67.195.37.158 - - [29/Mar/2009:01:12:18 +0100] "GET /f-channel1.html HTTP/1.0" 200 8471 "-" "Mozilla/5.0 (compatible; Yahoo! Slurp; http://help.yahoo.com/help/us/ysearch/slurp)"
87.250.39.216 - - [29/Mar/2009:03:23:02 +0200] "GET /favicon.ico HTTP/1.1" 302 364 "-" "Mozilla/4.0 (compatible; GoogleToolbar 5.0.2124.6042; Windows XP 5.1; MSIE 7.0.5730.13)"
87.250.39.216 - - [29/Mar/2009:03:23:03 +0200] "GET /zampa/favicon.ico HTTP/1.1" 404 2748 "-" "Mozilla/4.0 (compatible; GoogleToolbar 5.0.2124.6042; Windows XP 5.1; MSIE 7.0.5730.13)"
87.250.39.216 - - [29/Mar/2009:03:23:03 +0200] "GET /favicon.gif HTTP/1.1" 302 364 "-" "Mozilla/4.0 (compatible; GoogleToolbar 5.0.2124.6042; Windows XP 5.1; MSIE 7.0.5730.13)"
87.250.39.216 - - [29/Mar/2009:03:23:03 +0200] "GET /zampa/favicon.gif HTTP/1.1" 404 2748 "-" "Mozilla/4.0 (compatible; GoogleToolbar 5.0.2124.6042; Windows XP 5.1; MSIE 7.0.5730.13)"
67.195.37.158 - - [29/Mar/2009:03:30:23 +0200] "GET /restate_copy.html HTTP/1.0" 200 97631 "-" "Mozilla/5.0 (compatible; Yahoo! Slurp; http://help.yahoo.com/help/us/ysearch/slurp)"
193.252.149.13 - - [29/Mar/2009:03:48:12 +0200] "GET /f-channel1.html HTTP/1.1" 200 8471 "-" "Mozilla/5.0 (Windows; U; Windows NT 5.1; fr; rv:1.8.1) VoilaBot BETA 1.2 (support.voilabot@orange-ftgroup.com)"
67.195.37.158 - - [29/Mar/2009:04:09:03 +0200] "GET /f-actions.html HTTP/1.0" 200 11006 "-" "Mozilla/5.0 (compatible; Yahoo! Slurp/3.0; http://help.yahoo.com/help/us/ysearch/slurp)"
66.235.124.7 - - [29/Mar/2009:04:44:35 +0200] "GET /restate_copy.html HTTP/1.1" 200 97631 "-" "Mozilla/5.0 (compatible; Ask Jeeves/Teoma; +http://about.ask.com/en/docs/about/webmasters.shtml)"
66.235.124.7 - - [29/Mar/2009:04:44:39 +0200] "GET /menueleiste.js HTTP/1.1" 404 2748 "-" "Mozilla/5.0 (compatible; Ask Jeeves/Teoma; +http://about.ask.com/en/docs/about/webmasters.shtml)"
66.235.124.61 - - [29/Mar/2009:04:48:55 +0200] "GET /framez-restate.html HTTP/1.1" 200 4328 "-" "Mozilla/5.0 (compatible; Ask Jeeves/Teoma; +http://about.ask.com/en/docs/about/webmasters.shtml)"
66.235.124.61 - - [29/Mar/2009:04:48:56 +0200] "GET /frame-menu.html HTTP/1.1" 200 10536 "-" "Mozilla/5.0 (compatible; Ask Jeeves/Teoma; +http://about.ask.com/en/docs/about/webmasters.shtml)"
66.235.124.61 - - [29/Mar/2009:04:48:56 +0200] "GET /restate_copy.html HTTP/1.1" 200 97631 "-" "Mozilla/5.0 (compatible; Ask Jeeves/Teoma; +http://about.ask.com/en/docs/about/webmasters.shtml)"
66.235.124.61 - - [29/Mar/2009:04:48:57 +0200] "GET /frame-unten.html HTTP/1.1" 200 5308 "-" "Mozilla/5.0 (compatible; Ask Jeeves/Teoma; +http://about.ask.com/en/docs/about/webmasters.shtml)"
66.235.124.61 - - [29/Mar/2009:04:52:57 +0200] "GET /framez.html HTTP/1.1" 200 3959 "-" "Mozilla/5.0 (compatible; Ask Jeeves/Teoma; +http://about.ask.com/en/docs/about/webmasters.shtml)"
66.235.124.61 - - [29/Mar/2009:04:52:57 +0200] "GET /framez.html HTTP/1.1" 200 3959 "-" "Mozilla/5.0 (compatible; Ask Jeeves/Teoma; +http://about.ask.com/en/docs/about/webmasters.shtml)"
66.235.124.61 - - [29/Mar/2009:04:52:58 +0200] "GET /frame-inhalt.html HTTP/1.1" 200 5418 "-" "Mozilla/5.0 (compatible; Ask Jeeves/Teoma; +http://about.ask.com/en/docs/about/webmasters.shtml)"
66.249.71.249 - - [29/Mar/2009:04:54:15 +0200] "GET /3dsf3/sendi/sacrifice.html HTTP/1.1" 200 1309 "-" "Mozilla/5.0 (compatible; Googlebot/2.1; +http://www.google.com/bot.html)"
66.249.66.52 - - [29/Mar/2009:05:21:14 +0200] "GET /framez-sponsor.html HTTP/1.1" 200 4325 "-" "Mozilla/5.0 (compatible; Googlebot/2.1; +http://www.google.com/bot.html)"
66.249.71.249 - - [29/Mar/2009:05:33:31 +0200] "GET /schubb/schubb-2.html HTTP/1.1" 200 16660 "-" "Mozilla/5.0 (compatible; Googlebot/2.1; +http://www.google.com/bot.html)"
85.66.137.215 - - [29/Mar/2009:05:33:56 +0200] "GET http://various-euro.com/ HTTP/1.0" 200 7869 "http://various-euro.com/" "Mozilla/4.0 (compatible; MSIE 6.0; Windows NT 5.1)"
193.252.149.16 - - [29/Mar/2009:05:50:26 +0200] "GET /world.html HTTP/1.1" 200 16295 "-" "Mozilla/5.0 (Windows; U; Windows NT 5.1; fr; rv:1.8.1) VoilaBot BETA 1.2 (support.voilabot@orange-ftgroup.com)"
66.249.71.249 - - [29/Mar/2009:06:28:41 +0200] "GET /f-logz_old.html HTTP/1.1" 200 43773 "-" "Mozilla/5.0 (compatible; Googlebot/2.1; +http://www.google.com/bot.html)"
67.195.37.158 - - [29/Mar/2009:06:58:52 +0200] "GET /f-sponsor.html HTTP/1.0" 200 8578 "-" "Mozilla/5.0 (compatible; Yahoo! Slurp; http://help.yahoo.com/help/us/ysearch/slurp)"
67.195.37.106 - - [29/Mar/2009:06:58:59 +0200] "GET /robots.txt HTTP/1.0" 200 64 "-" "Mozilla/5.0 (compatible; Yahoo! Slurp; http://help.yahoo.com/help/us/ysearch/slurp)"
85.66.137.215 - - [29/Mar/2009:07:08:01 +0200] "GET http://various-euro.com/ HTTP/1.0" 200 7869 "http://various-euro.com/" "Mozilla/4.0 (compatible; MSIE 6.0; Windows NT 5.1)"
66.249.71.249 - - [29/Mar/2009:07:08:58 +0200] "GET /f-sponsor.html HTTP/1.1" 200 8578 "-" "Mozilla/5.0 (compatible; Googlebot/2.1; +http://www.google.com/bot.html)"
67.195.37.158 - - [29/Mar/2009:07:09:31 +0200] "GET /bmpp/18.html HTTP/1.0" 200 4467 "-" "Mozilla/5.0 (compatible; Yahoo! Slurp/3.0; http://help.yahoo.com/help/us/ysearch/slurp)"
74.6.8.90 - - [29/Mar/2009:07:13:33 +0200] "GET /DgH/rampe/index.html HTTP/1.0" 200 2056 "-" "Mozilla/5.0 (compatible; Yahoo! Slurp/3.0; http://help.yahoo.com/help/us/ysearch/slurp)"
74.6.8.90 - - [29/Mar/2009:07:13:40 +0200] "GET /DgH/rampe/pict/Rampe.mp3 HTTP/1.0" 200 8295 "http://www.various-euro.com/DgH/rampe/index.html" "Mozilla/5.0 (compatible; Yahoo! Slurp/3.0; http://help.yahoo.com/help/us/ysearch/slurp)"
66.249.71.249 - - [29/Mar/2009:07:22:29 +0200] "GET /neon/biggtani.html HTTP/1.1" 200 1698 "-" "Mozilla/5.0 (compatible; Googlebot/2.1; +http://www.google.com/bot.html)"
65.55.106.122 - - [29/Mar/2009:08:33:47 +0200] "GET /robots.txt HTTP/1.1" 200 64 "-" "msnbot/2.0b (+http://search.msn.com/msnbot.htm)"
66.249.71.251 - - [29/Mar/2009:09:06:36 +0200] "GET /robots.txt HTTP/1.1" 200 64 "-" "Mozilla/5.0 (compatible; Googlebot/2.1; +http://www.google.com/bot.html)"
66.249.71.251 - - [29/Mar/2009:09:06:36 +0200] "GET /net.html HTTP/1.1" 404 2748 "-" "Mozilla/5.0 (compatible; Googlebot/2.1; +http://www.google.com/bot.html)"
208.80.195.30 - - [29/Mar/2009:09:38:44 +0200] "GET / HTTP/1.0" 200 7869 "-" "Mozilla/4.0 (compatible; MSIE 7.0; Windows NT 6.0; SIMBAR={78081E50-4D2C-11DC-9405-0016D380FFF0}; SLCC1; .NET CLR 2.0.50727; Media Center PC 5.0; .NET CLR 3.0.04506; .NET CLR 1.1.4322)"
208.80.195.30 - - [29/Mar/2009:09:38:44 +0200] "GET / HTTP/1.0" 200 7869 "-" "Mozilla/4.0 (compatible; MSIE 5.5; Windows NT 5.0; {5F726DD3-D1D0-4AA7-ADE9-CF6C0B945275})"
66.249.71.249 - - [29/Mar/2009:10:06:21 +0200] "GET /menue.html HTTP/1.1" 404 2748 "-" "Mozilla/5.0 (compatible; Googlebot/2.1; +http://www.google.com/bot.html)"
193.252.149.15 - - [29/Mar/2009:10:13:44 +0200] "GET / HTTP/1.1" 200 7869 "-" "Mozilla/5.0 (Windows; U; Windows NT 5.1; fr; rv:1.8.1) VoilaBot BETA 1.2 (support.voilabot@orange-ftgroup.com)"
67.195.37.158 - - [29/Mar/2009:10:23:00 +0200] "GET /robots.txt HTTP/1.0" 200 64 "-" "Mozilla/5.0 (compatible; Yahoo! Slurp; http://help.yahoo.com/help/us/ysearch/slurp)"
67.195.37.158 - - [29/Mar/2009:10:23:01 +0200] "GET /f-actions.html HTTP/1.0" 200 11006 "-" "Mozilla/5.0 (compatible; Yahoo! Slurp; http://help.yahoo.com/help/us/ysearch/slurp)"
85.66.137.215 - - [29/Mar/2009:10:25:04 +0200] "GET http://various-euro.com/ HTTP/1.0" 200 7869 "http://various-euro.com/" "Mozilla/4.0 (compatible; MSIE 6.0; Windows NT 5.1)"
66.235.124.7 - - [29/Mar/2009:10:43:47 +0200] "GET /neon/girlz2.html HTTP/1.1" 200 2937 "-" "Mozilla/5.0 (compatible; Ask Jeeves/Teoma; +http://about.ask.com/en/docs/about/webmasters.shtml)"
66.249.71.249 - - [29/Mar/2009:12:05:02 +0200] "GET /logs/usage_200903.html HTTP/1.1" 404 2748 "-" "Mozilla/5.0 (compatible; Googlebot/2.1; +http://www.google.com/bot.html)"
87.250.39.216 - - [29/Mar/2009:12:10:12 +0200] "GET /favicon.ico HTTP/1.1" 302 364 "-" "Mozilla/4.0 (compatible; GoogleToolbar 5.0.2124.6042; Windows XP 5.1; MSIE 7.0.5730.13)"
87.250.39.216 - - [29/Mar/2009:12:10:12 +0200] "GET /zampa/favicon.ico HTTP/1.1" 404 2748 "-" "Mozilla/4.0 (compatible; GoogleToolbar 5.0.2124.6042; Windows XP 5.1; MSIE 7.0.5730.13)"
87.250.39.216 - - [29/Mar/2009:12:10:12 +0200] "GET /favicon.gif HTTP/1.1" 302 364 "-" "Mozilla/4.0 (compatible; GoogleToolbar 5.0.2124.6042; Windows XP 5.1; MSIE 7.0.5730.13)"
87.250.39.216 - - [29/Mar/2009:12:10:12 +0200] "GET /zampa/favicon.gif HTTP/1.1" 404 2748 "-" "Mozilla/4.0 (compatible; GoogleToolbar 5.0.2124.6042; Windows XP 5.1; MSIE 7.0.5730.13)"
66.235.124.7 - - [29/Mar/2009:13:27:57 +0200] "GET /robots.txt HTTP/1.1" 200 64 "-" "Mozilla/5.0 (compatible; Ask Jeeves/Teoma; +http://about.ask.com/en/docs/about/webmasters.shtml)"
66.235.124.7 - - [29/Mar/2009:13:28:12 +0200] "GET /f-logz.html HTTP/1.1" 200 191844 "-" "Mozilla/5.0 (compatible; Ask Jeeves/Teoma; +http://about.ask.com/en/docs/about/webmasters.shtml)"
85.66.137.215 - - [29/Mar/2009:13:43:31 +0200] "GET / HTTP/1.1" 200 7869 "-" "Mozilla/5.0 (Windows; U; Windows NT 5.1; en; rv:1.8.1.8) Gecko/20071008 Firefox/2.0.0.8"
74.6.8.90 - - [29/Mar/2009:13:44:17 +0200] "GET /robots.txt HTTP/1.0" 200 64 "-" "Mozilla/5.0 (compatible; Yahoo! Slurp; http://help.yahoo.com/help/us/ysearch/slurp)"
74.6.8.90 - - [29/Mar/2009:13:44:18 +0200] "GET /zampa/ HTTP/1.0" 200 7153 "http://www.angelfire.com/psy/zampa-di-leone-zampa/" "Mozilla/5.0 (compatible; Yahoo! Slurp/3.0; http://help.yahoo.com/help/us/ysearch/slurp)"
74.6.8.90 - - [29/Mar/2009:13:44:18 +0200] "GET /zampa/montenegro/index.html HTTP/1.0" 200 2651 "http://www.angelfire.com/psy/zampa-di-leone-zampa/" "Mozilla/5.0 (compatible; Yahoo! Slurp/3.0; http://help.yahoo.com/help/us/ysearch/slurp)"
66.235.124.61 - - [29/Mar/2009:13:48:22 +0200] "GET /framez-girlz.html HTTP/1.1" 200 4271 "-" "Mozilla/5.0 (compatible; Ask Jeeves/Teoma; +http://about.ask.com/en/docs/about/webmasters.shtml)"
66.235.124.61 - - [29/Mar/2009:13:48:22 +0200] "GET /neon/girlz2.html HTTP/1.1" 200 2937 "-" "Mozilla/5.0 (compatible; Ask Jeeves/Teoma; +http://about.ask.com/en/docs/about/webmasters.shtml)"
66.235.124.61 - - [29/Mar/2009:13:52:34 +0200] "GET /framez.html HTTP/1.1" 200 3959 "-" "Mozilla/5.0 (compatible; Ask Jeeves/Teoma; +http://about.ask.com/en/docs/about/webmasters.shtml)"
192.117.105.111 - - [29/Mar/2009:13:56:23 +0200] "GET /f-world.html HTTP/1.1" 200 35590 "http://www.google.co.il/search?hl=iw&ei=o2HPSberLpKLsAbY5pi3CA&sa=X&oi=spell&resnum=0&ct=result&cd=1&q=www.webcut.net&spell=1" "Mozilla/4.0 (compatible; MSIE 7.0; Windows NT 5.1; .NET CLR 2.0.50727)"
192.117.105.111 - - [29/Mar/2009:13:56:40 +0200] "GET /ve-icon-2.ico HTTP/1.1" 200 2238 "-" "Mozilla/4.0 (compatible; MSIE 7.0; Windows NT 5.1; .NET CLR 2.0.50727)"
192.117.105.111 - - [29/Mar/2009:13:56:40 +0200] "GET /framez-world.html HTTP/1.1" 200 4325 "-" "Mozilla/4.0 (compatible; MSIE 7.0; Windows NT 5.1; .NET CLR 2.0.50727)"
192.117.105.111 - - [29/Mar/2009:13:56:40 +0200] "GET /frame-menu.html HTTP/1.1" 200 10536 "http://www.various-euro.com/framez-world.html" "Mozilla/4.0 (compatible; MSIE 7.0; Windows NT 5.1; .NET CLR 2.0.50727)"
192.117.105.111 - - [29/Mar/2009:13:56:40 +0200] "GET /f-world.html HTTP/1.1" 200 35590 "http://www.various-euro.com/framez-world.html" "Mozilla/4.0 (compatible; MSIE 7.0; Windows NT 5.1; .NET CLR 2.0.50727)"
192.117.105.111 - - [29/Mar/2009:13:56:41 +0200] "GET /frame-unten.html HTTP/1.1" 200 5308 "http://www.various-euro.com/framez-world.html" "Mozilla/4.0 (compatible; MSIE 7.0; Windows NT 5.1; .NET CLR 2.0.50727)"
192.117.105.111 - - [29/Mar/2009:13:56:41 +0200] "GET /style/various-euro.css HTTP/1.1" 200 3437 "http://www.various-euro.com/frame-menu.html" "Mozilla/4.0 (compatible; MSIE 7.0; Windows NT 5.1; .NET CLR 2.0.50727)"
192.117.105.111 - - [29/Mar/2009:13:56:41 +0200] "GET /bannerz/ve.jpg HTTP/1.1" 200 36912 "http://www.various-euro.com/frame-unten.html" "Mozilla/4.0 (compatible; MSIE 7.0; Windows NT 5.1; .NET CLR 2.0.50727)"
192.117.105.111 - - [29/Mar/2009:13:56:41 +0200] "GET /bannerz/various-euro-girl.jpg HTTP/1.1" 200 91514 "http://www.various-euro.com/frame-unten.html" "Mozilla/4.0 (compatible; MSIE 7.0; Windows NT 5.1; .NET CLR 2.0.50727)"
192.117.105.111 - - [29/Mar/2009:13:56:48 +0200] "GET /framez-world.html HTTP/1.1" 200 4325 "-" "Mozilla/4.0 (compatible; MSIE 7.0; Windows NT 5.1; .NET CLR 2.0.50727)"
192.117.105.111 - - [29/Mar/2009:13:56:48 +0200] "GET /frame-menu.html HTTP/1.1" 200 10536 "http://www.various-euro.com/framez-world.html" "Mozilla/4.0 (compatible; MSIE 7.0; Windows NT 5.1; .NET CLR 2.0.50727)"
192.117.105.111 - - [29/Mar/2009:13:56:48 +0200] "GET /f-world.html HTTP/1.1" 200 35590 "http://www.various-euro.com/framez-world.html" "Mozilla/4.0 (compatible; MSIE 7.0; Windows NT 5.1; .NET CLR 2.0.50727)"
192.117.105.111 - - [29/Mar/2009:13:56:49 +0200] "GET /frame-unten.html HTTP/1.1" 200 5308 "http://www.various-euro.com/framez-world.html" "Mozilla/4.0 (compatible; MSIE 7.0; Windows NT 5.1; .NET CLR 2.0.50727)"
67.195.37.158 - - [29/Mar/2009:13:57:08 +0200] "GET /framez.html HTTP/1.0" 200 3959 "-" "Mozilla/5.0 (compatible; Yahoo! Slurp/3.0; http://help.yahoo.com/help/us/ysearch/slurp)"
67.195.37.158 - - [29/Mar/2009:13:57:10 +0200] "GET /style/various-euro.css HTTP/1.0" 304 - "http://www.various-euro.com/framez.html" "Mozilla/5.0 (compatible; Yahoo! Slurp/3.0; http://help.yahoo.com/help/us/ysearch/slurp)"
67.195.37.158 - - [29/Mar/2009:13:57:11 +0200] "GET /frame-menu.html HTTP/1.0" 200 10536 "http://www.various-euro.com/framez.html" "Mozilla/5.0 (compatible; Yahoo! Slurp/3.0; http://help.yahoo.com/help/us/ysearch/slurp)"
67.195.37.158 - - [29/Mar/2009:13:57:11 +0200] "GET /frame-unten.html HTTP/1.0" 200 5308 "http://www.various-euro.com/framez.html" "Mozilla/5.0 (compatible; Yahoo! Slurp/3.0; http://help.yahoo.com/help/us/ysearch/slurp)"
67.195.37.158 - - [29/Mar/2009:13:57:11 +0200] "GET /frame-inhalt.html HTTP/1.0" 200 5418 "http://www.various-euro.com/framez.html" "Mozilla/5.0 (compatible; Yahoo! Slurp/3.0; http://help.yahoo.com/help/us/ysearch/slurp)"
67.195.37.158 - - [29/Mar/2009:13:57:45 +0200] "GET /your_tour.html HTTP/1.0" 200 29760 "-" "Mozilla/5.0 (compatible; Yahoo! Slurp; http://help.yahoo.com/help/us/ysearch/slurp)"
85.178.38.8 - - [29/Mar/2009:13:58:17 +0200] "GET / HTTP/1.1" 200 7869 "-" "Mozilla/5.0 (Macintosh; U; PPC Mac OS X 10.4; en-US; rv:1.9.0.8) Gecko/2009032608 Firefox/3.0.8"
85.178.38.8 - - [29/Mar/2009:13:58:18 +0200] "GET /style/various-euro.css HTTP/1.1" 200 3437 "http://various-euro.com/" "Mozilla/5.0 (Macintosh; U; PPC Mac OS X 10.4; en-US; rv:1.9.0.8) Gecko/2009032608 Firefox/3.0.8"
85.178.38.8 - - [29/Mar/2009:13:58:18 +0200] "GET /ve-icon-2.ico HTTP/1.1" 200 2238 "-" "Mozilla/5.0 (Macintosh; U; PPC Mac OS X 10.4; en-US; rv:1.9.0.8) Gecko/2009032608 Firefox/3.0.8"
85.178.38.8 - - [29/Mar/2009:13:58:18 +0200] "GET /framez_0.html HTTP/1.1" 200 12444 "http://various-euro.com/" "Mozilla/5.0 (Macintosh; U; PPC Mac OS X 10.4; en-US; rv:1.9.0.8) Gecko/2009032608 Firefox/3.0.8"
85.178.38.8 - - [29/Mar/2009:13:58:24 +0200] "GET /framez.html HTTP/1.1" 200 3959 "http://various-euro.com/framez_0.html" "Mozilla/5.0 (Macintosh; U; PPC Mac OS X 10.4; en-US; rv:1.9.0.8) Gecko/2009032608 Firefox/3.0.8"
85.178.38.8 - - [29/Mar/2009:13:58:25 +0200] "GET /frame-menu.html HTTP/1.1" 200 10536 "http://various-euro.com/framez.html" "Mozilla/5.0 (Macintosh; U; PPC Mac OS X 10.4; en-US; rv:1.9.0.8) Gecko/2009032608 Firefox/3.0.8"
85.178.38.8 - - [29/Mar/2009:13:58:25 +0200] "GET /frame-inhalt.html HTTP/1.1" 200 5418 "http://various-euro.com/framez.html" "Mozilla/5.0 (Macintosh; U; PPC Mac OS X 10.4; en-US; rv:1.9.0.8) Gecko/2009032608 Firefox/3.0.8"
85.178.38.8 - - [29/Mar/2009:13:58:25 +0200] "GET /frame-unten.html HTTP/1.1" 200 5308 "http://various-euro.com/framez.html" "Mozilla/5.0 (Macintosh; U; PPC Mac OS X 10.4; en-US; rv:1.9.0.8) Gecko/2009032608 Firefox/3.0.8"
85.178.38.8 - - [29/Mar/2009:13:58:25 +0200] "GET /bannerz/ve.jpg HTTP/1.1" 200 36912 "http://various-euro.com/frame-unten.html" "Mozilla/5.0 (Macintosh; U; PPC Mac OS X 10.4; en-US; rv:1.9.0.8) Gecko/2009032608 Firefox/3.0.8"
85.178.38.8 - - [29/Mar/2009:13:58:25 +0200] "GET /bannerz/various-euro-girl.jpg HTTP/1.1" 200 91514 "http://various-euro.com/frame-unten.html" "Mozilla/5.0 (Macintosh; U; PPC Mac OS X 10.4; en-US; rv:1.9.0.8) Gecko/2009032608 Firefox/3.0.8"
85.178.38.8 - - [29/Mar/2009:13:58:25 +0200] "GET /bannerz/neon_click_3.gif HTTP/1.1" 200 240 "http://various-euro.com/frame-inhalt.html" "Mozilla/5.0 (Macintosh; U; PPC Mac OS X 10.4; en-US; rv:1.9.0.8) Gecko/2009032608 Firefox/3.0.8"
85.178.38.8 - - [29/Mar/2009:13:58:25 +0200] "GET /bannerz/goolag_468.jpg HTTP/1.1" 200 28285 "http://various-euro.com/frame-inhalt.html" "Mozilla/5.0 (Macintosh; U; PPC Mac OS X 10.4; en-US; rv:1.9.0.8) Gecko/2009032608 Firefox/3.0.8"
85.178.38.8 - - [29/Mar/2009:13:58:25 +0200] "GET /bannerz/neon_click_1.gif HTTP/1.1" 200 890 "http://various-euro.com/frame-inhalt.html" "Mozilla/5.0 (Macintosh; U; PPC Mac OS X 10.4; en-US; rv:1.9.0.8) Gecko/2009032608 Firefox/3.0.8"
85.178.38.8 - - [29/Mar/2009:13:58:25 +0200] "GET /eurosign3.gif HTTP/1.1" 200 7879 "http://various-euro.com/frame-inhalt.html" "Mozilla/5.0 (Macintosh; U; PPC Mac OS X 10.4; en-US; rv:1.9.0.8) Gecko/2009032608 Firefox/3.0.8"
85.178.38.8 - - [29/Mar/2009:13:58:25 +0200] "GET /bannerz/neon_click_2.gif HTTP/1.1" 200 387 "http://various-euro.com/frame-inhalt.html" "Mozilla/5.0 (Macintosh; U; PPC Mac OS X 10.4; en-US; rv:1.9.0.8) Gecko/2009032608 Firefox/3.0.8"
85.178.38.8 - - [29/Mar/2009:13:58:25 +0200] "GET /bannerz/google/Logo_40blk.gif HTTP/1.1" 200 2308 "http://various-euro.com/frame-inhalt.html" "Mozilla/5.0 (Macintosh; U; PPC Mac OS X 10.4; en-US; rv:1.9.0.8) Gecko/2009032608 Firefox/3.0.8"
85.178.38.8 - - [29/Mar/2009:13:58:25 +0200] "GET /bannerz/douwil.gif HTTP/1.1" 200 528 "http://various-euro.com/frame-inhalt.html" "Mozilla/5.0 (Macintosh; U; PPC Mac OS X 10.4; en-US; rv:1.9.0.8) Gecko/2009032608 Firefox/3.0.8"
85.178.38.8 - - [29/Mar/2009:13:58:25 +0200] "GET /bannerz/copyleft_black_small.gif HTTP/1.1" 200 1231 "http://various-euro.com/frame-inhalt.html" "Mozilla/5.0 (Macintosh; U; PPC Mac OS X 10.4; en-US; rv:1.9.0.8) Gecko/2009032608 Firefox/3.0.8"
85.178.38.8 - - [29/Mar/2009:13:58:25 +0200] "GET /bannerz/anti_black_small.gif HTTP/1.1" 200 1009 "http://various-euro.com/frame-inhalt.html" "Mozilla/5.0 (Macintosh; U; PPC Mac OS X 10.4; en-US; rv:1.9.0.8) Gecko/2009032608 Firefox/3.0.8"
85.178.38.8 - - [29/Mar/2009:13:58:25 +0200] "GET /bannerz/wet.gif HTTP/1.1" 200 18561 "http://various-euro.com/frame-inhalt.html" "Mozilla/5.0 (Macintosh; U; PPC Mac OS X 10.4; en-US; rv:1.9.0.8) Gecko/2009032608 Firefox/3.0.8"
85.178.38.8 - - [29/Mar/2009:13:59:09 +0200] "GET /f-warez.html HTTP/1.1" 200 10953 "http://various-euro.com/frame-menu.html" "Mozilla/5.0 (Macintosh; U; PPC Mac OS X 10.4; en-US; rv:1.9.0.8) Gecko/2009032608 Firefox/3.0.8"
85.178.38.8 - - [29/Mar/2009:13:59:10 +0200] "GET /bannerz/kmfms-banner.gif HTTP/1.1" 200 8484 "http://various-euro.com/f-warez.html" "Mozilla/5.0 (Macintosh; U; PPC Mac OS X 10.4; en-US; rv:1.9.0.8) Gecko/2009032608 Firefox/3.0.8"
85.178.38.8 - - [29/Mar/2009:13:59:10 +0200] "GET /shoppingcart.gif HTTP/1.1" 200 1386 "http://various-euro.com/f-warez.html" "Mozilla/5.0 (Macintosh; U; PPC Mac OS X 10.4; en-US; rv:1.9.0.8) Gecko/2009032608 Firefox/3.0.8"
85.178.38.8 - - [29/Mar/2009:13:59:10 +0200] "GET /textz.gif HTTP/1.1" 200 871 "http://various-euro.com/f-warez.html" "Mozilla/5.0 (Macintosh; U; PPC Mac OS X 10.4; en-US; rv:1.9.0.8) Gecko/2009032608 Firefox/3.0.8"
85.178.38.8 - - [29/Mar/2009:13:59:10 +0200] "GET /bannerz/AgainstTCPA-Log01Banner.gif HTTP/1.1" 200 6186 "http://various-euro.com/f-warez.html" "Mozilla/5.0 (Macintosh; U; PPC Mac OS X 10.4; en-US; rv:1.9.0.8) Gecko/2009032608 Firefox/3.0.8"
85.178.38.8 - - [29/Mar/2009:13:59:11 +0200] "GET /bannerz/quisse.gif HTTP/1.1" 200 2846 "http://various-euro.com/f-warez.html" "Mozilla/5.0 (Macintosh; U; PPC Mac OS X 10.4; en-US; rv:1.9.0.8) Gecko/2009032608 Firefox/3.0.8"
85.178.38.8 - - [29/Mar/2009:13:59:11 +0200] "GET /warezcrawler.jpg HTTP/1.1" 200 15588 "http://various-euro.com/f-warez.html" "Mozilla/5.0 (Macintosh; U; PPC Mac OS X 10.4; en-US; rv:1.9.0.8) Gecko/2009032608 Firefox/3.0.8"
85.178.38.8 - - [29/Mar/2009:13:59:11 +0200] "GET /hsp.gif HTTP/1.1" 200 42603 "http://various-euro.com/f-warez.html" "Mozilla/5.0 (Macintosh; U; PPC Mac OS X 10.4; en-US; rv:1.9.0.8) Gecko/2009032608 Firefox/3.0.8"
85.178.38.8 - - [29/Mar/2009:13:59:25 +0200] "GET /f-channel1.html HTTP/1.1" 200 8471 "http://various-euro.com/frame-menu.html" "Mozilla/5.0 (Macintosh; U; PPC Mac OS X 10.4; en-US; rv:1.9.0.8) Gecko/2009032608 Firefox/3.0.8"
74.6.8.90 - - [29/Mar/2009:14:08:57 +0200] "GET /neon/behindd.html HTTP/1.0" 200 476 "-" "Mozilla/5.0 (compatible; Yahoo! Slurp/3.0; http://help.yahoo.com/help/us/ysearch/slurp)"
66.249.71.249 - - [29/Mar/2009:14:10:26 +0200] "GET /zampa/montenegro/TESLAW.html HTTP/1.1" 200 861 "-" "Mozilla/5.0 (compatible; Googlebot/2.1; +http://www.google.com/bot.html)"
87.250.39.216 - - [29/Mar/2009:14:17:27 +0200] "GET /favicon.ico HTTP/1.1" 302 364 "-" "Mozilla/4.0 (compatible; GoogleToolbar 5.0.2124.6042; Windows XP 5.1; MSIE 7.0.5730.13)"
87.250.39.216 - - [29/Mar/2009:14:17:27 +0200] "GET /zampa/favicon.ico HTTP/1.1" 404 2748 "-" "Mozilla/4.0 (compatible; GoogleToolbar 5.0.2124.6042; Windows XP 5.1; MSIE 7.0.5730.13)"
87.250.39.216 - - [29/Mar/2009:14:17:27 +0200] "GET /favicon.gif HTTP/1.1" 302 364 "-" "Mozilla/4.0 (compatible; GoogleToolbar 5.0.2124.6042; Windows XP 5.1; MSIE 7.0.5730.13)"
87.250.39.216 - - [29/Mar/2009:14:17:27 +0200] "GET /zampa/favicon.gif HTTP/1.1" 404 2748 "-" "Mozilla/4.0 (compatible; GoogleToolbar 5.0.2124.6042; Windows XP 5.1; MSIE 7.0.5730.13)"
87.250.39.216 - - [29/Mar/2009:14:18:38 +0200] "GET /favicon.ico HTTP/1.1" 302 364 "-" "Mozilla/4.0 (compatible; GoogleToolbar 5.0.2124.6042; Windows XP 5.1; MSIE 7.0.5730.13)"
87.250.39.216 - - [29/Mar/2009:14:18:38 +0200] "GET /zampa/favicon.ico HTTP/1.1" 404 2748 "-" "Mozilla/4.0 (compatible; GoogleToolbar 5.0.2124.6042; Windows XP 5.1; MSIE 7.0.5730.13)"
87.250.39.216 - - [29/Mar/2009:14:18:38 +0200] "GET /favicon.gif HTTP/1.1" 302 364 "-" "Mozilla/4.0 (compatible; GoogleToolbar 5.0.2124.6042; Windows XP 5.1; MSIE 7.0.5730.13)"
87.250.39.216 - - [29/Mar/2009:14:18:38 +0200] "GET /zampa/favicon.gif HTTP/1.1" 404 2748 "-" "Mozilla/4.0 (compatible; GoogleToolbar 5.0.2124.6042; Windows XP 5.1; MSIE 7.0.5730.13)"
87.250.39.216 - - [29/Mar/2009:14:21:39 +0200] "GET /favicon.ico HTTP/1.1" 302 364 "-" "Mozilla/4.0 (compatible; GoogleToolbar 5.0.2124.6042; Windows XP 5.1; MSIE 7.0.5730.13)"
87.250.39.216 - - [29/Mar/2009:14:21:39 +0200] "GET /zampa/favicon.ico HTTP/1.1" 404 2748 "-" "Mozilla/4.0 (compatible; GoogleToolbar 5.0.2124.6042; Windows XP 5.1; MSIE 7.0.5730.13)"
87.250.39.216 - - [29/Mar/2009:14:21:39 +0200] "GET /favicon.gif HTTP/1.1" 302 364 "-" "Mozilla/4.0 (compatible; GoogleToolbar 5.0.2124.6042; Windows XP 5.1; MSIE 7.0.5730.13)"
87.250.39.216 - - [29/Mar/2009:14:21:39 +0200] "GET /zampa/favicon.gif HTTP/1.1" 404 2748 "-" "Mozilla/4.0 (compatible; GoogleToolbar 5.0.2124.6042; Windows XP 5.1; MSIE 7.0.5730.13)"
67.195.37.180 - - [29/Mar/2009:14:23:10 +0200] "GET /robots.txt HTTP/1.0" 200 64 "-" "Mozilla/5.0 (compatible; Yahoo! Slurp; http://help.yahoo.com/help/us/ysearch/slurp)"
65.55.106.124 - - [29/Mar/2009:14:25:30 +0200] "GET /robots.txt HTTP/1.1" 200 64 "-" "msnbot/2.0b (+http://search.msn.com/msnbot.htm)"
193.252.149.14 - - [29/Mar/2009:14:46:00 +0200] "GET /neon/biggtani.html HTTP/1.1" 200 1698 "-" "Mozilla/5.0 (Windows; U; Windows NT 5.1; fr; rv:1.8.1) VoilaBot BETA 1.2 (support.voilabot@orange-ftgroup.com)"
67.195.37.158 - - [29/Mar/2009:15:04:31 +0200] "GET /f-other.html HTTP/1.0" 200 33189 "-" "Mozilla/5.0 (compatible; Yahoo! Slurp/3.0; http://help.yahoo.com/help/us/ysearch/slurp)"
66.249.71.249 - - [29/Mar/2009:15:15:59 +0200] "GET /neon/annniiii.html HTTP/1.1" 200 686 "-" "Mozilla/5.0 (compatible; Googlebot/2.1; +http://www.google.com/bot.html)"
193.252.149.14 - - [29/Mar/2009:15:28:46 +0200] "GET /DgH/ HTTP/1.1" 200 5024 "-" "Mozilla/5.0 (Windows; U; Windows NT 5.1; fr; rv:1.8.1) VoilaBot BETA 1.2 (support.voilabot@orange-ftgroup.com)"
67.195.37.158 - - [29/Mar/2009:15:41:09 +0200] "GET /logs/usage_200703.html HTTP/1.0" 200 108444 "-" "Mozilla/5.0 (compatible; Yahoo! Slurp/3.0; http://help.yahoo.com/help/us/ysearch/slurp)"
66.249.71.249 - - [29/Mar/2009:16:01:51 +0200] "GET /f-channel1.html HTTP/1.1" 200 8471 "-" "Mozilla/5.0 (compatible; Googlebot/2.1; +http://www.google.com/bot.html)"
65.55.211.160 - - [29/Mar/2009:16:06:31 +0200] "GET /robots.txt HTTP/1.1" 200 64 "-" "msnbot/1.1 (+http://search.msn.com/msnbot.htm)"
65.55.211.160 - - [29/Mar/2009:16:06:31 +0200] "GET /f-channel1.html HTTP/1.1" 200 8471 "-" "msnbot/1.1 (+http://search.msn.com/msnbot.htm)"
65.55.109.213 - - [29/Mar/2009:16:07:47 +0200] "GET /f-channel1.html HTTP/1.0" 200 8471 "http://search.live.com/results.aspx?q=various" "Mozilla/4.0 (compatible; MSIE 6.0; Windows NT 5.2; SV1; .NET CLR 1.1.4322)"
114.111.36.32 - - [29/Mar/2009:16:11:44 +0200] "GET /robots.txt HTTP/1.1" 200 64 "-" "Mozilla/4.0 (compatible; NaverBot/1.0; http://help.naver.com/customer_webtxt_02.jsp)"
114.111.36.32 - - [29/Mar/2009:16:11:44 +0200] "GET /f-contact.html HTTP/1.1" 200 6804 "-" "Mozilla/4.0 (compatible; NaverBot/1.0; http://help.naver.com/customer_webtxt_02.jsp)"
114.111.36.32 - - [29/Mar/2009:16:12:01 +0200] "GET /frame-menu.html HTTP/1.1" 200 10536 "-" "Mozilla/4.0 (compatible; NaverBot/1.0; http://help.naver.com/customer_webtxt_02.jsp)"
74.6.8.90 - - [29/Mar/2009:16:17:59 +0200] "GET /logs/usage_200510.html HTTP/1.0" 200 109497 "-" "Mozilla/5.0 (compatible; Yahoo! Slurp/3.0; http://help.yahoo.com/help/us/ysearch/slurp)"
74.6.8.90 - - [29/Mar/2009:16:17:59 +0200] "GET /logs/usage_200510.html HTTP/1.0" 200 109497 "-" "Mozilla/5.0 (compatible; Yahoo! Slurp/3.0; http://help.yahoo.com/help/us/ysearch/slurp)"
66.249.71.249 - - [29/Mar/2009:16:18:14 +0200] "GET /f-horrorkatze.html HTTP/1.1" 200 7865 "-" "Mozilla/5.0 (compatible; Googlebot/2.1; +http://www.google.com/bot.html)"
66.235.124.54 - - [29/Mar/2009:16:21:15 +0200] "GET /robots.txt HTTP/1.0" 302 363 "-" "Mozilla/5.0 (compatible; Ask Jeeves/Teoma; +http://about.ask.com/en/docs/about/webmasters.shtml)"
66.235.124.54 - - [29/Mar/2009:16:21:16 +0200] "GET /zampa/robots.txt HTTP/1.0" 404 2748 "-" "Mozilla/5.0 (compatible; Ask Jeeves/Teoma; +http://about.ask.com/en/docs/about/webmasters.shtml)"
66.235.124.54 - - [29/Mar/2009:16:21:16 +0200] "GET / HTTP/1.0" 302 353 "-" "Mozilla/5.0 (compatible; Ask Jeeves/Teoma; +http://about.ask.com/en/docs/about/webmasters.shtml)"
66.235.124.54 - - [29/Mar/2009:16:21:16 +0200] "GET /robots.txt HTTP/1.0" 200 64 "-" "Mozilla/5.0 (compatible; Ask Jeeves/Teoma; +http://about.ask.com/en/docs/about/webmasters.shtml)"
66.235.124.54 - - [29/Mar/2009:16:21:17 +0200] "GET /zampa/ HTTP/1.0" 200 7153 "-" "Mozilla/5.0 (compatible; Ask Jeeves/Teoma; +http://about.ask.com/en/docs/about/webmasters.shtml)"
66.249.71.249 - - [29/Mar/2009:16:21:31 +0200] "GET /schubb/schubb-4.html HTTP/1.1" 200 17746 "-" "Mozilla/5.0 (compatible; Googlebot/2.1; +http://www.google.com/bot.html)"
66.249.71.249 - - [29/Mar/2009:16:31:21 +0200] "GET /framez-contact.html HTTP/1.1" 200 4325 "-" "Mozilla/5.0 (compatible; Googlebot/2.1; +http://www.google.com/bot.html)"
66.249.71.249 - - [29/Mar/2009:17:04:07 +0200] "GET /bmpp/euro_pal_2.html HTTP/1.1" 200 5109 "-" "Mozilla/5.0 (compatible; Googlebot/2.1; +http://www.google.com/bot.html)"
193.252.149.15 - - [29/Mar/2009:17:08:44 +0200] "GET /bmpp/euro_pal_111.html HTTP/1.1" 200 2129 "-" "Mozilla/5.0 (Windows; U; Windows NT 5.1; fr; rv:1.8.1) VoilaBot BETA 1.2 (support.voilabot@orange-ftgroup.com)"
67.195.37.125 - - [29/Mar/2009:17:15:52 +0200] "GET /robots.txt HTTP/1.0" 200 64 "-" "Mozilla/5.0 (compatible; Yahoo! Slurp; http://help.yahoo.com/help/us/ysearch/slurp)"
67.195.37.125 - - [29/Mar/2009:17:15:52 +0200] "GET /f-bannnerz.html HTTP/1.0" 200 12651 "-" "Mozilla/5.0 (compatible; Yahoo! Slurp; http://help.yahoo.com/help/us/ysearch/slurp)"
67.195.37.125 - - [29/Mar/2009:17:27:09 +0200] "GET /games/virtualcop/virtualcop.html HTTP/1.0" 200 4487 "-" "Mozilla/5.0 (compatible; Yahoo! Slurp; http://help.yahoo.com/help/us/ysearch/slurp)"
193.252.149.15 - - [29/Mar/2009:17:37:56 +0200] "GET /neon/click.html HTTP/1.1" 200 521 "-" "Mozilla/5.0 (Windows; U; Windows NT 5.1; fr; rv:1.8.1) VoilaBot BETA 1.2 (support.voilabot@orange-ftgroup.com)"
77.222.40.177 - - [29/Mar/2009:17:49:59 +0200] "GET //?f=http://www.victor-international.com//images/text/safe1.txt??? HTTP/1.1" 200 7869 "-" "libwww-perl/5.805"
66.249.71.249 - - [29/Mar/2009:17:50:00 +0200] "GET /framez-zampa-lovers.html HTTP/1.1" 200 4322 "-" "Mozilla/5.0 (compatible; Googlebot/2.1; +http://www.google.com/bot.html)"
86.61.59.71 - - [29/Mar/2009:18:25:59 +0200] "GET /f-bannnerz.html HTTP/1.1" 200 12651 "http://www.google.si/search?q=europa+wetter&hl=sl&client=firefox-a&channel=s&rls=org.mozilla:sl:official&hs=azx&start=30&sa=N" "Mozilla/5.0 (Windows; U; Windows NT 5.1; sl; rv:1.9.0.8) Gecko/2009032609 Firefox/3.0.8"
86.61.59.71 - - [29/Mar/2009:18:26:00 +0200] "GET /ve-icon-2.ico HTTP/1.1" 200 2238 "-" "Mozilla/5.0 (Windows; U; Windows NT 5.1; sl; rv:1.9.0.8) Gecko/2009032609 Firefox/3.0.8"
86.61.59.71 - - [29/Mar/2009:18:26:00 +0200] "GET /bannerz/sound/blood-Sound002.mid HTTP/1.1" 200 9960 "http://www.various-euro.com/f-bannnerz.html" "Mozilla/5.0 (Windows; U; Windows NT 5.1; sl; rv:1.9.0.8) Gecko/2009032609 Firefox/3.0.8"
86.61.59.71 - - [29/Mar/2009:18:26:00 +0200] "GET /bannerz/gg1.gif HTTP/1.1" 200 30485 "http://www.various-euro.com/f-bannnerz.html" "Mozilla/5.0 (Windows; U; Windows NT 5.1; sl; rv:1.9.0.8) Gecko/2009032609 Firefox/3.0.8"
86.61.59.71 - - [29/Mar/2009:18:26:00 +0200] "GET /bannerz/aani_2.gif HTTP/1.1" 200 49981 "http://www.various-euro.com/f-bannnerz.html" "Mozilla/5.0 (Windows; U; Windows NT 5.1; sl; rv:1.9.0.8) Gecko/2009032609 Firefox/3.0.8"
86.61.59.71 - - [29/Mar/2009:18:26:00 +0200] "GET /bannerz/ve-campaign-strip-2.jpg HTTP/1.1" 200 54302 "http://www.various-euro.com/f-bannnerz.html" "Mozilla/5.0 (Windows; U; Windows NT 5.1; sl; rv:1.9.0.8) Gecko/2009032609 Firefox/3.0.8"
86.61.59.71 - - [29/Mar/2009:18:26:00 +0200] "GET /bannerz/ve-girl.gif HTTP/1.1" 200 61791 "http://www.various-euro.com/f-bannnerz.html" "Mozilla/5.0 (Windows; U; Windows NT 5.1; sl; rv:1.9.0.8) Gecko/2009032609 Firefox/3.0.8"
86.61.59.71 - - [29/Mar/2009:18:26:00 +0200] "GET /bannerz/ve-campaign-strip-1.jpg HTTP/1.1" 200 61295 "http://www.various-euro.com/f-bannnerz.html" "Mozilla/5.0 (Windows; U; Windows NT 5.1; sl; rv:1.9.0.8) Gecko/2009032609 Firefox/3.0.8"
86.61.59.71 - - [29/Mar/2009:18:26:02 +0200] "GET /framez.html HTTP/1.1" 200 3959 "http://www.various-euro.com/f-bannnerz.html" "Mozilla/5.0 (Windows; U; Windows NT 5.1; sl; rv:1.9.0.8) Gecko/2009032609 Firefox/3.0.8"
86.61.59.71 - - [29/Mar/2009:18:26:02 +0200] "GET /frame-menu.html HTTP/1.1" 200 10536 "http://www.various-euro.com/framez.html" "Mozilla/5.0 (Windows; U; Windows NT 5.1; sl; rv:1.9.0.8) Gecko/2009032609 Firefox/3.0.8"
86.61.59.71 - - [29/Mar/2009:18:26:03 +0200] "GET /frame-inhalt.html HTTP/1.1" 200 5418 "http://www.various-euro.com/framez.html" "Mozilla/5.0 (Windows; U; Windows NT 5.1; sl; rv:1.9.0.8) Gecko/2009032609 Firefox/3.0.8"
86.61.59.71 - - [29/Mar/2009:18:26:03 +0200] "GET /style/various-euro.css HTTP/1.1" 200 3437 "http://www.various-euro.com/framez.html" "Mozilla/5.0 (Windows; U; Windows NT 5.1; sl; rv:1.9.0.8) Gecko/2009032609 Firefox/3.0.8"
86.61.59.71 - - [29/Mar/2009:18:26:03 +0200] "GET /frame-unten.html HTTP/1.1" 200 5308 "http://www.various-euro.com/framez.html" "Mozilla/5.0 (Windows; U; Windows NT 5.1; sl; rv:1.9.0.8) Gecko/2009032609 Firefox/3.0.8"
86.61.59.71 - - [29/Mar/2009:18:26:03 +0200] "GET /bannerz/ve.jpg HTTP/1.1" 200 36912 "http://www.various-euro.com/frame-unten.html" "Mozilla/5.0 (Windows; U; Windows NT 5.1; sl; rv:1.9.0.8) Gecko/2009032609 Firefox/3.0.8"
