94.142.128.140 - - [10/Mar/2009:21:25:25 +0100] "GET /framez-zampa-lovers.html HTTP/1.0" 200 4322 "http://www.various-euro.com/framez-zampa-lovers.html" "Mozilla/4.0 (compatible; MSIE 6.0; Windows 98; Win 9x 4.90)"
193.47.80.51 - - [10/Mar/2009:21:26:53 +0100] "GET /robots.txt HTTP/1.1" 302 363 "-" "Mozilla/5.0 (compatible; Exabot/3.0; +http://www.exabot.com/go/robot)"
193.47.80.51 - - [10/Mar/2009:21:26:53 +0100] "GET /zampa/robots.txt HTTP/1.1" 404 2748 "-" "Mozilla/5.0 (compatible; Exabot/3.0; +http://www.exabot.com/go/robot)"
193.47.80.51 - - [10/Mar/2009:21:26:53 +0100] "GET / HTTP/1.1" 302 353 "-" "Mozilla/5.0 (compatible; Exabot/3.0; +http://www.exabot.com/go/robot)"
87.250.39.216 - - [10/Mar/2009:21:53:06 +0100] "GET /favicon.ico HTTP/1.1" 302 364 "-" "Mozilla/4.0 (compatible; GoogleToolbar 5.0.2124.6042; Windows XP 5.1; MSIE 7.0.5730.13)"
87.250.39.216 - - [10/Mar/2009:21:53:06 +0100] "GET /zampa/favicon.ico HTTP/1.1" 404 2748 "-" "Mozilla/4.0 (compatible; GoogleToolbar 5.0.2124.6042; Windows XP 5.1; MSIE 7.0.5730.13)"
87.250.39.216 - - [10/Mar/2009:21:53:07 +0100] "GET /favicon.gif HTTP/1.1" 302 364 "-" "Mozilla/4.0 (compatible; GoogleToolbar 5.0.2124.6042; Windows XP 5.1; MSIE 7.0.5730.13)"
87.250.39.216 - - [10/Mar/2009:21:53:07 +0100] "GET /zampa/favicon.gif HTTP/1.1" 404 2748 "-" "Mozilla/4.0 (compatible; GoogleToolbar 5.0.2124.6042; Windows XP 5.1; MSIE 7.0.5730.13)"
81.52.143.32 - - [10/Mar/2009:22:00:44 +0100] "GET /f-web.html HTTP/1.1" 200 13605 "-" "Mozilla/5.0 (Windows; U; Windows NT 5.1; fr; rv:1.8.1) VoilaBot BETA 1.2 (support.voilabot@orange-ftgroup.com)"
193.252.149.16 - - [10/Mar/2009:22:28:33 +0100] "GET /frame-inhalt.html HTTP/1.1" 200 5418 "-" "Mozilla/5.0 (Windows; U; Windows NT 5.1; fr; rv:1.8.1) VoilaBot BETA 1.2 (support.voilabot@orange-ftgroup.com)"
79.125.165.108 - - [10/Mar/2009:22:29:22 +0100] "GET /framez-zampa-lovers.html HTTP/1.1" 200 4322 "http://www.google.com/search?hl=en&q=tekst+od+toni+zen+mi+cas&btnG=Search" "Mozilla/5.0 (Windows; U; Windows NT 5.1; en-US; rv:1.9.0.7) Gecko/2009021910 Firefox/3.0.7"
79.125.165.108 - - [10/Mar/2009:22:29:22 +0100] "GET /ve-icon-2.ico HTTP/1.1" 200 2238 "-" "Mozilla/5.0 (Windows; U; Windows NT 5.1; en-US; rv:1.9.0.7) Gecko/2009021910 Firefox/3.0.7"
79.125.165.108 - - [10/Mar/2009:22:29:22 +0100] "GET /frame-menu.html HTTP/1.1" 200 10536 "http://www.various-euro.com/framez-zampa-lovers.html" "Mozilla/5.0 (Windows; U; Windows NT 5.1; en-US; rv:1.9.0.7) Gecko/2009021910 Firefox/3.0.7"
79.125.165.108 - - [10/Mar/2009:22:29:22 +0100] "GET /frame-unten.html HTTP/1.1" 200 5308 "http://www.various-euro.com/framez-zampa-lovers.html" "Mozilla/5.0 (Windows; U; Windows NT 5.1; en-US; rv:1.9.0.7) Gecko/2009021910 Firefox/3.0.7"
79.125.165.108 - - [10/Mar/2009:22:29:23 +0100] "GET /style/various-euro.css HTTP/1.1" 200 3437 "http://www.various-euro.com/frame-menu.html" "Mozilla/5.0 (Windows; U; Windows NT 5.1; en-US; rv:1.9.0.7) Gecko/2009021910 Firefox/3.0.7"
79.125.165.108 - - [10/Mar/2009:22:29:22 +0100] "GET /zampa-lovers/index.html HTTP/1.1" 200 37790 "http://www.various-euro.com/framez-zampa-lovers.html" "Mozilla/5.0 (Windows; U; Windows NT 5.1; en-US; rv:1.9.0.7) Gecko/2009021910 Firefox/3.0.7"
79.125.165.108 - - [10/Mar/2009:22:29:23 +0100] "GET /zampa-lovers/kralle.gif HTTP/1.1" 404 2748 "http://www.various-euro.com/zampa-lovers/index.html" "Mozilla/5.0 (Windows; U; Windows NT 5.1; en-US; rv:1.9.0.7) Gecko/2009021910 Firefox/3.0.7"
79.125.165.108 - - [10/Mar/2009:22:29:23 +0100] "GET /zampa-lovers/DRAGAN_Z.JPG HTTP/1.1" 200 6850 "http://www.various-euro.com/zampa-lovers/index.html" "Mozilla/5.0 (Windows; U; Windows NT 5.1; en-US; rv:1.9.0.7) Gecko/2009021910 Firefox/3.0.7"
79.125.165.108 - - [10/Mar/2009:22:29:23 +0100] "GET /bannerz/ve.jpg HTTP/1.1" 200 36912 "http://www.various-euro.com/frame-unten.html" "Mozilla/5.0 (Windows; U; Windows NT 5.1; en-US; rv:1.9.0.7) Gecko/2009021910 Firefox/3.0.7"
79.125.165.108 - - [10/Mar/2009:22:29:23 +0100] "GET /zampa-lovers/MILIZA_3.JPG HTTP/1.1" 200 26924 "http://www.various-euro.com/zampa-lovers/index.html" "Mozilla/5.0 (Windows; U; Windows NT 5.1; en-US; rv:1.9.0.7) Gecko/2009021910 Firefox/3.0.7"
79.125.165.108 - - [10/Mar/2009:22:29:23 +0100] "GET /zampa-lovers/ZAMPAMA2.MPG HTTP/1.1" 200 63492 "http://www.various-euro.com/zampa-lovers/index.html" "Mozilla/5.0 (Windows; U; Windows NT 5.1; en-US; rv:1.9.0.7) Gecko/2009021910 Firefox/3.0.7"
79.125.165.108 - - [10/Mar/2009:22:29:23 +0100] "GET /bannerz/various-euro-girl.jpg HTTP/1.1" 200 91514 "http://www.various-euro.com/frame-unten.html" "Mozilla/5.0 (Windows; U; Windows NT 5.1; en-US; rv:1.9.0.7) Gecko/2009021910 Firefox/3.0.7"
79.125.165.108 - - [10/Mar/2009:22:29:23 +0100] "GET /zampa-lovers/WASISTMI1.MPG HTTP/1.1" 200 271221 "http://www.various-euro.com/zampa-lovers/index.html" "Mozilla/5.0 (Windows; U; Windows NT 5.1; en-US; rv:1.9.0.7) Gecko/2009021910 Firefox/3.0.7"
79.125.165.108 - - [10/Mar/2009:22:29:23 +0100] "GET /zampa-lovers/MILIZA_2.JPG HTTP/1.1" 200 22172 "http://www.various-euro.com/zampa-lovers/index.html" "Mozilla/5.0 (Windows; U; Windows NT 5.1; en-US; rv:1.9.0.7) Gecko/2009021910 Firefox/3.0.7"
79.125.165.108 - - [10/Mar/2009:22:29:24 +0100] "GET /zampa-lovers/DRAGANZA.JPG HTTP/1.1" 200 18560 "http://www.various-euro.com/zampa-lovers/index.html" "Mozilla/5.0 (Windows; U; Windows NT 5.1; en-US; rv:1.9.0.7) Gecko/2009021910 Firefox/3.0.7"
79.125.165.108 - - [10/Mar/2009:22:29:24 +0100] "GET /zampa-lovers/MILIZA_B.JPG HTTP/1.1" 200 10947 "http://www.various-euro.com/zampa-lovers/index.html" "Mozilla/5.0 (Windows; U; Windows NT 5.1; en-US; rv:1.9.0.7) Gecko/2009021910 Firefox/3.0.7"
79.125.165.108 - - [10/Mar/2009:22:29:23 +0100] "GET /zampa-lovers/ZAMPAMAS.MPG HTTP/1.1" 200 520196 "http://www.various-euro.com/zampa-lovers/index.html" "Mozilla/5.0 (Windows; U; Windows NT 5.1; en-US; rv:1.9.0.7) Gecko/2009021910 Firefox/3.0.7"
79.125.165.108 - - [10/Mar/2009:22:29:24 +0100] "GET /zampa-lovers/MILIZA_4.JPG HTTP/1.1" 200 9946 "http://www.various-euro.com/zampa-lovers/index.html" "Mozilla/5.0 (Windows; U; Windows NT 5.1; en-US; rv:1.9.0.7) Gecko/2009021910 Firefox/3.0.7"
79.125.165.108 - - [10/Mar/2009:22:29:24 +0100] "GET /zampa-lovers/Kralle.gif HTTP/1.1" 200 260 "http://www.various-euro.com/zampa-lovers/index.html" "Mozilla/5.0 (Windows; U; Windows NT 5.1; en-US; rv:1.9.0.7) Gecko/2009021910 Firefox/3.0.7"
79.125.165.108 - - [10/Mar/2009:22:29:24 +0100] "GET /zampa-lovers/zampa-2X2.gif HTTP/1.1" 200 6948 "http://www.various-euro.com/zampa-lovers/index.html" "Mozilla/5.0 (Windows; U; Windows NT 5.1; en-US; rv:1.9.0.7) Gecko/2009021910 Firefox/3.0.7"
79.125.165.108 - - [10/Mar/2009:22:29:24 +0100] "GET /zampa-lovers/zampamali.gif HTTP/1.1" 200 2617 "http://www.various-euro.com/zampa-lovers/index.html" "Mozilla/5.0 (Windows; U; Windows NT 5.1; en-US; rv:1.9.0.7) Gecko/2009021910 Firefox/3.0.7"
79.125.165.108 - - [10/Mar/2009:22:29:24 +0100] "GET /zampa-lovers/2SEITEVE.GIF HTTP/1.1" 200 83466 "http://www.various-euro.com/zampa-lovers/index.html" "Mozilla/5.0 (Windows; U; Windows NT 5.1; en-US; rv:1.9.0.7) Gecko/2009021910 Firefox/3.0.7"
79.125.165.108 - - [10/Mar/2009:22:29:24 +0100] "GET /zampa-lovers/1SEITEVE.GIF HTTP/1.1" 200 78726 "http://www.various-euro.com/zampa-lovers/index.html" "Mozilla/5.0 (Windows; U; Windows NT 5.1; en-US; rv:1.9.0.7) Gecko/2009021910 Firefox/3.0.7"
79.125.165.108 - - [10/Mar/2009:22:29:25 +0100] "GET /zampa-lovers/zampa.gif HTTP/1.1" 200 460627 "http://www.various-euro.com/zampa-lovers/index.html" "Mozilla/5.0 (Windows; U; Windows NT 5.1; en-US; rv:1.9.0.7) Gecko/2009021910 Firefox/3.0.7"
66.249.71.249 - - [10/Mar/2009:22:56:51 +0100] "GET /framez-pal111.html HTTP/1.1" 200 4328 "-" "Mozilla/5.0 (compatible; Googlebot/2.1; +http://www.google.com/bot.html)"
66.235.124.61 - - [10/Mar/2009:23:22:55 +0100] "GET /framez-zampa-lovers.html HTTP/1.1" 200 4322 "-" "Mozilla/5.0 (compatible; Ask Jeeves/Teoma; +http://about.ask.com/en/docs/about/webmasters.shtml)"
66.235.124.61 - - [10/Mar/2009:23:22:55 +0100] "GET /frame-menu.html HTTP/1.1" 200 10536 "-" "Mozilla/5.0 (compatible; Ask Jeeves/Teoma; +http://about.ask.com/en/docs/about/webmasters.shtml)"
66.235.124.61 - - [10/Mar/2009:23:22:56 +0100] "GET /zampa-lovers/index.html HTTP/1.1" 200 37790 "-" "Mozilla/5.0 (compatible; Ask Jeeves/Teoma; +http://about.ask.com/en/docs/about/webmasters.shtml)"
66.235.124.61 - - [10/Mar/2009:23:22:56 +0100] "GET /frame-unten.html HTTP/1.1" 200 5308 "-" "Mozilla/5.0 (compatible; Ask Jeeves/Teoma; +http://about.ask.com/en/docs/about/webmasters.shtml)"
81.52.143.31 - - [10/Mar/2009:23:26:13 +0100] "GET /warez.html HTTP/1.1" 200 9754 "-" "Mozilla/5.0 (Windows; U; Windows NT 5.1; fr; rv:1.8.1) VoilaBot BETA 1.2 (support.voilabot@orange-ftgroup.com)"
66.235.124.61 - - [10/Mar/2009:23:31:18 +0100] "GET /framez.html HTTP/1.1" 200 3959 "-" "Mozilla/5.0 (compatible; Ask Jeeves/Teoma; +http://about.ask.com/en/docs/about/webmasters.shtml)"
66.235.124.61 - - [10/Mar/2009:23:31:18 +0100] "GET /framez.html HTTP/1.1" 200 3959 "-" "Mozilla/5.0 (compatible; Ask Jeeves/Teoma; +http://about.ask.com/en/docs/about/webmasters.shtml)"
66.235.124.61 - - [10/Mar/2009:23:31:18 +0100] "GET /frame-inhalt.html HTTP/1.1" 200 5418 "-" "Mozilla/5.0 (compatible; Ask Jeeves/Teoma; +http://about.ask.com/en/docs/about/webmasters.shtml)"
65.55.211.158 - - [10/Mar/2009:23:55:45 +0100] "GET /robots.txt HTTP/1.1" 200 64 "-" "msnbot/1.1 (+http://search.msn.com/msnbot.htm)"
65.55.211.158 - - [10/Mar/2009:23:55:46 +0100] "GET /bannnerz.html HTTP/1.1" 404 2748 "-" "msnbot/1.1 (+http://search.msn.com/msnbot.htm)"
66.249.71.249 - - [11/Mar/2009:00:04:06 +0100] "GET /framez-web.html HTTP/1.1" 200 4322 "-" "Mozilla/5.0 (compatible; Googlebot/2.1; +http://www.google.com/bot.html)"
66.249.71.249 - - [11/Mar/2009:00:08:22 +0100] "GET /f-zeug.html HTTP/1.1" 200 48203 "-" "Mozilla/5.0 (compatible; Googlebot/2.1; +http://www.google.com/bot.html)"
193.252.149.15 - - [11/Mar/2009:00:22:17 +0100] "GET /f-bannnerz.html HTTP/1.1" 200 12651 "-" "Mozilla/5.0 (Windows; U; Windows NT 5.1; fr; rv:1.8.1) VoilaBot BETA 1.2 (support.voilabot@orange-ftgroup.com)"
69.65.41.176 - - [11/Mar/2009:00:28:47 +0100] "GET /restate_copy.html HTTP/1.1" 200 97631 "-" "Mozilla/4.0 (compatible; MSIE 7.0; Windows NT 5.2; .NET CLR 1.1.4322)"
76.184.24.12 - - [11/Mar/2009:00:47:06 +0100] "GET / HTTP/1.1" 200 7869 "-" "Mozilla/5.0 (Windows; U; Windows NT 5.1; en; rv:1.8.1.8) Gecko/20071008 Firefox/2.0.0.8"
193.252.149.15 - - [11/Mar/2009:00:53:16 +0100] "GET / HTTP/1.1" 200 7869 "-" "Mozilla/5.0 (Windows; U; Windows NT 5.1; fr; rv:1.8.1) VoilaBot BETA 1.2 (support.voilabot@orange-ftgroup.com)"
66.249.71.249 - - [11/Mar/2009:01:02:01 +0100] "GET /robots.txt HTTP/1.1" 200 64 "-" "Mozilla/5.0 (compatible; Googlebot/2.1; +http://www.google.com/bot.html)"
66.249.71.249 - - [11/Mar/2009:01:02:01 +0100] "GET /your_tour.html HTTP/1.1" 200 29760 "-" "Mozilla/5.0 (compatible; Googlebot/2.1; +http://www.google.com/bot.html)"
85.66.84.141 - - [11/Mar/2009:01:18:52 +0100] "GET //ccbill/secure/ccbill.log HTTP/1.1" 404 2748 "http://various-euro.com//ccbill/secure/ccbill.log" "Mozilla/4.0 (compatible; MSIE 6.0; Windows NT 5.1)"
66.249.71.249 - - [11/Mar/2009:01:28:51 +0100] "GET /framez-zampa-lovers.html HTTP/1.1" 200 4322 "-" "Mozilla/5.0 (compatible; Googlebot/2.1; +http://www.google.com/bot.html)"
193.252.149.14 - - [11/Mar/2009:01:59:13 +0100] "GET /framez.html HTTP/1.1" 200 3959 "-" "Mozilla/5.0 (Windows; U; Windows NT 5.1; fr; rv:1.8.1) VoilaBot BETA 1.2 (support.voilabot@orange-ftgroup.com)"
193.252.149.14 - - [11/Mar/2009:01:59:28 +0100] "GET /frame-unten.html HTTP/1.1" 200 5308 "-" "Mozilla/5.0 (Windows; U; Windows NT 5.1; fr; rv:1.8.1) VoilaBot BETA 1.2 (support.voilabot@orange-ftgroup.com)"
193.252.149.14 - - [11/Mar/2009:01:59:28 +0100] "GET /frame-inhalt.html HTTP/1.1" 200 5418 "-" "Mozilla/5.0 (Windows; U; Windows NT 5.1; fr; rv:1.8.1) VoilaBot BETA 1.2 (support.voilabot@orange-ftgroup.com)"
193.252.149.14 - - [11/Mar/2009:01:59:28 +0100] "GET /frame-menu.html HTTP/1.1" 200 10536 "-" "Mozilla/5.0 (Windows; U; Windows NT 5.1; fr; rv:1.8.1) VoilaBot BETA 1.2 (support.voilabot@orange-ftgroup.com)"
81.52.143.30 - - [11/Mar/2009:02:44:23 +0100] "GET /f-maintitle.html HTTP/1.1" 200 5030 "-" "Mozilla/5.0 (Windows; U; Windows NT 5.1; fr; rv:1.8.1) VoilaBot BETA 1.2 (support.voilabot@orange-ftgroup.com)"
66.249.71.249 - - [11/Mar/2009:03:07:12 +0100] "GET /neon/annniiii.html HTTP/1.1" 200 686 "-" "Mozilla/5.0 (compatible; Googlebot/2.1; +http://www.google.com/bot.html)"
64.17.2.164 - - [11/Mar/2009:03:17:02 +0100] "GET /robots.txt HTTP/1.1" 200 64 "-" "MLBot (www.metadatalabs.com/mlbot)"
64.17.2.164 - - [11/Mar/2009:03:17:03 +0100] "GET / HTTP/1.1" 200 7869 "-" "MLBot (www.metadatalabs.com/mlbot)"
66.249.71.249 - - [11/Mar/2009:03:51:57 +0100] "GET /bmpp/euro_pal_111.html HTTP/1.1" 200 2129 "-" "Mozilla/5.0 (compatible; Googlebot/2.1; +http://www.google.com/bot.html)"
193.252.149.13 - - [11/Mar/2009:04:19:46 +0100] "GET /f-channel1.html HTTP/1.1" 200 8471 "-" "Mozilla/5.0 (Windows; U; Windows NT 5.1; fr; rv:1.8.1) VoilaBot BETA 1.2 (support.voilabot@orange-ftgroup.com)"
66.235.124.7 - - [11/Mar/2009:04:38:08 +0100] "GET /robots.txt HTTP/1.1" 200 64 "-" "Mozilla/5.0 (compatible; Ask Jeeves/Teoma; +http://about.ask.com/en/docs/about/webmasters.shtml)"
66.235.124.7 - - [11/Mar/2009:04:38:23 +0100] "GET /restate_copy.html HTTP/1.1" 200 97631 "-" "Mozilla/5.0 (compatible; Ask Jeeves/Teoma; +http://about.ask.com/en/docs/about/webmasters.shtml)"
66.235.124.7 - - [11/Mar/2009:04:38:24 +0100] "GET /menueleiste.js HTTP/1.1" 404 2748 "-" "Mozilla/5.0 (compatible; Ask Jeeves/Teoma; +http://about.ask.com/en/docs/about/webmasters.shtml)"
174.129.85.111 - - [11/Mar/2009:05:25:04 +0100] "GET /robots.txt HTTP/1.0" 200 64 "-" "SimilarPages/Nutch-1.0-dev (SimilarPages Nutch Crawler; http://www.similarpages.com; info at similarpages dot com)"
174.129.85.111 - - [11/Mar/2009:05:25:05 +0100] "GET /games/virtualcop/virtualcop.html HTTP/1.0" 200 4487 "-" "SimilarPages/Nutch-1.0-dev (SimilarPages Nutch Crawler; http://www.similarpages.com; info at similarpages dot com)"
174.129.85.111 - - [11/Mar/2009:05:32:24 +0100] "GET /neon/warning2.html HTTP/1.0" 200 997 "-" "SimilarPages/Nutch-1.0-dev (SimilarPages Nutch Crawler; http://www.similarpages.com; info at similarpages dot com)"
74.6.8.105 - - [11/Mar/2009:05:32:51 +0100] "GET /robots.txt HTTP/1.0" 200 64 "-" "Mozilla/5.0 (compatible; Yahoo! Slurp; http://help.yahoo.com/help/us/ysearch/slurp)"
74.6.8.105 - - [11/Mar/2009:05:32:51 +0100] "GET /neon/girlz3.html HTTP/1.0" 200 2479 "-" "Mozilla/5.0 (compatible; Yahoo! Slurp/3.0; http://help.yahoo.com/help/us/ysearch/slurp)"
174.129.85.111 - - [11/Mar/2009:05:37:17 +0100] "GET /neon/channel.html HTTP/1.0" 200 1942 "-" "SimilarPages/Nutch-1.0-dev (SimilarPages Nutch Crawler; http://www.similarpages.com; info at similarpages dot com)"
174.129.85.111 - - [11/Mar/2009:05:39:03 +0100] "GET /neon/europa.html HTTP/1.0" 200 389 "-" "SimilarPages/Nutch-1.0-dev (SimilarPages Nutch Crawler; http://www.similarpages.com; info at similarpages dot com)"
174.129.85.111 - - [11/Mar/2009:05:43:49 +0100] "GET /bmpp/18.html HTTP/1.0" 200 4467 "-" "SimilarPages/Nutch-1.0-dev (SimilarPages Nutch Crawler; http://www.similarpages.com; info at similarpages dot com)"
174.129.85.111 - - [11/Mar/2009:05:45:33 +0100] "GET /zampa/ HTTP/1.0" 200 7153 "-" "SimilarPages/Nutch-1.0-dev (SimilarPages Nutch Crawler; http://www.similarpages.com; info at similarpages dot com)"
174.129.85.111 - - [11/Mar/2009:05:52:49 +0100] "GET /neon/code.html HTTP/1.0" 200 1109 "-" "SimilarPages/Nutch-1.0-dev (SimilarPages Nutch Crawler; http://www.similarpages.com; info at similarpages dot com)"
174.129.85.111 - - [11/Mar/2009:05:52:55 +0100] "GET /neon/click.html HTTP/1.0" 200 521 "-" "SimilarPages/Nutch-1.0-dev (SimilarPages Nutch Crawler; http://www.similarpages.com; info at similarpages dot com)"
174.129.85.111 - - [11/Mar/2009:05:53:17 +0100] "GET /neon/girlz3.html HTTP/1.0" 200 2479 "-" "SimilarPages/Nutch-1.0-dev (SimilarPages Nutch Crawler; http://www.similarpages.com; info at similarpages dot com)"
174.129.85.111 - - [11/Mar/2009:05:54:14 +0100] "GET /schubb/schubb-2.html HTTP/1.0" 200 16660 "-" "SimilarPages/Nutch-1.0-dev (SimilarPages Nutch Crawler; http://www.similarpages.com; info at similarpages dot com)"
81.52.143.35 - - [11/Mar/2009:06:12:48 +0100] "GET /neon/warning2.html HTTP/1.1" 200 997 "-" "Mozilla/5.0 (Windows; U; Windows NT 5.1; fr; rv:1.8.1) VoilaBot BETA 1.2 (support.voilabot@orange-ftgroup.com)"
74.6.8.105 - - [11/Mar/2009:07:24:43 +0100] "GET /f-bannnerz.html HTTP/1.0" 200 12651 "-" "Mozilla/5.0 (compatible; Yahoo! Slurp/3.0; http://help.yahoo.com/help/us/ysearch/slurp)"
74.6.8.105 - - [11/Mar/2009:07:45:27 +0100] "GET /f-restate_copy.html HTTP/1.0" 200 96087 "-" "Mozilla/5.0 (compatible; Yahoo! Slurp/3.0; http://help.yahoo.com/help/us/ysearch/slurp)"
76.184.24.12 - - [11/Mar/2009:07:54:23 +0100] "GET / HTTP/1.1" 200 7869 "-" "Mozilla/5.0 (Windows; U; Windows NT 5.1; en; rv:1.8.1.8) Gecko/20071008 Firefox/2.0.0.8"
208.80.195.36 - - [11/Mar/2009:07:59:23 +0100] "GET / HTTP/1.0" 200 7869 "-" "Mozilla/4.0 (compatible; MSIE 7.0; Windows NT 5.1; {193D1C17-4CF7-136D-2BF2-4B98101D4A2B}; .NET CLR 2.0.50727)"
208.80.195.36 - - [11/Mar/2009:07:59:23 +0100] "GET / HTTP/1.0" 200 7869 "-" "Mozilla/4.0 (compatible; MSIE 7.0; Windows NT 5.1; .NET CLR 1.1.4322; (R1 1.5))"
74.6.8.105 - - [11/Mar/2009:08:26:50 +0100] "GET /neon/euro.html HTTP/1.0" 200 2212 "-" "Mozilla/5.0 (compatible; Yahoo! Slurp/3.0; http://help.yahoo.com/help/us/ysearch/slurp)"
85.66.84.141 - - [11/Mar/2009:08:28:07 +0100] "GET //ccbill/secure/ccbill.log HTTP/1.1" 404 2748 "http://various-euro.com//ccbill/secure/ccbill.log" "Mozilla/4.0 (compatible; MSIE 6.0; Windows NT 5.1)"
174.129.94.193 - - [11/Mar/2009:08:37:58 +0100] "GET / HTTP/1.0" 200 7869 "-" "Mozilla/5.0 (compatible; NetcraftSurveyAgent/1.0; +info@netcraft.com)"
193.252.149.15 - - [11/Mar/2009:09:28:29 +0100] "GET /bmpp/euro_pal_111.html HTTP/1.1" 200 2129 "-" "Mozilla/5.0 (Windows; U; Windows NT 5.1; fr; rv:1.8.1) VoilaBot BETA 1.2 (support.voilabot@orange-ftgroup.com)"
174.129.84.49 - - [11/Mar/2009:09:54:43 +0100] "GET /robots.txt HTTP/1.0" 200 64 "-" "SimilarPages/Nutch-1.0-dev (SimilarPages Nutch Crawler; http://www.similarpages.com; info at similarpages dot com)"
174.129.84.49 - - [11/Mar/2009:09:54:43 +0100] "GET /zampa/montenegro/index.html HTTP/1.0" 200 2651 "-" "SimilarPages/Nutch-1.0-dev (SimilarPages Nutch Crawler; http://www.similarpages.com; info at similarpages dot com)"
174.129.84.49 - - [11/Mar/2009:09:56:35 +0100] "GET /zampa/montenegro/dajpare.html HTTP/1.0" 200 2503 "-" "SimilarPages/Nutch-1.0-dev (SimilarPages Nutch Crawler; http://www.similarpages.com; info at similarpages dot com)"
174.129.84.49 - - [11/Mar/2009:09:58:34 +0100] "GET /zampa/lybia/index.html HTTP/1.0" 200 3036 "-" "SimilarPages/Nutch-1.0-dev (SimilarPages Nutch Crawler; http://www.similarpages.com; info at similarpages dot com)"
174.129.84.49 - - [11/Mar/2009:09:59:27 +0100] "GET /schubb/schubb-3.html HTTP/1.0" 200 17546 "-" "SimilarPages/Nutch-1.0-dev (SimilarPages Nutch Crawler; http://www.similarpages.com; info at similarpages dot com)"
193.252.149.15 - - [11/Mar/2009:10:04:05 +0100] "GET /neon/slow-walk.html HTTP/1.1" 200 1640 "-" "Mozilla/5.0 (Windows; U; Windows NT 5.1; fr; rv:1.8.1) VoilaBot BETA 1.2 (support.voilabot@orange-ftgroup.com)"
174.129.84.49 - - [11/Mar/2009:10:04:14 +0100] "GET /zampa/wonderland/index.html HTTP/1.0" 200 2084 "-" "SimilarPages/Nutch-1.0-dev (SimilarPages Nutch Crawler; http://www.similarpages.com; info at similarpages dot com)"
66.235.124.132 - - [11/Mar/2009:10:06:56 +0100] "GET /robots.txt HTTP/1.1" 200 64 "-" "-"
87.250.39.216 - - [11/Mar/2009:10:16:43 +0100] "GET /favicon.ico HTTP/1.1" 302 364 "-" "Mozilla/4.0 (compatible; GoogleToolbar 5.0.2124.6042; Windows XP 5.1; MSIE 7.0.5730.13)"
87.250.39.216 - - [11/Mar/2009:10:16:43 +0100] "GET /zampa/favicon.ico HTTP/1.1" 404 2748 "-" "Mozilla/4.0 (compatible; GoogleToolbar 5.0.2124.6042; Windows XP 5.1; MSIE 7.0.5730.13)"
87.250.39.216 - - [11/Mar/2009:10:16:43 +0100] "GET /favicon.gif HTTP/1.1" 302 364 "-" "Mozilla/4.0 (compatible; GoogleToolbar 5.0.2124.6042; Windows XP 5.1; MSIE 7.0.5730.13)"
87.250.39.216 - - [11/Mar/2009:10:16:43 +0100] "GET /zampa/favicon.gif HTTP/1.1" 404 2748 "-" "Mozilla/4.0 (compatible; GoogleToolbar 5.0.2124.6042; Windows XP 5.1; MSIE 7.0.5730.13)"
74.6.8.105 - - [11/Mar/2009:10:33:18 +0100] "GET /zampa/montenegro/SEKAW.html HTTP/1.0" 200 860 "-" "Mozilla/5.0 (compatible; Yahoo! Slurp/3.0; http://help.yahoo.com/help/us/ysearch/slurp)"
65.55.211.161 - - [11/Mar/2009:10:42:52 +0100] "GET /robots.txt HTTP/1.1" 302 363 "-" "msnbot/1.1 (+http://search.msn.com/msnbot.htm)"
65.55.211.161 - - [11/Mar/2009:10:43:55 +0100] "GET /zampa/robots.txt HTTP/1.1" 404 2748 "-" "msnbot/1.1 (+http://search.msn.com/msnbot.htm)"
65.55.211.161 - - [11/Mar/2009:10:43:55 +0100] "GET / HTTP/1.1" 302 353 "-" "msnbot/1.1 (+http://search.msn.com/msnbot.htm)"
65.55.211.161 - - [11/Mar/2009:10:44:53 +0100] "GET /robots.txt HTTP/1.1" 200 64 "-" "msnbot/1.1 (+http://search.msn.com/msnbot.htm)"
65.55.211.161 - - [11/Mar/2009:10:44:53 +0100] "GET /zampa/ HTTP/1.1" 200 7153 "-" "msnbot/1.1 (+http://search.msn.com/msnbot.htm)"
65.55.110.192 - - [11/Mar/2009:10:45:52 +0100] "GET / HTTP/1.0" 302 353 "http://search.live.com/results.aspx?q=zampa" "Mozilla/4.0 (compatible; MSIE 6.0; Windows NT 5.2; SV1; .NET CLR 1.1.4322)"
65.55.110.192 - - [11/Mar/2009:10:45:52 +0100] "GET /zampa/ HTTP/1.0" 200 7153 "http://search.live.com/results.aspx?q=zampa" "Mozilla/4.0 (compatible; MSIE 6.0; Windows NT 5.2; SV1; .NET CLR 1.1.4322)"
66.249.71.249 - - [11/Mar/2009:11:04:08 +0100] "GET /logs/usage_200903.html HTTP/1.1" 404 2748 "-" "Mozilla/5.0 (compatible; Googlebot/2.1; +http://www.google.com/bot.html)"
217.225.5.188 - - [11/Mar/2009:11:05:26 +0100] "GET /f-other.html HTTP/1.1" 200 33189 "http://www.google.de/search?hl=de&lr=lang_en&client=firefox-a&rls=org.mozilla:de:official&q=Euro+Web&start=100&sa=N" "Mozilla/5.0 (Windows; U; Windows NT 5.1; de; rv:1.9.0.7) Gecko/2009021910 Firefox/3.0.7 (.NET CLR 3.5.30729)"
217.225.5.188 - - [11/Mar/2009:11:05:26 +0100] "GET /ve-icon-2.ico HTTP/1.1" 200 2238 "-" "Mozilla/5.0 (Windows; U; Windows NT 5.1; de; rv:1.9.0.7) Gecko/2009021910 Firefox/3.0.7 (.NET CLR 3.5.30729)"
217.225.5.188 - - [11/Mar/2009:11:05:27 +0100] "GET /bannerz/webmasters_click_here.gif HTTP/1.1" 200 1207 "http://www.various-euro.com/f-other.html" "Mozilla/5.0 (Windows; U; Windows NT 5.1; de; rv:1.9.0.7) Gecko/2009021910 Firefox/3.0.7 (.NET CLR 3.5.30729)"
75.74.35.213 - - [11/Mar/2009:11:30:51 +0100] "GET /cgi-bin/gallery/imageFolio.cgi HTTP/1.1" 404 2748 "http://various-euro.com/cgi-bin/gallery/imageFolio.cgi" "Mozilla/4.0 (compatible; MSIE 6.0; Windows NT 5.1)"
65.55.231.47 - - [11/Mar/2009:11:31:13 +0100] "GET /robots.txt HTTP/1.1" 200 64 "-" "msnbot-media/1.1 (+http://search.msn.com/msnbot.htm)"
65.55.231.47 - - [11/Mar/2009:11:31:14 +0100] "GET /zampa-lovers/DRAGAN_Z.JPG HTTP/1.1" 200 6850 "-" "msnbot-media/1.1 (+http://search.msn.com/msnbot.htm)"
65.55.231.47 - - [11/Mar/2009:11:31:14 +0100] "GET /zampa-lovers/ HTTP/1.1" 200 37790 "-" "msnbot-media/1.1 (+http://search.msn.com/msnbot.htm)"
80.186.110.211 - - [11/Mar/2009:11:52:15 +0100] "GET / HTTP/1.1" 302 353 "http://www.google.fi/search?hl=fi&q=zampa+di+leone&btnG=Google-haku&meta=&aq=f&oq=" "Mozilla/5.0 (Macintosh; U; Intel Mac OS X 10_5_6; en-us) AppleWebKit/525.27.1 (KHTML, like Gecko) Version/3.2.1 Safari/525.27.1"
80.186.110.211 - - [11/Mar/2009:11:52:16 +0100] "GET /zampa/ HTTP/1.1" 200 7153 "http://www.google.fi/search?hl=fi&q=zampa+di+leone&btnG=Google-haku&meta=&aq=f&oq=" "Mozilla/5.0 (Macintosh; U; Intel Mac OS X 10_5_6; en-us) AppleWebKit/525.27.1 (KHTML, like Gecko) Version/3.2.1 Safari/525.27.1"
80.186.110.211 - - [11/Mar/2009:11:52:17 +0100] "GET /favicon.ico HTTP/1.1" 404 2748 "http://www.various-euro.com/zampa/" "Mozilla/5.0 (Macintosh; U; Intel Mac OS X 10_5_6; en-us) AppleWebKit/525.27.1 (KHTML, like Gecko) Version/3.2.1 Safari/525.27.1"
80.186.110.211 - - [11/Mar/2009:11:52:17 +0100] "GET /zampa/slike/udupetu.gif HTTP/1.1" 200 4138 "http://www.various-euro.com/zampa/" "Mozilla/5.0 (Macintosh; U; Intel Mac OS X 10_5_6; en-us) AppleWebKit/525.27.1 (KHTML, like Gecko) Version/3.2.1 Safari/525.27.1"
80.186.110.211 - - [11/Mar/2009:11:52:17 +0100] "GET /zampa/slike/inthearse.gif HTTP/1.1" 200 4077 "http://www.various-euro.com/zampa/" "Mozilla/5.0 (Macintosh; U; Intel Mac OS X 10_5_6; en-us) AppleWebKit/525.27.1 (KHTML, like Gecko) Version/3.2.1 Safari/525.27.1"
80.186.110.211 - - [11/Mar/2009:11:52:17 +0100] "GET /zampa/slike/zampa.gif HTTP/1.1" 200 5310 "http://www.various-euro.com/zampa/" "Mozilla/5.0 (Macintosh; U; Intel Mac OS X 10_5_6; en-us) AppleWebKit/525.27.1 (KHTML, like Gecko) Version/3.2.1 Safari/525.27.1"
80.186.110.211 - - [11/Mar/2009:11:56:57 +0100] "GET / HTTP/1.1" 302 353 "http://www.google.fi/search?hl=fi&q=zampa+di+leone&btnG=Google-haku&meta=&aq=f&oq=" "Mozilla/5.0 (Macintosh; U; Intel Mac OS X 10_5_6; en-us) AppleWebKit/525.27.1 (KHTML, like Gecko) Version/3.2.1 Safari/525.27.1"
80.186.110.211 - - [11/Mar/2009:11:56:57 +0100] "GET /zampa/ HTTP/1.1" 200 7153 "http://www.google.fi/search?hl=fi&q=zampa+di+leone&btnG=Google-haku&meta=&aq=f&oq=" "Mozilla/5.0 (Macintosh; U; Intel Mac OS X 10_5_6; en-us) AppleWebKit/525.27.1 (KHTML, like Gecko) Version/3.2.1 Safari/525.27.1"
38.113.234.181 - - [11/Mar/2009:11:57:32 +0100] "GET /robots.txt HTTP/1.1" 200 64 "-" "voyager/2.0 (http://www.kosmix.com/crawler.html)"
213.243.185.42 - - [11/Mar/2009:12:12:47 +0100] "GET /zampa/ HTTP/1.1" 200 7153 "-" "Mozilla/5.0 (Macintosh; U; Intel Mac OS X 10_4_11; fi-fi) AppleWebKit/525.27.1 (KHTML, like Gecko) Version/3.2.1 Safari/525.27.1"
213.243.185.42 - - [11/Mar/2009:12:12:47 +0100] "GET /zampa/slike/zampa.gif HTTP/1.1" 200 5310 "http://www.various-euro.com/zampa/" "Mozilla/5.0 (Macintosh; U; Intel Mac OS X 10_4_11; fi-fi) AppleWebKit/525.27.1 (KHTML, like Gecko) Version/3.2.1 Safari/525.27.1"
213.243.185.42 - - [11/Mar/2009:12:12:47 +0100] "GET /zampa/slike/udupetu.gif HTTP/1.1" 200 4138 "http://www.various-euro.com/zampa/" "Mozilla/5.0 (Macintosh; U; Intel Mac OS X 10_4_11; fi-fi) AppleWebKit/525.27.1 (KHTML, like Gecko) Version/3.2.1 Safari/525.27.1"
213.243.185.42 - - [11/Mar/2009:12:12:47 +0100] "GET /zampa/slike/inthearse.gif HTTP/1.1" 200 4077 "http://www.various-euro.com/zampa/" "Mozilla/5.0 (Macintosh; U; Intel Mac OS X 10_4_11; fi-fi) AppleWebKit/525.27.1 (KHTML, like Gecko) Version/3.2.1 Safari/525.27.1"
213.243.185.42 - - [11/Mar/2009:12:12:47 +0100] "GET /favicon.ico HTTP/1.1" 404 2748 "http://www.various-euro.com/zampa/" "Mozilla/5.0 (Macintosh; U; Intel Mac OS X 10_4_11; fi-fi) AppleWebKit/525.27.1 (KHTML, like Gecko) Version/3.2.1 Safari/525.27.1"
213.243.185.42 - - [11/Mar/2009:12:12:55 +0100] "GET /zampa/slike/S1TITEL.GIF HTTP/1.1" 200 15244 "http://www.various-euro.com/zampa/" "Mozilla/5.0 (Macintosh; U; Intel Mac OS X 10_4_11; fi-fi) AppleWebKit/525.27.1 (KHTML, like Gecko) Version/3.2.1 Safari/525.27.1"
213.243.185.42 - - [11/Mar/2009:12:12:59 +0100] "GET /zampa/slike/S2COPY.GIF HTTP/1.1" 200 12771 "http://www.various-euro.com/zampa/" "Mozilla/5.0 (Macintosh; U; Intel Mac OS X 10_4_11; fi-fi) AppleWebKit/525.27.1 (KHTML, like Gecko) Version/3.2.1 Safari/525.27.1"
213.243.185.42 - - [11/Mar/2009:12:13:04 +0100] "GET /zampa/slike/S3VAMPIR.GIF HTTP/1.1" 200 55504 "http://www.various-euro.com/zampa/" "Mozilla/5.0 (Macintosh; U; Intel Mac OS X 10_4_11; fi-fi) AppleWebKit/525.27.1 (KHTML, like Gecko) Version/3.2.1 Safari/525.27.1"
213.243.185.42 - - [11/Mar/2009:12:13:13 +0100] "GET /zampa/slike/S4IRWIN.GIF HTTP/1.1" 200 54718 "http://www.various-euro.com/zampa/" "Mozilla/5.0 (Macintosh; U; Intel Mac OS X 10_4_11; fi-fi) AppleWebKit/525.27.1 (KHTML, like Gecko) Version/3.2.1 Safari/525.27.1"
65.55.220.221 - - [11/Mar/2009:12:26:46 +0100] "GET /robots.txt HTTP/1.1" 200 64 "-" "msnbot-media/1.1 (+http://search.msn.com/msnbot.htm)"
65.55.220.221 - - [11/Mar/2009:12:26:47 +0100] "GET /bannerz/list2.gif HTTP/1.1" 200 17776 "-" "msnbot-media/1.1 (+http://search.msn.com/msnbot.htm)"
65.55.220.221 - - [11/Mar/2009:12:26:47 +0100] "GET /f-actions.html HTTP/1.1" 200 10429 "-" "msnbot-media/1.1 (+http://search.msn.com/msnbot.htm)"
193.252.149.14 - - [11/Mar/2009:12:47:43 +0100] "GET /DgH/watch/index.html HTTP/1.1" 200 2028 "-" "Mozilla/5.0 (Windows; U; Windows NT 5.1; fr; rv:1.8.1) VoilaBot BETA 1.2 (support.voilabot@orange-ftgroup.com)"
65.55.231.76 - - [11/Mar/2009:13:54:34 +0100] "GET /robots.txt HTTP/1.1" 200 64 "-" "msnbot-media/1.1 (+http://search.msn.com/msnbot.htm)"
65.55.231.76 - - [11/Mar/2009:13:54:34 +0100] "GET /3dsf3/sendi/slike/various-sendi.jpg HTTP/1.1" 200 6368 "-" "msnbot-media/1.1 (+http://search.msn.com/msnbot.htm)"
65.55.231.76 - - [11/Mar/2009:13:54:35 +0100] "GET /3dsf3/sendi/index.html HTTP/1.1" 200 1837 "-" "msnbot-media/1.1 (+http://search.msn.com/msnbot.htm)"
87.250.39.216 - - [11/Mar/2009:14:11:33 +0100] "GET /favicon.ico HTTP/1.1" 302 364 "-" "Mozilla/4.0 (compatible; GoogleToolbar 5.0.2124.6042; Windows XP 5.1; MSIE 7.0.5730.13)"
87.250.39.216 - - [11/Mar/2009:14:11:33 +0100] "GET /zampa/favicon.ico HTTP/1.1" 404 2748 "-" "Mozilla/4.0 (compatible; GoogleToolbar 5.0.2124.6042; Windows XP 5.1; MSIE 7.0.5730.13)"
87.250.39.216 - - [11/Mar/2009:14:11:33 +0100] "GET /favicon.gif HTTP/1.1" 302 364 "-" "Mozilla/4.0 (compatible; GoogleToolbar 5.0.2124.6042; Windows XP 5.1; MSIE 7.0.5730.13)"
87.250.39.216 - - [11/Mar/2009:14:11:33 +0100] "GET /zampa/favicon.gif HTTP/1.1" 404 2748 "-" "Mozilla/4.0 (compatible; GoogleToolbar 5.0.2124.6042; Windows XP 5.1; MSIE 7.0.5730.13)"
87.250.39.216 - - [11/Mar/2009:14:12:23 +0100] "GET /favicon.ico HTTP/1.1" 302 364 "-" "Mozilla/4.0 (compatible; GoogleToolbar 5.0.2124.6042; Windows XP 5.1; MSIE 7.0.5730.13)"
87.250.39.216 - - [11/Mar/2009:14:12:23 +0100] "GET /zampa/favicon.ico HTTP/1.1" 404 2748 "-" "Mozilla/4.0 (compatible; GoogleToolbar 5.0.2124.6042; Windows XP 5.1; MSIE 7.0.5730.13)"
87.250.39.216 - - [11/Mar/2009:14:12:24 +0100] "GET /favicon.gif HTTP/1.1" 302 364 "-" "Mozilla/4.0 (compatible; GoogleToolbar 5.0.2124.6042; Windows XP 5.1; MSIE 7.0.5730.13)"
87.250.39.216 - - [11/Mar/2009:14:12:24 +0100] "GET /zampa/favicon.gif HTTP/1.1" 404 2748 "-" "Mozilla/4.0 (compatible; GoogleToolbar 5.0.2124.6042; Windows XP 5.1; MSIE 7.0.5730.13)"
87.250.39.216 - - [11/Mar/2009:14:15:09 +0100] "GET /favicon.ico HTTP/1.1" 302 364 "-" "Mozilla/4.0 (compatible; GoogleToolbar 5.0.2124.6042; Windows XP 5.1; MSIE 7.0.5730.13)"
87.250.39.216 - - [11/Mar/2009:14:15:10 +0100] "GET /zampa/favicon.ico HTTP/1.1" 404 2748 "-" "Mozilla/4.0 (compatible; GoogleToolbar 5.0.2124.6042; Windows XP 5.1; MSIE 7.0.5730.13)"
87.250.39.216 - - [11/Mar/2009:14:15:10 +0100] "GET /favicon.gif HTTP/1.1" 302 364 "-" "Mozilla/4.0 (compatible; GoogleToolbar 5.0.2124.6042; Windows XP 5.1; MSIE 7.0.5730.13)"
87.250.39.216 - - [11/Mar/2009:14:15:10 +0100] "GET /zampa/favicon.gif HTTP/1.1" 404 2748 "-" "Mozilla/4.0 (compatible; GoogleToolbar 5.0.2124.6042; Windows XP 5.1; MSIE 7.0.5730.13)"
74.6.8.105 - - [11/Mar/2009:14:56:49 +0100] "GET /robots.txt HTTP/1.0" 200 64 "-" "Mozilla/5.0 (compatible; Yahoo! Slurp; http://help.yahoo.com/help/us/ysearch/slurp)"
74.6.8.105 - - [11/Mar/2009:14:56:49 +0100] "GET /f-maintitle.html HTTP/1.0" 200 5030 "-" "Mozilla/5.0 (compatible; Yahoo! Slurp/3.0; http://help.yahoo.com/help/us/ysearch/slurp)"
83.61.11.151 - - [11/Mar/2009:14:58:11 +0100] "GET / HTTP/1.1" 200 7869 "-" "libwww-perl/5.820"
74.6.8.105 - - [11/Mar/2009:15:04:32 +0100] "GET /neon/click.html HTTP/1.0" 200 521 "-" "Mozilla/5.0 (compatible; Yahoo! Slurp/3.0; http://help.yahoo.com/help/us/ysearch/slurp)"
74.6.8.105 - - [11/Mar/2009:15:32:23 +0100] "GET /warez.html HTTP/1.0" 200 9754 "-" "Mozilla/5.0 (compatible; Yahoo! Slurp/3.0; http://help.yahoo.com/help/us/ysearch/slurp)"
67.202.52.29 - - [11/Mar/2009:16:33:09 +0100] "GET /robots.txt HTTP/1.0" 200 64 "-" "SimilarPages/Nutch-1.0-dev (SimilarPages Nutch Crawler; http://www.similarpages.com; info at similarpages dot com)"
67.202.52.29 - - [11/Mar/2009:16:33:09 +0100] "GET /zampa/montenegro/ZMAJW.html HTTP/1.0" 200 860 "-" "SimilarPages/Nutch-1.0-dev (SimilarPages Nutch Crawler; http://www.similarpages.com; info at similarpages dot com)"
67.202.52.29 - - [11/Mar/2009:16:33:15 +0100] "GET /zampa/montenegro/TESLAW.html HTTP/1.0" 200 861 "-" "SimilarPages/Nutch-1.0-dev (SimilarPages Nutch Crawler; http://www.similarpages.com; info at similarpages dot com)"
67.202.52.29 - - [11/Mar/2009:16:44:30 +0100] "GET /schubb/schubb-4.html HTTP/1.0" 200 17746 "-" "SimilarPages/Nutch-1.0-dev (SimilarPages Nutch Crawler; http://www.similarpages.com; info at similarpages dot com)"
67.202.52.29 - - [11/Mar/2009:16:46:59 +0100] "GET /zampa/montenegro/SEKAW.html HTTP/1.0" 200 860 "-" "SimilarPages/Nutch-1.0-dev (SimilarPages Nutch Crawler; http://www.similarpages.com; info at similarpages dot com)"
67.202.52.29 - - [11/Mar/2009:16:48:13 +0100] "GET /zampa/montenegro/contributions.html HTTP/1.0" 200 18843 "-" "SimilarPages/Nutch-1.0-dev (SimilarPages Nutch Crawler; http://www.similarpages.com; info at similarpages dot com)"
67.202.52.29 - - [11/Mar/2009:16:49:15 +0100] "GET /framez-zampa-lovers.html HTTP/1.0" 200 4322 "-" "SimilarPages/Nutch-1.0-dev (SimilarPages Nutch Crawler; http://www.similarpages.com; info at similarpages dot com)"
67.202.52.29 - - [11/Mar/2009:16:55:10 +0100] "GET /zampa/montenegro/BATAW.html HTTP/1.0" 200 860 "-" "SimilarPages/Nutch-1.0-dev (SimilarPages Nutch Crawler; http://www.similarpages.com; info at similarpages dot com)"
67.202.52.29 - - [11/Mar/2009:16:58:03 +0100] "GET /zampa/montenegro/MILOW.html HTTP/1.0" 200 860 "-" "SimilarPages/Nutch-1.0-dev (SimilarPages Nutch Crawler; http://www.similarpages.com; info at similarpages dot com)"
74.6.8.105 - - [11/Mar/2009:17:17:22 +0100] "GET /neon/large.html HTTP/1.0" 200 1547 "-" "Mozilla/5.0 (compatible; Yahoo! Slurp/3.0; http://help.yahoo.com/help/us/ysearch/slurp)"
66.249.71.249 - - [11/Mar/2009:17:23:41 +0100] "GET /zampa/ HTTP/1.1" 200 7153 "-" "Mozilla/5.0 (compatible; Googlebot/2.1; +http://www.google.com/bot.html)"
74.6.8.105 - - [11/Mar/2009:17:31:04 +0100] "GET / HTTP/1.0" 200 7869 "-" "Mozilla/5.0 (compatible; Yahoo! Slurp/3.0; http://help.yahoo.com/help/us/ysearch/slurp)"
74.6.8.105 - - [11/Mar/2009:17:31:08 +0100] "GET /style/various-euro.css HTTP/1.0" 304 - "http://www.various-euro.com/" "Mozilla/5.0 (compatible; Yahoo! Slurp/3.0; http://help.yahoo.com/help/us/ysearch/slurp)"
74.6.8.105 - - [11/Mar/2009:18:23:17 +0100] "GET /framez-rez.html HTTP/1.0" 200 4323 "-" "Mozilla/5.0 (compatible; Yahoo! Slurp/3.0; http://help.yahoo.com/help/us/ysearch/slurp)"
74.6.8.105 - - [11/Mar/2009:18:23:22 +0100] "GET /f-rez.html HTTP/1.0" 200 9765 "http://www.various-euro.com/framez-rez.html" "Mozilla/5.0 (compatible; Yahoo! Slurp/3.0; http://help.yahoo.com/help/us/ysearch/slurp)"
74.6.8.105 - - [11/Mar/2009:18:23:22 +0100] "GET /frame-unten.html HTTP/1.0" 200 5308 "http://www.various-euro.com/framez-rez.html" "Mozilla/5.0 (compatible; Yahoo! Slurp/3.0; http://help.yahoo.com/help/us/ysearch/slurp)"
74.6.8.105 - - [11/Mar/2009:18:23:22 +0100] "GET /frame-menu.html HTTP/1.0" 200 10536 "http://www.various-euro.com/framez-rez.html" "Mozilla/5.0 (compatible; Yahoo! Slurp/3.0; http://help.yahoo.com/help/us/ysearch/slurp)"
193.252.149.14 - - [11/Mar/2009:19:02:35 +0100] "GET /robots.txt HTTP/1.1" 200 64 "-" "Mozilla/5.0 (Windows; U; Windows NT 5.1; fr; rv:1.8.1) VoilaBot BETA 1.2 (support.voilabot@orange-ftgroup.com)"
193.252.149.14 - - [11/Mar/2009:19:02:43 +0100] "GET /neon/sushi.html HTTP/1.1" 200 687 "-" "Mozilla/5.0 (Windows; U; Windows NT 5.1; fr; rv:1.8.1) VoilaBot BETA 1.2 (support.voilabot@orange-ftgroup.com)"
74.6.8.105 - - [11/Mar/2009:19:03:30 +0100] "GET /f-other.html HTTP/1.0" 200 33189 "-" "Mozilla/5.0 (compatible; Yahoo! Slurp/3.0; http://help.yahoo.com/help/us/ysearch/slurp)"
193.252.149.13 - - [11/Mar/2009:19:07:25 +0100] "GET /neon/code.html HTTP/1.1" 200 1109 "-" "Mozilla/5.0 (Windows; U; Windows NT 5.1; fr; rv:1.8.1) VoilaBot BETA 1.2 (support.voilabot@orange-ftgroup.com)"
65.55.108.140 - - [11/Mar/2009:19:29:12 +0100] "GET /robots.txt HTTP/1.1" 200 64 "-" "msnbot-media/1.1 (+http://search.msn.com/msnbot.htm)"
65.55.108.140 - - [11/Mar/2009:19:29:12 +0100] "GET /f-zeug.html HTTP/1.1" 200 48203 "-" "msnbot-media/1.1 (+http://search.msn.com/msnbot.htm)"
74.6.8.105 - - [11/Mar/2009:19:29:25 +0100] "GET /f-doku-brau.html HTTP/1.0" 200 7152 "-" "Mozilla/5.0 (compatible; Yahoo! Slurp/3.0; http://help.yahoo.com/help/us/ysearch/slurp)"
89.216.153.167 - - [11/Mar/2009:19:30:42 +0100] "GET /favicon.ico HTTP/1.1" 302 364 "-" "Mozilla/4.0 (compatible; MSIE 7.0; Windows NT 5.1)"
89.216.153.167 - - [11/Mar/2009:19:30:42 +0100] "GET / HTTP/1.1" 302 353 "http://koracnikola.blogspot.com/search/label/Sveska" "Mozilla/4.0 (compatible; MSIE 7.0; Windows NT 5.1)"
89.216.153.167 - - [11/Mar/2009:19:30:42 +0100] "GET /zampa/ HTTP/1.1" 200 7153 "http://koracnikola.blogspot.com/search/label/Sveska" "Mozilla/4.0 (compatible; MSIE 7.0; Windows NT 5.1)"
89.216.153.167 - - [11/Mar/2009:19:30:42 +0100] "GET /zampa/favicon.ico HTTP/1.1" 404 2748 "-" "Mozilla/4.0 (compatible; MSIE 7.0; Windows NT 5.1)"
89.216.153.167 - - [11/Mar/2009:19:30:43 +0100] "GET /zampa/slike/zampa.gif HTTP/1.1" 200 5310 "http://www.various-euro.com/zampa/" "Mozilla/4.0 (compatible; MSIE 7.0; Windows NT 5.1)"
89.216.153.167 - - [11/Mar/2009:19:30:43 +0100] "GET /zampa/slike/udupetu.gif HTTP/1.1" 200 4138 "http://www.various-euro.com/zampa/" "Mozilla/4.0 (compatible; MSIE 7.0; Windows NT 5.1)"
89.216.153.167 - - [11/Mar/2009:19:30:43 +0100] "GET /zampa/slike/inthearse.gif HTTP/1.1" 200 4077 "http://www.various-euro.com/zampa/" "Mozilla/4.0 (compatible; MSIE 7.0; Windows NT 5.1)"
89.216.153.167 - - [11/Mar/2009:19:30:43 +0100] "GET /favicon.ico HTTP/1.1" 404 2748 "-" "Mozilla/4.0 (compatible; MSIE 7.0; Windows NT 5.1)"
89.216.153.167 - - [11/Mar/2009:19:31:09 +0100] "GET /zampa/montenegro/index.html HTTP/1.1" 200 2651 "http://www.various-euro.com/zampa/" "Mozilla/4.0 (compatible; MSIE 7.0; Windows NT 5.1)"
89.216.153.167 - - [11/Mar/2009:19:31:09 +0100] "GET /zampa/montenegro/slike/plakat.jpg HTTP/1.1" 200 47879 "http://www.various-euro.com/zampa/montenegro/index.html" "Mozilla/4.0 (compatible; MSIE 7.0; Windows NT 5.1)"
89.216.153.167 - - [11/Mar/2009:19:31:30 +0100] "GET /zampa/wonderland/index.html HTTP/1.1" 200 2084 "http://www.various-euro.com/zampa/" "Mozilla/4.0 (compatible; MSIE 7.0; Windows NT 5.1)"
89.216.153.167 - - [11/Mar/2009:19:31:30 +0100] "GET /zampa/wonderland/TWonder.gif HTTP/1.1" 200 76757 "http://www.various-euro.com/zampa/wonderland/index.html" "Mozilla/4.0 (compatible; MSIE 7.0; Windows NT 5.1)"
64.56.65.37 - - [11/Mar/2009:19:31:58 +0100] "GET / HTTP/1.1" 302 353 "http://www.keywordspy.com/keyword-research/zampa.various-euro.com" "Mozilla/4.0 (compatible; MSIE 7.0; Windows NT 5.1; Alexa Toolbar)"
64.56.65.37 - - [11/Mar/2009:19:31:59 +0100] "GET /zampa/ HTTP/1.1" 200 7153 "http://www.keywordspy.com/keyword-research/zampa.various-euro.com" "Mozilla/4.0 (compatible; MSIE 7.0; Windows NT 5.1; Alexa Toolbar)"
64.56.65.37 - - [11/Mar/2009:19:31:59 +0100] "GET / HTTP/1.1" 302 353 "http://www.keywordspy.com/keyword-research/zampa.various-euro.com" "Mozilla/4.0 (compatible; MSIE 7.0; Windows NT 5.1; Alexa Toolbar)"
64.56.65.37 - - [11/Mar/2009:19:32:00 +0100] "GET /zampa/ HTTP/1.1" 200 7153 "http://www.keywordspy.com/keyword-research/zampa.various-euro.com" "Mozilla/4.0 (compatible; MSIE 7.0; Windows NT 5.1; Alexa Toolbar)"
64.56.65.37 - - [11/Mar/2009:19:32:00 +0100] "GET / HTTP/1.1" 302 353 "http://www.keywordspy.com/keyword-research/zampa.various-euro.com" "Mozilla/4.0 (compatible; MSIE 7.0; Windows NT 5.1; Alexa Toolbar)"
64.56.65.37 - - [11/Mar/2009:19:32:00 +0100] "GET /zampa/ HTTP/1.1" 200 7153 "http://www.keywordspy.com/keyword-research/zampa.various-euro.com" "Mozilla/4.0 (compatible; MSIE 7.0; Windows NT 5.1; Alexa Toolbar)"
76.184.24.12 - - [11/Mar/2009:19:36:16 +0100] "GET / HTTP/1.1" 200 7869 "-" "Mozilla/5.0 (Windows; U; Windows NT 5.1; en; rv:1.8.1.8) Gecko/20071008 Firefox/2.0.0.8"
74.6.8.105 - - [11/Mar/2009:19:56:45 +0100] "GET /f-net.html HTTP/1.0" 200 9913 "-" "Mozilla/5.0 (compatible; Yahoo! Slurp/3.0; http://help.yahoo.com/help/us/ysearch/slurp)"
74.86.223.42 - - [11/Mar/2009:19:59:37 +0100] "GET / HTTP/1.1" 206 7869 "http://www.followsite.com/bot.html" "FollowSite Bot ( http://www.followsite.com/bot.html )"
66.249.71.249 - - [11/Mar/2009:20:18:35 +0100] "GET /neon/girlz3.html HTTP/1.1" 200 2479 "-" "Mozilla/5.0 (compatible; Googlebot/2.1; +http://www.google.com/bot.html)"
81.52.143.26 - - [11/Mar/2009:20:42:19 +0100] "GET /robots.txt HTTP/1.1" 200 64 "-" "Mozilla/5.0 (Windows; U; Windows NT 5.1; fr; rv:1.8.1) VoilaBot BETA 1.2 (support.voilabot@orange-ftgroup.com)"
81.52.143.26 - - [11/Mar/2009:20:42:29 +0100] "GET /neon/annniiii.html HTTP/1.1" 200 686 "-" "Mozilla/5.0 (Windows; U; Windows NT 5.1; fr; rv:1.8.1) VoilaBot BETA 1.2 (support.voilabot@orange-ftgroup.com)"
38.100.8.50 - - [11/Mar/2009:21:51:40 +0100] "GET /robots.txt HTTP/1.1" 200 64 "-" "panscient.com"
38.100.8.50 - - [11/Mar/2009:21:51:41 +0100] "GET / HTTP/1.1" 200 7869 "-" "panscient.com"
38.100.8.50 - - [11/Mar/2009:21:51:41 +0100] "GET /framez.html HTTP/1.1" 200 3959 "-" "panscient.com"
38.100.8.50 - - [11/Mar/2009:21:51:44 +0100] "GET /frame-unten.html HTTP/1.1" 200 5308 "-" "panscient.com"
38.100.8.50 - - [11/Mar/2009:21:51:45 +0100] "GET /frame-inhalt.html HTTP/1.1" 200 5418 "-" "panscient.com"
38.100.8.50 - - [11/Mar/2009:21:51:46 +0100] "GET /frame-menu.html HTTP/1.1" 200 10536 "-" "panscient.com"
38.100.8.50 - - [11/Mar/2009:21:51:48 +0100] "GET /robots.txt HTTP/1.1" 302 363 "-" "panscient.com"
38.100.8.50 - - [11/Mar/2009:21:51:48 +0100] "GET /zampa/robots.txt HTTP/1.1" 404 2748 "-" "panscient.com"
38.100.8.50 - - [11/Mar/2009:21:51:51 +0100] "GET / HTTP/1.1" 302 353 "-" "panscient.com"
38.100.8.50 - - [11/Mar/2009:21:51:51 +0100] "GET /zampa/ HTTP/1.1" 200 7153 "-" "panscient.com"
38.100.8.50 - - [11/Mar/2009:21:51:52 +0100] "GET /zampa/montenegro/dajpare.html HTTP/1.1" 200 2503 "-" "panscient.com"
38.100.8.50 - - [11/Mar/2009:21:51:53 +0100] "GET /f-sponsor.html HTTP/1.1" 200 8578 "-" "panscient.com"
38.100.8.50 - - [11/Mar/2009:21:51:55 +0100] "GET /zampa/lybia/index.html HTTP/1.1" 200 3036 "-" "panscient.com"
38.100.8.50 - - [11/Mar/2009:21:52:09 +0100] "GET /your_tour.html HTTP/1.1" 200 31670 "-" "panscient.com"
38.100.8.50 - - [11/Mar/2009:21:52:11 +0100] "GET /framez_0.html HTTP/1.1" 200 12444 "-" "panscient.com"
38.100.8.50 - - [11/Mar/2009:21:52:12 +0100] "GET /bmpp/euro_pal_1.html HTTP/1.1" 200 18252 "-" "panscient.com"
75.74.35.213 - - [11/Mar/2009:21:54:49 +0100] "GET /cgi-bin/if/imageFolio.cgi HTTP/1.1" 404 2748 "http://various-euro.com/cgi-bin/if/imageFolio.cgi" "Mozilla/4.0 (compatible; MSIE 6.0; Windows NT 5.1)"
65.55.220.210 - - [11/Mar/2009:22:01:47 +0100] "GET /robots.txt HTTP/1.1" 200 64 "-" "msnbot-media/1.1 (+http://search.msn.com/msnbot.htm)"
65.55.220.210 - - [11/Mar/2009:22:01:47 +0100] "GET /vgirls/virtua4.gif HTTP/1.1" 200 12643 "-" "msnbot-media/1.1 (+http://search.msn.com/msnbot.htm)"
65.55.220.210 - - [11/Mar/2009:22:01:48 +0100] "GET /neon/girlz2.html HTTP/1.1" 200 2937 "-" "msnbot-media/1.1 (+http://search.msn.com/msnbot.htm)"
67.195.37.171 - - [11/Mar/2009:22:11:36 +0100] "GET /robots.txt HTTP/1.0" 200 64 "-" "Mozilla/5.0 (compatible; Yahoo! Slurp; http://help.yahoo.com/help/us/ysearch/slurp)"
67.195.37.171 - - [11/Mar/2009:22:11:37 +0100] "GET /schubb/schubb-1.html HTTP/1.0" 200 9070 "-" "Mozilla/5.0 (compatible; Yahoo! Slurp; http://help.yahoo.com/help/us/ysearch/slurp)"
77.102.55.3 - - [11/Mar/2009:22:34:58 +0100] "POST http://various-euro.com/ccbill.log HTTP/1.0" 404 2748 "http://various-euro.com/ccbill.log" "Mozilla/4.0 (compatible; MSIE 6.0; Windows NT 5.1)"
77.102.55.3 - - [11/Mar/2009:22:34:58 +0100] "GET http://various-euro.com/ccbill/secure/ccbill.log HTTP/1.0" 404 2748 "http://various-euro.com/ccbill/secure/ccbill.log" "Mozilla/4.0 (compatible; MSIE 6.0; Windows NT 5.1)"
65.55.231.49 - - [11/Mar/2009:22:35:28 +0100] "GET /robots.txt HTTP/1.1" 200 64 "-" "msnbot-media/1.1 (+http://search.msn.com/msnbot.htm)"
65.55.231.49 - - [11/Mar/2009:22:35:28 +0100] "GET /f-other.html HTTP/1.1" 200 33189 "-" "msnbot-media/1.1 (+http://search.msn.com/msnbot.htm)"
65.55.231.49 - - [11/Mar/2009:22:35:31 +0100] "GET /f-other.html HTTP/1.1" 200 33189 "-" "msnbot-media/1.1 (+http://search.msn.com/msnbot.htm)"
74.6.8.105 - - [11/Mar/2009:22:37:21 +0100] "GET /robots.txt HTTP/1.0" 200 64 "-" "Mozilla/5.0 (compatible; Yahoo! Slurp; http://help.yahoo.com/help/us/ysearch/slurp)"
74.6.8.105 - - [11/Mar/2009:22:37:37 +0100] "GET /f-rez.html HTTP/1.0" 200 9765 "-" "Mozilla/5.0 (compatible; Yahoo! Slurp/3.0; http://help.yahoo.com/help/us/ysearch/slurp)"
87.250.39.216 - - [11/Mar/2009:22:51:22 +0100] "GET /favicon.ico HTTP/1.1" 302 364 "-" "Mozilla/4.0 (compatible; GoogleToolbar 5.0.2124.6042; Windows XP 5.1; MSIE 7.0.5730.13)"
87.250.39.216 - - [11/Mar/2009:22:51:22 +0100] "GET /zampa/favicon.ico HTTP/1.1" 404 2748 "-" "Mozilla/4.0 (compatible; GoogleToolbar 5.0.2124.6042; Windows XP 5.1; MSIE 7.0.5730.13)"
87.250.39.216 - - [11/Mar/2009:22:51:22 +0100] "GET /favicon.gif HTTP/1.1" 302 364 "-" "Mozilla/4.0 (compatible; GoogleToolbar 5.0.2124.6042; Windows XP 5.1; MSIE 7.0.5730.13)"
87.250.39.216 - - [11/Mar/2009:22:51:22 +0100] "GET /zampa/favicon.gif HTTP/1.1" 404 2748 "-" "Mozilla/4.0 (compatible; GoogleToolbar 5.0.2124.6042; Windows XP 5.1; MSIE 7.0.5730.13)"
87.250.39.216 - - [11/Mar/2009:22:51:32 +0100] "GET /favicon.ico HTTP/1.1" 302 364 "-" "Mozilla/4.0 (compatible; GoogleToolbar 5.0.2124.6042; Windows XP 5.1; MSIE 7.0.5730.13)"
87.250.39.216 - - [11/Mar/2009:22:51:32 +0100] "GET /favicon.ico HTTP/1.1" 302 364 "-" "Mozilla/4.0 (compatible; GoogleToolbar 5.0.2124.6042; Windows XP 5.1; MSIE 7.0.5730.13)"
87.250.39.216 - - [11/Mar/2009:22:51:32 +0100] "GET /zampa/favicon.ico HTTP/1.1" 404 2748 "-" "Mozilla/4.0 (compatible; GoogleToolbar 5.0.2124.6042; Windows XP 5.1; MSIE 7.0.5730.13)"
87.250.39.216 - - [11/Mar/2009:22:51:32 +0100] "GET /zampa/favicon.ico HTTP/1.1" 404 2748 "-" "Mozilla/4.0 (compatible; GoogleToolbar 5.0.2124.6042; Windows XP 5.1; MSIE 7.0.5730.13)"
87.250.39.216 - - [11/Mar/2009:22:51:32 +0100] "GET /favicon.gif HTTP/1.1" 302 364 "-" "Mozilla/4.0 (compatible; GoogleToolbar 5.0.2124.6042; Windows XP 5.1; MSIE 7.0.5730.13)"
87.250.39.216 - - [11/Mar/2009:22:51:32 +0100] "GET /favicon.gif HTTP/1.1" 302 364 "-" "Mozilla/4.0 (compatible; GoogleToolbar 5.0.2124.6042; Windows XP 5.1; MSIE 7.0.5730.13)"
87.250.39.216 - - [11/Mar/2009:22:51:32 +0100] "GET /zampa/favicon.gif HTTP/1.1" 404 2748 "-" "Mozilla/4.0 (compatible; GoogleToolbar 5.0.2124.6042; Windows XP 5.1; MSIE 7.0.5730.13)"
87.250.39.216 - - [11/Mar/2009:22:51:32 +0100] "GET /zampa/favicon.gif HTTP/1.1" 404 2748 "-" "Mozilla/4.0 (compatible; GoogleToolbar 5.0.2124.6042; Windows XP 5.1; MSIE 7.0.5730.13)"
87.250.39.216 - - [11/Mar/2009:22:53:36 +0100] "GET /favicon.ico HTTP/1.1" 302 364 "-" "Mozilla/4.0 (compatible; GoogleToolbar 5.0.2124.6042; Windows XP 5.1; MSIE 7.0.5730.13)"
87.250.39.216 - - [11/Mar/2009:22:53:37 +0100] "GET /zampa/favicon.ico HTTP/1.1" 404 2748 "-" "Mozilla/4.0 (compatible; GoogleToolbar 5.0.2124.6042; Windows XP 5.1; MSIE 7.0.5730.13)"
87.250.39.216 - - [11/Mar/2009:22:53:37 +0100] "GET /favicon.gif HTTP/1.1" 302 364 "-" "Mozilla/4.0 (compatible; GoogleToolbar 5.0.2124.6042; Windows XP 5.1; MSIE 7.0.5730.13)"
87.250.39.216 - - [11/Mar/2009:22:53:37 +0100] "GET /zampa/favicon.gif HTTP/1.1" 404 2748 "-" "Mozilla/4.0 (compatible; GoogleToolbar 5.0.2124.6042; Windows XP 5.1; MSIE 7.0.5730.13)"
65.55.108.156 - - [11/Mar/2009:22:57:07 +0100] "GET /robots.txt HTTP/1.1" 200 64 "-" "msnbot-media/1.1 (+http://search.msn.com/msnbot.htm)"
65.55.108.156 - - [11/Mar/2009:22:57:07 +0100] "GET /3dsf3/sendi/slike/xSENDI_BA.jpg HTTP/1.1" 200 4876 "-" "msnbot-media/1.1 (+http://search.msn.com/msnbot.htm)"
65.55.108.156 - - [11/Mar/2009:22:57:07 +0100] "GET /3dsf3/sendi/sendisendi.html HTTP/1.1" 200 5118 "-" "msnbot-media/1.1 (+http://search.msn.com/msnbot.htm)"
74.6.8.105 - - [11/Mar/2009:23:28:46 +0100] "GET /f-actions.html HTTP/1.0" 200 10429 "-" "Mozilla/5.0 (compatible; Yahoo! Slurp/3.0; http://help.yahoo.com/help/us/ysearch/slurp)"
81.52.143.37 - - [11/Mar/2009:23:33:26 +0100] "GET /neon/left-one-new.html HTTP/1.1" 200 1483 "-" "Mozilla/5.0 (Windows; U; Windows NT 5.1; fr; rv:1.8.1) VoilaBot BETA 1.2 (support.voilabot@orange-ftgroup.com)"
64.246.161.30 - - [11/Mar/2009:23:39:27 +0100] "GET /robots.txt HTTP/1.0" 200 64 "http://www.whois.sc/" "SurveyBot/2.3 (Whois Source)"
64.246.161.30 - - [11/Mar/2009:23:39:28 +0100] "GET / HTTP/1.1" 206 7869 "http://whois.domaintools.com/various-euro.com" "SurveyBot/2.3 (Whois Source)"
67.195.37.171 - - [12/Mar/2009:00:09:07 +0100] "GET / HTTP/1.0" 200 7869 "-" "Mozilla/5.0 (compatible; Yahoo! Slurp/3.0; http://help.yahoo.com/help/us/ysearch/slurp)"
67.195.37.171 - - [12/Mar/2009:00:09:07 +0100] "GET /style/various-euro.css HTTP/1.0" 200 3437 "http://www.various-euro.com/" "Mozilla/5.0 (compatible; Yahoo! Slurp/3.0; http://help.yahoo.com/help/us/ysearch/slurp)"
67.195.37.171 - - [12/Mar/2009:00:17:44 +0100] "GET /framez.html HTTP/1.0" 200 3959 "-" "Mozilla/5.0 (compatible; Yahoo! Slurp/3.0; http://help.yahoo.com/help/us/ysearch/slurp)"
