74.6.8.105 - - [16/Mar/2009:00:04:17 +0100] "GET /f-other.html HTTP/1.0" 200 33189 "-" "Mozilla/5.0 (compatible; Yahoo! Slurp/3.0; http://help.yahoo.com/help/us/ysearch/slurp)"
82.40.246.87 - - [16/Mar/2009:00:04:19 +0100] "GET /zampa/slike/E8CURATO.GIF HTTP/1.1" 200 15386 "http://www.various-euro.com/zampa/" "Mozilla/5.0 (Macintosh; U; PPC Mac OS X 10.4; de; rv:1.9.0.7) Gecko/2009021906 Firefox/3.0.7"
74.6.8.105 - - [16/Mar/2009:00:04:22 +0100] "GET /logs/usage_200611.html HTTP/1.0" 200 107934 "-" "Mozilla/5.0 (compatible; Yahoo! Slurp/3.0; http://help.yahoo.com/help/us/ysearch/slurp)"
72.30.142.86 - - [16/Mar/2009:00:06:51 +0100] "GET /robots.txt HTTP/1.0" 302 363 "-" "Mozilla/5.0 (compatible; Yahoo! Slurp; http://help.yahoo.com/help/us/ysearch/slurp)"
72.30.142.86 - - [16/Mar/2009:00:06:52 +0100] "GET /zampa/robots.txt HTTP/1.0" 404 2748 "-" "Mozilla/5.0 (compatible; Yahoo! Slurp; http://help.yahoo.com/help/us/ysearch/slurp)"
72.30.142.86 - - [16/Mar/2009:00:06:52 +0100] "GET / HTTP/1.0" 302 353 "-" "Mozilla/5.0 (compatible; Yahoo! Slurp/3.0; http://help.yahoo.com/help/us/ysearch/slurp)"
74.6.8.105 - - [16/Mar/2009:00:06:53 +0100] "GET /zampa/ HTTP/1.0" 200 7153 "-" "Mozilla/5.0 (compatible; Yahoo! Slurp/3.0; http://help.yahoo.com/help/us/ysearch/slurp)"
74.6.8.105 - - [16/Mar/2009:00:17:41 +0100] "GET /zampa-lovers/index.html HTTP/1.0" 200 37790 "-" "Mozilla/5.0 (compatible; Yahoo! Slurp/3.0; http://help.yahoo.com/help/us/ysearch/slurp)"
74.6.8.105 - - [16/Mar/2009:00:17:42 +0100] "GET /zampa-lovers/index.html HTTP/1.0" 200 37790 "-" "Mozilla/5.0 (compatible; Yahoo! Slurp/3.0; http://help.yahoo.com/help/us/ysearch/slurp)"
66.249.71.249 - - [16/Mar/2009:00:24:05 +0100] "GET /DgH/rampe/index.html HTTP/1.1" 200 2056 "-" "Mozilla/5.0 (compatible; Googlebot/2.1; +http://www.google.com/bot.html)"
67.195.37.156 - - [16/Mar/2009:00:31:16 +0100] "GET /games/virtualcop/virtualcop.swf HTTP/1.0" 200 2563562 "-" "Mozilla/5.0 (compatible; Yahoo! Slurp/3.0; http://help.yahoo.com/help/us/ysearch/slurp)"
67.195.37.156 - - [16/Mar/2009:00:55:12 +0100] "GET /bmpp/euro_pal_111.html HTTP/1.0" 200 2129 "-" "Mozilla/5.0 (compatible; Yahoo! Slurp/3.0; http://help.yahoo.com/help/us/ysearch/slurp)"
67.195.37.156 - - [16/Mar/2009:00:59:49 +0100] "GET /schubb/schubb-3.html HTTP/1.0" 200 17546 "-" "Mozilla/5.0 (compatible; Yahoo! Slurp/3.0; http://help.yahoo.com/help/us/ysearch/slurp)"
74.6.8.105 - - [16/Mar/2009:01:13:59 +0100] "GET /frame-unten.html HTTP/1.0" 200 5308 "-" "Mozilla/5.0 (compatible; Yahoo! Slurp/3.0; http://help.yahoo.com/help/us/ysearch/slurp)"
66.249.71.249 - - [16/Mar/2009:01:14:41 +0100] "GET /3dsf3/sendi/sendisendi.html HTTP/1.1" 200 5118 "-" "Mozilla/5.0 (compatible; Googlebot/2.1; +http://www.google.com/bot.html)"
82.99.30.37 - - [16/Mar/2009:01:16:33 +0100] "GET /logs/usage.png HTTP/1.0" 200 2913 "http://www.various-euro.com/logs/" "Mozilla/4.0 (compatible; MSIE 6.0; Windows NT 5.1)"
94.142.128.140 - - [16/Mar/2009:01:48:21 +0100] "GET /framez-zampa-lovers.html HTTP/1.0" 200 4322 "http://www.various-euro.com/framez-zampa-lovers.html" "Mozilla/4.0 (compatible; MSIE 6.0; Windows NT 5.1; SV1; InfoPath.1)"
94.142.128.140 - - [16/Mar/2009:01:48:21 +0100] "GET /frame-menu.html HTTP/1.0" 200 10536 "http://www.various-euro.com/frame-menu.html" "Mozilla/4.0 (compatible; MSIE 6.0; Windows NT 5.1; SV1; InfoPath.1)"
94.142.128.140 - - [16/Mar/2009:01:48:21 +0100] "GET /zampa-lovers/index.html HTTP/1.0" 200 37790 "http://www.various-euro.com/zampa-lovers/index.html" "Mozilla/4.0 (compatible; MSIE 6.0; Windows NT 5.1; SV1; InfoPath.1)"
94.142.128.140 - - [16/Mar/2009:01:48:21 +0100] "GET /frame-unten.html HTTP/1.0" 200 5308 "http://www.various-euro.com/frame-unten.html" "Mozilla/4.0 (compatible; MSIE 6.0; Windows NT 5.1; SV1; InfoPath.1)"
65.55.231.26 - - [16/Mar/2009:02:06:50 +0100] "GET /robots.txt HTTP/1.1" 200 64 "-" "msnbot-media/1.1 (+http://search.msn.com/msnbot.htm)"
65.55.231.26 - - [16/Mar/2009:02:06:51 +0100] "GET /vgirls/button3.gif HTTP/1.1" 200 9634 "-" "msnbot-media/1.1 (+http://search.msn.com/msnbot.htm)"
216.25.247.245 - - [16/Mar/2009:02:52:40 +0100] "GET /restate_copy.html HTTP/1.0" 200 97631 "-" "Mozilla/5.0 (X11; U; Linux i686; en-US; rv:1.8.0.7) Gecko/20060909 Firefox/1.5.0.7 Novarra-Vision/7.3"
216.25.247.247 - - [16/Mar/2009:02:52:41 +0100] "GET /menueleiste.js HTTP/1.0" 404 2748 "http://www.various-euro.com/restate_copy.html" "Mozilla/5.0 (X11; U; Linux i686; en-US; rv:1.8.0.7) Gecko/20060909 Firefox/1.5.0.7 Novarra-Vision/7.3"
216.25.247.1 - - [16/Mar/2009:02:52:41 +0100] "GET /bannerz/rebelle.gif HTTP/1.1" 200 6986 "http://www.various-euro.com/restate_copy.html" "Mozilla/5.0 (X11; U; Linux i686; en-US; rv:1.8.0.7) Gecko/20060909 Firefox/1.5.0.7 Novarra-Vision/7.3"
216.25.247.1 - - [16/Mar/2009:02:52:42 +0100] "GET /detonators.gif HTTP/1.1" 200 14892 "http://www.various-euro.com/restate_copy.html" "Mozilla/5.0 (X11; U; Linux i686; en-US; rv:1.8.0.7) Gecko/20060909 Firefox/1.5.0.7 Novarra-Vision/7.3"
216.25.247.247 - - [16/Mar/2009:02:52:42 +0100] "GET /framez-restate.html HTTP/1.0" 200 4328 "http://www.various-euro.com/restate_copy.html" "Mozilla/5.0 (X11; U; Linux i686; en-US; rv:1.8.0.7) Gecko/20060909 Firefox/1.5.0.7 Novarra-Vision/7.3"
216.25.247.245 - - [16/Mar/2009:02:52:42 +0100] "GET /frame-menu.html HTTP/1.0" 200 10536 "http://www.various-euro.com/framez-restate.html" "Mozilla/5.0 (X11; U; Linux i686; en-US; rv:1.8.0.7) Gecko/20060909 Firefox/1.5.0.7 Novarra-Vision/7.3"
216.25.247.246 - - [16/Mar/2009:02:52:43 +0100] "GET /menueleiste.js HTTP/1.0" 404 2748 "http://www.various-euro.com/restate_copy.html" "Mozilla/5.0 (X11; U; Linux i686; en-US; rv:1.8.0.7) Gecko/20060909 Firefox/1.5.0.7 Novarra-Vision/7.3"
216.25.247.245 - - [16/Mar/2009:02:52:42 +0100] "GET /restate_copy.html HTTP/1.0" 200 97631 "http://www.various-euro.com/framez-restate.html" "Mozilla/5.0 (X11; U; Linux i686; en-US; rv:1.8.0.7) Gecko/20060909 Firefox/1.5.0.7 Novarra-Vision/7.3"
216.25.247.245 - - [16/Mar/2009:02:52:43 +0100] "GET /frame-unten.html HTTP/1.0" 200 5308 "http://www.various-euro.com/framez-restate.html" "Mozilla/5.0 (X11; U; Linux i686; en-US; rv:1.8.0.7) Gecko/20060909 Firefox/1.5.0.7 Novarra-Vision/7.3"
216.25.247.245 - - [16/Mar/2009:02:52:44 +0100] "GET /style/various-euro.css HTTP/1.0" 200 3437 "http://www.various-euro.com/frame-menu.html" "Mozilla/5.0 (X11; U; Linux i686; en-US; rv:1.8.0.7) Gecko/20060909 Firefox/1.5.0.7 Novarra-Vision/7.3"
216.25.247.247 - - [16/Mar/2009:02:52:46 +0100] "GET /bannerz/rebelle.gif HTTP/1.0" 200 6986 "-" "Mozilla/5.0 (X11; U; Linux i686; en-US; rv:1.8.0.7) Gecko/20060909 Firefox/1.5.0.7 Novarra-Vision/7.3"
216.25.247.246 - - [16/Mar/2009:02:52:47 +0100] "GET /detonators.gif HTTP/1.0" 200 14892 "-" "Mozilla/5.0 (X11; U; Linux i686; en-US; rv:1.8.0.7) Gecko/20060909 Firefox/1.5.0.7 Novarra-Vision/7.3"
65.55.108.142 - - [16/Mar/2009:02:56:06 +0100] "GET /robots.txt HTTP/1.1" 200 64 "-" "msnbot-media/1.1 (+http://search.msn.com/msnbot.htm)"
65.55.108.142 - - [16/Mar/2009:02:56:06 +0100] "GET /vgirls/button10.gif HTTP/1.1" 200 15687 "-" "msnbot-media/1.1 (+http://search.msn.com/msnbot.htm)"
119.63.193.43 - - [16/Mar/2009:04:54:32 +0100] "GET / HTTP/1.1" 200 7869 "-" "Baiduspider+(+http://www.baidu.jp/spider/)"
67.195.37.154 - - [16/Mar/2009:05:58:15 +0100] "GET /robots.txt HTTP/1.0" 200 64 "-" "Mozilla/5.0 (compatible; Yahoo! Slurp; http://help.yahoo.com/help/us/ysearch/slurp)"
67.195.37.154 - - [16/Mar/2009:05:58:15 +0100] "GET /frame-menu.html HTTP/1.0" 200 10536 "-" "Mozilla/5.0 (compatible; Yahoo! Slurp/3.0; http://help.yahoo.com/help/us/ysearch/slurp)"
67.195.37.154 - - [16/Mar/2009:05:58:18 +0100] "GET /style/various-euro.css HTTP/1.0" 200 3437 "http://www.various-euro.com/frame-menu.html" "Mozilla/5.0 (compatible; Yahoo! Slurp/3.0; http://help.yahoo.com/help/us/ysearch/slurp)"
74.6.8.105 - - [16/Mar/2009:06:08:54 +0100] "GET /framez-rez.html HTTP/1.0" 200 4323 "-" "Mozilla/5.0 (compatible; Yahoo! Slurp/3.0; http://help.yahoo.com/help/us/ysearch/slurp)"
74.6.8.105 - - [16/Mar/2009:06:08:57 +0100] "GET /frame-unten.html HTTP/1.0" 200 5308 "http://www.various-euro.com/framez-rez.html" "Mozilla/5.0 (compatible; Yahoo! Slurp/3.0; http://help.yahoo.com/help/us/ysearch/slurp)"
74.6.8.105 - - [16/Mar/2009:06:08:57 +0100] "GET /frame-menu.html HTTP/1.0" 200 10536 "http://www.various-euro.com/framez-rez.html" "Mozilla/5.0 (compatible; Yahoo! Slurp/3.0; http://help.yahoo.com/help/us/ysearch/slurp)"
74.6.8.105 - - [16/Mar/2009:06:08:57 +0100] "GET /f-rez.html HTTP/1.0" 200 9765 "http://www.various-euro.com/framez-rez.html" "Mozilla/5.0 (compatible; Yahoo! Slurp/3.0; http://help.yahoo.com/help/us/ysearch/slurp)"
74.6.8.105 - - [16/Mar/2009:06:08:58 +0100] "GET /style/various-euro.css HTTP/1.0" 304 - "http://www.various-euro.com/frame-menu.html" "Mozilla/5.0 (compatible; Yahoo! Slurp/3.0; http://help.yahoo.com/help/us/ysearch/slurp)"
65.55.230.241 - - [16/Mar/2009:07:29:48 +0100] "GET /robots.txt HTTP/1.1" 200 64 "-" "msnbot-media/1.1 (+http://search.msn.com/msnbot.htm)"
65.55.230.241 - - [16/Mar/2009:07:29:48 +0100] "GET /framez.html HTTP/1.1" 200 3959 "-" "msnbot-media/1.1 (+http://search.msn.com/msnbot.htm)"
67.195.37.126 - - [16/Mar/2009:07:39:58 +0100] "GET /robots.txt HTTP/1.0" 200 64 "-" "Mozilla/5.0 (compatible; Yahoo! Slurp; http://help.yahoo.com/help/us/ysearch/slurp)"
67.195.37.126 - - [16/Mar/2009:07:39:59 +0100] "GET /f-zeug.html HTTP/1.0" 200 48203 "-" "Mozilla/5.0 (compatible; Yahoo! Slurp/3.0; http://help.yahoo.com/help/us/ysearch/slurp)"
74.6.8.105 - - [16/Mar/2009:08:20:56 +0100] "GET /ve-icon-2.ico HTTP/1.0" 200 2238 "-" "Mozilla/5.0 (compatible; Yahoo! Slurp/3.0; http://help.yahoo.com/help/us/ysearch/slurp)"
74.6.8.105 - - [16/Mar/2009:08:28:18 +0100] "GET /logs/usage_200601.html HTTP/1.0" 200 109676 "-" "Mozilla/5.0 (compatible; Yahoo! Slurp/3.0; http://help.yahoo.com/help/us/ysearch/slurp)"
66.249.71.249 - - [16/Mar/2009:08:40:05 +0100] "GET /bmpp/euro_pal_1.html HTTP/1.1" 200 18252 "-" "Mozilla/5.0 (compatible; Googlebot/2.1; +http://www.google.com/bot.html)"
74.6.8.105 - - [16/Mar/2009:08:54:02 +0100] "GET /frame-unten.html HTTP/1.0" 200 5308 "-" "Mozilla/5.0 (compatible; Yahoo! Slurp/3.0; http://help.yahoo.com/help/us/ysearch/slurp)"
62.216.204.75 - - [16/Mar/2009:09:34:34 +0100] "GET / HTTP/1.1" 200 7869 "-" "Mozilla/5.0 (Windows; U; Windows NT 5.1; de; rv:1.9.0.4) Gecko/2008102920 Firefox/3.0.4 (.NET CLR 3.5.30729)"
62.216.204.75 - - [16/Mar/2009:09:34:35 +0100] "GET /style/various-euro.css HTTP/1.1" 200 3437 "http://www.various-euro.com/" "Mozilla/5.0 (Windows; U; Windows NT 5.1; de; rv:1.9.0.4) Gecko/2008102920 Firefox/3.0.4 (.NET CLR 3.5.30729)"
62.216.204.75 - - [16/Mar/2009:09:34:35 +0100] "GET /framez_0.html HTTP/1.1" 200 12444 "http://www.various-euro.com/" "Mozilla/5.0 (Windows; U; Windows NT 5.1; de; rv:1.9.0.4) Gecko/2008102920 Firefox/3.0.4 (.NET CLR 3.5.30729)"
62.216.204.75 - - [16/Mar/2009:09:34:35 +0100] "GET /favicon.ico HTTP/1.1" 404 2748 "-" "Mozilla/5.0 (Windows; U; Windows NT 5.1; de; rv:1.9.0.4) Gecko/2008102920 Firefox/3.0.4 (.NET CLR 3.5.30729)"
62.216.204.75 - - [16/Mar/2009:09:34:35 +0100] "GET /favicon.ico HTTP/1.1" 404 2748 "-" "Mozilla/5.0 (Windows; U; Windows NT 5.1; de; rv:1.9.0.4) Gecko/2008102920 Firefox/3.0.4 (.NET CLR 3.5.30729)"
62.216.204.75 - - [16/Mar/2009:09:34:51 +0100] "GET /framez.html HTTP/1.1" 200 3959 "http://www.various-euro.com/framez_0.html" "Mozilla/5.0 (Windows; U; Windows NT 5.1; de; rv:1.9.0.4) Gecko/2008102920 Firefox/3.0.4 (.NET CLR 3.5.30729)"
62.216.204.75 - - [16/Mar/2009:09:34:51 +0100] "GET /frame-menu.html HTTP/1.1" 200 10536 "http://www.various-euro.com/framez.html" "Mozilla/5.0 (Windows; U; Windows NT 5.1; de; rv:1.9.0.4) Gecko/2008102920 Firefox/3.0.4 (.NET CLR 3.5.30729)"
62.216.204.75 - - [16/Mar/2009:09:34:51 +0100] "GET /frame-inhalt.html HTTP/1.1" 200 5418 "http://www.various-euro.com/framez.html" "Mozilla/5.0 (Windows; U; Windows NT 5.1; de; rv:1.9.0.4) Gecko/2008102920 Firefox/3.0.4 (.NET CLR 3.5.30729)"
62.216.204.75 - - [16/Mar/2009:09:34:51 +0100] "GET /frame-unten.html HTTP/1.1" 200 5308 "http://www.various-euro.com/framez.html" "Mozilla/5.0 (Windows; U; Windows NT 5.1; de; rv:1.9.0.4) Gecko/2008102920 Firefox/3.0.4 (.NET CLR 3.5.30729)"
62.216.204.75 - - [16/Mar/2009:09:34:51 +0100] "GET /favicon.ico HTTP/1.1" 404 2748 "-" "Mozilla/5.0 (Windows; U; Windows NT 5.1; de; rv:1.9.0.4) Gecko/2008102920 Firefox/3.0.4 (.NET CLR 3.5.30729)"
74.6.8.105 - - [16/Mar/2009:10:21:59 +0100] "GET /f-search.html HTTP/1.0" 200 11800 "-" "Mozilla/5.0 (compatible; Yahoo! Slurp/3.0; http://help.yahoo.com/help/us/ysearch/slurp)"
87.250.39.216 - - [16/Mar/2009:10:24:45 +0100] "GET /favicon.ico HTTP/1.1" 302 364 "-" "Mozilla/4.0 (compatible; GoogleToolbar 5.0.2124.6042; Windows XP 5.1; MSIE 7.0.5730.13)"
87.250.39.216 - - [16/Mar/2009:10:24:45 +0100] "GET /zampa/favicon.ico HTTP/1.1" 404 2748 "-" "Mozilla/4.0 (compatible; GoogleToolbar 5.0.2124.6042; Windows XP 5.1; MSIE 7.0.5730.13)"
87.250.39.216 - - [16/Mar/2009:10:24:45 +0100] "GET /favicon.gif HTTP/1.1" 302 364 "-" "Mozilla/4.0 (compatible; GoogleToolbar 5.0.2124.6042; Windows XP 5.1; MSIE 7.0.5730.13)"
87.250.39.216 - - [16/Mar/2009:10:24:45 +0100] "GET /zampa/favicon.gif HTTP/1.1" 404 2748 "-" "Mozilla/4.0 (compatible; GoogleToolbar 5.0.2124.6042; Windows XP 5.1; MSIE 7.0.5730.13)"
62.216.204.75 - - [16/Mar/2009:10:37:11 +0100] "GET /favicon.ico HTTP/1.1" 404 2748 "-" "Mozilla/5.0 (Windows; U; Windows NT 5.1; de; rv:1.9.0.4) Gecko/2008102920 Firefox/3.0.4 (.NET CLR 3.5.30729)"
82.237.212.168 - - [16/Mar/2009:10:39:39 +0100] "POST http://various-euro.com/emaildist/admin/index.php? HTTP/1.0" 404 2748 "http://various-euro.com/emaildist/admin/index.php?" "Mozilla/4.0 (compatible; MSIE 6.0; Windows NT 5.1)"
82.237.212.168 - - [16/Mar/2009:10:39:39 +0100] "POST http://various-euro.com/archives/category/phplist/admin/index.php? HTTP/1.0" 404 2748 "http://various-euro.com/archives/category/phplist/admin/index.php?" "Mozilla/4.0 (compatible; MSIE 6.0; Windows NT 5.1)"
82.237.212.168 - - [16/Mar/2009:10:39:39 +0100] "POST http://various-euro.com/list_old/admin/index.php? HTTP/1.0" 404 2748 "http://various-euro.com/list_old/admin/index.php?" "Mozilla/4.0 (compatible; MSIE 6.0; Windows NT 5.1)"
82.237.212.168 - - [16/Mar/2009:10:39:39 +0100] "POST http://various-euro.com/letter/admin/index.php? HTTP/1.0" 404 2748 "http://various-euro.com/letter/admin/index.php?" "Mozilla/4.0 (compatible; MSIE 6.0; Windows NT 5.1)"
82.237.212.168 - - [16/Mar/2009:10:39:39 +0100] "POST http://various-euro.com/email/admin/index.php? HTTP/1.0" 404 2748 "http://various-euro.com/email/admin/index.php?" "Mozilla/4.0 (compatible; MSIE 6.0; Windows NT 5.1)"
82.237.212.168 - - [16/Mar/2009:10:39:39 +0100] "POST http://various-euro.com/list/admin/index.php? HTTP/1.0" 404 2748 "http://various-euro.com/list/admin/index.php?" "Mozilla/4.0 (compatible; MSIE 6.0; Windows NT 5.1)"
82.237.212.168 - - [16/Mar/2009:10:39:39 +0100] "POST http://various-euro.com/millnews/admin/index.php? HTTP/1.0" 404 2748 "http://various-euro.com/millnews/admin/index.php?" "Mozilla/4.0 (compatible; MSIE 6.0; Windows NT 5.1)"
82.237.212.168 - - [16/Mar/2009:10:39:39 +0100] "POST http://various-euro.com/mailer2/admin/index.php? HTTP/1.0" 404 2748 "http://various-euro.com/mailer2/admin/index.php?" "Mozilla/4.0 (compatible; MSIE 6.0; Windows NT 5.1)"
82.237.212.168 - - [16/Mar/2009:10:39:39 +0100] "POST http://various-euro.com/fastmail/admin/index.php? HTTP/1.0" 404 2748 "http://various-euro.com/fastmail/admin/index.php?" "Mozilla/4.0 (compatible; MSIE 6.0; Windows NT 5.1)"
82.237.212.168 - - [16/Mar/2009:10:39:39 +0100] "POST http://various-euro.com/lists/admin/index.php? HTTP/1.0" 404 2748 "http://various-euro.com/lists/admin/index.php?" "Mozilla/4.0 (compatible; MSIE 6.0; Windows NT 5.1)"
82.237.212.168 - - [16/Mar/2009:10:39:40 +0100] "POST http://various-euro.com/mailer1/admin/index.php? HTTP/1.0" 404 2748 "http://various-euro.com/mailer1/admin/index.php?" "Mozilla/4.0 (compatible; MSIE 6.0; Windows NT 5.1)"
82.237.212.168 - - [16/Mar/2009:10:39:40 +0100] "POST http://various-euro.com/ccmail/admin/index.php? HTTP/1.0" 404 2748 "http://various-euro.com/ccmail/admin/index.php?" "Mozilla/4.0 (compatible; MSIE 6.0; Windows NT 5.1)"
82.237.212.168 - - [16/Mar/2009:10:39:40 +0100] "POST http://various-euro.com/admin/phplist/lists/admin/index.php? HTTP/1.0" 404 2748 "http://various-euro.com/admin/phplist/lists/admin/index.php?" "Mozilla/4.0 (compatible; MSIE 6.0; Windows NT 5.1)"
82.237.212.168 - - [16/Mar/2009:10:39:40 +0100] "POST http://various-euro.com/cavl/lists/admin/index.php? HTTP/1.0" 404 2748 "http://various-euro.com/cavl/lists/admin/index.php?" "Mozilla/4.0 (compatible; MSIE 6.0; Windows NT 5.1)"
82.237.212.168 - - [16/Mar/2009:10:39:40 +0100] "POST http://various-euro.com/mailer/admin/index.php? HTTP/1.0" 404 2748 "http://various-euro.com/mailer/admin/index.php?" "Mozilla/4.0 (compatible; MSIE 6.0; Windows NT 5.1)"
82.237.212.168 - - [16/Mar/2009:10:39:40 +0100] "POST http://various-euro.com/news/admin/index.php? HTTP/1.0" 404 2748 "http://various-euro.com/news/admin/index.php?" "Mozilla/4.0 (compatible; MSIE 6.0; Windows NT 5.1)"
82.237.212.168 - - [16/Mar/2009:10:39:40 +0100] "POST http://various-euro.com/elist/admin/index.php? HTTP/1.0" 404 2748 "http://various-euro.com/elist/admin/index.php?" "Mozilla/4.0 (compatible; MSIE 6.0; Windows NT 5.1)"
82.237.212.168 - - [16/Mar/2009:10:39:40 +0100] "POST http://various-euro.com/mailings/admin/index.php? HTTP/1.0" 404 2748 "http://various-euro.com/mailings/admin/index.php?" "Mozilla/4.0 (compatible; MSIE 6.0; Windows NT 5.1)"
82.237.212.168 - - [16/Mar/2009:10:39:40 +0100] "POST http://various-euro.com/mail/admin/index.php? HTTP/1.0" 404 2748 "http://various-euro.com/mail/admin/index.php?" "Mozilla/4.0 (compatible; MSIE 6.0; Windows NT 5.1)"
82.237.212.168 - - [16/Mar/2009:10:39:40 +0100] "POST http://various-euro.com/mailinglist/admin/index.php? HTTP/1.0" 404 2748 "http://various-euro.com/mailinglist/admin/index.php?" "Mozilla/4.0 (compatible; MSIE 6.0; Windows NT 5.1)"
82.237.212.168 - - [16/Mar/2009:10:39:40 +0100] "POST http://various-euro.com/newsletter/admin/index.php? HTTP/1.0" 404 2748 "http://various-euro.com/newsletter/admin/index.php?" "Mozilla/4.0 (compatible; MSIE 6.0; Windows NT 5.1)"
82.237.212.168 - - [16/Mar/2009:10:39:40 +0100] "POST http://various-euro.com/notifier/admin/index.php? HTTP/1.0" 404 2748 "http://various-euro.com/notifier/admin/index.php?" "Mozilla/4.0 (compatible; MSIE 6.0; Windows NT 5.1)"
82.237.212.168 - - [16/Mar/2009:10:39:40 +0100] "POST http://various-euro.com/phplist-2.10.5/admin/index.php? HTTP/1.0" 404 2748 "http://various-euro.com/phplist-2.10.5/admin/index.php?" "Mozilla/4.0 (compatible; MSIE 6.0; Windows NT 5.1)"
82.237.212.168 - - [16/Mar/2009:10:39:40 +0100] "POST http://various-euro.com/phplist/admin/index.php? HTTP/1.0" 404 2748 "http://various-euro.com/phplist/admin/index.php?" "Mozilla/4.0 (compatible; MSIE 6.0; Windows NT 5.1)"
82.237.212.168 - - [16/Mar/2009:10:39:40 +0100] "POST http://various-euro.com/phplist_old/admin/index.php? HTTP/1.0" 404 2748 "http://various-euro.com/phplist_old/admin/index.php?" "Mozilla/4.0 (compatible; MSIE 6.0; Windows NT 5.1)"
82.237.212.168 - - [16/Mar/2009:10:39:40 +0100] "POST http://various-euro.com/phpmailer/admin/index.php? HTTP/1.0" 404 2748 "http://various-euro.com/phpmailer/admin/index.php?" "Mozilla/4.0 (compatible; MSIE 6.0; Windows NT 5.1)"
82.237.212.168 - - [16/Mar/2009:10:39:40 +0100] "POST http://various-euro.com/phpmailer/lists/admin/index.php? HTTP/1.0" 404 2748 "http://various-euro.com/phpmailer/lists/admin/index.php?" "Mozilla/4.0 (compatible; MSIE 6.0; Windows NT 5.1)"
82.237.212.168 - - [16/Mar/2009:10:39:40 +0100] "POST http://various-euro.com/subscribe/admin/index.php? HTTP/1.0" 404 2748 "http://various-euro.com/subscribe/admin/index.php?" "Mozilla/4.0 (compatible; MSIE 6.0; Windows NT 5.1)"
82.237.212.168 - - [16/Mar/2009:10:39:40 +0100] "POST http://various-euro.com/subscription/admin/index.php? HTTP/1.0" 404 2748 "http://various-euro.com/subscription/admin/index.php?" "Mozilla/4.0 (compatible; MSIE 6.0; Windows NT 5.1)"
67.195.37.120 - - [16/Mar/2009:10:49:01 +0100] "GET /robots.txt HTTP/1.0" 200 64 "-" "Mozilla/5.0 (compatible; Yahoo! Slurp; http://help.yahoo.com/help/us/ysearch/slurp)"
67.195.37.120 - - [16/Mar/2009:10:49:01 +0100] "GET /menue.html HTTP/1.0" 404 2748 "-" "Mozilla/5.0 (compatible; Yahoo! Slurp; http://help.yahoo.com/help/us/ysearch/slurp)"
74.6.8.105 - - [16/Mar/2009:10:56:56 +0100] "GET /f-world.html HTTP/1.0" 200 35590 "-" "Mozilla/5.0 (compatible; Yahoo! Slurp/3.0; http://help.yahoo.com/help/us/ysearch/slurp)"
66.249.71.249 - - [16/Mar/2009:11:03:07 +0100] "GET /robots.txt HTTP/1.1" 200 64 "-" "Mozilla/5.0 (compatible; Googlebot/2.1; +http://www.google.com/bot.html)"
66.249.71.249 - - [16/Mar/2009:11:03:07 +0100] "GET /schubb/schubb-2.html HTTP/1.1" 200 16660 "-" "Mozilla/5.0 (compatible; Googlebot/2.1; +http://www.google.com/bot.html)"
66.249.71.249 - - [16/Mar/2009:11:04:15 +0100] "GET /logs/usage_200903.html HTTP/1.1" 404 2748 "-" "Mozilla/5.0 (compatible; Googlebot/2.1; +http://www.google.com/bot.html)"
81.52.143.30 - - [16/Mar/2009:11:08:05 +0100] "GET /robots.txt HTTP/1.1" 200 64 "-" "Mozilla/5.0 (Windows; U; Windows NT 5.1; fr; rv:1.8.1) VoilaBot BETA 1.2 (support.voilabot@orange-ftgroup.com)"
81.52.143.30 - - [16/Mar/2009:11:08:15 +0100] "GET /f-maintitle.html HTTP/1.1" 200 5030 "-" "Mozilla/5.0 (Windows; U; Windows NT 5.1; fr; rv:1.8.1) VoilaBot BETA 1.2 (support.voilabot@orange-ftgroup.com)"
67.195.37.120 - - [16/Mar/2009:11:57:28 +0100] "GET /neon/europa.html HTTP/1.0" 200 389 "-" "Mozilla/5.0 (compatible; Yahoo! Slurp/3.0; http://help.yahoo.com/help/us/ysearch/slurp)"
74.6.8.105 - - [16/Mar/2009:12:03:36 +0100] "GET /robots.txt HTTP/1.0" 200 64 "-" "Mozilla/5.0 (compatible; Yahoo! Slurp; http://help.yahoo.com/help/us/ysearch/slurp)"
74.6.8.105 - - [16/Mar/2009:12:03:36 +0100] "GET /logs/usage_200709.html HTTP/1.0" 200 110974 "-" "Mozilla/5.0 (compatible; Yahoo! Slurp/3.0; http://help.yahoo.com/help/us/ysearch/slurp)"
74.6.8.122 - - [16/Mar/2009:12:13:29 +0100] "GET /robots.txt HTTP/1.0" 200 64 "-" "Mozilla/5.0 (compatible; Yahoo! Slurp; http://help.yahoo.com/help/us/ysearch/slurp)"
74.6.8.122 - - [16/Mar/2009:12:13:30 +0100] "GET /zampa/montenegro/index.html HTTP/1.0" 200 2651 "-" "Mozilla/5.0 (compatible; Yahoo! Slurp/3.0; http://help.yahoo.com/help/us/ysearch/slurp)"
193.252.149.15 - - [16/Mar/2009:12:16:47 +0100] "GET / HTTP/1.1" 200 7869 "-" "Mozilla/5.0 (Windows; U; Windows NT 5.1; fr; rv:1.8.1) VoilaBot BETA 1.2 (support.voilabot@orange-ftgroup.com)"
66.249.71.249 - - [16/Mar/2009:12:47:41 +0100] "GET /bmpp/euro_pal_111.html HTTP/1.1" 200 2129 "-" "Mozilla/5.0 (compatible; Googlebot/2.1; +http://www.google.com/bot.html)"
66.249.71.249 - - [16/Mar/2009:12:52:55 +0100] "GET /f-search.html HTTP/1.1" 200 11800 "-" "Mozilla/5.0 (compatible; Googlebot/2.1; +http://www.google.com/bot.html)"
67.195.37.107 - - [16/Mar/2009:12:54:17 +0100] "GET /robots.txt HTTP/1.0" 200 64 "-" "Mozilla/5.0 (compatible; Yahoo! Slurp; http://help.yahoo.com/help/us/ysearch/slurp)"
67.195.37.107 - - [16/Mar/2009:12:54:18 +0100] "GET /logs/usage_200708.html HTTP/1.0" 200 111167 "-" "Mozilla/5.0 (compatible; Yahoo! Slurp/3.0; http://help.yahoo.com/help/us/ysearch/slurp)"
193.252.149.14 - - [16/Mar/2009:12:54:31 +0100] "GET /framez.html HTTP/1.1" 200 3959 "-" "Mozilla/5.0 (Windows; U; Windows NT 5.1; fr; rv:1.8.1) VoilaBot BETA 1.2 (support.voilabot@orange-ftgroup.com)"
193.252.149.14 - - [16/Mar/2009:12:54:44 +0100] "GET /frame-inhalt.html HTTP/1.1" 200 5418 "-" "Mozilla/5.0 (Windows; U; Windows NT 5.1; fr; rv:1.8.1) VoilaBot BETA 1.2 (support.voilabot@orange-ftgroup.com)"
193.252.149.14 - - [16/Mar/2009:12:54:44 +0100] "GET /frame-menu.html HTTP/1.1" 200 10536 "-" "Mozilla/5.0 (Windows; U; Windows NT 5.1; fr; rv:1.8.1) VoilaBot BETA 1.2 (support.voilabot@orange-ftgroup.com)"
193.252.149.14 - - [16/Mar/2009:12:54:44 +0100] "GET /frame-unten.html HTTP/1.1" 200 5308 "-" "Mozilla/5.0 (Windows; U; Windows NT 5.1; fr; rv:1.8.1) VoilaBot BETA 1.2 (support.voilabot@orange-ftgroup.com)"
66.249.71.249 - - [16/Mar/2009:13:08:39 +0100] "GET /neon/euro.html HTTP/1.1" 200 2212 "-" "Mozilla/5.0 (compatible; Googlebot/2.1; +http://www.google.com/bot.html)"
193.252.149.13 - - [16/Mar/2009:13:16:23 +0100] "GET /f-channel1.html HTTP/1.1" 200 8471 "-" "Mozilla/5.0 (Windows; U; Windows NT 5.1; fr; rv:1.8.1) VoilaBot BETA 1.2 (support.voilabot@orange-ftgroup.com)"
193.252.149.15 - - [16/Mar/2009:13:23:11 +0100] "GET /f-bannnerz.html HTTP/1.1" 200 12651 "-" "Mozilla/5.0 (Windows; U; Windows NT 5.1; fr; rv:1.8.1) VoilaBot BETA 1.2 (support.voilabot@orange-ftgroup.com)"
77.88.25.28 - - [16/Mar/2009:13:25:34 +0100] "GET /robots.txt HTTP/1.1" 200 64 "-" "Yandex/1.01.001 (compatible; Win16; I)"
77.88.25.28 - - [16/Mar/2009:13:25:34 +0100] "GET / HTTP/1.1" 200 7869 "-" "Yandex/1.01.001 (compatible; Win16; I)"
87.250.39.216 - - [16/Mar/2009:13:26:31 +0100] "GET /favicon.ico HTTP/1.1" 302 364 "-" "Mozilla/4.0 (compatible; GoogleToolbar 5.0.2124.6042; Windows XP 5.1; MSIE 7.0.5730.13)"
87.250.39.216 - - [16/Mar/2009:13:26:31 +0100] "GET /zampa/favicon.ico HTTP/1.1" 404 2748 "-" "Mozilla/4.0 (compatible; GoogleToolbar 5.0.2124.6042; Windows XP 5.1; MSIE 7.0.5730.13)"
87.250.39.216 - - [16/Mar/2009:13:26:31 +0100] "GET /favicon.gif HTTP/1.1" 302 364 "-" "Mozilla/4.0 (compatible; GoogleToolbar 5.0.2124.6042; Windows XP 5.1; MSIE 7.0.5730.13)"
87.250.39.216 - - [16/Mar/2009:13:26:31 +0100] "GET /zampa/favicon.gif HTTP/1.1" 404 2748 "-" "Mozilla/4.0 (compatible; GoogleToolbar 5.0.2124.6042; Windows XP 5.1; MSIE 7.0.5730.13)"
87.250.39.216 - - [16/Mar/2009:13:26:33 +0100] "GET /favicon.ico HTTP/1.1" 302 364 "-" "Mozilla/4.0 (compatible; GoogleToolbar 5.0.2124.6042; Windows XP 5.1; MSIE 7.0.5730.13)"
87.250.39.216 - - [16/Mar/2009:13:26:33 +0100] "GET /zampa/favicon.ico HTTP/1.1" 404 2748 "-" "Mozilla/4.0 (compatible; GoogleToolbar 5.0.2124.6042; Windows XP 5.1; MSIE 7.0.5730.13)"
87.250.39.216 - - [16/Mar/2009:13:26:33 +0100] "GET /favicon.gif HTTP/1.1" 302 364 "-" "Mozilla/4.0 (compatible; GoogleToolbar 5.0.2124.6042; Windows XP 5.1; MSIE 7.0.5730.13)"
87.250.39.216 - - [16/Mar/2009:13:26:33 +0100] "GET /zampa/favicon.gif HTTP/1.1" 404 2748 "-" "Mozilla/4.0 (compatible; GoogleToolbar 5.0.2124.6042; Windows XP 5.1; MSIE 7.0.5730.13)"
87.250.39.216 - - [16/Mar/2009:13:28:52 +0100] "GET /favicon.ico HTTP/1.1" 302 364 "-" "Mozilla/4.0 (compatible; GoogleToolbar 5.0.2124.6042; Windows XP 5.1; MSIE 7.0.5730.13)"
87.250.39.216 - - [16/Mar/2009:13:28:52 +0100] "GET /zampa/favicon.ico HTTP/1.1" 404 2748 "-" "Mozilla/4.0 (compatible; GoogleToolbar 5.0.2124.6042; Windows XP 5.1; MSIE 7.0.5730.13)"
87.250.39.216 - - [16/Mar/2009:13:28:53 +0100] "GET /favicon.gif HTTP/1.1" 302 364 "-" "Mozilla/4.0 (compatible; GoogleToolbar 5.0.2124.6042; Windows XP 5.1; MSIE 7.0.5730.13)"
87.250.39.216 - - [16/Mar/2009:13:28:53 +0100] "GET /zampa/favicon.gif HTTP/1.1" 404 2748 "-" "Mozilla/4.0 (compatible; GoogleToolbar 5.0.2124.6042; Windows XP 5.1; MSIE 7.0.5730.13)"
85.66.137.215 - - [16/Mar/2009:13:41:00 +0100] "GET / HTTP/1.1" 200 7869 "-" "Mozilla/5.0 (Windows; U; Windows NT 5.1; en; rv:1.8.1.8) Gecko/20071008 Firefox/2.0.0.8"
66.249.71.249 - - [16/Mar/2009:14:11:24 +0100] "GET /f-warez.html HTTP/1.1" 200 10953 "-" "Mozilla/5.0 (compatible; Googlebot/2.1; +http://www.google.com/bot.html)"
85.66.137.215 - - [16/Mar/2009:14:16:09 +0100] "GET http://various-euro.com/cgi-bin/ccbill/robots.txt HTTP/1.0" 404 2748 "http://various-euro.com/cgi-bin/ccbill/robots.txt" "Mozilla/4.0 (compatible; MSIE 6.0; Windows NT 5.1)"
87.250.39.216 - - [16/Mar/2009:14:32:00 +0100] "GET /favicon.ico HTTP/1.1" 302 364 "-" "Mozilla/4.0 (compatible; GoogleToolbar 5.0.2124.6042; Windows XP 5.1; MSIE 7.0.5730.13)"
87.250.39.216 - - [16/Mar/2009:14:32:00 +0100] "GET /zampa/favicon.ico HTTP/1.1" 404 2748 "-" "Mozilla/4.0 (compatible; GoogleToolbar 5.0.2124.6042; Windows XP 5.1; MSIE 7.0.5730.13)"
87.250.39.216 - - [16/Mar/2009:14:32:00 +0100] "GET /favicon.gif HTTP/1.1" 302 364 "-" "Mozilla/4.0 (compatible; GoogleToolbar 5.0.2124.6042; Windows XP 5.1; MSIE 7.0.5730.13)"
87.250.39.216 - - [16/Mar/2009:14:32:00 +0100] "GET /zampa/favicon.gif HTTP/1.1" 404 2748 "-" "Mozilla/4.0 (compatible; GoogleToolbar 5.0.2124.6042; Windows XP 5.1; MSIE 7.0.5730.13)"
74.6.8.105 - - [16/Mar/2009:14:35:34 +0100] "GET /DgH/rampe/ HTTP/1.0" 200 2056 "-" "Mozilla/5.0 (compatible; Yahoo! Slurp/3.0; http://help.yahoo.com/help/us/ysearch/slurp)"
74.6.8.105 - - [16/Mar/2009:14:35:35 +0100] "GET /DgH/rampe/pict/Rampe.mp3 HTTP/1.0" 200 8295 "http://www.various-euro.com/DgH/rampe/" "Mozilla/5.0 (compatible; Yahoo! Slurp/3.0; http://help.yahoo.com/help/us/ysearch/slurp)"
87.250.39.216 - - [16/Mar/2009:15:18:13 +0100] "GET /favicon.ico HTTP/1.1" 302 364 "-" "Mozilla/4.0 (compatible; GoogleToolbar 5.0.2124.6042; Windows XP 5.1; MSIE 7.0.5730.13)"
87.250.39.216 - - [16/Mar/2009:15:18:13 +0100] "GET /zampa/favicon.ico HTTP/1.1" 404 2748 "-" "Mozilla/4.0 (compatible; GoogleToolbar 5.0.2124.6042; Windows XP 5.1; MSIE 7.0.5730.13)"
87.250.39.216 - - [16/Mar/2009:15:18:13 +0100] "GET /favicon.gif HTTP/1.1" 302 364 "-" "Mozilla/4.0 (compatible; GoogleToolbar 5.0.2124.6042; Windows XP 5.1; MSIE 7.0.5730.13)"
87.250.39.216 - - [16/Mar/2009:15:18:13 +0100] "GET /zampa/favicon.gif HTTP/1.1" 404 2748 "-" "Mozilla/4.0 (compatible; GoogleToolbar 5.0.2124.6042; Windows XP 5.1; MSIE 7.0.5730.13)"
74.6.8.105 - - [16/Mar/2009:15:19:04 +0100] "GET /DgH/orginal/index.html HTTP/1.0" 200 1727 "-" "Mozilla/5.0 (compatible; Yahoo! Slurp/3.0; http://help.yahoo.com/help/us/ysearch/slurp)"
74.6.8.105 - - [16/Mar/2009:15:20:46 +0100] "GET /rez/fisztfull.mp4 HTTP/1.0" 304 - "-" "Mozilla/5.0 (compatible; Yahoo! Slurp/3.0; http://help.yahoo.com/help/us/ysearch/slurp)"
66.249.71.249 - - [16/Mar/2009:15:27:47 +0100] "GET /neon/channel.html HTTP/1.1" 200 1942 "-" "Mozilla/5.0 (compatible; Googlebot/2.1; +http://www.google.com/bot.html)"
67.195.37.107 - - [16/Mar/2009:15:34:28 +0100] "GET /games/virtualcop/virtualcop.html HTTP/1.0" 200 4487 "-" "Mozilla/5.0 (compatible; Yahoo! Slurp/3.0; http://help.yahoo.com/help/us/ysearch/slurp)"
81.52.143.37 - - [16/Mar/2009:15:40:21 +0100] "GET /robots.txt HTTP/1.1" 200 64 "-" "Mozilla/5.0 (Windows; U; Windows NT 5.1; fr; rv:1.8.1) VoilaBot BETA 1.2 (support.voilabot@orange-ftgroup.com)"
81.52.143.37 - - [16/Mar/2009:15:40:27 +0100] "GET /warez.html HTTP/1.1" 200 9754 "-" "Mozilla/5.0 (Windows; U; Windows NT 5.1; fr; rv:1.8.1) VoilaBot BETA 1.2 (support.voilabot@orange-ftgroup.com)"
66.249.71.249 - - [16/Mar/2009:15:45:37 +0100] "GET /f-channel1.html HTTP/1.1" 200 8471 "-" "Mozilla/5.0 (compatible; Googlebot/2.1; +http://www.google.com/bot.html)"
74.6.8.105 - - [16/Mar/2009:15:55:50 +0100] "GET /framez-girlz.html HTTP/1.0" 200 4271 "-" "Mozilla/5.0 (compatible; Yahoo! Slurp/3.0; http://help.yahoo.com/help/us/ysearch/slurp)"
74.6.8.105 - - [16/Mar/2009:15:55:55 +0100] "GET /neon/girlz2.html HTTP/1.0" 200 2937 "http://www.various-euro.com/framez-girlz.html" "Mozilla/5.0 (compatible; Yahoo! Slurp/3.0; http://help.yahoo.com/help/us/ysearch/slurp)"
74.6.8.105 - - [16/Mar/2009:15:55:55 +0100] "GET /frame-menu.html HTTP/1.0" 200 10536 "http://www.various-euro.com/framez-girlz.html" "Mozilla/5.0 (compatible; Yahoo! Slurp/3.0; http://help.yahoo.com/help/us/ysearch/slurp)"
74.6.8.105 - - [16/Mar/2009:15:55:55 +0100] "GET /frame-unten.html HTTP/1.0" 200 5308 "http://www.various-euro.com/framez-girlz.html" "Mozilla/5.0 (compatible; Yahoo! Slurp/3.0; http://help.yahoo.com/help/us/ysearch/slurp)"
74.6.8.105 - - [16/Mar/2009:15:55:58 +0100] "GET /style/various-euro.css HTTP/1.0" 304 - "http://www.various-euro.com/frame-menu.html" "Mozilla/5.0 (compatible; Yahoo! Slurp/3.0; http://help.yahoo.com/help/us/ysearch/slurp)"
67.195.37.107 - - [16/Mar/2009:16:00:39 +0100] "GET /robots.txt HTTP/1.0" 200 64 "-" "Mozilla/5.0 (compatible; Yahoo! Slurp; http://help.yahoo.com/help/us/ysearch/slurp)"
67.195.37.107 - - [16/Mar/2009:16:00:39 +0100] "GET /logs/usage_200711.html HTTP/1.0" 200 109628 "-" "Mozilla/5.0 (compatible; Yahoo! Slurp/3.0; http://help.yahoo.com/help/us/ysearch/slurp)"
67.195.37.126 - - [16/Mar/2009:16:00:43 +0100] "GET /robots.txt HTTP/1.0" 200 64 "-" "Mozilla/5.0 (compatible; Yahoo! Slurp; http://help.yahoo.com/help/us/ysearch/slurp)"
67.195.37.126 - - [16/Mar/2009:16:01:26 +0100] "GET /bmpp/euro_pal_1.html HTTP/1.0" 200 18252 "-" "Mozilla/5.0 (compatible; Yahoo! Slurp/3.0; http://help.yahoo.com/help/us/ysearch/slurp)"
74.6.8.105 - - [16/Mar/2009:16:02:00 +0100] "GET /DgH/bull/index.html HTTP/1.0" 200 1915 "-" "Mozilla/5.0 (compatible; Yahoo! Slurp/3.0; http://help.yahoo.com/help/us/ysearch/slurp)"
66.249.71.249 - - [16/Mar/2009:16:22:12 +0100] "GET /your_tour.html HTTP/1.1" 200 29760 "-" "Mozilla/5.0 (compatible; Googlebot/2.1; +http://www.google.com/bot.html)"
85.178.39.232 - - [16/Mar/2009:16:32:56 +0100] "GET / HTTP/1.1" 302 353 "http://www.google.com/search?q=zampa+di+leone&sourceid=navclient-ff&ie=UTF-8&rlz=1B3GGGL_enDE296DE296" "Mozilla/5.0 (Macintosh; U; PPC Mac OS X 10.4; en-US; rv:1.9.0.7) Gecko/2009021906 Firefox/3.0.7"
85.178.39.232 - - [16/Mar/2009:16:32:56 +0100] "GET /zampa/ HTTP/1.1" 200 7153 "http://www.google.com/search?q=zampa+di+leone&sourceid=navclient-ff&ie=UTF-8&rlz=1B3GGGL_enDE296DE296" "Mozilla/5.0 (Macintosh; U; PPC Mac OS X 10.4; en-US; rv:1.9.0.7) Gecko/2009021906 Firefox/3.0.7"
67.195.37.107 - - [16/Mar/2009:16:36:52 +0100] "GET /neon/code.html HTTP/1.0" 200 1109 "-" "Mozilla/5.0 (compatible; Yahoo! Slurp/3.0; http://help.yahoo.com/help/us/ysearch/slurp)"
208.80.195.47 - - [16/Mar/2009:16:45:12 +0100] "GET / HTTP/1.0" 200 7869 "-" "Mozilla/4.0 (compatible; MSIE 6.0; Windows NT 5.1; FunWebProducts; SV1; Charter B1; .NET CLR 1.1.4322)"
208.80.195.47 - - [16/Mar/2009:16:45:12 +0100] "GET / HTTP/1.0" 200 7869 "-" "Mozilla/4.0 (compatible; MSIE 7.0; Windows NT 5.1; SV1; .NET CLR 1.1.4322; MEGAUPLOAD 1.0)"
66.249.71.249 - - [16/Mar/2009:16:48:23 +0100] "GET /f-other.html HTTP/1.1" 200 33189 "-" "Mozilla/5.0 (compatible; Googlebot/2.1; +http://www.google.com/bot.html)"
66.235.124.7 - - [16/Mar/2009:17:07:18 +0100] "GET /robots.txt HTTP/1.1" 200 64 "-" "Mozilla/5.0 (compatible; Ask Jeeves/Teoma; +http://about.ask.com/en/docs/about/webmasters.shtml)"
66.235.124.7 - - [16/Mar/2009:17:07:34 +0100] "GET /restate_copy.html HTTP/1.1" 200 97631 "-" "Mozilla/5.0 (compatible; Ask Jeeves/Teoma; +http://about.ask.com/en/docs/about/webmasters.shtml)"
66.235.124.7 - - [16/Mar/2009:17:07:34 +0100] "GET /menueleiste.js HTTP/1.1" 404 2748 "-" "Mozilla/5.0 (compatible; Ask Jeeves/Teoma; +http://about.ask.com/en/docs/about/webmasters.shtml)"
66.249.71.249 - - [16/Mar/2009:17:09:17 +0100] "GET /bmpp/18start.html HTTP/1.1" 200 320 "-" "Mozilla/5.0 (compatible; Googlebot/2.1; +http://www.google.com/bot.html)"
85.66.137.215 - - [16/Mar/2009:17:25:09 +0100] "GET http://various-euro.com/cgi-bin/add-passwd.pl HTTP/1.0" 404 2748 "http://various-euro.com/cgi-bin/add-passwd.pl" "Mozilla/4.0 (compatible; MSIE 6.0; Windows NT 5.1)"
65.55.230.242 - - [16/Mar/2009:17:29:20 +0100] "GET /robots.txt HTTP/1.1" 200 64 "-" "msnbot-media/1.1 (+http://search.msn.com/msnbot.htm)"
65.55.230.242 - - [16/Mar/2009:17:29:20 +0100] "GET /f-rez.html HTTP/1.1" 200 9765 "-" "msnbot-media/1.1 (+http://search.msn.com/msnbot.htm)"
66.235.124.61 - - [16/Mar/2009:17:38:19 +0100] "GET /framez-restate.html HTTP/1.1" 200 4328 "-" "Mozilla/5.0 (compatible; Ask Jeeves/Teoma; +http://about.ask.com/en/docs/about/webmasters.shtml)"
66.235.124.61 - - [16/Mar/2009:17:38:19 +0100] "GET /frame-menu.html HTTP/1.1" 200 10536 "-" "Mozilla/5.0 (compatible; Ask Jeeves/Teoma; +http://about.ask.com/en/docs/about/webmasters.shtml)"
66.235.124.61 - - [16/Mar/2009:17:38:20 +0100] "GET /restate_copy.html HTTP/1.1" 200 97631 "-" "Mozilla/5.0 (compatible; Ask Jeeves/Teoma; +http://about.ask.com/en/docs/about/webmasters.shtml)"
66.235.124.61 - - [16/Mar/2009:17:38:20 +0100] "GET /frame-unten.html HTTP/1.1" 200 5308 "-" "Mozilla/5.0 (compatible; Ask Jeeves/Teoma; +http://about.ask.com/en/docs/about/webmasters.shtml)"
87.250.39.216 - - [16/Mar/2009:17:38:39 +0100] "GET /favicon.ico HTTP/1.1" 302 364 "-" "Mozilla/4.0 (compatible; GoogleToolbar 5.0.2124.6042; Windows XP 5.1; MSIE 7.0.5730.13)"
87.250.39.216 - - [16/Mar/2009:17:38:40 +0100] "GET /zampa/favicon.ico HTTP/1.1" 404 2748 "-" "Mozilla/4.0 (compatible; GoogleToolbar 5.0.2124.6042; Windows XP 5.1; MSIE 7.0.5730.13)"
87.250.39.216 - - [16/Mar/2009:17:38:40 +0100] "GET /favicon.gif HTTP/1.1" 302 364 "-" "Mozilla/4.0 (compatible; GoogleToolbar 5.0.2124.6042; Windows XP 5.1; MSIE 7.0.5730.13)"
87.250.39.216 - - [16/Mar/2009:17:38:40 +0100] "GET /zampa/favicon.gif HTTP/1.1" 404 2748 "-" "Mozilla/4.0 (compatible; GoogleToolbar 5.0.2124.6042; Windows XP 5.1; MSIE 7.0.5730.13)"
66.235.124.61 - - [16/Mar/2009:17:42:07 +0100] "GET /framez.html HTTP/1.1" 200 3959 "-" "Mozilla/5.0 (compatible; Ask Jeeves/Teoma; +http://about.ask.com/en/docs/about/webmasters.shtml)"
66.235.124.61 - - [16/Mar/2009:17:42:07 +0100] "GET /framez.html HTTP/1.1" 200 3959 "-" "Mozilla/5.0 (compatible; Ask Jeeves/Teoma; +http://about.ask.com/en/docs/about/webmasters.shtml)"
66.235.124.61 - - [16/Mar/2009:17:42:07 +0100] "GET /frame-inhalt.html HTTP/1.1" 200 5418 "-" "Mozilla/5.0 (compatible; Ask Jeeves/Teoma; +http://about.ask.com/en/docs/about/webmasters.shtml)"
66.249.71.249 - - [16/Mar/2009:17:57:58 +0100] "GET /neon/slow-walk2.html HTTP/1.1" 200 1777 "-" "Mozilla/5.0 (compatible; Googlebot/2.1; +http://www.google.com/bot.html)"
208.36.144.6 - - [16/Mar/2009:17:59:24 +0100] "GET /robots.txt HTTP/1.0" 302 363 "-" "Mozilla/5.0 (Twiceler-0.9 http://www.cuil.com/twiceler/robot.html)"
66.249.71.249 - - [16/Mar/2009:18:01:36 +0100] "GET /neon/sushi.html HTTP/1.1" 200 687 "-" "Mozilla/5.0 (compatible; Googlebot/2.1; +http://www.google.com/bot.html)"
67.195.37.107 - - [16/Mar/2009:18:04:29 +0100] "GET /menue.html HTTP/1.0" 404 2748 "-" "Mozilla/5.0 (compatible; Yahoo! Slurp/3.0; http://help.yahoo.com/help/us/ysearch/slurp)"
74.6.8.105 - - [16/Mar/2009:18:29:18 +0100] "GET /framez.html HTTP/1.0" 200 3959 "-" "Mozilla/5.0 (compatible; Yahoo! Slurp/3.0; http://help.yahoo.com/help/us/ysearch/slurp)"
74.6.8.105 - - [16/Mar/2009:18:29:18 +0100] "GET /style/various-euro.css HTTP/1.0" 304 - "http://www.various-euro.com/framez.html" "Mozilla/5.0 (compatible; Yahoo! Slurp/3.0; http://help.yahoo.com/help/us/ysearch/slurp)"
74.6.8.105 - - [16/Mar/2009:18:29:19 +0100] "GET /frame-unten.html HTTP/1.0" 200 5308 "http://www.various-euro.com/framez.html" "Mozilla/5.0 (compatible; Yahoo! Slurp/3.0; http://help.yahoo.com/help/us/ysearch/slurp)"
74.6.8.105 - - [16/Mar/2009:18:29:19 +0100] "GET /frame-menu.html HTTP/1.0" 200 10536 "http://www.various-euro.com/framez.html" "Mozilla/5.0 (compatible; Yahoo! Slurp/3.0; http://help.yahoo.com/help/us/ysearch/slurp)"
74.6.8.105 - - [16/Mar/2009:18:29:19 +0100] "GET /frame-inhalt.html HTTP/1.0" 200 5418 "http://www.various-euro.com/framez.html" "Mozilla/5.0 (compatible; Yahoo! Slurp/3.0; http://help.yahoo.com/help/us/ysearch/slurp)"
66.249.71.249 - - [16/Mar/2009:18:33:02 +0100] "GET /logs/usage_200705.html HTTP/1.1" 200 109447 "-" "Mozilla/5.0 (compatible; Googlebot/2.1; +http://www.google.com/bot.html)"
66.249.71.249 - - [16/Mar/2009:18:58:39 +0100] "GET /framez-dbrau.html HTTP/1.1" 200 4313 "-" "Mozilla/5.0 (compatible; Googlebot/2.1; +http://www.google.com/bot.html)"
201.95.132.246 - - [16/Mar/2009:19:05:46 +0100] "GET /f-actions.html HTTP/1.1" 200 10429 "-" "Mozilla/4.0 (compatible; MSIE 6.0; Windows NT 5.0)"
85.66.137.215 - - [16/Mar/2009:19:09:26 +0100] "GET http://various-euro.com/cgi-bin/add-password.cgi HTTP/1.0" 404 2748 "http://various-euro.com/cgi-bin/add-password.cgi" "Mozilla/4.0 (compatible; MSIE 6.0; Windows NT 5.1)"
208.36.144.10 - - [16/Mar/2009:19:11:38 +0100] "GET /robots.txt HTTP/1.0" 200 64 "-" "Mozilla/5.0 (Twiceler-0.9 http://www.cuil.com/twiceler/robot.html)"
66.249.71.249 - - [16/Mar/2009:19:14:53 +0100] "GET /framez-search.html HTTP/1.1" 200 4326 "-" "Mozilla/5.0 (compatible; Googlebot/2.1; +http://www.google.com/bot.html)"
82.99.30.49 - - [16/Mar/2009:19:28:04 +0100] "GET /bannerz/bonus.gif HTTP/1.0" 200 2403 "http://www.various-euro.com/f-doku-brau.html" "Mozilla/4.0 (compatible; MSIE 6.0; Windows NT 5.1)"
82.99.30.49 - - [16/Mar/2009:19:28:04 +0100] "GET /bannerz/etikett.jpg HTTP/1.0" 200 12367 "http://www.various-euro.com/f-doku-brau.html" "Mozilla/4.0 (compatible; MSIE 6.0; Windows NT 5.1)"
66.249.71.249 - - [16/Mar/2009:19:35:48 +0100] "GET /framez-warez.html HTTP/1.1" 200 4322 "-" "Mozilla/5.0 (compatible; Googlebot/2.1; +http://www.google.com/bot.html)"
193.252.149.16 - - [16/Mar/2009:19:48:37 +0100] "GET /world.html HTTP/1.1" 200 16295 "-" "Mozilla/5.0 (Windows; U; Windows NT 5.1; fr; rv:1.8.1) VoilaBot BETA 1.2 (support.voilabot@orange-ftgroup.com)"
82.99.30.48 - - [16/Mar/2009:19:51:01 +0100] "GET /zampa/slike/udupetu.gif HTTP/1.0" 200 4138 "http://www.various-euro.com/zampa/" "Mozilla/4.0 (compatible; MSIE 6.0; Windows NT 5.1)"
82.99.30.48 - - [16/Mar/2009:19:51:01 +0100] "GET /zampa/slike/zampa.gif HTTP/1.0" 200 5310 "http://www.various-euro.com/zampa/" "Mozilla/4.0 (compatible; MSIE 6.0; Windows NT 5.1)"
82.99.30.48 - - [16/Mar/2009:19:51:01 +0100] "GET /zampa/slike/inthearse.gif HTTP/1.0" 200 4077 "http://www.various-euro.com/zampa/" "Mozilla/4.0 (compatible; MSIE 6.0; Windows NT 5.1)"
66.249.71.249 - - [16/Mar/2009:19:51:32 +0100] "GET /logs/usage_200711.html HTTP/1.1" 200 109628 "-" "Mozilla/5.0 (compatible; Googlebot/2.1; +http://www.google.com/bot.html)"
82.99.30.34 - - [16/Mar/2009:19:56:44 +0100] "GET /bannerz/ve-girl.gif HTTP/1.0" 200 61791 "http://www.various-euro.com/f-bannnerz.html" "Mozilla/4.0 (compatible; MSIE 6.0; Windows NT 5.1)"
65.55.230.242 - - [16/Mar/2009:20:00:32 +0100] "GET /f-maintitle.html HTTP/1.1" 200 5030 "-" "msnbot-media/1.1 (+http://search.msn.com/msnbot.htm)"
65.55.230.242 - - [16/Mar/2009:20:01:44 +0100] "GET /bmpp/euro_pal_1.html HTTP/1.1" 200 18252 "-" "msnbot-media/1.1 (+http://search.msn.com/msnbot.htm)"
66.249.71.249 - - [16/Mar/2009:20:02:00 +0100] "GET /3dsf3/sendi/utopia.html HTTP/1.1" 200 1295 "-" "Mozilla/5.0 (compatible; Googlebot/2.1; +http://www.google.com/bot.html)"
82.99.30.8 - - [16/Mar/2009:20:02:36 +0100] "GET /bannerz/horrorkatze/struct-fotoalbum.mpg HTTP/1.0" 200 25146 "http://www.various-euro.com/f-horrorkatze.html" "Mozilla/4.0 (compatible; MSIE 6.0; Windows NT 5.1)"
82.99.30.8 - - [16/Mar/2009:20:02:36 +0100] "GET /bannerz/horrorkatze/EAT.gif HTTP/1.0" 200 89369 "http://www.various-euro.com/f-horrorkatze.html" "Mozilla/4.0 (compatible; MSIE 6.0; Windows NT 5.1)"
82.99.30.8 - - [16/Mar/2009:20:02:36 +0100] "GET /bannerz/horrorkatze/kontext-inform.mpg HTTP/1.0" 200 96263 "http://www.various-euro.com/f-horrorkatze.html" "Mozilla/4.0 (compatible; MSIE 6.0; Windows NT 5.1)"
82.99.30.8 - - [16/Mar/2009:20:02:37 +0100] "GET /bannerz/horrorkatze/struct-fotoalbum.mpg HTTP/1.0" 200 25146 "http://www.various-euro.com/f-horrorkatze.html" "Mozilla/4.0 (compatible; MSIE 6.0; Windows NT 5.1)"
82.99.30.8 - - [16/Mar/2009:20:02:37 +0100] "GET /bannerz/horrorkatze/kontext-inform.mpg HTTP/1.0" 200 96263 "http://www.various-euro.com/f-horrorkatze.html" "Mozilla/4.0 (compatible; MSIE 6.0; Windows NT 5.1)"
82.99.30.53 - - [16/Mar/2009:20:06:48 +0100] "GET /DgH/rampe/pict/Rampe.mp3 HTTP/1.0" 200 8295 "http://www.various-euro.com/DgH/rampe/index.html" "Mozilla/4.0 (compatible; MSIE 6.0; Windows NT 5.1)"
82.99.30.53 - - [16/Mar/2009:20:06:48 +0100] "GET /DgH/rampe/pict/Rampe-DgH07.jpg HTTP/1.0" 200 12044 "http://www.various-euro.com/DgH/rampe/index.html" "Mozilla/4.0 (compatible; MSIE 6.0; Windows NT 5.1)"
82.99.30.53 - - [16/Mar/2009:20:06:48 +0100] "GET /DgH/rampe/pict/Rampe-DgH09.jpg HTTP/1.0" 200 12044 "http://www.various-euro.com/DgH/rampe/index.html" "Mozilla/4.0 (compatible; MSIE 6.0; Windows NT 5.1)"
82.99.30.53 - - [16/Mar/2009:20:06:48 +0100] "GET /DgH/rampe/pict/Rampe-DgH08.jpg HTTP/1.0" 200 12044 "http://www.various-euro.com/DgH/rampe/index.html" "Mozilla/4.0 (compatible; MSIE 6.0; Windows NT 5.1)"
82.99.30.53 - - [16/Mar/2009:20:06:48 +0100] "GET /DgH/rampe/pict/Rampe-DgH05.jpg HTTP/1.0" 200 12044 "http://www.various-euro.com/DgH/rampe/index.html" "Mozilla/4.0 (compatible; MSIE 6.0; Windows NT 5.1)"
82.99.30.53 - - [16/Mar/2009:20:06:48 +0100] "GET /DgH/rampe/pict/Rampe-DgH04.jpg HTTP/1.0" 200 12044 "http://www.various-euro.com/DgH/rampe/index.html" "Mozilla/4.0 (compatible; MSIE 6.0; Windows NT 5.1)"
82.99.30.53 - - [16/Mar/2009:20:06:48 +0100] "GET /DgH/rampe/pict/Rampe-DgH03.jpg HTTP/1.0" 200 12044 "http://www.various-euro.com/DgH/rampe/index.html" "Mozilla/4.0 (compatible; MSIE 6.0; Windows NT 5.1)"
82.99.30.53 - - [16/Mar/2009:20:06:48 +0100] "GET /DgH/rampe/pict/Rampe-DgH01.jpg HTTP/1.0" 200 12044 "http://www.various-euro.com/DgH/rampe/index.html" "Mozilla/4.0 (compatible; MSIE 6.0; Windows NT 5.1)"
82.99.30.53 - - [16/Mar/2009:20:06:48 +0100] "GET /DgH/rampe/pict/Rampe-DgH10.jpg HTTP/1.0" 200 12044 "http://www.various-euro.com/DgH/rampe/index.html" "Mozilla/4.0 (compatible; MSIE 6.0; Windows NT 5.1)"
82.99.30.53 - - [16/Mar/2009:20:06:48 +0100] "GET /DgH/rampe/pict/GNouFL-IS.jpg HTTP/1.0" 200 23320 "http://www.various-euro.com/DgH/rampe/index.html" "Mozilla/4.0 (compatible; MSIE 6.0; Windows NT 5.1)"
65.55.230.242 - - [16/Mar/2009:20:08:14 +0100] "GET /f-contact.html HTTP/1.1" 200 6804 "-" "msnbot-media/1.1 (+http://search.msn.com/msnbot.htm)"
82.99.30.53 - - [16/Mar/2009:20:11:19 +0100] "GET /DgH/orginal/pict/GNFL.jpg HTTP/1.0" 200 17744 "http://www.various-euro.com/DgH/orginal/index.html" "Mozilla/4.0 (compatible; MSIE 6.0; Windows NT 5.1)"
66.249.71.249 - - [16/Mar/2009:20:12:27 +0100] "GET /3dsf3/sendi/communication.html HTTP/1.1" 200 1331 "-" "Mozilla/5.0 (compatible; Googlebot/2.1; +http://www.google.com/bot.html)"
77.105.61.249 - - [16/Mar/2009:20:18:15 +0100] "GET /framez-zampa-lovers.html HTTP/1.1" 200 4322 "http://www.google.com/search?q=od+kad+postoje+masoni&ie=utf-8&oe=utf-8&aq=t&rls=org.mozilla:en-US:official&client=firefox-a" "Mozilla/5.0 (Windows; U; Windows NT 5.1; en-US; rv:1.9.0.7) Gecko/2009021910 Firefox/3.0.7"
77.105.61.249 - - [16/Mar/2009:20:18:15 +0100] "GET /frame-unten.html HTTP/1.1" 200 5308 "http://www.various-euro.com/framez-zampa-lovers.html" "Mozilla/5.0 (Windows; U; Windows NT 5.1; en-US; rv:1.9.0.7) Gecko/2009021910 Firefox/3.0.7"
77.105.61.249 - - [16/Mar/2009:20:18:15 +0100] "GET /ve-icon-2.ico HTTP/1.1" 200 2238 "-" "Mozilla/5.0 (Windows; U; Windows NT 5.1; en-US; rv:1.9.0.7) Gecko/2009021910 Firefox/3.0.7"
77.105.61.249 - - [16/Mar/2009:20:18:15 +0100] "GET /frame-menu.html HTTP/1.1" 200 10536 "http://www.various-euro.com/framez-zampa-lovers.html" "Mozilla/5.0 (Windows; U; Windows NT 5.1; en-US; rv:1.9.0.7) Gecko/2009021910 Firefox/3.0.7"
77.105.61.249 - - [16/Mar/2009:20:18:15 +0100] "GET /style/various-euro.css HTTP/1.1" 200 3437 "http://www.various-euro.com/frame-menu.html" "Mozilla/5.0 (Windows; U; Windows NT 5.1; en-US; rv:1.9.0.7) Gecko/2009021910 Firefox/3.0.7"
77.105.61.249 - - [16/Mar/2009:20:18:15 +0100] "GET /zampa-lovers/index.html HTTP/1.1" 200 16133 "http://www.various-euro.com/framez-zampa-lovers.html" "Mozilla/5.0 (Windows; U; Windows NT 5.1; en-US; rv:1.9.0.7) Gecko/2009021910 Firefox/3.0.7"
77.105.61.249 - - [16/Mar/2009:20:18:15 +0100] "GET /bannerz/ve.jpg HTTP/1.1" 200 36912 "http://www.various-euro.com/frame-unten.html" "Mozilla/5.0 (Windows; U; Windows NT 5.1; en-US; rv:1.9.0.7) Gecko/2009021910 Firefox/3.0.7"
77.105.61.249 - - [16/Mar/2009:20:18:15 +0100] "GET /framez-zampa-lovers.html HTTP/1.1" 200 4322 "http://www.google.com/search?q=od+kad+postoje+masoni&ie=utf-8&oe=utf-8&aq=t&rls=org.mozilla:en-US:official&client=firefox-a" "Mozilla/5.0 (Windows; U; Windows NT 5.1; en-US; rv:1.9.0.7) Gecko/2009021910 Firefox/3.0.7"
77.105.61.249 - - [16/Mar/2009:20:18:16 +0100] "GET /frame-unten.html HTTP/1.1" 200 5308 "http://www.various-euro.com/framez-zampa-lovers.html" "Mozilla/5.0 (Windows; U; Windows NT 5.1; en-US; rv:1.9.0.7) Gecko/2009021910 Firefox/3.0.7"
77.105.61.249 - - [16/Mar/2009:20:18:16 +0100] "GET /frame-menu.html HTTP/1.1" 200 10536 "http://www.various-euro.com/framez-zampa-lovers.html" "Mozilla/5.0 (Windows; U; Windows NT 5.1; en-US; rv:1.9.0.7) Gecko/2009021910 Firefox/3.0.7"
77.105.61.249 - - [16/Mar/2009:20:18:16 +0100] "GET /style/various-euro.css HTTP/1.1" 200 3437 "http://www.various-euro.com/frame-menu.html" "Mozilla/5.0 (Windows; U; Windows NT 5.1; en-US; rv:1.9.0.7) Gecko/2009021910 Firefox/3.0.7"
77.105.61.249 - - [16/Mar/2009:20:18:16 +0100] "GET /zampa-lovers/kralle.gif HTTP/1.1" 404 2748 "http://www.various-euro.com/zampa-lovers/index.html" "Mozilla/5.0 (Windows; U; Windows NT 5.1; en-US; rv:1.9.0.7) Gecko/2009021910 Firefox/3.0.7"
77.105.61.249 - - [16/Mar/2009:20:18:16 +0100] "GET /zampa-lovers/DRAGAN_Z.JPG HTTP/1.1" 200 6850 "http://www.various-euro.com/zampa-lovers/index.html" "Mozilla/5.0 (Windows; U; Windows NT 5.1; en-US; rv:1.9.0.7) Gecko/2009021910 Firefox/3.0.7"
77.105.61.249 - - [16/Mar/2009:20:18:16 +0100] "GET /zampa-lovers/ZAMPAMA2.MPG HTTP/1.1" 200 63492 "http://www.various-euro.com/zampa-lovers/index.html" "Mozilla/5.0 (Windows; U; Windows NT 5.1; en-US; rv:1.9.0.7) Gecko/2009021910 Firefox/3.0.7"
77.105.61.249 - - [16/Mar/2009:20:18:16 +0100] "GET /zampa-lovers/index.html HTTP/1.1" 200 37790 "http://www.various-euro.com/framez-zampa-lovers.html" "Mozilla/5.0 (Windows; U; Windows NT 5.1; en-US; rv:1.9.0.7) Gecko/2009021910 Firefox/3.0.7"
