82.152.56.113 - - [09/Apr/2009:21:54:20 +0200] "GET /style/various-euro.css HTTP/1.1" 200 3437 "http://www.various-euro.com/framez.html" "Mozilla/5.0 (X11; U; FreeBSD i386; en-US; rv:1.9.0.5) Gecko/2009040221 Firefox/3.0.5"
82.152.56.113 - - [09/Apr/2009:21:54:20 +0200] "GET /frame-inhalt.html HTTP/1.1" 200 5418 "-" "Mozilla/5.0 (X11; U; FreeBSD i386; en-US; rv:1.9.0.5) Gecko/2009040221 Firefox/3.0.5"
82.152.56.113 - - [09/Apr/2009:21:54:20 +0200] "GET /frame-menu.html HTTP/1.1" 200 10536 "-" "Mozilla/5.0 (X11; U; FreeBSD i386; en-US; rv:1.9.0.5) Gecko/2009040221 Firefox/3.0.5"
82.152.56.113 - - [09/Apr/2009:21:54:20 +0200] "GET /frame-unten.html HTTP/1.1" 200 5308 "-" "Mozilla/5.0 (X11; U; FreeBSD i386; en-US; rv:1.9.0.5) Gecko/2009040221 Firefox/3.0.5"
82.152.56.113 - - [09/Apr/2009:21:54:21 +0200] "GET /bannerz/neon_click_2.gif HTTP/1.1" 200 387 "http://www.various-euro.com/frame-inhalt.html" "Mozilla/5.0 (X11; U; FreeBSD i386; en-US; rv:1.9.0.5) Gecko/2009040221 Firefox/3.0.5"
82.152.56.113 - - [09/Apr/2009:21:54:21 +0200] "GET /bannerz/douwil.gif HTTP/1.1" 200 528 "http://www.various-euro.com/frame-inhalt.html" "Mozilla/5.0 (X11; U; FreeBSD i386; en-US; rv:1.9.0.5) Gecko/2009040221 Firefox/3.0.5"
82.152.56.113 - - [09/Apr/2009:21:54:21 +0200] "GET /bannerz/anti_black_small.gif HTTP/1.1" 200 1009 "http://www.various-euro.com/frame-inhalt.html" "Mozilla/5.0 (X11; U; FreeBSD i386; en-US; rv:1.9.0.5) Gecko/2009040221 Firefox/3.0.5"
82.152.56.113 - - [09/Apr/2009:21:54:21 +0200] "GET /bannerz/copyleft_black_small.gif HTTP/1.1" 200 1231 "http://www.various-euro.com/frame-inhalt.html" "Mozilla/5.0 (X11; U; FreeBSD i386; en-US; rv:1.9.0.5) Gecko/2009040221 Firefox/3.0.5"
82.152.56.113 - - [09/Apr/2009:21:54:22 +0200] "GET /bannerz/ve.jpg HTTP/1.1" 200 36912 "http://www.various-euro.com/frame-unten.html" "Mozilla/5.0 (X11; U; FreeBSD i386; en-US; rv:1.9.0.5) Gecko/2009040221 Firefox/3.0.5"
82.152.56.113 - - [09/Apr/2009:21:54:22 +0200] "GET /bannerz/neon_click_1.gif HTTP/1.1" 200 890 "http://www.various-euro.com/frame-inhalt.html" "Mozilla/5.0 (X11; U; FreeBSD i386; en-US; rv:1.9.0.5) Gecko/2009040221 Firefox/3.0.5"
82.152.56.113 - - [09/Apr/2009:21:54:22 +0200] "GET /bannerz/neon_click_3.gif HTTP/1.1" 200 240 "http://www.various-euro.com/frame-inhalt.html" "Mozilla/5.0 (X11; U; FreeBSD i386; en-US; rv:1.9.0.5) Gecko/2009040221 Firefox/3.0.5"
82.152.56.113 - - [09/Apr/2009:21:54:22 +0200] "GET /eurosign3.gif HTTP/1.1" 200 7879 "http://www.various-euro.com/frame-inhalt.html" "Mozilla/5.0 (X11; U; FreeBSD i386; en-US; rv:1.9.0.5) Gecko/2009040221 Firefox/3.0.5"
82.152.56.113 - - [09/Apr/2009:21:54:22 +0200] "GET /bannerz/google/Logo_40blk.gif HTTP/1.1" 200 2308 "http://www.various-euro.com/frame-inhalt.html" "Mozilla/5.0 (X11; U; FreeBSD i386; en-US; rv:1.9.0.5) Gecko/2009040221 Firefox/3.0.5"
82.152.56.113 - - [09/Apr/2009:21:54:22 +0200] "GET /bannerz/wet.gif HTTP/1.1" 200 18561 "http://www.various-euro.com/frame-inhalt.html" "Mozilla/5.0 (X11; U; FreeBSD i386; en-US; rv:1.9.0.5) Gecko/2009040221 Firefox/3.0.5"
82.152.56.113 - - [09/Apr/2009:21:54:22 +0200] "GET /bannerz/goolag_468.jpg HTTP/1.1" 200 28285 "http://www.various-euro.com/frame-inhalt.html" "Mozilla/5.0 (X11; U; FreeBSD i386; en-US; rv:1.9.0.5) Gecko/2009040221 Firefox/3.0.5"
82.152.56.113 - - [09/Apr/2009:21:54:22 +0200] "GET /bannerz/various-euro-girl.jpg HTTP/1.1" 200 91514 "http://www.various-euro.com/frame-unten.html" "Mozilla/5.0 (X11; U; FreeBSD i386; en-US; rv:1.9.0.5) Gecko/2009040221 Firefox/3.0.5"
82.152.56.113 - - [09/Apr/2009:21:54:26 +0200] "GET /ve-icon-2.ico HTTP/1.1" 200 2238 "-" "Mozilla/5.0 (X11; U; FreeBSD i386; en-US; rv:1.9.0.5) Gecko/2009040221 Firefox/3.0.5"
71.178.232.226 - - [09/Apr/2009:21:51:49 +0200] "GET /bannerz/goolag_468.jpg HTTP/1.1" 200 28285 "http://www.various-euro.com/frame-inhalt.html" "Mozilla/5.0 (Macintosh; U; Intel Mac OS X 10.5; en-US; rv:1.9.0.6) Gecko/2009011912 Firefox/3.0.6"
71.178.232.226 - - [09/Apr/2009:21:51:49 +0200] "GET /bannerz/various-euro-girl.jpg HTTP/1.1" 200 91514 "http://www.various-euro.com/frame-unten.html" "Mozilla/5.0 (Macintosh; U; Intel Mac OS X 10.5; en-US; rv:1.9.0.6) Gecko/2009011912 Firefox/3.0.6"
65.55.106.165 - - [09/Apr/2009:22:01:16 +0200] "GET /robots.txt HTTP/1.1" 200 64 "-" "msnbot/2.0b (+http://search.msn.com/msnbot.htm)"
66.249.65.169 - - [09/Apr/2009:22:08:02 +0200] "GET /schubb/schubb-5.html HTTP/1.1" 200 72944 "-" "Mozilla/5.0 (compatible; Googlebot/2.1; +http://www.google.com/bot.html)"
64.1.215.165 - - [09/Apr/2009:22:22:15 +0200] "GET /robots.txt HTTP/1.0" 200 64 "-" "Mozilla/5.0 (Twiceler-0.9 http://www.cuil.com/twiceler/robot.html)"
193.252.149.16 - - [09/Apr/2009:22:34:10 +0200] "GET /DgH/rampe/index.html HTTP/1.1" 200 2056 "-" "Mozilla/5.0 (Windows; U; Windows NT 5.1; fr; rv:1.8.1) VoilaBot BETA 1.2 (support.voilabot@orange-ftgroup.com)"
78.161.10.99 - - [09/Apr/2009:22:44:21 +0200] "GET /www/admin/index.php HTTP/1.1" 404 2748 "http://various-euro.com/www/admin/index.php" "Mozilla/4.0 (compatible; MSIE 6.0; Windows NT 5.1)"
66.249.65.169 - - [09/Apr/2009:22:56:40 +0200] "GET /DgH/ HTTP/1.1" 200 5024 "-" "Mozilla/5.0 (compatible; Googlebot/2.1; +http://www.google.com/bot.html)"
67.202.30.46 - - [09/Apr/2009:22:58:16 +0200] "GET /f-channel1.html HTTP/1.0" 200 8471 "-" "SimilarPages/Nutch-1.0-dev (SimilarPages Nutch Crawler; http://www.similarpages.com; info@similarpages.com)"
61.247.222.56 - - [09/Apr/2009:23:15:20 +0200] "GET /robots.txt HTTP/1.1" 200 64 "-" "Yeti/1.0 (NHN Corp.; http://help.naver.com/robots/)"
61.247.222.56 - - [09/Apr/2009:23:15:21 +0200] "GET /framez.html HTTP/1.1" 200 3959 "-" "Yeti/1.0 (NHN Corp.; http://help.naver.com/robots/)"
61.247.222.49 - - [09/Apr/2009:23:15:48 +0200] "GET /style/various-euro.css HTTP/1.1" 200 3437 "-" "Yeti/1.0 (NHN Corp.; http://help.naver.com/robots/)"
72.30.161.241 - - [09/Apr/2009:23:31:16 +0200] "GET /net.html HTTP/1.0" 404 2748 "-" "Mozilla/5.0 (compatible; Yahoo! Slurp/3.0; http://help.yahoo.com/help/us/ysearch/slurp)"
65.55.211.162 - - [10/Apr/2009:00:44:53 +0200] "GET /robots.txt HTTP/1.1" 200 64 "-" "msnbot/1.1 (+http://search.msn.com/msnbot.htm)"
65.55.211.162 - - [10/Apr/2009:00:44:53 +0200] "GET /3dsf3/sendi/rituals.html HTTP/1.1" 200 1411 "-" "msnbot/1.1 (+http://search.msn.com/msnbot.htm)"
81.52.143.30 - - [10/Apr/2009:00:49:56 +0200] "GET /f-maintitle.html HTTP/1.1" 200 5030 "-" "Mozilla/5.0 (Windows; U; Windows NT 5.1; fr; rv:1.8.1) VoilaBot BETA 1.2 (support.voilabot@orange-ftgroup.com)"
87.250.39.216 - - [10/Apr/2009:00:51:56 +0200] "GET /favicon.ico HTTP/1.1" 302 364 "-" "Mozilla/4.0 (compatible; GoogleToolbar 5.0.2124.6042; Windows XP 5.1; MSIE 7.0.5730.13)"
87.250.39.216 - - [10/Apr/2009:00:51:56 +0200] "GET /zampa/favicon.ico HTTP/1.1" 404 2748 "-" "Mozilla/4.0 (compatible; GoogleToolbar 5.0.2124.6042; Windows XP 5.1; MSIE 7.0.5730.13)"
87.250.39.216 - - [10/Apr/2009:00:51:56 +0200] "GET /favicon.gif HTTP/1.1" 302 364 "-" "Mozilla/4.0 (compatible; GoogleToolbar 5.0.2124.6042; Windows XP 5.1; MSIE 7.0.5730.13)"
87.250.39.216 - - [10/Apr/2009:00:51:56 +0200] "GET /zampa/favicon.gif HTTP/1.1" 404 2748 "-" "Mozilla/4.0 (compatible; GoogleToolbar 5.0.2124.6042; Windows XP 5.1; MSIE 7.0.5730.13)"
207.46.92.17 - - [10/Apr/2009:01:01:54 +0200] "GET /bannerz/joerggruneberg_VARIOUS-EURO.gif HTTP/1.1" 200 231267 "-" "LWP::Simple/5.812"
193.252.149.16 - - [10/Apr/2009:01:21:37 +0200] "GET /world.html HTTP/1.1" 200 16295 "-" "Mozilla/5.0 (Windows; U; Windows NT 5.1; fr; rv:1.8.1) VoilaBot BETA 1.2 (support.voilabot@orange-ftgroup.com)"
89.247.230.182 - - [10/Apr/2009:01:24:21 +0200] "GET http://various-euro.com/ccbill/index.htm HTTP/1.0" 404 2748 "http://various-euro.com/ccbill/index.htm" "Mozilla/4.0 (compatible; MSIE 6.0; Windows NT 5.1)"
201.137.14.44 - - [10/Apr/2009:01:25:01 +0200] "POST http://various-euro.com/cgi-bin/subscribe_me/s.cgi HTTP/1.0" 404 2748 "http://various-euro.com/cgi-bin/subscribe_me/s.cgi" "Mozilla/4.0 (compatible; MSIE 6.0; Windows NT 5.1)"
201.137.14.44 - - [10/Apr/2009:01:25:03 +0200] "POST http://various-euro.com/cgi-bin/list/s.pl HTTP/1.0" 404 2748 "http://various-euro.com/cgi-bin/list/s.pl" "Mozilla/4.0 (compatible; MSIE 6.0; Windows NT 5.1)"
201.137.14.44 - - [10/Apr/2009:01:25:03 +0200] "POST http://various-euro.com/cgi-bin/btbmail/s.pl HTTP/1.0" 404 2748 "http://various-euro.com/cgi-bin/btbmail/s.pl" "Mozilla/4.0 (compatible; MSIE 6.0; Windows NT 5.1)"
201.137.14.44 - - [10/Apr/2009:01:25:04 +0200] "POST http://various-euro.com/cgi-bin/smpro2/s.pl HTTP/1.0" 404 2748 "http://various-euro.com/cgi-bin/smpro2/s.pl" "Mozilla/4.0 (compatible; MSIE 6.0; Windows NT 5.1)"
89.216.69.108 - - [10/Apr/2009:01:47:59 +0200] "GET / HTTP/1.1" 302 353 "http://www.google.com/search?hl=en&client=firefox-a&rls=org.mozilla:en-US:official&hs=5H4&ei=KIneScuvN8GQsAa98LgH&sa=X&oi=spell&resnum=0&ct=result&cd=1&q=leone+di+zampa&spell=1" "Mozilla/5.0 (Windows; U; Windows NT 6.0; en-US; rv:1.9.0.8) Gecko/2009032609 Firefox/3.0.8 (.NET CLR 3.5.30729)"
89.216.69.108 - - [10/Apr/2009:01:48:01 +0200] "GET /zampa/ HTTP/1.1" 200 7153 "http://www.google.com/search?hl=en&client=firefox-a&rls=org.mozilla:en-US:official&hs=5H4&ei=KIneScuvN8GQsAa98LgH&sa=X&oi=spell&resnum=0&ct=result&cd=1&q=leone+di+zampa&spell=1" "Mozilla/5.0 (Windows; U; Windows NT 6.0; en-US; rv:1.9.0.8) Gecko/2009032609 Firefox/3.0.8 (.NET CLR 3.5.30729)"
89.216.69.108 - - [10/Apr/2009:01:48:33 +0200] "GET / HTTP/1.1" 302 353 "http://www.google.com/search?hl=en&client=firefox-a&rls=org.mozilla:en-US:official&hs=5H4&ei=KIneScuvN8GQsAa98LgH&sa=X&oi=spell&resnum=0&ct=result&cd=1&q=leone+di+zampa&spell=1" "Mozilla/5.0 (Windows; U; Windows NT 6.0; en-US; rv:1.9.0.8) Gecko/2009032609 Firefox/3.0.8 (.NET CLR 3.5.30729)"
89.216.69.108 - - [10/Apr/2009:01:48:35 +0200] "GET /zampa/ HTTP/1.1" 200 7153 "http://www.google.com/search?hl=en&client=firefox-a&rls=org.mozilla:en-US:official&hs=5H4&ei=KIneScuvN8GQsAa98LgH&sa=X&oi=spell&resnum=0&ct=result&cd=1&q=leone+di+zampa&spell=1" "Mozilla/5.0 (Windows; U; Windows NT 6.0; en-US; rv:1.9.0.8) Gecko/2009032609 Firefox/3.0.8 (.NET CLR 3.5.30729)"
89.216.69.108 - - [10/Apr/2009:01:48:35 +0200] "GET /zampa/slike/zampa.gif HTTP/1.1" 200 5310 "http://www.various-euro.com/zampa/" "Mozilla/5.0 (Windows; U; Windows NT 6.0; en-US; rv:1.9.0.8) Gecko/2009032609 Firefox/3.0.8 (.NET CLR 3.5.30729)"
89.216.69.108 - - [10/Apr/2009:01:48:35 +0200] "GET /zampa/slike/udupetu.gif HTTP/1.1" 200 4138 "http://www.various-euro.com/zampa/" "Mozilla/5.0 (Windows; U; Windows NT 6.0; en-US; rv:1.9.0.8) Gecko/2009032609 Firefox/3.0.8 (.NET CLR 3.5.30729)"
89.216.69.108 - - [10/Apr/2009:01:48:35 +0200] "GET /zampa/slike/inthearse.gif HTTP/1.1" 200 4077 "http://www.various-euro.com/zampa/" "Mozilla/5.0 (Windows; U; Windows NT 6.0; en-US; rv:1.9.0.8) Gecko/2009032609 Firefox/3.0.8 (.NET CLR 3.5.30729)"
89.216.69.108 - - [10/Apr/2009:01:48:37 +0200] "GET /favicon.ico HTTP/1.1" 404 2748 "-" "Mozilla/5.0 (Windows; U; Windows NT 6.0; en-US; rv:1.9.0.8) Gecko/2009032609 Firefox/3.0.8 (.NET CLR 3.5.30729)"
89.216.69.108 - - [10/Apr/2009:01:48:37 +0200] "GET / HTTP/1.1" 302 353 "http://www.google.com/search?hl=en&client=firefox-a&rls=org.mozilla%3Aen-US%3Aofficial&hs=8H4&q=zampa+di+leone&btnG=Search" "Mozilla/5.0 (Windows; U; Windows NT 6.0; en-US; rv:1.9.0.8) Gecko/2009032609 Firefox/3.0.8 (.NET CLR 3.5.30729)"
89.216.69.108 - - [10/Apr/2009:01:48:38 +0200] "GET /zampa/ HTTP/1.1" 200 7153 "http://www.google.com/search?hl=en&client=firefox-a&rls=org.mozilla%3Aen-US%3Aofficial&hs=8H4&q=zampa+di+leone&btnG=Search" "Mozilla/5.0 (Windows; U; Windows NT 6.0; en-US; rv:1.9.0.8) Gecko/2009032609 Firefox/3.0.8 (.NET CLR 3.5.30729)"
89.216.69.108 - - [10/Apr/2009:01:49:52 +0200] "GET /favicon.ico HTTP/1.1" 404 2748 "-" "Mozilla/5.0 (Windows; U; Windows NT 6.0; en-US; rv:1.9.0.8) Gecko/2009032609 Firefox/3.0.8 (.NET CLR 3.5.30729)"
89.216.69.108 - - [10/Apr/2009:01:52:29 +0200] "GET / HTTP/1.1" 302 353 "http://www.google.com/search?q=leone+di+zampa&ie=utf-8&oe=utf-8&aq=t&rls=org.mozilla:en-US:official&client=firefox-a" "Mozilla/5.0 (Windows; U; Windows NT 6.0; en-US; rv:1.9.0.8) Gecko/2009032609 Firefox/3.0.8 (.NET CLR 3.5.30729)"
89.216.69.108 - - [10/Apr/2009:01:52:30 +0200] "GET /zampa/ HTTP/1.1" 200 7153 "http://www.google.com/search?q=leone+di+zampa&ie=utf-8&oe=utf-8&aq=t&rls=org.mozilla:en-US:official&client=firefox-a" "Mozilla/5.0 (Windows; U; Windows NT 6.0; en-US; rv:1.9.0.8) Gecko/2009032609 Firefox/3.0.8 (.NET CLR 3.5.30729)"
72.30.161.241 - - [10/Apr/2009:03:15:33 +0200] "GET /logs/usage_200702.html HTTP/1.0" 200 107861 "-" "Mozilla/5.0 (compatible; Yahoo! Slurp/3.0; http://help.yahoo.com/help/us/ysearch/slurp)"
72.30.161.241 - - [10/Apr/2009:03:15:33 +0200] "GET /logs/usage_200702.html HTTP/1.0" 200 107861 "-" "Mozilla/5.0 (compatible; Yahoo! Slurp/3.0; http://help.yahoo.com/help/us/ysearch/slurp)"
193.252.149.13 - - [10/Apr/2009:03:25:44 +0200] "GET /f-channel1.html HTTP/1.1" 200 8471 "-" "Mozilla/5.0 (Windows; U; Windows NT 5.1; fr; rv:1.8.1) VoilaBot BETA 1.2 (support.voilabot@orange-ftgroup.com)"
72.30.161.241 - - [10/Apr/2009:04:03:33 +0200] "GET /partnergegenberlin.html HTTP/1.0" 200 5022 "-" "Mozilla/5.0 (compatible; Yahoo! Slurp/3.0; http://help.yahoo.com/help/us/ysearch/slurp)"
87.250.39.216 - - [10/Apr/2009:04:04:17 +0200] "GET /favicon.ico HTTP/1.1" 302 364 "-" "Mozilla/4.0 (compatible; GoogleToolbar 5.0.2124.6042; Windows XP 5.1; MSIE 7.0.5730.13)"
87.250.39.216 - - [10/Apr/2009:04:04:18 +0200] "GET /zampa/favicon.ico HTTP/1.1" 404 2748 "-" "Mozilla/4.0 (compatible; GoogleToolbar 5.0.2124.6042; Windows XP 5.1; MSIE 7.0.5730.13)"
87.250.39.216 - - [10/Apr/2009:04:04:18 +0200] "GET /favicon.gif HTTP/1.1" 302 364 "-" "Mozilla/4.0 (compatible; GoogleToolbar 5.0.2124.6042; Windows XP 5.1; MSIE 7.0.5730.13)"
87.250.39.216 - - [10/Apr/2009:04:04:18 +0200] "GET /zampa/favicon.gif HTTP/1.1" 404 2748 "-" "Mozilla/4.0 (compatible; GoogleToolbar 5.0.2124.6042; Windows XP 5.1; MSIE 7.0.5730.13)"
72.30.161.241 - - [10/Apr/2009:04:08:11 +0200] "GET /f-sponsor.html HTTP/1.0" 200 8578 "-" "Mozilla/5.0 (compatible; Yahoo! Slurp/3.0; http://help.yahoo.com/help/us/ysearch/slurp)"
72.30.161.241 - - [10/Apr/2009:04:09:23 +0200] "GET /f-warez.html HTTP/1.0" 200 10953 "-" "Mozilla/5.0 (compatible; Yahoo! Slurp/3.0; http://help.yahoo.com/help/us/ysearch/slurp)"
38.113.234.180 - - [10/Apr/2009:04:40:29 +0200] "GET /robots.txt HTTP/1.1" 200 64 "-" "voyager/2.0 (http://www.kosmix.com/crawler.html)"
207.46.92.17 - - [10/Apr/2009:05:06:35 +0200] "GET /zampa-lovers/DRAGAN_Z.JPG HTTP/1.1" 200 6850 "-" "LWP::Simple/5.814"
193.252.149.15 - - [10/Apr/2009:05:09:26 +0200] "GET /f-bannnerz.html HTTP/1.1" 200 12651 "-" "Mozilla/5.0 (Windows; U; Windows NT 5.1; fr; rv:1.8.1) VoilaBot BETA 1.2 (support.voilabot@orange-ftgroup.com)"
77.88.25.28 - - [10/Apr/2009:05:24:37 +0200] "GET /robots.txt HTTP/1.1" 302 363 "-" "Yandex/1.01.001 (compatible; Win16; I)"
77.88.25.28 - - [10/Apr/2009:05:24:37 +0200] "GET / HTTP/1.1" 302 353 "-" "Yandex/1.01.001 (compatible; Win16; I)"
66.235.124.72 - - [10/Apr/2009:06:04:44 +0200] "GET /robots.txt HTTP/1.0" 200 64 "-" "Mozilla/5.0 (compatible; Ask Jeeves/Teoma; +http://about.ask.com/en/docs/about/webmasters.shtml)"
66.235.124.72 - - [10/Apr/2009:06:04:44 +0200] "GET /bannerz/neon_click_3.gif HTTP/1.0" 200 240 "-" "Mozilla/5.0 (compatible; Ask Jeeves/Teoma; +http://about.ask.com/en/docs/about/webmasters.shtml)"
72.30.161.241 - - [10/Apr/2009:06:30:37 +0200] "GET /search.html HTTP/1.0" 200 1440 "-" "Mozilla/5.0 (compatible; Yahoo! Slurp/3.0; http://help.yahoo.com/help/us/ysearch/slurp)"
98.243.251.63 - - [10/Apr/2009:07:21:25 +0200] "GET / HTTP/1.1" 200 7869 "-" "Mozilla/5.0 (X11; U; Linux i686; en-US; rv:1.9.0.8) Gecko/2009032711 Ubuntu/8.04 (hardy) Firefox/3.0.8"
98.243.251.63 - - [10/Apr/2009:07:21:26 +0200] "GET /ve-icon-2.ico HTTP/1.1" 200 2238 "-" "Mozilla/5.0 (X11; U; Linux i686; en-US; rv:1.9.0.8) Gecko/2009032711 Ubuntu/8.04 (hardy) Firefox/3.0.8"
98.243.251.63 - - [10/Apr/2009:07:21:26 +0200] "GET /style/various-euro.css HTTP/1.1" 200 3437 "http://www.various-euro.com/" "Mozilla/5.0 (X11; U; Linux i686; en-US; rv:1.9.0.8) Gecko/2009032711 Ubuntu/8.04 (hardy) Firefox/3.0.8"
98.243.251.63 - - [10/Apr/2009:07:21:26 +0200] "GET /framez_0.html HTTP/1.1" 200 12444 "http://www.various-euro.com/" "Mozilla/5.0 (X11; U; Linux i686; en-US; rv:1.9.0.8) Gecko/2009032711 Ubuntu/8.04 (hardy) Firefox/3.0.8"
208.80.195.32 - - [10/Apr/2009:08:16:14 +0200] "GET / HTTP/1.0" 200 7869 "-" "Mozilla/4.0 (compatible; MSIE 7.0; Windows NT 5.1; SU 3.005; .NET CLR 1.1.4322; SpamBlockerUtility 10.0.342.0)"
208.80.195.32 - - [10/Apr/2009:08:16:14 +0200] "GET / HTTP/1.0" 200 7869 "-" "Mozilla/4.0 (compatible; MSIE 6.0; Windows NT 5.1; SV1; FunWebProducts; .NET CLR 1.0.3705; Media Center PC 3.1; .NET CLR 1.1.4322; .NET CLR 2.0.50727)"
216.145.24.139 - - [10/Apr/2009:08:44:46 +0200] "GET / HTTP/1.1" 200 7869 "-" "Mozilla/5.0 (X11; U; Linux i686; en-US; rv:1.6) Gecko/20040225 Firefox/0.8"
87.250.39.216 - - [10/Apr/2009:09:10:48 +0200] "GET /favicon.ico HTTP/1.1" 302 364 "-" "Mozilla/4.0 (compatible; GoogleToolbar 5.0.2124.6042; Windows XP 5.1; MSIE 7.0.5730.13)"
87.250.39.216 - - [10/Apr/2009:09:10:48 +0200] "GET /zampa/favicon.ico HTTP/1.1" 404 2748 "-" "Mozilla/4.0 (compatible; GoogleToolbar 5.0.2124.6042; Windows XP 5.1; MSIE 7.0.5730.13)"
87.250.39.216 - - [10/Apr/2009:09:10:48 +0200] "GET /favicon.gif HTTP/1.1" 302 364 "-" "Mozilla/4.0 (compatible; GoogleToolbar 5.0.2124.6042; Windows XP 5.1; MSIE 7.0.5730.13)"
87.250.39.216 - - [10/Apr/2009:09:10:48 +0200] "GET /zampa/favicon.gif HTTP/1.1" 404 2748 "-" "Mozilla/4.0 (compatible; GoogleToolbar 5.0.2124.6042; Windows XP 5.1; MSIE 7.0.5730.13)"
72.30.161.241 - - [10/Apr/2009:09:13:30 +0200] "GET /robots.txt HTTP/1.0" 200 64 "-" "Mozilla/5.0 (compatible; Yahoo! Slurp; http://help.yahoo.com/help/us/ysearch/slurp)"
72.30.161.241 - - [10/Apr/2009:09:13:30 +0200] "GET /logs/usage_200512.html HTTP/1.0" 200 109566 "-" "Mozilla/5.0 (compatible; Yahoo! Slurp/3.0; http://help.yahoo.com/help/us/ysearch/slurp)"
72.30.161.241 - - [10/Apr/2009:09:13:31 +0200] "GET /logs/usage_200512.html HTTP/1.0" 200 109566 "-" "Mozilla/5.0 (compatible; Yahoo! Slurp/3.0; http://help.yahoo.com/help/us/ysearch/slurp)"
72.30.79.32 - - [10/Apr/2009:09:36:24 +0200] "GET /robots.txt HTTP/1.0" 200 64 "-" "Mozilla/5.0 (compatible; Yahoo! Slurp; http://help.yahoo.com/help/us/ysearch/slurp)"
72.30.79.32 - - [10/Apr/2009:09:36:25 +0200] "GET / HTTP/1.0" 200 7869 "-" "Mozilla/5.0 (compatible; Yahoo! Slurp/3.0; http://help.yahoo.com/help/us/ysearch/slurp)"
72.30.79.32 - - [10/Apr/2009:09:36:26 +0200] "GET /style/various-euro.css HTTP/1.0" 200 3437 "http://various-euro.com/" "Mozilla/5.0 (compatible; Yahoo! Slurp/3.0; http://help.yahoo.com/help/us/ysearch/slurp)"
119.63.193.62 - - [10/Apr/2009:09:37:15 +0200] "GET /robots.txt HTTP/1.1" 200 64 "-" "Baiduspider+(+http://www.baidu.jp/spider/)"
208.36.144.10 - - [10/Apr/2009:09:38:46 +0200] "GET /e-counter.html HTTP/1.0" 200 4047 "-" "Mozilla/5.0 (Twiceler-0.9 http://www.cuil.com/twiceler/robot.html)"
95.72.182.89 - - [10/Apr/2009:09:41:17 +0200] "GET /zampa-lovers/index.html HTTP/1.0" 200 37790 "http://www.various-euro.com/zampa-lovers/index.html" "Mozilla/4.0 (compatible; MSIE 6.0; Windows NT 5.0; .NET CLR 1.0.3705; .NET CLR 1.1.4322)"
208.36.144.10 - - [10/Apr/2009:09:45:28 +0200] "GET /logz_old.html HTTP/1.0" 404 2748 "-" "Mozilla/5.0 (Twiceler-0.9 http://www.cuil.com/twiceler/robot.html)"
72.30.161.241 - - [10/Apr/2009:09:46:14 +0200] "GET /logs/usage_200709.html HTTP/1.0" 200 110974 "-" "Mozilla/5.0 (compatible; Yahoo! Slurp/3.0; http://help.yahoo.com/help/us/ysearch/slurp)"
72.30.161.241 - - [10/Apr/2009:09:46:15 +0200] "GET /logs/usage_200709.html HTTP/1.0" 200 110974 "-" "Mozilla/5.0 (compatible; Yahoo! Slurp/3.0; http://help.yahoo.com/help/us/ysearch/slurp)"
65.55.106.241 - - [10/Apr/2009:10:27:27 +0200] "GET /robots.txt HTTP/1.1" 200 64 "-" "msnbot/2.0b (+http://search.msn.com/msnbot.htm)"
72.30.161.241 - - [10/Apr/2009:10:31:20 +0200] "GET /zampa/montenegro/TESLAW.html HTTP/1.0" 200 861 "-" "Mozilla/5.0 (compatible; Yahoo! Slurp/3.0; http://help.yahoo.com/help/us/ysearch/slurp)"
65.55.230.243 - - [10/Apr/2009:10:42:28 +0200] "GET /robots.txt HTTP/1.1" 200 64 "-" "msnbot-media/1.1 (+http://search.msn.com/msnbot.htm)"
65.55.230.243 - - [10/Apr/2009:10:42:28 +0200] "GET /framez.html HTTP/1.1" 200 3959 "-" "msnbot-media/1.1 (+http://search.msn.com/msnbot.htm)"
93.87.148.87 - - [10/Apr/2009:10:49:10 +0200] "GET / HTTP/1.1" 302 353 "http://www.google.com/search?hl=en&client=firefox-a&channel=s&rls=org.mozilla%3Aen-US%3Aofficial&hs=AOX&q=zampa+di+leone&btnG=Search" "Mozilla/5.0 (Windows; U; Windows NT 5.1; en-US; rv:1.9.0.8) Gecko/2009032609 Firefox/3.0.8"
93.87.148.87 - - [10/Apr/2009:10:49:10 +0200] "GET /zampa/ HTTP/1.1" 200 7153 "http://www.google.com/search?hl=en&client=firefox-a&channel=s&rls=org.mozilla%3Aen-US%3Aofficial&hs=AOX&q=zampa+di+leone&btnG=Search" "Mozilla/5.0 (Windows; U; Windows NT 5.1; en-US; rv:1.9.0.8) Gecko/2009032609 Firefox/3.0.8"
93.87.148.87 - - [10/Apr/2009:10:49:14 +0200] "GET / HTTP/1.1" 302 353 "http://www.google.com/search?hl=en&client=firefox-a&channel=s&rls=org.mozilla%3Aen-US%3Aofficial&hs=AOX&q=zampa+di+leone&btnG=Search" "Mozilla/5.0 (Windows; U; Windows NT 5.1; en-US; rv:1.9.0.8) Gecko/2009032609 Firefox/3.0.8"
93.87.148.87 - - [10/Apr/2009:10:49:14 +0200] "GET /zampa/ HTTP/1.1" 200 7153 "http://www.google.com/search?hl=en&client=firefox-a&channel=s&rls=org.mozilla%3Aen-US%3Aofficial&hs=AOX&q=zampa+di+leone&btnG=Search" "Mozilla/5.0 (Windows; U; Windows NT 5.1; en-US; rv:1.9.0.8) Gecko/2009032609 Firefox/3.0.8"
93.87.148.87 - - [10/Apr/2009:10:49:14 +0200] "GET /zampa/slike/zampa.gif HTTP/1.1" 200 5310 "http://www.various-euro.com/zampa/" "Mozilla/5.0 (Windows; U; Windows NT 5.1; en-US; rv:1.9.0.8) Gecko/2009032609 Firefox/3.0.8"
93.87.148.87 - - [10/Apr/2009:10:49:14 +0200] "GET /zampa/slike/udupetu.gif HTTP/1.1" 200 4138 "http://www.various-euro.com/zampa/" "Mozilla/5.0 (Windows; U; Windows NT 5.1; en-US; rv:1.9.0.8) Gecko/2009032609 Firefox/3.0.8"
93.87.148.87 - - [10/Apr/2009:10:49:14 +0200] "GET /zampa/slike/inthearse.gif HTTP/1.1" 200 4077 "http://www.various-euro.com/zampa/" "Mozilla/5.0 (Windows; U; Windows NT 5.1; en-US; rv:1.9.0.8) Gecko/2009032609 Firefox/3.0.8"
93.87.148.87 - - [10/Apr/2009:10:49:14 +0200] "GET /favicon.ico HTTP/1.1" 404 2748 "-" "Mozilla/5.0 (Windows; U; Windows NT 5.1; en-US; rv:1.9.0.8) Gecko/2009032609 Firefox/3.0.8"
93.87.148.87 - - [10/Apr/2009:10:49:17 +0200] "GET /favicon.ico HTTP/1.1" 404 2748 "-" "Mozilla/5.0 (Windows; U; Windows NT 5.1; en-US; rv:1.9.0.8) Gecko/2009032609 Firefox/3.0.8"
93.87.148.87 - - [10/Apr/2009:10:50:11 +0200] "GET /zampa/slike/S1TITEL.GIF HTTP/1.1" 200 15244 "http://www.various-euro.com/zampa/" "Mozilla/5.0 (Windows; U; Windows NT 5.1; en-US; rv:1.9.0.8) Gecko/2009032609 Firefox/3.0.8"
93.87.148.87 - - [10/Apr/2009:10:50:19 +0200] "GET /zampa/slike/S2COPY.GIF HTTP/1.1" 200 12771 "http://www.various-euro.com/zampa/" "Mozilla/5.0 (Windows; U; Windows NT 5.1; en-US; rv:1.9.0.8) Gecko/2009032609 Firefox/3.0.8"
93.87.148.87 - - [10/Apr/2009:10:50:39 +0200] "GET /zampa/slike/S3VAMPIR.GIF HTTP/1.1" 200 55504 "http://www.various-euro.com/zampa/" "Mozilla/5.0 (Windows; U; Windows NT 5.1; en-US; rv:1.9.0.8) Gecko/2009032609 Firefox/3.0.8"
93.87.148.87 - - [10/Apr/2009:10:51:47 +0200] "GET /zampa/slike/S4IRWIN.GIF HTTP/1.1" 200 54718 "http://www.various-euro.com/zampa/" "Mozilla/5.0 (Windows; U; Windows NT 5.1; en-US; rv:1.9.0.8) Gecko/2009032609 Firefox/3.0.8"
93.87.148.87 - - [10/Apr/2009:10:52:39 +0200] "GET /zampa/slike/S5UROSTO.GIF HTTP/1.1" 200 45220 "http://www.various-euro.com/zampa/" "Mozilla/5.0 (Windows; U; Windows NT 5.1; en-US; rv:1.9.0.8) Gecko/2009032609 Firefox/3.0.8"
93.87.148.87 - - [10/Apr/2009:10:53:12 +0200] "GET /zampa/slike/S6BIENNI.GIF HTTP/1.1" 200 35877 "http://www.various-euro.com/zampa/" "Mozilla/5.0 (Windows; U; Windows NT 5.1; en-US; rv:1.9.0.8) Gecko/2009032609 Firefox/3.0.8"
93.87.148.87 - - [10/Apr/2009:10:53:39 +0200] "GET /zampa/slike/S7MEDIAA.GIF HTTP/1.1" 200 45793 "http://www.various-euro.com/zampa/" "Mozilla/5.0 (Windows; U; Windows NT 5.1; en-US; rv:1.9.0.8) Gecko/2009032609 Firefox/3.0.8"
93.87.148.87 - - [10/Apr/2009:10:54:19 +0200] "GET /zampa/slike/S8CURATO.GIF HTTP/1.1" 200 16968 "http://www.various-euro.com/zampa/" "Mozilla/5.0 (Windows; U; Windows NT 5.1; en-US; rv:1.9.0.8) Gecko/2009032609 Firefox/3.0.8"
93.87.148.87 - - [10/Apr/2009:10:55:00 +0200] "GET /zampa/lybia/index.html HTTP/1.1" 200 3036 "http://www.various-euro.com/zampa/" "Mozilla/5.0 (Windows; U; Windows NT 5.1; en-US; rv:1.9.0.8) Gecko/2009032609 Firefox/3.0.8"
93.87.148.87 - - [10/Apr/2009:10:55:01 +0200] "GET /zampa/lybia/slike/tele.jpg HTTP/1.1" 200 28022 "http://www.various-euro.com/zampa/lybia/index.html" "Mozilla/5.0 (Windows; U; Windows NT 5.1; en-US; rv:1.9.0.8) Gecko/2009032609 Firefox/3.0.8"
93.87.148.87 - - [10/Apr/2009:10:55:09 +0200] "GET /zampa/montenegro/index.html HTTP/1.1" 200 2651 "http://www.various-euro.com/zampa/" "Mozilla/5.0 (Windows; U; Windows NT 5.1; en-US; rv:1.9.0.8) Gecko/2009032609 Firefox/3.0.8"
93.87.148.87 - - [10/Apr/2009:10:55:10 +0200] "GET /zampa/montenegro/slike/plakat.jpg HTTP/1.1" 200 47879 "http://www.various-euro.com/zampa/montenegro/index.html" "Mozilla/5.0 (Windows; U; Windows NT 5.1; en-US; rv:1.9.0.8) Gecko/2009032609 Firefox/3.0.8"
93.87.148.87 - - [10/Apr/2009:10:55:16 +0200] "GET /zampa/wonderland/index.html HTTP/1.1" 200 2084 "http://www.various-euro.com/zampa/" "Mozilla/5.0 (Windows; U; Windows NT 5.1; en-US; rv:1.9.0.8) Gecko/2009032609 Firefox/3.0.8"
93.87.148.87 - - [10/Apr/2009:10:55:17 +0200] "GET /zampa/wonderland/TWonder.gif HTTP/1.1" 200 76757 "http://www.various-euro.com/zampa/wonderland/index.html" "Mozilla/5.0 (Windows; U; Windows NT 5.1; en-US; rv:1.9.0.8) Gecko/2009032609 Firefox/3.0.8"
93.87.148.87 - - [10/Apr/2009:10:57:56 +0200] "GET / HTTP/1.1" 302 353 "http://www.google.com/search?hl=en&client=firefox-a&channel=s&rls=org.mozilla%3Aen-US%3Aofficial&hs=AOX&q=zampa+di+leone&btnG=Search" "Mozilla/5.0 (Windows; U; Windows NT 5.1; en-US; rv:1.9.0.8) Gecko/2009032609 Firefox/3.0.8"
93.87.148.87 - - [10/Apr/2009:10:57:56 +0200] "GET /zampa/ HTTP/1.1" 200 7153 "http://www.google.com/search?hl=en&client=firefox-a&channel=s&rls=org.mozilla%3Aen-US%3Aofficial&hs=AOX&q=zampa+di+leone&btnG=Search" "Mozilla/5.0 (Windows; U; Windows NT 5.1; en-US; rv:1.9.0.8) Gecko/2009032609 Firefox/3.0.8"
66.249.65.169 - - [10/Apr/2009:11:33:48 +0200] "GET /framez-rez.html HTTP/1.1" 200 4323 "-" "DoCoMo/2.0 N905i(c100;TB;W24H16) (compatible; Googlebot-Mobile/2.1; +http://www.google.com/bot.html)"
66.249.65.169 - - [10/Apr/2009:11:33:57 +0200] "GET /f-search.html HTTP/1.1" 200 11800 "-" "Mozilla/5.0 (compatible; Googlebot/2.1; +http://www.google.com/bot.html)"
66.249.65.169 - - [10/Apr/2009:12:07:16 +0200] "GET /logs/usage_200904.html HTTP/1.1" 404 2748 "-" "Mozilla/5.0 (compatible; Googlebot/2.1; +http://www.google.com/bot.html)"
119.63.193.43 - - [10/Apr/2009:12:26:13 +0200] "GET /frame-unten.html HTTP/1.1" 200 5308 "-" "Baiduspider+(+http://www.baidu.jp/spider/)"
87.250.39.216 - - [10/Apr/2009:12:30:05 +0200] "GET /favicon.ico HTTP/1.1" 302 364 "-" "Mozilla/4.0 (compatible; GoogleToolbar 5.0.2124.6042; Windows XP 5.1; MSIE 7.0.5730.13)"
87.250.39.216 - - [10/Apr/2009:12:30:05 +0200] "GET /zampa/favicon.ico HTTP/1.1" 404 2748 "-" "Mozilla/4.0 (compatible; GoogleToolbar 5.0.2124.6042; Windows XP 5.1; MSIE 7.0.5730.13)"
87.250.39.216 - - [10/Apr/2009:12:30:05 +0200] "GET /favicon.gif HTTP/1.1" 302 364 "-" "Mozilla/4.0 (compatible; GoogleToolbar 5.0.2124.6042; Windows XP 5.1; MSIE 7.0.5730.13)"
87.250.39.216 - - [10/Apr/2009:12:30:05 +0200] "GET /zampa/favicon.gif HTTP/1.1" 404 2748 "-" "Mozilla/4.0 (compatible; GoogleToolbar 5.0.2124.6042; Windows XP 5.1; MSIE 7.0.5730.13)"
87.250.39.216 - - [10/Apr/2009:12:32:49 +0200] "GET /favicon.ico HTTP/1.1" 302 364 "-" "Mozilla/4.0 (compatible; GoogleToolbar 5.0.2124.6042; Windows XP 5.1; MSIE 7.0.5730.13)"
87.250.39.216 - - [10/Apr/2009:12:32:50 +0200] "GET /zampa/favicon.ico HTTP/1.1" 404 2748 "-" "Mozilla/4.0 (compatible; GoogleToolbar 5.0.2124.6042; Windows XP 5.1; MSIE 7.0.5730.13)"
87.250.39.216 - - [10/Apr/2009:12:32:50 +0200] "GET /favicon.gif HTTP/1.1" 302 364 "-" "Mozilla/4.0 (compatible; GoogleToolbar 5.0.2124.6042; Windows XP 5.1; MSIE 7.0.5730.13)"
87.250.39.216 - - [10/Apr/2009:12:32:50 +0200] "GET /zampa/favicon.gif HTTP/1.1" 404 2748 "-" "Mozilla/4.0 (compatible; GoogleToolbar 5.0.2124.6042; Windows XP 5.1; MSIE 7.0.5730.13)"
87.250.39.216 - - [10/Apr/2009:12:33:39 +0200] "GET /favicon.ico HTTP/1.1" 302 364 "-" "Mozilla/4.0 (compatible; GoogleToolbar 5.0.2124.6042; Windows XP 5.1; MSIE 7.0.5730.13)"
87.250.39.216 - - [10/Apr/2009:12:33:39 +0200] "GET /zampa/favicon.ico HTTP/1.1" 404 2748 "-" "Mozilla/4.0 (compatible; GoogleToolbar 5.0.2124.6042; Windows XP 5.1; MSIE 7.0.5730.13)"
87.250.39.216 - - [10/Apr/2009:12:33:39 +0200] "GET /favicon.gif HTTP/1.1" 302 364 "-" "Mozilla/4.0 (compatible; GoogleToolbar 5.0.2124.6042; Windows XP 5.1; MSIE 7.0.5730.13)"
87.250.39.216 - - [10/Apr/2009:12:33:39 +0200] "GET /zampa/favicon.gif HTTP/1.1" 404 2748 "-" "Mozilla/4.0 (compatible; GoogleToolbar 5.0.2124.6042; Windows XP 5.1; MSIE 7.0.5730.13)"
193.252.149.15 - - [10/Apr/2009:12:36:04 +0200] "GET / HTTP/1.1" 200 7869 "-" "Mozilla/5.0 (Windows; U; Windows NT 5.1; fr; rv:1.8.1) VoilaBot BETA 1.2 (support.voilabot@orange-ftgroup.com)"
72.30.161.241 - - [10/Apr/2009:12:40:18 +0200] "GET /restate_copy.html HTTP/1.0" 200 97631 "-" "Mozilla/5.0 (compatible; Yahoo! Slurp/3.0; http://help.yahoo.com/help/us/ysearch/slurp)"
93.86.59.254 - - [10/Apr/2009:12:46:27 +0200] "GET /framez-zampa-lovers.html HTTP/1.1" 200 4322 "http://www.google.com/search?client=firefox-a&rls=org.mozilla%3Aen-US%3Aofficial&channel=s&hl=en&q=mali+covek+sa+veliki+kurac&btnG=Google+Search" "Mozilla/5.0 (Windows; U; Windows NT 5.1; en-US; rv:1.8.1.14) Gecko/20080404 Firefox/2.0.0.14"
93.86.59.254 - - [10/Apr/2009:12:46:27 +0200] "GET /frame-menu.html HTTP/1.1" 200 10536 "http://www.various-euro.com/framez-zampa-lovers.html" "Mozilla/5.0 (Windows; U; Windows NT 5.1; en-US; rv:1.8.1.14) Gecko/20080404 Firefox/2.0.0.14"
93.86.59.254 - - [10/Apr/2009:12:46:27 +0200] "GET /ve-icon-2.ico HTTP/1.1" 200 2238 "-" "Mozilla/5.0 (Windows; U; Windows NT 5.1; en-US; rv:1.8.1.14) Gecko/20080404 Firefox/2.0.0.14"
93.86.59.254 - - [10/Apr/2009:12:46:27 +0200] "GET /zampa-lovers/index.html HTTP/1.1" 200 37790 "http://www.various-euro.com/framez-zampa-lovers.html" "Mozilla/5.0 (Windows; U; Windows NT 5.1; en-US; rv:1.8.1.14) Gecko/20080404 Firefox/2.0.0.14"
93.86.59.254 - - [10/Apr/2009:12:46:28 +0200] "GET /frame-unten.html HTTP/1.1" 200 5308 "http://www.various-euro.com/framez-zampa-lovers.html" "Mozilla/5.0 (Windows; U; Windows NT 5.1; en-US; rv:1.8.1.14) Gecko/20080404 Firefox/2.0.0.14"
93.86.59.254 - - [10/Apr/2009:12:46:28 +0200] "GET /style/various-euro.css HTTP/1.1" 200 3437 "http://www.various-euro.com/frame-menu.html" "Mozilla/5.0 (Windows; U; Windows NT 5.1; en-US; rv:1.8.1.14) Gecko/20080404 Firefox/2.0.0.14"
93.86.59.254 - - [10/Apr/2009:12:46:28 +0200] "GET /zampa-lovers/DRAGAN_Z.JPG HTTP/1.1" 200 6850 "http://www.various-euro.com/zampa-lovers/index.html" "Mozilla/5.0 (Windows; U; Windows NT 5.1; en-US; rv:1.8.1.14) Gecko/20080404 Firefox/2.0.0.14"
93.86.59.254 - - [10/Apr/2009:12:46:28 +0200] "GET /zampa-lovers/MILIZA_2.JPG HTTP/1.1" 200 22172 "http://www.various-euro.com/zampa-lovers/index.html" "Mozilla/5.0 (Windows; U; Windows NT 5.1; en-US; rv:1.8.1.14) Gecko/20080404 Firefox/2.0.0.14"
93.86.59.254 - - [10/Apr/2009:12:46:29 +0200] "GET /zampa-lovers/MILIZA_B.JPG HTTP/1.1" 200 10947 "http://www.various-euro.com/zampa-lovers/index.html" "Mozilla/5.0 (Windows; U; Windows NT 5.1; en-US; rv:1.8.1.14) Gecko/20080404 Firefox/2.0.0.14"
93.86.59.254 - - [10/Apr/2009:12:46:29 +0200] "GET /zampa-lovers/MILIZA_4.JPG HTTP/1.1" 200 9946 "http://www.various-euro.com/zampa-lovers/index.html" "Mozilla/5.0 (Windows; U; Windows NT 5.1; en-US; rv:1.8.1.14) Gecko/20080404 Firefox/2.0.0.14"
93.86.59.254 - - [10/Apr/2009:12:46:29 +0200] "GET /zampa-lovers/DRAGANZA.JPG HTTP/1.1" 200 18560 "http://www.various-euro.com/zampa-lovers/index.html" "Mozilla/5.0 (Windows; U; Windows NT 5.1; en-US; rv:1.8.1.14) Gecko/20080404 Firefox/2.0.0.14"
93.86.59.254 - - [10/Apr/2009:12:46:29 +0200] "GET /zampa-lovers/MILIZA_3.JPG HTTP/1.1" 200 26924 "http://www.various-euro.com/zampa-lovers/index.html" "Mozilla/5.0 (Windows; U; Windows NT 5.1; en-US; rv:1.8.1.14) Gecko/20080404 Firefox/2.0.0.14"
93.86.59.254 - - [10/Apr/2009:12:46:29 +0200] "GET /zampa-lovers/1SEITEVE.GIF HTTP/1.1" 200 78726 "http://www.various-euro.com/zampa-lovers/index.html" "Mozilla/5.0 (Windows; U; Windows NT 5.1; en-US; rv:1.8.1.14) Gecko/20080404 Firefox/2.0.0.14"
93.86.59.254 - - [10/Apr/2009:12:46:30 +0200] "GET /zampa-lovers/Kralle.gif HTTP/1.1" 200 260 "http://www.various-euro.com/zampa-lovers/index.html" "Mozilla/5.0 (Windows; U; Windows NT 5.1; en-US; rv:1.8.1.14) Gecko/20080404 Firefox/2.0.0.14"
93.86.59.254 - - [10/Apr/2009:12:46:31 +0200] "GET /zampa-lovers/zampa-2X2.gif HTTP/1.1" 200 6948 "http://www.various-euro.com/zampa-lovers/index.html" "Mozilla/5.0 (Windows; U; Windows NT 5.1; en-US; rv:1.8.1.14) Gecko/20080404 Firefox/2.0.0.14"
93.86.59.254 - - [10/Apr/2009:12:46:31 +0200] "GET /zampa-lovers/zampamali.gif HTTP/1.1" 200 2617 "http://www.various-euro.com/zampa-lovers/index.html" "Mozilla/5.0 (Windows; U; Windows NT 5.1; en-US; rv:1.8.1.14) Gecko/20080404 Firefox/2.0.0.14"
93.86.59.254 - - [10/Apr/2009:12:46:31 +0200] "GET /bannerz/ve.jpg HTTP/1.1" 200 36912 "http://www.various-euro.com/frame-unten.html" "Mozilla/5.0 (Windows; U; Windows NT 5.1; en-US; rv:1.8.1.14) Gecko/20080404 Firefox/2.0.0.14"
93.86.59.254 - - [10/Apr/2009:12:46:31 +0200] "GET /bannerz/various-euro-girl.jpg HTTP/1.1" 200 91514 "http://www.various-euro.com/frame-unten.html" "Mozilla/5.0 (Windows; U; Windows NT 5.1; en-US; rv:1.8.1.14) Gecko/20080404 Firefox/2.0.0.14"
93.86.59.254 - - [10/Apr/2009:12:46:30 +0200] "GET /zampa-lovers/2SEITEVE.GIF HTTP/1.1" 200 83466 "http://www.various-euro.com/zampa-lovers/index.html" "Mozilla/5.0 (Windows; U; Windows NT 5.1; en-US; rv:1.8.1.14) Gecko/20080404 Firefox/2.0.0.14"
93.86.59.254 - - [10/Apr/2009:12:46:33 +0200] "GET /zampa-lovers/kralle.gif HTTP/1.1" 404 2748 "http://www.various-euro.com/zampa-lovers/index.html" "Mozilla/5.0 (Windows; U; Windows NT 5.1; en-US; rv:1.8.1.14) Gecko/20080404 Firefox/2.0.0.14"
93.86.59.254 - - [10/Apr/2009:12:46:33 +0200] "GET /zampa-lovers/zampa.gif HTTP/1.1" 200 460627 "http://www.various-euro.com/zampa-lovers/index.html" "Mozilla/5.0 (Windows; U; Windows NT 5.1; en-US; rv:1.8.1.14) Gecko/20080404 Firefox/2.0.0.14"
93.86.59.254 - - [10/Apr/2009:12:46:55 +0200] "GET /f-doku-brau.html HTTP/1.1" 200 7152 "http://www.various-euro.com/frame-menu.html" "Mozilla/5.0 (Windows; U; Windows NT 5.1; en-US; rv:1.8.1.14) Gecko/20080404 Firefox/2.0.0.14"
93.86.59.254 - - [10/Apr/2009:12:46:55 +0200] "GET /bannerz/dose.gif HTTP/1.1" 200 1868 "http://www.various-euro.com/f-doku-brau.html" "Mozilla/5.0 (Windows; U; Windows NT 5.1; en-US; rv:1.8.1.14) Gecko/20080404 Firefox/2.0.0.14"
93.86.59.254 - - [10/Apr/2009:12:46:55 +0200] "GET /bannerz/bonus.gif HTTP/1.1" 200 2403 "http://www.various-euro.com/f-doku-brau.html" "Mozilla/5.0 (Windows; U; Windows NT 5.1; en-US; rv:1.8.1.14) Gecko/20080404 Firefox/2.0.0.14"
93.86.59.254 - - [10/Apr/2009:12:46:55 +0200] "GET /bannerz/etikett.jpg HTTP/1.1" 200 12367 "http://www.various-euro.com/f-doku-brau.html" "Mozilla/5.0 (Windows; U; Windows NT 5.1; en-US; rv:1.8.1.14) Gecko/20080404 Firefox/2.0.0.14"
93.86.59.254 - - [10/Apr/2009:12:47:14 +0200] "GET /zampa-lovers/kralle.gif HTTP/1.1" 404 2748 "http://www.various-euro.com/zampa-lovers/index.html" "Mozilla/5.0 (Windows; U; Windows NT 5.1; en-US; rv:1.8.1.14) Gecko/20080404 Firefox/2.0.0.14"
87.250.39.216 - - [10/Apr/2009:13:08:57 +0200] "GET /favicon.ico HTTP/1.1" 302 364 "-" "Mozilla/4.0 (compatible; GoogleToolbar 5.0.2124.6042; Windows XP 5.1; MSIE 7.0.5730.13)"
87.250.39.216 - - [10/Apr/2009:13:08:58 +0200] "GET /zampa/favicon.ico HTTP/1.1" 404 2748 "-" "Mozilla/4.0 (compatible; GoogleToolbar 5.0.2124.6042; Windows XP 5.1; MSIE 7.0.5730.13)"
87.250.39.216 - - [10/Apr/2009:13:08:58 +0200] "GET /favicon.gif HTTP/1.1" 302 364 "-" "Mozilla/4.0 (compatible; GoogleToolbar 5.0.2124.6042; Windows XP 5.1; MSIE 7.0.5730.13)"
87.250.39.216 - - [10/Apr/2009:13:08:58 +0200] "GET /zampa/favicon.gif HTTP/1.1" 404 2748 "-" "Mozilla/4.0 (compatible; GoogleToolbar 5.0.2124.6042; Windows XP 5.1; MSIE 7.0.5730.13)"
65.55.211.174 - - [10/Apr/2009:13:34:18 +0200] "GET /robots.txt HTTP/1.1" 200 64 "-" "msnbot/1.1 (+http://search.msn.com/msnbot.htm)"
65.55.211.174 - - [10/Apr/2009:13:34:19 +0200] "GET /logs/usage_200708.html HTTP/1.1" 200 111167 "-" "msnbot/1.1 (+http://search.msn.com/msnbot.htm)"
66.249.65.169 - - [10/Apr/2009:13:43:27 +0200] "GET /robots.txt HTTP/1.1" 200 64 "-" "Mozilla/5.0 (compatible; Googlebot/2.1; +http://www.google.com/bot.html)"
66.249.65.169 - - [10/Apr/2009:13:43:27 +0200] "GET /neon/warning.html HTTP/1.1" 200 5134 "-" "Mozilla/5.0 (compatible; Googlebot/2.1; +http://www.google.com/bot.html)"
72.30.161.241 - - [10/Apr/2009:14:00:38 +0200] "GET /games/virtualcop/virtualcop.html HTTP/1.0" 200 4487 "-" "Mozilla/5.0 (compatible; Yahoo! Slurp/3.0; http://help.yahoo.com/help/us/ysearch/slurp)"
95.108.142.150 - - [10/Apr/2009:14:11:39 +0200] "GET /robots.txt HTTP/1.1" 200 64 "-" "YandexSomething/1.0"
95.108.142.150 - - [10/Apr/2009:14:11:39 +0200] "GET /robots.txt HTTP/1.1" 200 64 "-" "YandexSomething/1.0"
95.108.142.150 - - [10/Apr/2009:14:11:40 +0200] "GET / HTTP/1.1" 200 7869 "-" "YandexSomething/1.0"
95.108.142.150 - - [10/Apr/2009:14:11:40 +0200] "GET / HTTP/1.1" 200 7869 "-" "YandexSomething/1.0"
95.108.142.150 - - [10/Apr/2009:14:11:40 +0200] "GET / HTTP/1.1" 200 7869 "-" "YandexSomething/1.0"
95.108.142.150 - - [10/Apr/2009:14:11:40 +0200] "GET / HTTP/1.1" 200 7869 "-" "YandexSomething/1.0"
87.19.20.109 - - [10/Apr/2009:14:37:59 +0200] "GET / HTTP/1.1" 302 353 "-" "User-Agent: Mozilla/4.0 (compatible; MSIE 7.0; Windows NT 5.1; GTB5; .NET CLR 2.0.50727)"
87.19.20.109 - - [10/Apr/2009:14:37:59 +0200] "GET /zampa/ HTTP/1.1" 200 7153 "-" "User-Agent: Mozilla/4.0 (compatible; MSIE 7.0; Windows NT 5.1; GTB5; .NET CLR 2.0.50727)"
62.77.56.17 - - [10/Apr/2009:14:41:25 +0200] "GET / HTTP/1.1" 302 353 "http://www.google.it/search?hl=it&q=zampa+di+leone&meta=" "Mozilla/4.0 (compatible; MSIE 6.0; Windows NT 5.1; SV1; .NET CLR 1.1.4322; InfoPath.1; .NET CLR 2.0.50727)"
62.77.56.17 - - [10/Apr/2009:14:41:25 +0200] "GET /zampa/ HTTP/1.1" 200 7153 "http://www.google.it/search?hl=it&q=zampa+di+leone&meta=" "Mozilla/4.0 (compatible; MSIE 6.0; Windows NT 5.1; SV1; .NET CLR 1.1.4322; InfoPath.1; .NET CLR 2.0.50727)"
62.77.56.17 - - [10/Apr/2009:14:41:25 +0200] "GET /zampa/slike/inthearse.gif HTTP/1.1" 200 4077 "http://www.various-euro.com/zampa/" "Mozilla/4.0 (compatible; MSIE 6.0; Windows NT 5.1; SV1; .NET CLR 1.1.4322; InfoPath.1; .NET CLR 2.0.50727)"
62.77.56.17 - - [10/Apr/2009:14:41:26 +0200] "GET /zampa/slike/udupetu.gif HTTP/1.1" 200 4138 "http://www.various-euro.com/zampa/" "Mozilla/4.0 (compatible; MSIE 6.0; Windows NT 5.1; SV1; .NET CLR 1.1.4322; InfoPath.1; .NET CLR 2.0.50727)"
62.77.56.17 - - [10/Apr/2009:14:41:26 +0200] "GET /zampa/slike/zampa.gif HTTP/1.1" 200 5310 "http://www.various-euro.com/zampa/" "Mozilla/4.0 (compatible; MSIE 6.0; Windows NT 5.1; SV1; .NET CLR 1.1.4322; InfoPath.1; .NET CLR 2.0.50727)"
66.235.124.58 - - [10/Apr/2009:14:53:20 +0200] "GET /robots.txt HTTP/1.0" 200 64 "-" "Mozilla/5.0 (compatible; Ask Jeeves/Teoma; +http://about.ask.com/en/docs/about/webmasters.shtml)"
66.235.124.58 - - [10/Apr/2009:14:53:20 +0200] "GET /framez-zampa-lovers.html HTTP/1.0" 200 4322 "-" "Mozilla/5.0 (compatible; Ask Jeeves/Teoma; +http://about.ask.com/en/docs/about/webmasters.shtml)"
66.235.124.58 - - [10/Apr/2009:14:53:20 +0200] "GET /frame-menu.html HTTP/1.0" 200 10536 "-" "Mozilla/5.0 (compatible; Ask Jeeves/Teoma; +http://about.ask.com/en/docs/about/webmasters.shtml)"
66.235.124.58 - - [10/Apr/2009:14:53:21 +0200] "GET /zampa-lovers/index.html HTTP/1.0" 200 37790 "-" "Mozilla/5.0 (compatible; Ask Jeeves/Teoma; +http://about.ask.com/en/docs/about/webmasters.shtml)"
66.235.124.58 - - [10/Apr/2009:14:53:21 +0200] "GET /frame-unten.html HTTP/1.0" 200 5308 "-" "Mozilla/5.0 (compatible; Ask Jeeves/Teoma; +http://about.ask.com/en/docs/about/webmasters.shtml)"
72.30.161.241 - - [10/Apr/2009:15:06:22 +0200] "GET /f-doku-brau.html HTTP/1.0" 200 7152 "-" "Mozilla/5.0 (compatible; Yahoo! Slurp/3.0; http://help.yahoo.com/help/us/ysearch/slurp)"
66.249.65.169 - - [10/Apr/2009:15:31:42 +0200] "GET / HTTP/1.1" 200 7869 "-" "Mozilla/5.0 (compatible; Googlebot/2.1; +http://www.google.com/bot.html)"
66.249.65.169 - - [10/Apr/2009:15:38:41 +0200] "GET /bmpp/crashh3.html HTTP/1.1" 200 9689 "-" "Mozilla/5.0 (compatible; Googlebot/2.1; +http://www.google.com/bot.html)"
194.153.113.18 - - [10/Apr/2009:16:23:37 +0200] "GET /robots.txt HTTP/1.1" 200 64 "-" "oBot"
194.153.113.18 - - [10/Apr/2009:16:23:37 +0200] "HEAD /bannerz/iflogo-XII.gif HTTP/1.1" 200 - "-" "oBot"
194.153.113.18 - - [10/Apr/2009:16:23:37 +0200] "HEAD /bannerz/superfactory-volksbuehne.jpg HTTP/1.1" 200 - "-" "oBot"
194.153.113.18 - - [10/Apr/2009:16:23:37 +0200] "HEAD /bannerz/kapitalismusdebatte.jpg HTTP/1.1" 200 - "-" "oBot"
194.153.113.18 - - [10/Apr/2009:16:23:38 +0200] "HEAD /bannerz/ubu-shot.png HTTP/1.1" 200 - "-" "oBot"
194.153.113.18 - - [10/Apr/2009:16:23:38 +0200] "HEAD /bannerz/interfiction-logo-rot-2006.gif HTTP/1.1" 200 - "-" "oBot"
194.153.113.18 - - [10/Apr/2009:16:23:38 +0200] "HEAD /bannerz/stasi-2-0.jpg HTTP/1.1" 200 - "-" "oBot"
194.153.113.18 - - [10/Apr/2009:16:23:39 +0200] "HEAD /bannerz/gradio_berlin.gif HTTP/1.1" 200 - "-" "oBot"
194.153.113.18 - - [10/Apr/2009:16:23:39 +0200] "HEAD /bannerz/sf-banner-2.gif HTTP/1.1" 200 - "-" "oBot"
194.153.113.18 - - [10/Apr/2009:16:23:40 +0200] "HEAD /bannerz/goolag_468.jpg HTTP/1.1" 200 - "-" "oBot"
194.153.113.18 - - [10/Apr/2009:16:23:40 +0200] "HEAD /bannerz/superfactory-lt.gif HTTP/1.1" 200 - "-" "oBot"
194.153.113.18 - - [10/Apr/2009:16:23:40 +0200] "HEAD /bannerz/joerggruneberg_VARIOUS-EURO.gif HTTP/1.1" 200 - "-" "oBot"
194.153.113.18 - - [10/Apr/2009:16:23:41 +0200] "HEAD /bannerz/logo-partnergegenberlin.png HTTP/1.1" 200 - "-" "oBot"
194.153.113.18 - - [10/Apr/2009:16:23:41 +0200] "HEAD /bannerz/displaced-dilemma.jpg HTTP/1.1" 200 - "-" "oBot"
194.153.113.18 - - [10/Apr/2009:16:23:41 +0200] "HEAD /bannerz/google/Logo_40blk.gif HTTP/1.1" 200 - "-" "oBot"
66.249.65.169 - - [10/Apr/2009:16:30:43 +0200] "GET /f-rez.html HTTP/1.1" 200 9765 "-" "Mozilla/5.0 (compatible; Googlebot/2.1; +http://www.google.com/bot.html)"
87.250.39.216 - - [10/Apr/2009:16:53:32 +0200] "GET /favicon.ico HTTP/1.1" 302 364 "-" "Mozilla/4.0 (compatible; GoogleToolbar 5.0.2124.6042; Windows XP 5.1; MSIE 7.0.5730.13)"
87.250.39.216 - - [10/Apr/2009:16:53:32 +0200] "GET /zampa/favicon.ico HTTP/1.1" 404 2748 "-" "Mozilla/4.0 (compatible; GoogleToolbar 5.0.2124.6042; Windows XP 5.1; MSIE 7.0.5730.13)"
87.250.39.216 - - [10/Apr/2009:16:53:32 +0200] "GET /favicon.gif HTTP/1.1" 302 364 "-" "Mozilla/4.0 (compatible; GoogleToolbar 5.0.2124.6042; Windows XP 5.1; MSIE 7.0.5730.13)"
87.250.39.216 - - [10/Apr/2009:16:53:32 +0200] "GET /zampa/favicon.gif HTTP/1.1" 404 2748 "-" "Mozilla/4.0 (compatible; GoogleToolbar 5.0.2124.6042; Windows XP 5.1; MSIE 7.0.5730.13)"
72.30.161.241 - - [10/Apr/2009:17:00:38 +0200] "GET /neon/slow-walk.html HTTP/1.0" 200 1640 "-" "Mozilla/5.0 (compatible; Yahoo! Slurp/3.0; http://help.yahoo.com/help/us/ysearch/slurp)"
66.249.65.169 - - [10/Apr/2009:17:10:55 +0200] "GET /3dsf3/sendi/animals.html HTTP/1.1" 200 1422 "-" "Mozilla/5.0 (compatible; Googlebot/2.1; +http://www.google.com/bot.html)"
193.252.149.13 - - [10/Apr/2009:17:56:15 +0200] "GET /neon/euro.html HTTP/1.1" 200 2212 "-" "Mozilla/5.0 (Windows; U; Windows NT 5.1; fr; rv:1.8.1) VoilaBot BETA 1.2 (support.voilabot@orange-ftgroup.com)"
208.36.144.10 - - [10/Apr/2009:18:07:09 +0200] "GET /neon/warning2.html HTTP/1.0" 200 997 "-" "Mozilla/5.0 (Twiceler-0.9 http://www.cuil.com/twiceler/robot.html)"
72.30.161.241 - - [10/Apr/2009:18:21:00 +0200] "GET /f-doku-brau.html HTTP/1.0" 200 7152 "-" "Mozilla/5.0 (compatible; Yahoo! Slurp/3.0; http://help.yahoo.com/help/us/ysearch/slurp)"
81.52.143.34 - - [10/Apr/2009:18:49:09 +0200] "GET /neon/warning.html HTTP/1.1" 200 5134 "-" "Mozilla/5.0 (Windows; U; Windows NT 5.1; fr; rv:1.8.1) VoilaBot BETA 1.2 (support.voilabot@orange-ftgroup.com)"
81.52.143.30 - - [10/Apr/2009:18:52:39 +0200] "GET /bmpp/euro_pal_1.html HTTP/1.1" 200 18252 "-" "Mozilla/5.0 (Windows; U; Windows NT 5.1; fr; rv:1.8.1) VoilaBot BETA 1.2 (support.voilabot@orange-ftgroup.com)"
193.252.149.13 - - [10/Apr/2009:18:56:08 +0200] "GET /neon/slow-walk2.html HTTP/1.1" 200 1777 "-" "Mozilla/5.0 (Windows; U; Windows NT 5.1; fr; rv:1.8.1) VoilaBot BETA 1.2 (support.voilabot@orange-ftgroup.com)"
72.30.161.241 - - [10/Apr/2009:18:57:11 +0200] "GET /neon/left-one.html HTTP/1.0" 200 1712 "-" "Mozilla/5.0 (compatible; Yahoo! Slurp/3.0; http://help.yahoo.com/help/us/ysearch/slurp)"
72.30.79.32 - - [10/Apr/2009:19:04:08 +0200] "GET /robots.txt HTTP/1.0" 200 64 "-" "Mozilla/5.0 (compatible; Yahoo! Slurp; http://help.yahoo.com/help/us/ysearch/slurp)"
72.30.79.32 - - [10/Apr/2009:19:04:08 +0200] "GET /framez.html HTTP/1.0" 200 3959 "-" "Mozilla/5.0 (compatible; Yahoo! Slurp/3.0; http://help.yahoo.com/help/us/ysearch/slurp)"
72.30.79.32 - - [10/Apr/2009:19:04:09 +0200] "GET /style/various-euro.css HTTP/1.0" 304 - "http://various-euro.com/framez.html" "Mozilla/5.0 (compatible; Yahoo! Slurp/3.0; http://help.yahoo.com/help/us/ysearch/slurp)"
72.30.79.32 - - [10/Apr/2009:19:04:09 +0200] "GET /frame-menu.html HTTP/1.0" 200 10536 "http://various-euro.com/framez.html" "Mozilla/5.0 (compatible; Yahoo! Slurp/3.0; http://help.yahoo.com/help/us/ysearch/slurp)"
72.30.79.32 - - [10/Apr/2009:19:04:09 +0200] "GET /frame-inhalt.html HTTP/1.0" 200 5418 "http://various-euro.com/framez.html" "Mozilla/5.0 (compatible; Yahoo! Slurp/3.0; http://help.yahoo.com/help/us/ysearch/slurp)"
72.30.79.32 - - [10/Apr/2009:19:04:09 +0200] "GET /frame-unten.html HTTP/1.0" 200 5308 "http://various-euro.com/framez.html" "Mozilla/5.0 (compatible; Yahoo! Slurp/3.0; http://help.yahoo.com/help/us/ysearch/slurp)"
208.36.144.10 - - [10/Apr/2009:19:07:11 +0200] "GET /robots.txt HTTP/1.0" 200 64 "-" "Mozilla/5.0 (Twiceler-0.9 http://www.cuil.com/twiceler/robot.html)"
72.30.161.241 - - [10/Apr/2009:19:41:57 +0200] "GET /logs/usage_200711.html HTTP/1.0" 200 109628 "-" "Mozilla/5.0 (compatible; Yahoo! Slurp/3.0; http://help.yahoo.com/help/us/ysearch/slurp)"
72.30.161.241 - - [10/Apr/2009:19:42:00 +0200] "GET /logs/usage_200711.html HTTP/1.0" 200 109628 "-" "Mozilla/5.0 (compatible; Yahoo! Slurp/3.0; http://help.yahoo.com/help/us/ysearch/slurp)"
77.29.161.140 - - [10/Apr/2009:19:58:15 +0200] "GET /framez-zampa-lovers.html HTTP/1.1" 200 4322 "http://search.live.com/results.aspx?q=DAL'%20JE%20MOGUCHE%20Toma%20Z.&FORM=AB2" "Mozilla/4.0 (compatible; MSIE 6.0; Windows NT 5.1; SV1; .NET CLR 2.0.50727; OfficeLiveConnector.1.3; OfficeLivePatch.0.0)"
77.29.161.140 - - [10/Apr/2009:19:58:16 +0200] "GET /frame-menu.html HTTP/1.1" 200 10536 "http://www.various-euro.com/framez-zampa-lovers.html" "Mozilla/4.0 (compatible; MSIE 6.0; Windows NT 5.1; SV1; .NET CLR 2.0.50727; OfficeLiveConnector.1.3; OfficeLivePatch.0.0)"
77.29.161.140 - - [10/Apr/2009:19:58:16 +0200] "GET /style/various-euro.css HTTP/1.1" 200 3437 "http://www.various-euro.com/frame-menu.html" "Mozilla/4.0 (compatible; MSIE 6.0; Windows NT 5.1; SV1; .NET CLR 2.0.50727; OfficeLiveConnector.1.3; OfficeLivePatch.0.0)"
77.29.161.140 - - [10/Apr/2009:19:58:16 +0200] "GET /zampa-lovers/index.html HTTP/1.1" 200 37790 "http://www.various-euro.com/framez-zampa-lovers.html" "Mozilla/4.0 (compatible; MSIE 6.0; Windows NT 5.1; SV1; .NET CLR 2.0.50727; OfficeLiveConnector.1.3; OfficeLivePatch.0.0)"
77.29.161.140 - - [10/Apr/2009:19:58:17 +0200] "GET /frame-unten.html HTTP/1.1" 200 5308 "http://www.various-euro.com/framez-zampa-lovers.html" "Mozilla/4.0 (compatible; MSIE 6.0; Windows NT 5.1; SV1; .NET CLR 2.0.50727; OfficeLiveConnector.1.3; OfficeLivePatch.0.0)"
77.29.161.140 - - [10/Apr/2009:19:58:20 +0200] "GET /zampa-lovers/kralle.gif HTTP/1.1" 404 2748 "http://www.various-euro.com/zampa-lovers/index.html" "Mozilla/4.0 (compatible; MSIE 6.0; Windows NT 5.1; SV1; .NET CLR 2.0.50727; OfficeLiveConnector.1.3; OfficeLivePatch.0.0)"
77.29.161.140 - - [10/Apr/2009:19:58:20 +0200] "GET /zampa-lovers/DRAGAN_Z.JPG HTTP/1.1" 200 6850 "http://www.various-euro.com/zampa-lovers/index.html" "Mozilla/4.0 (compatible; MSIE 6.0; Windows NT 5.1; SV1; .NET CLR 2.0.50727; OfficeLiveConnector.1.3; OfficeLivePatch.0.0)"
77.29.161.140 - - [10/Apr/2009:19:58:20 +0200] "GET /zampa-lovers/MILIZA_2.JPG HTTP/1.1" 200 22172 "http://www.various-euro.com/zampa-lovers/index.html" "Mozilla/4.0 (compatible; MSIE 6.0; Windows NT 5.1; SV1; .NET CLR 2.0.50727; OfficeLiveConnector.1.3; OfficeLivePatch.0.0)"
77.29.161.140 - - [10/Apr/2009:19:58:21 +0200] "GET /zampa-lovers/MILIZA_3.JPG HTTP/1.1" 200 26924 "http://www.various-euro.com/zampa-lovers/index.html" "Mozilla/4.0 (compatible; MSIE 6.0; Windows NT 5.1; SV1; .NET CLR 2.0.50727; OfficeLiveConnector.1.3; OfficeLivePatch.0.0)"
