66.249.65.169 - - [01/Apr/2009:00:03:52 +0200] "GET /f-world.html HTTP/1.1" 200 35590 "-" "Mozilla/5.0 (compatible; Googlebot/2.1; +http://www.google.com/bot.html)"
85.214.102.38 - - [01/Apr/2009:00:03:54 +0200] "HEAD / HTTP/1.1" 302 - "http://www.eurip.com" "EuripBot/1.0 (+http://www.eurip.com) PreCheck"
193.252.149.15 - - [01/Apr/2009:00:53:25 +0200] "GET / HTTP/1.1" 200 7869 "-" "Mozilla/5.0 (Windows; U; Windows NT 5.1; fr; rv:1.8.1) VoilaBot BETA 1.2 (support.voilabot@orange-ftgroup.com)"
66.249.65.169 - - [01/Apr/2009:00:59:30 +0200] "GET /neon/code.html HTTP/1.1" 200 1109 "-" "Mozilla/5.0 (compatible; Googlebot/2.1; +http://www.google.com/bot.html)"
93.182.173.18 - - [01/Apr/2009:01:06:17 +0200] "GET / HTTP/1.1" 200 7869 "-" "Mozilla/5.0 (Windows; U; Windows NT 5.1; en; rv:1.8.1.8) Gecko/20071008 Firefox/2.0.0.8"
66.249.65.169 - - [01/Apr/2009:01:25:28 +0200] "GET /framez-e-count.html HTTP/1.1" 200 4321 "-" "Mozilla/5.0 (compatible; Googlebot/2.1; +http://www.google.com/bot.html)"
193.252.149.16 - - [01/Apr/2009:01:29:25 +0200] "GET /world.html HTTP/1.1" 200 16295 "-" "Mozilla/5.0 (Windows; U; Windows NT 5.1; fr; rv:1.8.1) VoilaBot BETA 1.2 (support.voilabot@orange-ftgroup.com)"
74.6.8.90 - - [01/Apr/2009:01:31:48 +0200] "GET /zampa/montenegro/ HTTP/1.0" 200 2651 "-" "Mozilla/5.0 (compatible; Yahoo! Slurp/3.0; http://help.yahoo.com/help/us/ysearch/slurp)"
74.6.8.90 - - [01/Apr/2009:01:40:32 +0200] "GET /logs/usage_200709.html HTTP/1.0" 200 110974 "-" "Mozilla/5.0 (compatible; Yahoo! Slurp/3.0; http://help.yahoo.com/help/us/ysearch/slurp)"
66.249.65.169 - - [01/Apr/2009:01:44:01 +0200] "GET /logs/usage_200705.html HTTP/1.1" 200 109447 "-" "Mozilla/5.0 (compatible; Googlebot/2.1; +http://www.google.com/bot.html)"
66.249.65.169 - - [01/Apr/2009:01:47:44 +0200] "GET /DgH/orginal/index.html HTTP/1.1" 200 1727 "-" "Mozilla/5.0 (compatible; Googlebot/2.1; +http://www.google.com/bot.html)"
94.178.93.73 - - [01/Apr/2009:01:53:11 +0200] "GET /schubb/schubb-5.html HTTP/1.0" 200 72944 "http://www.various-euro.com/schubb/schubb-5.html" "Mozilla/4.0 (compatible; MSIE 6.0; Windows NT 5.1; SV1; Crazy Browser 2.0.0 Beta 1; .NET CLR 1.0.3705; .NET CLR 1.1.4322)"
116.81.106.93 - - [01/Apr/2009:02:14:42 +0200] "GET / HTTP/1.1" 200 7869 "-" "User-Agent: Mozilla/4.0 (compatible; MSIE 6.0; Windows XP)"
81.52.143.35 - - [01/Apr/2009:02:27:09 +0200] "GET /bmpp/18asi_2.html HTTP/1.1" 200 8674 "-" "Mozilla/5.0 (Windows; U; Windows NT 5.1; fr; rv:1.8.1) VoilaBot BETA 1.2 (support.voilabot@orange-ftgroup.com)"
193.252.149.15 - - [01/Apr/2009:02:50:37 +0200] "GET /f-bannnerz.html HTTP/1.1" 200 12651 "-" "Mozilla/5.0 (Windows; U; Windows NT 5.1; fr; rv:1.8.1) VoilaBot BETA 1.2 (support.voilabot@orange-ftgroup.com)"
66.249.65.169 - - [01/Apr/2009:03:05:38 +0200] "GET /3dsf3/sendi/receiver.html HTTP/1.1" 200 1402 "-" "Mozilla/5.0 (compatible; Googlebot/2.1; +http://www.google.com/bot.html)"
212.34.175.74 - - [01/Apr/2009:03:22:00 +0200] "GET /robots.txt HTTP/1.1" 200 64 "-" "gonzo1[P] +http://www.suchen.de/faq.html"
212.34.175.74 - - [01/Apr/2009:03:22:16 +0200] "GET / HTTP/1.1" 200 7869 "-" "gonzo1[P] +http://www.suchen.de/faq.html"
212.34.175.74 - - [01/Apr/2009:03:23:20 +0200] "GET /ielocation HTTP/1.1" 404 2748 "http://www.various-euro.com/" "gonzo1[P] +http://www.suchen.de/faq.html"
212.34.175.74 - - [01/Apr/2009:03:24:17 +0200] "GET /nslocation HTTP/1.1" 404 2748 "http://www.various-euro.com/" "gonzo1[P] +http://www.suchen.de/faq.html"
212.34.175.74 - - [01/Apr/2009:03:25:22 +0200] "GET /nonelocation HTTP/1.1" 404 2748 "http://www.various-euro.com/" "gonzo1[P] +http://www.suchen.de/faq.html"
212.34.175.74 - - [01/Apr/2009:03:26:19 +0200] "GET /framez.html HTTP/1.1" 200 3959 "http://www.various-euro.com/" "gonzo1[P] +http://www.suchen.de/faq.html"
74.6.8.90 - - [01/Apr/2009:04:16:19 +0200] "GET /robots.txt HTTP/1.0" 200 64 "-" "Mozilla/5.0 (compatible; Yahoo! Slurp; http://help.yahoo.com/help/us/ysearch/slurp)"
74.6.8.90 - - [01/Apr/2009:04:16:20 +0200] "GET /neon/left-one-new.html HTTP/1.0" 200 1483 "-" "Mozilla/5.0 (compatible; Yahoo! Slurp/3.0; http://help.yahoo.com/help/us/ysearch/slurp)"
87.248.169.14 - - [01/Apr/2009:04:22:34 +0200] "GET /framez-schubb2.html HTTP/1.0" 200 4314 "http://www.various-euro.com/framez-schubb2.html" "Mozilla/4.0 (compatible; MSIE 6.0; Windows NT 5.1; SV1; .NET CLR 1.1.4322; .NET CLR 2.0.50727)"
87.248.169.14 - - [01/Apr/2009:04:22:34 +0200] "GET /frame-menu.html HTTP/1.0" 200 10536 "http://www.various-euro.com/frame-menu.html" "Mozilla/4.0 (compatible; MSIE 6.0; Windows NT 5.1; SV1; .NET CLR 1.1.4322; .NET CLR 2.0.50727)"
87.248.169.14 - - [01/Apr/2009:04:22:35 +0200] "GET /schubb/schubb-2.html HTTP/1.0" 200 16660 "http://www.various-euro.com/schubb/schubb-2.html" "Mozilla/4.0 (compatible; MSIE 6.0; Windows NT 5.1; SV1; .NET CLR 1.1.4322; .NET CLR 2.0.50727)"
87.248.169.14 - - [01/Apr/2009:04:22:35 +0200] "GET /frame-unten.html HTTP/1.0" 200 5308 "http://www.various-euro.com/frame-unten.html" "Mozilla/4.0 (compatible; MSIE 6.0; Windows NT 5.1; SV1; .NET CLR 1.1.4322; .NET CLR 2.0.50727)"
74.6.8.90 - - [01/Apr/2009:04:39:16 +0200] "GET /zampa/wonderland/index.html HTTP/1.0" 200 2084 "-" "Mozilla/5.0 (compatible; Yahoo! Slurp/3.0; http://help.yahoo.com/help/us/ysearch/slurp)"
193.252.149.13 - - [01/Apr/2009:05:04:19 +0200] "GET /f-channel1.html HTTP/1.1" 200 8471 "-" "Mozilla/5.0 (Windows; U; Windows NT 5.1; fr; rv:1.8.1) VoilaBot BETA 1.2 (support.voilabot@orange-ftgroup.com)"
77.88.25.28 - - [01/Apr/2009:05:04:23 +0200] "GET /robots.txt HTTP/1.1" 200 64 "-" "Yandex/1.01.001 (compatible; Win16; I)"
77.88.25.28 - - [01/Apr/2009:05:04:23 +0200] "GET / HTTP/1.1" 200 7869 "-" "Yandex/1.01.001 (compatible; Win16; I)"
65.55.106.133 - - [01/Apr/2009:05:04:46 +0200] "GET /robots.txt HTTP/1.1" 200 64 "-" "msnbot/2.0b (+http://search.msn.com/msnbot.htm)"
85.66.137.215 - - [01/Apr/2009:05:05:36 +0200] "GET http://various-euro.com/section.php?name=../../../../etc/passwd HTTP/1.0" 404 2748 "http://various-euro.com/section.php?name=../../../../etc/passwd" "Mozilla/4.0 (compatible; MSIE 6.0; Windows NT 5.1)"
85.66.137.215 - - [01/Apr/2009:05:05:36 +0200] "GET http://various-euro.com/emerge-1.0/connect/index.php?sitecode=../../../../../../../etc/passwd%00 HTTP/1.0" 404 2748 "http://various-euro.com/emerge-1.0/connect/index.php?sitecode=../../../../../../../etc/passwd%00" "Mozilla/4.0 (compatible; MSIE 6.0; Windows NT 5.1)"
85.66.137.215 - - [01/Apr/2009:05:05:36 +0200] "GET http://various-euro.com/index.php?template=../../../../../../../../../../../../../etc/passwd%00 HTTP/1.0" 404 2748 "http://various-euro.com/index.php?template=../../../../../../../../../../../../../etc/passwd%00" "Mozilla/4.0 (compatible; MSIE 6.0; Windows NT 5.1)"
85.66.137.215 - - [01/Apr/2009:05:05:36 +0200] "GET http://various-euro.com/collect.php?neturl=../../../etc/passwd HTTP/1.0" 404 2748 "http://various-euro.com/collect.php?neturl=../../../etc/passwd" "Mozilla/4.0 (compatible; MSIE 6.0; Windows NT 5.1)"
85.66.137.215 - - [01/Apr/2009:05:05:36 +0200] "GET http://various-euro.com/sitedepth/ShowImage.php?name=../../../../../../../../etc/passwd HTTP/1.0" 404 2748 "http://various-euro.com/sitedepth/ShowImage.php?name=../../../../../../../../etc/passwd" "Mozilla/4.0 (compatible; MSIE 6.0; Windows NT 5.1)"
85.66.137.215 - - [01/Apr/2009:05:05:36 +0200] "GET http://various-euro.com/sd3/ShowImage.php?name=../../../../../../../../etc/passwd HTTP/1.0" 404 2748 "http://various-euro.com/sd3/ShowImage.php?name=../../../../../../../../etc/passwd" "Mozilla/4.0 (compatible; MSIE 6.0; Windows NT 5.1)"
85.66.137.215 - - [01/Apr/2009:05:05:36 +0200] "GET http://various-euro.com/hp_save.php?file=../../../../../../etc/passwd HTTP/1.0" 404 2748 "http://various-euro.com/hp_save.php?file=../../../../../../etc/passwd" "Mozilla/4.0 (compatible; MSIE 6.0; Windows NT 5.1)"
119.63.193.43 - - [01/Apr/2009:05:31:22 +0200] "GET / HTTP/1.1" 200 7869 "-" "Baiduspider+(+http://www.baidu.jp/spider/)"
74.6.8.90 - - [01/Apr/2009:05:51:00 +0200] "GET /f-maintitle.html HTTP/1.0" 200 5030 "-" "Mozilla/5.0 (compatible; Yahoo! Slurp/3.0; http://help.yahoo.com/help/us/ysearch/slurp)"
91.205.124.4 - - [01/Apr/2009:05:52:57 +0200] "GET /robots.txt HTTP/1.1" 200 64 "-" "Yanga WorldSearch Bot v1.1/beta (http://www.yanga.co.uk/)"
91.205.124.4 - - [01/Apr/2009:05:52:57 +0200] "GET / HTTP/1.1" 200 7869 "-" "Yanga WorldSearch Bot v1.1/beta (http://www.yanga.co.uk/)"
81.52.143.30 - - [01/Apr/2009:06:34:01 +0200] "GET /f-maintitle.html HTTP/1.1" 200 5030 "-" "Mozilla/5.0 (Windows; U; Windows NT 5.1; fr; rv:1.8.1) VoilaBot BETA 1.2 (support.voilabot@orange-ftgroup.com)"
206.207.117.164 - - [01/Apr/2009:06:46:18 +0200] "GET / HTTP/1.1" 200 7869 "-" "Mozilla/5.0 (Windows; U; Windows NT 5.0; en-US; rv:0.9.4) Gecko/20011128 Netscape6/6.2.1"
67.195.37.116 - - [01/Apr/2009:06:46:54 +0200] "GET /robots.txt HTTP/1.0" 200 64 "-" "Mozilla/5.0 (compatible; Yahoo! Slurp; http://help.yahoo.com/help/us/ysearch/slurp)"
67.195.37.116 - - [01/Apr/2009:06:46:55 +0200] "GET /warez.html HTTP/1.0" 200 9754 "-" "Mozilla/5.0 (compatible; Yahoo! Slurp/3.0; http://help.yahoo.com/help/us/ysearch/slurp)"
74.6.8.90 - - [01/Apr/2009:06:48:07 +0200] "GET /zampa/ HTTP/1.0" 200 7153 "-" "Mozilla/5.0 (compatible; Yahoo! Slurp/3.0; http://help.yahoo.com/help/us/ysearch/slurp)"
93.182.173.18 - - [01/Apr/2009:07:42:55 +0200] "GET /cgi-bin/sm/s.pl?e=1&subscribe=subscribe&l=../../../../../../../../etc/passwd&SUBMIT=%20%20Submit%20%20 HTTP/1.1" 404 2748 "-" "Mozilla/5.0 (Windows; U; Windows NT 5.1; en; rv:1.8.1.8) Gecko/20071008 Firefox/2.0.0.8"
65.55.106.172 - - [01/Apr/2009:08:23:28 +0200] "GET /robots.txt HTTP/1.1" 200 64 "-" "msnbot/2.0b (+http://search.msn.com/msnbot.htm)"
67.202.41.3 - - [01/Apr/2009:08:24:28 +0200] "GET /robots.txt HTTP/1.0" 200 64 "-" "ia_archiver (+http://www.alexa.com/site/help/webmasters; crawler@alexa.com)"
81.52.143.26 - - [01/Apr/2009:09:09:04 +0200] "GET /neon/annniiii.html HTTP/1.1" 200 686 "-" "Mozilla/5.0 (Windows; U; Windows NT 5.1; fr; rv:1.8.1) VoilaBot BETA 1.2 (support.voilabot@orange-ftgroup.com)"
88.191.88.79 - - [01/Apr/2009:10:00:34 +0200] "GET /robots.txt HTTP/1.0" 200 64 "http://www.various-euro.com/" "Mozilla/4.0 (compatible; MSIE 6.0; Windows NT 5.1)"
67.195.37.116 - - [01/Apr/2009:10:32:12 +0200] "GET /neon/click.html HTTP/1.0" 200 521 "-" "Mozilla/5.0 (compatible; Yahoo! Slurp/3.0; http://help.yahoo.com/help/us/ysearch/slurp)"
81.52.143.37 - - [01/Apr/2009:10:42:36 +0200] "GET /neon/left-one-new.html HTTP/1.1" 200 1483 "-" "Mozilla/5.0 (Windows; U; Windows NT 5.1; fr; rv:1.8.1) VoilaBot BETA 1.2 (support.voilabot@orange-ftgroup.com)"
87.250.39.216 - - [01/Apr/2009:10:48:15 +0200] "GET /favicon.ico HTTP/1.1" 302 364 "-" "Mozilla/4.0 (compatible; GoogleToolbar 5.0.2124.6042; Windows XP 5.1; MSIE 7.0.5730.13)"
87.250.39.216 - - [01/Apr/2009:10:48:15 +0200] "GET /zampa/favicon.ico HTTP/1.1" 404 2748 "-" "Mozilla/4.0 (compatible; GoogleToolbar 5.0.2124.6042; Windows XP 5.1; MSIE 7.0.5730.13)"
87.250.39.216 - - [01/Apr/2009:10:48:16 +0200] "GET /favicon.gif HTTP/1.1" 302 364 "-" "Mozilla/4.0 (compatible; GoogleToolbar 5.0.2124.6042; Windows XP 5.1; MSIE 7.0.5730.13)"
87.250.39.216 - - [01/Apr/2009:10:48:16 +0200] "GET /zampa/favicon.gif HTTP/1.1" 404 2748 "-" "Mozilla/4.0 (compatible; GoogleToolbar 5.0.2124.6042; Windows XP 5.1; MSIE 7.0.5730.13)"
81.52.143.35 - - [01/Apr/2009:11:00:11 +0200] "GET /neon/warning2.html HTTP/1.1" 200 997 "-" "Mozilla/5.0 (Windows; U; Windows NT 5.1; fr; rv:1.8.1) VoilaBot BETA 1.2 (support.voilabot@orange-ftgroup.com)"
87.250.39.216 - - [01/Apr/2009:11:16:01 +0200] "GET /favicon.ico HTTP/1.1" 302 364 "-" "Mozilla/4.0 (compatible; GoogleToolbar 5.0.2124.6042; Windows XP 5.1; MSIE 7.0.5730.13)"
87.250.39.216 - - [01/Apr/2009:11:16:01 +0200] "GET /zampa/favicon.ico HTTP/1.1" 404 2748 "-" "Mozilla/4.0 (compatible; GoogleToolbar 5.0.2124.6042; Windows XP 5.1; MSIE 7.0.5730.13)"
87.250.39.216 - - [01/Apr/2009:11:16:01 +0200] "GET /favicon.gif HTTP/1.1" 302 364 "-" "Mozilla/4.0 (compatible; GoogleToolbar 5.0.2124.6042; Windows XP 5.1; MSIE 7.0.5730.13)"
87.250.39.216 - - [01/Apr/2009:11:16:01 +0200] "GET /zampa/favicon.gif HTTP/1.1" 404 2748 "-" "Mozilla/4.0 (compatible; GoogleToolbar 5.0.2124.6042; Windows XP 5.1; MSIE 7.0.5730.13)"
87.250.39.216 - - [01/Apr/2009:11:52:32 +0200] "GET /favicon.ico HTTP/1.1" 302 364 "-" "Mozilla/4.0 (compatible; GoogleToolbar 5.0.2124.6042; Windows XP 5.1; MSIE 7.0.5730.13)"
87.250.39.216 - - [01/Apr/2009:11:52:32 +0200] "GET /zampa/favicon.ico HTTP/1.1" 404 2748 "-" "Mozilla/4.0 (compatible; GoogleToolbar 5.0.2124.6042; Windows XP 5.1; MSIE 7.0.5730.13)"
87.250.39.216 - - [01/Apr/2009:11:52:32 +0200] "GET /favicon.gif HTTP/1.1" 302 364 "-" "Mozilla/4.0 (compatible; GoogleToolbar 5.0.2124.6042; Windows XP 5.1; MSIE 7.0.5730.13)"
87.250.39.216 - - [01/Apr/2009:11:52:33 +0200] "GET /zampa/favicon.gif HTTP/1.1" 404 2748 "-" "Mozilla/4.0 (compatible; GoogleToolbar 5.0.2124.6042; Windows XP 5.1; MSIE 7.0.5730.13)"
87.250.39.216 - - [01/Apr/2009:11:54:50 +0200] "GET /favicon.ico HTTP/1.1" 302 364 "-" "Mozilla/4.0 (compatible; GoogleToolbar 5.0.2124.6042; Windows XP 5.1; MSIE 7.0.5730.13)"
87.250.39.216 - - [01/Apr/2009:11:54:50 +0200] "GET /zampa/favicon.ico HTTP/1.1" 404 2748 "-" "Mozilla/4.0 (compatible; GoogleToolbar 5.0.2124.6042; Windows XP 5.1; MSIE 7.0.5730.13)"
87.250.39.216 - - [01/Apr/2009:11:54:51 +0200] "GET /favicon.gif HTTP/1.1" 302 364 "-" "Mozilla/4.0 (compatible; GoogleToolbar 5.0.2124.6042; Windows XP 5.1; MSIE 7.0.5730.13)"
87.250.39.216 - - [01/Apr/2009:11:54:51 +0200] "GET /zampa/favicon.gif HTTP/1.1" 404 2748 "-" "Mozilla/4.0 (compatible; GoogleToolbar 5.0.2124.6042; Windows XP 5.1; MSIE 7.0.5730.13)"
87.250.39.216 - - [01/Apr/2009:11:55:32 +0200] "GET /favicon.ico HTTP/1.1" 302 364 "-" "Mozilla/4.0 (compatible; GoogleToolbar 5.0.2124.6042; Windows XP 5.1; MSIE 7.0.5730.13)"
87.250.39.216 - - [01/Apr/2009:11:55:32 +0200] "GET /zampa/favicon.ico HTTP/1.1" 404 2748 "-" "Mozilla/4.0 (compatible; GoogleToolbar 5.0.2124.6042; Windows XP 5.1; MSIE 7.0.5730.13)"
87.250.39.216 - - [01/Apr/2009:11:55:32 +0200] "GET /favicon.gif HTTP/1.1" 302 364 "-" "Mozilla/4.0 (compatible; GoogleToolbar 5.0.2124.6042; Windows XP 5.1; MSIE 7.0.5730.13)"
87.250.39.216 - - [01/Apr/2009:11:55:32 +0200] "GET /zampa/favicon.gif HTTP/1.1" 404 2748 "-" "Mozilla/4.0 (compatible; GoogleToolbar 5.0.2124.6042; Windows XP 5.1; MSIE 7.0.5730.13)"
74.6.8.90 - - [01/Apr/2009:11:56:40 +0200] "GET /bannnerz.html HTTP/1.0" 404 2748 "-" "Mozilla/5.0 (compatible; Yahoo! Slurp/3.0; http://help.yahoo.com/help/us/ysearch/slurp)"
74.6.8.90 - - [01/Apr/2009:12:00:09 +0200] "GET /web.html HTTP/1.0" 404 2748 "-" "Mozilla/5.0 (compatible; Yahoo! Slurp/3.0; http://help.yahoo.com/help/us/ysearch/slurp)"
72.30.65.24 - - [01/Apr/2009:12:02:04 +0200] "GET /robots.txt HTTP/1.0" 200 64 "-" "Mozilla/5.0 (compatible; Yahoo! Slurp; http://help.yahoo.com/help/us/ysearch/slurp)"
72.30.65.24 - - [01/Apr/2009:12:02:04 +0200] "GET /prog.html HTTP/1.0" 404 2748 "-" "Mozilla/5.0 (compatible; Yahoo! Slurp/3.0; http://help.yahoo.com/help/us/ysearch/slurp)"
68.47.126.120 - - [01/Apr/2009:12:02:14 +0200] "GET / HTTP/1.1" 200 7869 "http://www.randomwebsite.com/" "Mozilla/4.0 (compatible; MSIE 7.0; Windows NT 5.1; Q312461; GTB5; (R1 1.6); .NET CLR 1.1.4322)"
68.47.126.120 - - [01/Apr/2009:12:02:15 +0200] "GET /style/various-euro.css HTTP/1.1" 200 3437 "http://www.various-euro.com/" "Mozilla/4.0 (compatible; MSIE 7.0; Windows NT 5.1; Q312461; GTB5; (R1 1.6); .NET CLR 1.1.4322)"
68.47.126.120 - - [01/Apr/2009:12:02:15 +0200] "GET /framez_0.html HTTP/1.1" 200 12444 "-" "Mozilla/4.0 (compatible; MSIE 7.0; Windows NT 5.1; Q312461; GTB5; (R1 1.6); .NET CLR 1.1.4322)"
68.47.126.120 - - [01/Apr/2009:12:02:20 +0200] "GET /ve-icon-2.ico HTTP/1.1" 200 2238 "-" "Mozilla/4.0 (compatible; MSIE 7.0; Windows NT 5.1; Q312461; GTB5; (R1 1.6); .NET CLR 1.1.4322)"
68.47.126.120 - - [01/Apr/2009:12:02:27 +0200] "GET /framez.html HTTP/1.1" 200 3959 "-" "Mozilla/4.0 (compatible; MSIE 7.0; Windows NT 5.1; Q312461; GTB5; (R1 1.6); .NET CLR 1.1.4322)"
68.47.126.120 - - [01/Apr/2009:12:02:28 +0200] "GET /frame-menu.html HTTP/1.1" 200 10536 "http://www.various-euro.com/framez.html" "Mozilla/4.0 (compatible; MSIE 7.0; Windows NT 5.1; Q312461; GTB5; (R1 1.6); .NET CLR 1.1.4322)"
68.47.126.120 - - [01/Apr/2009:12:02:28 +0200] "GET /frame-unten.html HTTP/1.1" 200 5308 "http://www.various-euro.com/framez.html" "Mozilla/4.0 (compatible; MSIE 7.0; Windows NT 5.1; Q312461; GTB5; (R1 1.6); .NET CLR 1.1.4322)"
68.47.126.120 - - [01/Apr/2009:12:02:28 +0200] "GET /frame-inhalt.html HTTP/1.1" 200 5418 "http://www.various-euro.com/framez.html" "Mozilla/4.0 (compatible; MSIE 7.0; Windows NT 5.1; Q312461; GTB5; (R1 1.6); .NET CLR 1.1.4322)"
68.47.126.120 - - [01/Apr/2009:12:02:28 +0200] "GET /eurosign3.gif HTTP/1.1" 200 7879 "http://www.various-euro.com/frame-inhalt.html" "Mozilla/4.0 (compatible; MSIE 7.0; Windows NT 5.1; Q312461; GTB5; (R1 1.6); .NET CLR 1.1.4322)"
68.47.126.120 - - [01/Apr/2009:12:02:28 +0200] "GET /bannerz/neon_click_3.gif HTTP/1.1" 200 240 "http://www.various-euro.com/frame-inhalt.html" "Mozilla/4.0 (compatible; MSIE 7.0; Windows NT 5.1; Q312461; GTB5; (R1 1.6); .NET CLR 1.1.4322)"
68.47.126.120 - - [01/Apr/2009:12:02:28 +0200] "GET /bannerz/neon_click_1.gif HTTP/1.1" 200 890 "http://www.various-euro.com/frame-inhalt.html" "Mozilla/4.0 (compatible; MSIE 7.0; Windows NT 5.1; Q312461; GTB5; (R1 1.6); .NET CLR 1.1.4322)"
68.47.126.120 - - [01/Apr/2009:12:02:28 +0200] "GET /bannerz/wet.gif HTTP/1.1" 200 18561 "http://www.various-euro.com/frame-inhalt.html" "Mozilla/4.0 (compatible; MSIE 7.0; Windows NT 5.1; Q312461; GTB5; (R1 1.6); .NET CLR 1.1.4322)"
68.47.126.120 - - [01/Apr/2009:12:02:28 +0200] "GET /bannerz/ve.jpg HTTP/1.1" 200 36912 "http://www.various-euro.com/frame-unten.html" "Mozilla/4.0 (compatible; MSIE 7.0; Windows NT 5.1; Q312461; GTB5; (R1 1.6); .NET CLR 1.1.4322)"
68.47.126.120 - - [01/Apr/2009:12:02:29 +0200] "GET /bannerz/douwil.gif HTTP/1.1" 200 528 "http://www.various-euro.com/frame-inhalt.html" "Mozilla/4.0 (compatible; MSIE 7.0; Windows NT 5.1; Q312461; GTB5; (R1 1.6); .NET CLR 1.1.4322)"
68.47.126.120 - - [01/Apr/2009:12:02:29 +0200] "GET /bannerz/neon_click_2.gif HTTP/1.1" 200 387 "http://www.various-euro.com/frame-inhalt.html" "Mozilla/4.0 (compatible; MSIE 7.0; Windows NT 5.1; Q312461; GTB5; (R1 1.6); .NET CLR 1.1.4322)"
68.47.126.120 - - [01/Apr/2009:12:02:29 +0200] "GET /bannerz/google/Logo_40blk.gif HTTP/1.1" 200 2308 "http://www.various-euro.com/frame-inhalt.html" "Mozilla/4.0 (compatible; MSIE 7.0; Windows NT 5.1; Q312461; GTB5; (R1 1.6); .NET CLR 1.1.4322)"
68.47.126.120 - - [01/Apr/2009:12:02:29 +0200] "GET /bannerz/anti_black_small.gif HTTP/1.1" 200 1009 "http://www.various-euro.com/frame-inhalt.html" "Mozilla/4.0 (compatible; MSIE 7.0; Windows NT 5.1; Q312461; GTB5; (R1 1.6); .NET CLR 1.1.4322)"
68.47.126.120 - - [01/Apr/2009:12:02:29 +0200] "GET /bannerz/copyleft_black_small.gif HTTP/1.1" 200 1231 "http://www.various-euro.com/frame-inhalt.html" "Mozilla/4.0 (compatible; MSIE 7.0; Windows NT 5.1; Q312461; GTB5; (R1 1.6); .NET CLR 1.1.4322)"
68.47.126.120 - - [01/Apr/2009:12:02:28 +0200] "GET /bannerz/goolag_468.jpg HTTP/1.1" 200 28285 "http://www.various-euro.com/frame-inhalt.html" "Mozilla/4.0 (compatible; MSIE 7.0; Windows NT 5.1; Q312461; GTB5; (R1 1.6); .NET CLR 1.1.4322)"
68.47.126.120 - - [01/Apr/2009:12:02:28 +0200] "GET /bannerz/various-euro-girl.jpg HTTP/1.1" 200 91514 "http://www.various-euro.com/frame-unten.html" "Mozilla/4.0 (compatible; MSIE 7.0; Windows NT 5.1; Q312461; GTB5; (R1 1.6); .NET CLR 1.1.4322)"
81.52.143.30 - - [01/Apr/2009:12:02:52 +0200] "GET /robots.txt HTTP/1.1" 200 64 "-" "Mozilla/5.0 (Windows; U; Windows NT 5.1; fr; rv:1.8.1) VoilaBot BETA 1.2 (support.voilabot@orange-ftgroup.com)"
81.52.143.30 - - [01/Apr/2009:12:03:10 +0200] "GET /bmpp/euro_pal_1.html HTTP/1.1" 200 18252 "-" "Mozilla/5.0 (Windows; U; Windows NT 5.1; fr; rv:1.8.1) VoilaBot BETA 1.2 (support.voilabot@orange-ftgroup.com)"
66.249.65.169 - - [01/Apr/2009:12:05:20 +0200] "GET /logs/usage_200904.html HTTP/1.1" 404 2748 "-" "Mozilla/5.0 (compatible; Googlebot/2.1; +http://www.google.com/bot.html)"
74.6.8.90 - - [01/Apr/2009:12:13:17 +0200] "GET /framez-rez.html HTTP/1.0" 200 4323 "-" "Mozilla/5.0 (compatible; Yahoo! Slurp/3.0; http://help.yahoo.com/help/us/ysearch/slurp)"
74.6.8.90 - - [01/Apr/2009:12:13:25 +0200] "GET /frame-menu.html HTTP/1.0" 200 10536 "http://www.various-euro.com/framez-rez.html" "Mozilla/5.0 (compatible; Yahoo! Slurp/3.0; http://help.yahoo.com/help/us/ysearch/slurp)"
74.6.8.90 - - [01/Apr/2009:12:13:25 +0200] "GET /frame-unten.html HTTP/1.0" 200 5308 "http://www.various-euro.com/framez-rez.html" "Mozilla/5.0 (compatible; Yahoo! Slurp/3.0; http://help.yahoo.com/help/us/ysearch/slurp)"
74.6.8.90 - - [01/Apr/2009:12:13:25 +0200] "GET /f-rez.html HTTP/1.0" 200 9765 "http://www.various-euro.com/framez-rez.html" "Mozilla/5.0 (compatible; Yahoo! Slurp/3.0; http://help.yahoo.com/help/us/ysearch/slurp)"
74.6.8.90 - - [01/Apr/2009:12:13:27 +0200] "GET /style/various-euro.css HTTP/1.0" 304 - "http://www.various-euro.com/frame-menu.html" "Mozilla/5.0 (compatible; Yahoo! Slurp/3.0; http://help.yahoo.com/help/us/ysearch/slurp)"
220.181.61.234 - - [01/Apr/2009:12:13:47 +0200] "GET / HTTP/1.1" 200 7869 "-" "Sogou web spider/4.0(+http://www.sogou.com/docs/help/webmasters.htm#07)"
220.181.61.234 - - [01/Apr/2009:12:13:53 +0200] "GET /framez_0.html HTTP/1.1" 200 12444 "-" "Sogou web spider/4.0(+http://www.sogou.com/docs/help/webmasters.htm#07)"
193.252.149.13 - - [01/Apr/2009:12:21:51 +0200] "GET /neon/euro.html HTTP/1.1" 200 2212 "-" "Mozilla/5.0 (Windows; U; Windows NT 5.1; fr; rv:1.8.1) VoilaBot BETA 1.2 (support.voilabot@orange-ftgroup.com)"
66.235.124.7 - - [01/Apr/2009:12:34:43 +0200] "GET /robots.txt HTTP/1.1" 200 64 "-" "Mozilla/5.0 (compatible; Ask Jeeves/Teoma; +http://about.ask.com/en/docs/about/webmasters.shtml)"
66.235.124.7 - - [01/Apr/2009:12:34:58 +0200] "GET /framez-zampa-lovers.html HTTP/1.1" 200 4322 "-" "Mozilla/5.0 (compatible; Ask Jeeves/Teoma; +http://about.ask.com/en/docs/about/webmasters.shtml)"
66.235.124.7 - - [01/Apr/2009:12:34:58 +0200] "GET /frame-menu.html HTTP/1.1" 200 10536 "-" "Mozilla/5.0 (compatible; Ask Jeeves/Teoma; +http://about.ask.com/en/docs/about/webmasters.shtml)"
66.235.124.7 - - [01/Apr/2009:12:34:59 +0200] "GET /zampa-lovers/index.html HTTP/1.1" 200 37790 "-" "Mozilla/5.0 (compatible; Ask Jeeves/Teoma; +http://about.ask.com/en/docs/about/webmasters.shtml)"
66.235.124.7 - - [01/Apr/2009:12:34:59 +0200] "GET /frame-unten.html HTTP/1.1" 200 5308 "-" "Mozilla/5.0 (compatible; Ask Jeeves/Teoma; +http://about.ask.com/en/docs/about/webmasters.shtml)"
174.133.28.170 - - [01/Apr/2009:12:42:19 +0200] "GET / HTTP/1.1" 200 7869 "-" "Mozilla/4.0 (compatible; MSIE 6.0; Windows NT 5.0; .NET CLR 1.0.3705)"
213.192.250.4 - - [01/Apr/2009:12:49:42 +0200] "GET /bmpp/euro_pal_1.html HTTP/1.1" 200 18252 "http://search.live.com/results.aspx?FORM=DNSAS&q=www.europal.cat" "Mozilla/4.0 (compatible; MSIE 7.0; Windows NT 5.1; .NET CLR 1.1.4322; .NET CLR 2.0.50727; .NET CLR 3.0.04506.30; .NET CLR 3.0.04506.648)"
213.192.250.4 - - [01/Apr/2009:12:49:44 +0200] "GET /ascii/pfeile_1.gif HTTP/1.1" 200 4988 "http://www.various-euro.com/bmpp/euro_pal_1.html" "Mozilla/4.0 (compatible; MSIE 7.0; Windows NT 5.1; .NET CLR 1.1.4322; .NET CLR 2.0.50727; .NET CLR 3.0.04506.30; .NET CLR 3.0.04506.648)"
213.192.250.4 - - [01/Apr/2009:12:49:44 +0200] "GET /bmpp/Bilder2/Abstandhalter.gif HTTP/1.1" 200 67 "http://www.various-euro.com/bmpp/euro_pal_1.html" "Mozilla/4.0 (compatible; MSIE 7.0; Windows NT 5.1; .NET CLR 1.1.4322; .NET CLR 2.0.50727; .NET CLR 3.0.04506.30; .NET CLR 3.0.04506.648)"
213.192.250.4 - - [01/Apr/2009:12:49:44 +0200] "GET /bmpp/Bilder2/fsstreiffcc_01.png HTTP/1.1" 200 2732 "http://www.various-euro.com/bmpp/euro_pal_1.html" "Mozilla/4.0 (compatible; MSIE 7.0; Windows NT 5.1; .NET CLR 1.1.4322; .NET CLR 2.0.50727; .NET CLR 3.0.04506.30; .NET CLR 3.0.04506.648)"
213.192.250.4 - - [01/Apr/2009:12:49:44 +0200] "GET /bmpp/Bilder2/fsstreiffcc_02.png HTTP/1.1" 200 2509 "http://www.various-euro.com/bmpp/euro_pal_1.html" "Mozilla/4.0 (compatible; MSIE 7.0; Windows NT 5.1; .NET CLR 1.1.4322; .NET CLR 2.0.50727; .NET CLR 3.0.04506.30; .NET CLR 3.0.04506.648)"
213.192.250.4 - - [01/Apr/2009:12:49:44 +0200] "GET /bmpp/Bilder2/fsstreiffcc_03.png HTTP/1.1" 200 2391 "http://www.various-euro.com/bmpp/euro_pal_1.html" "Mozilla/4.0 (compatible; MSIE 7.0; Windows NT 5.1; .NET CLR 1.1.4322; .NET CLR 2.0.50727; .NET CLR 3.0.04506.30; .NET CLR 3.0.04506.648)"
213.192.250.4 - - [01/Apr/2009:12:49:45 +0200] "GET /bmpp/Bilder2/fsstreiffcc_04.png HTTP/1.1" 200 2213 "http://www.various-euro.com/bmpp/euro_pal_1.html" "Mozilla/4.0 (compatible; MSIE 7.0; Windows NT 5.1; .NET CLR 1.1.4322; .NET CLR 2.0.50727; .NET CLR 3.0.04506.30; .NET CLR 3.0.04506.648)"
213.192.250.4 - - [01/Apr/2009:12:49:45 +0200] "GET /bmpp/Bilder2/fsstreiffcc_05.png HTTP/1.1" 200 2452 "http://www.various-euro.com/bmpp/euro_pal_1.html" "Mozilla/4.0 (compatible; MSIE 7.0; Windows NT 5.1; .NET CLR 1.1.4322; .NET CLR 2.0.50727; .NET CLR 3.0.04506.30; .NET CLR 3.0.04506.648)"
213.192.250.4 - - [01/Apr/2009:12:49:45 +0200] "GET /bmpp/Bilder2/fsstreiffcc_06.png HTTP/1.1" 200 2060 "http://www.various-euro.com/bmpp/euro_pal_1.html" "Mozilla/4.0 (compatible; MSIE 7.0; Windows NT 5.1; .NET CLR 1.1.4322; .NET CLR 2.0.50727; .NET CLR 3.0.04506.30; .NET CLR 3.0.04506.648)"
213.192.250.4 - - [01/Apr/2009:12:49:45 +0200] "GET /bmpp/Bilder2/fsstreiffcc_07.png HTTP/1.1" 200 287 "http://www.various-euro.com/bmpp/euro_pal_1.html" "Mozilla/4.0 (compatible; MSIE 7.0; Windows NT 5.1; .NET CLR 1.1.4322; .NET CLR 2.0.50727; .NET CLR 3.0.04506.30; .NET CLR 3.0.04506.648)"
213.192.250.4 - - [01/Apr/2009:12:49:45 +0200] "GET /bmpp/Bilder2/fsstreiffcc_08.png HTTP/1.1" 200 1740 "http://www.various-euro.com/bmpp/euro_pal_1.html" "Mozilla/4.0 (compatible; MSIE 7.0; Windows NT 5.1; .NET CLR 1.1.4322; .NET CLR 2.0.50727; .NET CLR 3.0.04506.30; .NET CLR 3.0.04506.648)"
213.192.250.4 - - [01/Apr/2009:12:49:45 +0200] "GET /bmpp/Bilder2/fsstreiffcc_09.png HTTP/1.1" 200 1796 "http://www.various-euro.com/bmpp/euro_pal_1.html" "Mozilla/4.0 (compatible; MSIE 7.0; Windows NT 5.1; .NET CLR 1.1.4322; .NET CLR 2.0.50727; .NET CLR 3.0.04506.30; .NET CLR 3.0.04506.648)"
213.192.250.4 - - [01/Apr/2009:12:49:45 +0200] "GET /bmpp/Bilder2/fsstreiffcc_10.png HTTP/1.1" 200 2645 "http://www.various-euro.com/bmpp/euro_pal_1.html" "Mozilla/4.0 (compatible; MSIE 7.0; Windows NT 5.1; .NET CLR 1.1.4322; .NET CLR 2.0.50727; .NET CLR 3.0.04506.30; .NET CLR 3.0.04506.648)"
213.192.250.4 - - [01/Apr/2009:12:49:45 +0200] "GET /bmpp/Bilder2/fsstreiffcc_11.png HTTP/1.1" 200 2558 "http://www.various-euro.com/bmpp/euro_pal_1.html" "Mozilla/4.0 (compatible; MSIE 7.0; Windows NT 5.1; .NET CLR 1.1.4322; .NET CLR 2.0.50727; .NET CLR 3.0.04506.30; .NET CLR 3.0.04506.648)"
213.192.250.4 - - [01/Apr/2009:12:49:45 +0200] "GET /bmpp/Bilder2/fsstreiffcc_12.png HTTP/1.1" 200 1783 "http://www.various-euro.com/bmpp/euro_pal_1.html" "Mozilla/4.0 (compatible; MSIE 7.0; Windows NT 5.1; .NET CLR 1.1.4322; .NET CLR 2.0.50727; .NET CLR 3.0.04506.30; .NET CLR 3.0.04506.648)"
213.192.250.4 - - [01/Apr/2009:12:49:45 +0200] "GET /bmpp/Bilder2/fsstreiffcc_13.png HTTP/1.1" 200 2817 "http://www.various-euro.com/bmpp/euro_pal_1.html" "Mozilla/4.0 (compatible; MSIE 7.0; Windows NT 5.1; .NET CLR 1.1.4322; .NET CLR 2.0.50727; .NET CLR 3.0.04506.30; .NET CLR 3.0.04506.648)"
213.192.250.4 - - [01/Apr/2009:12:49:45 +0200] "GET /bmpp/Bilder2/fsstreiffcc_14.png HTTP/1.1" 200 1792 "http://www.various-euro.com/bmpp/euro_pal_1.html" "Mozilla/4.0 (compatible; MSIE 7.0; Windows NT 5.1; .NET CLR 1.1.4322; .NET CLR 2.0.50727; .NET CLR 3.0.04506.30; .NET CLR 3.0.04506.648)"
213.192.250.4 - - [01/Apr/2009:12:49:45 +0200] "GET /bmpp/Bilder2/fsstreiffcc_15.png HTTP/1.1" 200 2614 "http://www.various-euro.com/bmpp/euro_pal_1.html" "Mozilla/4.0 (compatible; MSIE 7.0; Windows NT 5.1; .NET CLR 1.1.4322; .NET CLR 2.0.50727; .NET CLR 3.0.04506.30; .NET CLR 3.0.04506.648)"
213.192.250.4 - - [01/Apr/2009:12:49:45 +0200] "GET /bmpp/Bilder2/fsstreiffcc_16.png HTTP/1.1" 200 1536 "http://www.various-euro.com/bmpp/euro_pal_1.html" "Mozilla/4.0 (compatible; MSIE 7.0; Windows NT 5.1; .NET CLR 1.1.4322; .NET CLR 2.0.50727; .NET CLR 3.0.04506.30; .NET CLR 3.0.04506.648)"
213.192.250.4 - - [01/Apr/2009:12:49:45 +0200] "GET /bmpp/Bilder2/fsstreiffcc_18.png HTTP/1.1" 200 1094 "http://www.various-euro.com/bmpp/euro_pal_1.html" "Mozilla/4.0 (compatible; MSIE 7.0; Windows NT 5.1; .NET CLR 1.1.4322; .NET CLR 2.0.50727; .NET CLR 3.0.04506.30; .NET CLR 3.0.04506.648)"
213.192.250.4 - - [01/Apr/2009:12:49:45 +0200] "GET /bmpp/Bilder2/fsstreiffcc_17.png HTTP/1.1" 200 1288 "http://www.various-euro.com/bmpp/euro_pal_1.html" "Mozilla/4.0 (compatible; MSIE 7.0; Windows NT 5.1; .NET CLR 1.1.4322; .NET CLR 2.0.50727; .NET CLR 3.0.04506.30; .NET CLR 3.0.04506.648)"
213.192.250.4 - - [01/Apr/2009:12:49:45 +0200] "GET /bmpp/Bilder2/fsstreiffcc_19.png HTTP/1.1" 200 714 "http://www.various-euro.com/bmpp/euro_pal_1.html" "Mozilla/4.0 (compatible; MSIE 7.0; Windows NT 5.1; .NET CLR 1.1.4322; .NET CLR 2.0.50727; .NET CLR 3.0.04506.30; .NET CLR 3.0.04506.648)"
213.192.250.4 - - [01/Apr/2009:12:49:45 +0200] "GET /bmpp/Bilder2/fsstreiffcc_20.png HTTP/1.1" 200 357 "http://www.various-euro.com/bmpp/euro_pal_1.html" "Mozilla/4.0 (compatible; MSIE 7.0; Windows NT 5.1; .NET CLR 1.1.4322; .NET CLR 2.0.50727; .NET CLR 3.0.04506.30; .NET CLR 3.0.04506.648)"
213.192.250.4 - - [01/Apr/2009:12:49:45 +0200] "GET /bmpp/Bilder2/fsstreiffcc_21.png HTTP/1.1" 200 214 "http://www.various-euro.com/bmpp/euro_pal_1.html" "Mozilla/4.0 (compatible; MSIE 7.0; Windows NT 5.1; .NET CLR 1.1.4322; .NET CLR 2.0.50727; .NET CLR 3.0.04506.30; .NET CLR 3.0.04506.648)"
213.192.250.4 - - [01/Apr/2009:12:49:45 +0200] "GET /bmpp/Bilder2/fsstreiffcc_22.png HTTP/1.1" 200 691 "http://www.various-euro.com/bmpp/euro_pal_1.html" "Mozilla/4.0 (compatible; MSIE 7.0; Windows NT 5.1; .NET CLR 1.1.4322; .NET CLR 2.0.50727; .NET CLR 3.0.04506.30; .NET CLR 3.0.04506.648)"
213.192.250.4 - - [01/Apr/2009:12:49:45 +0200] "GET /bmpp/Bilder2/fsstreiffcc_23.png HTTP/1.1" 200 475 "http://www.various-euro.com/bmpp/euro_pal_1.html" "Mozilla/4.0 (compatible; MSIE 7.0; Windows NT 5.1; .NET CLR 1.1.4322; .NET CLR 2.0.50727; .NET CLR 3.0.04506.30; .NET CLR 3.0.04506.648)"
213.192.250.4 - - [01/Apr/2009:12:49:45 +0200] "GET /bmpp/Bilder2/fsstreiffcc_24.png HTTP/1.1" 200 737 "http://www.various-euro.com/bmpp/euro_pal_1.html" "Mozilla/4.0 (compatible; MSIE 7.0; Windows NT 5.1; .NET CLR 1.1.4322; .NET CLR 2.0.50727; .NET CLR 3.0.04506.30; .NET CLR 3.0.04506.648)"
213.192.250.4 - - [01/Apr/2009:12:49:46 +0200] "GET /bmpp/Bilder2/fsstreiffcc_25.png HTTP/1.1" 200 478 "http://www.various-euro.com/bmpp/euro_pal_1.html" "Mozilla/4.0 (compatible; MSIE 7.0; Windows NT 5.1; .NET CLR 1.1.4322; .NET CLR 2.0.50727; .NET CLR 3.0.04506.30; .NET CLR 3.0.04506.648)"
213.192.250.4 - - [01/Apr/2009:12:49:46 +0200] "GET /bmpp/Bilder2/fsstreiffcc_26.png HTTP/1.1" 200 336 "http://www.various-euro.com/bmpp/euro_pal_1.html" "Mozilla/4.0 (compatible; MSIE 7.0; Windows NT 5.1; .NET CLR 1.1.4322; .NET CLR 2.0.50727; .NET CLR 3.0.04506.30; .NET CLR 3.0.04506.648)"
213.192.250.4 - - [01/Apr/2009:12:49:46 +0200] "GET /bmpp/Bilder2/fsstreiffcc_27.png HTTP/1.1" 200 615 "http://www.various-euro.com/bmpp/euro_pal_1.html" "Mozilla/4.0 (compatible; MSIE 7.0; Windows NT 5.1; .NET CLR 1.1.4322; .NET CLR 2.0.50727; .NET CLR 3.0.04506.30; .NET CLR 3.0.04506.648)"
213.192.250.4 - - [01/Apr/2009:12:49:46 +0200] "GET /bmpp/Bilder2/fsstreiffcc_28.png HTTP/1.1" 200 595 "http://www.various-euro.com/bmpp/euro_pal_1.html" "Mozilla/4.0 (compatible; MSIE 7.0; Windows NT 5.1; .NET CLR 1.1.4322; .NET CLR 2.0.50727; .NET CLR 3.0.04506.30; .NET CLR 3.0.04506.648)"
213.192.250.4 - - [01/Apr/2009:12:49:46 +0200] "GET /bmpp/Bilder2/fsstreiffcc_29.png HTTP/1.1" 200 448 "http://www.various-euro.com/bmpp/euro_pal_1.html" "Mozilla/4.0 (compatible; MSIE 7.0; Windows NT 5.1; .NET CLR 1.1.4322; .NET CLR 2.0.50727; .NET CLR 3.0.04506.30; .NET CLR 3.0.04506.648)"
213.192.250.4 - - [01/Apr/2009:12:49:46 +0200] "GET /bmpp/Bilder2/fsstreiffcc_30.png HTTP/1.1" 200 583 "http://www.various-euro.com/bmpp/euro_pal_1.html" "Mozilla/4.0 (compatible; MSIE 7.0; Windows NT 5.1; .NET CLR 1.1.4322; .NET CLR 2.0.50727; .NET CLR 3.0.04506.30; .NET CLR 3.0.04506.648)"
213.192.250.4 - - [01/Apr/2009:12:49:46 +0200] "GET /bmpp/Bilder2/fsstreiffcc_31.png HTTP/1.1" 200 586 "http://www.various-euro.com/bmpp/euro_pal_1.html" "Mozilla/4.0 (compatible; MSIE 7.0; Windows NT 5.1; .NET CLR 1.1.4322; .NET CLR 2.0.50727; .NET CLR 3.0.04506.30; .NET CLR 3.0.04506.648)"
213.192.250.4 - - [01/Apr/2009:12:49:46 +0200] "GET /bmpp/Bilder2/fsstreiffcc_32.png HTTP/1.1" 200 605 "http://www.various-euro.com/bmpp/euro_pal_1.html" "Mozilla/4.0 (compatible; MSIE 7.0; Windows NT 5.1; .NET CLR 1.1.4322; .NET CLR 2.0.50727; .NET CLR 3.0.04506.30; .NET CLR 3.0.04506.648)"
213.192.250.4 - - [01/Apr/2009:12:49:46 +0200] "GET /bmpp/Bilder2/fsstreiffcc_33.png HTTP/1.1" 200 404 "http://www.various-euro.com/bmpp/euro_pal_1.html" "Mozilla/4.0 (compatible; MSIE 7.0; Windows NT 5.1; .NET CLR 1.1.4322; .NET CLR 2.0.50727; .NET CLR 3.0.04506.30; .NET CLR 3.0.04506.648)"
213.192.250.4 - - [01/Apr/2009:12:49:46 +0200] "GET /bmpp/Bilder2/fsstreiffcc_34.png HTTP/1.1" 200 279 "http://www.various-euro.com/bmpp/euro_pal_1.html" "Mozilla/4.0 (compatible; MSIE 7.0; Windows NT 5.1; .NET CLR 1.1.4322; .NET CLR 2.0.50727; .NET CLR 3.0.04506.30; .NET CLR 3.0.04506.648)"
213.192.250.4 - - [01/Apr/2009:12:49:46 +0200] "GET /bmpp/Bilder2/fsstreiffcc_35.png HTTP/1.1" 200 492 "http://www.various-euro.com/bmpp/euro_pal_1.html" "Mozilla/4.0 (compatible; MSIE 7.0; Windows NT 5.1; .NET CLR 1.1.4322; .NET CLR 2.0.50727; .NET CLR 3.0.04506.30; .NET CLR 3.0.04506.648)"
213.192.250.4 - - [01/Apr/2009:12:49:46 +0200] "GET /bmpp/Bilder2/fsstreiffcc_36.png HTTP/1.1" 200 458 "http://www.various-euro.com/bmpp/euro_pal_1.html" "Mozilla/4.0 (compatible; MSIE 7.0; Windows NT 5.1; .NET CLR 1.1.4322; .NET CLR 2.0.50727; .NET CLR 3.0.04506.30; .NET CLR 3.0.04506.648)"
213.192.250.4 - - [01/Apr/2009:12:49:46 +0200] "GET /bmpp/Bilder2/fsstreiffcc_37.png HTTP/1.1" 200 400 "http://www.various-euro.com/bmpp/euro_pal_1.html" "Mozilla/4.0 (compatible; MSIE 7.0; Windows NT 5.1; .NET CLR 1.1.4322; .NET CLR 2.0.50727; .NET CLR 3.0.04506.30; .NET CLR 3.0.04506.648)"
213.192.250.4 - - [01/Apr/2009:12:49:46 +0200] "GET /bmpp/Bilder2/fsstreiffcc_38.png HTTP/1.1" 200 252 "http://www.various-euro.com/bmpp/euro_pal_1.html" "Mozilla/4.0 (compatible; MSIE 7.0; Windows NT 5.1; .NET CLR 1.1.4322; .NET CLR 2.0.50727; .NET CLR 3.0.04506.30; .NET CLR 3.0.04506.648)"
213.192.250.4 - - [01/Apr/2009:12:49:46 +0200] "GET /bmpp/Bilder2/fsstreiffcc_39.png HTTP/1.1" 200 399 "http://www.various-euro.com/bmpp/euro_pal_1.html" "Mozilla/4.0 (compatible; MSIE 7.0; Windows NT 5.1; .NET CLR 1.1.4322; .NET CLR 2.0.50727; .NET CLR 3.0.04506.30; .NET CLR 3.0.04506.648)"
213.192.250.4 - - [01/Apr/2009:12:49:46 +0200] "GET /bmpp/Bilder2/fsstreiffcc_40.png HTTP/1.1" 200 354 "http://www.various-euro.com/bmpp/euro_pal_1.html" "Mozilla/4.0 (compatible; MSIE 7.0; Windows NT 5.1; .NET CLR 1.1.4322; .NET CLR 2.0.50727; .NET CLR 3.0.04506.30; .NET CLR 3.0.04506.648)"
213.192.250.4 - - [01/Apr/2009:12:49:46 +0200] "GET /bmpp/Bilder2/fsstreiffcc_41.png HTTP/1.1" 200 378 "http://www.various-euro.com/bmpp/euro_pal_1.html" "Mozilla/4.0 (compatible; MSIE 7.0; Windows NT 5.1; .NET CLR 1.1.4322; .NET CLR 2.0.50727; .NET CLR 3.0.04506.30; .NET CLR 3.0.04506.648)"
213.192.250.4 - - [01/Apr/2009:12:49:46 +0200] "GET /bmpp/Bilder2/fsstreiffcc_42.png HTTP/1.1" 200 339 "http://www.various-euro.com/bmpp/euro_pal_1.html" "Mozilla/4.0 (compatible; MSIE 7.0; Windows NT 5.1; .NET CLR 1.1.4322; .NET CLR 2.0.50727; .NET CLR 3.0.04506.30; .NET CLR 3.0.04506.648)"
213.192.250.4 - - [01/Apr/2009:12:49:46 +0200] "GET /bmpp/Bilder2/fsstreiffcc_43.png HTTP/1.1" 200 295 "http://www.various-euro.com/bmpp/euro_pal_1.html" "Mozilla/4.0 (compatible; MSIE 7.0; Windows NT 5.1; .NET CLR 1.1.4322; .NET CLR 2.0.50727; .NET CLR 3.0.04506.30; .NET CLR 3.0.04506.648)"
213.192.250.4 - - [01/Apr/2009:12:49:46 +0200] "GET /bmpp/Bilder2/fsstreiffcc_44.png HTTP/1.1" 200 249 "http://www.various-euro.com/bmpp/euro_pal_1.html" "Mozilla/4.0 (compatible; MSIE 7.0; Windows NT 5.1; .NET CLR 1.1.4322; .NET CLR 2.0.50727; .NET CLR 3.0.04506.30; .NET CLR 3.0.04506.648)"
213.192.250.4 - - [01/Apr/2009:12:49:46 +0200] "GET /bmpp/Bilder2/fsstreiffcc_45.png HTTP/1.1" 200 285 "http://www.various-euro.com/bmpp/euro_pal_1.html" "Mozilla/4.0 (compatible; MSIE 7.0; Windows NT 5.1; .NET CLR 1.1.4322; .NET CLR 2.0.50727; .NET CLR 3.0.04506.30; .NET CLR 3.0.04506.648)"
213.192.250.4 - - [01/Apr/2009:12:49:46 +0200] "GET /bmpp/Bilder2/fsstreiffcc_46.png HTTP/1.1" 200 230 "http://www.various-euro.com/bmpp/euro_pal_1.html" "Mozilla/4.0 (compatible; MSIE 7.0; Windows NT 5.1; .NET CLR 1.1.4322; .NET CLR 2.0.50727; .NET CLR 3.0.04506.30; .NET CLR 3.0.04506.648)"
213.192.250.4 - - [01/Apr/2009:12:49:46 +0200] "GET /favicon.ico HTTP/1.1" 404 2748 "-" "Mozilla/4.0 (compatible; MSIE 7.0; Windows NT 5.1; .NET CLR 1.1.4322; .NET CLR 2.0.50727; .NET CLR 3.0.04506.30; .NET CLR 3.0.04506.648)"
213.192.250.4 - - [01/Apr/2009:12:49:46 +0200] "GET /framez-pal1.html HTTP/1.1" 200 4326 "-" "Mozilla/4.0 (compatible; MSIE 7.0; Windows NT 5.1; .NET CLR 1.1.4322; .NET CLR 2.0.50727; .NET CLR 3.0.04506.30; .NET CLR 3.0.04506.648)"
213.192.250.4 - - [01/Apr/2009:12:49:46 +0200] "GET /frame-menu.html HTTP/1.1" 200 10536 "http://www.various-euro.com/framez-pal1.html" "Mozilla/4.0 (compatible; MSIE 7.0; Windows NT 5.1; .NET CLR 1.1.4322; .NET CLR 2.0.50727; .NET CLR 3.0.04506.30; .NET CLR 3.0.04506.648)"
213.192.250.4 - - [01/Apr/2009:12:49:46 +0200] "GET /bmpp/euro_pal_1.html HTTP/1.1" 200 18252 "http://www.various-euro.com/framez-pal1.html" "Mozilla/4.0 (compatible; MSIE 7.0; Windows NT 5.1; .NET CLR 1.1.4322; .NET CLR 2.0.50727; .NET CLR 3.0.04506.30; .NET CLR 3.0.04506.648)"
213.192.250.4 - - [01/Apr/2009:12:49:46 +0200] "GET /frame-unten.html HTTP/1.1" 200 5308 "http://www.various-euro.com/framez-pal1.html" "Mozilla/4.0 (compatible; MSIE 7.0; Windows NT 5.1; .NET CLR 1.1.4322; .NET CLR 2.0.50727; .NET CLR 3.0.04506.30; .NET CLR 3.0.04506.648)"
213.192.250.4 - - [01/Apr/2009:12:49:46 +0200] "GET /style/various-euro.css HTTP/1.1" 200 3437 "http://www.various-euro.com/frame-menu.html" "Mozilla/4.0 (compatible; MSIE 7.0; Windows NT 5.1; .NET CLR 1.1.4322; .NET CLR 2.0.50727; .NET CLR 3.0.04506.30; .NET CLR 3.0.04506.648)"
213.192.250.4 - - [01/Apr/2009:12:49:47 +0200] "GET /ascii/pfeile_1.gif HTTP/1.1" 304 - "http://www.various-euro.com/bmpp/euro_pal_1.html" "Mozilla/4.0 (compatible; MSIE 7.0; Windows NT 5.1; .NET CLR 1.1.4322; .NET CLR 2.0.50727; .NET CLR 3.0.04506.30; .NET CLR 3.0.04506.648)"
213.192.250.4 - - [01/Apr/2009:12:49:47 +0200] "GET /bmpp/Bilder2/Abstandhalter.gif HTTP/1.1" 304 - "http://www.various-euro.com/bmpp/euro_pal_1.html" "Mozilla/4.0 (compatible; MSIE 7.0; Windows NT 5.1; .NET CLR 1.1.4322; .NET CLR 2.0.50727; .NET CLR 3.0.04506.30; .NET CLR 3.0.04506.648)"
213.192.250.4 - - [01/Apr/2009:12:49:47 +0200] "GET /bmpp/Bilder2/fsstreiffcc_01.png HTTP/1.1" 304 - "http://www.various-euro.com/bmpp/euro_pal_1.html" "Mozilla/4.0 (compatible; MSIE 7.0; Windows NT 5.1; .NET CLR 1.1.4322; .NET CLR 2.0.50727; .NET CLR 3.0.04506.30; .NET CLR 3.0.04506.648)"
213.192.250.4 - - [01/Apr/2009:12:49:47 +0200] "GET /bmpp/Bilder2/fsstreiffcc_02.png HTTP/1.1" 304 - "http://www.various-euro.com/bmpp/euro_pal_1.html" "Mozilla/4.0 (compatible; MSIE 7.0; Windows NT 5.1; .NET CLR 1.1.4322; .NET CLR 2.0.50727; .NET CLR 3.0.04506.30; .NET CLR 3.0.04506.648)"
213.192.250.4 - - [01/Apr/2009:12:49:47 +0200] "GET /bmpp/Bilder2/fsstreiffcc_03.png HTTP/1.1" 304 - "http://www.various-euro.com/bmpp/euro_pal_1.html" "Mozilla/4.0 (compatible; MSIE 7.0; Windows NT 5.1; .NET CLR 1.1.4322; .NET CLR 2.0.50727; .NET CLR 3.0.04506.30; .NET CLR 3.0.04506.648)"
213.192.250.4 - - [01/Apr/2009:12:49:47 +0200] "GET /bmpp/Bilder2/fsstreiffcc_04.png HTTP/1.1" 304 - "http://www.various-euro.com/bmpp/euro_pal_1.html" "Mozilla/4.0 (compatible; MSIE 7.0; Windows NT 5.1; .NET CLR 1.1.4322; .NET CLR 2.0.50727; .NET CLR 3.0.04506.30; .NET CLR 3.0.04506.648)"
213.192.250.4 - - [01/Apr/2009:12:49:47 +0200] "GET /bmpp/Bilder2/fsstreiffcc_05.png HTTP/1.1" 304 - "http://www.various-euro.com/bmpp/euro_pal_1.html" "Mozilla/4.0 (compatible; MSIE 7.0; Windows NT 5.1; .NET CLR 1.1.4322; .NET CLR 2.0.50727; .NET CLR 3.0.04506.30; .NET CLR 3.0.04506.648)"
213.192.250.4 - - [01/Apr/2009:12:49:47 +0200] "GET /bmpp/Bilder2/fsstreiffcc_06.png HTTP/1.1" 304 - "http://www.various-euro.com/bmpp/euro_pal_1.html" "Mozilla/4.0 (compatible; MSIE 7.0; Windows NT 5.1; .NET CLR 1.1.4322; .NET CLR 2.0.50727; .NET CLR 3.0.04506.30; .NET CLR 3.0.04506.648)"
213.192.250.4 - - [01/Apr/2009:12:49:47 +0200] "GET /bmpp/Bilder2/fsstreiffcc_07.png HTTP/1.1" 304 - "http://www.various-euro.com/bmpp/euro_pal_1.html" "Mozilla/4.0 (compatible; MSIE 7.0; Windows NT 5.1; .NET CLR 1.1.4322; .NET CLR 2.0.50727; .NET CLR 3.0.04506.30; .NET CLR 3.0.04506.648)"
213.192.250.4 - - [01/Apr/2009:12:49:47 +0200] "GET /bmpp/Bilder2/fsstreiffcc_08.png HTTP/1.1" 304 - "http://www.various-euro.com/bmpp/euro_pal_1.html" "Mozilla/4.0 (compatible; MSIE 7.0; Windows NT 5.1; .NET CLR 1.1.4322; .NET CLR 2.0.50727; .NET CLR 3.0.04506.30; .NET CLR 3.0.04506.648)"
213.192.250.4 - - [01/Apr/2009:12:49:47 +0200] "GET /bmpp/Bilder2/fsstreiffcc_09.png HTTP/1.1" 304 - "http://www.various-euro.com/bmpp/euro_pal_1.html" "Mozilla/4.0 (compatible; MSIE 7.0; Windows NT 5.1; .NET CLR 1.1.4322; .NET CLR 2.0.50727; .NET CLR 3.0.04506.30; .NET CLR 3.0.04506.648)"
213.192.250.4 - - [01/Apr/2009:12:49:47 +0200] "GET /bmpp/Bilder2/fsstreiffcc_10.png HTTP/1.1" 304 - "http://www.various-euro.com/bmpp/euro_pal_1.html" "Mozilla/4.0 (compatible; MSIE 7.0; Windows NT 5.1; .NET CLR 1.1.4322; .NET CLR 2.0.50727; .NET CLR 3.0.04506.30; .NET CLR 3.0.04506.648)"
213.192.250.4 - - [01/Apr/2009:12:49:47 +0200] "GET /bmpp/Bilder2/fsstreiffcc_11.png HTTP/1.1" 304 - "http://www.various-euro.com/bmpp/euro_pal_1.html" "Mozilla/4.0 (compatible; MSIE 7.0; Windows NT 5.1; .NET CLR 1.1.4322; .NET CLR 2.0.50727; .NET CLR 3.0.04506.30; .NET CLR 3.0.04506.648)"
213.192.250.4 - - [01/Apr/2009:12:49:50 +0200] "GET /framez-pal1.html HTTP/1.1" 200 4326 "-" "Mozilla/4.0 (compatible; MSIE 7.0; Windows NT 5.1; .NET CLR 1.1.4322; .NET CLR 2.0.50727; .NET CLR 3.0.04506.30; .NET CLR 3.0.04506.648)"
74.6.8.90 - - [01/Apr/2009:12:59:05 +0200] "GET /f-maintitle.html HTTP/1.0" 200 5030 "-" "Mozilla/5.0 (compatible; Yahoo! Slurp/3.0; http://help.yahoo.com/help/us/ysearch/slurp)"
74.6.8.90 - - [01/Apr/2009:13:29:14 +0200] "GET /zampa/montenegro/dajpare.html HTTP/1.0" 200 2503 "-" "Mozilla/5.0 (compatible; Yahoo! Slurp/3.0; http://help.yahoo.com/help/us/ysearch/slurp)"
81.52.143.32 - - [01/Apr/2009:14:01:17 +0200] "GET /schubb/schubb-2.html HTTP/1.1" 200 16660 "-" "Mozilla/5.0 (Windows; U; Windows NT 5.1; fr; rv:1.8.1) VoilaBot BETA 1.2 (support.voilabot@orange-ftgroup.com)"
67.195.37.116 - - [01/Apr/2009:15:30:38 +0200] "GET /f-other.html HTTP/1.0" 200 33189 "-" "Mozilla/5.0 (compatible; Yahoo! Slurp/3.0; http://help.yahoo.com/help/us/ysearch/slurp)"
74.6.8.90 - - [01/Apr/2009:15:35:52 +0200] "GET /DgH/bull/index.html HTTP/1.0" 200 1915 "-" "Mozilla/5.0 (compatible; Yahoo! Slurp/3.0; http://help.yahoo.com/help/us/ysearch/slurp)"
67.195.37.116 - - [01/Apr/2009:15:47:06 +0200] "GET /f-actions.html HTTP/1.0" 200 11006 "-" "Mozilla/5.0 (compatible; Yahoo! Slurp/3.0; http://help.yahoo.com/help/us/ysearch/slurp)"
67.195.37.120 - - [01/Apr/2009:15:51:04 +0200] "GET /robots.txt HTTP/1.0" 200 64 "-" "Mozilla/5.0 (compatible; Yahoo! Slurp; http://help.yahoo.com/help/us/ysearch/slurp)"
193.252.149.13 - - [01/Apr/2009:15:53:04 +0200] "GET /neon/code.html HTTP/1.1" 200 1109 "-" "Mozilla/5.0 (Windows; U; Windows NT 5.1; fr; rv:1.8.1) VoilaBot BETA 1.2 (support.voilabot@orange-ftgroup.com)"
65.55.230.249 - - [01/Apr/2009:17:14:26 +0200] "GET /robots.txt HTTP/1.1" 200 64 "-" "msnbot-media/1.1 (+http://search.msn.com/msnbot.htm)"
65.55.230.249 - - [01/Apr/2009:17:14:26 +0200] "GET /f-actions.html HTTP/1.1" 200 11006 "-" "msnbot-media/1.1 (+http://search.msn.com/msnbot.htm)"
65.55.230.249 - - [01/Apr/2009:17:15:04 +0200] "GET /f-net.html HTTP/1.1" 200 9913 "-" "msnbot-media/1.1 (+http://search.msn.com/msnbot.htm)"
65.55.230.249 - - [01/Apr/2009:17:16:03 +0200] "GET /f-world.html HTTP/1.1" 200 35590 "-" "msnbot-media/1.1 (+http://search.msn.com/msnbot.htm)"
74.6.8.90 - - [01/Apr/2009:17:21:55 +0200] "GET /robots.txt HTTP/1.0" 200 64 "-" "Mozilla/5.0 (compatible; Yahoo! Slurp; http://help.yahoo.com/help/us/ysearch/slurp)"
74.6.8.90 - - [01/Apr/2009:17:21:55 +0200] "GET /logs/usage_200710.html HTTP/1.0" 200 108186 "-" "Mozilla/5.0 (compatible; Yahoo! Slurp/3.0; http://help.yahoo.com/help/us/ysearch/slurp)"
74.6.8.90 - - [01/Apr/2009:17:21:56 +0200] "GET /logs/usage_200710.html HTTP/1.0" 200 110952 "-" "Mozilla/5.0 (compatible; Yahoo! Slurp/3.0; http://help.yahoo.com/help/us/ysearch/slurp)"
65.55.230.249 - - [01/Apr/2009:18:05:19 +0200] "GET /f-horrorkatze.html HTTP/1.1" 200 7865 "-" "msnbot-media/1.1 (+http://search.msn.com/msnbot.htm)"
65.55.230.249 - - [01/Apr/2009:18:05:19 +0200] "GET /f-search.html HTTP/1.1" 200 11800 "-" "msnbot-media/1.1 (+http://search.msn.com/msnbot.htm)"
65.55.230.249 - - [01/Apr/2009:18:09:25 +0200] "GET /your_tour.html HTTP/1.1" 200 29760 "-" "msnbot-media/1.1 (+http://search.msn.com/msnbot.htm)"
65.55.230.249 - - [01/Apr/2009:18:09:29 +0200] "GET /f-doku-brau.html HTTP/1.1" 200 7152 "-" "msnbot-media/1.1 (+http://search.msn.com/msnbot.htm)"
65.55.231.33 - - [01/Apr/2009:18:17:00 +0200] "GET /robots.txt HTTP/1.1" 200 64 "-" "msnbot-media/1.1 (+http://search.msn.com/msnbot.htm)"
65.55.231.33 - - [01/Apr/2009:18:17:01 +0200] "GET /bannerz/invite.gif HTTP/1.1" 200 23929 "-" "msnbot-media/1.1 (+http://search.msn.com/msnbot.htm)"
65.55.211.164 - - [01/Apr/2009:18:19:46 +0200] "GET /robots.txt HTTP/1.1" 200 64 "-" "msnbot/1.1 (+http://search.msn.com/msnbot.htm)"
65.55.211.164 - - [01/Apr/2009:18:19:46 +0200] "GET /schubb/schubb-4.html HTTP/1.1" 200 17746 "-" "msnbot/1.1 (+http://search.msn.com/msnbot.htm)"
89.12.215.28 - - [01/Apr/2009:18:25:53 +0200] "GET / HTTP/1.1" 200 7869 "-" "Mozilla/5.0 (Windows; U; Windows NT 5.1; de; rv:1.9.0.8) Gecko/2009032609 Firefox/3.0.8"
89.12.215.28 - - [01/Apr/2009:18:25:53 +0200] "GET /style/various-euro.css HTTP/1.1" 200 3437 "http://www.various-euro.com/" "Mozilla/5.0 (Windows; U; Windows NT 5.1; de; rv:1.9.0.8) Gecko/2009032609 Firefox/3.0.8"
89.12.215.28 - - [01/Apr/2009:18:25:53 +0200] "GET /ve-icon-2.ico HTTP/1.1" 200 2238 "-" "Mozilla/5.0 (Windows; U; Windows NT 5.1; de; rv:1.9.0.8) Gecko/2009032609 Firefox/3.0.8"
41.202.72.118 - - [01/Apr/2009:18:26:00 +0200] "GET /framez.html HTTP/1.1" 200 3959 "-" "Mozilla/4.0 (compatible; MSIE 6.0; Windows NT 5.1; SV1)"
81.52.143.34 - - [01/Apr/2009:18:31:09 +0200] "GET /neon/warning.html HTTP/1.1" 200 5134 "-" "Mozilla/5.0 (Windows; U; Windows NT 5.1; fr; rv:1.8.1) VoilaBot BETA 1.2 (support.voilabot@orange-ftgroup.com)"
74.6.8.90 - - [01/Apr/2009:18:50:34 +0200] "GET /zampa/lybia/index.html HTTP/1.0" 200 3036 "-" "Mozilla/5.0 (compatible; Yahoo! Slurp/3.0; http://help.yahoo.com/help/us/ysearch/slurp)"
65.55.220.65 - - [01/Apr/2009:18:58:07 +0200] "GET /robots.txt HTTP/1.1" 200 64 "-" "msnbot-media/1.1 (+http://search.msn.com/msnbot.htm)"
65.55.220.65 - - [01/Apr/2009:18:58:08 +0200] "GET /bannerz/horrorkatze/kontext-inform.mpg HTTP/1.1" 200 96263 "-" "msnbot-media/1.1 (+http://search.msn.com/msnbot.htm)"
65.55.220.185 - - [01/Apr/2009:18:59:12 +0200] "GET /robots.txt HTTP/1.1" 200 64 "-" "msnbot-media/1.1 (+http://search.msn.com/msnbot.htm)"
65.55.220.185 - - [01/Apr/2009:18:59:12 +0200] "GET /bannerz/horrorkatze/struct-fotoalbum.mpg HTTP/1.1" 200 25146 "-" "msnbot-media/1.1 (+http://search.msn.com/msnbot.htm)"
67.195.37.116 - - [01/Apr/2009:19:11:22 +0200] "GET /robots.txt HTTP/1.0" 200 64 "-" "Mozilla/5.0 (compatible; Yahoo! Slurp; http://help.yahoo.com/help/us/ysearch/slurp)"
67.195.37.116 - - [01/Apr/2009:19:11:23 +0200] "GET /bmpp/euro_pal_111.html HTTP/1.0" 200 2129 "-" "Mozilla/5.0 (compatible; Yahoo! Slurp/3.0; http://help.yahoo.com/help/us/ysearch/slurp)"
93.182.175.53 - - [01/Apr/2009:19:13:26 +0200] "GET /cgi-bin/sm/s.pl?e=1&subscribe=subscribe&l=../../../../../../../../etc/passwd&SUBMIT=%20%20Submit%20%20 HTTP/1.1" 404 2748 "-" "Mozilla/5.0 (Windows; U; Windows NT 5.1; en; rv:1.8.1.8) Gecko/20071008 Firefox/2.0.0.8"
65.55.231.72 - - [01/Apr/2009:19:47:20 +0200] "GET /robots.txt HTTP/1.1" 200 64 "-" "msnbot-media/1.1 (+http://search.msn.com/msnbot.htm)"
65.55.231.72 - - [01/Apr/2009:19:47:20 +0200] "GET /bannerz/superfactory-lt.gif HTTP/1.1" 200 1951 "-" "msnbot-media/1.1 (+http://search.msn.com/msnbot.htm)"
69.20.54.207 - - [01/Apr/2009:19:58:44 +0200] "GET /f-zeug.html HTTP/1.0" 200 48203 "-" "Python-urllib/1.10"
66.235.124.102 - - [01/Apr/2009:19:59:24 +0200] "GET /robots.txt HTTP/1.1" 200 64 "-" "Mozilla/5.0 (compatible; Ask Jeeves/Teoma; +http://about.ask.com/en/docs/about/webmasters.shtml)"
66.235.124.102 - - [01/Apr/2009:19:59:40 +0200] "GET /zampa-lovers/index.html HTTP/1.1" 200 37790 "-" "Mozilla/5.0 (compatible; Ask Jeeves/Teoma; +http://about.ask.com/en/docs/about/webmasters.shtml)"
