67.55.72.165 - - [04/Apr/2009:01:25:39 +0200] "GET /your_tour.html HTTP/1.1" 200 31727 "http://www.various-euro.com/frame-menu.html" "swish-e http://swish-e.org/"
67.55.72.165 - - [04/Apr/2009:01:25:40 +0200] "HEAD /logs/ HTTP/1.1" 200 - "http://www.various-euro.com/frame-menu.html" "swish-e http://swish-e.org/"
67.55.72.165 - - [04/Apr/2009:01:25:40 +0200] "GET /logs/ HTTP/1.1" 200 10079 "http://www.various-euro.com/frame-menu.html" "swish-e http://swish-e.org/"
67.55.72.165 - - [04/Apr/2009:01:25:40 +0200] "HEAD /f-bannnerz.html HTTP/1.1" 200 - "http://www.various-euro.com/frame-menu.html" "swish-e http://swish-e.org/"
67.55.72.165 - - [04/Apr/2009:01:25:40 +0200] "GET /f-bannnerz.html HTTP/1.1" 200 12651 "http://www.various-euro.com/frame-menu.html" "swish-e http://swish-e.org/"
67.55.72.165 - - [04/Apr/2009:01:25:40 +0200] "HEAD /f-doku-brau.html HTTP/1.1" 200 - "http://www.various-euro.com/frame-menu.html" "swish-e http://swish-e.org/"
67.55.72.165 - - [04/Apr/2009:01:25:40 +0200] "GET /f-doku-brau.html HTTP/1.1" 200 7152 "http://www.various-euro.com/frame-menu.html" "swish-e http://swish-e.org/"
67.55.72.165 - - [04/Apr/2009:01:25:41 +0200] "HEAD /restate_copy.html HTTP/1.1" 200 - "http://www.various-euro.com/frame-menu.html" "swish-e http://swish-e.org/"
67.55.72.165 - - [04/Apr/2009:01:25:41 +0200] "GET /restate_copy.html HTTP/1.1" 200 97631 "http://www.various-euro.com/frame-menu.html" "swish-e http://swish-e.org/"
67.55.72.165 - - [04/Apr/2009:01:25:41 +0200] "HEAD /f-rez.html HTTP/1.1" 200 - "http://www.various-euro.com/frame-menu.html" "swish-e http://swish-e.org/"
67.55.72.165 - - [04/Apr/2009:01:25:41 +0200] "GET /f-rez.html HTTP/1.1" 200 9765 "http://www.various-euro.com/frame-menu.html" "swish-e http://swish-e.org/"
67.55.72.165 - - [04/Apr/2009:01:25:41 +0200] "HEAD /f-horrorkatze.html HTTP/1.1" 200 - "http://www.various-euro.com/frame-menu.html" "swish-e http://swish-e.org/"
67.55.72.165 - - [04/Apr/2009:01:25:41 +0200] "GET /f-horrorkatze.html HTTP/1.1" 200 7865 "http://www.various-euro.com/frame-menu.html" "swish-e http://swish-e.org/"
67.55.72.165 - - [04/Apr/2009:01:25:41 +0200] "HEAD /sendi_agent.html HTTP/1.1" 200 - "http://www.various-euro.com/frame-menu.html" "swish-e http://swish-e.org/"
67.55.72.165 - - [04/Apr/2009:01:25:42 +0200] "GET /sendi_agent.html HTTP/1.1" 200 6213 "http://www.various-euro.com/frame-menu.html" "swish-e http://swish-e.org/"
67.55.72.165 - - [04/Apr/2009:01:25:42 +0200] "HEAD /zampa-lovers/index.html HTTP/1.1" 200 - "http://www.various-euro.com/frame-menu.html" "swish-e http://swish-e.org/"
67.55.72.165 - - [04/Apr/2009:01:25:42 +0200] "GET /zampa-lovers/index.html HTTP/1.1" 200 37790 "http://www.various-euro.com/frame-menu.html" "swish-e http://swish-e.org/"
67.55.72.165 - - [04/Apr/2009:01:25:42 +0200] "HEAD /f-actions.html HTTP/1.1" 200 - "http://www.various-euro.com/frame-menu.html" "swish-e http://swish-e.org/"
67.55.72.165 - - [04/Apr/2009:01:25:42 +0200] "GET /f-actions.html HTTP/1.1" 200 11006 "http://www.various-euro.com/frame-menu.html" "swish-e http://swish-e.org/"
67.55.72.165 - - [04/Apr/2009:01:25:42 +0200] "HEAD /bmpp/euro_pal_1.html HTTP/1.1" 200 - "http://www.various-euro.com/frame-inhalt.html" "swish-e http://swish-e.org/"
67.55.72.165 - - [04/Apr/2009:01:25:42 +0200] "GET /bmpp/euro_pal_1.html HTTP/1.1" 200 18252 "http://www.various-euro.com/frame-inhalt.html" "swish-e http://swish-e.org/"
67.55.72.165 - - [04/Apr/2009:01:25:42 +0200] "HEAD /neon/euro.html HTTP/1.1" 200 - "http://www.various-euro.com/frame-inhalt.html" "swish-e http://swish-e.org/"
67.55.72.165 - - [04/Apr/2009:01:25:42 +0200] "GET /neon/euro.html HTTP/1.1" 200 2212 "http://www.various-euro.com/frame-inhalt.html" "swish-e http://swish-e.org/"
67.55.72.165 - - [04/Apr/2009:01:25:43 +0200] "HEAD /schubb/schubb-1.html HTTP/1.1" 200 - "http://www.various-euro.com/frame-inhalt.html" "swish-e http://swish-e.org/"
67.55.72.165 - - [04/Apr/2009:01:25:43 +0200] "GET /schubb/schubb-1.html HTTP/1.1" 200 9070 "http://www.various-euro.com/frame-inhalt.html" "swish-e http://swish-e.org/"
67.55.72.165 - - [04/Apr/2009:01:25:43 +0200] "HEAD /f-maintitle.html HTTP/1.1" 200 - "http://www.various-euro.com/frame-inhalt.html" "swish-e http://swish-e.org/"
67.55.72.165 - - [04/Apr/2009:01:25:43 +0200] "GET /f-maintitle.html HTTP/1.1" 200 5030 "http://www.various-euro.com/frame-inhalt.html" "swish-e http://swish-e.org/"
67.55.72.165 - - [04/Apr/2009:01:25:43 +0200] "HEAD /bmpp/euro_pal_111.html HTTP/1.1" 200 - "http://www.various-euro.com/frame-inhalt.html" "swish-e http://swish-e.org/"
67.55.72.165 - - [04/Apr/2009:01:25:43 +0200] "GET /bmpp/euro_pal_111.html HTTP/1.1" 200 2129 "http://www.various-euro.com/frame-inhalt.html" "swish-e http://swish-e.org/"
67.55.72.165 - - [04/Apr/2009:01:25:43 +0200] "HEAD /partnergegenberlin.html HTTP/1.1" 200 - "http://www.various-euro.com/frame-inhalt.html" "swish-e http://swish-e.org/"
67.55.72.165 - - [04/Apr/2009:01:25:44 +0200] "GET /partnergegenberlin.html HTTP/1.1" 200 5022 "http://www.various-euro.com/frame-inhalt.html" "swish-e http://swish-e.org/"
193.252.149.13 - - [04/Apr/2009:01:29:12 +0200] "GET /f-channel1.html HTTP/1.1" 200 8471 "-" "Mozilla/5.0 (Windows; U; Windows NT 5.1; fr; rv:1.8.1) VoilaBot BETA 1.2 (support.voilabot@orange-ftgroup.com)"
67.195.37.125 - - [04/Apr/2009:01:56:47 +0200] "GET /f-warez.html HTTP/1.0" 200 10953 "-" "Mozilla/5.0 (compatible; Yahoo! Slurp; http://help.yahoo.com/help/us/ysearch/slurp)"
193.252.149.16 - - [04/Apr/2009:02:11:03 +0200] "GET /world.html HTTP/1.1" 200 16295 "-" "Mozilla/5.0 (Windows; U; Windows NT 5.1; fr; rv:1.8.1) VoilaBot BETA 1.2 (support.voilabot@orange-ftgroup.com)"
65.55.211.162 - - [04/Apr/2009:02:32:12 +0200] "GET /robots.txt HTTP/1.1" 200 64 "-" "msnbot/1.1 (+http://search.msn.com/msnbot.htm)"
65.55.211.162 - - [04/Apr/2009:02:32:12 +0200] "GET /DgH/rampe/index.html HTTP/1.1" 200 2056 "-" "msnbot/1.1 (+http://search.msn.com/msnbot.htm)"
198.145.116.13 - - [04/Apr/2009:02:41:42 +0200] "GET / HTTP/1.0" 200 7869 "-" "Mozilla/4.0 (compatible; MSIE 6.0; Windows NT 5.0)"
65.55.106.208 - - [04/Apr/2009:03:36:47 +0200] "GET /robots.txt HTTP/1.1" 200 64 "-" "msnbot/2.0b (+http://search.msn.com/msnbot.htm)"
193.252.149.15 - - [04/Apr/2009:06:06:06 +0200] "GET / HTTP/1.1" 200 7869 "-" "Mozilla/5.0 (Windows; U; Windows NT 5.1; fr; rv:1.8.1) VoilaBot BETA 1.2 (support.voilabot@orange-ftgroup.com)"
72.30.161.250 - - [04/Apr/2009:06:16:51 +0200] "GET /zampa/montenegro/SEKAW.html HTTP/1.0" 200 860 "-" "Mozilla/5.0 (compatible; Yahoo! Slurp/3.0; http://help.yahoo.com/help/us/ysearch/slurp)"
208.80.195.32 - - [04/Apr/2009:07:14:34 +0200] "GET / HTTP/1.0" 200 7869 "-" "Mozilla/4.0 (compatible; MSIE 6.0; Windows NT 5.1; {132741AF-B094-7B4F-00E7-654A1900D000})"
208.80.195.32 - - [04/Apr/2009:07:14:34 +0200] "GET / HTTP/1.0" 200 7869 "-" "Mozilla/4.0 (compatible; MSIE 6.0; Windows NT 5.1; SV1; SIMBAR Enabled; SIMBAR={E7350B54-A307-424a-A72B-1938C751DE62})"
198.145.116.13 - - [04/Apr/2009:07:35:56 +0200] "GET /framez.html HTTP/1.0" 200 3959 "-" "Mozilla/4.0 (compatible; MSIE 6.0; Windows NT 5.0)"
216.145.24.229 - - [04/Apr/2009:07:43:05 +0200] "GET / HTTP/1.1" 200 7869 "-" "Mozilla/4.0 (compatible; MSIE 6.0; Windows NT 5.0; DigExt)"
67.195.37.170 - - [04/Apr/2009:07:57:55 +0200] "GET /robots.txt HTTP/1.0" 200 64 "-" "Mozilla/5.0 (compatible; Yahoo! Slurp; http://help.yahoo.com/help/us/ysearch/slurp)"
67.195.37.170 - - [04/Apr/2009:07:57:56 +0200] "GET /framez.html HTTP/1.0" 200 3959 "-" "Mozilla/5.0 (compatible; Yahoo! Slurp/3.0; http://help.yahoo.com/help/us/ysearch/slurp)"
67.195.37.170 - - [04/Apr/2009:07:57:56 +0200] "GET /style/various-euro.css HTTP/1.0" 200 3437 "http://www.various-euro.com/framez.html" "Mozilla/5.0 (compatible; Yahoo! Slurp/3.0; http://help.yahoo.com/help/us/ysearch/slurp)"
67.195.37.170 - - [04/Apr/2009:07:57:57 +0200] "GET /frame-menu.html HTTP/1.0" 200 10536 "http://www.various-euro.com/framez.html" "Mozilla/5.0 (compatible; Yahoo! Slurp/3.0; http://help.yahoo.com/help/us/ysearch/slurp)"
67.195.37.170 - - [04/Apr/2009:07:57:57 +0200] "GET /frame-inhalt.html HTTP/1.0" 200 5418 "http://www.various-euro.com/framez.html" "Mozilla/5.0 (compatible; Yahoo! Slurp/3.0; http://help.yahoo.com/help/us/ysearch/slurp)"
67.195.37.170 - - [04/Apr/2009:07:57:57 +0200] "GET /frame-unten.html HTTP/1.0" 200 5308 "http://www.various-euro.com/framez.html" "Mozilla/5.0 (compatible; Yahoo! Slurp/3.0; http://help.yahoo.com/help/us/ysearch/slurp)"
94.180.186.87 - - [04/Apr/2009:08:04:03 +0200] "GET /framez-zampa-lovers.html HTTP/1.0" 200 4322 "http://www.various-euro.com/framez-zampa-lovers.html" "Mozilla/4.0 (compatible; MSIE 6.0; Windows NT 5.2; Win64; AMD64)"
94.180.186.87 - - [04/Apr/2009:08:04:05 +0200] "GET /frame-menu.html HTTP/1.0" 200 10536 "http://www.various-euro.com/frame-menu.html" "Mozilla/4.0 (compatible; MSIE 6.0; Windows NT 5.2; Win64; AMD64)"
94.180.186.87 - - [04/Apr/2009:08:04:06 +0200] "GET /zampa-lovers/index.html HTTP/1.0" 200 37790 "http://www.various-euro.com/zampa-lovers/index.html" "Mozilla/4.0 (compatible; MSIE 6.0; Windows NT 5.2; Win64; AMD64)"
94.180.186.87 - - [04/Apr/2009:08:04:10 +0200] "GET /frame-unten.html HTTP/1.0" 200 5308 "http://www.various-euro.com/frame-unten.html" "Mozilla/4.0 (compatible; MSIE 6.0; Windows NT 5.2; Win64; AMD64)"
72.30.161.250 - - [04/Apr/2009:08:11:44 +0200] "GET /logs/ HTTP/1.0" 200 10079 "-" "Mozilla/5.0 (compatible; Yahoo! Slurp/3.0; http://help.yahoo.com/help/us/ysearch/slurp)"
193.252.149.15 - - [04/Apr/2009:08:48:01 +0200] "GET /f-bannnerz.html HTTP/1.1" 200 12651 "-" "Mozilla/5.0 (Windows; U; Windows NT 5.1; fr; rv:1.8.1) VoilaBot BETA 1.2 (support.voilabot@orange-ftgroup.com)"
66.249.65.169 - - [04/Apr/2009:09:09:27 +0200] "GET /logs/usage_200701.html HTTP/1.1" 200 109268 "-" "Mozilla/5.0 (compatible; Googlebot/2.1; +http://www.google.com/bot.html)"
67.195.37.170 - - [04/Apr/2009:09:31:00 +0200] "GET /f-rez.html HTTP/1.0" 200 9765 "-" "Mozilla/5.0 (compatible; Yahoo! Slurp; http://help.yahoo.com/help/us/ysearch/slurp)"
66.249.65.169 - - [04/Apr/2009:09:33:15 +0200] "GET /logs/usage_200702.html HTTP/1.1" 200 107861 "-" "Mozilla/5.0 (compatible; Googlebot/2.1; +http://www.google.com/bot.html)"
66.235.124.7 - - [04/Apr/2009:09:41:19 +0200] "GET /robots.txt HTTP/1.1" 200 64 "-" "Mozilla/5.0 (compatible; Ask Jeeves/Teoma; +http://about.ask.com/en/docs/about/webmasters.shtml)"
66.235.124.7 - - [04/Apr/2009:09:41:34 +0200] "GET / HTTP/1.1" 200 7869 "-" "Mozilla/5.0 (compatible; Ask Jeeves/Teoma; +http://about.ask.com/en/docs/about/webmasters.shtml)"
72.30.161.250 - - [04/Apr/2009:09:47:22 +0200] "GET /robots.txt HTTP/1.0" 200 64 "-" "Mozilla/5.0 (compatible; Yahoo! Slurp; http://help.yahoo.com/help/us/ysearch/slurp)"
72.30.161.250 - - [04/Apr/2009:09:47:22 +0200] "GET /neon/warning2.html HTTP/1.0" 200 997 "-" "Mozilla/5.0 (compatible; Yahoo! Slurp/3.0; http://help.yahoo.com/help/us/ysearch/slurp)"
91.205.124.4 - - [04/Apr/2009:10:02:15 +0200] "GET /robots.txt HTTP/1.1" 200 64 "-" "Yanga WorldSearch Bot v1.1/beta (http://www.yanga.co.uk/)"
91.205.124.4 - - [04/Apr/2009:10:02:16 +0200] "GET /framez.html HTTP/1.1" 200 3959 "-" "Yanga WorldSearch Bot v1.1/beta (http://www.yanga.co.uk/)"
72.30.161.250 - - [04/Apr/2009:11:03:37 +0200] "GET /logz_old.html HTTP/1.0" 404 2748 "-" "Mozilla/5.0 (compatible; Yahoo! Slurp/3.0; http://help.yahoo.com/help/us/ysearch/slurp)"
72.30.161.250 - - [04/Apr/2009:11:04:18 +0200] "GET /schubb/schubb-4.html HTTP/1.0" 200 17746 "-" "Mozilla/5.0 (compatible; Yahoo! Slurp/3.0; http://help.yahoo.com/help/us/ysearch/slurp)"
66.249.65.169 - - [04/Apr/2009:11:08:15 +0200] "GET /zampa/montenegro/MILOW.html HTTP/1.1" 200 860 "-" "Mozilla/5.0 (compatible; Googlebot/2.1; +http://www.google.com/bot.html)"
87.250.39.216 - - [04/Apr/2009:11:11:43 +0200] "GET /favicon.ico HTTP/1.1" 302 364 "-" "Mozilla/4.0 (compatible; GoogleToolbar 5.0.2124.6042; Windows XP 5.1; MSIE 7.0.5730.13)"
87.250.39.216 - - [04/Apr/2009:11:11:43 +0200] "GET /zampa/favicon.ico HTTP/1.1" 404 2748 "-" "Mozilla/4.0 (compatible; GoogleToolbar 5.0.2124.6042; Windows XP 5.1; MSIE 7.0.5730.13)"
87.250.39.216 - - [04/Apr/2009:11:11:43 +0200] "GET /favicon.gif HTTP/1.1" 302 364 "-" "Mozilla/4.0 (compatible; GoogleToolbar 5.0.2124.6042; Windows XP 5.1; MSIE 7.0.5730.13)"
87.250.39.216 - - [04/Apr/2009:11:11:43 +0200] "GET /zampa/favicon.gif HTTP/1.1" 404 2748 "-" "Mozilla/4.0 (compatible; GoogleToolbar 5.0.2124.6042; Windows XP 5.1; MSIE 7.0.5730.13)"
66.249.65.169 - - [04/Apr/2009:11:26:17 +0200] "GET /restate_copy.html HTTP/1.1" 200 97631 "-" "Mozilla/5.0 (compatible; Googlebot/2.1; +http://www.google.com/bot.html)"
66.249.65.169 - - [04/Apr/2009:11:33:06 +0200] "GET /bmpp/flyer_cut3.html HTTP/1.1" 200 13727 "-" "Mozilla/5.0 (compatible; Googlebot/2.1; +http://www.google.com/bot.html)"
66.249.65.169 - - [04/Apr/2009:11:53:06 +0200] "GET / HTTP/1.1" 200 7869 "-" "Mozilla/5.0 (compatible; Googlebot/2.1; +http://www.google.com/bot.html)"
66.249.65.169 - - [04/Apr/2009:11:55:11 +0200] "GET /menue.html HTTP/1.1" 404 2748 "-" "Mozilla/5.0 (compatible; Googlebot/2.1; +http://www.google.com/bot.html)"
66.249.65.169 - - [04/Apr/2009:11:56:04 +0200] "GET /framez.html HTTP/1.1" 200 3959 "-" "Mozilla/5.0 (compatible; Googlebot/2.1; +http://www.google.com/bot.html)"
66.249.65.169 - - [04/Apr/2009:11:57:15 +0200] "GET /framez-rez.html HTTP/1.1" 200 4323 "-" "Mozilla/5.0 (compatible; Googlebot/2.1; +http://www.google.com/bot.html)"
66.249.65.169 - - [04/Apr/2009:12:04:13 +0200] "GET /logs/usage_200904.html HTTP/1.1" 404 2748 "-" "Mozilla/5.0 (compatible; Googlebot/2.1; +http://www.google.com/bot.html)"
72.30.161.250 - - [04/Apr/2009:12:07:09 +0200] "GET /schubb/schubb-5.html HTTP/1.0" 200 72944 "-" "Mozilla/5.0 (compatible; Yahoo! Slurp/3.0; http://help.yahoo.com/help/us/ysearch/slurp)"
66.249.65.169 - - [04/Apr/2009:12:21:33 +0200] "GET /framez-net.html HTTP/1.1" 200 4319 "-" "Mozilla/5.0 (compatible; Googlebot/2.1; +http://www.google.com/bot.html)"
198.145.116.13 - - [04/Apr/2009:12:28:26 +0200] "GET /frame-menu.html HTTP/1.0" 200 10536 "-" "Mozilla/4.0 (compatible; MSIE 6.0; Windows NT 5.0)"
66.249.65.169 - - [04/Apr/2009:12:38:18 +0200] "GET /framez-girlz-neon.html HTTP/1.1" 200 4388 "-" "Mozilla/5.0 (compatible; Googlebot/2.1; +http://www.google.com/bot.html)"
67.195.37.170 - - [04/Apr/2009:12:44:53 +0200] "GET /f-channel1.html HTTP/1.0" 200 8471 "-" "Mozilla/5.0 (compatible; Yahoo! Slurp/3.0; http://help.yahoo.com/help/us/ysearch/slurp)"
67.195.37.170 - - [04/Apr/2009:12:52:31 +0200] "GET / HTTP/1.0" 200 7869 "-" "Mozilla/5.0 (compatible; Yahoo! Slurp; http://help.yahoo.com/help/us/ysearch/slurp)"
65.55.104.165 - - [04/Apr/2009:12:58:03 +0200] "GET /robots.txt HTTP/1.1" 200 64 "-" "msnbot/1.1 (+http://search.msn.com/msnbot.htm)"
65.55.104.165 - - [04/Apr/2009:12:58:03 +0200] "GET / HTTP/1.1" 200 7869 "-" "msnbot/1.1 (+http://search.msn.com/msnbot.htm)"
87.250.39.216 - - [04/Apr/2009:13:04:07 +0200] "GET /favicon.ico HTTP/1.1" 302 364 "-" "Mozilla/4.0 (compatible; GoogleToolbar 5.0.2124.6042; Windows XP 5.1; MSIE 7.0.5730.13)"
87.250.39.216 - - [04/Apr/2009:13:04:07 +0200] "GET /zampa/favicon.ico HTTP/1.1" 404 2748 "-" "Mozilla/4.0 (compatible; GoogleToolbar 5.0.2124.6042; Windows XP 5.1; MSIE 7.0.5730.13)"
87.250.39.216 - - [04/Apr/2009:13:04:07 +0200] "GET /favicon.gif HTTP/1.1" 302 364 "-" "Mozilla/4.0 (compatible; GoogleToolbar 5.0.2124.6042; Windows XP 5.1; MSIE 7.0.5730.13)"
87.250.39.216 - - [04/Apr/2009:13:04:07 +0200] "GET /zampa/favicon.gif HTTP/1.1" 404 2748 "-" "Mozilla/4.0 (compatible; GoogleToolbar 5.0.2124.6042; Windows XP 5.1; MSIE 7.0.5730.13)"
87.250.39.216 - - [04/Apr/2009:13:04:21 +0200] "GET /favicon.ico HTTP/1.1" 302 364 "-" "Mozilla/4.0 (compatible; GoogleToolbar 5.0.2124.6042; Windows XP 5.1; MSIE 7.0.5730.13)"
87.250.39.216 - - [04/Apr/2009:13:04:21 +0200] "GET /zampa/favicon.ico HTTP/1.1" 404 2748 "-" "Mozilla/4.0 (compatible; GoogleToolbar 5.0.2124.6042; Windows XP 5.1; MSIE 7.0.5730.13)"
87.250.39.216 - - [04/Apr/2009:13:04:21 +0200] "GET /favicon.gif HTTP/1.1" 302 364 "-" "Mozilla/4.0 (compatible; GoogleToolbar 5.0.2124.6042; Windows XP 5.1; MSIE 7.0.5730.13)"
87.250.39.216 - - [04/Apr/2009:13:04:21 +0200] "GET /zampa/favicon.gif HTTP/1.1" 404 2748 "-" "Mozilla/4.0 (compatible; GoogleToolbar 5.0.2124.6042; Windows XP 5.1; MSIE 7.0.5730.13)"
87.250.39.216 - - [04/Apr/2009:13:05:52 +0200] "GET /favicon.ico HTTP/1.1" 302 364 "-" "Mozilla/4.0 (compatible; GoogleToolbar 5.0.2124.6042; Windows XP 5.1; MSIE 7.0.5730.13)"
87.250.39.216 - - [04/Apr/2009:13:05:52 +0200] "GET /zampa/favicon.ico HTTP/1.1" 404 2748 "-" "Mozilla/4.0 (compatible; GoogleToolbar 5.0.2124.6042; Windows XP 5.1; MSIE 7.0.5730.13)"
87.250.39.216 - - [04/Apr/2009:13:05:52 +0200] "GET /favicon.gif HTTP/1.1" 302 364 "-" "Mozilla/4.0 (compatible; GoogleToolbar 5.0.2124.6042; Windows XP 5.1; MSIE 7.0.5730.13)"
87.250.39.216 - - [04/Apr/2009:13:05:52 +0200] "GET /zampa/favicon.gif HTTP/1.1" 404 2748 "-" "Mozilla/4.0 (compatible; GoogleToolbar 5.0.2124.6042; Windows XP 5.1; MSIE 7.0.5730.13)"
66.249.65.169 - - [04/Apr/2009:13:11:22 +0200] "GET /neon/girlz2.html HTTP/1.1" 200 2937 "-" "Mozilla/5.0 (compatible; Googlebot/2.1; +http://www.google.com/bot.html)"
66.249.65.169 - - [04/Apr/2009:13:19:48 +0200] "GET /f-net.html HTTP/1.1" 200 9913 "-" "Mozilla/5.0 (compatible; Googlebot/2.1; +http://www.google.com/bot.html)"
217.24.17.163 - - [04/Apr/2009:13:29:37 +0200] "GET / HTTP/1.1" 302 353 "http://www.google.com/search?hl=en&q=zampa+Di+leone&btnG=Google+Search&aq=o&oq=" "Mozilla/5.0 (Windows; U; Windows NT 5.1; en-US; rv:1.9.0.8) Gecko/2009032609 Firefox/3.0.8"
217.24.17.163 - - [04/Apr/2009:13:29:49 +0200] "GET /zampa/ HTTP/1.1" 200 7153 "http://www.google.com/search?hl=en&q=zampa+Di+leone&btnG=Google+Search&aq=o&oq=" "Mozilla/5.0 (Windows; U; Windows NT 5.1; en-US; rv:1.9.0.8) Gecko/2009032609 Firefox/3.0.8"
217.24.17.163 - - [04/Apr/2009:13:30:04 +0200] "GET /zampa/slike/zampa.gif HTTP/1.1" 200 5310 "http://www.various-euro.com/zampa/" "Mozilla/5.0 (Windows; U; Windows NT 5.1; en-US; rv:1.9.0.8) Gecko/2009032609 Firefox/3.0.8"
217.24.17.163 - - [04/Apr/2009:13:30:04 +0200] "GET /zampa/slike/inthearse.gif HTTP/1.1" 200 4077 "http://www.various-euro.com/zampa/" "Mozilla/5.0 (Windows; U; Windows NT 5.1; en-US; rv:1.9.0.8) Gecko/2009032609 Firefox/3.0.8"
217.24.17.163 - - [04/Apr/2009:13:30:04 +0200] "GET /zampa/slike/udupetu.gif HTTP/1.1" 200 4138 "http://www.various-euro.com/zampa/" "Mozilla/5.0 (Windows; U; Windows NT 5.1; en-US; rv:1.9.0.8) Gecko/2009032609 Firefox/3.0.8"
217.24.17.163 - - [04/Apr/2009:13:30:38 +0200] "GET /favicon.ico HTTP/1.1" 404 2748 "-" "Mozilla/5.0 (Windows; U; Windows NT 5.1; en-US; rv:1.9.0.8) Gecko/2009032609 Firefox/3.0.8"
217.24.17.163 - - [04/Apr/2009:13:30:43 +0200] "GET /favicon.ico HTTP/1.1" 404 2748 "-" "Mozilla/5.0 (Windows; U; Windows NT 5.1; en-US; rv:1.9.0.8) Gecko/2009032609 Firefox/3.0.8"
217.24.17.163 - - [04/Apr/2009:13:31:05 +0200] "GET /zampa/slike/S5UROSTO.GIF HTTP/1.1" 200 45220 "http://www.various-euro.com/zampa/" "Mozilla/5.0 (Windows; U; Windows NT 5.1; en-US; rv:1.9.0.8) Gecko/2009032609 Firefox/3.0.8"
217.24.17.163 - - [04/Apr/2009:13:37:07 +0200] "GET /zampa/slike/S6BIENNI.GIF HTTP/1.1" 200 35877 "http://www.various-euro.com/zampa/" "Mozilla/5.0 (Windows; U; Windows NT 5.1; en-US; rv:1.9.0.8) Gecko/2009032609 Firefox/3.0.8"
81.52.143.30 - - [04/Apr/2009:13:40:23 +0200] "GET /f-maintitle.html HTTP/1.1" 200 5030 "-" "Mozilla/5.0 (Windows; U; Windows NT 5.1; fr; rv:1.8.1) VoilaBot BETA 1.2 (support.voilabot@orange-ftgroup.com)"
66.249.65.169 - - [04/Apr/2009:13:58:23 +0200] "GET /tour1_new.html HTTP/1.1" 404 2748 "-" "Mozilla/5.0 (compatible; Googlebot/2.1; +http://www.google.com/bot.html)"
66.249.65.169 - - [04/Apr/2009:13:58:25 +0200] "GET /bannnerz.html HTTP/1.1" 404 2748 "-" "Mozilla/5.0 (compatible; Googlebot/2.1; +http://www.google.com/bot.html)"
66.249.65.169 - - [04/Apr/2009:13:58:27 +0200] "GET /web.html HTTP/1.1" 404 2748 "-" "Mozilla/5.0 (compatible; Googlebot/2.1; +http://www.google.com/bot.html)"
66.249.65.169 - - [04/Apr/2009:13:58:29 +0200] "GET /euro.html HTTP/1.1" 404 2748 "-" "Mozilla/5.0 (compatible; Googlebot/2.1; +http://www.google.com/bot.html)"
66.249.65.169 - - [04/Apr/2009:14:03:51 +0200] "GET /logz.html HTTP/1.1" 404 2748 "-" "Mozilla/5.0 (compatible; Googlebot/2.1; +http://www.google.com/bot.html)"
66.249.65.169 - - [04/Apr/2009:14:10:16 +0200] "GET /contact.html HTTP/1.1" 404 2748 "-" "Mozilla/5.0 (compatible; Googlebot/2.1; +http://www.google.com/bot.html)"
66.249.65.169 - - [04/Apr/2009:14:16:17 +0200] "GET /channel1.html HTTP/1.1" 404 2748 "-" "Mozilla/5.0 (compatible; Googlebot/2.1; +http://www.google.com/bot.html)"
66.249.65.169 - - [04/Apr/2009:14:22:16 +0200] "GET /logz_old.html HTTP/1.1" 404 2748 "-" "Mozilla/5.0 (compatible; Googlebot/2.1; +http://www.google.com/bot.html)"
217.24.17.163 - - [04/Apr/2009:14:30:56 +0200] "GET /zampa/slike/S3VAMPIR.GIF HTTP/1.1" 200 55504 "http://www.various-euro.com/zampa/" "Mozilla/5.0 (Windows; U; Windows NT 5.1; en-US; rv:1.9.0.8) Gecko/2009032609 Firefox/3.0.8"
217.24.17.163 - - [04/Apr/2009:14:32:08 +0200] "GET /zampa/slike/S1TITEL.GIF HTTP/1.1" 200 15244 "http://www.various-euro.com/zampa/" "Mozilla/5.0 (Windows; U; Windows NT 5.1; en-US; rv:1.9.0.8) Gecko/2009032609 Firefox/3.0.8"
193.252.149.16 - - [04/Apr/2009:14:36:34 +0200] "GET /neon/girl-tv.html HTTP/1.1" 200 1717 "-" "Mozilla/5.0 (Windows; U; Windows NT 5.1; fr; rv:1.8.1) VoilaBot BETA 1.2 (support.voilabot@orange-ftgroup.com)"
217.24.17.163 - - [04/Apr/2009:14:46:37 +0200] "GET /zampa/slike/S2COPY.GIF HTTP/1.1" 200 12771 "http://www.various-euro.com/zampa/" "Mozilla/5.0 (Windows; U; Windows NT 5.1; en-US; rv:1.9.0.8) Gecko/2009032609 Firefox/3.0.8"
190.198.37.95 - - [04/Apr/2009:15:19:44 +0200] "GET /robots.txt HTTP/1.1" 304 - "-" "Touche (+http://www.touche.com.ve)"
190.198.37.95 - - [04/Apr/2009:15:19:45 +0200] "GET / HTTP/1.1" 200 7869 "-" "Touche (+http://www.touche.com.ve)"
217.24.17.163 - - [04/Apr/2009:15:23:51 +0200] "GET /zampa/slike/S8CURATO.GIF HTTP/1.1" 200 16968 "http://www.various-euro.com/zampa/" "Mozilla/5.0 (Windows; U; Windows NT 5.1; en-US; rv:1.9.0.8) Gecko/2009032609 Firefox/3.0.8"
217.24.17.163 - - [04/Apr/2009:15:24:07 +0200] "GET /zampa/slike/S4IRWIN.GIF HTTP/1.1" 200 54718 "http://www.various-euro.com/zampa/" "Mozilla/5.0 (Windows; U; Windows NT 5.1; en-US; rv:1.9.0.8) Gecko/2009032609 Firefox/3.0.8"
193.252.149.16 - - [04/Apr/2009:15:30:00 +0200] "GET /neon/large.html HTTP/1.1" 200 1547 "-" "Mozilla/5.0 (Windows; U; Windows NT 5.1; fr; rv:1.8.1) VoilaBot BETA 1.2 (support.voilabot@orange-ftgroup.com)"
67.195.37.170 - - [04/Apr/2009:15:47:41 +0200] "GET /f-search.html HTTP/1.0" 200 11800 "-" "Mozilla/5.0 (compatible; Yahoo! Slurp/3.0; http://help.yahoo.com/help/us/ysearch/slurp)"
193.252.149.14 - - [04/Apr/2009:15:48:36 +0200] "GET /neon/channel.html HTTP/1.1" 200 1942 "-" "Mozilla/5.0 (Windows; U; Windows NT 5.1; fr; rv:1.8.1) VoilaBot BETA 1.2 (support.voilabot@orange-ftgroup.com)"
65.55.211.166 - - [04/Apr/2009:15:51:48 +0200] "GET /robots.txt HTTP/1.1" 200 64 "-" "msnbot/1.1 (+http://search.msn.com/msnbot.htm)"
65.55.211.166 - - [04/Apr/2009:15:51:48 +0200] "GET /schubb/schubb-4.html HTTP/1.1" 200 17746 "-" "msnbot/1.1 (+http://search.msn.com/msnbot.htm)"
66.249.65.169 - - [04/Apr/2009:16:14:31 +0200] "GET /schubb/schubb-2.html HTTP/1.1" 200 16660 "-" "Mozilla/5.0 (compatible; Googlebot/2.1; +http://www.google.com/bot.html)"
72.55.191.6 - - [04/Apr/2009:17:10:27 +0200] "GET /sdepth/ShowImage.php?name=../../../../../../../../../etc/passwd%00 HTTP/1.1" 404 2748 "http://various-euro.com/sdepth/ShowImage.php?name=../../../../../../../../../etc/passwd%00" "Mozilla/4.0 (compatible; MSIE 6.0; Windows NT 5.1)"
72.55.191.6 - - [04/Apr/2009:17:10:27 +0200] "GET /view.php?file=../../../../../../../../etc/passwd%00 HTTP/1.1" 404 2748 "http://various-euro.com/view.php?file=../../../../../../../../etc/passwd%00" "Mozilla/4.0 (compatible; MSIE 6.0; Windows NT 5.1)"
66.249.65.169 - - [04/Apr/2009:17:18:42 +0200] "GET /schubb/schubb-2.html HTTP/1.1" 200 16660 "-" "Mozilla/5.0 (compatible; Googlebot/2.1; +http://www.google.com/bot.html)"
81.52.143.35 - - [04/Apr/2009:17:21:26 +0200] "GET /bmpp/18asi_2.html HTTP/1.1" 200 8674 "-" "Mozilla/5.0 (Windows; U; Windows NT 5.1; fr; rv:1.8.1) VoilaBot BETA 1.2 (support.voilabot@orange-ftgroup.com)"
198.145.116.13 - - [04/Apr/2009:17:23:09 +0200] "GET /f-search.html HTTP/1.0" 200 11800 "-" "Mozilla/4.0 (compatible; MSIE 6.0; Windows NT 5.0)"
81.52.143.16 - - [04/Apr/2009:17:30:14 +0200] "GET /bmpp/18_x.html HTTP/1.1" 200 1100 "-" "Mozilla/5.0 (Windows; U; Windows NT 5.1; fr; rv:1.8.1) VoilaBot BETA 1.2 (support.voilabot@orange-ftgroup.com)"
72.30.161.250 - - [04/Apr/2009:17:39:42 +0200] "GET /f-zeug.html HTTP/1.0" 200 48203 "-" "Mozilla/5.0 (compatible; Yahoo! Slurp/3.0; http://help.yahoo.com/help/us/ysearch/slurp)"
81.52.143.26 - - [04/Apr/2009:17:43:34 +0200] "GET /neon/annniiii.html HTTP/1.1" 200 686 "-" "Mozilla/5.0 (Windows; U; Windows NT 5.1; fr; rv:1.8.1) VoilaBot BETA 1.2 (support.voilabot@orange-ftgroup.com)"
66.249.65.169 - - [04/Apr/2009:17:48:07 +0200] "GET /robots.txt HTTP/1.1" 200 64 "-" "Mozilla/5.0 (compatible; Googlebot/2.1; +http://www.google.com/bot.html)"
66.249.65.169 - - [04/Apr/2009:17:48:07 +0200] "GET / HTTP/1.1" 200 7869 "-" "Mozilla/5.0 (compatible; Googlebot/2.1; +http://www.google.com/bot.html)"
67.195.37.170 - - [04/Apr/2009:17:51:23 +0200] "GET /logs/ HTTP/1.0" 200 10079 "-" "Mozilla/5.0 (compatible; Yahoo! Slurp; http://help.yahoo.com/help/us/ysearch/slurp)"
89.216.145.10 - - [04/Apr/2009:17:54:37 +0200] "GET /favicon.ico HTTP/1.1" 404 2748 "-" "Mozilla/4.0 (compatible; MSIE 7.0; Windows NT 5.1; .NET CLR 1.1.4322; .NET CLR 2.0.50727; InfoPath.1; .NET CLR 3.0.4506.2152; .NET CLR 3.5.30729)"
89.216.145.10 - - [04/Apr/2009:17:54:37 +0200] "GET /zampa/ HTTP/1.1" 200 7153 "http://co112w.col112.mail.live.com/mail/InboxLight.aspx?FolderID=00000000-0000-0000-0000-000000000001&InboxSortAscending=False&InboxSortBy=Date&n=583030629" "Mozilla/4.0 (compatible; MSIE 7.0; Windows NT 5.1; .NET CLR 1.1.4322; .NET CLR 2.0.50727; InfoPath.1; .NET CLR 3.0.4506.2152; .NET CLR 3.5.30729)"
89.216.145.10 - - [04/Apr/2009:17:54:37 +0200] "GET /zampa/slike/zampa.gif HTTP/1.1" 200 5310 "http://www.various-euro.com/zampa/" "Mozilla/4.0 (compatible; MSIE 7.0; Windows NT 5.1; .NET CLR 1.1.4322; .NET CLR 2.0.50727; InfoPath.1; .NET CLR 3.0.4506.2152; .NET CLR 3.5.30729)"
89.216.145.10 - - [04/Apr/2009:17:54:37 +0200] "GET /zampa/slike/udupetu.gif HTTP/1.1" 200 4138 "http://www.various-euro.com/zampa/" "Mozilla/4.0 (compatible; MSIE 7.0; Windows NT 5.1; .NET CLR 1.1.4322; .NET CLR 2.0.50727; InfoPath.1; .NET CLR 3.0.4506.2152; .NET CLR 3.5.30729)"
89.216.145.10 - - [04/Apr/2009:17:54:37 +0200] "GET /zampa/slike/inthearse.gif HTTP/1.1" 200 4077 "http://www.various-euro.com/zampa/" "Mozilla/4.0 (compatible; MSIE 7.0; Windows NT 5.1; .NET CLR 1.1.4322; .NET CLR 2.0.50727; InfoPath.1; .NET CLR 3.0.4506.2152; .NET CLR 3.5.30729)"
89.216.145.10 - - [04/Apr/2009:17:54:59 +0200] "GET /zampa/montenegro/index.html HTTP/1.1" 200 2651 "http://www.various-euro.com/zampa/" "Mozilla/4.0 (compatible; MSIE 7.0; Windows NT 5.1; .NET CLR 1.1.4322; .NET CLR 2.0.50727; InfoPath.1; .NET CLR 3.0.4506.2152; .NET CLR 3.5.30729)"
89.216.145.10 - - [04/Apr/2009:17:54:59 +0200] "GET /zampa/montenegro/slike/plakat.jpg HTTP/1.1" 200 47879 "http://www.various-euro.com/zampa/montenegro/index.html" "Mozilla/4.0 (compatible; MSIE 7.0; Windows NT 5.1; .NET CLR 1.1.4322; .NET CLR 2.0.50727; InfoPath.1; .NET CLR 3.0.4506.2152; .NET CLR 3.5.30729)"
67.195.37.123 - - [04/Apr/2009:17:56:33 +0200] "GET /robots.txt HTTP/1.0" 302 363 "-" "Mozilla/5.0 (compatible; Yahoo! Slurp; http://help.yahoo.com/help/us/ysearch/slurp)"
67.195.37.123 - - [04/Apr/2009:17:56:33 +0200] "GET /zampa/robots.txt HTTP/1.0" 404 2748 "-" "Mozilla/5.0 (compatible; Yahoo! Slurp; http://help.yahoo.com/help/us/ysearch/slurp)"
67.195.37.123 - - [04/Apr/2009:17:56:34 +0200] "GET / HTTP/1.0" 302 353 "-" "Mozilla/5.0 (compatible; Yahoo! Slurp/3.0; http://help.yahoo.com/help/us/ysearch/slurp)"
67.195.37.170 - - [04/Apr/2009:17:56:44 +0200] "GET /zampa/ HTTP/1.0" 200 7153 "-" "Mozilla/5.0 (compatible; Yahoo! Slurp/3.0; http://help.yahoo.com/help/us/ysearch/slurp)"
89.216.145.10 - - [04/Apr/2009:18:03:04 +0200] "GET /zampa/lybia/index.html HTTP/1.1" 200 3036 "http://www.various-euro.com/zampa/" "Mozilla/4.0 (compatible; MSIE 7.0; Windows NT 5.1; .NET CLR 1.1.4322; .NET CLR 2.0.50727; InfoPath.1; .NET CLR 3.0.4506.2152; .NET CLR 3.5.30729)"
89.216.145.10 - - [04/Apr/2009:18:03:04 +0200] "GET /zampa/lybia/slike/tele.jpg HTTP/1.1" 200 28022 "http://www.various-euro.com/zampa/lybia/index.html" "Mozilla/4.0 (compatible; MSIE 7.0; Windows NT 5.1; .NET CLR 1.1.4322; .NET CLR 2.0.50727; InfoPath.1; .NET CLR 3.0.4506.2152; .NET CLR 3.5.30729)"
89.216.145.10 - - [04/Apr/2009:18:03:33 +0200] "GET /zampa/wonderland/index.html HTTP/1.1" 200 2084 "http://www.various-euro.com/zampa/" "Mozilla/4.0 (compatible; MSIE 7.0; Windows NT 5.1; .NET CLR 1.1.4322; .NET CLR 2.0.50727; InfoPath.1; .NET CLR 3.0.4506.2152; .NET CLR 3.5.30729)"
89.216.145.10 - - [04/Apr/2009:18:03:33 +0200] "GET /zampa/wonderland/TWonder.gif HTTP/1.1" 200 76757 "http://www.various-euro.com/zampa/wonderland/index.html" "Mozilla/4.0 (compatible; MSIE 7.0; Windows NT 5.1; .NET CLR 1.1.4322; .NET CLR 2.0.50727; InfoPath.1; .NET CLR 3.0.4506.2152; .NET CLR 3.5.30729)"
89.216.145.10 - - [04/Apr/2009:18:06:29 +0200] "GET /zampa/montenegro/dajpare.html HTTP/1.1" 200 2503 "http://www.various-euro.com/zampa/" "Mozilla/4.0 (compatible; MSIE 7.0; Windows NT 5.1; .NET CLR 1.1.4322; .NET CLR 2.0.50727; InfoPath.1; .NET CLR 3.0.4506.2152; .NET CLR 3.5.30729)"
89.216.145.10 - - [04/Apr/2009:18:06:29 +0200] "GET /zampa/montenegro/slike/SEKAW.jpg HTTP/1.1" 200 2786 "http://www.various-euro.com/zampa/montenegro/dajpare.html" "Mozilla/4.0 (compatible; MSIE 7.0; Windows NT 5.1; .NET CLR 1.1.4322; .NET CLR 2.0.50727; InfoPath.1; .NET CLR 3.0.4506.2152; .NET CLR 3.5.30729)"
89.216.145.10 - - [04/Apr/2009:18:06:29 +0200] "GET /zampa/montenegro/slike/BATAW.jpg HTTP/1.1" 200 2631 "http://www.various-euro.com/zampa/montenegro/dajpare.html" "Mozilla/4.0 (compatible; MSIE 7.0; Windows NT 5.1; .NET CLR 1.1.4322; .NET CLR 2.0.50727; InfoPath.1; .NET CLR 3.0.4506.2152; .NET CLR 3.5.30729)"
89.216.145.10 - - [04/Apr/2009:18:06:29 +0200] "GET /zampa/montenegro/slike/TESLAW.jpg HTTP/1.1" 200 3770 "http://www.various-euro.com/zampa/montenegro/dajpare.html" "Mozilla/4.0 (compatible; MSIE 7.0; Windows NT 5.1; .NET CLR 1.1.4322; .NET CLR 2.0.50727; InfoPath.1; .NET CLR 3.0.4506.2152; .NET CLR 3.5.30729)"
89.216.145.10 - - [04/Apr/2009:18:06:29 +0200] "GET /zampa/montenegro/slike/ZMAJW.jpg HTTP/1.1" 200 4555 "http://www.various-euro.com/zampa/montenegro/dajpare.html" "Mozilla/4.0 (compatible; MSIE 7.0; Windows NT 5.1; .NET CLR 1.1.4322; .NET CLR 2.0.50727; InfoPath.1; .NET CLR 3.0.4506.2152; .NET CLR 3.5.30729)"
89.216.145.10 - - [04/Apr/2009:18:06:29 +0200] "GET /zampa/montenegro/slike/MILOW.jpg HTTP/1.1" 200 3823 "http://www.various-euro.com/zampa/montenegro/dajpare.html" "Mozilla/4.0 (compatible; MSIE 7.0; Windows NT 5.1; .NET CLR 1.1.4322; .NET CLR 2.0.50727; InfoPath.1; .NET CLR 3.0.4506.2152; .NET CLR 3.5.30729)"
89.216.145.10 - - [04/Apr/2009:18:07:08 +0200] "GET /zampa/slike/S1TITEL.GIF HTTP/1.1" 200 15244 "http://www.various-euro.com/zampa/" "Mozilla/4.0 (compatible; MSIE 7.0; Windows NT 5.1; .NET CLR 1.1.4322; .NET CLR 2.0.50727; InfoPath.1; .NET CLR 3.0.4506.2152; .NET CLR 3.5.30729)"
89.216.145.10 - - [04/Apr/2009:18:07:49 +0200] "GET /zampa/slike/S2COPY.GIF HTTP/1.1" 200 12771 "http://www.various-euro.com/zampa/" "Mozilla/4.0 (compatible; MSIE 7.0; Windows NT 5.1; .NET CLR 1.1.4322; .NET CLR 2.0.50727; InfoPath.1; .NET CLR 3.0.4506.2152; .NET CLR 3.5.30729)"
89.216.145.10 - - [04/Apr/2009:18:08:36 +0200] "GET /zampa/slike/S3VAMPIR.GIF HTTP/1.1" 200 55504 "http://www.various-euro.com/zampa/" "Mozilla/4.0 (compatible; MSIE 7.0; Windows NT 5.1; .NET CLR 1.1.4322; .NET CLR 2.0.50727; InfoPath.1; .NET CLR 3.0.4506.2152; .NET CLR 3.5.30729)"
72.30.161.250 - - [04/Apr/2009:18:10:04 +0200] "GET /f-rez.html HTTP/1.0" 200 9765 "-" "Mozilla/5.0 (compatible; Yahoo! Slurp/3.0; http://help.yahoo.com/help/us/ysearch/slurp)"
81.52.143.37 - - [04/Apr/2009:18:10:46 +0200] "GET /neon/left-one-new.html HTTP/1.1" 200 1483 "-" "Mozilla/5.0 (Windows; U; Windows NT 5.1; fr; rv:1.8.1) VoilaBot BETA 1.2 (support.voilabot@orange-ftgroup.com)"
89.216.145.10 - - [04/Apr/2009:18:11:51 +0200] "GET /zampa/slike/S4IRWIN.GIF HTTP/1.1" 200 54718 "http://www.various-euro.com/zampa/" "Mozilla/4.0 (compatible; MSIE 7.0; Windows NT 5.1; .NET CLR 1.1.4322; .NET CLR 2.0.50727; InfoPath.1; .NET CLR 3.0.4506.2152; .NET CLR 3.5.30729)"
89.216.145.10 - - [04/Apr/2009:18:13:13 +0200] "GET /zampa/slike/S5UROSTO.GIF HTTP/1.1" 200 45220 "http://www.various-euro.com/zampa/" "Mozilla/4.0 (compatible; MSIE 7.0; Windows NT 5.1; .NET CLR 1.1.4322; .NET CLR 2.0.50727; InfoPath.1; .NET CLR 3.0.4506.2152; .NET CLR 3.5.30729)"
65.55.211.166 - - [04/Apr/2009:18:13:20 +0200] "GET /framez-zampa-lovers.html HTTP/1.1" 200 4322 "-" "msnbot/1.1 (+http://search.msn.com/msnbot.htm)"
72.30.161.250 - - [04/Apr/2009:18:13:47 +0200] "GET /logs/usage_200703.html HTTP/1.0" 200 108444 "-" "Mozilla/5.0 (compatible; Yahoo! Slurp/3.0; http://help.yahoo.com/help/us/ysearch/slurp)"
72.30.161.250 - - [04/Apr/2009:18:13:50 +0200] "GET /logs/usage_200703.html HTTP/1.0" 200 108444 "-" "Mozilla/5.0 (compatible; Yahoo! Slurp/3.0; http://help.yahoo.com/help/us/ysearch/slurp)"
89.216.145.10 - - [04/Apr/2009:18:14:08 +0200] "GET /zampa/slike/S6BIENNI.GIF HTTP/1.1" 200 35877 "http://www.various-euro.com/zampa/" "Mozilla/4.0 (compatible; MSIE 7.0; Windows NT 5.1; .NET CLR 1.1.4322; .NET CLR 2.0.50727; InfoPath.1; .NET CLR 3.0.4506.2152; .NET CLR 3.5.30729)"
65.55.211.166 - - [04/Apr/2009:18:14:45 +0200] "GET /robots.txt HTTP/1.1" 200 64 "-" "msnbot/1.0 (+http://search.msn.com/msnbot.htm)"
65.55.211.166 - - [04/Apr/2009:18:14:45 +0200] "GET /frame-menu.html HTTP/1.1" 200 10536 "-" "msnbot/1.0 (+http://search.msn.com/msnbot.htm)"
65.55.211.166 - - [04/Apr/2009:18:14:46 +0200] "GET /zampa-lovers/index.html HTTP/1.1" 200 37790 "-" "msnbot/1.0 (+http://search.msn.com/msnbot.htm)"
65.55.211.166 - - [04/Apr/2009:18:14:46 +0200] "GET /frame-unten.html HTTP/1.1" 200 5308 "-" "msnbot/1.0 (+http://search.msn.com/msnbot.htm)"
89.216.145.10 - - [04/Apr/2009:18:14:57 +0200] "GET /zampa/slike/S7MEDIAA.GIF HTTP/1.1" 200 45793 "http://www.various-euro.com/zampa/" "Mozilla/4.0 (compatible; MSIE 7.0; Windows NT 5.1; .NET CLR 1.1.4322; .NET CLR 2.0.50727; InfoPath.1; .NET CLR 3.0.4506.2152; .NET CLR 3.5.30729)"
89.216.145.10 - - [04/Apr/2009:18:15:44 +0200] "GET /zampa/slike/S8CURATO.GIF HTTP/1.1" 200 16968 "http://www.various-euro.com/zampa/" "Mozilla/4.0 (compatible; MSIE 7.0; Windows NT 5.1; .NET CLR 1.1.4322; .NET CLR 2.0.50727; InfoPath.1; .NET CLR 3.0.4506.2152; .NET CLR 3.5.30729)"
66.249.65.169 - - [04/Apr/2009:18:38:19 +0200] "GET /robots.txt HTTP/1.1" 302 363 "-" "Mozilla/5.0 (compatible; Googlebot/2.1; +http://www.google.com/bot.html)"
66.249.65.169 - - [04/Apr/2009:18:38:19 +0200] "GET /zampa/robots.txt HTTP/1.1" 404 2748 "-" "Mozilla/5.0 (compatible; Googlebot/2.1; +http://www.google.com/bot.html)"
66.249.65.169 - - [04/Apr/2009:18:38:19 +0200] "GET / HTTP/1.1" 302 353 "-" "Mozilla/5.0 (compatible; Googlebot/2.1; +http://www.google.com/bot.html)"
66.249.65.169 - - [04/Apr/2009:18:38:19 +0200] "GET /zampa/ HTTP/1.1" 200 7153 "-" "Mozilla/5.0 (compatible; Googlebot/2.1; +http://www.google.com/bot.html)"
87.250.39.216 - - [04/Apr/2009:18:56:33 +0200] "GET /favicon.ico HTTP/1.1" 302 364 "-" "Mozilla/4.0 (compatible; GoogleToolbar 5.0.2124.6042; Windows XP 5.1; MSIE 7.0.5730.13)"
87.250.39.216 - - [04/Apr/2009:18:56:33 +0200] "GET /zampa/favicon.ico HTTP/1.1" 404 2748 "-" "Mozilla/4.0 (compatible; GoogleToolbar 5.0.2124.6042; Windows XP 5.1; MSIE 7.0.5730.13)"
87.250.39.216 - - [04/Apr/2009:18:56:33 +0200] "GET /favicon.gif HTTP/1.1" 302 364 "-" "Mozilla/4.0 (compatible; GoogleToolbar 5.0.2124.6042; Windows XP 5.1; MSIE 7.0.5730.13)"
87.250.39.216 - - [04/Apr/2009:18:56:33 +0200] "GET /zampa/favicon.gif HTTP/1.1" 404 2748 "-" "Mozilla/4.0 (compatible; GoogleToolbar 5.0.2124.6042; Windows XP 5.1; MSIE 7.0.5730.13)"
66.235.124.7 - - [04/Apr/2009:18:57:49 +0200] "GET /robots.txt HTTP/1.1" 200 64 "-" "Mozilla/5.0 (compatible; Ask Jeeves/Teoma; +http://about.ask.com/en/docs/about/webmasters.shtml)"
66.235.124.7 - - [04/Apr/2009:18:58:04 +0200] "GET /zampa-lovers/index.html HTTP/1.1" 200 37790 "-" "Mozilla/5.0 (compatible; Ask Jeeves/Teoma; +http://about.ask.com/en/docs/about/webmasters.shtml)"
72.30.161.250 - - [04/Apr/2009:19:01:04 +0200] "GET /rez/fisztfull.mp4 HTTP/1.0" 200 5973230 "-" "Mozilla/5.0 (compatible; Yahoo! Slurp/3.0; http://help.yahoo.com/help/us/ysearch/slurp)"
72.30.161.250 - - [04/Apr/2009:19:06:05 +0200] "GET /f-other.html HTTP/1.0" 200 33189 "-" "Mozilla/5.0 (compatible; Yahoo! Slurp/3.0; http://help.yahoo.com/help/us/ysearch/slurp)"
65.55.211.174 - - [04/Apr/2009:19:06:54 +0200] "GET /robots.txt HTTP/1.1" 200 64 "-" "msnbot/1.1 (+http://search.msn.com/msnbot.htm)"
65.55.211.174 - - [04/Apr/2009:19:06:55 +0200] "GET /restate_copy.html HTTP/1.1" 200 97631 "-" "msnbot/1.1 (+http://search.msn.com/msnbot.htm)"
67.195.37.170 - - [04/Apr/2009:19:48:57 +0200] "GET /robots.txt HTTP/1.0" 200 64 "-" "Mozilla/5.0 (compatible; Yahoo! Slurp; http://help.yahoo.com/help/us/ysearch/slurp)"
67.195.37.170 - - [04/Apr/2009:19:48:57 +0200] "GET /zampa/ HTTP/1.0" 200 7153 "-" "Mozilla/5.0 (compatible; Yahoo! Slurp/3.0; http://help.yahoo.com/help/us/ysearch/slurp)"
81.52.143.35 - - [04/Apr/2009:20:09:28 +0200] "GET /neon/warning2.html HTTP/1.1" 200 997 "-" "Mozilla/5.0 (Windows; U; Windows NT 5.1; fr; rv:1.8.1) VoilaBot BETA 1.2 (support.voilabot@orange-ftgroup.com)"
72.30.161.250 - - [04/Apr/2009:20:34:01 +0200] "GET /robots.txt HTTP/1.0" 200 64 "-" "Mozilla/5.0 (compatible; Yahoo! Slurp; http://help.yahoo.com/help/us/ysearch/slurp)"
67.195.37.170 - - [04/Apr/2009:21:01:56 +0200] "GET /schubb/schubb-2.html HTTP/1.0" 200 16660 "-" "Mozilla/5.0 (compatible; Yahoo! Slurp/3.0; http://help.yahoo.com/help/us/ysearch/slurp)"
72.30.81.180 - - [04/Apr/2009:21:12:18 +0200] "GET /robots.txt HTTP/1.0" 200 64 "-" "Mozilla/5.0 (compatible; Yahoo! Slurp; http://help.yahoo.com/help/us/ysearch/slurp)"
72.30.81.180 - - [04/Apr/2009:21:12:21 +0200] "GET /logs/usage_200701.html HTTP/1.0" 200 109268 "-" "Mozilla/5.0 (compatible; Yahoo! Slurp/3.0; http://help.yahoo.com/help/us/ysearch/slurp)"
66.249.65.169 - - [04/Apr/2009:21:34:19 +0200] "GET /f-rez.html HTTP/1.1" 200 9765 "-" "Mozilla/5.0 (compatible; Googlebot/2.1; +http://www.google.com/bot.html)"
66.249.65.169 - - [04/Apr/2009:21:35:25 +0200] "GET /frame-menu.html HTTP/1.1" 200 10536 "-" "Mozilla/5.0 (compatible; Googlebot/2.1; +http://www.google.com/bot.html)"
66.249.65.169 - - [04/Apr/2009:21:36:21 +0200] "GET /frame-unten.html HTTP/1.1" 200 5308 "-" "Mozilla/5.0 (compatible; Googlebot/2.1; +http://www.google.com/bot.html)"
66.249.65.169 - - [04/Apr/2009:21:37:23 +0200] "GET /frame-inhalt.html HTTP/1.1" 200 5418 "-" "Mozilla/5.0 (compatible; Googlebot/2.1; +http://www.google.com/bot.html)"
87.250.39.216 - - [04/Apr/2009:21:46:54 +0200] "GET /favicon.ico HTTP/1.1" 302 364 "-" "Mozilla/4.0 (compatible; GoogleToolbar 5.0.2124.6042; Windows XP 5.1; MSIE 7.0.5730.13)"
87.250.39.216 - - [04/Apr/2009:21:46:55 +0200] "GET /zampa/favicon.ico HTTP/1.1" 404 2748 "-" "Mozilla/4.0 (compatible; GoogleToolbar 5.0.2124.6042; Windows XP 5.1; MSIE 7.0.5730.13)"
87.250.39.216 - - [04/Apr/2009:21:46:55 +0200] "GET /favicon.gif HTTP/1.1" 302 364 "-" "Mozilla/4.0 (compatible; GoogleToolbar 5.0.2124.6042; Windows XP 5.1; MSIE 7.0.5730.13)"
87.250.39.216 - - [04/Apr/2009:21:46:55 +0200] "GET /zampa/favicon.gif HTTP/1.1" 404 2748 "-" "Mozilla/4.0 (compatible; GoogleToolbar 5.0.2124.6042; Windows XP 5.1; MSIE 7.0.5730.13)"
72.30.81.180 - - [04/Apr/2009:22:02:59 +0200] "GET /neon/europa.html HTTP/1.0" 200 389 "-" "Mozilla/5.0 (compatible; Yahoo! Slurp/3.0; http://help.yahoo.com/help/us/ysearch/slurp)"
67.195.37.170 - - [04/Apr/2009:22:08:48 +0200] "GET /f-net.html HTTP/1.0" 200 9913 "-" "Mozilla/5.0 (compatible; Yahoo! Slurp; http://help.yahoo.com/help/us/ysearch/slurp)"
87.250.39.216 - - [04/Apr/2009:22:17:59 +0200] "GET /favicon.ico HTTP/1.1" 302 364 "-" "Mozilla/4.0 (compatible; GoogleToolbar 5.0.2124.6042; Windows XP 5.1; MSIE 7.0.5730.13)"
87.250.39.216 - - [04/Apr/2009:22:17:59 +0200] "GET /zampa/favicon.ico HTTP/1.1" 404 2748 "-" "Mozilla/4.0 (compatible; GoogleToolbar 5.0.2124.6042; Windows XP 5.1; MSIE 7.0.5730.13)"
87.250.39.216 - - [04/Apr/2009:22:18:02 +0200] "GET /favicon.gif HTTP/1.1" 302 364 "-" "Mozilla/4.0 (compatible; GoogleToolbar 5.0.2124.6042; Windows XP 5.1; MSIE 7.0.5730.13)"
87.250.39.216 - - [04/Apr/2009:22:18:02 +0200] "GET /zampa/favicon.gif HTTP/1.1" 404 2748 "-" "Mozilla/4.0 (compatible; GoogleToolbar 5.0.2124.6042; Windows XP 5.1; MSIE 7.0.5730.13)"
65.55.211.171 - - [04/Apr/2009:22:31:32 +0200] "GET /robots.txt HTTP/1.1" 200 64 "-" "msnbot/1.1 (+http://search.msn.com/msnbot.htm)"
65.55.211.171 - - [04/Apr/2009:22:31:33 +0200] "GET /DgH/watch/index.html HTTP/1.1" 200 2028 "-" "msnbot/1.1 (+http://search.msn.com/msnbot.htm)"
66.235.124.61 - - [04/Apr/2009:22:45:37 +0200] "GET /robots.txt HTTP/1.1" 200 64 "-" "Mozilla/5.0 (compatible; Ask Jeeves/Teoma; +http://about.ask.com/en/docs/about/webmasters.shtml)"
66.235.124.61 - - [04/Apr/2009:22:45:52 +0200] "GET /framez_0.html HTTP/1.1" 200 12444 "-" "Mozilla/5.0 (compatible; Ask Jeeves/Teoma; +http://about.ask.com/en/docs/about/webmasters.shtml)"
94.160.133.243 - - [04/Apr/2009:23:05:06 +0200] "GET / HTTP/1.1" 302 353 "http://www.google.it/search?hl=it&q=zampa+leone&meta=" "Mozilla/4.0 (compatible; MSIE 7.0; Windows NT 5.1; Mozilla/4.0 (compatible; MSIE 6.0; Windows NT 5.1; SV1) ; .NET CLR 1.0.3705; .NET CLR 1.1.4322; Media Center PC 4.0; .NET CLR 2.0.50727; InfoPath.1)"
94.160.133.243 - - [04/Apr/2009:23:05:08 +0200] "GET /zampa/ HTTP/1.1" 200 7153 "http://www.google.it/search?hl=it&q=zampa+leone&meta=" "Mozilla/4.0 (compatible; MSIE 7.0; Windows NT 5.1; Mozilla/4.0 (compatible; MSIE 6.0; Windows NT 5.1; SV1) ; .NET CLR 1.0.3705; .NET CLR 1.1.4322; Media Center PC 4.0; .NET CLR 2.0.50727; InfoPath.1)"
94.160.133.243 - - [04/Apr/2009:23:05:09 +0200] "GET /zampa/slike/zampa.gif HTTP/1.1" 200 5310 "http://www.various-euro.com/zampa/" "Mozilla/4.0 (compatible; MSIE 7.0; Windows NT 5.1; Mozilla/4.0 (compatible; MSIE 6.0; Windows NT 5.1; SV1) ; .NET CLR 1.0.3705; .NET CLR 1.1.4322; Media Center PC 4.0; .NET CLR 2.0.50727; InfoPath.1)"
94.160.133.243 - - [04/Apr/2009:23:05:09 +0200] "GET /zampa/slike/udupetu.gif HTTP/1.1" 200 4138 "http://www.various-euro.com/zampa/" "Mozilla/4.0 (compatible; MSIE 7.0; Windows NT 5.1; Mozilla/4.0 (compatible; MSIE 6.0; Windows NT 5.1; SV1) ; .NET CLR 1.0.3705; .NET CLR 1.1.4322; Media Center PC 4.0; .NET CLR 2.0.50727; InfoPath.1)"
94.160.133.243 - - [04/Apr/2009:23:05:09 +0200] "GET /zampa/slike/inthearse.gif HTTP/1.1" 200 4077 "http://www.various-euro.com/zampa/" "Mozilla/4.0 (compatible; MSIE 7.0; Windows NT 5.1; Mozilla/4.0 (compatible; MSIE 6.0; Windows NT 5.1; SV1) ; .NET CLR 1.0.3705; .NET CLR 1.1.4322; Media Center PC 4.0; .NET CLR 2.0.50727; InfoPath.1)"
94.160.133.243 - - [04/Apr/2009:23:05:10 +0200] "GET /favicon.ico HTTP/1.1" 404 2748 "-" "Mozilla/4.0 (compatible; MSIE 7.0; Windows NT 5.1; Mozilla/4.0 (compatible; MSIE 6.0; Windows NT 5.1; SV1) ; .NET CLR 1.0.3705; .NET CLR 1.1.4322; Media Center PC 4.0; .NET CLR 2.0.50727; InfoPath.1)"
66.235.124.7 - - [04/Apr/2009:23:07:10 +0200] "GET /framez-rez.html HTTP/1.1" 200 4323 "-" "Mozilla/5.0 (compatible; Ask Jeeves/Teoma; +http://about.ask.com/en/docs/about/webmasters.shtml)"
66.235.124.7 - - [04/Apr/2009:23:07:11 +0200] "GET /frame-menu.html HTTP/1.1" 200 10536 "-" "Mozilla/5.0 (compatible; Ask Jeeves/Teoma; +http://about.ask.com/en/docs/about/webmasters.shtml)"
66.235.124.7 - - [04/Apr/2009:23:07:11 +0200] "GET /f-rez.html HTTP/1.1" 200 9765 "-" "Mozilla/5.0 (compatible; Ask Jeeves/Teoma; +http://about.ask.com/en/docs/about/webmasters.shtml)"
66.235.124.7 - - [04/Apr/2009:23:07:11 +0200] "GET /frame-unten.html HTTP/1.1" 200 5308 "-" "Mozilla/5.0 (compatible; Ask Jeeves/Teoma; +http://about.ask.com/en/docs/about/webmasters.shtml)"
61.247.221.93 - - [04/Apr/2009:23:18:45 +0200] "GET /robots.txt HTTP/1.1" 200 64 "-" "Mozilla/4.0 (compatible; NaverBot/1.0; http://help.naver.com/customer_webtxt_02.jsp)"
61.247.221.93 - - [04/Apr/2009:23:18:46 +0200] "GET / HTTP/1.1" 200 7869 "-" "Mozilla/4.0 (compatible; NaverBot/1.0; http://help.naver.com/customer_webtxt_02.jsp)"
87.250.39.216 - - [04/Apr/2009:23:26:33 +0200] "GET /favicon.ico HTTP/1.1" 302 364 "-" "Mozilla/4.0 (compatible; GoogleToolbar 5.0.2124.6042; Windows XP 5.1; MSIE 7.0.5730.13)"
87.250.39.216 - - [04/Apr/2009:23:26:34 +0200] "GET /zampa/favicon.ico HTTP/1.1" 404 2748 "-" "Mozilla/4.0 (compatible; GoogleToolbar 5.0.2124.6042; Windows XP 5.1; MSIE 7.0.5730.13)"
87.250.39.216 - - [04/Apr/2009:23:26:34 +0200] "GET /favicon.gif HTTP/1.1" 302 364 "-" "Mozilla/4.0 (compatible; GoogleToolbar 5.0.2124.6042; Windows XP 5.1; MSIE 7.0.5730.13)"
87.250.39.216 - - [04/Apr/2009:23:26:34 +0200] "GET /zampa/favicon.gif HTTP/1.1" 404 2748 "-" "Mozilla/4.0 (compatible; GoogleToolbar 5.0.2124.6042; Windows XP 5.1; MSIE 7.0.5730.13)"
72.30.81.180 - - [04/Apr/2009:23:33:10 +0200] "GET /f-euro.html HTTP/1.0" 200 12203 "-" "Mozilla/5.0 (compatible; Yahoo! Slurp/3.0; http://help.yahoo.com/help/us/ysearch/slurp)"
208.36.144.10 - - [04/Apr/2009:23:39:15 +0200] "GET /robots.txt HTTP/1.0" 200 64 "-" "Mozilla/5.0 (Twiceler-0.9 http://www.cuil.com/twiceler/robot.html)"
65.55.211.161 - - [04/Apr/2009:23:41:48 +0200] "GET /robots.txt HTTP/1.1" 200 64 "-" "msnbot/1.1 (+http://search.msn.com/msnbot.htm)"
65.55.211.161 - - [04/Apr/2009:23:41:48 +0200] "GET /DgH/watch/ HTTP/1.1" 200 2028 "-" "msnbot/1.1 (+http://search.msn.com/msnbot.htm)"
89.78.225.254 - - [04/Apr/2009:23:58:10 +0200] "GET / HTTP/1.1" 200 7869 "http://www.randomwebsite.com/" "Mozilla/5.0 (Windows; U; Windows NT 5.1; pl; rv:1.9.0.5) Gecko/2008120122 Firefox/3.0.5 (.NET CLR 3.5.30729)"
89.78.225.254 - - [04/Apr/2009:23:58:10 +0200] "GET /style/various-euro.css HTTP/1.1" 200 3437 "http://www.various-euro.com/" "Mozilla/5.0 (Windows; U; Windows NT 5.1; pl; rv:1.9.0.5) Gecko/2008120122 Firefox/3.0.5 (.NET CLR 3.5.30729)"
89.78.225.254 - - [04/Apr/2009:23:58:11 +0200] "GET /ve-icon-2.ico HTTP/1.1" 200 2238 "-" "Mozilla/5.0 (Windows; U; Windows NT 5.1; pl; rv:1.9.0.5) Gecko/2008120122 Firefox/3.0.5 (.NET CLR 3.5.30729)"
64.1.215.165 - - [04/Apr/2009:23:58:27 +0200] "GET /robots.txt HTTP/1.0" 200 64 "-" "Mozilla/5.0 (Twiceler-0.9 http://www.cuil.com/twiceler/robot.html)"
65.55.211.163 - - [04/Apr/2009:23:59:29 +0200] "GET /robots.txt HTTP/1.1" 200 64 "-" "msnbot/1.1 (+http://search.msn.com/msnbot.htm)"
65.55.211.163 - - [04/Apr/2009:23:59:29 +0200] "GET /f-logz_old.html HTTP/1.1" 200 43773 "-" "msnbot/1.1 (+http://search.msn.com/msnbot.htm)"
193.252.149.16 - - [05/Apr/2009:00:12:51 +0200] "GET / HTTP/1.1" 200 7869 "-" "Mozilla/5.0 (Windows; U; Windows NT 5.1; fr; rv:1.8.1) VoilaBot BETA 1.2 (support.voilabot@orange-ftgroup.com)"
72.30.81.180 - - [05/Apr/2009:00:14:44 +0200] "GET /bmpp/18.html HTTP/1.0" 200 4467 "-" "Mozilla/5.0 (compatible; Yahoo! Slurp/3.0; http://help.yahoo.com/help/us/ysearch/slurp)"
81.52.143.16 - - [05/Apr/2009:00:25:30 +0200] "GET /frame-unten.html HTTP/1.1" 200 5308 "-" "Mozilla/5.0 (Windows; U; Windows NT 5.1; fr; rv:1.8.1) VoilaBot BETA 1.2 (support.voilabot@orange-ftgroup.com)"
193.252.149.16 - - [05/Apr/2009:00:31:23 +0200] "GET /frame-inhalt.html HTTP/1.1" 200 5418 "-" "Mozilla/5.0 (Windows; U; Windows NT 5.1; fr; rv:1.8.1) VoilaBot BETA 1.2 (support.voilabot@orange-ftgroup.com)"
66.235.124.102 - - [05/Apr/2009:00:40:10 +0200] "GET /robots.txt HTTP/1.1" 200 64 "-" "Mozilla/5.0 (compatible; Ask Jeeves/Teoma; +http://about.ask.com/en/docs/about/webmasters.shtml)"
66.235.124.102 - - [05/Apr/2009:00:40:25 +0200] "GET /neon/girlz2.html HTTP/1.1" 200 2937 "-" "Mozilla/5.0 (compatible; Ask Jeeves/Teoma; +http://about.ask.com/en/docs/about/webmasters.shtml)"
66.235.124.89 - - [05/Apr/2009:00:40:26 +0200] "GET /robots.txt HTTP/1.1" 200 64 "-" "Mozilla/5.0 (compatible; Ask Jeeves/Teoma; +http://about.ask.com/en/docs/about/webmasters.shtml)"
66.235.124.89 - - [05/Apr/2009:00:40:41 +0200] "GET /framez-girlz.html HTTP/1.1" 200 4271 "-" "Mozilla/5.0 (compatible; Ask Jeeves/Teoma; +http://about.ask.com/en/docs/about/webmasters.shtml)"
66.235.124.89 - - [05/Apr/2009:00:40:41 +0200] "GET /frame-menu.html HTTP/1.1" 200 10536 "-" "Mozilla/5.0 (compatible; Ask Jeeves/Teoma; +http://about.ask.com/en/docs/about/webmasters.shtml)"
66.235.124.89 - - [05/Apr/2009:00:40:42 +0200] "GET /neon/girlz2.html HTTP/1.1" 200 2937 "-" "Mozilla/5.0 (compatible; Ask Jeeves/Teoma; +http://about.ask.com/en/docs/about/webmasters.shtml)"
66.235.124.89 - - [05/Apr/2009:00:40:42 +0200] "GET /frame-unten.html HTTP/1.1" 200 5308 "-" "Mozilla/5.0 (compatible; Ask Jeeves/Teoma; +http://about.ask.com/en/docs/about/webmasters.shtml)"
66.235.124.89 - - [05/Apr/2009:00:40:43 +0200] "GET /framez.html HTTP/1.1" 200 3959 "-" "Mozilla/5.0 (compatible; Ask Jeeves/Teoma; +http://about.ask.com/en/docs/about/webmasters.shtml)"
66.235.124.89 - - [05/Apr/2009:00:40:43 +0200] "GET /framez.html HTTP/1.1" 200 3959 "-" "Mozilla/5.0 (compatible; Ask Jeeves/Teoma; +http://about.ask.com/en/docs/about/webmasters.shtml)"
