65.55.104.21 - - [17/Apr/2009:08:41:14 +0200] "GET / HTTP/1.1" 200 7869 "-" "msnbot/1.1 (+http://search.msn.com/msnbot.htm)"
74.6.17.167 - - [17/Apr/2009:09:01:46 +0200] "GET /biggtani.html HTTP/1.0" 404 2748 "-" "Mozilla/5.0 (compatible; Yahoo! Slurp/3.0; http://help.yahoo.com/help/us/ysearch/slurp)"
189.137.153.218 - - [17/Apr/2009:09:43:28 +0200] "GET http://various-euro.com/index.php?gal=../../../../../../../../../etc/passwd HTTP/1.0" 404 2748 "http://various-euro.com/index.php?gal=../../../../../../../../../etc/passwd" "Mozilla/4.0 (compatible; MSIE 6.0; Windows NT 5.1)"
74.6.17.167 - - [17/Apr/2009:09:45:50 +0200] "GET /3dsf3/sendi/index.html HTTP/1.0" 200 1837 "-" "Mozilla/5.0 (compatible; Yahoo! Slurp/3.0; http://help.yahoo.com/help/us/ysearch/slurp)"
74.6.17.167 - - [17/Apr/2009:09:45:50 +0200] "GET /3dsf3/sendi/formate.css HTTP/1.0" 200 474 "http://www.various-euro.com/3dsf3/sendi/index.html" "Mozilla/5.0 (compatible; Yahoo! Slurp/3.0; http://help.yahoo.com/help/us/ysearch/slurp)"
66.249.65.169 - - [17/Apr/2009:10:45:26 +0200] "GET /neon/euro.html HTTP/1.1" 200 2212 "-" "Mozilla/5.0 (compatible; Googlebot/2.1; +http://www.google.com/bot.html)"
66.249.65.169 - - [17/Apr/2009:10:45:27 +0200] "GET /bmpp/euro_pal_111.html HTTP/1.1" 200 2129 "-" "Mozilla/5.0 (compatible; Googlebot/2.1; +http://www.google.com/bot.html)"
66.249.65.169 - - [17/Apr/2009:10:45:28 +0200] "GET /f-world.html HTTP/1.1" 200 35590 "-" "Mozilla/5.0 (compatible; Googlebot/2.1; +http://www.google.com/bot.html)"
66.249.65.169 - - [17/Apr/2009:10:45:28 +0200] "GET /f-warez.html HTTP/1.1" 200 10953 "-" "Mozilla/5.0 (compatible; Googlebot/2.1; +http://www.google.com/bot.html)"
66.249.65.169 - - [17/Apr/2009:10:46:52 +0200] "GET /f-net.html HTTP/1.1" 200 9913 "-" "Mozilla/5.0 (compatible; Googlebot/2.1; +http://www.google.com/bot.html)"
66.249.65.169 - - [17/Apr/2009:10:48:23 +0200] "GET /f-web.html HTTP/1.1" 200 13605 "-" "Mozilla/5.0 (compatible; Googlebot/2.1; +http://www.google.com/bot.html)"
66.249.65.169 - - [17/Apr/2009:10:49:53 +0200] "GET /f-euro.html HTTP/1.1" 200 12203 "-" "Mozilla/5.0 (compatible; Googlebot/2.1; +http://www.google.com/bot.html)"
66.249.65.169 - - [17/Apr/2009:10:51:24 +0200] "GET /f-zeug.html HTTP/1.1" 200 48203 "-" "Mozilla/5.0 (compatible; Googlebot/2.1; +http://www.google.com/bot.html)"
74.6.17.167 - - [17/Apr/2009:10:51:32 +0200] "GET /neon/euro.html HTTP/1.0" 200 2212 "-" "Mozilla/5.0 (compatible; Yahoo! Slurp/3.0; http://help.yahoo.com/help/us/ysearch/slurp)"
66.249.65.169 - - [17/Apr/2009:10:53:00 +0200] "GET /f-other.html HTTP/1.1" 200 33189 "-" "Mozilla/5.0 (compatible; Googlebot/2.1; +http://www.google.com/bot.html)"
66.249.65.169 - - [17/Apr/2009:10:54:25 +0200] "GET /f-search.html HTTP/1.1" 200 11800 "-" "Mozilla/5.0 (compatible; Googlebot/2.1; +http://www.google.com/bot.html)"
66.249.65.169 - - [17/Apr/2009:10:55:56 +0200] "GET /f-actions.html HTTP/1.1" 200 11686 "-" "Mozilla/5.0 (compatible; Googlebot/2.1; +http://www.google.com/bot.html)"
66.249.65.169 - - [17/Apr/2009:10:57:27 +0200] "GET /your_tour.html HTTP/1.1" 200 29704 "-" "Mozilla/5.0 (compatible; Googlebot/2.1; +http://www.google.com/bot.html)"
66.249.65.169 - - [17/Apr/2009:10:58:57 +0200] "GET /f-contact.html HTTP/1.1" 200 6804 "-" "Mozilla/5.0 (compatible; Googlebot/2.1; +http://www.google.com/bot.html)"
66.249.65.169 - - [17/Apr/2009:11:00:28 +0200] "GET /f-bannnerz.html HTTP/1.1" 200 12651 "-" "Mozilla/5.0 (compatible; Googlebot/2.1; +http://www.google.com/bot.html)"
66.249.65.169 - - [17/Apr/2009:11:02:04 +0200] "GET /f-channel1.html HTTP/1.1" 200 8471 "-" "Mozilla/5.0 (compatible; Googlebot/2.1; +http://www.google.com/bot.html)"
66.249.65.169 - - [17/Apr/2009:11:03:29 +0200] "GET /sendi_agent.html HTTP/1.1" 200 6213 "-" "Mozilla/5.0 (compatible; Googlebot/2.1; +http://www.google.com/bot.html)"
66.249.65.169 - - [17/Apr/2009:11:05:00 +0200] "GET /f-maintitle.html HTTP/1.1" 200 5030 "-" "Mozilla/5.0 (compatible; Googlebot/2.1; +http://www.google.com/bot.html)"
66.249.65.169 - - [17/Apr/2009:11:06:31 +0200] "GET /f-doku-brau.html HTTP/1.1" 200 7152 "-" "Mozilla/5.0 (compatible; Googlebot/2.1; +http://www.google.com/bot.html)"
81.52.143.33 - - [17/Apr/2009:11:07:26 +0200] "GET /neon/girlz2.html HTTP/1.1" 200 2937 "-" "Mozilla/5.0 (Windows; U; Windows NT 5.1; fr; rv:1.8.1) VoilaBot BETA 1.2 (support.voilabot@orange-ftgroup.com)"
87.250.39.216 - - [17/Apr/2009:11:07:40 +0200] "GET /favicon.ico HTTP/1.1" 302 364 "-" "Mozilla/4.0 (compatible; GoogleToolbar 5.0.2124.6042; Windows XP 5.1; MSIE 7.0.5730.13)"
87.250.39.216 - - [17/Apr/2009:11:07:40 +0200] "GET /zampa/favicon.ico HTTP/1.1" 404 2748 "-" "Mozilla/4.0 (compatible; GoogleToolbar 5.0.2124.6042; Windows XP 5.1; MSIE 7.0.5730.13)"
87.250.39.216 - - [17/Apr/2009:11:07:40 +0200] "GET /favicon.gif HTTP/1.1" 302 364 "-" "Mozilla/4.0 (compatible; GoogleToolbar 5.0.2124.6042; Windows XP 5.1; MSIE 7.0.5730.13)"
87.250.39.216 - - [17/Apr/2009:11:07:40 +0200] "GET /zampa/favicon.gif HTTP/1.1" 404 2748 "-" "Mozilla/4.0 (compatible; GoogleToolbar 5.0.2124.6042; Windows XP 5.1; MSIE 7.0.5730.13)"
66.249.65.169 - - [17/Apr/2009:11:08:02 +0200] "GET /restate_copy.html HTTP/1.1" 200 97631 "-" "Mozilla/5.0 (compatible; Googlebot/2.1; +http://www.google.com/bot.html)"
66.249.65.169 - - [17/Apr/2009:11:09:33 +0200] "GET /f-horrorkatze.html HTTP/1.1" 200 7865 "-" "Mozilla/5.0 (compatible; Googlebot/2.1; +http://www.google.com/bot.html)"
66.249.65.169 - - [17/Apr/2009:11:11:07 +0200] "GET /partnergegenberlin.html HTTP/1.1" 200 5022 "-" "Mozilla/5.0 (compatible; Googlebot/2.1; +http://www.google.com/bot.html)"
66.249.65.169 - - [17/Apr/2009:11:21:28 +0200] "GET /bmpp/euro_pal_1.html HTTP/1.1" 200 18252 "-" "Mozilla/5.0 (compatible; Googlebot/2.1; +http://www.google.com/bot.html)"
66.249.65.169 - - [17/Apr/2009:11:32:20 +0200] "GET /schubb/schubb-1.html HTTP/1.1" 200 9070 "-" "Mozilla/5.0 (compatible; Googlebot/2.1; +http://www.google.com/bot.html)"
74.6.17.167 - - [17/Apr/2009:11:32:21 +0200] "GET /logs/usage_200702.html HTTP/1.0" 200 107861 "-" "Mozilla/5.0 (compatible; Yahoo! Slurp/3.0; http://help.yahoo.com/help/us/ysearch/slurp)"
74.6.17.167 - - [17/Apr/2009:11:32:22 +0200] "GET /logs/usage_200702.html HTTP/1.0" 200 107861 "-" "Mozilla/5.0 (compatible; Yahoo! Slurp/3.0; http://help.yahoo.com/help/us/ysearch/slurp)"
66.249.65.169 - - [17/Apr/2009:12:03:52 +0200] "GET /logs/usage_200904.html HTTP/1.1" 404 2748 "-" "Mozilla/5.0 (compatible; Googlebot/2.1; +http://www.google.com/bot.html)"
193.47.80.51 - - [17/Apr/2009:12:05:10 +0200] "GET /robots.txt HTTP/1.1" 200 64 "-" "Mozilla/5.0 (compatible; Exabot/3.0; +http://www.exabot.com/go/robot)"
193.47.80.51 - - [17/Apr/2009:12:05:10 +0200] "GET / HTTP/1.1" 200 7869 "-" "Mozilla/5.0 (compatible; Exabot/3.0; +http://www.exabot.com/go/robot)"
87.250.39.216 - - [17/Apr/2009:12:10:46 +0200] "GET /favicon.ico HTTP/1.1" 302 364 "-" "Mozilla/4.0 (compatible; GoogleToolbar 5.0.2124.6042; Windows XP 5.1; MSIE 7.0.5730.13)"
87.250.39.216 - - [17/Apr/2009:12:10:46 +0200] "GET /zampa/favicon.ico HTTP/1.1" 404 2748 "-" "Mozilla/4.0 (compatible; GoogleToolbar 5.0.2124.6042; Windows XP 5.1; MSIE 7.0.5730.13)"
87.250.39.216 - - [17/Apr/2009:12:10:46 +0200] "GET /favicon.gif HTTP/1.1" 302 364 "-" "Mozilla/4.0 (compatible; GoogleToolbar 5.0.2124.6042; Windows XP 5.1; MSIE 7.0.5730.13)"
87.250.39.216 - - [17/Apr/2009:12:10:46 +0200] "GET /zampa/favicon.gif HTTP/1.1" 404 2748 "-" "Mozilla/4.0 (compatible; GoogleToolbar 5.0.2124.6042; Windows XP 5.1; MSIE 7.0.5730.13)"
219.142.53.19 - - [17/Apr/2009:12:14:39 +0200] "GET /robots.txt HTTP/1.0" 200 64 "-" "renlifangbot/1.0 (+http://search.msn.com/msnbot.htm)"
219.142.53.29 - - [17/Apr/2009:12:14:40 +0200] "GET /logs/usage_200709.html HTTP/1.0" 200 110974 "-" "renlifangbot/1.0 (+http://search.msn.com/msnbot.htm)"
74.6.17.167 - - [17/Apr/2009:12:26:17 +0200] "GET /partnergegenberlin.html HTTP/1.0" 200 5022 "-" "Mozilla/5.0 (compatible; Yahoo! Slurp/3.0; http://help.yahoo.com/help/us/ysearch/slurp)"
74.6.17.167 - - [17/Apr/2009:12:27:41 +0200] "GET /zampa/montenegro/BATAW.html HTTP/1.0" 200 860 "-" "Mozilla/5.0 (compatible; Yahoo! Slurp/3.0; http://help.yahoo.com/help/us/ysearch/slurp)"
81.18.61.154 - - [17/Apr/2009:12:32:21 +0200] "GET / HTTP/1.1" 200 7869 "http://www.facebook.com/reqs.php" "Mozilla/5.0 (Windows; U; Windows NT 5.1; en-US; rv:1.9.0.8) Gecko/2009032609 Firefox/3.0.8"
81.18.61.154 - - [17/Apr/2009:12:32:21 +0200] "GET /ve-icon-2.ico HTTP/1.1" 200 2238 "-" "Mozilla/5.0 (Windows; U; Windows NT 5.1; en-US; rv:1.9.0.8) Gecko/2009032609 Firefox/3.0.8"
81.18.61.154 - - [17/Apr/2009:12:32:21 +0200] "GET /style/various-euro.css HTTP/1.1" 200 3437 "http://www.various-euro.com/" "Mozilla/5.0 (Windows; U; Windows NT 5.1; en-US; rv:1.9.0.8) Gecko/2009032609 Firefox/3.0.8"
81.18.61.154 - - [17/Apr/2009:12:32:21 +0200] "GET /framez_0.html HTTP/1.1" 200 12444 "http://www.various-euro.com/" "Mozilla/5.0 (Windows; U; Windows NT 5.1; en-US; rv:1.9.0.8) Gecko/2009032609 Firefox/3.0.8"
81.18.61.154 - - [17/Apr/2009:12:32:24 +0200] "GET /framez.html HTTP/1.1" 200 3959 "http://www.various-euro.com/framez_0.html" "Mozilla/5.0 (Windows; U; Windows NT 5.1; en-US; rv:1.9.0.8) Gecko/2009032609 Firefox/3.0.8"
81.18.61.154 - - [17/Apr/2009:12:32:24 +0200] "GET /frame-menu.html HTTP/1.1" 200 10536 "http://www.various-euro.com/framez.html" "Mozilla/5.0 (Windows; U; Windows NT 5.1; en-US; rv:1.9.0.8) Gecko/2009032609 Firefox/3.0.8"
81.18.61.154 - - [17/Apr/2009:12:32:24 +0200] "GET /frame-inhalt.html HTTP/1.1" 200 5418 "http://www.various-euro.com/framez.html" "Mozilla/5.0 (Windows; U; Windows NT 5.1; en-US; rv:1.9.0.8) Gecko/2009032609 Firefox/3.0.8"
81.18.61.154 - - [17/Apr/2009:12:32:24 +0200] "GET /frame-unten.html HTTP/1.1" 200 5308 "http://www.various-euro.com/framez.html" "Mozilla/5.0 (Windows; U; Windows NT 5.1; en-US; rv:1.9.0.8) Gecko/2009032609 Firefox/3.0.8"
81.18.61.154 - - [17/Apr/2009:12:32:25 +0200] "GET /bannerz/ve.jpg HTTP/1.1" 200 36912 "http://www.various-euro.com/frame-unten.html" "Mozilla/5.0 (Windows; U; Windows NT 5.1; en-US; rv:1.9.0.8) Gecko/2009032609 Firefox/3.0.8"
81.18.61.154 - - [17/Apr/2009:12:32:25 +0200] "GET /bannerz/various-euro-girl.jpg HTTP/1.1" 200 91514 "http://www.various-euro.com/frame-unten.html" "Mozilla/5.0 (Windows; U; Windows NT 5.1; en-US; rv:1.9.0.8) Gecko/2009032609 Firefox/3.0.8"
81.18.61.154 - - [17/Apr/2009:12:32:26 +0200] "GET /bannerz/neon_click_3.gif HTTP/1.1" 200 240 "http://www.various-euro.com/frame-inhalt.html" "Mozilla/5.0 (Windows; U; Windows NT 5.1; en-US; rv:1.9.0.8) Gecko/2009032609 Firefox/3.0.8"
81.18.61.154 - - [17/Apr/2009:12:32:26 +0200] "GET /bannerz/google/Logo_40blk.gif HTTP/1.1" 200 2308 "http://www.various-euro.com/frame-inhalt.html" "Mozilla/5.0 (Windows; U; Windows NT 5.1; en-US; rv:1.9.0.8) Gecko/2009032609 Firefox/3.0.8"
81.18.61.154 - - [17/Apr/2009:12:32:27 +0200] "GET /bannerz/neon_click_2.gif HTTP/1.1" 200 387 "http://www.various-euro.com/frame-inhalt.html" "Mozilla/5.0 (Windows; U; Windows NT 5.1; en-US; rv:1.9.0.8) Gecko/2009032609 Firefox/3.0.8"
81.18.61.154 - - [17/Apr/2009:12:32:27 +0200] "GET /eurosign3.gif HTTP/1.1" 200 7879 "http://www.various-euro.com/frame-inhalt.html" "Mozilla/5.0 (Windows; U; Windows NT 5.1; en-US; rv:1.9.0.8) Gecko/2009032609 Firefox/3.0.8"
81.18.61.154 - - [17/Apr/2009:12:32:27 +0200] "GET /bannerz/neon_click_1.gif HTTP/1.1" 200 890 "http://www.various-euro.com/frame-inhalt.html" "Mozilla/5.0 (Windows; U; Windows NT 5.1; en-US; rv:1.9.0.8) Gecko/2009032609 Firefox/3.0.8"
81.18.61.154 - - [17/Apr/2009:12:32:27 +0200] "GET /bannerz/douwil.gif HTTP/1.1" 200 528 "http://www.various-euro.com/frame-inhalt.html" "Mozilla/5.0 (Windows; U; Windows NT 5.1; en-US; rv:1.9.0.8) Gecko/2009032609 Firefox/3.0.8"
81.18.61.154 - - [17/Apr/2009:12:32:27 +0200] "GET /bannerz/anti_black_small.gif HTTP/1.1" 200 1009 "http://www.various-euro.com/frame-inhalt.html" "Mozilla/5.0 (Windows; U; Windows NT 5.1; en-US; rv:1.9.0.8) Gecko/2009032609 Firefox/3.0.8"
81.18.61.154 - - [17/Apr/2009:12:32:26 +0200] "GET /bannerz/goolag_468.jpg HTTP/1.1" 200 28285 "http://www.various-euro.com/frame-inhalt.html" "Mozilla/5.0 (Windows; U; Windows NT 5.1; en-US; rv:1.9.0.8) Gecko/2009032609 Firefox/3.0.8"
81.18.61.154 - - [17/Apr/2009:12:32:27 +0200] "GET /bannerz/copyleft_black_small.gif HTTP/1.1" 200 1231 "http://www.various-euro.com/frame-inhalt.html" "Mozilla/5.0 (Windows; U; Windows NT 5.1; en-US; rv:1.9.0.8) Gecko/2009032609 Firefox/3.0.8"
81.18.61.154 - - [17/Apr/2009:12:32:27 +0200] "GET /bannerz/wet.gif HTTP/1.1" 200 18561 "http://www.various-euro.com/frame-inhalt.html" "Mozilla/5.0 (Windows; U; Windows NT 5.1; en-US; rv:1.9.0.8) Gecko/2009032609 Firefox/3.0.8"
74.6.17.167 - - [17/Apr/2009:12:57:19 +0200] "GET /zampa/montenegro/dajpare.html HTTP/1.0" 200 2503 "-" "Mozilla/5.0 (compatible; Yahoo! Slurp/3.0; http://help.yahoo.com/help/us/ysearch/slurp)"
79.69.56.91 - - [17/Apr/2009:13:05:09 +0200] "GET / HTTP/1.1" 200 7869 "http://www.blackbirdspace.com/webmail/src/read_body.php?account=0&mailbox=INBOX&passed_id=9265&startMessage=1" "Mozilla/5.0 (Macintosh; U; Intel Mac OS X 10_5_6; en-us) AppleWebKit/525.18.1 (KHTML, like Gecko) Version/3.1.2 Safari/525.20.1"
79.69.56.91 - - [17/Apr/2009:13:05:10 +0200] "GET /style/various-euro.css HTTP/1.1" 200 3437 "http://www.various-euro.com/" "Mozilla/5.0 (Macintosh; U; Intel Mac OS X 10_5_6; en-us) AppleWebKit/525.18.1 (KHTML, like Gecko) Version/3.1.2 Safari/525.20.1"
79.69.56.91 - - [17/Apr/2009:13:05:10 +0200] "GET /framez_0.html HTTP/1.1" 200 12444 "http://www.various-euro.com/" "Mozilla/5.0 (Macintosh; U; Intel Mac OS X 10_5_6; en-us) AppleWebKit/525.18.1 (KHTML, like Gecko) Version/3.1.2 Safari/525.20.1"
79.69.56.91 - - [17/Apr/2009:13:05:10 +0200] "GET /ve-icon-2.ico HTTP/1.1" 200 2238 "http://www.various-euro.com/framez_0.html" "Mozilla/5.0 (Macintosh; U; Intel Mac OS X 10_5_6; en-us) AppleWebKit/525.18.1 (KHTML, like Gecko) Version/3.1.2 Safari/525.20.1"
79.69.56.91 - - [17/Apr/2009:13:05:12 +0200] "GET /framez.html HTTP/1.1" 200 3959 "http://www.various-euro.com/framez_0.html" "Mozilla/5.0 (Macintosh; U; Intel Mac OS X 10_5_6; en-us) AppleWebKit/525.18.1 (KHTML, like Gecko) Version/3.1.2 Safari/525.20.1"
79.69.56.91 - - [17/Apr/2009:13:05:12 +0200] "GET /style/various-euro.css HTTP/1.1" 200 3437 "http://www.various-euro.com/framez.html" "Mozilla/5.0 (Macintosh; U; Intel Mac OS X 10_5_6; en-us) AppleWebKit/525.18.1 (KHTML, like Gecko) Version/3.1.2 Safari/525.20.1"
79.69.56.91 - - [17/Apr/2009:13:05:12 +0200] "GET /frame-menu.html HTTP/1.1" 200 10536 "http://www.various-euro.com/framez.html" "Mozilla/5.0 (Macintosh; U; Intel Mac OS X 10_5_6; en-us) AppleWebKit/525.18.1 (KHTML, like Gecko) Version/3.1.2 Safari/525.20.1"
79.69.56.91 - - [17/Apr/2009:13:05:13 +0200] "GET /frame-inhalt.html HTTP/1.1" 200 5418 "http://www.various-euro.com/framez.html" "Mozilla/5.0 (Macintosh; U; Intel Mac OS X 10_5_6; en-us) AppleWebKit/525.18.1 (KHTML, like Gecko) Version/3.1.2 Safari/525.20.1"
79.69.56.91 - - [17/Apr/2009:13:05:13 +0200] "GET /frame-unten.html HTTP/1.1" 200 5308 "http://www.various-euro.com/framez.html" "Mozilla/5.0 (Macintosh; U; Intel Mac OS X 10_5_6; en-us) AppleWebKit/525.18.1 (KHTML, like Gecko) Version/3.1.2 Safari/525.20.1"
79.69.56.91 - - [17/Apr/2009:13:05:13 +0200] "GET /bannerz/neon_click_3.gif HTTP/1.1" 200 240 "http://www.various-euro.com/frame-inhalt.html" "Mozilla/5.0 (Macintosh; U; Intel Mac OS X 10_5_6; en-us) AppleWebKit/525.18.1 (KHTML, like Gecko) Version/3.1.2 Safari/525.20.1"
79.69.56.91 - - [17/Apr/2009:13:05:13 +0200] "GET /eurosign3.gif HTTP/1.1" 200 7879 "http://www.various-euro.com/frame-inhalt.html" "Mozilla/5.0 (Macintosh; U; Intel Mac OS X 10_5_6; en-us) AppleWebKit/525.18.1 (KHTML, like Gecko) Version/3.1.2 Safari/525.20.1"
79.69.56.91 - - [17/Apr/2009:13:05:13 +0200] "GET /bannerz/google/Logo_40blk.gif HTTP/1.1" 200 2308 "http://www.various-euro.com/frame-inhalt.html" "Mozilla/5.0 (Macintosh; U; Intel Mac OS X 10_5_6; en-us) AppleWebKit/525.18.1 (KHTML, like Gecko) Version/3.1.2 Safari/525.20.1"
79.69.56.91 - - [17/Apr/2009:13:05:13 +0200] "GET /bannerz/wet.gif HTTP/1.1" 200 18561 "http://www.various-euro.com/frame-inhalt.html" "Mozilla/5.0 (Macintosh; U; Intel Mac OS X 10_5_6; en-us) AppleWebKit/525.18.1 (KHTML, like Gecko) Version/3.1.2 Safari/525.20.1"
79.69.56.91 - - [17/Apr/2009:13:05:13 +0200] "GET /bannerz/anti_black_small.gif HTTP/1.1" 200 1009 "http://www.various-euro.com/frame-inhalt.html" "Mozilla/5.0 (Macintosh; U; Intel Mac OS X 10_5_6; en-us) AppleWebKit/525.18.1 (KHTML, like Gecko) Version/3.1.2 Safari/525.20.1"
79.69.56.91 - - [17/Apr/2009:13:05:13 +0200] "GET /bannerz/copyleft_black_small.gif HTTP/1.1" 200 1231 "http://www.various-euro.com/frame-inhalt.html" "Mozilla/5.0 (Macintosh; U; Intel Mac OS X 10_5_6; en-us) AppleWebKit/525.18.1 (KHTML, like Gecko) Version/3.1.2 Safari/525.20.1"
79.69.56.91 - - [17/Apr/2009:13:05:13 +0200] "GET /bannerz/neon_click_2.gif HTTP/1.1" 200 387 "http://www.various-euro.com/frame-inhalt.html" "Mozilla/5.0 (Macintosh; U; Intel Mac OS X 10_5_6; en-us) AppleWebKit/525.18.1 (KHTML, like Gecko) Version/3.1.2 Safari/525.20.1"
79.69.56.91 - - [17/Apr/2009:13:05:13 +0200] "GET /bannerz/goolag_468.jpg HTTP/1.1" 200 28285 "http://www.various-euro.com/frame-inhalt.html" "Mozilla/5.0 (Macintosh; U; Intel Mac OS X 10_5_6; en-us) AppleWebKit/525.18.1 (KHTML, like Gecko) Version/3.1.2 Safari/525.20.1"
79.69.56.91 - - [17/Apr/2009:13:05:13 +0200] "GET /bannerz/douwil.gif HTTP/1.1" 200 528 "http://www.various-euro.com/frame-inhalt.html" "Mozilla/5.0 (Macintosh; U; Intel Mac OS X 10_5_6; en-us) AppleWebKit/525.18.1 (KHTML, like Gecko) Version/3.1.2 Safari/525.20.1"
79.69.56.91 - - [17/Apr/2009:13:05:13 +0200] "GET /bannerz/neon_click_1.gif HTTP/1.1" 200 890 "http://www.various-euro.com/frame-inhalt.html" "Mozilla/5.0 (Macintosh; U; Intel Mac OS X 10_5_6; en-us) AppleWebKit/525.18.1 (KHTML, like Gecko) Version/3.1.2 Safari/525.20.1"
79.69.56.91 - - [17/Apr/2009:13:05:13 +0200] "GET /bannerz/ve.jpg HTTP/1.1" 200 36912 "http://www.various-euro.com/frame-unten.html" "Mozilla/5.0 (Macintosh; U; Intel Mac OS X 10_5_6; en-us) AppleWebKit/525.18.1 (KHTML, like Gecko) Version/3.1.2 Safari/525.20.1"
79.69.56.91 - - [17/Apr/2009:13:05:13 +0200] "GET /bannerz/various-euro-girl.jpg HTTP/1.1" 200 91514 "http://www.various-euro.com/frame-unten.html" "Mozilla/5.0 (Macintosh; U; Intel Mac OS X 10_5_6; en-us) AppleWebKit/525.18.1 (KHTML, like Gecko) Version/3.1.2 Safari/525.20.1"
66.249.65.169 - - [17/Apr/2009:13:42:02 +0200] "GET /framez-pal111.html HTTP/1.1" 200 4328 "-" "Mozilla/5.0 (compatible; Googlebot/2.1; +http://www.google.com/bot.html)"
66.249.65.169 - - [17/Apr/2009:13:42:02 +0200] "GET /neon/click.html HTTP/1.1" 200 521 "-" "Mozilla/5.0 (compatible; Googlebot/2.1; +http://www.google.com/bot.html)"
66.249.65.169 - - [17/Apr/2009:13:42:03 +0200] "GET /3dsf3/sendi/index.html HTTP/1.1" 200 1837 "-" "Mozilla/5.0 (compatible; Googlebot/2.1; +http://www.google.com/bot.html)"
66.249.65.169 - - [17/Apr/2009:13:42:03 +0200] "GET /framez-pal1.html HTTP/1.1" 200 4326 "-" "Mozilla/5.0 (compatible; Googlebot/2.1; +http://www.google.com/bot.html)"
66.249.65.169 - - [17/Apr/2009:13:42:04 +0200] "GET /bmpp/18.html HTTP/1.1" 200 4467 "-" "Mozilla/5.0 (compatible; Googlebot/2.1; +http://www.google.com/bot.html)"
66.249.65.169 - - [17/Apr/2009:13:44:12 +0200] "GET /neon/code.html HTTP/1.1" 200 1109 "-" "Mozilla/5.0 (compatible; Googlebot/2.1; +http://www.google.com/bot.html)"
66.249.65.169 - - [17/Apr/2009:13:46:58 +0200] "GET /neon/europa.html HTTP/1.1" 200 389 "-" "Mozilla/5.0 (compatible; Googlebot/2.1; +http://www.google.com/bot.html)"
66.249.65.169 - - [17/Apr/2009:13:49:14 +0200] "GET /neon/girlz3.html HTTP/1.1" 200 2479 "-" "Mozilla/5.0 (compatible; Googlebot/2.1; +http://www.google.com/bot.html)"
74.6.17.167 - - [17/Apr/2009:13:49:53 +0200] "GET /framez-rez.html HTTP/1.0" 200 4323 "-" "Mozilla/5.0 (compatible; Yahoo! Slurp/3.0; http://help.yahoo.com/help/us/ysearch/slurp)"
74.6.17.167 - - [17/Apr/2009:13:50:30 +0200] "GET /frame-unten.html HTTP/1.0" 200 5308 "http://www.various-euro.com/framez-rez.html" "Mozilla/5.0 (compatible; Yahoo! Slurp/3.0; http://help.yahoo.com/help/us/ysearch/slurp)"
74.6.17.167 - - [17/Apr/2009:13:50:30 +0200] "GET /f-rez.html HTTP/1.0" 200 9765 "http://www.various-euro.com/framez-rez.html" "Mozilla/5.0 (compatible; Yahoo! Slurp/3.0; http://help.yahoo.com/help/us/ysearch/slurp)"
74.6.17.167 - - [17/Apr/2009:13:50:30 +0200] "GET /frame-menu.html HTTP/1.0" 200 10536 "http://www.various-euro.com/framez-rez.html" "Mozilla/5.0 (compatible; Yahoo! Slurp/3.0; http://help.yahoo.com/help/us/ysearch/slurp)"
74.6.17.167 - - [17/Apr/2009:13:50:43 +0200] "GET /style/various-euro.css HTTP/1.0" 304 - "http://www.various-euro.com/frame-menu.html" "Mozilla/5.0 (compatible; Yahoo! Slurp/3.0; http://help.yahoo.com/help/us/ysearch/slurp)"
85.158.36.10 - - [17/Apr/2009:13:51:32 +0200] "GET /framez-zampa-lovers.html HTTP/1.1" 200 4322 "http://search.incredimail.com/?q=e+kad+bi+ti&lang=english&source=001105999051016&p=22" "Mozilla/5.0 (Windows; U; Windows NT 5.1; en-US; rv:1.8.1.20) Gecko/20081217 Firefox/2.0.0.20"
85.158.36.10 - - [17/Apr/2009:13:51:32 +0200] "GET /ve-icon-2.ico HTTP/1.1" 200 2238 "-" "Mozilla/5.0 (Windows; U; Windows NT 5.1; en-US; rv:1.8.1.20) Gecko/20081217 Firefox/2.0.0.20"
85.158.36.10 - - [17/Apr/2009:13:51:32 +0200] "GET /frame-menu.html HTTP/1.1" 200 10536 "http://www.various-euro.com/framez-zampa-lovers.html" "Mozilla/5.0 (Windows; U; Windows NT 5.1; en-US; rv:1.8.1.20) Gecko/20081217 Firefox/2.0.0.20"
85.158.36.10 - - [17/Apr/2009:13:51:32 +0200] "GET /zampa-lovers/index.html HTTP/1.1" 200 37790 "http://www.various-euro.com/framez-zampa-lovers.html" "Mozilla/5.0 (Windows; U; Windows NT 5.1; en-US; rv:1.8.1.20) Gecko/20081217 Firefox/2.0.0.20"
85.158.36.10 - - [17/Apr/2009:13:51:32 +0200] "GET /frame-unten.html HTTP/1.1" 200 5308 "http://www.various-euro.com/framez-zampa-lovers.html" "Mozilla/5.0 (Windows; U; Windows NT 5.1; en-US; rv:1.8.1.20) Gecko/20081217 Firefox/2.0.0.20"
85.158.36.10 - - [17/Apr/2009:13:51:32 +0200] "GET /style/various-euro.css HTTP/1.1" 200 3437 "http://www.various-euro.com/frame-menu.html" "Mozilla/5.0 (Windows; U; Windows NT 5.1; en-US; rv:1.8.1.20) Gecko/20081217 Firefox/2.0.0.20"
85.158.36.10 - - [17/Apr/2009:13:51:32 +0200] "GET /zampa-lovers/DRAGAN_Z.JPG HTTP/1.1" 200 6850 "http://www.various-euro.com/zampa-lovers/index.html" "Mozilla/5.0 (Windows; U; Windows NT 5.1; en-US; rv:1.8.1.20) Gecko/20081217 Firefox/2.0.0.20"
85.158.36.10 - - [17/Apr/2009:13:51:32 +0200] "GET /zampa-lovers/MILIZA_2.JPG HTTP/1.1" 200 22172 "http://www.various-euro.com/zampa-lovers/index.html" "Mozilla/5.0 (Windows; U; Windows NT 5.1; en-US; rv:1.8.1.20) Gecko/20081217 Firefox/2.0.0.20"
85.158.36.10 - - [17/Apr/2009:13:51:32 +0200] "GET /zampa-lovers/2SEITEVE.GIF HTTP/1.1" 200 83466 "http://www.various-euro.com/zampa-lovers/index.html" "Mozilla/5.0 (Windows; U; Windows NT 5.1; en-US; rv:1.8.1.20) Gecko/20081217 Firefox/2.0.0.20"
85.158.36.10 - - [17/Apr/2009:13:51:32 +0200] "GET /zampa-lovers/Kralle.gif HTTP/1.1" 200 260 "http://www.various-euro.com/zampa-lovers/index.html" "Mozilla/5.0 (Windows; U; Windows NT 5.1; en-US; rv:1.8.1.20) Gecko/20081217 Firefox/2.0.0.20"
85.158.36.10 - - [17/Apr/2009:13:51:32 +0200] "GET /zampa-lovers/MILIZA_3.JPG HTTP/1.1" 200 26924 "http://www.various-euro.com/zampa-lovers/index.html" "Mozilla/5.0 (Windows; U; Windows NT 5.1; en-US; rv:1.8.1.20) Gecko/20081217 Firefox/2.0.0.20"
85.158.36.10 - - [17/Apr/2009:13:51:32 +0200] "GET /zampa-lovers/MILIZA_B.JPG HTTP/1.1" 200 10947 "http://www.various-euro.com/zampa-lovers/index.html" "Mozilla/5.0 (Windows; U; Windows NT 5.1; en-US; rv:1.8.1.20) Gecko/20081217 Firefox/2.0.0.20"
85.158.36.10 - - [17/Apr/2009:13:51:32 +0200] "GET /zampa-lovers/MILIZA_4.JPG HTTP/1.1" 200 9946 "http://www.various-euro.com/zampa-lovers/index.html" "Mozilla/5.0 (Windows; U; Windows NT 5.1; en-US; rv:1.8.1.20) Gecko/20081217 Firefox/2.0.0.20"
85.158.36.10 - - [17/Apr/2009:13:51:33 +0200] "GET /zampa-lovers/DRAGANZA.JPG HTTP/1.1" 200 18560 "http://www.various-euro.com/zampa-lovers/index.html" "Mozilla/5.0 (Windows; U; Windows NT 5.1; en-US; rv:1.8.1.20) Gecko/20081217 Firefox/2.0.0.20"
85.158.36.10 - - [17/Apr/2009:13:51:33 +0200] "GET /zampa-lovers/1SEITEVE.GIF HTTP/1.1" 200 78726 "http://www.various-euro.com/zampa-lovers/index.html" "Mozilla/5.0 (Windows; U; Windows NT 5.1; en-US; rv:1.8.1.20) Gecko/20081217 Firefox/2.0.0.20"
85.158.36.10 - - [17/Apr/2009:13:51:33 +0200] "GET /zampa-lovers/zampa-2X2.gif HTTP/1.1" 200 6948 "http://www.various-euro.com/zampa-lovers/index.html" "Mozilla/5.0 (Windows; U; Windows NT 5.1; en-US; rv:1.8.1.20) Gecko/20081217 Firefox/2.0.0.20"
85.158.36.10 - - [17/Apr/2009:13:51:33 +0200] "GET /zampa-lovers/zampamali.gif HTTP/1.1" 200 2617 "http://www.various-euro.com/zampa-lovers/index.html" "Mozilla/5.0 (Windows; U; Windows NT 5.1; en-US; rv:1.8.1.20) Gecko/20081217 Firefox/2.0.0.20"
85.158.36.10 - - [17/Apr/2009:13:51:33 +0200] "GET /zampa-lovers/kralle.gif HTTP/1.1" 404 2748 "http://www.various-euro.com/zampa-lovers/index.html" "Mozilla/5.0 (Windows; U; Windows NT 5.1; en-US; rv:1.8.1.20) Gecko/20081217 Firefox/2.0.0.20"
85.158.36.10 - - [17/Apr/2009:13:51:33 +0200] "GET /zampa-lovers/zampa.gif HTTP/1.1" 200 460627 "http://www.various-euro.com/zampa-lovers/index.html" "Mozilla/5.0 (Windows; U; Windows NT 5.1; en-US; rv:1.8.1.20) Gecko/20081217 Firefox/2.0.0.20"
85.158.36.10 - - [17/Apr/2009:13:51:41 +0200] "GET /zampa-lovers/ZAMPAMA2.MPG HTTP/1.1" 200 63492 "http://www.various-euro.com/zampa-lovers/index.html" "Mozilla/5.0 (Windows; U; Windows NT 5.1; en-US; rv:1.8.1.20) Gecko/20081217 Firefox/2.0.0.20"
85.158.36.10 - - [17/Apr/2009:13:51:41 +0200] "GET /zampa-lovers/WASISTMI1.MPG HTTP/1.1" 200 271221 "http://www.various-euro.com/zampa-lovers/index.html" "Mozilla/5.0 (Windows; U; Windows NT 5.1; en-US; rv:1.8.1.20) Gecko/20081217 Firefox/2.0.0.20"
85.158.36.10 - - [17/Apr/2009:13:51:41 +0200] "GET /zampa-lovers/ZAMPAMAS.MPG HTTP/1.1" 200 520196 "http://www.various-euro.com/zampa-lovers/index.html" "Mozilla/5.0 (Windows; U; Windows NT 5.1; en-US; rv:1.8.1.20) Gecko/20081217 Firefox/2.0.0.20"
85.158.36.10 - - [17/Apr/2009:13:51:43 +0200] "GET /bannerz/ve.jpg HTTP/1.1" 200 36912 "http://www.various-euro.com/frame-unten.html" "Mozilla/5.0 (Windows; U; Windows NT 5.1; en-US; rv:1.8.1.20) Gecko/20081217 Firefox/2.0.0.20"
85.158.36.10 - - [17/Apr/2009:13:51:44 +0200] "GET /bannerz/various-euro-girl.jpg HTTP/1.1" 200 91514 "http://www.various-euro.com/frame-unten.html" "Mozilla/5.0 (Windows; U; Windows NT 5.1; en-US; rv:1.8.1.20) Gecko/20081217 Firefox/2.0.0.20"
66.249.65.169 - - [17/Apr/2009:13:51:45 +0200] "GET /neon/channel.html HTTP/1.1" 200 1942 "-" "Mozilla/5.0 (compatible; Googlebot/2.1; +http://www.google.com/bot.html)"
65.55.106.146 - - [17/Apr/2009:13:52:55 +0200] "GET /robots.txt HTTP/1.1" 200 64 "-" "msnbot/2.0b (+http://search.msn.com/msnbot.htm)"
65.55.106.146 - - [17/Apr/2009:13:53:19 +0200] "GET /zampa/montenegro/MILOW.html HTTP/1.0" 200 860 "-" "msnbot/2.0b (+http://search.msn.com/msnbot.htm)"
66.249.65.169 - - [17/Apr/2009:13:54:17 +0200] "GET /neon/warning2.html HTTP/1.1" 200 997 "-" "Mozilla/5.0 (compatible; Googlebot/2.1; +http://www.google.com/bot.html)"
87.250.39.216 - - [17/Apr/2009:13:55:40 +0200] "GET /favicon.ico HTTP/1.1" 302 364 "-" "Mozilla/4.0 (compatible; GoogleToolbar 5.0.2124.6042; Windows XP 5.1; MSIE 7.0.5730.13)"
87.250.39.216 - - [17/Apr/2009:13:55:40 +0200] "GET /zampa/favicon.ico HTTP/1.1" 404 2748 "-" "Mozilla/4.0 (compatible; GoogleToolbar 5.0.2124.6042; Windows XP 5.1; MSIE 7.0.5730.13)"
87.250.39.216 - - [17/Apr/2009:13:55:40 +0200] "GET /favicon.gif HTTP/1.1" 302 364 "-" "Mozilla/4.0 (compatible; GoogleToolbar 5.0.2124.6042; Windows XP 5.1; MSIE 7.0.5730.13)"
87.250.39.216 - - [17/Apr/2009:13:55:40 +0200] "GET /zampa/favicon.gif HTTP/1.1" 404 2748 "-" "Mozilla/4.0 (compatible; GoogleToolbar 5.0.2124.6042; Windows XP 5.1; MSIE 7.0.5730.13)"
87.250.39.216 - - [17/Apr/2009:13:56:12 +0200] "GET /favicon.ico HTTP/1.1" 302 364 "-" "Mozilla/4.0 (compatible; GoogleToolbar 5.0.2124.6042; Windows XP 5.1; MSIE 7.0.5730.13)"
87.250.39.216 - - [17/Apr/2009:13:56:12 +0200] "GET /zampa/favicon.ico HTTP/1.1" 404 2748 "-" "Mozilla/4.0 (compatible; GoogleToolbar 5.0.2124.6042; Windows XP 5.1; MSIE 7.0.5730.13)"
87.250.39.216 - - [17/Apr/2009:13:56:12 +0200] "GET /favicon.gif HTTP/1.1" 302 364 "-" "Mozilla/4.0 (compatible; GoogleToolbar 5.0.2124.6042; Windows XP 5.1; MSIE 7.0.5730.13)"
87.250.39.216 - - [17/Apr/2009:13:56:12 +0200] "GET /zampa/favicon.gif HTTP/1.1" 404 2748 "-" "Mozilla/4.0 (compatible; GoogleToolbar 5.0.2124.6042; Windows XP 5.1; MSIE 7.0.5730.13)"
66.249.65.169 - - [17/Apr/2009:13:57:14 +0200] "GET /DgH/bull/index.html HTTP/1.1" 200 1915 "-" "Mozilla/5.0 (compatible; Googlebot/2.1; +http://www.google.com/bot.html)"
87.250.39.216 - - [17/Apr/2009:13:57:14 +0200] "GET /favicon.ico HTTP/1.1" 302 364 "-" "Mozilla/4.0 (compatible; GoogleToolbar 5.0.2124.6042; Windows XP 5.1; MSIE 7.0.5730.13)"
87.250.39.216 - - [17/Apr/2009:13:57:15 +0200] "GET /zampa/favicon.ico HTTP/1.1" 404 2748 "-" "Mozilla/4.0 (compatible; GoogleToolbar 5.0.2124.6042; Windows XP 5.1; MSIE 7.0.5730.13)"
87.250.39.216 - - [17/Apr/2009:13:57:15 +0200] "GET /favicon.gif HTTP/1.1" 302 364 "-" "Mozilla/4.0 (compatible; GoogleToolbar 5.0.2124.6042; Windows XP 5.1; MSIE 7.0.5730.13)"
87.250.39.216 - - [17/Apr/2009:13:57:15 +0200] "GET /zampa/favicon.gif HTTP/1.1" 404 2748 "-" "Mozilla/4.0 (compatible; GoogleToolbar 5.0.2124.6042; Windows XP 5.1; MSIE 7.0.5730.13)"
66.249.65.169 - - [17/Apr/2009:13:59:18 +0200] "GET /DgH/watch/index.html HTTP/1.1" 200 2028 "-" "Mozilla/5.0 (compatible; Googlebot/2.1; +http://www.google.com/bot.html)"
65.55.108.134 - - [17/Apr/2009:14:00:11 +0200] "GET /robots.txt HTTP/1.1" 200 64 "-" "msnbot-media/1.1 (+http://search.msn.com/msnbot.htm)"
65.55.108.134 - - [17/Apr/2009:14:00:12 +0200] "GET /DgH/bull/pict/BullGNFL.jpg HTTP/1.1" 200 20466 "-" "msnbot-media/1.1 (+http://search.msn.com/msnbot.htm)"
66.249.65.169 - - [17/Apr/2009:14:01:49 +0200] "GET /DgH/rampe/index.html HTTP/1.1" 200 2056 "-" "Mozilla/5.0 (compatible; Googlebot/2.1; +http://www.google.com/bot.html)"
66.249.65.169 - - [17/Apr/2009:14:04:22 +0200] "GET /3dsf3/sendi/sendisendi.html HTTP/1.1" 200 5118 "-" "Mozilla/5.0 (compatible; Googlebot/2.1; +http://www.google.com/bot.html)"
66.249.65.169 - - [17/Apr/2009:14:06:54 +0200] "GET /games/virtualcop/virtualcop.html HTTP/1.1" 200 4487 "-" "Mozilla/5.0 (compatible; Googlebot/2.1; +http://www.google.com/bot.html)"
66.249.65.169 - - [17/Apr/2009:14:09:27 +0200] "GET /vinfo/virusencyclo/default5.asp?VName= HTTP/1.1" 404 2748 "-" "Mozilla/5.0 (compatible; Googlebot/2.1; +http://www.google.com/bot.html)"
212.67.68.99 - - [17/Apr/2009:14:10:09 +0200] "GET / HTTP/1.1" 302 353 "http://www.google.cz/search?q=Zampa+di+Leone&ie=utf-8&oe=utf-8&aq=t&rls=org.mozilla:en-US:official&client=firefox-a" "Mozilla/5.0 (Windows; U; Windows NT 5.1; en-US; rv:1.9.0.8) Gecko/2009032609 Firefox/3.0.8"
212.67.68.99 - - [17/Apr/2009:14:10:09 +0200] "GET /zampa/ HTTP/1.1" 200 7153 "http://www.google.cz/search?q=Zampa+di+Leone&ie=utf-8&oe=utf-8&aq=t&rls=org.mozilla:en-US:official&client=firefox-a" "Mozilla/5.0 (Windows; U; Windows NT 5.1; en-US; rv:1.9.0.8) Gecko/2009032609 Firefox/3.0.8"
212.67.68.99 - - [17/Apr/2009:14:10:09 +0200] "GET /zampa/slike/zampa.gif HTTP/1.1" 200 5310 "http://www.various-euro.com/zampa/" "Mozilla/5.0 (Windows; U; Windows NT 5.1; en-US; rv:1.9.0.8) Gecko/2009032609 Firefox/3.0.8"
212.67.68.99 - - [17/Apr/2009:14:10:09 +0200] "GET /zampa/slike/udupetu.gif HTTP/1.1" 200 4138 "http://www.various-euro.com/zampa/" "Mozilla/5.0 (Windows; U; Windows NT 5.1; en-US; rv:1.9.0.8) Gecko/2009032609 Firefox/3.0.8"
212.67.68.99 - - [17/Apr/2009:14:10:09 +0200] "GET /zampa/slike/inthearse.gif HTTP/1.1" 200 4077 "http://www.various-euro.com/zampa/" "Mozilla/5.0 (Windows; U; Windows NT 5.1; en-US; rv:1.9.0.8) Gecko/2009032609 Firefox/3.0.8"
212.67.68.99 - - [17/Apr/2009:14:10:09 +0200] "GET /favicon.ico HTTP/1.1" 404 2748 "-" "Mozilla/5.0 (Windows; U; Windows NT 5.1; en-US; rv:1.9.0.8) Gecko/2009032609 Firefox/3.0.8"
212.67.68.99 - - [17/Apr/2009:14:10:12 +0200] "GET /favicon.ico HTTP/1.1" 404 2748 "-" "Mozilla/5.0 (Windows; U; Windows NT 5.1; en-US; rv:1.9.0.8) Gecko/2009032609 Firefox/3.0.8"
212.67.68.99 - - [17/Apr/2009:14:10:25 +0200] "GET /zampa/slike/E1TITEL.GIF HTTP/1.1" 200 16284 "http://www.various-euro.com/zampa/" "Mozilla/5.0 (Windows; U; Windows NT 5.1; en-US; rv:1.9.0.8) Gecko/2009032609 Firefox/3.0.8"
212.67.68.99 - - [17/Apr/2009:14:10:36 +0200] "GET /favicon.ico HTTP/1.1" 404 2748 "-" "Mozilla/5.0 (Windows; U; Windows NT 5.1; en-US; rv:1.9.0.8) Gecko/2009032609 Firefox/3.0.8"
212.67.68.99 - - [17/Apr/2009:14:10:37 +0200] "GET /zampa/slike/E8CURATO.GIF HTTP/1.1" 200 15386 "http://www.various-euro.com/zampa/" "Mozilla/5.0 (Windows; U; Windows NT 5.1; en-US; rv:1.9.0.8) Gecko/2009032609 Firefox/3.0.8"
212.67.68.99 - - [17/Apr/2009:14:10:53 +0200] "GET /favicon.ico HTTP/1.1" 404 2748 "-" "Mozilla/5.0 (Windows; U; Windows NT 5.1; en-US; rv:1.9.0.8) Gecko/2009032609 Firefox/3.0.8"
72.44.47.117 - - [17/Apr/2009:14:22:37 +0200] "GET /robots.txt HTTP/1.0" 200 64 "-" "SimilarPages/Nutch-1.0-dev (SimilarPages Nutch Crawler; http://www.similarpages.com; info@similarpages.com)"
72.44.47.117 - - [17/Apr/2009:14:22:37 +0200] "GET /zampa/montenegro/ZMAJW.html HTTP/1.0" 200 860 "-" "SimilarPages/Nutch-1.0-dev (SimilarPages Nutch Crawler; http://www.similarpages.com; info@similarpages.com)"
72.44.47.117 - - [17/Apr/2009:14:24:28 +0200] "GET /zampa/montenegro/TESLAW.html HTTP/1.0" 200 861 "-" "SimilarPages/Nutch-1.0-dev (SimilarPages Nutch Crawler; http://www.similarpages.com; info@similarpages.com)"
188.4.11.200 - - [17/Apr/2009:14:25:10 +0200] "GET / HTTP/1.1" 200 7869 "-" "Mozilla/5.0 (Windows; U; Windows NT 5.1; el; rv:1.9.1b3) Gecko/20090305 Firefox/3.1b3"
188.4.11.200 - - [17/Apr/2009:14:25:10 +0200] "GET /ve-icon-2.ico HTTP/1.1" 200 2238 "-" "Mozilla/5.0 (Windows; U; Windows NT 5.1; el; rv:1.9.1b3) Gecko/20090305 Firefox/3.1b3"
188.4.11.200 - - [17/Apr/2009:14:25:10 +0200] "GET /style/various-euro.css HTTP/1.1" 200 3437 "http://www.various-euro.com/" "Mozilla/5.0 (Windows; U; Windows NT 5.1; el; rv:1.9.1b3) Gecko/20090305 Firefox/3.1b3"
188.4.11.200 - - [17/Apr/2009:14:25:10 +0200] "GET /framez_0.html HTTP/1.1" 200 12444 "http://www.various-euro.com/" "Mozilla/5.0 (Windows; U; Windows NT 5.1; el; rv:1.9.1b3) Gecko/20090305 Firefox/3.1b3"
188.4.11.200 - - [17/Apr/2009:14:25:12 +0200] "GET /framez.html HTTP/1.1" 200 3959 "http://www.various-euro.com/framez_0.html" "Mozilla/5.0 (Windows; U; Windows NT 5.1; el; rv:1.9.1b3) Gecko/20090305 Firefox/3.1b3"
188.4.11.200 - - [17/Apr/2009:14:25:13 +0200] "GET /frame-menu.html HTTP/1.1" 200 10536 "http://www.various-euro.com/framez.html" "Mozilla/5.0 (Windows; U; Windows NT 5.1; el; rv:1.9.1b3) Gecko/20090305 Firefox/3.1b3"
188.4.11.200 - - [17/Apr/2009:14:25:13 +0200] "GET /frame-inhalt.html HTTP/1.1" 200 5418 "http://www.various-euro.com/framez.html" "Mozilla/5.0 (Windows; U; Windows NT 5.1; el; rv:1.9.1b3) Gecko/20090305 Firefox/3.1b3"
188.4.11.200 - - [17/Apr/2009:14:25:13 +0200] "GET /frame-unten.html HTTP/1.1" 200 5308 "http://www.various-euro.com/framez.html" "Mozilla/5.0 (Windows; U; Windows NT 5.1; el; rv:1.9.1b3) Gecko/20090305 Firefox/3.1b3"
188.4.11.200 - - [17/Apr/2009:14:25:13 +0200] "GET /bannerz/neon_click_3.gif HTTP/1.1" 200 240 "http://www.various-euro.com/frame-inhalt.html" "Mozilla/5.0 (Windows; U; Windows NT 5.1; el; rv:1.9.1b3) Gecko/20090305 Firefox/3.1b3"
188.4.11.200 - - [17/Apr/2009:14:25:13 +0200] "GET /eurosign3.gif HTTP/1.1" 200 7879 "http://www.various-euro.com/frame-inhalt.html" "Mozilla/5.0 (Windows; U; Windows NT 5.1; el; rv:1.9.1b3) Gecko/20090305 Firefox/3.1b3"
188.4.11.200 - - [17/Apr/2009:14:25:13 +0200] "GET /bannerz/neon_click_1.gif HTTP/1.1" 200 890 "http://www.various-euro.com/frame-inhalt.html" "Mozilla/5.0 (Windows; U; Windows NT 5.1; el; rv:1.9.1b3) Gecko/20090305 Firefox/3.1b3"
188.4.11.200 - - [17/Apr/2009:14:25:13 +0200] "GET /bannerz/ve.jpg HTTP/1.1" 200 36912 "http://www.various-euro.com/frame-unten.html" "Mozilla/5.0 (Windows; U; Windows NT 5.1; el; rv:1.9.1b3) Gecko/20090305 Firefox/3.1b3"
188.4.11.200 - - [17/Apr/2009:14:25:13 +0200] "GET /bannerz/neon_click_2.gif HTTP/1.1" 200 387 "http://www.various-euro.com/frame-inhalt.html" "Mozilla/5.0 (Windows; U; Windows NT 5.1; el; rv:1.9.1b3) Gecko/20090305 Firefox/3.1b3"
188.4.11.200 - - [17/Apr/2009:14:25:13 +0200] "GET /bannerz/douwil.gif HTTP/1.1" 200 528 "http://www.various-euro.com/frame-inhalt.html" "Mozilla/5.0 (Windows; U; Windows NT 5.1; el; rv:1.9.1b3) Gecko/20090305 Firefox/3.1b3"
188.4.11.200 - - [17/Apr/2009:14:25:13 +0200] "GET /bannerz/anti_black_small.gif HTTP/1.1" 200 1009 "http://www.various-euro.com/frame-inhalt.html" "Mozilla/5.0 (Windows; U; Windows NT 5.1; el; rv:1.9.1b3) Gecko/20090305 Firefox/3.1b3"
188.4.11.200 - - [17/Apr/2009:14:25:13 +0200] "GET /bannerz/copyleft_black_small.gif HTTP/1.1" 200 1231 "http://www.various-euro.com/frame-inhalt.html" "Mozilla/5.0 (Windows; U; Windows NT 5.1; el; rv:1.9.1b3) Gecko/20090305 Firefox/3.1b3"
188.4.11.200 - - [17/Apr/2009:14:25:13 +0200] "GET /bannerz/google/Logo_40blk.gif HTTP/1.1" 200 2308 "http://www.various-euro.com/frame-inhalt.html" "Mozilla/5.0 (Windows; U; Windows NT 5.1; el; rv:1.9.1b3) Gecko/20090305 Firefox/3.1b3"
188.4.11.200 - - [17/Apr/2009:14:25:13 +0200] "GET /bannerz/goolag_468.jpg HTTP/1.1" 200 28285 "http://www.various-euro.com/frame-inhalt.html" "Mozilla/5.0 (Windows; U; Windows NT 5.1; el; rv:1.9.1b3) Gecko/20090305 Firefox/3.1b3"
188.4.11.200 - - [17/Apr/2009:14:25:13 +0200] "GET /bannerz/wet.gif HTTP/1.1" 200 18561 "http://www.various-euro.com/frame-inhalt.html" "Mozilla/5.0 (Windows; U; Windows NT 5.1; el; rv:1.9.1b3) Gecko/20090305 Firefox/3.1b3"
188.4.11.200 - - [17/Apr/2009:14:25:13 +0200] "GET /bannerz/various-euro-girl.jpg HTTP/1.1" 200 91514 "http://www.various-euro.com/frame-unten.html" "Mozilla/5.0 (Windows; U; Windows NT 5.1; el; rv:1.9.1b3) Gecko/20090305 Firefox/3.1b3"
188.4.11.200 - - [17/Apr/2009:14:25:32 +0200] "GET /f-warez.html HTTP/1.1" 200 10953 "http://www.various-euro.com/frame-menu.html" "Mozilla/5.0 (Windows; U; Windows NT 5.1; el; rv:1.9.1b3) Gecko/20090305 Firefox/3.1b3"
188.4.11.200 - - [17/Apr/2009:14:25:32 +0200] "GET /shoppingcart.gif HTTP/1.1" 200 1386 "http://www.various-euro.com/f-warez.html" "Mozilla/5.0 (Windows; U; Windows NT 5.1; el; rv:1.9.1b3) Gecko/20090305 Firefox/3.1b3"
188.4.11.200 - - [17/Apr/2009:14:25:32 +0200] "GET /textz.gif HTTP/1.1" 200 871 "http://www.various-euro.com/f-warez.html" "Mozilla/5.0 (Windows; U; Windows NT 5.1; el; rv:1.9.1b3) Gecko/20090305 Firefox/3.1b3"
188.4.11.200 - - [17/Apr/2009:14:25:32 +0200] "GET /bannerz/kmfms-banner.gif HTTP/1.1" 200 8484 "http://www.various-euro.com/f-warez.html" "Mozilla/5.0 (Windows; U; Windows NT 5.1; el; rv:1.9.1b3) Gecko/20090305 Firefox/3.1b3"
188.4.11.200 - - [17/Apr/2009:14:25:32 +0200] "GET /bannerz/AgainstTCPA-Log01Banner.gif HTTP/1.1" 200 6186 "http://www.various-euro.com/f-warez.html" "Mozilla/5.0 (Windows; U; Windows NT 5.1; el; rv:1.9.1b3) Gecko/20090305 Firefox/3.1b3"
188.4.11.200 - - [17/Apr/2009:14:25:33 +0200] "GET /bannerz/quisse.gif HTTP/1.1" 200 2846 "http://www.various-euro.com/f-warez.html" "Mozilla/5.0 (Windows; U; Windows NT 5.1; el; rv:1.9.1b3) Gecko/20090305 Firefox/3.1b3"
188.4.11.200 - - [17/Apr/2009:14:25:33 +0200] "GET /warezcrawler.jpg HTTP/1.1" 200 15588 "http://www.various-euro.com/f-warez.html" "Mozilla/5.0 (Windows; U; Windows NT 5.1; el; rv:1.9.1b3) Gecko/20090305 Firefox/3.1b3"
188.4.11.200 - - [17/Apr/2009:14:25:33 +0200] "GET /hsp.gif HTTP/1.1" 200 42603 "http://www.various-euro.com/f-warez.html" "Mozilla/5.0 (Windows; U; Windows NT 5.1; el; rv:1.9.1b3) Gecko/20090305 Firefox/3.1b3"
212.67.68.99 - - [17/Apr/2009:14:26:09 +0200] "GET /favicon.ico HTTP/1.1" 404 2748 "-" "Mozilla/5.0 (Windows; U; Windows NT 5.1; en-US; rv:1.9.0.8) Gecko/2009032609 Firefox/3.0.8"
212.67.68.99 - - [17/Apr/2009:14:27:44 +0200] "GET /favicon.ico HTTP/1.1" 404 2748 "-" "Mozilla/5.0 (Windows; U; Windows NT 5.1; en-US; rv:1.9.0.8) Gecko/2009032609 Firefox/3.0.8"
220.181.61.232 - - [17/Apr/2009:14:29:44 +0200] "GET /robots.txt HTTP/1.1" 302 363 "-" "-"
74.6.17.167 - - [17/Apr/2009:14:30:04 +0200] "GET /logz.html HTTP/1.0" 404 2748 "-" "Mozilla/5.0 (compatible; Yahoo! Slurp/3.0; http://help.yahoo.com/help/us/ysearch/slurp)"
193.252.149.14 - - [17/Apr/2009:14:54:40 +0200] "GET /DgH/ HTTP/1.1" 200 5024 "-" "Mozilla/5.0 (Windows; U; Windows NT 5.1; fr; rv:1.8.1) VoilaBot BETA 1.2 (support.voilabot@orange-ftgroup.com)"
66.249.65.169 - - [17/Apr/2009:15:10:13 +0200] "GET /schubb/schubb-2.html HTTP/1.1" 200 16660 "-" "Mozilla/5.0 (compatible; Googlebot/2.1; +http://www.google.com/bot.html)"
66.249.65.169 - - [17/Apr/2009:15:10:14 +0200] "GET /framez-schubb.html HTTP/1.1" 200 4324 "-" "Mozilla/5.0 (compatible; Googlebot/2.1; +http://www.google.com/bot.html)"
91.205.124.4 - - [17/Apr/2009:15:10:21 +0200] "GET /robots.txt HTTP/1.1" 200 64 "-" "Yanga WorldSearch Bot v1.1/beta (http://www.yanga.co.uk/)"
91.205.124.4 - - [17/Apr/2009:15:10:21 +0200] "GET /framez.html HTTP/1.1" 200 3959 "-" "Yanga WorldSearch Bot v1.1/beta (http://www.yanga.co.uk/)"
84.64.3.149 - - [17/Apr/2009:15:11:19 +0200] "GET / HTTP/1.1" 200 7869 "-" "Mozilla/5.0 (Windows; U; Windows NT 5.1; en-GB; rv:1.9.0.8) Gecko/2009032609 Firefox/3.0.8"
84.64.3.149 - - [17/Apr/2009:15:11:19 +0200] "GET /ve-icon-2.ico HTTP/1.1" 200 2238 "-" "Mozilla/5.0 (Windows; U; Windows NT 5.1; en-GB; rv:1.9.0.8) Gecko/2009032609 Firefox/3.0.8"
84.64.3.149 - - [17/Apr/2009:15:11:19 +0200] "GET /style/various-euro.css HTTP/1.1" 200 3437 "http://www.various-euro.com/" "Mozilla/5.0 (Windows; U; Windows NT 5.1; en-GB; rv:1.9.0.8) Gecko/2009032609 Firefox/3.0.8"
84.64.3.149 - - [17/Apr/2009:15:11:19 +0200] "GET /framez_0.html HTTP/1.1" 200 12444 "http://www.various-euro.com/" "Mozilla/5.0 (Windows; U; Windows NT 5.1; en-GB; rv:1.9.0.8) Gecko/2009032609 Firefox/3.0.8"
65.55.230.243 - - [17/Apr/2009:15:13:58 +0200] "GET /robots.txt HTTP/1.1" 200 64 "-" "msnbot-media/1.1 (+http://search.msn.com/msnbot.htm)"
65.55.230.243 - - [17/Apr/2009:15:13:58 +0200] "GET /neon/slow-walk2.html HTTP/1.1" 200 1777 "-" "msnbot-media/1.1 (+http://search.msn.com/msnbot.htm)"
66.249.65.169 - - [17/Apr/2009:16:10:50 +0200] "GET /neon/sushi.html HTTP/1.1" 200 687 "-" "Mozilla/5.0 (compatible; Googlebot/2.1; +http://www.google.com/bot.html)"
66.249.65.169 - - [17/Apr/2009:16:14:03 +0200] "GET /bmpp/18_x.html HTTP/1.1" 200 1100 "-" "Mozilla/5.0 (compatible; Googlebot/2.1; +http://www.google.com/bot.html)"
220.181.61.232 - - [17/Apr/2009:16:15:34 +0200] "GET / HTTP/1.1" 302 353 "-" "Sogou web spider/4.0(+http://www.sogou.com/docs/help/webmasters.htm#07)"
220.181.61.232 - - [17/Apr/2009:16:15:44 +0200] "GET /robots.txt HTTP/1.1" 200 64 "-" "-"
66.249.65.169 - - [17/Apr/2009:16:17:52 +0200] "GET /neon/large.html HTTP/1.1" 200 1547 "-" "Mozilla/5.0 (compatible; Googlebot/2.1; +http://www.google.com/bot.html)"
66.249.65.169 - - [17/Apr/2009:16:21:41 +0200] "GET /neon/girlz2.html HTTP/1.1" 200 2937 "-" "Mozilla/5.0 (compatible; Googlebot/2.1; +http://www.google.com/bot.html)"
66.249.65.169 - - [17/Apr/2009:16:25:31 +0200] "GET /bmpp/18start.html HTTP/1.1" 200 320 "-" "Mozilla/5.0 (compatible; Googlebot/2.1; +http://www.google.com/bot.html)"
66.249.65.169 - - [17/Apr/2009:16:29:20 +0200] "GET /neon/warning.html HTTP/1.1" 200 5134 "-" "Mozilla/5.0 (compatible; Googlebot/2.1; +http://www.google.com/bot.html)"
65.55.211.171 - - [17/Apr/2009:16:29:43 +0200] "GET /robots.txt HTTP/1.1" 200 64 "-" "msnbot/1.1 (+http://search.msn.com/msnbot.htm)"
65.55.211.171 - - [17/Apr/2009:16:29:43 +0200] "GET /schubb/schubb-5.html HTTP/1.1" 200 72944 "-" "msnbot/1.1 (+http://search.msn.com/msnbot.htm)"
66.249.65.169 - - [17/Apr/2009:16:33:10 +0200] "GET /3dsf3/sendi/receiver.html HTTP/1.1" 200 1402 "-" "Mozilla/5.0 (compatible; Googlebot/2.1; +http://www.google.com/bot.html)"
66.249.65.169 - - [17/Apr/2009:16:36:59 +0200] "GET /games/virtualcop/virtualcop.swf HTTP/1.1" 200 2563562 "-" "Mozilla/5.0 (compatible; Googlebot/2.1; +http://www.google.com/bot.html)"
79.4.91.175 - - [17/Apr/2009:16:40:56 +0200] "GET / HTTP/1.0" 302 353 "http://www.google.it/search?hl=it&q=zampa+di+leone&meta=&aq=f&oq=" "Mozilla/4.0 (compatible; MSIE 7.0; Windows NT 5.1; GTB5; .NET CLR 1.1.4322; .NET CLR 2.0.50727; OfficeLiveConnector.1.3; OfficeLivePatch.0.0)"
79.4.91.175 - - [17/Apr/2009:16:40:56 +0200] "GET /zampa/ HTTP/1.0" 200 7153 "http://www.google.it/search?hl=it&q=zampa+di+leone&meta=&aq=f&oq=" "Mozilla/4.0 (compatible; MSIE 7.0; Windows NT 5.1; GTB5; .NET CLR 1.1.4322; .NET CLR 2.0.50727; OfficeLiveConnector.1.3; OfficeLivePatch.0.0)"
79.4.91.175 - - [17/Apr/2009:16:40:56 +0200] "GET /zampa/slike/udupetu.gif HTTP/1.0" 200 4138 "http://www.various-euro.com/zampa/" "Mozilla/4.0 (compatible; MSIE 7.0; Windows NT 5.1; GTB5; .NET CLR 1.1.4322; .NET CLR 2.0.50727; OfficeLiveConnector.1.3; OfficeLivePatch.0.0)"
79.4.91.175 - - [17/Apr/2009:16:40:56 +0200] "GET /zampa/slike/zampa.gif HTTP/1.0" 200 5310 "http://www.various-euro.com/zampa/" "Mozilla/4.0 (compatible; MSIE 7.0; Windows NT 5.1; GTB5; .NET CLR 1.1.4322; .NET CLR 2.0.50727; OfficeLiveConnector.1.3; OfficeLivePatch.0.0)"
79.4.91.175 - - [17/Apr/2009:16:40:57 +0200] "GET /zampa/slike/inthearse.gif HTTP/1.0" 200 4077 "http://www.various-euro.com/zampa/" "Mozilla/4.0 (compatible; MSIE 7.0; Windows NT 5.1; GTB5; .NET CLR 1.1.4322; .NET CLR 2.0.50727; OfficeLiveConnector.1.3; OfficeLivePatch.0.0)"
79.4.91.175 - - [17/Apr/2009:16:40:57 +0200] "GET /favicon.ico HTTP/1.0" 404 2748 "-" "Mozilla/4.0 (compatible; MSIE 7.0; Windows NT 5.1; GTB5; .NET CLR 1.1.4322; .NET CLR 2.0.50727; OfficeLiveConnector.1.3; OfficeLivePatch.0.0)"
65.55.211.180 - - [17/Apr/2009:17:08:35 +0200] "GET /robots.txt HTTP/1.1" 200 64 "-" "msnbot/1.1 (+http://search.msn.com/msnbot.htm)"
65.55.211.180 - - [17/Apr/2009:17:08:36 +0200] "GET /framez-girlz.html HTTP/1.1" 200 4271 "-" "msnbot/1.1 (+http://search.msn.com/msnbot.htm)"
65.55.211.180 - - [17/Apr/2009:17:10:19 +0200] "GET /robots.txt HTTP/1.1" 200 64 "-" "msnbot/1.0 (+http://search.msn.com/msnbot.htm)"
65.55.211.180 - - [17/Apr/2009:17:10:19 +0200] "GET /frame-menu.html HTTP/1.1" 200 10536 "-" "msnbot/1.0 (+http://search.msn.com/msnbot.htm)"
65.55.211.180 - - [17/Apr/2009:17:10:20 +0200] "GET /neon/girlz2.html HTTP/1.1" 200 2937 "-" "msnbot/1.0 (+http://search.msn.com/msnbot.htm)"
65.55.211.180 - - [17/Apr/2009:17:10:20 +0200] "GET /frame-unten.html HTTP/1.1" 200 5308 "-" "msnbot/1.0 (+http://search.msn.com/msnbot.htm)"
66.249.65.169 - - [17/Apr/2009:17:12:53 +0200] "GET /schubb/schubb-3.html HTTP/1.1" 200 17546 "-" "Mozilla/5.0 (compatible; Googlebot/2.1; +http://www.google.com/bot.html)"
66.249.65.169 - - [17/Apr/2009:17:12:54 +0200] "GET /framez-schubb2.html HTTP/1.1" 200 4314 "-" "Mozilla/5.0 (compatible; Googlebot/2.1; +http://www.google.com/bot.html)"
74.6.17.167 - - [17/Apr/2009:17:32:33 +0200] "GET /robots.txt HTTP/1.0" 200 64 "-" "Mozilla/5.0 (compatible; Yahoo! Slurp; http://help.yahoo.com/help/us/ysearch/slurp)"
74.6.17.167 - - [17/Apr/2009:17:32:34 +0200] "GET /zampa/lybia/index.html HTTP/1.0" 200 3036 "-" "Mozilla/5.0 (compatible; Yahoo! Slurp/3.0; http://help.yahoo.com/help/us/ysearch/slurp)"
66.249.65.169 - - [17/Apr/2009:17:41:00 +0200] "GET /framez-girlz.html HTTP/1.1" 200 4271 "-" "Mozilla/5.0 (compatible; Googlebot/2.1; +http://www.google.com/bot.html)"
66.249.65.169 - - [17/Apr/2009:17:44:29 +0200] "GET /framez-girlz-neon.html HTTP/1.1" 200 4388 "-" "Mozilla/5.0 (compatible; Googlebot/2.1; +http://www.google.com/bot.html)"
66.249.65.169 - - [17/Apr/2009:17:47:26 +0200] "GET /bmpp/18asi_2.html HTTP/1.1" 200 8674 "-" "Mozilla/5.0 (compatible; Googlebot/2.1; +http://www.google.com/bot.html)"
66.249.65.169 - - [17/Apr/2009:17:50:47 +0200] "GET /neon/girl-tv.html HTTP/1.1" 200 1717 "-" "Mozilla/5.0 (compatible; Googlebot/2.1; +http://www.google.com/bot.html)"
66.249.65.169 - - [17/Apr/2009:17:54:09 +0200] "GET /neon/annniiii.html HTTP/1.1" 200 686 "-" "Mozilla/5.0 (compatible; Googlebot/2.1; +http://www.google.com/bot.html)"
66.249.65.169 - - [17/Apr/2009:17:57:31 +0200] "GET /neon/biggtani.html HTTP/1.1" 200 1698 "-" "Mozilla/5.0 (compatible; Googlebot/2.1; +http://www.google.com/bot.html)"
66.249.65.169 - - [17/Apr/2009:18:00:54 +0200] "GET /neon/slow-walk.html HTTP/1.1" 200 1640 "-" "Mozilla/5.0 (compatible; Googlebot/2.1; +http://www.google.com/bot.html)"
66.249.65.169 - - [17/Apr/2009:18:04:16 +0200] "GET /neon/slow-walk2.html HTTP/1.1" 200 1777 "-" "Mozilla/5.0 (compatible; Googlebot/2.1; +http://www.google.com/bot.html)"
220.181.61.232 - - [17/Apr/2009:18:05:18 +0200] "GET /zampa/ HTTP/1.1" 200 7153 "-" "Sogou web spider/4.0(+http://www.sogou.com/docs/help/webmasters.htm#07)"
66.249.65.169 - - [17/Apr/2009:18:07:38 +0200] "GET /neon/left-one-new.html HTTP/1.1" 200 1483 "-" "Mozilla/5.0 (compatible; Googlebot/2.1; +http://www.google.com/bot.html)"
65.55.108.13 - - [17/Apr/2009:18:39:12 +0200] "GET /logs/usage_200705.html HTTP/1.1" 200 16551 "-" "WinHttp"
65.55.108.13 - - [17/Apr/2009:18:39:12 +0200] "GET /rez/fisztfull.mp4 HTTP/1.1" 200 5973230 "-" "WinHttp"
66.249.65.169 - - [17/Apr/2009:18:46:47 +0200] "GET /3dsf3/sendi/hyperreality.html HTTP/1.1" 200 1436 "-" "Mozilla/5.0 (compatible; Googlebot/2.1; +http://www.google.com/bot.html)"
