65.55.110.190 - - [07/Apr/2009:17:54:40 +0200] "GET /f-euro.html HTTP/1.0" 200 12203 "http://search.live.com/results.aspx?q=various" "Mozilla/4.0 (compatible; MSIE 6.0; Windows NT 5.2; SV1; .NET CLR 1.1.4322)"
65.55.110.190 - - [07/Apr/2009:17:55:02 +0200] "GET /framez-euro.html HTTP/1.0" 200 4319 "-" "Mozilla/4.0 (compatible; MSIE 6.0; Windows NT 5.2; SV1; .NET CLR 1.1.4322)"
65.55.110.190 - - [07/Apr/2009:17:55:04 +0200] "GET /frame-menu.html HTTP/1.0" 200 10536 "http://www.various-euro.com/framez-euro.html" "Mozilla/4.0 (compatible; MSIE 6.0; Windows NT 5.2; SV1; .NET CLR 1.1.4322)"
65.55.110.190 - - [07/Apr/2009:17:55:06 +0200] "GET /f-euro.html HTTP/1.0" 200 12203 "http://www.various-euro.com/framez-euro.html" "Mozilla/4.0 (compatible; MSIE 6.0; Windows NT 5.2; SV1; .NET CLR 1.1.4322)"
65.55.110.190 - - [07/Apr/2009:17:55:06 +0200] "GET /frame-unten.html HTTP/1.0" 200 5308 "http://www.various-euro.com/framez-euro.html" "Mozilla/4.0 (compatible; MSIE 6.0; Windows NT 5.2; SV1; .NET CLR 1.1.4322)"
65.55.110.190 - - [07/Apr/2009:17:55:07 +0200] "GET /style/various-euro.css HTTP/1.0" 200 3437 "http://www.various-euro.com/frame-menu.html" "Mozilla/4.0 (compatible; MSIE 6.0; Windows NT 5.2; SV1; .NET CLR 1.1.4322)"
64.17.2.164 - - [07/Apr/2009:18:10:31 +0200] "GET /robots.txt HTTP/1.1" 200 64 "-" "MLBot (www.metadatalabs.com/mlbot)"
64.17.2.164 - - [07/Apr/2009:18:10:38 +0200] "GET /rez/ HTTP/1.1" 403 1223 "-" "MLBot (www.metadatalabs.com/mlbot)"
65.55.211.168 - - [07/Apr/2009:18:29:22 +0200] "GET /f-maintitle.html HTTP/1.1" 200 5030 "-" "msnbot/1.1 (+http://search.msn.com/msnbot.htm)"
65.55.110.61 - - [07/Apr/2009:18:31:11 +0200] "GET /f-maintitle.html HTTP/1.0" 200 5030 "http://search.live.com/results.aspx?q=various" "Mozilla/4.0 (compatible; MSIE 6.0; Windows NT 5.2; SV1; .NET CLR 1.1.4322)"
65.55.110.61 - - [07/Apr/2009:18:31:27 +0200] "GET /framez.html HTTP/1.0" 200 3959 "-" "Mozilla/4.0 (compatible; MSIE 6.0; Windows NT 5.2; SV1; .NET CLR 1.1.4322)"
65.55.110.61 - - [07/Apr/2009:18:31:28 +0200] "GET /style/various-euro.css HTTP/1.0" 200 3437 "http://www.various-euro.com/framez.html" "Mozilla/4.0 (compatible; MSIE 6.0; Windows NT 5.2; SV1; .NET CLR 1.1.4322)"
65.55.110.61 - - [07/Apr/2009:18:31:29 +0200] "GET /frame-menu.html HTTP/1.0" 200 10536 "http://www.various-euro.com/framez.html" "Mozilla/4.0 (compatible; MSIE 6.0; Windows NT 5.2; SV1; .NET CLR 1.1.4322)"
65.55.110.61 - - [07/Apr/2009:18:31:30 +0200] "GET /frame-unten.html HTTP/1.0" 200 5308 "http://www.various-euro.com/framez.html" "Mozilla/4.0 (compatible; MSIE 6.0; Windows NT 5.2; SV1; .NET CLR 1.1.4322)"
65.55.110.61 - - [07/Apr/2009:18:31:30 +0200] "GET /frame-inhalt.html HTTP/1.0" 200 5418 "http://www.various-euro.com/framez.html" "Mozilla/4.0 (compatible; MSIE 6.0; Windows NT 5.2; SV1; .NET CLR 1.1.4322)"
65.55.110.61 - - [07/Apr/2009:18:31:30 +0200] "GET /style/various-euro.css HTTP/1.0" 200 3437 "http://www.various-euro.com/frame-menu.html" "Mozilla/4.0 (compatible; MSIE 6.0; Windows NT 5.2; SV1; .NET CLR 1.1.4322)"
65.55.211.165 - - [07/Apr/2009:18:52:16 +0200] "GET /3dsf3/sendi/sendisendi.html HTTP/1.1" 200 5118 "-" "msnbot/1.1 (+http://search.msn.com/msnbot.htm)"
66.249.65.169 - - [07/Apr/2009:18:52:26 +0200] "GET /logs/usage_200701.html HTTP/1.1" 200 109268 "-" "Mozilla/5.0 (compatible; Googlebot/2.1; +http://www.google.com/bot.html)"
74.6.8.96 - - [07/Apr/2009:19:05:51 +0200] "GET /robots.txt HTTP/1.0" 200 64 "-" "Mozilla/5.0 (compatible; Yahoo! Slurp; http://help.yahoo.com/help/us/ysearch/slurp)"
74.6.8.96 - - [07/Apr/2009:19:05:51 +0200] "GET /zampa-lovers/index.html HTTP/1.0" 200 37790 "-" "Mozilla/5.0 (compatible; Yahoo! Slurp/3.0; http://help.yahoo.com/help/us/ysearch/slurp)"
66.235.124.7 - - [07/Apr/2009:19:08:05 +0200] "GET /robots.txt HTTP/1.1" 200 64 "-" "Mozilla/5.0 (compatible; Ask Jeeves/Teoma; +http://about.ask.com/en/docs/about/webmasters.shtml)"
66.235.124.7 - - [07/Apr/2009:19:08:21 +0200] "GET /restate_copy.html HTTP/1.1" 200 97631 "-" "Mozilla/5.0 (compatible; Ask Jeeves/Teoma; +http://about.ask.com/en/docs/about/webmasters.shtml)"
66.235.124.7 - - [07/Apr/2009:19:08:21 +0200] "GET /menueleiste.js HTTP/1.1" 404 2748 "-" "Mozilla/5.0 (compatible; Ask Jeeves/Teoma; +http://about.ask.com/en/docs/about/webmasters.shtml)"
66.235.124.61 - - [07/Apr/2009:19:14:59 +0200] "GET /framez-restate.html HTTP/1.1" 200 4328 "-" "Mozilla/5.0 (compatible; Ask Jeeves/Teoma; +http://about.ask.com/en/docs/about/webmasters.shtml)"
66.235.124.61 - - [07/Apr/2009:19:15:00 +0200] "GET /frame-menu.html HTTP/1.1" 200 10536 "-" "Mozilla/5.0 (compatible; Ask Jeeves/Teoma; +http://about.ask.com/en/docs/about/webmasters.shtml)"
66.235.124.61 - - [07/Apr/2009:19:15:00 +0200] "GET /restate_copy.html HTTP/1.1" 200 97631 "-" "Mozilla/5.0 (compatible; Ask Jeeves/Teoma; +http://about.ask.com/en/docs/about/webmasters.shtml)"
66.235.124.61 - - [07/Apr/2009:19:15:01 +0200] "GET /frame-unten.html HTTP/1.1" 200 5308 "-" "Mozilla/5.0 (compatible; Ask Jeeves/Teoma; +http://about.ask.com/en/docs/about/webmasters.shtml)"
65.55.211.161 - - [07/Apr/2009:19:16:21 +0200] "GET /DgH/orginal/index.html HTTP/1.1" 200 1727 "-" "msnbot/1.1 (+http://search.msn.com/msnbot.htm)"
66.235.124.61 - - [07/Apr/2009:19:18:39 +0200] "GET /framez.html HTTP/1.1" 200 3959 "-" "Mozilla/5.0 (compatible; Ask Jeeves/Teoma; +http://about.ask.com/en/docs/about/webmasters.shtml)"
66.235.124.61 - - [07/Apr/2009:19:18:39 +0200] "GET /framez.html HTTP/1.1" 200 3959 "-" "Mozilla/5.0 (compatible; Ask Jeeves/Teoma; +http://about.ask.com/en/docs/about/webmasters.shtml)"
66.235.124.61 - - [07/Apr/2009:19:18:39 +0200] "GET /frame-inhalt.html HTTP/1.1" 200 5418 "-" "Mozilla/5.0 (compatible; Ask Jeeves/Teoma; +http://about.ask.com/en/docs/about/webmasters.shtml)"
65.55.211.168 - - [07/Apr/2009:19:50:58 +0200] "GET /f-sponsor.html HTTP/1.1" 200 8578 "-" "msnbot/1.1 (+http://search.msn.com/msnbot.htm)"
67.195.37.115 - - [07/Apr/2009:19:55:14 +0200] "GET /DgH/bull/ HTTP/1.0" 200 1915 "-" "Mozilla/5.0 (compatible; Yahoo! Slurp/3.0; http://help.yahoo.com/help/us/ysearch/slurp)"
66.249.65.169 - - [07/Apr/2009:19:55:21 +0200] "GET /framez-girlz.html HTTP/1.1" 200 4271 "-" "Mozilla/5.0 (compatible; Googlebot/2.1; +http://www.google.com/bot.html)"
67.195.37.97 - - [07/Apr/2009:19:59:15 +0200] "GET /robots.txt HTTP/1.0" 200 64 "-" "Mozilla/5.0 (compatible; Yahoo! Slurp; http://help.yahoo.com/help/us/ysearch/slurp)"
67.195.37.115 - - [07/Apr/2009:20:06:33 +0200] "GET /bmpp/18_x.html HTTP/1.0" 200 1100 "-" "Mozilla/5.0 (compatible; Yahoo! Slurp/3.0; http://help.yahoo.com/help/us/ysearch/slurp)"
72.30.161.241 - - [07/Apr/2009:20:42:10 +0200] "GET /robots.txt HTTP/1.0" 200 64 "-" "Mozilla/5.0 (compatible; Yahoo! Slurp; http://help.yahoo.com/help/us/ysearch/slurp)"
72.30.161.241 - - [07/Apr/2009:20:42:10 +0200] "GET /neon/euro.html HTTP/1.0" 200 2212 "-" "Mozilla/5.0 (compatible; Yahoo! Slurp/3.0; http://help.yahoo.com/help/us/ysearch/slurp)"
66.235.124.7 - - [07/Apr/2009:20:52:40 +0200] "GET /zampa-lovers/index.html HTTP/1.1" 200 37790 "-" "Mozilla/5.0 (compatible; Ask Jeeves/Teoma; +http://about.ask.com/en/docs/about/webmasters.shtml)"
65.55.231.91 - - [07/Apr/2009:20:56:25 +0200] "GET /robots.txt HTTP/1.1" 200 64 "-" "msnbot-media/1.1 (+http://search.msn.com/msnbot.htm)"
65.55.231.91 - - [07/Apr/2009:20:56:26 +0200] "GET /zampa/slike/S4IRWIN.GIF HTTP/1.1" 200 54718 "-" "msnbot-media/1.1 (+http://search.msn.com/msnbot.htm)"
66.249.65.169 - - [07/Apr/2009:20:58:14 +0200] "GET /logs/usage_200703.html HTTP/1.1" 200 108444 "-" "Mozilla/5.0 (compatible; Googlebot/2.1; +http://www.google.com/bot.html)"
72.30.161.241 - - [07/Apr/2009:21:08:06 +0200] "GET /sendi_agent.html HTTP/1.0" 200 6213 "-" "Mozilla/5.0 (compatible; Yahoo! Slurp/3.0; http://help.yahoo.com/help/us/ysearch/slurp)"
72.30.161.241 - - [07/Apr/2009:21:08:07 +0200] "GET /3dsf3/sendi/sendisendi.html HTTP/1.0" 200 5118 "http://www.various-euro.com/sendi_agent.html" "Mozilla/5.0 (compatible; Yahoo! Slurp/3.0; http://help.yahoo.com/help/us/ysearch/slurp)"
72.30.161.241 - - [07/Apr/2009:21:08:07 +0200] "GET /3dsf3/sendi/index.html HTTP/1.0" 200 1837 "http://www.various-euro.com/sendi_agent.html" "Mozilla/5.0 (compatible; Yahoo! Slurp/3.0; http://help.yahoo.com/help/us/ysearch/slurp)"
72.30.161.241 - - [07/Apr/2009:21:08:09 +0200] "GET /3dsf3/sendi/formate.css HTTP/1.0" 304 - "http://www.various-euro.com/3dsf3/sendi/sendisendi.html" "Mozilla/5.0 (compatible; Yahoo! Slurp/3.0; http://help.yahoo.com/help/us/ysearch/slurp)"
72.30.161.241 - - [07/Apr/2009:21:14:50 +0200] "GET /euro.html HTTP/1.0" 404 2748 "-" "Mozilla/5.0 (compatible; Yahoo! Slurp/3.0; http://help.yahoo.com/help/us/ysearch/slurp)"
208.80.195.31 - - [07/Apr/2009:21:15:06 +0200] "GET / HTTP/1.0" 200 7869 "-" "Mozilla/4.0 (compatible; MSIE 6.0; Windows NT 5.1; BTOW; SV1; .NET CLR 1.1.4322)"
208.80.195.31 - - [07/Apr/2009:21:15:06 +0200] "GET / HTTP/1.0" 200 7869 "-" "Mozilla/4.0 (compatible; MSIE 6.0; Windows NT 5.1; SV1; .NET CLR 1.1.4322; InfoPath.1; SpamBlockerUtility 4.8.4; MSN 6.1; MSNbMSFT; MSNmen-us; MSNc00)"
66.249.65.169 - - [07/Apr/2009:21:29:39 +0200] "GET /logs/usage_200712.html HTTP/1.1" 200 92577 "-" "Mozilla/5.0 (compatible; Googlebot/2.1; +http://www.google.com/bot.html)"
65.55.211.167 - - [07/Apr/2009:21:46:11 +0200] "GET /contact.html HTTP/1.1" 404 2748 "-" "msnbot/1.1 (+http://search.msn.com/msnbot.htm)"
65.55.211.167 - - [07/Apr/2009:21:46:15 +0200] "GET /logz_old.html HTTP/1.1" 404 2748 "-" "msnbot/1.1 (+http://search.msn.com/msnbot.htm)"
65.55.211.167 - - [07/Apr/2009:21:46:17 +0200] "GET /net.html HTTP/1.1" 404 2748 "-" "msnbot/1.1 (+http://search.msn.com/msnbot.htm)"
65.55.211.172 - - [07/Apr/2009:23:25:48 +0200] "GET /robots.txt HTTP/1.1" 200 64 "-" "msnbot/1.1 (+http://search.msn.com/msnbot.htm)"
65.55.211.172 - - [07/Apr/2009:23:25:48 +0200] "GET /framez-girlz-neon.html HTTP/1.1" 200 4388 "-" "msnbot/1.1 (+http://search.msn.com/msnbot.htm)"
65.55.211.172 - - [07/Apr/2009:23:28:36 +0200] "GET /robots.txt HTTP/1.1" 200 64 "-" "msnbot/1.0 (+http://search.msn.com/msnbot.htm)"
65.55.211.172 - - [07/Apr/2009:23:28:36 +0200] "GET /frame-menu.html HTTP/1.1" 200 10536 "-" "msnbot/1.0 (+http://search.msn.com/msnbot.htm)"
65.55.211.172 - - [07/Apr/2009:23:28:36 +0200] "GET /neon/girlz2.html HTTP/1.1" 200 2937 "-" "msnbot/1.0 (+http://search.msn.com/msnbot.htm)"
65.55.211.172 - - [07/Apr/2009:23:28:36 +0200] "GET /frame-unten.html HTTP/1.1" 200 5308 "-" "msnbot/1.0 (+http://search.msn.com/msnbot.htm)"
65.55.211.161 - - [07/Apr/2009:23:39:04 +0200] "GET /sendi_agent.html HTTP/1.1" 200 6213 "-" "msnbot/1.1 (+http://search.msn.com/msnbot.htm)"
72.30.161.241 - - [07/Apr/2009:23:50:53 +0200] "GET /sendi_agent.html HTTP/1.0" 200 6213 "-" "Mozilla/5.0 (compatible; Yahoo! Slurp/3.0; http://help.yahoo.com/help/us/ysearch/slurp)"
72.30.161.241 - - [07/Apr/2009:23:50:54 +0200] "GET /3dsf3/sendi/sendisendi.html HTTP/1.0" 200 5118 "http://www.various-euro.com/sendi_agent.html" "Mozilla/5.0 (compatible; Yahoo! Slurp/3.0; http://help.yahoo.com/help/us/ysearch/slurp)"
72.30.161.241 - - [07/Apr/2009:23:50:54 +0200] "GET /3dsf3/sendi/index.html HTTP/1.0" 200 1837 "http://www.various-euro.com/sendi_agent.html" "Mozilla/5.0 (compatible; Yahoo! Slurp/3.0; http://help.yahoo.com/help/us/ysearch/slurp)"
72.30.161.241 - - [07/Apr/2009:23:50:54 +0200] "GET /3dsf3/sendi/formate.css HTTP/1.0" 304 - "http://www.various-euro.com/3dsf3/sendi/index.html" "Mozilla/5.0 (compatible; Yahoo! Slurp/3.0; http://help.yahoo.com/help/us/ysearch/slurp)"
65.55.211.170 - - [07/Apr/2009:23:55:28 +0200] "GET /robots.txt HTTP/1.1" 200 64 "-" "msnbot/1.1 (+http://search.msn.com/msnbot.htm)"
65.55.211.170 - - [07/Apr/2009:23:55:29 +0200] "GET /f-actions.html HTTP/1.1" 200 11006 "-" "msnbot/1.1 (+http://search.msn.com/msnbot.htm)"
71.41.201.38 - - [08/Apr/2009:00:05:12 +0200] "GET / HTTP/1.1" 200 7869 "-" "MLBot (www.metadatalabs.com/mlbot)"
65.55.211.162 - - [08/Apr/2009:00:38:32 +0200] "GET /framez_0.html HTTP/1.1" 200 12444 "-" "msnbot/1.1 (+http://search.msn.com/msnbot.htm)"
87.250.39.216 - - [08/Apr/2009:00:41:30 +0200] "GET /favicon.ico HTTP/1.1" 302 364 "-" "Mozilla/4.0 (compatible; GoogleToolbar 5.0.2124.6042; Windows XP 5.1; MSIE 7.0.5730.13)"
87.250.39.216 - - [08/Apr/2009:00:41:30 +0200] "GET /zampa/favicon.ico HTTP/1.1" 404 2748 "-" "Mozilla/4.0 (compatible; GoogleToolbar 5.0.2124.6042; Windows XP 5.1; MSIE 7.0.5730.13)"
87.250.39.216 - - [08/Apr/2009:00:41:30 +0200] "GET /favicon.gif HTTP/1.1" 302 364 "-" "Mozilla/4.0 (compatible; GoogleToolbar 5.0.2124.6042; Windows XP 5.1; MSIE 7.0.5730.13)"
87.250.39.216 - - [08/Apr/2009:00:41:30 +0200] "GET /zampa/favicon.gif HTTP/1.1" 404 2748 "-" "Mozilla/4.0 (compatible; GoogleToolbar 5.0.2124.6042; Windows XP 5.1; MSIE 7.0.5730.13)"
94.189.128.126 - - [08/Apr/2009:00:42:07 +0200] "GET /framez-rez.html HTTP/1.1" 200 4323 "http://www.google.com/search?hl=en&q=dada+shop+beograd&btnG=Search" "Mozilla/5.0 (Windows; U; Windows NT 5.1; en-US; rv:1.9.0.8) Gecko/2009032609 Firefox/3.0.8"
94.189.128.126 - - [08/Apr/2009:00:42:08 +0200] "GET /frame-menu.html HTTP/1.1" 200 10536 "http://www.various-euro.com/framez-rez.html" "Mozilla/5.0 (Windows; U; Windows NT 5.1; en-US; rv:1.9.0.8) Gecko/2009032609 Firefox/3.0.8"
94.189.128.126 - - [08/Apr/2009:00:42:08 +0200] "GET /ve-icon-2.ico HTTP/1.1" 200 2238 "-" "Mozilla/5.0 (Windows; U; Windows NT 5.1; en-US; rv:1.9.0.8) Gecko/2009032609 Firefox/3.0.8"
94.189.128.126 - - [08/Apr/2009:00:42:09 +0200] "GET /frame-unten.html HTTP/1.1" 200 5308 "http://www.various-euro.com/framez-rez.html" "Mozilla/5.0 (Windows; U; Windows NT 5.1; en-US; rv:1.9.0.8) Gecko/2009032609 Firefox/3.0.8"
94.189.128.126 - - [08/Apr/2009:00:42:09 +0200] "GET /f-rez.html HTTP/1.1" 200 9765 "http://www.various-euro.com/framez-rez.html" "Mozilla/5.0 (Windows; U; Windows NT 5.1; en-US; rv:1.9.0.8) Gecko/2009032609 Firefox/3.0.8"
94.189.128.126 - - [08/Apr/2009:00:42:09 +0200] "GET /style/various-euro.css HTTP/1.1" 200 3437 "http://www.various-euro.com/frame-menu.html" "Mozilla/5.0 (Windows; U; Windows NT 5.1; en-US; rv:1.9.0.8) Gecko/2009032609 Firefox/3.0.8"
94.189.128.126 - - [08/Apr/2009:00:42:11 +0200] "GET /rez/mb.jpg HTTP/1.1" 200 12467 "http://www.various-euro.com/f-rez.html" "Mozilla/5.0 (Windows; U; Windows NT 5.1; en-US; rv:1.9.0.8) Gecko/2009032609 Firefox/3.0.8"
94.189.128.126 - - [08/Apr/2009:00:42:10 +0200] "GET /rez/ma.jpg HTTP/1.1" 200 12893 "http://www.various-euro.com/f-rez.html" "Mozilla/5.0 (Windows; U; Windows NT 5.1; en-US; rv:1.9.0.8) Gecko/2009032609 Firefox/3.0.8"
94.189.128.126 - - [08/Apr/2009:00:42:11 +0200] "GET /rez/tec.gif HTTP/1.1" 200 732 "http://www.various-euro.com/f-rez.html" "Mozilla/5.0 (Windows; U; Windows NT 5.1; en-US; rv:1.9.0.8) Gecko/2009032609 Firefox/3.0.8"
94.189.128.126 - - [08/Apr/2009:00:42:11 +0200] "GET /rez/car.gif HTTP/1.1" 404 2748 "http://www.various-euro.com/f-rez.html" "Mozilla/5.0 (Windows; U; Windows NT 5.1; en-US; rv:1.9.0.8) Gecko/2009032609 Firefox/3.0.8"
94.189.128.126 - - [08/Apr/2009:00:42:10 +0200] "GET /bannerz/ve.jpg HTTP/1.1" 200 36912 "http://www.various-euro.com/frame-unten.html" "Mozilla/5.0 (Windows; U; Windows NT 5.1; en-US; rv:1.9.0.8) Gecko/2009032609 Firefox/3.0.8"
94.189.128.126 - - [08/Apr/2009:00:42:10 +0200] "GET /bannerz/various-euro-girl.jpg HTTP/1.1" 200 91514 "http://www.various-euro.com/frame-unten.html" "Mozilla/5.0 (Windows; U; Windows NT 5.1; en-US; rv:1.9.0.8) Gecko/2009032609 Firefox/3.0.8"
67.195.37.115 - - [08/Apr/2009:00:44:28 +0200] "GET /robots.txt HTTP/1.0" 200 64 "-" "Mozilla/5.0 (compatible; Yahoo! Slurp; http://help.yahoo.com/help/us/ysearch/slurp)"
67.195.37.115 - - [08/Apr/2009:00:44:29 +0200] "GET /bmpp/18start.html HTTP/1.0" 200 320 "-" "Mozilla/5.0 (compatible; Yahoo! Slurp/3.0; http://help.yahoo.com/help/us/ysearch/slurp)"
81.52.143.35 - - [08/Apr/2009:00:45:01 +0200] "GET /robots.txt HTTP/1.1" 200 64 "-" "Mozilla/5.0 (Windows; U; Windows NT 5.1; fr; rv:1.8.1) VoilaBot BETA 1.2 (support.voilabot@orange-ftgroup.com)"
81.52.143.35 - - [08/Apr/2009:00:45:17 +0200] "GET /neon/warning2.html HTTP/1.1" 200 997 "-" "Mozilla/5.0 (Windows; U; Windows NT 5.1; fr; rv:1.8.1) VoilaBot BETA 1.2 (support.voilabot@orange-ftgroup.com)"
67.195.37.115 - - [08/Apr/2009:00:49:24 +0200] "GET /frame-unten.html HTTP/1.0" 200 5308 "-" "Mozilla/5.0 (compatible; Yahoo! Slurp/3.0; http://help.yahoo.com/help/us/ysearch/slurp)"
66.235.124.7 - - [08/Apr/2009:00:54:01 +0200] "GET /neon/girlz2.html HTTP/1.1" 200 2937 "-" "Mozilla/5.0 (compatible; Ask Jeeves/Teoma; +http://about.ask.com/en/docs/about/webmasters.shtml)"
77.188.19.206 - - [08/Apr/2009:00:55:14 +0200] "GET /favicon.ico HTTP/1.1" 404 2748 "-" "Mozilla/5.0 (Windows; U; Windows NT 6.0; de; rv:1.9.0.8) Gecko/2009032609 Firefox/3.0.8"
87.248.169.14 - - [08/Apr/2009:01:20:21 +0200] "GET /framez-schubb5.html HTTP/1.0" 200 4330 "http://www.various-euro.com/framez-schubb5.html" "Mozilla/4.0 (compatible; MSIE 6.0; Windows NT 5.1; SV1)"
87.248.169.14 - - [08/Apr/2009:01:20:22 +0200] "GET /frame-menu.html HTTP/1.0" 200 10536 "http://www.various-euro.com/frame-menu.html" "Mozilla/4.0 (compatible; MSIE 6.0; Windows NT 5.1; SV1)"
87.248.169.14 - - [08/Apr/2009:01:20:22 +0200] "GET /schubb/schubb-5.html HTTP/1.0" 200 72944 "http://www.various-euro.com/schubb/schubb-5.html" "Mozilla/4.0 (compatible; MSIE 6.0; Windows NT 5.1; SV1)"
87.248.169.14 - - [08/Apr/2009:01:20:24 +0200] "GET /frame-unten.html HTTP/1.0" 200 5308 "http://www.various-euro.com/frame-unten.html" "Mozilla/4.0 (compatible; MSIE 6.0; Windows NT 5.1; SV1)"
67.195.37.115 - - [08/Apr/2009:01:26:11 +0200] "GET /framez_0.html HTTP/1.0" 200 12444 "-" "Mozilla/5.0 (compatible; Yahoo! Slurp/3.0; http://help.yahoo.com/help/us/ysearch/slurp)"
81.52.143.16 - - [08/Apr/2009:01:38:55 +0200] "GET /frame-unten.html HTTP/1.1" 200 5308 "-" "Mozilla/5.0 (Windows; U; Windows NT 5.1; fr; rv:1.8.1) VoilaBot BETA 1.2 (support.voilabot@orange-ftgroup.com)"
72.30.161.241 - - [08/Apr/2009:01:59:52 +0200] "GET /zampa/montenegro/ HTTP/1.0" 200 2651 "-" "Mozilla/5.0 (compatible; Yahoo! Slurp/3.0; http://help.yahoo.com/help/us/ysearch/slurp)"
81.52.143.37 - - [08/Apr/2009:02:01:42 +0200] "GET /neon/left-one-new.html HTTP/1.1" 200 1483 "-" "Mozilla/5.0 (Windows; U; Windows NT 5.1; fr; rv:1.8.1) VoilaBot BETA 1.2 (support.voilabot@orange-ftgroup.com)"
72.30.161.241 - - [08/Apr/2009:02:22:55 +0200] "GET /your_tour.html HTTP/1.0" 200 29760 "-" "Mozilla/5.0 (compatible; Yahoo! Slurp/3.0; http://help.yahoo.com/help/us/ysearch/slurp)"
72.30.161.241 - - [08/Apr/2009:02:22:57 +0200] "GET /anon.css HTTP/1.0" 404 2748 "http://www.various-euro.com/your_tour.html" "Mozilla/5.0 (compatible; Yahoo! Slurp/3.0; http://help.yahoo.com/help/us/ysearch/slurp)"
65.55.106.115 - - [08/Apr/2009:02:32:52 +0200] "GET /robots.txt HTTP/1.1" 200 64 "-" "msnbot/2.0b (+http://search.msn.com/msnbot.htm)"
193.252.149.16 - - [08/Apr/2009:02:38:59 +0200] "GET /frame-inhalt.html HTTP/1.1" 200 5418 "-" "Mozilla/5.0 (Windows; U; Windows NT 5.1; fr; rv:1.8.1) VoilaBot BETA 1.2 (support.voilabot@orange-ftgroup.com)"
66.235.124.61 - - [08/Apr/2009:02:52:38 +0200] "GET /framez-girlz.html HTTP/1.1" 200 4271 "-" "Mozilla/5.0 (compatible; Ask Jeeves/Teoma; +http://about.ask.com/en/docs/about/webmasters.shtml)"
66.235.124.61 - - [08/Apr/2009:02:52:39 +0200] "GET /neon/girlz2.html HTTP/1.1" 200 2937 "-" "Mozilla/5.0 (compatible; Ask Jeeves/Teoma; +http://about.ask.com/en/docs/about/webmasters.shtml)"
66.235.124.61 - - [08/Apr/2009:02:56:17 +0200] "GET /framez.html HTTP/1.1" 200 3959 "-" "Mozilla/5.0 (compatible; Ask Jeeves/Teoma; +http://about.ask.com/en/docs/about/webmasters.shtml)"
193.47.80.51 - - [08/Apr/2009:03:06:04 +0200] "GET /robots.txt HTTP/1.1" 200 64 "-" "Mozilla/5.0 (compatible; Exabot/3.0; +http://www.exabot.com/go/robot)"
193.47.80.51 - - [08/Apr/2009:03:06:04 +0200] "GET / HTTP/1.1" 200 7869 "-" "Mozilla/5.0 (compatible; Exabot/3.0; +http://www.exabot.com/go/robot)"
72.94.249.34 - - [08/Apr/2009:03:28:31 +0200] "GET / HTTP/1.1" 200 7869 "-" "Mozilla/4.0 (compatible; MSIE 6.0; Windows NT 5.1; SV1; .NET CLR 1.1.4322)"
66.235.124.132 - - [08/Apr/2009:03:46:26 +0200] "GET /robots.txt HTTP/1.1" 200 64 "-" "-"
66.235.124.132 - - [08/Apr/2009:03:46:26 +0200] "GET /restate_copy.html HTTP/1.1" 200 97631 "-" "Mozilla/5.0 (X11; U; Linux i686; en-US; rv:1.9a1) Gecko/20070308 Minefield/3.0a1"
66.235.124.132 - - [08/Apr/2009:03:46:27 +0200] "GET /menueleiste.js HTTP/1.1" 404 2748 "http://www.various-euro.com/restate_copy.html" "Mozilla/5.0 (X11; U; Linux i686; en-US; rv:1.9a1) Gecko/20070308 Minefield/3.0a1"
66.235.124.132 - - [08/Apr/2009:03:46:28 +0200] "GET /bannerz/rebelle.gif HTTP/1.1" 200 6986 "http://www.various-euro.com/restate_copy.html" "Mozilla/5.0 (X11; U; Linux i686; en-US; rv:1.9a1) Gecko/20070308 Minefield/3.0a1"
66.235.124.132 - - [08/Apr/2009:03:46:28 +0200] "GET /detonators.gif HTTP/1.1" 200 14892 "http://www.various-euro.com/restate_copy.html" "Mozilla/5.0 (X11; U; Linux i686; en-US; rv:1.9a1) Gecko/20070308 Minefield/3.0a1"
66.235.124.132 - - [08/Apr/2009:03:46:32 +0200] "GET /framez-restate.html HTTP/1.1" 200 4328 "http://www.various-euro.com/restate_copy.html" "Mozilla/5.0 (X11; U; Linux i686; en-US; rv:1.9a1) Gecko/20070308 Minefield/3.0a1"
66.235.124.132 - - [08/Apr/2009:03:46:32 +0200] "GET /frame-menu.html HTTP/1.1" 200 10536 "http://www.various-euro.com/framez-restate.html" "Mozilla/5.0 (X11; U; Linux i686; en-US; rv:1.9a1) Gecko/20070308 Minefield/3.0a1"
66.235.124.132 - - [08/Apr/2009:03:46:32 +0200] "GET /restate_copy.html HTTP/1.1" 200 97631 "http://www.various-euro.com/framez-restate.html" "Mozilla/5.0 (X11; U; Linux i686; en-US; rv:1.9a1) Gecko/20070308 Minefield/3.0a1"
66.235.124.132 - - [08/Apr/2009:03:46:33 +0200] "GET /frame-unten.html HTTP/1.1" 200 5308 "http://www.various-euro.com/framez-restate.html" "Mozilla/5.0 (X11; U; Linux i686; en-US; rv:1.9a1) Gecko/20070308 Minefield/3.0a1"
66.235.124.132 - - [08/Apr/2009:03:46:33 +0200] "GET /menueleiste.js HTTP/1.1" 404 2748 "http://www.various-euro.com/restate_copy.html" "Mozilla/5.0 (X11; U; Linux i686; en-US; rv:1.9a1) Gecko/20070308 Minefield/3.0a1"
66.235.124.132 - - [08/Apr/2009:03:46:33 +0200] "GET /style/various-euro.css HTTP/1.1" 200 3437 "http://www.various-euro.com/frame-menu.html" "Mozilla/5.0 (X11; U; Linux i686; en-US; rv:1.9a1) Gecko/20070308 Minefield/3.0a1"
66.235.124.132 - - [08/Apr/2009:03:46:33 +0200] "GET /bannerz/ve.jpg HTTP/1.1" 200 36912 "http://www.various-euro.com/frame-unten.html" "Mozilla/5.0 (X11; U; Linux i686; en-US; rv:1.9a1) Gecko/20070308 Minefield/3.0a1"
66.235.124.132 - - [08/Apr/2009:03:46:33 +0200] "GET /bannerz/various-euro-girl.jpg HTTP/1.1" 200 91514 "http://www.various-euro.com/frame-unten.html" "Mozilla/5.0 (X11; U; Linux i686; en-US; rv:1.9a1) Gecko/20070308 Minefield/3.0a1"
72.30.161.241 - - [08/Apr/2009:03:59:32 +0200] "GET /f-search.html HTTP/1.0" 200 11800 "-" "Mozilla/5.0 (compatible; Yahoo! Slurp/3.0; http://help.yahoo.com/help/us/ysearch/slurp)"
72.30.161.241 - - [08/Apr/2009:03:59:43 +0200] "GET /zampa-lovers/index.html HTTP/1.0" 200 37790 "-" "Mozilla/5.0 (compatible; Yahoo! Slurp/3.0; http://help.yahoo.com/help/us/ysearch/slurp)"
72.30.161.241 - - [08/Apr/2009:04:00:20 +0200] "GET /frame-inhalt.html HTTP/1.0" 200 5418 "-" "Mozilla/5.0 (compatible; Yahoo! Slurp/3.0; http://help.yahoo.com/help/us/ysearch/slurp)"
72.30.161.241 - - [08/Apr/2009:04:00:21 +0200] "GET /style/various-euro.css HTTP/1.0" 304 - "http://www.various-euro.com/frame-inhalt.html" "Mozilla/5.0 (compatible; Yahoo! Slurp/3.0; http://help.yahoo.com/help/us/ysearch/slurp)"
72.30.161.241 - - [08/Apr/2009:04:03:48 +0200] "GET /neon/code.html HTTP/1.0" 200 1109 "-" "Mozilla/5.0 (compatible; Yahoo! Slurp/3.0; http://help.yahoo.com/help/us/ysearch/slurp)"
67.195.37.115 - - [08/Apr/2009:04:09:16 +0200] "GET /partnergegenberlin.html HTTP/1.0" 200 5022 "-" "Mozilla/5.0 (compatible; Yahoo! Slurp/3.0; http://help.yahoo.com/help/us/ysearch/slurp)"
72.30.161.241 - - [08/Apr/2009:04:14:44 +0200] "GET /schubb/hs~schubb-1.html HTTP/1.0" 200 7568 "-" "Mozilla/5.0 (compatible; Yahoo! Slurp/3.0; http://help.yahoo.com/help/us/ysearch/slurp)"
72.30.161.241 - - [08/Apr/2009:04:23:34 +0200] "GET /neon/girlz2.html HTTP/1.0" 200 2937 "-" "Mozilla/5.0 (compatible; Yahoo! Slurp/3.0; http://help.yahoo.com/help/us/ysearch/slurp)"
65.55.108.168 - - [08/Apr/2009:04:29:36 +0200] "GET /robots.txt HTTP/1.1" 200 64 "-" "msnbot-media/1.1 (+http://search.msn.com/msnbot.htm)"
65.55.108.168 - - [08/Apr/2009:04:29:36 +0200] "GET /zampa/slike/E5UROSTO.GIF HTTP/1.1" 200 42690 "-" "msnbot-media/1.1 (+http://search.msn.com/msnbot.htm)"
72.30.161.241 - - [08/Apr/2009:04:30:10 +0200] "GET /f-world.html HTTP/1.0" 200 35590 "-" "Mozilla/5.0 (compatible; Yahoo! Slurp/3.0; http://help.yahoo.com/help/us/ysearch/slurp)"
72.30.161.241 - - [08/Apr/2009:04:31:57 +0200] "GET /neon/channel.html HTTP/1.0" 200 1942 "-" "Mozilla/5.0 (compatible; Yahoo! Slurp/3.0; http://help.yahoo.com/help/us/ysearch/slurp)"
81.52.143.29 - - [08/Apr/2009:04:32:58 +0200] "GET /f-warez.html HTTP/1.1" 200 10953 "-" "Mozilla/5.0 (Windows; U; Windows NT 5.1; fr; rv:1.8.1) VoilaBot BETA 1.2 (support.voilabot@orange-ftgroup.com)"
67.195.37.186 - - [08/Apr/2009:04:37:52 +0200] "GET /robots.txt HTTP/1.0" 200 64 "-" "Mozilla/5.0 (compatible; Yahoo! Slurp; http://help.yahoo.com/help/us/ysearch/slurp)"
67.195.37.186 - - [08/Apr/2009:04:37:52 +0200] "GET / HTTP/1.0" 200 7869 "-" "Mozilla/5.0 (compatible; Yahoo! Slurp/3.0; http://help.yahoo.com/help/us/ysearch/slurp)"
67.195.37.186 - - [08/Apr/2009:04:37:53 +0200] "GET /style/various-euro.css HTTP/1.0" 200 3437 "http://various-euro.com/" "Mozilla/5.0 (compatible; Yahoo! Slurp/3.0; http://help.yahoo.com/help/us/ysearch/slurp)"
67.195.37.186 - - [08/Apr/2009:04:49:12 +0200] "GET /framez.html HTTP/1.0" 200 3959 "-" "Mozilla/5.0 (compatible; Yahoo! Slurp; http://help.yahoo.com/help/us/ysearch/slurp)"
67.195.37.186 - - [08/Apr/2009:04:49:22 +0200] "GET /frame-menu.html HTTP/1.0" 200 10536 "-" "Mozilla/5.0 (compatible; Yahoo! Slurp; http://help.yahoo.com/help/us/ysearch/slurp)"
67.195.37.186 - - [08/Apr/2009:04:49:32 +0200] "GET /frame-inhalt.html HTTP/1.0" 200 5418 "-" "Mozilla/5.0 (compatible; Yahoo! Slurp; http://help.yahoo.com/help/us/ysearch/slurp)"
67.195.37.186 - - [08/Apr/2009:04:49:42 +0200] "GET /frame-unten.html HTTP/1.0" 200 5308 "-" "Mozilla/5.0 (compatible; Yahoo! Slurp; http://help.yahoo.com/help/us/ysearch/slurp)"
65.55.211.162 - - [08/Apr/2009:05:30:54 +0200] "GET /robots.txt HTTP/1.1" 200 64 "-" "msnbot/1.1 (+http://search.msn.com/msnbot.htm)"
65.55.211.162 - - [08/Apr/2009:05:30:54 +0200] "GET /logs/usage_200707.html HTTP/1.1" 200 110942 "-" "msnbot/1.1 (+http://search.msn.com/msnbot.htm)"
72.30.161.241 - - [08/Apr/2009:05:55:36 +0200] "GET /robots.txt HTTP/1.0" 200 64 "-" "Mozilla/5.0 (compatible; Yahoo! Slurp; http://help.yahoo.com/help/us/ysearch/slurp)"
72.30.161.241 - - [08/Apr/2009:05:55:36 +0200] "GET /neon/annniiii.html HTTP/1.0" 200 686 "-" "Mozilla/5.0 (compatible; Yahoo! Slurp/3.0; http://help.yahoo.com/help/us/ysearch/slurp)"
65.55.211.174 - - [08/Apr/2009:06:45:26 +0200] "GET /robots.txt HTTP/1.1" 200 64 "-" "msnbot/1.1 (+http://search.msn.com/msnbot.htm)"
65.55.211.174 - - [08/Apr/2009:06:45:26 +0200] "GET /logs/usage_200704.html HTTP/1.1" 200 108835 "-" "msnbot/1.1 (+http://search.msn.com/msnbot.htm)"
72.30.161.241 - - [08/Apr/2009:06:50:12 +0200] "GET /f-rez.html HTTP/1.0" 200 9765 "-" "Mozilla/5.0 (compatible; Yahoo! Slurp/3.0; http://help.yahoo.com/help/us/ysearch/slurp)"
67.202.41.3 - - [08/Apr/2009:07:00:00 +0200] "GET /robots.txt HTTP/1.0" 200 64 "-" "ia_archiver (+http://www.alexa.com/site/help/webmasters; crawler@alexa.com)"
85.31.186.122 - - [08/Apr/2009:07:00:24 +0200] "GET /schubb/schubb-5.html HTTP/1.0" 200 72944 "http://www.various-euro.com/schubb/schubb-5.html" "Mozilla/1.22 (compatible; MSIE 2.0d; Windows NT)"
72.30.161.241 - - [08/Apr/2009:07:57:20 +0200] "GET /logs/usage_200601.html HTTP/1.0" 200 109676 "-" "Mozilla/5.0 (compatible; Yahoo! Slurp/3.0; http://help.yahoo.com/help/us/ysearch/slurp)"
72.30.161.241 - - [08/Apr/2009:07:57:21 +0200] "GET /logs/usage_200601.html HTTP/1.0" 200 109676 "-" "Mozilla/5.0 (compatible; Yahoo! Slurp/3.0; http://help.yahoo.com/help/us/ysearch/slurp)"
81.52.143.32 - - [08/Apr/2009:08:13:08 +0200] "GET /f-web.html HTTP/1.1" 200 13605 "-" "Mozilla/5.0 (Windows; U; Windows NT 5.1; fr; rv:1.8.1) VoilaBot BETA 1.2 (support.voilabot@orange-ftgroup.com)"
65.55.106.142 - - [08/Apr/2009:09:03:20 +0200] "GET /robots.txt HTTP/1.1" 200 64 "-" "msnbot/2.0b (+http://search.msn.com/msnbot.htm)"
130.76.32.19 - - [08/Apr/2009:09:19:18 +0200] "GET /bannerz/various-euro-girl.jpg HTTP/1.1" 200 91514 "http://www.airtightinteractive.com/projects/simple_image_search/app/viewer.swf" "Mozilla/4.0 (compatible; MSIE 6.0; Windows NT 5.1; SV1; .NET CLR 1.1.4322; .NET CLR 2.0.50727)"
65.55.211.174 - - [08/Apr/2009:09:37:07 +0200] "GET /logs/usage_200702.html HTTP/1.1" 200 107861 "-" "msnbot/1.1 (+http://search.msn.com/msnbot.htm)"
193.252.149.16 - - [08/Apr/2009:09:40:34 +0200] "GET / HTTP/1.1" 200 7869 "-" "Mozilla/5.0 (Windows; U; Windows NT 5.1; fr; rv:1.8.1) VoilaBot BETA 1.2 (support.voilabot@orange-ftgroup.com)"
201.137.14.44 - - [08/Apr/2009:09:46:51 +0200] "POST http://various-euro.com/smpro/s.cgi HTTP/1.0" 404 2748 "http://various-euro.com/smpro/s.cgi" "Mozilla/4.0 (compatible; MSIE 6.0; Windows NT 5.1)"
201.137.14.44 - - [08/Apr/2009:09:46:51 +0200] "POST http://various-euro.com/cgi-bin/mailm3/s.pl HTTP/1.0" 404 2748 "http://various-euro.com/cgi-bin/mailm3/s.pl" "Mozilla/4.0 (compatible; MSIE 6.0; Windows NT 5.1)"
201.137.14.44 - - [08/Apr/2009:09:46:51 +0200] "POST http://various-euro.com/cgi-bin/pro/s.pl HTTP/1.0" 404 2748 "http://various-euro.com/cgi-bin/pro/s.pl" "Mozilla/4.0 (compatible; MSIE 6.0; Windows NT 5.1)"
201.137.14.44 - - [08/Apr/2009:09:46:52 +0200] "POST http://various-euro.com/cgi-bin/sub/s.pl HTTP/1.0" 404 2748 "http://various-euro.com/cgi-bin/sub/s.pl" "Mozilla/4.0 (compatible; MSIE 6.0; Windows NT 5.1)"
64.17.2.164 - - [08/Apr/2009:10:16:38 +0200] "GET /restate_copy.html HTTP/1.1" 200 97631 "-" "MLBot (www.metadatalabs.com/mlbot)"
58.96.52.136 - - [08/Apr/2009:10:40:47 +0200] "GET / HTTP/1.1" 200 7869 "-" "Mozilla/5.0 (Windows; U; Windows NT 6.0; en-GB; rv:1.9.0.8) Gecko/2009032609 Firefox/3.0.8 (.NET CLR 3.5.30729)"
58.96.52.136 - - [08/Apr/2009:10:40:48 +0200] "GET /ve-icon-2.ico HTTP/1.1" 200 2238 "-" "Mozilla/5.0 (Windows; U; Windows NT 6.0; en-GB; rv:1.9.0.8) Gecko/2009032609 Firefox/3.0.8 (.NET CLR 3.5.30729)"
58.96.52.136 - - [08/Apr/2009:10:40:48 +0200] "GET /style/various-euro.css HTTP/1.1" 200 3437 "http://www.various-euro.com/" "Mozilla/5.0 (Windows; U; Windows NT 6.0; en-GB; rv:1.9.0.8) Gecko/2009032609 Firefox/3.0.8 (.NET CLR 3.5.30729)"
58.96.52.136 - - [08/Apr/2009:10:40:49 +0200] "GET /framez_0.html HTTP/1.1" 200 12444 "http://www.various-euro.com/" "Mozilla/5.0 (Windows; U; Windows NT 6.0; en-GB; rv:1.9.0.8) Gecko/2009032609 Firefox/3.0.8 (.NET CLR 3.5.30729)"
58.96.52.136 - - [08/Apr/2009:10:40:52 +0200] "GET /ve-icon-2.ico HTTP/1.1" 200 2238 "-" "Mozilla/5.0 (Windows; U; Windows NT 6.0; en-GB; rv:1.9.0.8) Gecko/2009032609 Firefox/3.0.8 (.NET CLR 3.5.30729)"
58.96.52.136 - - [08/Apr/2009:10:40:54 +0200] "GET /framez.html HTTP/1.1" 200 3959 "http://www.various-euro.com/framez_0.html" "Mozilla/5.0 (Windows; U; Windows NT 6.0; en-GB; rv:1.9.0.8) Gecko/2009032609 Firefox/3.0.8 (.NET CLR 3.5.30729)"
58.96.52.136 - - [08/Apr/2009:10:40:55 +0200] "GET /style/various-euro.css HTTP/1.1" 200 3437 "http://www.various-euro.com/framez.html" "Mozilla/5.0 (Windows; U; Windows NT 6.0; en-GB; rv:1.9.0.8) Gecko/2009032609 Firefox/3.0.8 (.NET CLR 3.5.30729)"
58.96.52.136 - - [08/Apr/2009:10:40:55 +0200] "GET /frame-menu.html HTTP/1.1" 200 10536 "http://www.various-euro.com/framez.html" "Mozilla/5.0 (Windows; U; Windows NT 6.0; en-GB; rv:1.9.0.8) Gecko/2009032609 Firefox/3.0.8 (.NET CLR 3.5.30729)"
58.96.52.136 - - [08/Apr/2009:10:40:55 +0200] "GET /frame-inhalt.html HTTP/1.1" 200 5418 "http://www.various-euro.com/framez.html" "Mozilla/5.0 (Windows; U; Windows NT 6.0; en-GB; rv:1.9.0.8) Gecko/2009032609 Firefox/3.0.8 (.NET CLR 3.5.30729)"
58.96.52.136 - - [08/Apr/2009:10:40:55 +0200] "GET /frame-unten.html HTTP/1.1" 200 5308 "http://www.various-euro.com/framez.html" "Mozilla/5.0 (Windows; U; Windows NT 6.0; en-GB; rv:1.9.0.8) Gecko/2009032609 Firefox/3.0.8 (.NET CLR 3.5.30729)"
58.96.52.136 - - [08/Apr/2009:10:40:56 +0200] "GET /style/various-euro.css HTTP/1.1" 200 3437 "http://www.various-euro.com/frame-inhalt.html" "Mozilla/5.0 (Windows; U; Windows NT 6.0; en-GB; rv:1.9.0.8) Gecko/2009032609 Firefox/3.0.8 (.NET CLR 3.5.30729)"
58.96.52.136 - - [08/Apr/2009:10:40:57 +0200] "GET /eurosign3.gif HTTP/1.1" 200 7879 "http://www.various-euro.com/frame-inhalt.html" "Mozilla/5.0 (Windows; U; Windows NT 6.0; en-GB; rv:1.9.0.8) Gecko/2009032609 Firefox/3.0.8 (.NET CLR 3.5.30729)"
67.195.37.115 - - [08/Apr/2009:10:43:55 +0200] "GET /neon/sushi.html HTTP/1.0" 200 687 "-" "Mozilla/5.0 (compatible; Yahoo! Slurp/3.0; http://help.yahoo.com/help/us/ysearch/slurp)"
81.52.143.35 - - [08/Apr/2009:10:47:56 +0200] "GET /bmpp/18asi_2.html HTTP/1.1" 200 8674 "-" "Mozilla/5.0 (Windows; U; Windows NT 5.1; fr; rv:1.8.1) VoilaBot BETA 1.2 (support.voilabot@orange-ftgroup.com)"
65.55.211.164 - - [08/Apr/2009:10:50:51 +0200] "GET /robots.txt HTTP/1.1" 200 64 "-" "msnbot/1.1 (+http://search.msn.com/msnbot.htm)"
65.55.211.164 - - [08/Apr/2009:10:50:51 +0200] "GET /menue.html HTTP/1.1" 404 2748 "-" "msnbot/1.1 (+http://search.msn.com/msnbot.htm)"
81.52.143.26 - - [08/Apr/2009:11:06:59 +0200] "GET /neon/annniiii.html HTTP/1.1" 200 686 "-" "Mozilla/5.0 (Windows; U; Windows NT 5.1; fr; rv:1.8.1) VoilaBot BETA 1.2 (support.voilabot@orange-ftgroup.com)"
72.30.161.241 - - [08/Apr/2009:11:28:47 +0200] "GET / HTTP/1.0" 200 7869 "http://kickme.to/ve" "Mozilla/5.0 (compatible; Yahoo! Slurp/3.0; http://help.yahoo.com/help/us/ysearch/slurp)"
72.30.161.241 - - [08/Apr/2009:11:28:49 +0200] "GET /style/various-euro.css HTTP/1.0" 304 - "http://www.various-euro.com/" "Mozilla/5.0 (compatible; Yahoo! Slurp/3.0; http://help.yahoo.com/help/us/ysearch/slurp)"
81.52.143.33 - - [08/Apr/2009:11:36:13 +0200] "GET /neon/girlz2.html HTTP/1.1" 200 2937 "-" "Mozilla/5.0 (Windows; U; Windows NT 5.1; fr; rv:1.8.1) VoilaBot BETA 1.2 (support.voilabot@orange-ftgroup.com)"
72.30.161.241 - - [08/Apr/2009:11:52:52 +0200] "GET /logs/ HTTP/1.0" 200 10079 "-" "Mozilla/5.0 (compatible; Yahoo! Slurp/3.0; http://help.yahoo.com/help/us/ysearch/slurp)"
72.30.161.241 - - [08/Apr/2009:11:55:45 +0200] "GET /f-contact.html HTTP/1.0" 200 6804 "-" "Mozilla/5.0 (compatible; Yahoo! Slurp/3.0; http://help.yahoo.com/help/us/ysearch/slurp)"
193.252.149.16 - - [08/Apr/2009:12:03:52 +0200] "GET /robots.txt HTTP/1.1" 200 64 "-" "Mozilla/5.0 (Windows; U; Windows NT 5.1; fr; rv:1.8.1) VoilaBot BETA 1.2 (support.voilabot@orange-ftgroup.com)"
193.252.149.16 - - [08/Apr/2009:12:03:56 +0200] "GET /bmpp/18start.html HTTP/1.1" 200 320 "-" "Mozilla/5.0 (Windows; U; Windows NT 5.1; fr; rv:1.8.1) VoilaBot BETA 1.2 (support.voilabot@orange-ftgroup.com)"
66.249.65.169 - - [08/Apr/2009:12:04:38 +0200] "GET /robots.txt HTTP/1.1" 200 64 "-" "Mozilla/5.0 (compatible; Googlebot/2.1; +http://www.google.com/bot.html)"
66.249.65.169 - - [08/Apr/2009:12:04:38 +0200] "GET /logs/usage_200904.html HTTP/1.1" 404 2748 "-" "Mozilla/5.0 (compatible; Googlebot/2.1; +http://www.google.com/bot.html)"
72.30.161.241 - - [08/Apr/2009:12:05:24 +0200] "GET /web.html HTTP/1.0" 404 2748 "-" "Mozilla/5.0 (compatible; Yahoo! Slurp/3.0; http://help.yahoo.com/help/us/ysearch/slurp)"
87.250.39.216 - - [08/Apr/2009:12:39:19 +0200] "GET /favicon.ico HTTP/1.1" 302 364 "-" "Mozilla/4.0 (compatible; GoogleToolbar 5.0.2124.6042; Windows XP 5.1; MSIE 7.0.5730.13)"
87.250.39.216 - - [08/Apr/2009:12:39:19 +0200] "GET /zampa/favicon.ico HTTP/1.1" 404 2748 "-" "Mozilla/4.0 (compatible; GoogleToolbar 5.0.2124.6042; Windows XP 5.1; MSIE 7.0.5730.13)"
87.250.39.216 - - [08/Apr/2009:12:39:19 +0200] "GET /favicon.gif HTTP/1.1" 302 364 "-" "Mozilla/4.0 (compatible; GoogleToolbar 5.0.2124.6042; Windows XP 5.1; MSIE 7.0.5730.13)"
87.250.39.216 - - [08/Apr/2009:12:39:20 +0200] "GET /zampa/favicon.gif HTTP/1.1" 404 2748 "-" "Mozilla/4.0 (compatible; GoogleToolbar 5.0.2124.6042; Windows XP 5.1; MSIE 7.0.5730.13)"
72.30.161.241 - - [08/Apr/2009:13:08:28 +0200] "GET /bmpp/18.html HTTP/1.0" 200 4467 "-" "Mozilla/5.0 (compatible; Yahoo! Slurp/3.0; http://help.yahoo.com/help/us/ysearch/slurp)"
67.195.37.115 - - [08/Apr/2009:13:31:32 +0200] "GET /robots.txt HTTP/1.0" 200 64 "-" "Mozilla/5.0 (compatible; Yahoo! Slurp; http://help.yahoo.com/help/us/ysearch/slurp)"
67.195.37.115 - - [08/Apr/2009:13:31:32 +0200] "GET /bmpp/euro_pal_111.html HTTP/1.0" 200 2129 "-" "Mozilla/5.0 (compatible; Yahoo! Slurp/3.0; http://help.yahoo.com/help/us/ysearch/slurp)"
87.250.39.216 - - [08/Apr/2009:14:00:21 +0200] "GET /favicon.ico HTTP/1.1" 302 364 "-" "Mozilla/4.0 (compatible; GoogleToolbar 5.0.2124.6042; Windows XP 5.1; MSIE 7.0.5730.13)"
87.250.39.216 - - [08/Apr/2009:14:00:21 +0200] "GET /zampa/favicon.ico HTTP/1.1" 404 2748 "-" "Mozilla/4.0 (compatible; GoogleToolbar 5.0.2124.6042; Windows XP 5.1; MSIE 7.0.5730.13)"
87.250.39.216 - - [08/Apr/2009:14:00:21 +0200] "GET /favicon.gif HTTP/1.1" 302 364 "-" "Mozilla/4.0 (compatible; GoogleToolbar 5.0.2124.6042; Windows XP 5.1; MSIE 7.0.5730.13)"
87.250.39.216 - - [08/Apr/2009:14:00:21 +0200] "GET /zampa/favicon.gif HTTP/1.1" 404 2748 "-" "Mozilla/4.0 (compatible; GoogleToolbar 5.0.2124.6042; Windows XP 5.1; MSIE 7.0.5730.13)"
87.250.39.216 - - [08/Apr/2009:14:00:54 +0200] "GET /favicon.ico HTTP/1.1" 302 364 "-" "Mozilla/4.0 (compatible; GoogleToolbar 5.0.2124.6042; Windows XP 5.1; MSIE 7.0.5730.13)"
87.250.39.216 - - [08/Apr/2009:14:00:54 +0200] "GET /zampa/favicon.ico HTTP/1.1" 404 2748 "-" "Mozilla/4.0 (compatible; GoogleToolbar 5.0.2124.6042; Windows XP 5.1; MSIE 7.0.5730.13)"
87.250.39.216 - - [08/Apr/2009:14:00:54 +0200] "GET /favicon.gif HTTP/1.1" 302 364 "-" "Mozilla/4.0 (compatible; GoogleToolbar 5.0.2124.6042; Windows XP 5.1; MSIE 7.0.5730.13)"
87.250.39.216 - - [08/Apr/2009:14:00:54 +0200] "GET /zampa/favicon.gif HTTP/1.1" 404 2748 "-" "Mozilla/4.0 (compatible; GoogleToolbar 5.0.2124.6042; Windows XP 5.1; MSIE 7.0.5730.13)"
202.75.4.169 - - [08/Apr/2009:14:01:39 +0200] "GET /admin.php?include_path=http://home.covenantberks.org/images/kampret.jpg?? HTTP/1.1" 404 2748 "-" "libwww-perl/5.79"
202.75.4.169 - - [08/Apr/2009:14:01:39 +0200] "GET /admin.php?include_path=http://www.indians.org/sidebar/chi.txt?? HTTP/1.1" 404 2748 "-" "libwww-perl/5.79"
87.250.39.216 - - [08/Apr/2009:14:03:43 +0200] "GET /favicon.ico HTTP/1.1" 302 364 "-" "Mozilla/4.0 (compatible; GoogleToolbar 5.0.2124.6042; Windows XP 5.1; MSIE 7.0.5730.13)"
87.250.39.216 - - [08/Apr/2009:14:03:44 +0200] "GET /zampa/favicon.ico HTTP/1.1" 404 2748 "-" "Mozilla/4.0 (compatible; GoogleToolbar 5.0.2124.6042; Windows XP 5.1; MSIE 7.0.5730.13)"
87.250.39.216 - - [08/Apr/2009:14:03:44 +0200] "GET /favicon.gif HTTP/1.1" 302 364 "-" "Mozilla/4.0 (compatible; GoogleToolbar 5.0.2124.6042; Windows XP 5.1; MSIE 7.0.5730.13)"
87.250.39.216 - - [08/Apr/2009:14:03:44 +0200] "GET /zampa/favicon.gif HTTP/1.1" 404 2748 "-" "Mozilla/4.0 (compatible; GoogleToolbar 5.0.2124.6042; Windows XP 5.1; MSIE 7.0.5730.13)"
66.249.65.169 - - [08/Apr/2009:14:15:19 +0200] "GET /logs/usage_200707.html HTTP/1.1" 200 110942 "-" "Mozilla/5.0 (compatible; Googlebot/2.1; +http://www.google.com/bot.html)"
66.235.124.7 - - [08/Apr/2009:14:17:19 +0200] "GET /robots.txt HTTP/1.1" 200 64 "-" "Mozilla/5.0 (compatible; Ask Jeeves/Teoma; +http://about.ask.com/en/docs/about/webmasters.shtml)"
66.235.124.7 - - [08/Apr/2009:14:17:34 +0200] "GET / HTTP/1.1" 200 7869 "-" "Mozilla/5.0 (compatible; Ask Jeeves/Teoma; +http://about.ask.com/en/docs/about/webmasters.shtml)"
65.55.211.167 - - [08/Apr/2009:14:42:05 +0200] "GET /robots.txt HTTP/1.1" 200 64 "-" "msnbot/1.1 (+http://search.msn.com/msnbot.htm)"
65.55.211.167 - - [08/Apr/2009:14:42:06 +0200] "GET /logs/usage_200710.html HTTP/1.1" 200 110952 "-" "msnbot/1.1 (+http://search.msn.com/msnbot.htm)"
87.250.39.216 - - [08/Apr/2009:15:30:51 +0200] "GET /favicon.ico HTTP/1.1" 302 364 "-" "Mozilla/4.0 (compatible; GoogleToolbar 5.0.2124.6042; Windows XP 5.1; MSIE 7.0.5730.13)"
87.250.39.216 - - [08/Apr/2009:15:30:51 +0200] "GET /zampa/favicon.ico HTTP/1.1" 404 2748 "-" "Mozilla/4.0 (compatible; GoogleToolbar 5.0.2124.6042; Windows XP 5.1; MSIE 7.0.5730.13)"
87.250.39.216 - - [08/Apr/2009:15:30:51 +0200] "GET /favicon.gif HTTP/1.1" 302 364 "-" "Mozilla/4.0 (compatible; GoogleToolbar 5.0.2124.6042; Windows XP 5.1; MSIE 7.0.5730.13)"
87.250.39.216 - - [08/Apr/2009:15:30:51 +0200] "GET /zampa/favicon.gif HTTP/1.1" 404 2748 "-" "Mozilla/4.0 (compatible; GoogleToolbar 5.0.2124.6042; Windows XP 5.1; MSIE 7.0.5730.13)"
67.195.37.115 - - [08/Apr/2009:15:33:24 +0200] "GET /logs/usage_200712.html HTTP/1.0" 200 92577 "-" "Mozilla/5.0 (compatible; Yahoo! Slurp/3.0; http://help.yahoo.com/help/us/ysearch/slurp)"
67.195.37.115 - - [08/Apr/2009:15:43:38 +0200] "GET /neon/girlz3.html HTTP/1.0" 200 2479 "-" "Mozilla/5.0 (compatible; Yahoo! Slurp; http://help.yahoo.com/help/us/ysearch/slurp)"
65.55.106.171 - - [08/Apr/2009:15:43:42 +0200] "GET /robots.txt HTTP/1.1" 200 64 "-" "msnbot/2.0b (+http://search.msn.com/msnbot.htm)"
72.30.161.241 - - [08/Apr/2009:15:44:29 +0200] "GET /robots.txt HTTP/1.0" 200 64 "-" "Mozilla/5.0 (compatible; Yahoo! Slurp/3.0; http://help.yahoo.com/help/us/ysearch/slurp)"
67.195.37.89 - - [08/Apr/2009:15:47:37 +0200] "GET /robots.txt HTTP/1.0" 200 64 "-" "Mozilla/5.0 (compatible; Yahoo! Slurp; http://help.yahoo.com/help/us/ysearch/slurp)"
65.55.231.40 - - [08/Apr/2009:15:47:45 +0200] "GET /robots.txt HTTP/1.1" 200 64 "-" "msnbot-media/1.1 (+http://search.msn.com/msnbot.htm)"
65.55.231.40 - - [08/Apr/2009:15:47:46 +0200] "GET /zampa/wonderland/TWonder.gif HTTP/1.1" 200 76757 "-" "msnbot-media/1.1 (+http://search.msn.com/msnbot.htm)"
65.55.231.40 - - [08/Apr/2009:15:47:47 +0200] "GET /zampa/wonderland/index.html HTTP/1.1" 200 2084 "-" "msnbot-media/1.1 (+http://search.msn.com/msnbot.htm)"
208.36.144.6 - - [08/Apr/2009:15:53:40 +0200] "GET /robots.txt HTTP/1.0" 302 363 "-" "Mozilla/5.0 (Twiceler-0.9 http://www.cuil.com/twiceler/robot.html)"
208.36.144.10 - - [08/Apr/2009:16:05:09 +0200] "GET /robots.txt HTTP/1.0" 200 64 "-" "Mozilla/5.0 (Twiceler-0.9 http://www.cuil.com/twiceler/robot.html)"
65.55.211.174 - - [08/Apr/2009:16:10:35 +0200] "GET /zampa/montenegro/ HTTP/1.1" 200 2651 "-" "msnbot/1.1 (+http://search.msn.com/msnbot.htm)"
65.55.220.212 - - [08/Apr/2009:16:54:38 +0200] "GET /robots.txt HTTP/1.1" 200 64 "-" "msnbot-media/1.1 (+http://search.msn.com/msnbot.htm)"
65.55.220.212 - - [08/Apr/2009:16:54:38 +0200] "GET /zampa/slike/udupetu.gif HTTP/1.1" 200 4138 "-" "msnbot-media/1.1 (+http://search.msn.com/msnbot.htm)"
66.249.65.169 - - [08/Apr/2009:17:05:54 +0200] "GET /bmpp/flyer_cut3x.html HTTP/1.1" 200 15300 "-" "Mozilla/5.0 (compatible; Googlebot/2.1; +http://www.google.com/bot.html)"
87.250.39.216 - - [08/Apr/2009:17:13:05 +0200] "GET /favicon.ico HTTP/1.1" 302 364 "-" "Mozilla/4.0 (compatible; GoogleToolbar 5.0.2124.6042; Windows XP 5.1; MSIE 7.0.5730.13)"
87.250.39.216 - - [08/Apr/2009:17:13:05 +0200] "GET /zampa/favicon.ico HTTP/1.1" 404 2748 "-" "Mozilla/4.0 (compatible; GoogleToolbar 5.0.2124.6042; Windows XP 5.1; MSIE 7.0.5730.13)"
87.250.39.216 - - [08/Apr/2009:17:13:05 +0200] "GET /favicon.gif HTTP/1.1" 302 364 "-" "Mozilla/4.0 (compatible; GoogleToolbar 5.0.2124.6042; Windows XP 5.1; MSIE 7.0.5730.13)"
87.250.39.216 - - [08/Apr/2009:17:13:05 +0200] "GET /zampa/favicon.gif HTTP/1.1" 404 2748 "-" "Mozilla/4.0 (compatible; GoogleToolbar 5.0.2124.6042; Windows XP 5.1; MSIE 7.0.5730.13)"
66.249.65.169 - - [08/Apr/2009:17:36:37 +0200] "GET /logs/usage_200702.html HTTP/1.1" 200 107861 "-" "Mozilla/5.0 (compatible; Googlebot/2.1; +http://www.google.com/bot.html)"
65.55.106.243 - - [08/Apr/2009:17:51:51 +0200] "GET /robots.txt HTTP/1.1" 200 64 "-" "msnbot/2.0b (+http://search.msn.com/msnbot.htm)"
77.88.25.28 - - [08/Apr/2009:17:56:44 +0200] "GET /robots.txt HTTP/1.1" 200 64 "-" "Yandex/1.01.001 (compatible; Win16; I)"
77.88.25.28 - - [08/Apr/2009:17:56:44 +0200] "GET / HTTP/1.1" 200 7869 "-" "Yandex/1.01.001 (compatible; Win16; I)"
93.86.3.236 - - [08/Apr/2009:18:27:38 +0200] "GET / HTTP/1.1" 302 353 "http://www.google.com/search?client=firefox-a&rls=org.mozilla%3Aen-US%3Aofficial&channel=s&hl=en&q=zampa+di+leone&btnG=Google+Search" "Mozilla/5.0 (Windows; U; Windows NT 5.1; en-US; rv:1.9.0.8) Gecko/2009032609 Firefox/3.0.8"
93.86.3.236 - - [08/Apr/2009:18:27:38 +0200] "GET /zampa/ HTTP/1.1" 200 7153 "http://www.google.com/search?client=firefox-a&rls=org.mozilla%3Aen-US%3Aofficial&channel=s&hl=en&q=zampa+di+leone&btnG=Google+Search" "Mozilla/5.0 (Windows; U; Windows NT 5.1; en-US; rv:1.9.0.8) Gecko/2009032609 Firefox/3.0.8"
64.17.2.164 - - [08/Apr/2009:18:31:41 +0200] "GET /robots.txt HTTP/1.1" 200 64 "-" "MLBot (www.metadatalabs.com/mlbot)"
64.17.2.164 - - [08/Apr/2009:18:31:41 +0200] "GET /f-horrorkatze.html HTTP/1.1" 200 7865 "-" "MLBot (www.metadatalabs.com/mlbot)"
207.70.3.137 - - [08/Apr/2009:18:58:27 +0200] "GET / HTTP/1.1" 200 7869 "-" "Mozilla/5.0 (compatible; Konqueror/3.1; Linux; en)"
77.88.41.206 - - [08/Apr/2009:19:56:03 +0200] "GET / HTTP/1.1" 200 7869 "-" "Yandex/1.01.001 (compatible; Win16; H)"
77.88.41.206 - - [08/Apr/2009:19:56:04 +0200] "GET /robots.txt HTTP/1.1" 200 64 "-" "Yandex/1.01.001 (compatible; Win16; H)"
77.88.41.206 - - [08/Apr/2009:19:56:04 +0200] "GET / HTTP/1.1" 200 7869 "-" "Yandex/1.01.001 (compatible; Win16; H)"
77.88.41.206 - - [08/Apr/2009:19:56:05 +0200] "GET / HTTP/1.1" 200 7869 "-" "Yandex/1.01.001 (compatible; Win16; H)"
77.88.41.206 - - [08/Apr/2009:19:56:06 +0200] "GET /robots.txt HTTP/1.1" 200 64 "-" "Yandex/1.01.001 (compatible; Win16; H)"
77.88.41.206 - - [08/Apr/2009:19:56:07 +0200] "GET / HTTP/1.1" 200 7869 "-" "Yandex/1.01.001 (compatible; Win16; H)"
77.88.41.206 - - [08/Apr/2009:19:56:07 +0200] "GET /framez.html HTTP/1.1" 200 3959 "-" "Yandex/1.01.001 (compatible; Win16; H)"
77.88.41.206 - - [08/Apr/2009:19:56:08 +0200] "GET /framez.html HTTP/1.1" 200 3959 "-" "Yandex/1.01.001 (compatible; Win16; H)"
77.88.41.206 - - [08/Apr/2009:19:56:09 +0200] "GET /framez.html HTTP/1.1" 200 3959 "-" "Yandex/1.01.001 (compatible; Win16; H)"
77.88.41.206 - - [08/Apr/2009:19:56:10 +0200] "GET /framez.html HTTP/1.1" 200 3959 "-" "Yandex/1.01.001 (compatible; Win16; H)"
8.12.234.145 - - [08/Apr/2009:20:06:27 +0200] "GET / HTTP/1.1" 200 7869 "-" "Mozilla/4.0 (compatible; MSIE 7.0; Windows NT 5.1; .NET CLR 1.0.3705; .NET CLR 1.1.4322; Media Center PC 4.0)"
64.1.215.165 - - [08/Apr/2009:20:11:18 +0200] "GET /robots.txt HTTP/1.0" 200 64 "-" "Mozilla/5.0 (Twiceler-0.9 http://www.cuil.com/twiceler/robot.html)"
65.55.211.161 - - [08/Apr/2009:20:31:03 +0200] "GET /robots.txt HTTP/1.1" 200 64 "-" "msnbot/1.1 (+http://search.msn.com/msnbot.htm)"
65.55.211.161 - - [08/Apr/2009:20:31:03 +0200] "GET /logs/ HTTP/1.1" 200 10079 "-" "msnbot/1.1 (+http://search.msn.com/msnbot.htm)"
65.55.106.184 - - [08/Apr/2009:20:36:59 +0200] "GET /robots.txt HTTP/1.1" 200 64 "-" "msnbot/2.0b (+http://search.msn.com/msnbot.htm)"
85.247.12.31 - - [08/Apr/2009:20:40:22 +0200] "GET /logs/daily_usage_200704.png HTTP/1.1" 200 4118 "http://www.various-euro.com/logs/usage_200704.html" "Mozilla/4.0 (compatible; MSIE 7.0; Windows NT 6.0; WOW64; SLCC1; .NET CLR 2.0.50727; .NET CLR 3.0.04506; InfoPath.2; Media Center PC 5.0)"
85.247.12.31 - - [08/Apr/2009:20:40:22 +0200] "GET /logs/hourly_usage_200704.png HTTP/1.1" 200 2204 "http://www.various-euro.com/logs/usage_200704.html" "Mozilla/4.0 (compatible; MSIE 7.0; Windows NT 6.0; WOW64; SLCC1; .NET CLR 2.0.50727; .NET CLR 3.0.04506; InfoPath.2; Media Center PC 5.0)"
85.247.12.31 - - [08/Apr/2009:20:40:22 +0200] "GET /logs/usage_200704.html HTTP/1.1" 200 108835 "http://www.google.pt/search?hl=pt-PT&q=AVG+81%28110%29+44150&btnG=Pesquisa+do+Google&meta=&aq=f&oq=" "Mozilla/4.0 (compatible; MSIE 7.0; Windows NT 6.0; WOW64; SLCC1; .NET CLR 2.0.50727; .NET CLR 3.0.04506; InfoPath.2; Media Center PC 5.0)"
85.247.12.31 - - [08/Apr/2009:20:40:22 +0200] "GET /logs/ctry_usage_200704.png HTTP/1.1" 200 5285 "http://www.various-euro.com/logs/usage_200704.html" "Mozilla/4.0 (compatible; MSIE 7.0; Windows NT 6.0; WOW64; SLCC1; .NET CLR 2.0.50727; .NET CLR 3.0.04506; InfoPath.2; Media Center PC 5.0)"
85.247.12.31 - - [08/Apr/2009:20:40:22 +0200] "GET /favicon.ico HTTP/1.1" 404 2748 "-" "Mozilla/4.0 (compatible; MSIE 7.0; Windows NT 6.0; WOW64; SLCC1; .NET CLR 2.0.50727; .NET CLR 3.0.04506; InfoPath.2; Media Center PC 5.0)"
87.250.39.216 - - [08/Apr/2009:20:53:08 +0200] "GET /favicon.ico HTTP/1.1" 302 364 "-" "Mozilla/4.0 (compatible; GoogleToolbar 5.0.2124.6042; Windows XP 5.1; MSIE 7.0.5730.13)"
87.250.39.216 - - [08/Apr/2009:20:53:08 +0200] "GET /zampa/favicon.ico HTTP/1.1" 404 2748 "-" "Mozilla/4.0 (compatible; GoogleToolbar 5.0.2124.6042; Windows XP 5.1; MSIE 7.0.5730.13)"
87.250.39.216 - - [08/Apr/2009:20:53:09 +0200] "GET /favicon.gif HTTP/1.1" 302 364 "-" "Mozilla/4.0 (compatible; GoogleToolbar 5.0.2124.6042; Windows XP 5.1; MSIE 7.0.5730.13)"
87.250.39.216 - - [08/Apr/2009:20:53:09 +0200] "GET /zampa/favicon.gif HTTP/1.1" 404 2748 "-" "Mozilla/4.0 (compatible; GoogleToolbar 5.0.2124.6042; Windows XP 5.1; MSIE 7.0.5730.13)"
87.250.39.216 - - [08/Apr/2009:21:06:24 +0200] "GET /favicon.ico HTTP/1.1" 302 364 "-" "Mozilla/4.0 (compatible; GoogleToolbar 5.0.2124.6042; Windows XP 5.1; MSIE 7.0.5730.13)"
