74.6.22.167 - - [15/Apr/2009:09:15:09 +0200] "GET /3dsf3/sendi/index.html HTTP/1.0" 200 1837 "http://www.various-euro.com/sendi_agent.html" "Mozilla/5.0 (compatible; Yahoo! Slurp/3.0; http://help.yahoo.com/help/us/ysearch/slurp)"
74.6.22.167 - - [15/Apr/2009:09:15:09 +0200] "GET /3dsf3/sendi/sendisendi.html HTTP/1.0" 200 5118 "http://www.various-euro.com/sendi_agent.html" "Mozilla/5.0 (compatible; Yahoo! Slurp/3.0; http://help.yahoo.com/help/us/ysearch/slurp)"
74.6.22.167 - - [15/Apr/2009:09:15:11 +0200] "GET /3dsf3/sendi/formate.css HTTP/1.0" 200 474 "http://www.various-euro.com/3dsf3/sendi/sendisendi.html" "Mozilla/5.0 (compatible; Yahoo! Slurp/3.0; http://help.yahoo.com/help/us/ysearch/slurp)"
66.235.124.72 - - [15/Apr/2009:09:41:11 +0200] "GET /robots.txt HTTP/1.0" 200 64 "-" "Mozilla/5.0 (compatible; Ask Jeeves/Teoma; +http://about.ask.com/en/docs/about/webmasters.shtml)"
66.235.124.72 - - [15/Apr/2009:09:41:11 +0200] "GET /bannerz/neon_click_2.gif HTTP/1.0" 200 387 "-" "Mozilla/5.0 (compatible; Ask Jeeves/Teoma; +http://about.ask.com/en/docs/about/webmasters.shtml)"
65.55.211.174 - - [15/Apr/2009:10:04:19 +0200] "GET /robots.txt HTTP/1.1" 200 64 "-" "msnbot/1.1 (+http://search.msn.com/msnbot.htm)"
65.55.211.174 - - [15/Apr/2009:10:04:19 +0200] "GET /f-horrorkatze.html HTTP/1.1" 200 7865 "-" "msnbot/1.1 (+http://search.msn.com/msnbot.htm)"
74.6.22.167 - - [15/Apr/2009:10:40:56 +0200] "GET /f-world.html HTTP/1.0" 200 35590 "-" "Mozilla/5.0 (compatible; Yahoo! Slurp/3.0; http://help.yahoo.com/help/us/ysearch/slurp)"
65.55.211.160 - - [15/Apr/2009:10:50:10 +0200] "GET /robots.txt HTTP/1.1" 200 64 "-" "msnbot/1.1 (+http://search.msn.com/msnbot.htm)"
65.55.211.160 - - [15/Apr/2009:10:50:10 +0200] "GET /euro.html HTTP/1.1" 404 2748 "-" "msnbot/1.1 (+http://search.msn.com/msnbot.htm)"
87.250.39.216 - - [15/Apr/2009:10:55:54 +0200] "GET /favicon.ico HTTP/1.1" 302 364 "-" "Mozilla/4.0 (compatible; GoogleToolbar 5.0.2124.6042; Windows XP 5.1; MSIE 7.0.5730.13)"
87.250.39.216 - - [15/Apr/2009:10:55:54 +0200] "GET /zampa/favicon.ico HTTP/1.1" 404 2748 "-" "Mozilla/4.0 (compatible; GoogleToolbar 5.0.2124.6042; Windows XP 5.1; MSIE 7.0.5730.13)"
87.250.39.216 - - [15/Apr/2009:10:55:54 +0200] "GET /favicon.gif HTTP/1.1" 302 364 "-" "Mozilla/4.0 (compatible; GoogleToolbar 5.0.2124.6042; Windows XP 5.1; MSIE 7.0.5730.13)"
87.250.39.216 - - [15/Apr/2009:10:55:54 +0200] "GET /zampa/favicon.gif HTTP/1.1" 404 2748 "-" "Mozilla/4.0 (compatible; GoogleToolbar 5.0.2124.6042; Windows XP 5.1; MSIE 7.0.5730.13)"
65.55.106.173 - - [15/Apr/2009:11:18:54 +0200] "GET /robots.txt HTTP/1.1" 200 64 "-" "msnbot/2.0b (+http://search.msn.com/msnbot.htm)"
66.249.65.169 - - [15/Apr/2009:11:27:05 +0200] "GET /3dsf3/sendi/body.html HTTP/1.1" 200 1322 "-" "Mozilla/5.0 (compatible; Googlebot/2.1; +http://www.google.com/bot.html)"
74.6.22.167 - - [15/Apr/2009:11:45:01 +0200] "GET /robots.txt HTTP/1.0" 200 64 "-" "Mozilla/5.0 (compatible; Yahoo! Slurp; http://help.yahoo.com/help/us/ysearch/slurp)"
74.6.22.167 - - [15/Apr/2009:11:45:02 +0200] "GET /f-rez.html HTTP/1.0" 200 9765 "-" "Mozilla/5.0 (compatible; Yahoo! Slurp/3.0; http://help.yahoo.com/help/us/ysearch/slurp)"
74.6.22.167 - - [15/Apr/2009:11:59:23 +0200] "GET /DgH/watch/index.html HTTP/1.0" 200 2028 "-" "Mozilla/5.0 (compatible; Yahoo! Slurp/3.0; http://help.yahoo.com/help/us/ysearch/slurp)"
74.6.22.167 - - [15/Apr/2009:11:59:28 +0200] "GET /DgH/watch/pict/Watch.mp3 HTTP/1.0" 200 29938 "http://www.various-euro.com/DgH/watch/index.html" "Mozilla/5.0 (compatible; Yahoo! Slurp/3.0; http://help.yahoo.com/help/us/ysearch/slurp)"
66.249.65.169 - - [15/Apr/2009:12:04:20 +0200] "GET /logs/usage_200904.html HTTP/1.1" 404 2748 "-" "Mozilla/5.0 (compatible; Googlebot/2.1; +http://www.google.com/bot.html)"
65.55.211.168 - - [15/Apr/2009:12:05:42 +0200] "GET /robots.txt HTTP/1.1" 200 64 "-" "msnbot/1.1 (+http://search.msn.com/msnbot.htm)"
65.55.211.168 - - [15/Apr/2009:12:05:43 +0200] "GET /zampa/montenegro/SEKAW.html HTTP/1.1" 200 860 "-" "msnbot/1.1 (+http://search.msn.com/msnbot.htm)"
74.6.22.167 - - [15/Apr/2009:12:10:00 +0200] "GET /web.html HTTP/1.0" 404 2748 "-" "Mozilla/5.0 (compatible; Yahoo! Slurp/3.0; http://help.yahoo.com/help/us/ysearch/slurp)"
66.249.65.169 - - [15/Apr/2009:12:35:18 +0200] "GET /logs/usage_200709.html HTTP/1.1" 200 110974 "-" "Mozilla/5.0 (compatible; Googlebot/2.1; +http://www.google.com/bot.html)"
38.105.71.114 - - [15/Apr/2009:12:49:55 +0200] "GET /f-world.html HTTP/1.0" 200 35590 "-" "Mozilla/4.0 (compatible; MSIE 6.0; Windows NT 5.1; SV1)"
193.252.149.13 - - [15/Apr/2009:12:56:21 +0200] "GET /neon/euro.html HTTP/1.1" 200 2212 "-" "Mozilla/5.0 (Windows; U; Windows NT 5.1; fr; rv:1.8.1) VoilaBot BETA 1.2 (support.voilabot@orange-ftgroup.com)"
74.6.22.167 - - [15/Apr/2009:13:05:38 +0200] "GET /logs/ HTTP/1.0" 200 10079 "-" "Mozilla/5.0 (compatible; Yahoo! Slurp/3.0; http://help.yahoo.com/help/us/ysearch/slurp)"
193.252.149.13 - - [15/Apr/2009:13:23:22 +0200] "GET /neon/code.html HTTP/1.1" 200 1109 "-" "Mozilla/5.0 (Windows; U; Windows NT 5.1; fr; rv:1.8.1) VoilaBot BETA 1.2 (support.voilabot@orange-ftgroup.com)"
208.80.195.38 - - [15/Apr/2009:14:10:53 +0200] "GET / HTTP/1.0" 200 7869 "-" "Mozilla/4.0 (compatible; MSIE 7.0; Windows NT 5.1; FunWebProducts; .NET CLR 1.1.4322; .NET CLR 2.0.50727; MSN 9.0;MSN 9.1; MSNbMSNI; MSNmen-us; MSNcOTH)"
208.80.195.38 - - [15/Apr/2009:14:10:53 +0200] "GET / HTTP/1.0" 200 7869 "-" "Mozilla/4.0 (compatible; MSIE 6.0; Windows NT 5.1; SV1; .NET CLR 1.0.3705; Media Center PC 3.1; .NET CLR 1.1.4322; Media Center PC 3.0)"
66.249.65.169 - - [15/Apr/2009:14:13:09 +0200] "GET / HTTP/1.1" 200 7869 "-" "Mozilla/5.0 (compatible; Googlebot/2.1; +http://www.google.com/bot.html)"
93.86.43.66 - - [15/Apr/2009:14:23:47 +0200] "GET / HTTP/1.1" 302 353 "http://www.google.rs/search?hl=sr&q=zampa+di+leone&btnG=Google+%D0%BF%D1%80%D0%B5%D1%82%D1%80%D0%B0%D0%B3%D0%B0&meta=&aq=f&oq=" "Mozilla/4.0 (compatible; MSIE 8.0; Windows NT 5.1; Trident/4.0; GTB5; .NET CLR 2.0.50727)"
93.86.43.66 - - [15/Apr/2009:14:23:47 +0200] "GET /zampa/ HTTP/1.1" 200 7153 "http://www.google.rs/search?hl=sr&q=zampa+di+leone&btnG=Google+%D0%BF%D1%80%D0%B5%D1%82%D1%80%D0%B0%D0%B3%D0%B0&meta=&aq=f&oq=" "Mozilla/4.0 (compatible; MSIE 8.0; Windows NT 5.1; Trident/4.0; GTB5; .NET CLR 2.0.50727)"
93.86.43.66 - - [15/Apr/2009:14:23:48 +0200] "GET /zampa/slike/zampa.gif HTTP/1.1" 200 5310 "http://www.various-euro.com/zampa/" "Mozilla/4.0 (compatible; MSIE 8.0; Windows NT 5.1; Trident/4.0; GTB5; .NET CLR 2.0.50727)"
93.86.43.66 - - [15/Apr/2009:14:23:48 +0200] "GET /zampa/slike/udupetu.gif HTTP/1.1" 200 4138 "http://www.various-euro.com/zampa/" "Mozilla/4.0 (compatible; MSIE 8.0; Windows NT 5.1; Trident/4.0; GTB5; .NET CLR 2.0.50727)"
93.86.43.66 - - [15/Apr/2009:14:23:48 +0200] "GET /zampa/slike/inthearse.gif HTTP/1.1" 200 4077 "http://www.various-euro.com/zampa/" "Mozilla/4.0 (compatible; MSIE 8.0; Windows NT 5.1; Trident/4.0; GTB5; .NET CLR 2.0.50727)"
93.86.43.66 - - [15/Apr/2009:14:23:48 +0200] "GET /favicon.ico HTTP/1.1" 404 2748 "-" "Mozilla/4.0 (compatible; MSIE 8.0; Windows NT 5.1; Trident/4.0; GTB5; .NET CLR 2.0.50727)"
93.86.43.66 - - [15/Apr/2009:14:23:59 +0200] "GET /zampa/slike/S5UROSTO.GIF HTTP/1.1" 200 45220 "http://www.various-euro.com/zampa/" "Mozilla/4.0 (compatible; MSIE 8.0; Windows NT 5.1; Trident/4.0; GTB5; .NET CLR 2.0.50727)"
93.86.43.66 - - [15/Apr/2009:14:24:38 +0200] "GET /zampa/slike/S3VAMPIR.GIF HTTP/1.1" 200 55504 "http://www.various-euro.com/zampa/" "Mozilla/4.0 (compatible; MSIE 8.0; Windows NT 5.1; Trident/4.0; GTB5; .NET CLR 2.0.50727)"
93.86.43.66 - - [15/Apr/2009:14:25:15 +0200] "GET /zampa/slike/S1TITEL.GIF HTTP/1.1" 200 15244 "http://www.various-euro.com/zampa/" "Mozilla/4.0 (compatible; MSIE 8.0; Windows NT 5.1; Trident/4.0; GTB5; .NET CLR 2.0.50727)"
93.86.43.66 - - [15/Apr/2009:14:25:28 +0200] "GET /zampa/slike/S2COPY.GIF HTTP/1.1" 200 12771 "http://www.various-euro.com/zampa/" "Mozilla/4.0 (compatible; MSIE 8.0; Windows NT 5.1; Trident/4.0; GTB5; .NET CLR 2.0.50727)"
93.86.43.66 - - [15/Apr/2009:14:25:41 +0200] "GET /zampa/slike/S8CURATO.GIF HTTP/1.1" 200 16968 "http://www.various-euro.com/zampa/" "Mozilla/4.0 (compatible; MSIE 8.0; Windows NT 5.1; Trident/4.0; GTB5; .NET CLR 2.0.50727)"
93.86.43.66 - - [15/Apr/2009:14:26:06 +0200] "GET /zampa/slike/S7MEDIAA.GIF HTTP/1.1" 200 45793 "http://www.various-euro.com/zampa/" "Mozilla/4.0 (compatible; MSIE 8.0; Windows NT 5.1; Trident/4.0; GTB5; .NET CLR 2.0.50727)"
93.86.43.66 - - [15/Apr/2009:14:26:32 +0200] "GET /zampa/slike/E1TITEL.GIF HTTP/1.1" 200 16284 "http://www.various-euro.com/zampa/" "Mozilla/4.0 (compatible; MSIE 8.0; Windows NT 5.1; Trident/4.0; GTB5; .NET CLR 2.0.50727)"
93.86.43.66 - - [15/Apr/2009:14:26:36 +0200] "GET /zampa/slike/E5UROSTO.GIF HTTP/1.1" 200 42690 "http://www.various-euro.com/zampa/" "Mozilla/4.0 (compatible; MSIE 8.0; Windows NT 5.1; Trident/4.0; GTB5; .NET CLR 2.0.50727)"
87.250.39.216 - - [15/Apr/2009:14:47:45 +0200] "GET /favicon.ico HTTP/1.1" 302 364 "-" "Mozilla/4.0 (compatible; GoogleToolbar 5.0.2124.6042; Windows XP 5.1; MSIE 7.0.5730.13)"
87.250.39.216 - - [15/Apr/2009:14:47:46 +0200] "GET /zampa/favicon.ico HTTP/1.1" 404 2748 "-" "Mozilla/4.0 (compatible; GoogleToolbar 5.0.2124.6042; Windows XP 5.1; MSIE 7.0.5730.13)"
87.250.39.216 - - [15/Apr/2009:14:47:46 +0200] "GET /favicon.gif HTTP/1.1" 302 364 "-" "Mozilla/4.0 (compatible; GoogleToolbar 5.0.2124.6042; Windows XP 5.1; MSIE 7.0.5730.13)"
87.250.39.216 - - [15/Apr/2009:14:47:46 +0200] "GET /zampa/favicon.gif HTTP/1.1" 404 2748 "-" "Mozilla/4.0 (compatible; GoogleToolbar 5.0.2124.6042; Windows XP 5.1; MSIE 7.0.5730.13)"
193.252.149.13 - - [15/Apr/2009:14:47:47 +0200] "GET /neon/slow-walk2.html HTTP/1.1" 200 1777 "-" "Mozilla/5.0 (Windows; U; Windows NT 5.1; fr; rv:1.8.1) VoilaBot BETA 1.2 (support.voilabot@orange-ftgroup.com)"
87.250.39.216 - - [15/Apr/2009:14:50:40 +0200] "GET /favicon.ico HTTP/1.1" 302 364 "-" "Mozilla/4.0 (compatible; GoogleToolbar 5.0.2124.6042; Windows XP 5.1; MSIE 7.0.5730.13)"
87.250.39.216 - - [15/Apr/2009:14:50:40 +0200] "GET /zampa/favicon.ico HTTP/1.1" 404 2748 "-" "Mozilla/4.0 (compatible; GoogleToolbar 5.0.2124.6042; Windows XP 5.1; MSIE 7.0.5730.13)"
87.250.39.216 - - [15/Apr/2009:14:50:41 +0200] "GET /favicon.gif HTTP/1.1" 302 364 "-" "Mozilla/4.0 (compatible; GoogleToolbar 5.0.2124.6042; Windows XP 5.1; MSIE 7.0.5730.13)"
87.250.39.216 - - [15/Apr/2009:14:50:41 +0200] "GET /zampa/favicon.gif HTTP/1.1" 404 2748 "-" "Mozilla/4.0 (compatible; GoogleToolbar 5.0.2124.6042; Windows XP 5.1; MSIE 7.0.5730.13)"
87.250.39.216 - - [15/Apr/2009:14:54:38 +0200] "GET /favicon.ico HTTP/1.1" 302 364 "-" "Mozilla/4.0 (compatible; GoogleToolbar 5.0.2124.6042; Windows XP 5.1; MSIE 7.0.5730.13)"
87.250.39.216 - - [15/Apr/2009:14:54:38 +0200] "GET /zampa/favicon.ico HTTP/1.1" 404 2748 "-" "Mozilla/4.0 (compatible; GoogleToolbar 5.0.2124.6042; Windows XP 5.1; MSIE 7.0.5730.13)"
87.250.39.216 - - [15/Apr/2009:14:54:38 +0200] "GET /favicon.gif HTTP/1.1" 302 364 "-" "Mozilla/4.0 (compatible; GoogleToolbar 5.0.2124.6042; Windows XP 5.1; MSIE 7.0.5730.13)"
87.250.39.216 - - [15/Apr/2009:14:54:39 +0200] "GET /zampa/favicon.gif HTTP/1.1" 404 2748 "-" "Mozilla/4.0 (compatible; GoogleToolbar 5.0.2124.6042; Windows XP 5.1; MSIE 7.0.5730.13)"
65.55.211.173 - - [15/Apr/2009:14:57:40 +0200] "GET /robots.txt HTTP/1.1" 200 64 "-" "msnbot/1.1 (+http://search.msn.com/msnbot.htm)"
65.55.211.173 - - [15/Apr/2009:14:57:42 +0200] "GET /your_tour.html HTTP/1.1" 200 29760 "-" "msnbot/1.1 (+http://search.msn.com/msnbot.htm)"
74.6.22.167 - - [15/Apr/2009:15:00:51 +0200] "GET /f-logz_old.html HTTP/1.0" 200 43773 "-" "Mozilla/5.0 (compatible; Yahoo! Slurp/3.0; http://help.yahoo.com/help/us/ysearch/slurp)"
74.6.22.167 - - [15/Apr/2009:15:32:02 +0200] "GET /your_tour.html HTTP/1.0" 200 29760 "-" "Mozilla/5.0 (compatible; Yahoo! Slurp/3.0; http://help.yahoo.com/help/us/ysearch/slurp)"
74.6.22.167 - - [15/Apr/2009:15:32:04 +0200] "GET /anon.css HTTP/1.0" 404 2748 "http://www.various-euro.com/your_tour.html" "Mozilla/5.0 (compatible; Yahoo! Slurp/3.0; http://help.yahoo.com/help/us/ysearch/slurp)"
81.52.143.29 - - [15/Apr/2009:15:50:02 +0200] "GET /DgH/orginal/index.html HTTP/1.1" 200 1727 "-" "Mozilla/5.0 (Windows; U; Windows NT 5.1; fr; rv:1.8.1) VoilaBot BETA 1.2 (support.voilabot@orange-ftgroup.com)"
65.55.51.110 - - [15/Apr/2009:15:51:12 +0200] "GET /robots.txt HTTP/1.1" 200 64 "-" "msnbot/2.0b (+http://search.msn.com/msnbot.htm)"
193.252.149.13 - - [15/Apr/2009:15:57:41 +0200] "GET /neon/europa.html HTTP/1.1" 200 389 "-" "Mozilla/5.0 (Windows; U; Windows NT 5.1; fr; rv:1.8.1) VoilaBot BETA 1.2 (support.voilabot@orange-ftgroup.com)"
91.124.180.91 - - [15/Apr/2009:16:08:46 +0200] "GET / HTTP/1.0" 200 7869 "http://www.various-euro.com/" "Opera/9.00 (Windows NT 5.1; U; ru)"
65.55.230.243 - - [15/Apr/2009:16:31:06 +0200] "GET /logs/usage_200709.html HTTP/1.1" 200 110974 "-" "msnbot-media/1.1 (+http://search.msn.com/msnbot.htm)"
74.6.22.167 - - [15/Apr/2009:16:56:54 +0200] "GET /robots.txt HTTP/1.0" 200 64 "-" "Mozilla/5.0 (compatible; Yahoo! Slurp/3.0; http://help.yahoo.com/help/us/ysearch/slurp)"
75.101.196.24 - - [15/Apr/2009:16:59:42 +0200] "GET /robots.txt HTTP/1.0" 200 64 "-" "SimilarPages/Nutch-1.0-dev (SimilarPages Nutch Crawler; http://www.similarpages.com; info@similarpages.com)"
75.101.196.24 - - [15/Apr/2009:16:59:43 +0200] "GET /zampa/montenegro/index.html HTTP/1.0" 200 2651 "-" "SimilarPages/Nutch-1.0-dev (SimilarPages Nutch Crawler; http://www.similarpages.com; info@similarpages.com)"
75.101.196.24 - - [15/Apr/2009:17:02:04 +0200] "GET /zampa/montenegro/dajpare.html HTTP/1.0" 200 2503 "-" "SimilarPages/Nutch-1.0-dev (SimilarPages Nutch Crawler; http://www.similarpages.com; info@similarpages.com)"
75.101.196.24 - - [15/Apr/2009:17:03:23 +0200] "GET /bmpp/18.html HTTP/1.0" 200 4467 "-" "SimilarPages/Nutch-1.0-dev (SimilarPages Nutch Crawler; http://www.similarpages.com; info@similarpages.com)"
75.101.196.24 - - [15/Apr/2009:17:05:26 +0200] "GET /zampa/ HTTP/1.0" 200 7153 "-" "SimilarPages/Nutch-1.0-dev (SimilarPages Nutch Crawler; http://www.similarpages.com; info@similarpages.com)"
75.101.196.24 - - [15/Apr/2009:17:14:54 +0200] "GET / HTTP/1.0" 200 7869 "-" "SimilarPages/Nutch-1.0-dev (SimilarPages Nutch Crawler; http://www.similarpages.com; info@similarpages.com)"
65.55.231.72 - - [15/Apr/2009:17:44:25 +0200] "GET /robots.txt HTTP/1.1" 200 64 "-" "msnbot-media/1.1 (+http://search.msn.com/msnbot.htm)"
65.55.231.72 - - [15/Apr/2009:17:44:25 +0200] "GET /logs/ctry_usage_200709.png HTTP/1.1" 200 5414 "-" "msnbot-media/1.1 (+http://search.msn.com/msnbot.htm)"
66.235.124.72 - - [15/Apr/2009:18:06:06 +0200] "GET /bannerz/neon_click_1.gif HTTP/1.0" 200 890 "-" "Mozilla/5.0 (compatible; Ask Jeeves/Teoma; +http://about.ask.com/en/docs/about/webmasters.shtml)"
65.55.211.162 - - [15/Apr/2009:18:07:03 +0200] "GET /robots.txt HTTP/1.1" 200 64 "-" "msnbot/1.1 (+http://search.msn.com/msnbot.htm)"
65.55.211.162 - - [15/Apr/2009:18:07:03 +0200] "GET /bmpp/18start.html HTTP/1.1" 200 320 "-" "msnbot/1.1 (+http://search.msn.com/msnbot.htm)"
74.6.22.167 - - [15/Apr/2009:18:26:07 +0200] "GET /f-search.html HTTP/1.0" 200 11800 "-" "Mozilla/5.0 (compatible; Yahoo! Slurp/3.0; http://help.yahoo.com/help/us/ysearch/slurp)"
193.252.149.15 - - [15/Apr/2009:18:47:47 +0200] "GET /bmpp/euro_pal_111.html HTTP/1.1" 200 2129 "-" "Mozilla/5.0 (Windows; U; Windows NT 5.1; fr; rv:1.8.1) VoilaBot BETA 1.2 (support.voilabot@orange-ftgroup.com)"
193.252.149.15 - - [15/Apr/2009:18:52:06 +0200] "GET /neon/click.html HTTP/1.1" 200 521 "-" "Mozilla/5.0 (Windows; U; Windows NT 5.1; fr; rv:1.8.1) VoilaBot BETA 1.2 (support.voilabot@orange-ftgroup.com)"
193.252.149.14 - - [15/Apr/2009:19:12:47 +0200] "GET /neon/biggtani.html HTTP/1.1" 200 1698 "-" "Mozilla/5.0 (Windows; U; Windows NT 5.1; fr; rv:1.8.1) VoilaBot BETA 1.2 (support.voilabot@orange-ftgroup.com)"
65.55.230.249 - - [15/Apr/2009:19:37:11 +0200] "GET /robots.txt HTTP/1.1" 200 64 "-" "msnbot-media/1.1 (+http://search.msn.com/msnbot.htm)"
65.55.230.249 - - [15/Apr/2009:19:37:11 +0200] "GET /f-warez.html HTTP/1.1" 200 10953 "-" "msnbot-media/1.1 (+http://search.msn.com/msnbot.htm)"
65.55.230.249 - - [15/Apr/2009:19:37:14 +0200] "GET /frame-unten.html HTTP/1.1" 200 5308 "-" "msnbot-media/1.1 (+http://search.msn.com/msnbot.htm)"
65.55.108.131 - - [15/Apr/2009:19:44:49 +0200] "GET /robots.txt HTTP/1.1" 200 64 "-" "msnbot-media/1.1 (+http://search.msn.com/msnbot.htm)"
65.55.108.131 - - [15/Apr/2009:19:44:50 +0200] "GET /logs/hourly_usage_200709.png HTTP/1.1" 200 2259 "-" "msnbot-media/1.1 (+http://search.msn.com/msnbot.htm)"
72.30.81.175 - - [15/Apr/2009:19:45:53 +0200] "GET /robots.txt HTTP/1.0" 200 64 "-" "Mozilla/5.0 (compatible; Yahoo! Slurp; http://help.yahoo.com/help/us/ysearch/slurp)"
81.52.143.33 - - [15/Apr/2009:20:19:16 +0200] "GET /bmpp/18.html HTTP/1.1" 200 4467 "-" "Mozilla/5.0 (Windows; U; Windows NT 5.1; fr; rv:1.8.1) VoilaBot BETA 1.2 (support.voilabot@orange-ftgroup.com)"
208.36.144.6 - - [15/Apr/2009:20:21:01 +0200] "GET /robots.txt HTTP/1.0" 302 363 "-" "Mozilla/5.0 (Twiceler-0.9 http://www.cuil.com/twiceler/robot.html)"
65.55.230.243 - - [15/Apr/2009:20:26:48 +0200] "GET /robots.txt HTTP/1.1" 200 64 "-" "msnbot-media/1.1 (+http://search.msn.com/msnbot.htm)"
65.55.230.243 - - [15/Apr/2009:20:26:48 +0200] "GET /zampa-lovers/ HTTP/1.1" 200 37790 "-" "msnbot-media/1.1 (+http://search.msn.com/msnbot.htm)"
65.55.230.243 - - [15/Apr/2009:20:30:56 +0200] "GET /DgH/orginal/index.html HTTP/1.1" 200 1727 "-" "msnbot-media/1.1 (+http://search.msn.com/msnbot.htm)"
65.55.231.27 - - [15/Apr/2009:21:03:09 +0200] "GET /robots.txt HTTP/1.1" 200 64 "-" "msnbot-media/1.1 (+http://search.msn.com/msnbot.htm)"
65.55.231.27 - - [15/Apr/2009:21:03:09 +0200] "GET /logs/daily_usage_200709.png HTTP/1.1" 200 4030 "-" "msnbot-media/1.1 (+http://search.msn.com/msnbot.htm)"
65.55.230.243 - - [15/Apr/2009:21:43:25 +0200] "GET /framez_0.html HTTP/1.1" 200 12444 "-" "msnbot-media/1.1 (+http://search.msn.com/msnbot.htm)"
89.12.220.207 - - [15/Apr/2009:21:59:59 +0200] "GET / HTTP/1.1" 200 7869 "-" "Mozilla/5.0 (Windows; U; Windows NT 5.1; de; rv:1.9.0.8) Gecko/2009032609 Firefox/3.0.8 (.NET CLR 3.5.30729)"
89.12.220.207 - - [15/Apr/2009:22:00:00 +0200] "GET /ve-icon-2.ico HTTP/1.1" 200 2238 "-" "Mozilla/5.0 (Windows; U; Windows NT 5.1; de; rv:1.9.0.8) Gecko/2009032609 Firefox/3.0.8 (.NET CLR 3.5.30729)"
89.12.220.207 - - [15/Apr/2009:22:00:00 +0200] "GET /style/various-euro.css HTTP/1.1" 200 3437 "http://www.various-euro.com/" "Mozilla/5.0 (Windows; U; Windows NT 5.1; de; rv:1.9.0.8) Gecko/2009032609 Firefox/3.0.8 (.NET CLR 3.5.30729)"
87.250.39.216 - - [15/Apr/2009:22:05:44 +0200] "GET /favicon.ico HTTP/1.1" 302 364 "-" "Mozilla/4.0 (compatible; GoogleToolbar 5.0.2124.6042; Windows XP 5.1; MSIE 7.0.5730.13)"
87.250.39.216 - - [15/Apr/2009:22:05:45 +0200] "GET /zampa/favicon.ico HTTP/1.1" 404 2748 "-" "Mozilla/4.0 (compatible; GoogleToolbar 5.0.2124.6042; Windows XP 5.1; MSIE 7.0.5730.13)"
87.250.39.216 - - [15/Apr/2009:22:05:46 +0200] "GET /favicon.gif HTTP/1.1" 302 364 "-" "Mozilla/4.0 (compatible; GoogleToolbar 5.0.2124.6042; Windows XP 5.1; MSIE 7.0.5730.13)"
87.250.39.216 - - [15/Apr/2009:22:05:46 +0200] "GET /zampa/favicon.gif HTTP/1.1" 404 2748 "-" "Mozilla/4.0 (compatible; GoogleToolbar 5.0.2124.6042; Windows XP 5.1; MSIE 7.0.5730.13)"
65.55.108.162 - - [15/Apr/2009:22:18:17 +0200] "GET /robots.txt HTTP/1.1" 200 64 "-" "msnbot-media/1.1 (+http://search.msn.com/msnbot.htm)"
65.55.108.162 - - [15/Apr/2009:22:18:17 +0200] "GET /zampa-lovers/MILIZA_4.JPG HTTP/1.1" 200 9946 "-" "msnbot-media/1.1 (+http://search.msn.com/msnbot.htm)"
74.6.22.167 - - [15/Apr/2009:22:18:28 +0200] "GET /robots.txt HTTP/1.0" 200 64 "-" "Mozilla/5.0 (compatible; Yahoo! Slurp; http://help.yahoo.com/help/us/ysearch/slurp)"
65.55.211.169 - - [15/Apr/2009:22:38:52 +0200] "GET /robots.txt HTTP/1.1" 200 64 "-" "msnbot/1.1 (+http://search.msn.com/msnbot.htm)"
65.55.211.169 - - [15/Apr/2009:22:38:53 +0200] "GET /news.html HTTP/1.1" 404 2748 "-" "msnbot/1.1 (+http://search.msn.com/msnbot.htm)"
65.55.108.168 - - [15/Apr/2009:22:45:26 +0200] "GET /robots.txt HTTP/1.1" 200 64 "-" "msnbot-media/1.1 (+http://search.msn.com/msnbot.htm)"
65.55.108.168 - - [15/Apr/2009:22:45:26 +0200] "GET /zampa-lovers/MILIZA_B.JPG HTTP/1.1" 200 10947 "-" "msnbot-media/1.1 (+http://search.msn.com/msnbot.htm)"
193.252.149.13 - - [15/Apr/2009:22:51:59 +0200] "GET /neon/girlz3.html HTTP/1.1" 200 2479 "-" "Mozilla/5.0 (Windows; U; Windows NT 5.1; fr; rv:1.8.1) VoilaBot BETA 1.2 (support.voilabot@orange-ftgroup.com)"
61.247.221.85 - - [15/Apr/2009:22:55:35 +0200] "GET /robots.txt HTTP/1.1" 200 64 "-" "Mozilla/4.0 (compatible; NaverBot/1.0; http://help.naver.com/customer_webtxt_02.jsp)"
61.247.221.85 - - [15/Apr/2009:22:55:35 +0200] "GET /f-world.html HTTP/1.1" 200 35590 "-" "Mozilla/4.0 (compatible; NaverBot/1.0; http://help.naver.com/customer_webtxt_02.jsp)"
65.55.231.123 - - [15/Apr/2009:23:00:33 +0200] "GET /robots.txt HTTP/1.1" 200 64 "-" "msnbot-media/1.1 (+http://search.msn.com/msnbot.htm)"
65.55.231.123 - - [15/Apr/2009:23:00:33 +0200] "GET /zampa-lovers/MILIZA_2.JPG HTTP/1.1" 200 22172 "-" "msnbot-media/1.1 (+http://search.msn.com/msnbot.htm)"
216.145.14.142 - - [15/Apr/2009:23:07:37 +0200] "GET /robots.txt HTTP/1.0" 200 64 "http://www.whois.sc/" "SurveyBot/2.3 (Whois Source)"
216.145.14.142 - - [15/Apr/2009:23:07:37 +0200] "GET / HTTP/1.1" 206 7869 "http://whois.domaintools.com/various-euro.com" "SurveyBot/2.3 (Whois Source)"
65.55.220.223 - - [15/Apr/2009:23:21:43 +0200] "GET /robots.txt HTTP/1.1" 200 64 "-" "msnbot-media/1.1 (+http://search.msn.com/msnbot.htm)"
65.55.220.223 - - [15/Apr/2009:23:21:44 +0200] "GET /DgH/orginal/pict/GNFL.jpg HTTP/1.1" 200 17744 "-" "msnbot-media/1.1 (+http://search.msn.com/msnbot.htm)"
72.30.79.32 - - [15/Apr/2009:23:32:42 +0200] "GET /robots.txt HTTP/1.0" 200 64 "-" "Mozilla/5.0 (compatible; Yahoo! Slurp; http://help.yahoo.com/help/us/ysearch/slurp)"
72.30.79.32 - - [15/Apr/2009:23:32:43 +0200] "GET /zampa-lovers/index.html HTTP/1.0" 200 32539 "-" "Mozilla/5.0 (compatible; Yahoo! Slurp/3.0; http://help.yahoo.com/help/us/ysearch/slurp)"
72.30.79.32 - - [15/Apr/2009:23:32:43 +0200] "GET /zampa-lovers/index.html HTTP/1.0" 200 37790 "-" "Mozilla/5.0 (compatible; Yahoo! Slurp/3.0; http://help.yahoo.com/help/us/ysearch/slurp)"
67.16.94.2 - - [15/Apr/2009:23:39:55 +0200] "GET /robots.txt HTTP/1.0" 200 64 "-" "Gigabot/3.0 (http://www.gigablast.com/spider.html)"
67.16.94.2 - - [15/Apr/2009:23:39:56 +0200] "GET / HTTP/1.0" 200 7869 "-" "Gigabot/3.0 (http://www.gigablast.com/spider.html)"
93.139.55.36 - - [15/Apr/2009:23:42:10 +0200] "GET /framez-zampa-lovers.html HTTP/1.1" 200 4322 "http://www.google.com/search?hl=en&q=najace+oruzje&aq=f&oq=" "Mozilla/4.0 (compatible; MSIE 6.0; Windows NT 5.1; SV1; .NET CLR 2.0.50727)"
93.139.55.36 - - [15/Apr/2009:23:42:10 +0200] "GET /frame-menu.html HTTP/1.1" 200 10536 "http://www.various-euro.com/framez-zampa-lovers.html" "Mozilla/4.0 (compatible; MSIE 6.0; Windows NT 5.1; SV1; .NET CLR 2.0.50727)"
93.139.55.36 - - [15/Apr/2009:23:42:11 +0200] "GET /frame-unten.html HTTP/1.1" 200 5308 "http://www.various-euro.com/framez-zampa-lovers.html" "Mozilla/4.0 (compatible; MSIE 6.0; Windows NT 5.1; SV1; .NET CLR 2.0.50727)"
93.139.55.36 - - [15/Apr/2009:23:42:11 +0200] "GET /zampa-lovers/index.html HTTP/1.1" 200 37790 "http://www.various-euro.com/framez-zampa-lovers.html" "Mozilla/4.0 (compatible; MSIE 6.0; Windows NT 5.1; SV1; .NET CLR 2.0.50727)"
93.139.55.36 - - [15/Apr/2009:23:42:11 +0200] "GET /style/various-euro.css HTTP/1.1" 200 3437 "http://www.various-euro.com/frame-menu.html" "Mozilla/4.0 (compatible; MSIE 6.0; Windows NT 5.1; SV1; .NET CLR 2.0.50727)"
93.139.55.36 - - [15/Apr/2009:23:42:11 +0200] "GET /bannerz/ve.jpg HTTP/1.1" 200 36912 "http://www.various-euro.com/frame-unten.html" "Mozilla/4.0 (compatible; MSIE 6.0; Windows NT 5.1; SV1; .NET CLR 2.0.50727)"
93.139.55.36 - - [15/Apr/2009:23:42:12 +0200] "GET /bannerz/various-euro-girl.jpg HTTP/1.1" 200 91514 "http://www.various-euro.com/frame-unten.html" "Mozilla/4.0 (compatible; MSIE 6.0; Windows NT 5.1; SV1; .NET CLR 2.0.50727)"
93.139.55.36 - - [15/Apr/2009:23:42:13 +0200] "GET /zampa-lovers/kralle.gif HTTP/1.1" 404 2748 "http://www.various-euro.com/zampa-lovers/index.html" "Mozilla/4.0 (compatible; MSIE 6.0; Windows NT 5.1; SV1; .NET CLR 2.0.50727)"
93.139.55.36 - - [15/Apr/2009:23:42:14 +0200] "GET /zampa-lovers/DRAGAN_Z.JPG HTTP/1.1" 200 6850 "http://www.various-euro.com/zampa-lovers/index.html" "Mozilla/4.0 (compatible; MSIE 6.0; Windows NT 5.1; SV1; .NET CLR 2.0.50727)"
93.139.55.36 - - [15/Apr/2009:23:42:16 +0200] "GET /zampa-lovers/MILIZA_2.JPG HTTP/1.1" 200 22172 "http://www.various-euro.com/zampa-lovers/index.html" "Mozilla/4.0 (compatible; MSIE 6.0; Windows NT 5.1; SV1; .NET CLR 2.0.50727)"
93.139.55.36 - - [15/Apr/2009:23:42:13 +0200] "GET /zampa-lovers/zampa.gif HTTP/1.1" 200 460627 "http://www.various-euro.com/zampa-lovers/index.html" "Mozilla/4.0 (compatible; MSIE 6.0; Windows NT 5.1; SV1; .NET CLR 2.0.50727)"
93.139.55.36 - - [15/Apr/2009:23:42:19 +0200] "GET /zampa-lovers/ZAMPAMA2.MPG HTTP/1.1" 200 63492 "-" "Windows-Media-Player/9.00.00.4503"
93.139.55.36 - - [15/Apr/2009:23:42:19 +0200] "GET /zampa-lovers/MILIZA_B.JPG HTTP/1.1" 200 10947 "http://www.various-euro.com/zampa-lovers/index.html" "Mozilla/4.0 (compatible; MSIE 6.0; Windows NT 5.1; SV1; .NET CLR 2.0.50727)"
93.139.55.36 - - [15/Apr/2009:23:42:20 +0200] "GET /zampa-lovers/MILIZA_3.JPG HTTP/1.1" 200 26924 "http://www.various-euro.com/zampa-lovers/index.html" "Mozilla/4.0 (compatible; MSIE 6.0; Windows NT 5.1; SV1; .NET CLR 2.0.50727)"
93.139.55.36 - - [15/Apr/2009:23:42:20 +0200] "GET /zampa-lovers/MILIZA_4.JPG HTTP/1.1" 200 9946 "http://www.various-euro.com/zampa-lovers/index.html" "Mozilla/4.0 (compatible; MSIE 6.0; Windows NT 5.1; SV1; .NET CLR 2.0.50727)"
93.139.55.36 - - [15/Apr/2009:23:42:20 +0200] "GET /zampa-lovers/DRAGANZA.JPG HTTP/1.1" 200 18560 "http://www.various-euro.com/zampa-lovers/index.html" "Mozilla/4.0 (compatible; MSIE 6.0; Windows NT 5.1; SV1; .NET CLR 2.0.50727)"
93.139.55.36 - - [15/Apr/2009:23:42:21 +0200] "GET /zampa-lovers/2SEITEVE.GIF HTTP/1.1" 200 83466 "http://www.various-euro.com/zampa-lovers/index.html" "Mozilla/4.0 (compatible; MSIE 6.0; Windows NT 5.1; SV1; .NET CLR 2.0.50727)"
93.139.55.36 - - [15/Apr/2009:23:42:21 +0200] "GET /zampa-lovers/1SEITEVE.GIF HTTP/1.1" 200 78726 "http://www.various-euro.com/zampa-lovers/index.html" "Mozilla/4.0 (compatible; MSIE 6.0; Windows NT 5.1; SV1; .NET CLR 2.0.50727)"
93.139.55.36 - - [15/Apr/2009:23:42:23 +0200] "GET /zampa-lovers/Kralle.gif HTTP/1.1" 200 260 "http://www.various-euro.com/zampa-lovers/index.html" "Mozilla/4.0 (compatible; MSIE 6.0; Windows NT 5.1; SV1; .NET CLR 2.0.50727)"
93.139.55.36 - - [15/Apr/2009:23:42:24 +0200] "GET /zampa-lovers/zampa-2X2.gif HTTP/1.1" 200 6948 "http://www.various-euro.com/zampa-lovers/index.html" "Mozilla/4.0 (compatible; MSIE 6.0; Windows NT 5.1; SV1; .NET CLR 2.0.50727)"
93.139.55.36 - - [15/Apr/2009:23:42:24 +0200] "GET /zampa-lovers/zampamali.gif HTTP/1.1" 200 2617 "http://www.various-euro.com/zampa-lovers/index.html" "Mozilla/4.0 (compatible; MSIE 6.0; Windows NT 5.1; SV1; .NET CLR 2.0.50727)"
93.139.55.36 - - [15/Apr/2009:23:42:22 +0200] "GET /zampa-lovers/WASISTMI1.MPG HTTP/1.1" 200 271221 "-" "Windows-Media-Player/9.00.00.4503"
93.139.55.36 - - [15/Apr/2009:23:42:26 +0200] "GET /zampa-lovers/WASISTMI1.MPG HTTP/1.1" 206 68286 "-" "Mozilla/4.0 (compatible; MSIE 6.0; Windows NT 5.1; SV1; .NET CLR 2.0.50727)"
93.139.55.36 - - [15/Apr/2009:23:42:25 +0200] "GET /zampa-lovers/ZAMPAMAS.MPG HTTP/1.1" 200 520196 "-" "Windows-Media-Player/9.00.00.4503"
93.139.55.36 - - [15/Apr/2009:23:42:27 +0200] "GET /zampa-lovers/ZAMPAMAS.MPG HTTP/1.1" 200 520196 "-" "Mozilla/4.0 (compatible; MSIE 6.0; Windows NT 5.1; SV1; .NET CLR 2.0.50727)"
93.139.55.36 - - [15/Apr/2009:23:42:30 +0200] "GET /zampa-lovers/ZAMPAMAS.MPG HTTP/1.1" 206 455201 "-" "Mozilla/4.0 (compatible; MSIE 6.0; Windows NT 5.1; SV1; .NET CLR 2.0.50727)"
74.6.22.167 - - [15/Apr/2009:23:55:48 +0200] "GET /framez-rez.html HTTP/1.0" 200 4323 "-" "Mozilla/5.0 (compatible; Yahoo! Slurp/3.0; http://help.yahoo.com/help/us/ysearch/slurp)"
74.6.22.167 - - [15/Apr/2009:23:55:49 +0200] "GET /f-rez.html HTTP/1.0" 200 9765 "http://www.various-euro.com/framez-rez.html" "Mozilla/5.0 (compatible; Yahoo! Slurp/3.0; http://help.yahoo.com/help/us/ysearch/slurp)"
74.6.22.167 - - [15/Apr/2009:23:55:49 +0200] "GET /frame-menu.html HTTP/1.0" 200 10536 "http://www.various-euro.com/framez-rez.html" "Mozilla/5.0 (compatible; Yahoo! Slurp/3.0; http://help.yahoo.com/help/us/ysearch/slurp)"
74.6.22.167 - - [15/Apr/2009:23:55:49 +0200] "GET /frame-unten.html HTTP/1.0" 200 5308 "http://www.various-euro.com/framez-rez.html" "Mozilla/5.0 (compatible; Yahoo! Slurp/3.0; http://help.yahoo.com/help/us/ysearch/slurp)"
74.6.22.167 - - [15/Apr/2009:23:55:51 +0200] "GET /style/various-euro.css HTTP/1.0" 304 - "http://www.various-euro.com/frame-menu.html" "Mozilla/5.0 (compatible; Yahoo! Slurp/3.0; http://help.yahoo.com/help/us/ysearch/slurp)"
207.46.92.18 - - [16/Apr/2009:00:03:38 +0200] "GET /logs/ctry_usage_200704.png HTTP/1.1" 200 5285 "-" "LWP::Simple/5.814"
74.6.22.167 - - [16/Apr/2009:00:26:10 +0200] "GET /f-actions.html HTTP/1.0" 200 11478 "-" "Mozilla/5.0 (compatible; Yahoo! Slurp/3.0; http://help.yahoo.com/help/us/ysearch/slurp)"
193.252.149.15 - - [16/Apr/2009:00:30:55 +0200] "GET / HTTP/1.1" 200 7869 "-" "Mozilla/5.0 (Windows; U; Windows NT 5.1; fr; rv:1.8.1) VoilaBot BETA 1.2 (support.voilabot@orange-ftgroup.com)"
216.158.1.201 - - [16/Apr/2009:00:43:05 +0200] "GET /restate_copy.html HTTP/1.1" 200 97631 "-" "Mozilla/5.0 (Windows; U; Windows NT 5.1; en-US; rv:1.8.1.6) Gecko/20070725 Firefox/2.0.0.6"
174.129.132.27 - - [16/Apr/2009:00:53:25 +0200] "GET /robots.txt HTTP/1.0" 200 64 "-" "SimilarPages/Nutch-1.0-dev (SimilarPages Nutch Crawler; http://www.similarpages.com; info@similarpages.com)"
174.129.132.27 - - [16/Apr/2009:00:53:25 +0200] "GET /zampa/montenegro/ZMAJW.html HTTP/1.0" 200 860 "-" "SimilarPages/Nutch-1.0-dev (SimilarPages Nutch Crawler; http://www.similarpages.com; info@similarpages.com)"
174.129.132.27 - - [16/Apr/2009:00:53:47 +0200] "GET /zampa/montenegro/TESLAW.html HTTP/1.0" 200 861 "-" "SimilarPages/Nutch-1.0-dev (SimilarPages Nutch Crawler; http://www.similarpages.com; info@similarpages.com)"
174.129.132.27 - - [16/Apr/2009:00:57:39 +0200] "GET /bmpp/euro_pal_111.html HTTP/1.0" 200 2129 "-" "SimilarPages/Nutch-1.0-dev (SimilarPages Nutch Crawler; http://www.similarpages.com; info@similarpages.com)"
174.129.132.27 - - [16/Apr/2009:01:03:11 +0200] "GET /schubb/schubb-1.html HTTP/1.0" 200 9070 "-" "SimilarPages/Nutch-1.0-dev (SimilarPages Nutch Crawler; http://www.similarpages.com; info@similarpages.com)"
114.111.36.32 - - [16/Apr/2009:01:06:59 +0200] "GET /robots.txt HTTP/1.1" 302 363 "-" "Mozilla/4.0 (compatible; NaverBot/1.0; http://help.naver.com/customer_webtxt_02.jsp)"
174.129.132.27 - - [16/Apr/2009:01:11:18 +0200] "GET /zampa-lovers/index.html HTTP/1.0" 200 37790 "-" "SimilarPages/Nutch-1.0-dev (SimilarPages Nutch Crawler; http://www.similarpages.com; info@similarpages.com)"
66.249.65.169 - - [16/Apr/2009:01:13:26 +0200] "GET /robots.txt HTTP/1.1" 200 64 "-" "Googlebot-Image/1.0"
174.129.132.27 - - [16/Apr/2009:01:15:28 +0200] "GET /neon/euro.html HTTP/1.0" 200 2212 "-" "SimilarPages/Nutch-1.0-dev (SimilarPages Nutch Crawler; http://www.similarpages.com; info@similarpages.com)"
174.129.132.27 - - [16/Apr/2009:01:22:45 +0200] "GET /frame-unten.html HTTP/1.0" 200 5308 "-" "SimilarPages/Nutch-1.0-dev (SimilarPages Nutch Crawler; http://www.similarpages.com; info@similarpages.com)"
174.129.132.27 - - [16/Apr/2009:01:22:56 +0200] "GET /frame-menu.html HTTP/1.0" 200 10536 "-" "SimilarPages/Nutch-1.0-dev (SimilarPages Nutch Crawler; http://www.similarpages.com; info@similarpages.com)"
174.129.132.27 - - [16/Apr/2009:01:24:53 +0200] "GET /robots.txt HTTP/1.0" 200 64 "-" "SimilarPages/Nutch-1.0-dev (SimilarPages Nutch Crawler; http://www.similarpages.com; info@similarpages.com)"
174.129.132.27 - - [16/Apr/2009:01:24:54 +0200] "GET / HTTP/1.0" 200 7869 "-" "SimilarPages/Nutch-1.0-dev (SimilarPages Nutch Crawler; http://www.similarpages.com; info@similarpages.com)"
212.95.58.198 - - [16/Apr/2009:01:29:14 +0200] "GET /framez-schubb5.html HTTP/1.0" 200 4330 "-" "Mozilla/3.0 (compatible; WebCapture 2.0; Auto; Windows)"
212.95.58.198 - - [16/Apr/2009:01:29:14 +0200] "GET /frame-menu.html HTTP/1.0" 200 10536 "-" "Mozilla/3.0 (compatible; WebCapture 2.0; Auto; Windows)"
212.95.58.198 - - [16/Apr/2009:01:29:14 +0200] "GET /schubb/schubb-5.html HTTP/1.0" 200 72944 "-" "Mozilla/3.0 (compatible; WebCapture 2.0; Auto; Windows)"
212.95.58.198 - - [16/Apr/2009:01:29:14 +0200] "GET /frame-unten.html HTTP/1.0" 200 5308 "-" "Mozilla/3.0 (compatible; WebCapture 2.0; Auto; Windows)"
174.129.132.27 - - [16/Apr/2009:01:30:46 +0200] "GET /f-rez.html HTTP/1.0" 200 9765 "-" "SimilarPages/Nutch-1.0-dev (SimilarPages Nutch Crawler; http://www.similarpages.com; info@similarpages.com)"
174.129.132.27 - - [16/Apr/2009:01:33:23 +0200] "GET /frame-inhalt.html HTTP/1.0" 200 5418 "-" "SimilarPages/Nutch-1.0-dev (SimilarPages Nutch Crawler; http://www.similarpages.com; info@similarpages.com)"
174.129.132.27 - - [16/Apr/2009:01:33:38 +0200] "GET /robots.txt HTTP/1.0" 302 363 "-" "SimilarPages/Nutch-1.0-dev (SimilarPages Nutch Crawler; http://www.similarpages.com; info@similarpages.com)"
174.129.132.27 - - [16/Apr/2009:01:33:39 +0200] "GET / HTTP/1.0" 302 353 "-" "SimilarPages/Nutch-1.0-dev (SimilarPages Nutch Crawler; http://www.similarpages.com; info@similarpages.com)"
174.129.132.27 - - [16/Apr/2009:01:38:08 +0200] "GET /zampa/montenegro/index.html HTTP/1.0" 200 2651 "-" "SimilarPages/Nutch-1.0-dev (SimilarPages Nutch Crawler; http://www.similarpages.com; info@similarpages.com)"
174.129.132.27 - - [16/Apr/2009:01:38:26 +0200] "GET /zampa/montenegro/SEKAW.html HTTP/1.0" 200 860 "-" "SimilarPages/Nutch-1.0-dev (SimilarPages Nutch Crawler; http://www.similarpages.com; info@similarpages.com)"
174.129.132.27 - - [16/Apr/2009:01:41:51 +0200] "GET /zampa/montenegro/contributions.html HTTP/1.0" 200 18843 "-" "SimilarPages/Nutch-1.0-dev (SimilarPages Nutch Crawler; http://www.similarpages.com; info@similarpages.com)"
174.129.132.27 - - [16/Apr/2009:01:42:45 +0200] "GET /partnergegenberlin.html HTTP/1.0" 200 5022 "-" "SimilarPages/Nutch-1.0-dev (SimilarPages Nutch Crawler; http://www.similarpages.com; info@similarpages.com)"
174.129.132.27 - - [16/Apr/2009:01:44:12 +0200] "GET /zampa/montenegro/dajpare.html HTTP/1.0" 200 2503 "-" "SimilarPages/Nutch-1.0-dev (SimilarPages Nutch Crawler; http://www.similarpages.com; info@similarpages.com)"
174.129.132.27 - - [16/Apr/2009:01:45:18 +0200] "GET /framez-zampa-lovers.html HTTP/1.0" 200 4322 "-" "SimilarPages/Nutch-1.0-dev (SimilarPages Nutch Crawler; http://www.similarpages.com; info@similarpages.com)"
174.129.132.27 - - [16/Apr/2009:01:47:40 +0200] "GET /bmpp/18.html HTTP/1.0" 200 4467 "-" "SimilarPages/Nutch-1.0-dev (SimilarPages Nutch Crawler; http://www.similarpages.com; info@similarpages.com)"
174.129.132.27 - - [16/Apr/2009:01:49:14 +0200] "GET /framez.html HTTP/1.0" 200 3959 "-" "SimilarPages/Nutch-1.0-dev (SimilarPages Nutch Crawler; http://www.similarpages.com; info@similarpages.com)"
65.55.51.110 - - [16/Apr/2009:01:50:03 +0200] "GET /robots.txt HTTP/1.1" 200 64 "-" "msnbot/2.0b (+http://search.msn.com/msnbot.htm)"
174.129.132.27 - - [16/Apr/2009:01:50:15 +0200] "GET /zampa/lybia/index.html HTTP/1.0" 200 3036 "-" "SimilarPages/Nutch-1.0-dev (SimilarPages Nutch Crawler; http://www.similarpages.com; info@similarpages.com)"
174.129.132.27 - - [16/Apr/2009:01:52:26 +0200] "GET /zampa/ HTTP/1.0" 200 7153 "-" "SimilarPages/Nutch-1.0-dev (SimilarPages Nutch Crawler; http://www.similarpages.com; info@similarpages.com)"
174.129.132.27 - - [16/Apr/2009:02:02:17 +0200] "GET /bmpp/euro_pal_1.html HTTP/1.0" 200 18252 "-" "SimilarPages/Nutch-1.0-dev (SimilarPages Nutch Crawler; http://www.similarpages.com; info@similarpages.com)"
66.235.124.132 - - [16/Apr/2009:02:09:29 +0200] "GET /robots.txt HTTP/1.1" 200 64 "-" "-"
66.235.124.132 - - [16/Apr/2009:02:09:30 +0200] "GET /menueleiste.js HTTP/1.1" 404 2748 "http://www.various-euro.com/restate_copy.html" "Mozilla/5.0 (X11; U; Linux i686; en-US; rv:1.9a1) Gecko/20070308 Minefield/3.0a1"
66.235.124.132 - - [16/Apr/2009:02:09:29 +0200] "GET /restate_copy.html HTTP/1.1" 200 97631 "-" "Mozilla/5.0 (X11; U; Linux i686; en-US; rv:1.9a1) Gecko/20070308 Minefield/3.0a1"
66.235.124.132 - - [16/Apr/2009:02:09:30 +0200] "GET /bannerz/rebelle.gif HTTP/1.1" 200 6986 "http://www.various-euro.com/restate_copy.html" "Mozilla/5.0 (X11; U; Linux i686; en-US; rv:1.9a1) Gecko/20070308 Minefield/3.0a1"
66.235.124.132 - - [16/Apr/2009:02:09:30 +0200] "GET /detonators.gif HTTP/1.1" 200 14892 "http://www.various-euro.com/restate_copy.html" "Mozilla/5.0 (X11; U; Linux i686; en-US; rv:1.9a1) Gecko/20070308 Minefield/3.0a1"
66.235.124.132 - - [16/Apr/2009:02:09:35 +0200] "GET /framez-restate.html HTTP/1.1" 200 4328 "http://www.various-euro.com/restate_copy.html" "Mozilla/5.0 (X11; U; Linux i686; en-US; rv:1.9a1) Gecko/20070308 Minefield/3.0a1"
66.235.124.132 - - [16/Apr/2009:02:09:35 +0200] "GET /frame-menu.html HTTP/1.1" 200 10536 "http://www.various-euro.com/framez-restate.html" "Mozilla/5.0 (X11; U; Linux i686; en-US; rv:1.9a1) Gecko/20070308 Minefield/3.0a1"
66.235.124.132 - - [16/Apr/2009:02:09:35 +0200] "GET /frame-unten.html HTTP/1.1" 200 5308 "http://www.various-euro.com/framez-restate.html" "Mozilla/5.0 (X11; U; Linux i686; en-US; rv:1.9a1) Gecko/20070308 Minefield/3.0a1"
66.235.124.132 - - [16/Apr/2009:02:09:35 +0200] "GET /restate_copy.html HTTP/1.1" 200 97631 "http://www.various-euro.com/framez-restate.html" "Mozilla/5.0 (X11; U; Linux i686; en-US; rv:1.9a1) Gecko/20070308 Minefield/3.0a1"
66.235.124.132 - - [16/Apr/2009:02:09:35 +0200] "GET /menueleiste.js HTTP/1.1" 404 2748 "http://www.various-euro.com/restate_copy.html" "Mozilla/5.0 (X11; U; Linux i686; en-US; rv:1.9a1) Gecko/20070308 Minefield/3.0a1"
66.235.124.132 - - [16/Apr/2009:02:09:35 +0200] "GET /style/various-euro.css HTTP/1.1" 200 3437 "http://www.various-euro.com/frame-menu.html" "Mozilla/5.0 (X11; U; Linux i686; en-US; rv:1.9a1) Gecko/20070308 Minefield/3.0a1"
66.235.124.132 - - [16/Apr/2009:02:09:36 +0200] "GET /bannerz/various-euro-girl.jpg HTTP/1.1" 200 91514 "http://www.various-euro.com/frame-unten.html" "Mozilla/5.0 (X11; U; Linux i686; en-US; rv:1.9a1) Gecko/20070308 Minefield/3.0a1"
66.235.124.132 - - [16/Apr/2009:02:09:35 +0200] "GET /bannerz/ve.jpg HTTP/1.1" 200 36912 "http://www.various-euro.com/frame-unten.html" "Mozilla/5.0 (X11; U; Linux i686; en-US; rv:1.9a1) Gecko/20070308 Minefield/3.0a1"
65.55.211.172 - - [16/Apr/2009:02:30:30 +0200] "GET /robots.txt HTTP/1.1" 200 64 "-" "msnbot/1.1 (+http://search.msn.com/msnbot.htm)"
65.55.211.172 - - [16/Apr/2009:02:30:31 +0200] "GET /zampa/montenegro/TESLAW.html HTTP/1.1" 200 861 "-" "msnbot/1.1 (+http://search.msn.com/msnbot.htm)"
219.142.53.30 - - [16/Apr/2009:02:46:52 +0200] "GET /robots.txt HTTP/1.0" 200 64 "-" "renlifangbot/1.0 (+http://search.msn.com/msnbot.htm)"
219.142.53.18 - - [16/Apr/2009:02:46:53 +0200] "GET /logs/usage_200705.html HTTP/1.0" 200 109447 "-" "renlifangbot/1.0 (+http://search.msn.com/msnbot.htm)"
193.252.149.14 - - [16/Apr/2009:03:42:10 +0200] "GET /neon/sushi.html HTTP/1.1" 200 687 "-" "Mozilla/5.0 (Windows; U; Windows NT 5.1; fr; rv:1.8.1) VoilaBot BETA 1.2 (support.voilabot@orange-ftgroup.com)"
65.55.108.88 - - [16/Apr/2009:05:05:58 +0200] "GET /f-actions.html HTTP/1.1" 200 11478 "-" "WinHttp"
74.6.22.167 - - [16/Apr/2009:05:26:35 +0200] "GET /schubb/schubb-2.html HTTP/1.0" 200 16660 "-" "Mozilla/5.0 (compatible; Yahoo! Slurp/3.0; http://help.yahoo.com/help/us/ysearch/slurp)"
193.252.149.15 - - [16/Apr/2009:06:31:40 +0200] "GET /neon/slow-walk.html HTTP/1.1" 200 1640 "-" "Mozilla/5.0 (Windows; U; Windows NT 5.1; fr; rv:1.8.1) VoilaBot BETA 1.2 (support.voilabot@orange-ftgroup.com)"
66.249.65.169 - - [16/Apr/2009:06:40:22 +0200] "GET /partnergegenberlin.html HTTP/1.1" 200 5022 "-" "Mozilla/5.0 (compatible; Googlebot/2.1; +http://www.google.com/bot.html)"
74.6.22.167 - - [16/Apr/2009:06:40:53 +0200] "GET /bmpp/18.html HTTP/1.0" 200 4467 "-" "Mozilla/5.0 (compatible; Yahoo! Slurp/3.0; http://help.yahoo.com/help/us/ysearch/slurp)"
65.55.220.47 - - [16/Apr/2009:06:55:08 +0200] "GET /f-actions.html HTTP/1.1" 200 11478 "-" "WinHttp"
193.252.149.13 - - [16/Apr/2009:06:55:57 +0200] "GET /DgH/bull/index.html HTTP/1.1" 200 1915 "-" "Mozilla/5.0 (Windows; U; Windows NT 5.1; fr; rv:1.8.1) VoilaBot BETA 1.2 (support.voilabot@orange-ftgroup.com)"
74.6.22.167 - - [16/Apr/2009:07:04:29 +0200] "GET /neon/left-one-new.html HTTP/1.0" 200 1483 "-" "Mozilla/5.0 (compatible; Yahoo! Slurp/3.0; http://help.yahoo.com/help/us/ysearch/slurp)"
65.55.108.13 - - [16/Apr/2009:07:10:04 +0200] "GET /logs/usage_200705.html HTTP/1.1" 200 16551 "-" "WinHttp"
65.55.108.13 - - [16/Apr/2009:07:10:04 +0200] "GET /rez/fisztfull.mp4 HTTP/1.1" 200 5973230 "-" "WinHttp"
193.252.149.16 - - [16/Apr/2009:07:57:47 +0200] "GET /world.html HTTP/1.1" 200 16295 "-" "Mozilla/5.0 (Windows; U; Windows NT 5.1; fr; rv:1.8.1) VoilaBot BETA 1.2 (support.voilabot@orange-ftgroup.com)"
74.6.22.167 - - [16/Apr/2009:07:58:42 +0200] "GET /neon/warning2.html HTTP/1.0" 200 997 "-" "Mozilla/5.0 (compatible; Yahoo! Slurp/3.0; http://help.yahoo.com/help/us/ysearch/slurp)"
216.14.80.168 - - [16/Apr/2009:08:03:13 +0200] "GET /out.php?id=5095' HTTP/1.1" 404 2748 "http://various-euro.com/out.php?id=5095'" "Mozilla/4.0 (compatible; MSIE 6.0; Windows NT 5.1)"
207.46.92.17 - - [16/Apr/2009:08:11:07 +0200] "GET /zampa/montenegro/slike/plakat.jpg HTTP/1.1" 200 47879 "-" "LWP::Simple/5.812"
65.55.230.243 - - [16/Apr/2009:08:39:24 +0200] "GET /framez.html HTTP/1.1" 200 3959 "-" "msnbot-media/1.1 (+http://search.msn.com/msnbot.htm)"
87.250.39.216 - - [16/Apr/2009:08:44:47 +0200] "GET /favicon.ico HTTP/1.1" 302 364 "-" "Mozilla/4.0 (compatible; GoogleToolbar 5.0.2124.6042; Windows XP 5.1; MSIE 7.0.5730.13)"
87.250.39.216 - - [16/Apr/2009:08:44:48 +0200] "GET /zampa/favicon.ico HTTP/1.1" 404 2748 "-" "Mozilla/4.0 (compatible; GoogleToolbar 5.0.2124.6042; Windows XP 5.1; MSIE 7.0.5730.13)"
87.250.39.216 - - [16/Apr/2009:08:44:48 +0200] "GET /favicon.gif HTTP/1.1" 302 364 "-" "Mozilla/4.0 (compatible; GoogleToolbar 5.0.2124.6042; Windows XP 5.1; MSIE 7.0.5730.13)"
87.250.39.216 - - [16/Apr/2009:08:44:48 +0200] "GET /zampa/favicon.gif HTTP/1.1" 404 2748 "-" "Mozilla/4.0 (compatible; GoogleToolbar 5.0.2124.6042; Windows XP 5.1; MSIE 7.0.5730.13)"
65.55.220.63 - - [16/Apr/2009:09:03:12 +0200] "GET /logs/usage_200705.html HTTP/1.1" 200 16551 "-" "WinHttp"
65.55.220.63 - - [16/Apr/2009:09:03:13 +0200] "GET /rez/fisztfull.mp4 HTTP/1.1" 200 5973230 "-" "WinHttp"
211.52.78.2 - - [16/Apr/2009:09:14:07 +0200] "POST /_vti_bin/_vti_aut/author.dll HTTP/1.1" 404 2748 "-" "core-project/1.0"
66.249.65.169 - - [16/Apr/2009:09:17:30 +0200] "GET /framez-rez.html HTTP/1.1" 200 4323 "-" "SAMSUNG-SGH-E250/1.0 Profile/MIDP-2.0 Configuration/CLDC-1.1 UP.Browser/6.2.3.3.c.1.101 (GUI) MMP/2.0 (compatible; Googlebot-Mobile/2.1; +http://www.google.com/bot.html)"
62.245.83.152 - - [16/Apr/2009:09:22:40 +0200] "GET / HTTP/1.1" 302 353 "http://www.google.cz/search?q=zampa+de+leone&ie=utf-8&oe=utf-8&aq=t&rls=org.mozilla:en-US:official&client=firefox-a" "Mozilla/5.0 (Windows; U; Windows NT 6.0; en-US; rv:1.9.0.8) Gecko/2009032609 Firefox/3.0.8"
62.245.83.152 - - [16/Apr/2009:09:22:40 +0200] "GET /zampa/ HTTP/1.1" 200 7153 "http://www.google.cz/search?q=zampa+de+leone&ie=utf-8&oe=utf-8&aq=t&rls=org.mozilla:en-US:official&client=firefox-a" "Mozilla/5.0 (Windows; U; Windows NT 6.0; en-US; rv:1.9.0.8) Gecko/2009032609 Firefox/3.0.8"
62.245.83.152 - - [16/Apr/2009:09:22:42 +0200] "GET / HTTP/1.1" 302 353 "http://www.google.cz/search?q=zampa+de+leone&ie=utf-8&oe=utf-8&aq=t&rls=org.mozilla:en-US:official&client=firefox-a" "Mozilla/5.0 (Windows; U; Windows NT 6.0; en-US; rv:1.9.0.8) Gecko/2009032609 Firefox/3.0.8"
62.245.83.152 - - [16/Apr/2009:09:22:42 +0200] "GET /zampa/ HTTP/1.1" 200 7153 "http://www.google.cz/search?q=zampa+de+leone&ie=utf-8&oe=utf-8&aq=t&rls=org.mozilla:en-US:official&client=firefox-a" "Mozilla/5.0 (Windows; U; Windows NT 6.0; en-US; rv:1.9.0.8) Gecko/2009032609 Firefox/3.0.8"
62.245.83.152 - - [16/Apr/2009:09:22:43 +0200] "GET /zampa/slike/zampa.gif HTTP/1.1" 200 5310 "http://www.various-euro.com/zampa/" "Mozilla/5.0 (Windows; U; Windows NT 6.0; en-US; rv:1.9.0.8) Gecko/2009032609 Firefox/3.0.8"
62.245.83.152 - - [16/Apr/2009:09:22:43 +0200] "GET /zampa/slike/udupetu.gif HTTP/1.1" 200 4138 "http://www.various-euro.com/zampa/" "Mozilla/5.0 (Windows; U; Windows NT 6.0; en-US; rv:1.9.0.8) Gecko/2009032609 Firefox/3.0.8"
62.245.83.152 - - [16/Apr/2009:09:22:43 +0200] "GET /zampa/slike/inthearse.gif HTTP/1.1" 200 4077 "http://www.various-euro.com/zampa/" "Mozilla/5.0 (Windows; U; Windows NT 6.0; en-US; rv:1.9.0.8) Gecko/2009032609 Firefox/3.0.8"
62.245.83.152 - - [16/Apr/2009:09:22:43 +0200] "GET /favicon.ico HTTP/1.1" 404 2748 "-" "Mozilla/5.0 (Windows; U; Windows NT 6.0; en-US; rv:1.9.0.8) Gecko/2009032609 Firefox/3.0.8"
62.245.83.152 - - [16/Apr/2009:09:22:46 +0200] "GET /favicon.ico HTTP/1.1" 404 2748 "-" "Mozilla/5.0 (Windows; U; Windows NT 6.0; en-US; rv:1.9.0.8) Gecko/2009032609 Firefox/3.0.8"
62.245.83.152 - - [16/Apr/2009:09:23:00 +0200] "GET /zampa/slike/E1TITEL.GIF HTTP/1.1" 200 16284 "http://www.various-euro.com/zampa/" "Mozilla/5.0 (Windows; U; Windows NT 6.0; en-US; rv:1.9.0.8) Gecko/2009032609 Firefox/3.0.8"
62.245.83.152 - - [16/Apr/2009:09:23:06 +0200] "GET /zampa/slike/E2COPY.GIF HTTP/1.1" 200 10416 "http://www.various-euro.com/zampa/" "Mozilla/5.0 (Windows; U; Windows NT 6.0; en-US; rv:1.9.0.8) Gecko/2009032609 Firefox/3.0.8"
62.245.83.152 - - [16/Apr/2009:09:23:18 +0200] "GET /zampa/slike/E6BIENNI.GIF HTTP/1.1" 200 33736 "http://www.various-euro.com/zampa/" "Mozilla/5.0 (Windows; U; Windows NT 6.0; en-US; rv:1.9.0.8) Gecko/2009032609 Firefox/3.0.8"
62.245.83.152 - - [16/Apr/2009:09:23:51 +0200] "GET /zampa/montenegro/index.html HTTP/1.1" 200 2651 "http://www.various-euro.com/zampa/" "Mozilla/5.0 (Windows; U; Windows NT 6.0; en-US; rv:1.9.0.8) Gecko/2009032609 Firefox/3.0.8"
62.245.83.152 - - [16/Apr/2009:09:23:51 +0200] "GET /zampa/montenegro/slike/plakat.jpg HTTP/1.1" 200 47879 "http://www.various-euro.com/zampa/montenegro/index.html" "Mozilla/5.0 (Windows; U; Windows NT 6.0; en-US; rv:1.9.0.8) Gecko/2009032609 Firefox/3.0.8"
62.245.83.152 - - [16/Apr/2009:09:24:06 +0200] "GET / HTTP/1.1" 302 353 "http://www.google.cz/search?hl=en&client=firefox-a&rls=org.mozilla:en-US:official&hs=9ug&ei=v9zmScGSLoOU_Qa00sjUAw&sa=X&oi=spell&resnum=1&ct=result&cd=1&q=zampa+di+leone&spell=1" "Mozilla/5.0 (Windows; U; Windows NT 6.0; en-US; rv:1.9.0.8) Gecko/2009032609 Firefox/3.0.8"
62.245.83.152 - - [16/Apr/2009:09:24:06 +0200] "GET /zampa/ HTTP/1.1" 200 7153 "http://www.google.cz/search?hl=en&client=firefox-a&rls=org.mozilla:en-US:official&hs=9ug&ei=v9zmScGSLoOU_Qa00sjUAw&sa=X&oi=spell&resnum=1&ct=result&cd=1&q=zampa+di+leone&spell=1" "Mozilla/5.0 (Windows; U; Windows NT 6.0; en-US; rv:1.9.0.8) Gecko/2009032609 Firefox/3.0.8"
79.38.30.77 - - [16/Apr/2009:09:33:43 +0200] "GET / HTTP/1.1" 302 353 "http://www.google.it/search?hl=it&q=zampa+di+leone&meta=&aq=f&oq=" "Mozilla/4.0 (compatible; MSIE 7.0; Windows NT 5.1; .NET CLR 1.1.4322; .NET CLR 2.0.50727; .NET CLR 3.0.4506.2152; .NET CLR 3.5.30729)"
79.38.30.77 - - [16/Apr/2009:09:33:43 +0200] "GET /zampa/ HTTP/1.1" 200 7153 "http://www.google.it/search?hl=it&q=zampa+di+leone&meta=&aq=f&oq=" "Mozilla/4.0 (compatible; MSIE 7.0; Windows NT 5.1; .NET CLR 1.1.4322; .NET CLR 2.0.50727; .NET CLR 3.0.4506.2152; .NET CLR 3.5.30729)"
79.38.30.77 - - [16/Apr/2009:09:33:43 +0200] "GET /zampa/slike/zampa.gif HTTP/1.1" 200 5310 "http://www.various-euro.com/zampa/" "Mozilla/4.0 (compatible; MSIE 7.0; Windows NT 5.1; .NET CLR 1.1.4322; .NET CLR 2.0.50727; .NET CLR 3.0.4506.2152; .NET CLR 3.5.30729)"
79.38.30.77 - - [16/Apr/2009:09:33:43 +0200] "GET /zampa/slike/udupetu.gif HTTP/1.1" 200 4138 "http://www.various-euro.com/zampa/" "Mozilla/4.0 (compatible; MSIE 7.0; Windows NT 5.1; .NET CLR 1.1.4322; .NET CLR 2.0.50727; .NET CLR 3.0.4506.2152; .NET CLR 3.5.30729)"
79.38.30.77 - - [16/Apr/2009:09:33:43 +0200] "GET /zampa/slike/inthearse.gif HTTP/1.1" 200 4077 "http://www.various-euro.com/zampa/" "Mozilla/4.0 (compatible; MSIE 7.0; Windows NT 5.1; .NET CLR 1.1.4322; .NET CLR 2.0.50727; .NET CLR 3.0.4506.2152; .NET CLR 3.5.30729)"
79.38.30.77 - - [16/Apr/2009:09:33:44 +0200] "GET /favicon.ico HTTP/1.1" 404 2748 "-" "Mozilla/4.0 (compatible; MSIE 7.0; Windows NT 5.1; .NET CLR 1.1.4322; .NET CLR 2.0.50727; .NET CLR 3.0.4506.2152; .NET CLR 3.5.30729)"
79.38.30.77 - - [16/Apr/2009:09:34:08 +0200] "GET /zampa/slike/E3VAMPIR.GIF HTTP/1.1" 200 52553 "http://www.various-euro.com/zampa/" "Mozilla/4.0 (compatible; MSIE 7.0; Windows NT 5.1; .NET CLR 1.1.4322; .NET CLR 2.0.50727; .NET CLR 3.0.4506.2152; .NET CLR 3.5.30729)"
66.249.65.169 - - [16/Apr/2009:09:34:23 +0200] "GET /framez-pgb.html HTTP/1.1" 200 4336 "-" "Mozilla/5.0 (compatible; Googlebot/2.1; +http://www.google.com/bot.html)"
79.38.30.77 - - [16/Apr/2009:09:34:33 +0200] "GET /zampa/montenegro/index.html HTTP/1.1" 200 2651 "http://www.various-euro.com/zampa/" "Mozilla/4.0 (compatible; MSIE 7.0; Windows NT 5.1; .NET CLR 1.1.4322; .NET CLR 2.0.50727; .NET CLR 3.0.4506.2152; .NET CLR 3.5.30729)"
