87.162.46.35 - - [05/Jun/2009:17:59:07 +0200] "GET /3dsf3/sendi/seks_sendi.mpg HTTP/1.1" 404 2748 "-" "VLC media player - version 0.9.8a Grishenko - (c) 1996-2008 the VideoLAN team"
87.162.46.35 - - [05/Jun/2009:17:59:07 +0200] "GET /3dsf3/sendi/seks_sendi.mpg HTTP/1.0" 404 2748 "-" "VLC media player - version 0.9.8a Grishenko - (c) 1996-2008 the VideoLAN team"
87.162.46.35 - - [05/Jun/2009:17:59:07 +0200] "GET /3dsf3/sendi/seks_sendi.mpg HTTP/1.0" 404 2748 "-" "NSPlayer/7.10.0.3059"
87.162.46.35 - - [05/Jun/2009:17:59:07 +0200] "GET /3dsf3/sendi/seks_sendi.mpg HTTP/1.1" 404 2748 "-" "VLC media player - version 0.9.8a Grishenko - (c) 1996-2008 the VideoLAN team"
87.162.46.35 - - [05/Jun/2009:17:59:07 +0200] "GET /3dsf3/sendi/seks_sendi.mpg HTTP/1.0" 404 2748 "-" "VLC media player - version 0.9.8a Grishenko - (c) 1996-2008 the VideoLAN team"
87.162.46.35 - - [05/Jun/2009:17:59:08 +0200] "GET /3dsf3/sendi/seks_sendi.mpg HTTP/1.0" 404 2748 "-" "NSPlayer/7.10.0.3059"
87.162.46.35 - - [05/Jun/2009:17:59:08 +0200] "GET /3dsf3/sendi/seks_sendi.mpg HTTP/1.1" 404 2748 "-" "VLC media player - version 0.9.8a Grishenko - (c) 1996-2008 the VideoLAN team"
87.162.46.35 - - [05/Jun/2009:17:59:08 +0200] "GET /3dsf3/sendi/seks_sendi.mpg HTTP/1.0" 404 2748 "-" "VLC media player - version 0.9.8a Grishenko - (c) 1996-2008 the VideoLAN team"
87.162.46.35 - - [05/Jun/2009:17:59:08 +0200] "GET /3dsf3/sendi/seks_sendi.mpg HTTP/1.0" 404 2748 "-" "NSPlayer/7.10.0.3059"
87.162.46.35 - - [05/Jun/2009:17:59:08 +0200] "GET /3dsf3/sendi/seks_sendi.mpg HTTP/1.1" 404 2748 "-" "VLC media player - version 0.9.8a Grishenko - (c) 1996-2008 the VideoLAN team"
87.162.46.35 - - [05/Jun/2009:17:59:09 +0200] "GET /3dsf3/sendi/seks_sendi.mpg HTTP/1.0" 404 2748 "-" "VLC media player - version 0.9.8a Grishenko - (c) 1996-2008 the VideoLAN team"
87.162.46.35 - - [05/Jun/2009:17:59:09 +0200] "GET /3dsf3/sendi/seks_sendi.mpg HTTP/1.0" 404 2748 "-" "NSPlayer/7.10.0.3059"
87.162.46.35 - - [05/Jun/2009:17:59:09 +0200] "GET /3dsf3/sendi/seks_sendi.mpg HTTP/1.1" 404 2748 "-" "VLC media player - version 0.9.8a Grishenko - (c) 1996-2008 the VideoLAN team"
87.162.46.35 - - [05/Jun/2009:17:59:09 +0200] "GET /3dsf3/sendi/seks_sendi.mpg HTTP/1.0" 404 2748 "-" "VLC media player - version 0.9.8a Grishenko - (c) 1996-2008 the VideoLAN team"
87.162.46.35 - - [05/Jun/2009:17:59:09 +0200] "GET /3dsf3/sendi/seks_sendi.mpg HTTP/1.0" 404 2748 "-" "NSPlayer/7.10.0.3059"
87.162.46.35 - - [05/Jun/2009:17:59:10 +0200] "GET /3dsf3/sendi/seks_sendi.mpg HTTP/1.1" 404 2748 "-" "VLC media player - version 0.9.8a Grishenko - (c) 1996-2008 the VideoLAN team"
87.162.46.35 - - [05/Jun/2009:17:59:10 +0200] "GET /3dsf3/sendi/seks_sendi.mpg HTTP/1.0" 404 2748 "-" "VLC media player - version 0.9.8a Grishenko - (c) 1996-2008 the VideoLAN team"
87.162.46.35 - - [05/Jun/2009:17:59:10 +0200] "GET /3dsf3/sendi/seks_sendi.mpg HTTP/1.0" 404 2748 "-" "NSPlayer/7.10.0.3059"
87.162.46.35 - - [05/Jun/2009:17:59:10 +0200] "GET /3dsf3/sendi/seks_sendi.mpg HTTP/1.1" 404 2748 "-" "VLC media player - version 0.9.8a Grishenko - (c) 1996-2008 the VideoLAN team"
87.162.46.35 - - [05/Jun/2009:17:59:10 +0200] "GET /3dsf3/sendi/seks_sendi.mpg HTTP/1.0" 404 2748 "-" "VLC media player - version 0.9.8a Grishenko - (c) 1996-2008 the VideoLAN team"
87.162.46.35 - - [05/Jun/2009:17:59:11 +0200] "GET /3dsf3/sendi/seks_sendi.mpg HTTP/1.0" 404 2748 "-" "NSPlayer/7.10.0.3059"
87.162.46.35 - - [05/Jun/2009:17:59:11 +0200] "GET /3dsf3/sendi/seks_sendi.mpg HTTP/1.1" 404 2748 "-" "VLC media player - version 0.9.8a Grishenko - (c) 1996-2008 the VideoLAN team"
87.162.46.35 - - [05/Jun/2009:17:59:11 +0200] "GET /3dsf3/sendi/seks_sendi.mpg HTTP/1.0" 404 2748 "-" "VLC media player - version 0.9.8a Grishenko - (c) 1996-2008 the VideoLAN team"
87.162.46.35 - - [05/Jun/2009:17:59:11 +0200] "GET /3dsf3/sendi/seks_sendi.mpg HTTP/1.0" 404 2748 "-" "NSPlayer/7.10.0.3059"
87.162.46.35 - - [05/Jun/2009:17:59:11 +0200] "GET /3dsf3/sendi/seks_sendi.mpg HTTP/1.1" 404 2748 "-" "VLC media player - version 0.9.8a Grishenko - (c) 1996-2008 the VideoLAN team"
87.162.46.35 - - [05/Jun/2009:17:59:12 +0200] "GET /3dsf3/sendi/seks_sendi.mpg HTTP/1.0" 404 2748 "-" "VLC media player - version 0.9.8a Grishenko - (c) 1996-2008 the VideoLAN team"
87.162.46.35 - - [05/Jun/2009:17:59:12 +0200] "GET /3dsf3/sendi/seks_sendi.mpg HTTP/1.0" 404 2748 "-" "NSPlayer/7.10.0.3059"
87.162.46.35 - - [05/Jun/2009:17:59:12 +0200] "GET /3dsf3/sendi/seks_sendi.mpg HTTP/1.1" 404 2748 "-" "VLC media player - version 0.9.8a Grishenko - (c) 1996-2008 the VideoLAN team"
87.162.46.35 - - [05/Jun/2009:17:59:12 +0200] "GET /3dsf3/sendi/seks_sendi.mpg HTTP/1.0" 404 2748 "-" "VLC media player - version 0.9.8a Grishenko - (c) 1996-2008 the VideoLAN team"
87.162.46.35 - - [05/Jun/2009:17:59:12 +0200] "GET /3dsf3/sendi/seks_sendi.mpg HTTP/1.0" 404 2748 "-" "NSPlayer/7.10.0.3059"
87.162.46.35 - - [05/Jun/2009:17:59:13 +0200] "GET /3dsf3/sendi/seks_sendi.mpg HTTP/1.1" 404 2748 "-" "VLC media player - version 0.9.8a Grishenko - (c) 1996-2008 the VideoLAN team"
87.162.46.35 - - [05/Jun/2009:17:59:13 +0200] "GET /3dsf3/sendi/seks_sendi.mpg HTTP/1.0" 404 2748 "-" "VLC media player - version 0.9.8a Grishenko - (c) 1996-2008 the VideoLAN team"
87.162.46.35 - - [05/Jun/2009:17:59:13 +0200] "GET /3dsf3/sendi/seks_sendi.mpg HTTP/1.0" 404 2748 "-" "NSPlayer/7.10.0.3059"
87.162.46.35 - - [05/Jun/2009:17:59:13 +0200] "GET /3dsf3/sendi/seks_sendi.mpg HTTP/1.1" 404 2748 "-" "VLC media player - version 0.9.8a Grishenko - (c) 1996-2008 the VideoLAN team"
87.162.46.35 - - [05/Jun/2009:17:59:13 +0200] "GET /3dsf3/sendi/seks_sendi.mpg HTTP/1.0" 404 2748 "-" "VLC media player - version 0.9.8a Grishenko - (c) 1996-2008 the VideoLAN team"
87.162.46.35 - - [05/Jun/2009:17:59:14 +0200] "GET /3dsf3/sendi/seks_sendi.mpg HTTP/1.0" 404 2748 "-" "NSPlayer/7.10.0.3059"
87.162.46.35 - - [05/Jun/2009:17:59:14 +0200] "GET /3dsf3/sendi/seks_sendi.mpg HTTP/1.1" 404 2748 "-" "VLC media player - version 0.9.8a Grishenko - (c) 1996-2008 the VideoLAN team"
87.162.46.35 - - [05/Jun/2009:17:59:14 +0200] "GET /3dsf3/sendi/seks_sendi.mpg HTTP/1.0" 404 2748 "-" "VLC media player - version 0.9.8a Grishenko - (c) 1996-2008 the VideoLAN team"
87.162.46.35 - - [05/Jun/2009:17:59:14 +0200] "GET /3dsf3/sendi/seks_sendi.mpg HTTP/1.0" 404 2748 "-" "NSPlayer/7.10.0.3059"
87.162.46.35 - - [05/Jun/2009:17:59:14 +0200] "GET /3dsf3/sendi/seks_sendi.mpg HTTP/1.1" 404 2748 "-" "VLC media player - version 0.9.8a Grishenko - (c) 1996-2008 the VideoLAN team"
87.162.46.35 - - [05/Jun/2009:17:59:15 +0200] "GET /3dsf3/sendi/seks_sendi.mpg HTTP/1.0" 404 2748 "-" "VLC media player - version 0.9.8a Grishenko - (c) 1996-2008 the VideoLAN team"
87.162.46.35 - - [05/Jun/2009:17:59:15 +0200] "GET /3dsf3/sendi/seks_sendi.mpg HTTP/1.0" 404 2748 "-" "NSPlayer/7.10.0.3059"
87.162.46.35 - - [05/Jun/2009:17:59:15 +0200] "GET /3dsf3/sendi/seks_sendi.mpg HTTP/1.1" 404 2748 "-" "VLC media player - version 0.9.8a Grishenko - (c) 1996-2008 the VideoLAN team"
87.162.46.35 - - [05/Jun/2009:17:59:15 +0200] "GET /3dsf3/sendi/seks_sendi.mpg HTTP/1.0" 404 2748 "-" "VLC media player - version 0.9.8a Grishenko - (c) 1996-2008 the VideoLAN team"
87.162.46.35 - - [05/Jun/2009:17:59:15 +0200] "GET /3dsf3/sendi/seks_sendi.mpg HTTP/1.0" 404 2748 "-" "NSPlayer/7.10.0.3059"
87.162.46.35 - - [05/Jun/2009:17:59:16 +0200] "GET /3dsf3/sendi/seks_sendi.mpg HTTP/1.1" 404 2748 "-" "VLC media player - version 0.9.8a Grishenko - (c) 1996-2008 the VideoLAN team"
87.162.46.35 - - [05/Jun/2009:17:59:16 +0200] "GET /3dsf3/sendi/seks_sendi.mpg HTTP/1.0" 404 2748 "-" "VLC media player - version 0.9.8a Grishenko - (c) 1996-2008 the VideoLAN team"
87.162.46.35 - - [05/Jun/2009:17:59:16 +0200] "GET /3dsf3/sendi/seks_sendi.mpg HTTP/1.0" 404 2748 "-" "NSPlayer/7.10.0.3059"
87.162.46.35 - - [05/Jun/2009:17:59:16 +0200] "GET /3dsf3/sendi/seks_sendi.mpg HTTP/1.1" 404 2748 "-" "VLC media player - version 0.9.8a Grishenko - (c) 1996-2008 the VideoLAN team"
87.162.46.35 - - [05/Jun/2009:17:59:16 +0200] "GET /3dsf3/sendi/seks_sendi.mpg HTTP/1.0" 404 2748 "-" "VLC media player - version 0.9.8a Grishenko - (c) 1996-2008 the VideoLAN team"
87.162.46.35 - - [05/Jun/2009:17:59:17 +0200] "GET /3dsf3/sendi/seks_sendi.mpg HTTP/1.0" 404 2748 "-" "NSPlayer/7.10.0.3059"
87.162.46.35 - - [05/Jun/2009:17:59:17 +0200] "GET /3dsf3/sendi/seks_sendi.mpg HTTP/1.1" 404 2748 "-" "VLC media player - version 0.9.8a Grishenko - (c) 1996-2008 the VideoLAN team"
87.162.46.35 - - [05/Jun/2009:17:59:17 +0200] "GET /3dsf3/sendi/seks_sendi.mpg HTTP/1.0" 404 2748 "-" "VLC media player - version 0.9.8a Grishenko - (c) 1996-2008 the VideoLAN team"
87.162.46.35 - - [05/Jun/2009:17:59:17 +0200] "GET /3dsf3/sendi/seks_sendi.mpg HTTP/1.0" 404 2748 "-" "NSPlayer/7.10.0.3059"
87.162.46.35 - - [05/Jun/2009:17:59:17 +0200] "GET /3dsf3/sendi/seks_sendi.mpg HTTP/1.1" 404 2748 "-" "VLC media player - version 0.9.8a Grishenko - (c) 1996-2008 the VideoLAN team"
87.162.46.35 - - [05/Jun/2009:17:59:18 +0200] "GET /3dsf3/sendi/seks_sendi.mpg HTTP/1.0" 404 2748 "-" "VLC media player - version 0.9.8a Grishenko - (c) 1996-2008 the VideoLAN team"
87.162.46.35 - - [05/Jun/2009:17:59:18 +0200] "GET /3dsf3/sendi/seks_sendi.mpg HTTP/1.0" 404 2748 "-" "NSPlayer/7.10.0.3059"
87.162.46.35 - - [05/Jun/2009:17:59:18 +0200] "GET /3dsf3/sendi/seks_sendi.mpg HTTP/1.1" 404 2748 "-" "VLC media player - version 0.9.8a Grishenko - (c) 1996-2008 the VideoLAN team"
87.162.46.35 - - [05/Jun/2009:17:59:18 +0200] "GET /3dsf3/sendi/seks_sendi.mpg HTTP/1.0" 404 2748 "-" "VLC media player - version 0.9.8a Grishenko - (c) 1996-2008 the VideoLAN team"
87.162.46.35 - - [05/Jun/2009:17:59:18 +0200] "GET /3dsf3/sendi/seks_sendi.mpg HTTP/1.0" 404 2748 "-" "NSPlayer/7.10.0.3059"
87.162.46.35 - - [05/Jun/2009:17:59:19 +0200] "GET /3dsf3/sendi/seks_sendi.mpg HTTP/1.1" 404 2748 "-" "VLC media player - version 0.9.8a Grishenko - (c) 1996-2008 the VideoLAN team"
87.162.46.35 - - [05/Jun/2009:17:59:19 +0200] "GET /3dsf3/sendi/seks_sendi.mpg HTTP/1.0" 404 2748 "-" "VLC media player - version 0.9.8a Grishenko - (c) 1996-2008 the VideoLAN team"
65.55.51.114 - - [05/Jun/2009:18:05:14 +0200] "GET /robots.txt HTTP/1.1" 200 64 "-" "msnbot/2.0b (+http://search.msn.com/msnbot.htm)"
65.55.211.167 - - [05/Jun/2009:18:06:41 +0200] "GET /robots.txt HTTP/1.1" 200 64 "-" "msnbot/1.1 (+http://search.msn.com/msnbot.htm)"
65.55.211.167 - - [05/Jun/2009:18:06:42 +0200] "GET /schubb/schubb-3.html HTTP/1.1" 200 17546 "-" "msnbot/1.1 (+http://search.msn.com/msnbot.htm)"
65.55.109.26 - - [05/Jun/2009:18:08:30 +0200] "GET /schubb/schubb-3.html HTTP/1.0" 200 17546 "http://search.live.com/results.aspx?q=deutschland" "Mozilla/4.0 (compatible; MSIE 6.0; Windows NT 5.2; SV1; .NET CLR 1.1.4322)"
65.55.109.26 - - [05/Jun/2009:18:08:37 +0200] "GET /framez-schubb3.html HTTP/1.0" 200 4317 "-" "Mozilla/4.0 (compatible; MSIE 6.0; Windows NT 5.2; SV1; .NET CLR 1.1.4322)"
65.55.109.26 - - [05/Jun/2009:18:08:41 +0200] "GET /frame-menu.html HTTP/1.0" 200 10500 "http://www.various-euro.com/framez-schubb3.html" "Mozilla/4.0 (compatible; MSIE 6.0; Windows NT 5.2; SV1; .NET CLR 1.1.4322)"
65.55.106.239 - - [05/Jun/2009:18:26:45 +0200] "GET /robots.txt HTTP/1.1" 302 363 "-" "msnbot/2.0b (+http://search.msn.com/msnbot.htm)"
65.55.106.239 - - [05/Jun/2009:18:26:45 +0200] "GET /zampa/robots.txt HTTP/1.1" 404 2748 "-" "msnbot/2.0b (+http://search.msn.com/msnbot.htm)"
95.161.251.239 - - [05/Jun/2009:18:39:28 +0200] "GET /open//www/admin/ HTTP/1.1" 404 2748 "http://various-euro.com/open//www/admin/" "Mozilla/4.0 (compatible; MSIE 6.0; Windows NT 5.1)"
95.161.251.239 - - [05/Jun/2009:18:39:28 +0200] "GET /www/admin/ HTTP/1.1" 404 2748 "http://various-euro.com/www/admin/" "Mozilla/4.0 (compatible; MSIE 6.0; Windows NT 5.1)"
95.161.251.239 - - [05/Jun/2009:18:39:28 +0200] "GET /openx/www/admin/ HTTP/1.1" 404 2748 "http://various-euro.com/openx/www/admin/" "Mozilla/4.0 (compatible; MSIE 6.0; Windows NT 5.1)"
95.161.251.239 - - [05/Jun/2009:18:39:29 +0200] "GET / HTTP/1.1" 200 7869 "http://various-euro.com/" "Mozilla/4.0 (compatible; MSIE 6.0; Windows NT 5.1)"
66.235.124.7 - - [05/Jun/2009:18:46:56 +0200] "GET / HTTP/1.1" 200 7869 "-" "Mozilla/5.0 (compatible; Ask Jeeves/Teoma; +http://about.ask.com/en/docs/about/webmasters.shtml)"
98.223.233.40 - - [05/Jun/2009:18:52:18 +0200] "GET / HTTP/1.1" 200 7869 "-" "Mozilla/5.0 (Macintosh; U; Intel Mac OS X 10.5; en-US; rv:1.9.0.10) Gecko/2009042315 Firefox/3.0.10"
98.223.233.40 - - [05/Jun/2009:18:52:19 +0200] "GET /ve-icon-2.ico HTTP/1.1" 200 2238 "-" "Mozilla/5.0 (Macintosh; U; Intel Mac OS X 10.5; en-US; rv:1.9.0.10) Gecko/2009042315 Firefox/3.0.10"
98.223.233.40 - - [05/Jun/2009:18:52:19 +0200] "GET /style/various-euro.css HTTP/1.1" 200 3437 "http://www.various-euro.com/" "Mozilla/5.0 (Macintosh; U; Intel Mac OS X 10.5; en-US; rv:1.9.0.10) Gecko/2009042315 Firefox/3.0.10"
98.223.233.40 - - [05/Jun/2009:18:52:19 +0200] "GET /framez_0.html HTTP/1.1" 200 12285 "http://www.various-euro.com/" "Mozilla/5.0 (Macintosh; U; Intel Mac OS X 10.5; en-US; rv:1.9.0.10) Gecko/2009042315 Firefox/3.0.10"
98.223.233.40 - - [05/Jun/2009:18:52:21 +0200] "GET /framez.html HTTP/1.1" 200 3959 "http://www.various-euro.com/framez_0.html" "Mozilla/5.0 (Macintosh; U; Intel Mac OS X 10.5; en-US; rv:1.9.0.10) Gecko/2009042315 Firefox/3.0.10"
98.223.233.40 - - [05/Jun/2009:18:52:21 +0200] "GET /frame-unten.html HTTP/1.1" 200 5308 "http://www.various-euro.com/framez.html" "Mozilla/5.0 (Macintosh; U; Intel Mac OS X 10.5; en-US; rv:1.9.0.10) Gecko/2009042315 Firefox/3.0.10"
98.223.233.40 - - [05/Jun/2009:18:52:21 +0200] "GET /frame-inhalt.html HTTP/1.1" 200 7688 "http://www.various-euro.com/framez.html" "Mozilla/5.0 (Macintosh; U; Intel Mac OS X 10.5; en-US; rv:1.9.0.10) Gecko/2009042315 Firefox/3.0.10"
98.223.233.40 - - [05/Jun/2009:18:52:21 +0200] "GET /frame-menu.html HTTP/1.1" 200 10500 "http://www.various-euro.com/framez.html" "Mozilla/5.0 (Macintosh; U; Intel Mac OS X 10.5; en-US; rv:1.9.0.10) Gecko/2009042315 Firefox/3.0.10"
98.223.233.40 - - [05/Jun/2009:18:52:22 +0200] "GET /bannerz/neon_click_3.gif HTTP/1.1" 200 240 "http://www.various-euro.com/frame-inhalt.html" "Mozilla/5.0 (Macintosh; U; Intel Mac OS X 10.5; en-US; rv:1.9.0.10) Gecko/2009042315 Firefox/3.0.10"
98.223.233.40 - - [05/Jun/2009:18:52:22 +0200] "GET /bannerz/neon_click_2.gif HTTP/1.1" 200 387 "http://www.various-euro.com/frame-inhalt.html" "Mozilla/5.0 (Macintosh; U; Intel Mac OS X 10.5; en-US; rv:1.9.0.10) Gecko/2009042315 Firefox/3.0.10"
98.223.233.40 - - [05/Jun/2009:18:52:22 +0200] "GET /eurosign3.gif HTTP/1.1" 200 7879 "http://www.various-euro.com/frame-inhalt.html" "Mozilla/5.0 (Macintosh; U; Intel Mac OS X 10.5; en-US; rv:1.9.0.10) Gecko/2009042315 Firefox/3.0.10"
98.223.233.40 - - [05/Jun/2009:18:52:22 +0200] "GET /bannerz/neon_click_1.gif HTTP/1.1" 200 890 "http://www.various-euro.com/frame-inhalt.html" "Mozilla/5.0 (Macintosh; U; Intel Mac OS X 10.5; en-US; rv:1.9.0.10) Gecko/2009042315 Firefox/3.0.10"
98.223.233.40 - - [05/Jun/2009:18:52:22 +0200] "GET /bannerz/wet.gif HTTP/1.1" 200 18561 "http://www.various-euro.com/frame-inhalt.html" "Mozilla/5.0 (Macintosh; U; Intel Mac OS X 10.5; en-US; rv:1.9.0.10) Gecko/2009042315 Firefox/3.0.10"
98.223.233.40 - - [05/Jun/2009:18:52:22 +0200] "GET /bannerz/douwil.gif HTTP/1.1" 200 528 "http://www.various-euro.com/frame-inhalt.html" "Mozilla/5.0 (Macintosh; U; Intel Mac OS X 10.5; en-US; rv:1.9.0.10) Gecko/2009042315 Firefox/3.0.10"
98.223.233.40 - - [05/Jun/2009:18:52:22 +0200] "GET /bannerz/ve.jpg HTTP/1.1" 200 36912 "http://www.various-euro.com/frame-unten.html" "Mozilla/5.0 (Macintosh; U; Intel Mac OS X 10.5; en-US; rv:1.9.0.10) Gecko/2009042315 Firefox/3.0.10"
98.223.233.40 - - [05/Jun/2009:18:52:22 +0200] "GET /bannerz/anti_black_small.gif HTTP/1.1" 200 1009 "http://www.various-euro.com/frame-inhalt.html" "Mozilla/5.0 (Macintosh; U; Intel Mac OS X 10.5; en-US; rv:1.9.0.10) Gecko/2009042315 Firefox/3.0.10"
98.223.233.40 - - [05/Jun/2009:18:52:22 +0200] "GET /bannerz/copyleft_black_small.gif HTTP/1.1" 200 1231 "http://www.various-euro.com/frame-inhalt.html" "Mozilla/5.0 (Macintosh; U; Intel Mac OS X 10.5; en-US; rv:1.9.0.10) Gecko/2009042315 Firefox/3.0.10"
98.223.233.40 - - [05/Jun/2009:18:52:22 +0200] "GET /bannerz/google/Logo_40blk.gif HTTP/1.1" 200 2308 "http://www.various-euro.com/frame-inhalt.html" "Mozilla/5.0 (Macintosh; U; Intel Mac OS X 10.5; en-US; rv:1.9.0.10) Gecko/2009042315 Firefox/3.0.10"
98.223.233.40 - - [05/Jun/2009:18:52:22 +0200] "GET /bannerz/various-euro-girl.jpg HTTP/1.1" 200 91514 "http://www.various-euro.com/frame-unten.html" "Mozilla/5.0 (Macintosh; U; Intel Mac OS X 10.5; en-US; rv:1.9.0.10) Gecko/2009042315 Firefox/3.0.10"
65.55.106.165 - - [05/Jun/2009:19:04:04 +0200] "GET /robots.txt HTTP/1.1" 200 64 "-" "msnbot/2.0b (+http://search.msn.com/msnbot.htm)"
72.14.199.8 - - [05/Jun/2009:19:09:29 +0200] "GET / HTTP/1.1" 302 353 "-" "Feedfetcher-Google; (+http://www.google.com/feedfetcher.html; 1 subscribers; feed-id=5454548576667470243)"
72.14.199.85 - - [05/Jun/2009:19:09:30 +0200] "GET /zampa/ HTTP/1.1" 200 7153 "-" "Feedfetcher-Google; (+http://www.google.com/feedfetcher.html; 1 subscribers; feed-id=5454548576667470243)"
65.55.230.243 - - [05/Jun/2009:19:14:51 +0200] "GET /f-channel1.html HTTP/1.1" 200 9329 "-" "msnbot-media/1.1 (+http://search.msn.com/msnbot.htm)"
65.55.211.160 - - [05/Jun/2009:19:31:04 +0200] "GET /robots.txt HTTP/1.1" 200 64 "-" "msnbot/1.1 (+http://search.msn.com/msnbot.htm)"
65.55.211.160 - - [05/Jun/2009:19:31:05 +0200] "GET /tour1_new.html HTTP/1.1" 404 2748 "-" "msnbot/1.1 (+http://search.msn.com/msnbot.htm)"
65.55.106.121 - - [05/Jun/2009:19:49:35 +0200] "GET /robots.txt HTTP/1.1" 302 363 "-" "msnbot/2.0b (+http://search.msn.com/msnbot.htm)"
65.55.106.121 - - [05/Jun/2009:19:49:35 +0200] "GET /zampa/robots.txt HTTP/1.1" 404 2748 "-" "msnbot/2.0b (+http://search.msn.com/msnbot.htm)"
65.55.106.233 - - [05/Jun/2009:20:40:34 +0200] "GET /robots.txt HTTP/1.1" 200 64 "-" "msnbot/2.0b (+http://search.msn.com/msnbot.htm)"
72.30.79.93 - - [05/Jun/2009:20:44:07 +0200] "GET /bmpp/18_x.html HTTP/1.0" 200 1100 "-" "Mozilla/5.0 (compatible; Yahoo! Slurp/3.0; http://help.yahoo.com/help/us/ysearch/slurp)"
65.55.106.144 - - [05/Jun/2009:20:46:06 +0200] "GET /neon/girlz2.html HTTP/1.1" 200 2937 "-" "msnbot/2.0b (+http://search.msn.com/msnbot.htm)"
65.55.106.229 - - [05/Jun/2009:21:33:08 +0200] "GET /neon/girlz2.html HTTP/1.1" 200 2937 "-" "msnbot/2.0b (+http://search.msn.com/msnbot.htm)"
72.30.78.230 - - [05/Jun/2009:21:43:22 +0200] "GET /zampa HTTP/1.0" 301 367 "-" "Mozilla/5.0 (compatible; Yahoo! Slurp/3.0; http://help.yahoo.com/help/us/ysearch/slurp)"
72.30.78.230 - - [05/Jun/2009:21:43:24 +0200] "GET /zampa/ HTTP/1.0" 200 7153 "-" "Mozilla/5.0 (compatible; Yahoo! Slurp/3.0; http://help.yahoo.com/help/us/ysearch/slurp)"
65.55.211.159 - - [05/Jun/2009:21:55:12 +0200] "GET /robots.txt HTTP/1.1" 200 64 "-" "msnbot/1.1 (+http://search.msn.com/msnbot.htm)"
65.55.211.159 - - [05/Jun/2009:21:55:12 +0200] "GET /logz.html HTTP/1.1" 404 2748 "-" "msnbot/1.1 (+http://search.msn.com/msnbot.htm)"
72.30.79.93 - - [05/Jun/2009:21:56:08 +0200] "GET /snapshots.html HTTP/1.0" 200 4259 "-" "Mozilla/5.0 (compatible; Yahoo! Slurp/3.0; http://help.yahoo.com/help/us/ysearch/slurp)"
72.30.79.93 - - [05/Jun/2009:22:02:51 +0200] "GET /framez-rez.html HTTP/1.0" 200 4323 "-" "Mozilla/5.0 (compatible; Yahoo! Slurp/3.0; http://help.yahoo.com/help/us/ysearch/slurp)"
72.30.79.93 - - [05/Jun/2009:22:02:55 +0200] "GET /frame-unten.html HTTP/1.0" 200 5308 "http://www.various-euro.com/framez-rez.html" "Mozilla/5.0 (compatible; Yahoo! Slurp/3.0; http://help.yahoo.com/help/us/ysearch/slurp)"
72.30.79.93 - - [05/Jun/2009:22:02:55 +0200] "GET /f-rez.html HTTP/1.0" 200 9765 "http://www.various-euro.com/framez-rez.html" "Mozilla/5.0 (compatible; Yahoo! Slurp/3.0; http://help.yahoo.com/help/us/ysearch/slurp)"
72.30.79.93 - - [05/Jun/2009:22:02:55 +0200] "GET /frame-menu.html HTTP/1.0" 200 10500 "http://www.various-euro.com/framez-rez.html" "Mozilla/5.0 (compatible; Yahoo! Slurp/3.0; http://help.yahoo.com/help/us/ysearch/slurp)"
72.30.79.93 - - [05/Jun/2009:22:02:57 +0200] "GET /style/various-euro.css HTTP/1.0" 304 - "http://www.various-euro.com/frame-menu.html" "Mozilla/5.0 (compatible; Yahoo! Slurp/3.0; http://help.yahoo.com/help/us/ysearch/slurp)"
89.149.234.43 - - [05/Jun/2009:22:07:22 +0200] "GET /logs/usage_200906.html HTTP/1.0" 404 2748 "-" "-"
12.37.144.130 - - [05/Jun/2009:22:09:01 +0200] "GET /menueleiste.js HTTP/1.1" 404 2748 "http://www.various-euro.com/restate_copy.html" "Mozilla/4.0 (compatible; MSIE 7.0; Windows NT 5.1; .NET CLR 2.0.50727; .NET CLR 3.0.04506.30; .NET CLR 1.1.4322)"
12.37.144.130 - - [05/Jun/2009:22:09:01 +0200] "GET /restate_copy.html HTTP/1.1" 200 97631 "http://www.google.com/search?q=%22corning%22+%22restate%22&rls=com.microsoft:*&ie=UTF-8&oe=UTF-8&startIndex=&startPage=1" "Mozilla/4.0 (compatible; MSIE 7.0; Windows NT 5.1; .NET CLR 2.0.50727; .NET CLR 3.0.04506.30; .NET CLR 1.1.4322)"
12.37.144.130 - - [05/Jun/2009:22:09:01 +0200] "GET /bannerz/rebelle.gif HTTP/1.1" 200 6986 "http://www.various-euro.com/restate_copy.html" "Mozilla/4.0 (compatible; MSIE 7.0; Windows NT 5.1; .NET CLR 2.0.50727; .NET CLR 3.0.04506.30; .NET CLR 1.1.4322)"
12.37.144.130 - - [05/Jun/2009:22:09:02 +0200] "GET /detonators.gif HTTP/1.1" 200 14892 "http://www.various-euro.com/restate_copy.html" "Mozilla/4.0 (compatible; MSIE 7.0; Windows NT 5.1; .NET CLR 2.0.50727; .NET CLR 3.0.04506.30; .NET CLR 1.1.4322)"
12.37.144.130 - - [05/Jun/2009:22:09:02 +0200] "GET /favicon.ico HTTP/1.1" 404 2748 "-" "Mozilla/4.0 (compatible; MSIE 7.0; Windows NT 5.1; .NET CLR 2.0.50727; .NET CLR 3.0.04506.30; .NET CLR 1.1.4322)"
12.37.144.130 - - [05/Jun/2009:22:09:02 +0200] "GET /framez-restate.html HTTP/1.1" 200 4328 "-" "Mozilla/4.0 (compatible; MSIE 7.0; Windows NT 5.1; .NET CLR 2.0.50727; .NET CLR 3.0.04506.30; .NET CLR 1.1.4322)"
12.37.144.130 - - [05/Jun/2009:22:09:02 +0200] "GET /frame-menu.html HTTP/1.1" 200 10500 "http://www.various-euro.com/framez-restate.html" "Mozilla/4.0 (compatible; MSIE 7.0; Windows NT 5.1; .NET CLR 2.0.50727; .NET CLR 3.0.04506.30; .NET CLR 1.1.4322)"
12.37.144.130 - - [05/Jun/2009:22:09:02 +0200] "GET /frame-unten.html HTTP/1.1" 200 5308 "http://www.various-euro.com/framez-restate.html" "Mozilla/4.0 (compatible; MSIE 7.0; Windows NT 5.1; .NET CLR 2.0.50727; .NET CLR 3.0.04506.30; .NET CLR 1.1.4322)"
12.37.144.130 - - [05/Jun/2009:22:09:02 +0200] "GET /style/various-euro.css HTTP/1.1" 200 3437 "http://www.various-euro.com/frame-menu.html" "Mozilla/4.0 (compatible; MSIE 7.0; Windows NT 5.1; .NET CLR 2.0.50727; .NET CLR 3.0.04506.30; .NET CLR 1.1.4322)"
12.37.144.130 - - [05/Jun/2009:22:09:02 +0200] "GET /menueleiste.js HTTP/1.1" 404 2748 "http://www.various-euro.com/restate_copy.html" "Mozilla/4.0 (compatible; MSIE 7.0; Windows NT 5.1; .NET CLR 2.0.50727; .NET CLR 3.0.04506.30; .NET CLR 1.1.4322)"
12.37.144.130 - - [05/Jun/2009:22:09:02 +0200] "GET /restate_copy.html HTTP/1.1" 200 97631 "http://www.various-euro.com/framez-restate.html" "Mozilla/4.0 (compatible; MSIE 7.0; Windows NT 5.1; .NET CLR 2.0.50727; .NET CLR 3.0.04506.30; .NET CLR 1.1.4322)"
12.37.144.130 - - [05/Jun/2009:22:09:03 +0200] "GET /bannerz/various-euro-girl.jpg HTTP/1.1" 200 91514 "http://www.various-euro.com/frame-unten.html" "Mozilla/4.0 (compatible; MSIE 7.0; Windows NT 5.1; .NET CLR 2.0.50727; .NET CLR 3.0.04506.30; .NET CLR 1.1.4322)"
12.37.144.130 - - [05/Jun/2009:22:09:03 +0200] "GET /bannerz/ve.jpg HTTP/1.1" 200 36912 "http://www.various-euro.com/frame-unten.html" "Mozilla/4.0 (compatible; MSIE 7.0; Windows NT 5.1; .NET CLR 2.0.50727; .NET CLR 3.0.04506.30; .NET CLR 1.1.4322)"
12.37.144.130 - - [05/Jun/2009:22:09:03 +0200] "GET /ve-icon-2.ico HTTP/1.1" 200 2238 "-" "Mozilla/4.0 (compatible; MSIE 7.0; Windows NT 5.1; .NET CLR 2.0.50727; .NET CLR 3.0.04506.30; .NET CLR 1.1.4322)"
12.37.144.130 - - [05/Jun/2009:22:09:15 +0200] "GET /menueleiste.js HTTP/1.1" 404 2748 "http://www.various-euro.com/restate_copy.html" "Mozilla/4.0 (compatible; MSIE 7.0; Windows NT 5.1; .NET CLR 2.0.50727; .NET CLR 3.0.04506.30; .NET CLR 1.1.4322)"
12.37.144.130 - - [05/Jun/2009:22:09:15 +0200] "GET /framez-restate.html HTTP/1.1" 200 4328 "-" "Mozilla/4.0 (compatible; MSIE 7.0; Windows NT 5.1; .NET CLR 2.0.50727; .NET CLR 3.0.04506.30; .NET CLR 1.1.4322)"
12.37.144.130 - - [05/Jun/2009:22:09:16 +0200] "GET /frame-unten.html HTTP/1.1" 200 5308 "http://www.various-euro.com/framez-restate.html" "Mozilla/4.0 (compatible; MSIE 7.0; Windows NT 5.1; .NET CLR 2.0.50727; .NET CLR 3.0.04506.30; .NET CLR 1.1.4322)"
12.37.144.130 - - [05/Jun/2009:22:09:16 +0200] "GET /frame-menu.html HTTP/1.1" 200 10500 "http://www.various-euro.com/framez-restate.html" "Mozilla/4.0 (compatible; MSIE 7.0; Windows NT 5.1; .NET CLR 2.0.50727; .NET CLR 3.0.04506.30; .NET CLR 1.1.4322)"
12.37.144.130 - - [05/Jun/2009:22:09:16 +0200] "GET /menueleiste.js HTTP/1.1" 404 2748 "http://www.various-euro.com/restate_copy.html" "Mozilla/4.0 (compatible; MSIE 7.0; Windows NT 5.1; .NET CLR 2.0.50727; .NET CLR 3.0.04506.30; .NET CLR 1.1.4322)"
12.37.144.130 - - [05/Jun/2009:22:09:17 +0200] "GET /menueleiste.js HTTP/1.1" 404 2748 "http://www.various-euro.com/restate_copy.html" "Mozilla/4.0 (compatible; MSIE 7.0; Windows NT 5.1; .NET CLR 2.0.50727; .NET CLR 3.0.04506.30; .NET CLR 1.1.4322)"
12.37.144.130 - - [05/Jun/2009:22:09:17 +0200] "GET /framez-restate.html HTTP/1.1" 200 4328 "-" "Mozilla/4.0 (compatible; MSIE 7.0; Windows NT 5.1; .NET CLR 2.0.50727; .NET CLR 3.0.04506.30; .NET CLR 1.1.4322)"
12.37.144.130 - - [05/Jun/2009:22:09:17 +0200] "GET /frame-menu.html HTTP/1.1" 200 10500 "http://www.various-euro.com/framez-restate.html" "Mozilla/4.0 (compatible; MSIE 7.0; Windows NT 5.1; .NET CLR 2.0.50727; .NET CLR 3.0.04506.30; .NET CLR 1.1.4322)"
12.37.144.130 - - [05/Jun/2009:22:09:17 +0200] "GET /menueleiste.js HTTP/1.1" 404 2748 "http://www.various-euro.com/restate_copy.html" "Mozilla/4.0 (compatible; MSIE 7.0; Windows NT 5.1; .NET CLR 2.0.50727; .NET CLR 3.0.04506.30; .NET CLR 1.1.4322)"
12.37.144.130 - - [05/Jun/2009:22:09:18 +0200] "GET /menueleiste.js HTTP/1.1" 404 2748 "http://www.various-euro.com/restate_copy.html" "Mozilla/4.0 (compatible; MSIE 7.0; Windows NT 5.1; .NET CLR 2.0.50727; .NET CLR 3.0.04506.30; .NET CLR 1.1.4322)"
12.37.144.130 - - [05/Jun/2009:22:09:19 +0200] "GET /framez-restate.html HTTP/1.1" 200 4328 "-" "Mozilla/4.0 (compatible; MSIE 7.0; Windows NT 5.1; .NET CLR 2.0.50727; .NET CLR 3.0.04506.30; .NET CLR 1.1.4322)"
12.37.144.130 - - [05/Jun/2009:22:09:19 +0200] "GET /frame-menu.html HTTP/1.1" 200 10500 "http://www.various-euro.com/framez-restate.html" "Mozilla/4.0 (compatible; MSIE 7.0; Windows NT 5.1; .NET CLR 2.0.50727; .NET CLR 3.0.04506.30; .NET CLR 1.1.4322)"
12.37.144.130 - - [05/Jun/2009:22:09:19 +0200] "GET /frame-unten.html HTTP/1.1" 200 5308 "http://www.various-euro.com/framez-restate.html" "Mozilla/4.0 (compatible; MSIE 7.0; Windows NT 5.1; .NET CLR 2.0.50727; .NET CLR 3.0.04506.30; .NET CLR 1.1.4322)"
12.37.144.130 - - [05/Jun/2009:22:09:19 +0200] "GET /menueleiste.js HTTP/1.1" 404 2748 "http://www.various-euro.com/restate_copy.html" "Mozilla/4.0 (compatible; MSIE 7.0; Windows NT 5.1; .NET CLR 2.0.50727; .NET CLR 3.0.04506.30; .NET CLR 1.1.4322)"
12.37.144.130 - - [05/Jun/2009:22:09:20 +0200] "GET /menueleiste.js HTTP/1.1" 404 2748 "http://www.various-euro.com/restate_copy.html" "Mozilla/4.0 (compatible; MSIE 7.0; Windows NT 5.1; .NET CLR 2.0.50727; .NET CLR 3.0.04506.30; .NET CLR 1.1.4322)"
12.37.144.130 - - [05/Jun/2009:22:09:20 +0200] "GET /framez-restate.html HTTP/1.1" 200 4328 "-" "Mozilla/4.0 (compatible; MSIE 7.0; Windows NT 5.1; .NET CLR 2.0.50727; .NET CLR 3.0.04506.30; .NET CLR 1.1.4322)"
72.14.199.8 - - [05/Jun/2009:22:09:39 +0200] "GET / HTTP/1.1" 302 353 "-" "Feedfetcher-Google; (+http://www.google.com/feedfetcher.html; 1 subscribers; feed-id=5454548576667470243)"
72.14.199.85 - - [05/Jun/2009:22:09:39 +0200] "GET /zampa/ HTTP/1.1" 200 7153 "-" "Feedfetcher-Google; (+http://www.google.com/feedfetcher.html; 1 subscribers; feed-id=5454548576667470243)"
123.125.64.38 - - [05/Jun/2009:22:13:38 +0200] "GET / HTTP/1.1" 200 7869 "-" "Baiduspider+(+http://www.baidu.com/search/spider.htm)"
89.149.234.43 - - [05/Jun/2009:22:22:29 +0200] "GET /logs/usage_200906.html HTTP/1.0" 404 2748 "-" "-"
216.145.8.187 - - [05/Jun/2009:22:31:24 +0200] "GET / HTTP/1.1" 200 7869 "-" "Mozilla/4.0 (compatible; MSIE 6.0; Windows NT 5.0; DigExt)"
65.55.106.231 - - [05/Jun/2009:22:34:07 +0200] "GET /neon/girlz2.html HTTP/1.1" 200 2937 "-" "msnbot/2.0b (+http://search.msn.com/msnbot.htm)"
65.55.230.248 - - [05/Jun/2009:22:56:36 +0200] "GET /robots.txt HTTP/1.1" 200 64 "-" "msnbot-media/1.1 (+http://search.msn.com/msnbot.htm)"
65.55.230.248 - - [05/Jun/2009:22:56:37 +0200] "GET /neon/warning.html HTTP/1.1" 200 5134 "-" "msnbot-media/1.1 (+http://search.msn.com/msnbot.htm)"
65.55.106.184 - - [05/Jun/2009:23:10:03 +0200] "GET /zampa/montenegro/MILOW.html HTTP/1.1" 200 860 "-" "msnbot/2.0b (+http://search.msn.com/msnbot.htm)"
220.181.7.103 - - [05/Jun/2009:23:10:54 +0200] "GET /robots.txt HTTP/1.1" 200 64 "-" "Baiduspider+(+http://www.baidu.com/search/spider.htm)"
65.55.106.219 - - [05/Jun/2009:23:11:30 +0200] "GET /neon/girlz2.html HTTP/1.1" 200 2937 "-" "msnbot/2.0b (+http://search.msn.com/msnbot.htm)"
89.149.234.43 - - [05/Jun/2009:23:33:37 +0200] "GET /logs/usage_200906.html HTTP/1.0" 404 2748 "-" "-"
123.125.66.30 - - [05/Jun/2009:23:43:41 +0200] "GET / HTTP/1.1" 200 7869 "-" "Baiduspider+(+http://www.baidu.com/search/spider.htm)"
123.125.64.12 - - [05/Jun/2009:23:43:42 +0200] "GET /robots.txt HTTP/1.1" 200 64 "-" "Baiduspider+(+http://www.baidu.com/search/spider.htm)"
123.125.66.54 - - [05/Jun/2009:23:43:42 +0200] "GET /framez_0.html HTTP/1.1" 200 12285 "-" "Baiduspider+(+http://www.baidu.com/search/spider.htm)"
65.55.106.216 - - [05/Jun/2009:23:44:34 +0200] "GET /robots.txt HTTP/1.1" 200 64 "-" "msnbot/2.0b (+http://search.msn.com/msnbot.htm)"
65.55.106.216 - - [05/Jun/2009:23:47:31 +0200] "GET /neon/girlz2.html HTTP/1.1" 200 2937 "-" "msnbot/2.0b (+http://search.msn.com/msnbot.htm)"
72.30.78.230 - - [05/Jun/2009:23:52:00 +0200] "GET /robots.txt HTTP/1.0" 200 64 "-" "Mozilla/5.0 (compatible; Yahoo! Slurp; http://help.yahoo.com/help/us/ysearch/slurp)"
72.30.78.230 - - [05/Jun/2009:23:52:01 +0200] "GET /zampa HTTP/1.0" 301 367 "-" "Mozilla/5.0 (compatible; Yahoo! Slurp/3.0; http://help.yahoo.com/help/us/ysearch/slurp)"
72.30.78.230 - - [05/Jun/2009:23:52:01 +0200] "GET /zampa/ HTTP/1.0" 200 7153 "-" "Mozilla/5.0 (compatible; Yahoo! Slurp/3.0; http://help.yahoo.com/help/us/ysearch/slurp)"
123.125.64.38 - - [06/Jun/2009:00:15:01 +0200] "GET / HTTP/1.1" 200 7869 "-" "Baiduspider+(+http://www.baidu.com/search/spider.htm)"
206.207.80.174 - - [06/Jun/2009:00:24:08 +0200] "GET / HTTP/1.1" 200 7869 "-" "Mozilla/4.0 (compatible; MSIE 6.0; Windows NT 5.0; DigExt)"
89.149.234.43 - - [06/Jun/2009:00:48:35 +0200] "GET /logs/usage_200906.html HTTP/1.0" 404 2748 "-" "-"
66.249.66.35 - - [06/Jun/2009:01:03:59 +0200] "GET /games/virtualcop/virtualcop.swf HTTP/1.1" 200 2563562 "-" "Mozilla/5.0 (compatible; Googlebot/2.1; +http://www.google.com/bot.html)"
72.14.199.8 - - [06/Jun/2009:01:19:03 +0200] "GET / HTTP/1.1" 302 353 "-" "Feedfetcher-Google; (+http://www.google.com/feedfetcher.html; 1 subscribers; feed-id=5454548576667470243)"
72.14.199.85 - - [06/Jun/2009:01:20:46 +0200] "GET /zampa/ HTTP/1.1" 200 7153 "-" "Feedfetcher-Google; (+http://www.google.com/feedfetcher.html; 1 subscribers; feed-id=5454548576667470243)"
65.55.108.139 - - [06/Jun/2009:01:27:42 +0200] "GET /robots.txt HTTP/1.1" 200 64 "-" "msnbot-media/1.1 (+http://search.msn.com/msnbot.htm)"
65.55.108.139 - - [06/Jun/2009:01:27:42 +0200] "GET /bannerz/exit.gif HTTP/1.1" 200 2988 "-" "msnbot-media/1.1 (+http://search.msn.com/msnbot.htm)"
71.247.4.252 - - [06/Jun/2009:01:42:36 +0200] "GET / HTTP/1.1" 200 7869 "-" "Mozilla/5.0 (Windows; U; Windows NT 6.0; en-US; rv:1.9.0.10) Gecko/2009042316 Firefox/3.0.10 (.NET CLR 3.5.30729)"
71.247.4.252 - - [06/Jun/2009:01:42:37 +0200] "GET /favicon.ico HTTP/1.1" 404 2748 "-" "Mozilla/5.0 (Windows; U; Windows NT 6.0; en-US; rv:1.9.0.10) Gecko/2009042316 Firefox/3.0.10 (.NET CLR 3.5.30729)"
209.202.168.74 - - [06/Jun/2009:02:08:09 +0200] "GET /robots.txt HTTP/1.0" 200 64 "-" "GingerCrawler/1.0 (Language Assistant for Dyslexics; www.gingersoftware.com/crawler_agent.htm; support at ginger software dot com)"
209.202.168.74 - - [06/Jun/2009:02:08:09 +0200] "GET /frame-menu.html HTTP/1.0" 200 10500 "-" "GingerCrawler/1.0 (Language Assistant for Dyslexics; www.gingersoftware.com/crawler_agent.htm; support at ginger software dot com)"
67.215.230.24 - - [06/Jun/2009:02:16:38 +0200] "GET /robots.txt HTTP/1.0" 200 64 "-" "OOZBOT/0.20 ( -- ; http://www.setooz.com/oozbot.html ; agentname at setooz dot_com )"
67.215.230.24 - - [06/Jun/2009:02:16:45 +0200] "GET / HTTP/1.0" 200 7869 "-" "OOZBOT/0.20 ( -- ; http://www.setooz.com/oozbot.html ; agentname at setooz dot_com )"
38.99.44.105 - - [06/Jun/2009:02:21:50 +0200] "GET /zampa/montenegro/slike/ZMAJW.jpg HTTP/1.0" 200 4555 "-" "Mozilla/5.0 (Twiceler-0.9 http://www.cuil.com/twiceler/robot.html)"
209.202.168.74 - - [06/Jun/2009:02:28:22 +0200] "GET /frame-inhalt.html HTTP/1.0" 200 7688 "-" "GingerCrawler/1.0 (Language Assistant for Dyslexics; www.gingersoftware.com/crawler_agent.htm; support at ginger software dot com)"
209.202.168.74 - - [06/Jun/2009:02:29:20 +0200] "GET /frame-unten.html HTTP/1.0" 200 5308 "-" "GingerCrawler/1.0 (Language Assistant for Dyslexics; www.gingersoftware.com/crawler_agent.htm; support at ginger software dot com)"
72.30.79.93 - - [06/Jun/2009:02:33:25 +0200] "GET /logs/usage_200509.html HTTP/1.0" 404 2748 "-" "Mozilla/5.0 (compatible; Yahoo! Slurp/3.0; http://help.yahoo.com/help/us/ysearch/slurp)"
38.99.44.105 - - [06/Jun/2009:02:45:32 +0200] "GET /bannerz/neon_click_3.gif HTTP/1.0" 200 240 "-" "Mozilla/5.0 (Twiceler-0.9 http://www.cuil.com/twiceler/robot.html)"
38.99.44.105 - - [06/Jun/2009:03:14:22 +0200] "GET /zampa/montenegro/slike/TESLAW.jpg HTTP/1.0" 200 3770 "-" "Mozilla/5.0 (Twiceler-0.9 http://www.cuil.com/twiceler/robot.html)"
76.31.50.191 - - [06/Jun/2009:03:17:27 +0200] "GET / HTTP/1.1" 200 7869 "-" "Mozilla/5.0 (Windows; U; Windows NT 5.1; en-US; rv:1.9.0.10) Gecko/2009042316 Firefox/3.0.10 (.NET CLR 3.5.30729)"
76.31.50.191 - - [06/Jun/2009:03:17:28 +0200] "GET /ve-icon-2.ico HTTP/1.1" 200 2238 "-" "Mozilla/5.0 (Windows; U; Windows NT 5.1; en-US; rv:1.9.0.10) Gecko/2009042316 Firefox/3.0.10 (.NET CLR 3.5.30729)"
76.31.50.191 - - [06/Jun/2009:03:17:28 +0200] "GET /style/various-euro.css HTTP/1.1" 200 3437 "http://www.various-euro.com/" "Mozilla/5.0 (Windows; U; Windows NT 5.1; en-US; rv:1.9.0.10) Gecko/2009042316 Firefox/3.0.10 (.NET CLR 3.5.30729)"
76.31.50.191 - - [06/Jun/2009:03:17:29 +0200] "GET /framez_0.html HTTP/1.1" 200 12285 "http://www.various-euro.com/" "Mozilla/5.0 (Windows; U; Windows NT 5.1; en-US; rv:1.9.0.10) Gecko/2009042316 Firefox/3.0.10 (.NET CLR 3.5.30729)"
38.99.44.105 - - [06/Jun/2009:03:34:51 +0200] "GET /zampa/montenegro/slike/BATAW.jpg HTTP/1.0" 200 2631 "-" "Mozilla/5.0 (Twiceler-0.9 http://www.cuil.com/twiceler/robot.html)"
66.235.124.61 - - [06/Jun/2009:03:35:08 +0200] "GET /robots.txt HTTP/1.1" 200 64 "-" "Mozilla/5.0 (compatible; Ask Jeeves/Teoma; +http://about.ask.com/en/docs/about/webmasters.shtml)"
66.235.124.61 - - [06/Jun/2009:03:35:24 +0200] "GET /framez_0.html HTTP/1.1" 200 12285 "-" "Mozilla/5.0 (compatible; Ask Jeeves/Teoma; +http://about.ask.com/en/docs/about/webmasters.shtml)"
72.30.79.93 - - [06/Jun/2009:03:36:54 +0200] "GET /robots.txt HTTP/1.0" 200 64 "-" "Mozilla/5.0 (compatible; Yahoo! Slurp; http://help.yahoo.com/help/us/ysearch/slurp)"
72.30.79.93 - - [06/Jun/2009:03:36:54 +0200] "GET /schubb/schubb-1.html HTTP/1.0" 200 9070 "-" "Mozilla/5.0 (compatible; Yahoo! Slurp/3.0; http://help.yahoo.com/help/us/ysearch/slurp)"
119.63.193.56 - - [06/Jun/2009:03:37:49 +0200] "GET /robots.txt HTTP/1.1" 200 64 "-" "Baiduspider+(+http://www.baidu.jp/spider/)"
76.31.50.191 - - [06/Jun/2009:03:38:25 +0200] "GET / HTTP/1.1" 200 7869 "-" "Mozilla/5.0 (Windows; U; Windows NT 5.1; en-US; rv:1.9.0.10) Gecko/2009042316 Firefox/3.0.10 (.NET CLR 3.5.30729)"
76.31.50.191 - - [06/Jun/2009:03:38:25 +0200] "GET /ve-icon-2.ico HTTP/1.1" 200 2238 "-" "Mozilla/5.0 (Windows; U; Windows NT 5.1; en-US; rv:1.9.0.10) Gecko/2009042316 Firefox/3.0.10 (.NET CLR 3.5.30729)"
76.31.50.191 - - [06/Jun/2009:03:38:25 +0200] "GET /style/various-euro.css HTTP/1.1" 200 3437 "http://www.various-euro.com/" "Mozilla/5.0 (Windows; U; Windows NT 5.1; en-US; rv:1.9.0.10) Gecko/2009042316 Firefox/3.0.10 (.NET CLR 3.5.30729)"
76.31.50.191 - - [06/Jun/2009:03:38:26 +0200] "GET /framez_0.html HTTP/1.1" 200 12285 "http://www.various-euro.com/" "Mozilla/5.0 (Windows; U; Windows NT 5.1; en-US; rv:1.9.0.10) Gecko/2009042316 Firefox/3.0.10 (.NET CLR 3.5.30729)"
38.99.44.105 - - [06/Jun/2009:03:56:18 +0200] "GET /bannerz/ve.jpg HTTP/1.0" 200 36912 "-" "Mozilla/5.0 (Twiceler-0.9 http://www.cuil.com/twiceler/robot.html)"
38.99.44.105 - - [06/Jun/2009:04:15:58 +0200] "GET /zampa/slike/udupetu.gif HTTP/1.0" 200 4138 "-" "Mozilla/5.0 (Twiceler-0.9 http://www.cuil.com/twiceler/robot.html)"
72.30.79.93 - - [06/Jun/2009:04:16:39 +0200] "GET /3dsf3/sendi/receiver.html HTTP/1.0" 200 1402 "-" "Mozilla/5.0 (compatible; Yahoo! Slurp/3.0; http://help.yahoo.com/help/us/ysearch/slurp)"
72.30.79.93 - - [06/Jun/2009:04:16:41 +0200] "GET /3dsf3/sendi/formate.css HTTP/1.0" 304 - "http://www.various-euro.com/3dsf3/sendi/receiver.html" "Mozilla/5.0 (compatible; Yahoo! Slurp/3.0; http://help.yahoo.com/help/us/ysearch/slurp)"
72.30.79.93 - - [06/Jun/2009:04:23:46 +0200] "GET /schubb/schubb-2.html HTTP/1.0" 200 16660 "-" "Mozilla/5.0 (compatible; Yahoo! Slurp/3.0; http://help.yahoo.com/help/us/ysearch/slurp)"
65.55.211.160 - - [06/Jun/2009:04:44:38 +0200] "GET /f-rez.html HTTP/1.1" 200 9765 "-" "msnbot/1.1 (+http://search.msn.com/msnbot.htm)"
72.14.199.8 - - [06/Jun/2009:05:05:17 +0200] "GET / HTTP/1.1" 302 353 "-" "Feedfetcher-Google; (+http://www.google.com/feedfetcher.html; 1 subscribers; feed-id=5454548576667470243)"
72.14.199.85 - - [06/Jun/2009:05:05:18 +0200] "GET /zampa/ HTTP/1.1" 200 7153 "-" "Feedfetcher-Google; (+http://www.google.com/feedfetcher.html; 1 subscribers; feed-id=5454548576667470243)"
65.55.211.167 - - [06/Jun/2009:05:06:51 +0200] "GET /zampa/montenegro/BATAW.html HTTP/1.1" 200 860 "-" "msnbot/1.1 (+http://search.msn.com/msnbot.htm)"
87.118.122.92 - - [06/Jun/2009:05:08:48 +0200] "GET /framez-schubb5.html HTTP/1.0" 200 4330 "http://www.various-euro.com/framez-schubb5.html" "Mozilla/4.0 (compatible; MSIE 6.0; Windows 98; Win 9x 4.90)"
66.249.66.35 - - [06/Jun/2009:05:15:02 +0200] "GET /schubb/schubb-5.html HTTP/1.1" 200 72944 "-" "Mozilla/5.0 (compatible; Googlebot/2.1; +http://www.google.com/bot.html)"
206.206.38.141 - - [06/Jun/2009:05:15:11 +0200] "GET / HTTP/1.1" 200 7869 "-" "Mozilla/4.0 (compatible; MSIE 6.0; Windows NT 5.0; DigExt)"
38.99.13.116 - - [06/Jun/2009:05:18:02 +0200] "GET /robots.txt HTTP/1.0" 302 363 "-" "Mozilla/5.0 (Twiceler-0.9 http://www.cuil.com/twiceler/robot.html)"
65.55.211.168 - - [06/Jun/2009:05:26:30 +0200] "GET /robots.txt HTTP/1.1" 200 64 "-" "msnbot/1.1 (+http://search.msn.com/msnbot.htm)"
65.55.211.168 - - [06/Jun/2009:05:26:30 +0200] "GET /f-net.html HTTP/1.1" 200 9913 "-" "msnbot/1.1 (+http://search.msn.com/msnbot.htm)"
38.99.44.105 - - [06/Jun/2009:05:41:58 +0200] "GET /bannerz/google/Logo_40blk.gif HTTP/1.0" 200 2308 "-" "Mozilla/5.0 (Twiceler-0.9 http://www.cuil.com/twiceler/robot.html)"
72.30.79.93 - - [06/Jun/2009:05:53:35 +0200] "GET /framez-zampa-lovers.html HTTP/1.0" 200 4322 "-" "Mozilla/5.0 (compatible; Yahoo! Slurp/3.0; http://help.yahoo.com/help/us/ysearch/slurp)"
72.30.79.93 - - [06/Jun/2009:05:53:35 +0200] "GET /frame-menu.html HTTP/1.0" 200 10500 "http://www.various-euro.com/framez-zampa-lovers.html" "Mozilla/5.0 (compatible; Yahoo! Slurp/3.0; http://help.yahoo.com/help/us/ysearch/slurp)"
72.30.79.93 - - [06/Jun/2009:05:53:35 +0200] "GET /frame-unten.html HTTP/1.0" 200 5308 "http://www.various-euro.com/framez-zampa-lovers.html" "Mozilla/5.0 (compatible; Yahoo! Slurp/3.0; http://help.yahoo.com/help/us/ysearch/slurp)"
72.30.79.93 - - [06/Jun/2009:05:53:35 +0200] "GET /zampa-lovers/index.html HTTP/1.0" 200 37790 "http://www.various-euro.com/framez-zampa-lovers.html" "Mozilla/5.0 (compatible; Yahoo! Slurp/3.0; http://help.yahoo.com/help/us/ysearch/slurp)"
72.30.79.93 - - [06/Jun/2009:05:53:38 +0200] "GET /style/various-euro.css HTTP/1.0" 304 - "http://www.various-euro.com/frame-menu.html" "Mozilla/5.0 (compatible; Yahoo! Slurp/3.0; http://help.yahoo.com/help/us/ysearch/slurp)"
72.30.79.93 - - [06/Jun/2009:05:53:38 +0200] "GET /zampa-lovers/index.html HTTP/1.0" 200 37790 "http://www.various-euro.com/framez-zampa-lovers.html" "Mozilla/5.0 (compatible; Yahoo! Slurp/3.0; http://help.yahoo.com/help/us/ysearch/slurp)"
65.55.211.162 - - [06/Jun/2009:06:02:05 +0200] "GET /robots.txt HTTP/1.1" 200 64 "-" "msnbot/1.1 (+http://search.msn.com/msnbot.htm)"
65.55.211.162 - - [06/Jun/2009:06:02:06 +0200] "GET /zampa/montenegro/ZMAJW.html HTTP/1.1" 200 860 "-" "msnbot/1.1 (+http://search.msn.com/msnbot.htm)"
65.55.106.193 - - [06/Jun/2009:06:05:38 +0200] "GET /robots.txt HTTP/1.1" 200 64 "-" "msnbot/2.0b (+http://search.msn.com/msnbot.htm)"
65.55.106.193 - - [06/Jun/2009:06:09:00 +0200] "GET /zampa-lovers/index.html HTTP/1.1" 200 37790 "-" "msnbot/2.0b (+http://search.msn.com/msnbot.htm)"
216.129.119.49 - - [06/Jun/2009:06:21:45 +0200] "GET /robots.txt HTTP/1.0" 200 64 "-" "Mozilla/5.0 (Twiceler-0.9 http://www.cuil.com/twiceler/robot.html)"
66.249.66.35 - - [06/Jun/2009:06:27:38 +0200] "GET /f-channel1.html HTTP/1.1" 200 9329 "-" "Mozilla/5.0 (compatible; Googlebot/2.1; +http://www.google.com/bot.html)"
201.137.206.127 - - [06/Jun/2009:06:32:53 +0200] "GET http://various-euro.com/cgi-bin/sblogin/report.pl HTTP/1.0" 404 2748 "http://various-euro.com/cgi-bin/sblogin/report.pl" "Mozilla/4.0 (compatible; MSIE 6.0; Windows NT 5.1)"
201.137.206.127 - - [06/Jun/2009:06:32:53 +0200] "POST http://various-euro.com/cgi-bin/mail/mailmachine.cgi HTTP/1.0" 404 2748 "http://various-euro.com/cgi-bin/mail/mailmachine.cgi" "Mozilla/4.0 (compatible; MSIE 6.0; Windows NT 5.1)"
65.55.211.163 - - [06/Jun/2009:06:47:00 +0200] "GET /robots.txt HTTP/1.1" 200 64 "-" "msnbot/1.1 (+http://search.msn.com/msnbot.htm)"
65.55.211.163 - - [06/Jun/2009:06:47:01 +0200] "GET /schubb/schubb-2.html HTTP/1.1" 200 16660 "-" "msnbot/1.1 (+http://search.msn.com/msnbot.htm)"
65.55.106.159 - - [06/Jun/2009:06:49:00 +0200] "GET /zampa-lovers/index.html HTTP/1.1" 200 37790 "-" "msnbot/2.0b (+http://search.msn.com/msnbot.htm)"
209.59.208.250 - - [06/Jun/2009:07:06:44 +0200] "GET / HTTP/1.1" 200 7869 "-" "Mozilla/4.0 (compatible; MSIE 6.0; Windows NT 5.0; DigExt)"
38.99.44.105 - - [06/Jun/2009:07:17:12 +0200] "GET /bannerz/various-euro-girl.jpg HTTP/1.0" 200 91514 "-" "Mozilla/5.0 (Twiceler-0.9 http://www.cuil.com/twiceler/robot.html)"
66.249.66.35 - - [06/Jun/2009:07:19:21 +0200] "GET /logs/usage_200704.html HTTP/1.1" 404 2748 "-" "Mozilla/5.0 (compatible; Googlebot/2.1; +http://www.google.com/bot.html)"
38.99.44.105 - - [06/Jun/2009:07:24:14 +0200] "GET /robots.txt HTTP/1.0" 200 64 "-" "Mozilla/5.0 (Twiceler-0.9 http://www.cuil.com/twiceler/robot.html)"
65.55.211.162 - - [06/Jun/2009:07:34:21 +0200] "GET /frame-menu.html HTTP/1.1" 200 10500 "-" "msnbot/1.1 (+http://search.msn.com/msnbot.htm)"
65.55.109.161 - - [06/Jun/2009:07:35:03 +0200] "GET /frame-menu.html HTTP/1.0" 200 10500 "http://search.live.com/results.aspx?q=various" "Mozilla/4.0 (compatible; MSIE 6.0; Windows NT 5.2; SV1; .NET CLR 1.1.4322)"
65.55.109.161 - - [06/Jun/2009:07:35:05 +0200] "GET /style/various-euro.css HTTP/1.0" 200 3437 "http://www.various-euro.com/frame-menu.html" "Mozilla/4.0 (compatible; MSIE 6.0; Windows NT 5.2; SV1; .NET CLR 1.1.4322)"
65.55.109.161 - - [06/Jun/2009:07:35:14 +0200] "GET /framez.html HTTP/1.0" 200 3959 "-" "Mozilla/4.0 (compatible; MSIE 6.0; Windows NT 5.2; SV1; .NET CLR 1.1.4322)"
65.55.109.161 - - [06/Jun/2009:07:35:16 +0200] "GET /style/various-euro.css HTTP/1.0" 200 3437 "http://www.various-euro.com/framez.html" "Mozilla/4.0 (compatible; MSIE 6.0; Windows NT 5.2; SV1; .NET CLR 1.1.4322)"
65.55.109.161 - - [06/Jun/2009:07:35:18 +0200] "GET /frame-menu.html HTTP/1.0" 200 10500 "http://www.various-euro.com/framez.html" "Mozilla/4.0 (compatible; MSIE 6.0; Windows NT 5.2; SV1; .NET CLR 1.1.4322)"
72.30.79.93 - - [06/Jun/2009:07:41:09 +0200] "GET /schubb/schubb-3.html HTTP/1.0" 200 17546 "-" "Mozilla/5.0 (compatible; Yahoo! Slurp/3.0; http://help.yahoo.com/help/us/ysearch/slurp)"
72.14.199.8 - - [06/Jun/2009:08:05:20 +0200] "GET / HTTP/1.1" 302 353 "-" "Feedfetcher-Google; (+http://www.google.com/feedfetcher.html; 1 subscribers; feed-id=5454548576667470243)"
72.14.199.85 - - [06/Jun/2009:08:05:28 +0200] "GET /zampa/ HTTP/1.1" 200 7153 "-" "Feedfetcher-Google; (+http://www.google.com/feedfetcher.html; 1 subscribers; feed-id=5454548576667470243)"
65.55.230.243 - - [06/Jun/2009:08:13:49 +0200] "GET /robots.txt HTTP/1.1" 200 64 "-" "msnbot-media/1.1 (+http://search.msn.com/msnbot.htm)"
65.55.230.243 - - [06/Jun/2009:08:13:49 +0200] "GET /framez.html HTTP/1.1" 200 3959 "-" "msnbot-media/1.1 (+http://search.msn.com/msnbot.htm)"
38.99.44.105 - - [06/Jun/2009:08:21:51 +0200] "GET /eurosign3.gif HTTP/1.0" 200 7879 "-" "Mozilla/5.0 (Twiceler-0.9 http://www.cuil.com/twiceler/robot.html)"
38.99.44.105 - - [06/Jun/2009:09:06:59 +0200] "GET /zampa/lybia/slike/tele.jpg HTTP/1.0" 200 28022 "-" "Mozilla/5.0 (Twiceler-0.9 http://www.cuil.com/twiceler/robot.html)"
38.99.44.105 - - [06/Jun/2009:09:15:11 +0200] "GET /zampa/slike/zampa.gif HTTP/1.0" 200 5310 "-" "Mozilla/5.0 (Twiceler-0.9 http://www.cuil.com/twiceler/robot.html)"
38.99.44.105 - - [06/Jun/2009:09:19:17 +0200] "GET /bannerz/neon_click_1.gif HTTP/1.0" 200 890 "-" "Mozilla/5.0 (Twiceler-0.9 http://www.cuil.com/twiceler/robot.html)"
38.99.44.105 - - [06/Jun/2009:09:23:23 +0200] "GET /zampa/slike/inthearse.gif HTTP/1.0" 200 4077 "-" "Mozilla/5.0 (Twiceler-0.9 http://www.cuil.com/twiceler/robot.html)"
38.99.44.105 - - [06/Jun/2009:09:24:23 +0200] "GET /zampa/montenegro/slike/SEKAW.jpg HTTP/1.0" 200 2786 "-" "Mozilla/5.0 (Twiceler-0.9 http://www.cuil.com/twiceler/robot.html)"
66.249.66.35 - - [06/Jun/2009:09:35:33 +0200] "GET /robots.txt HTTP/1.1" 200 64 "-" "Mozilla/5.0 (compatible; Googlebot/2.1; +http://www.google.com/bot.html)"
66.249.66.35 - - [06/Jun/2009:09:35:34 +0200] "GET /rss/ve-rss.php HTTP/1.1" 200 16306 "-" "Mozilla/5.0 (compatible; Googlebot/2.1; +http://www.google.com/bot.html)"
65.55.106.141 - - [06/Jun/2009:09:39:28 +0200] "GET /robots.txt HTTP/1.1" 200 64 "-" "msnbot/2.0b (+http://search.msn.com/msnbot.htm)"
88.131.106.12 - - [06/Jun/2009:09:42:54 +0200] "GET /robots.txt HTTP/1.0" 200 64 "-" "Speedy Spider (http://www.entireweb.com/about/search_tech/speedy_spider/)"
88.131.106.12 - - [06/Jun/2009:09:42:54 +0200] "GET /framez.html HTTP/1.0" 200 3959 "-" "Speedy Spider (http://www.entireweb.com/about/search_tech/speedy_spider/)"
65.55.230.248 - - [06/Jun/2009:09:45:04 +0200] "GET /neon/warning2.html HTTP/1.1" 200 997 "-" "msnbot-media/1.1 (+http://search.msn.com/msnbot.htm)"
87.162.24.182 - - [06/Jun/2009:10:04:53 +0200] "GET / HTTP/1.1" 200 7869 "-" "Mozilla/5.0 (X11; U; Linux i686; de; rv:1.9.0.10) Gecko/2009042523 Ubuntu/9.04 (jaunty) Firefox/3.0.10"
87.162.24.182 - - [06/Jun/2009:10:04:53 +0200] "GET /ve-icon-2.ico HTTP/1.1" 200 2238 "-" "Mozilla/5.0 (X11; U; Linux i686; de; rv:1.9.0.10) Gecko/2009042523 Ubuntu/9.04 (jaunty) Firefox/3.0.10"
87.162.24.182 - - [06/Jun/2009:10:04:53 +0200] "GET /style/various-euro.css HTTP/1.1" 200 3437 "http://various-euro.com/" "Mozilla/5.0 (X11; U; Linux i686; de; rv:1.9.0.10) Gecko/2009042523 Ubuntu/9.04 (jaunty) Firefox/3.0.10"
87.162.24.182 - - [06/Jun/2009:10:04:54 +0200] "GET /framez_0.html HTTP/1.1" 200 12285 "http://various-euro.com/" "Mozilla/5.0 (X11; U; Linux i686; de; rv:1.9.0.10) Gecko/2009042523 Ubuntu/9.04 (jaunty) Firefox/3.0.10"
87.162.24.182 - - [06/Jun/2009:10:04:55 +0200] "GET /framez.html HTTP/1.1" 200 3959 "http://various-euro.com/framez_0.html" "Mozilla/5.0 (X11; U; Linux i686; de; rv:1.9.0.10) Gecko/2009042523 Ubuntu/9.04 (jaunty) Firefox/3.0.10"
87.162.24.182 - - [06/Jun/2009:10:04:55 +0200] "GET /frame-menu.html HTTP/1.1" 200 10500 "http://various-euro.com/framez.html" "Mozilla/5.0 (X11; U; Linux i686; de; rv:1.9.0.10) Gecko/2009042523 Ubuntu/9.04 (jaunty) Firefox/3.0.10"
87.162.24.182 - - [06/Jun/2009:10:04:55 +0200] "GET /frame-inhalt.html HTTP/1.1" 200 7688 "http://various-euro.com/framez.html" "Mozilla/5.0 (X11; U; Linux i686; de; rv:1.9.0.10) Gecko/2009042523 Ubuntu/9.04 (jaunty) Firefox/3.0.10"
87.162.24.182 - - [06/Jun/2009:10:04:55 +0200] "GET /frame-unten.html HTTP/1.1" 200 5308 "http://various-euro.com/framez.html" "Mozilla/5.0 (X11; U; Linux i686; de; rv:1.9.0.10) Gecko/2009042523 Ubuntu/9.04 (jaunty) Firefox/3.0.10"
87.162.24.182 - - [06/Jun/2009:10:04:55 +0200] "GET /eurosign3.gif HTTP/1.1" 200 7879 "http://various-euro.com/frame-inhalt.html" "Mozilla/5.0 (X11; U; Linux i686; de; rv:1.9.0.10) Gecko/2009042523 Ubuntu/9.04 (jaunty) Firefox/3.0.10"
87.162.24.182 - - [06/Jun/2009:10:04:55 +0200] "GET /bannerz/google/Logo_40blk.gif HTTP/1.1" 200 2308 "http://various-euro.com/frame-inhalt.html" "Mozilla/5.0 (X11; U; Linux i686; de; rv:1.9.0.10) Gecko/2009042523 Ubuntu/9.04 (jaunty) Firefox/3.0.10"
