72.14.199.85 - - [22/Jun/2009:06:03:09 +0200] "GET /zampa/ HTTP/1.1" 200 7153 "-" "Feedfetcher-Google; (+http://www.google.com/feedfetcher.html; 1 subscribers; feed-id=5454548576667470243)"
65.55.106.132 - - [22/Jun/2009:06:03:18 +0200] "GET /zampa/montenegro/MILOW.html HTTP/1.1" 200 860 "-" "msnbot/2.0b (+http://search.msn.com/msnbot.htm)"
72.30.142.89 - - [22/Jun/2009:06:12:53 +0200] "GET /robots.txt HTTP/1.0" 302 363 "-" "Mozilla/5.0 (compatible; Yahoo! Slurp; http://help.yahoo.com/help/us/ysearch/slurp)"
72.30.142.89 - - [22/Jun/2009:06:12:54 +0200] "GET /zampa/robots.txt HTTP/1.0" 404 2748 "-" "Mozilla/5.0 (compatible; Yahoo! Slurp; http://help.yahoo.com/help/us/ysearch/slurp)"
72.30.142.89 - - [22/Jun/2009:06:12:54 +0200] "GET / HTTP/1.0" 302 353 "-" "Mozilla/5.0 (compatible; Yahoo! Slurp/3.0; http://help.yahoo.com/help/us/ysearch/slurp)"
72.30.79.93 - - [22/Jun/2009:06:12:55 +0200] "GET /zampa/ HTTP/1.0" 200 7153 "-" "Mozilla/5.0 (compatible; Yahoo! Slurp/3.0; http://help.yahoo.com/help/us/ysearch/slurp)"
81.52.143.35 - - [22/Jun/2009:07:02:45 +0200] "GET /f-net.html HTTP/1.1" 200 9913 "-" "Mozilla/5.0 (Windows; U; Windows NT 5.1; fr; rv:1.8.1) VoilaBot BETA 1.2 (support.voilabot@orange-ftgroup.com)"
24.121.133.237 - - [22/Jun/2009:07:47:01 +0200] "GET /schubb/schubb-5.gif HTTP/1.1" 200 342 "http://www.various-euro.com/schubb/schubb-5.html" "Mozilla/4.0 (compatible; MSIE 7.0; Windows NT 6.0; GTB6; SLCC1; .NET CLR 2.0.50727; Media Center PC 5.0; .NET CLR 3.0.04506)"
24.121.133.237 - - [22/Jun/2009:07:47:01 +0200] "GET /schubb/schubb-5.html HTTP/1.1" 200 72944 "http://search.yahoo.com/search;_ylt=A0oGk9qCGj9KpuIAYtxXNyoA?fr2=sg-gac&sado=1&p=rumble%20on%20the%20rez%20bullhead&fr=yfp-t-501&pqstr=rumble%20on%20the%20rez&gprid=ZItk0i0aSemsmorIFg6q8A&sac=1&sao=1" "Mozilla/4.0 (compatible; MSIE 7.0; Windows NT 6.0; GTB6; SLCC1; .NET CLR 2.0.50727; Media Center PC 5.0; .NET CLR 3.0.04506)"
24.121.133.237 - - [22/Jun/2009:07:47:02 +0200] "GET /ve-icon-2.ico HTTP/1.1" 200 2238 "-" "Mozilla/4.0 (compatible; MSIE 7.0; Windows NT 6.0; GTB6; SLCC1; .NET CLR 2.0.50727; Media Center PC 5.0; .NET CLR 3.0.04506)"
24.121.133.237 - - [22/Jun/2009:07:47:02 +0200] "GET /framez-schubb5.html HTTP/1.1" 200 4330 "-" "Mozilla/4.0 (compatible; MSIE 7.0; Windows NT 6.0; GTB6; SLCC1; .NET CLR 2.0.50727; Media Center PC 5.0; .NET CLR 3.0.04506)"
24.121.133.237 - - [22/Jun/2009:07:47:02 +0200] "GET /frame-menu.html HTTP/1.1" 200 10500 "http://www.various-euro.com/framez-schubb5.html" "Mozilla/4.0 (compatible; MSIE 7.0; Windows NT 6.0; GTB6; SLCC1; .NET CLR 2.0.50727; Media Center PC 5.0; .NET CLR 3.0.04506)"
24.121.133.237 - - [22/Jun/2009:07:47:02 +0200] "GET /schubb/schubb-5.html HTTP/1.1" 200 72944 "http://www.various-euro.com/framez-schubb5.html" "Mozilla/4.0 (compatible; MSIE 7.0; Windows NT 6.0; GTB6; SLCC1; .NET CLR 2.0.50727; Media Center PC 5.0; .NET CLR 3.0.04506)"
24.121.133.237 - - [22/Jun/2009:07:47:03 +0200] "GET /frame-unten.html HTTP/1.1" 200 5308 "http://www.various-euro.com/framez-schubb5.html" "Mozilla/4.0 (compatible; MSIE 7.0; Windows NT 6.0; GTB6; SLCC1; .NET CLR 2.0.50727; Media Center PC 5.0; .NET CLR 3.0.04506)"
24.121.133.237 - - [22/Jun/2009:07:47:03 +0200] "GET /style/various-euro.css HTTP/1.1" 200 3437 "http://www.various-euro.com/frame-menu.html" "Mozilla/4.0 (compatible; MSIE 7.0; Windows NT 6.0; GTB6; SLCC1; .NET CLR 2.0.50727; Media Center PC 5.0; .NET CLR 3.0.04506)"
24.121.133.237 - - [22/Jun/2009:07:47:03 +0200] "GET /bannerz/ve.jpg HTTP/1.1" 200 36912 "http://www.various-euro.com/frame-unten.html" "Mozilla/4.0 (compatible; MSIE 7.0; Windows NT 6.0; GTB6; SLCC1; .NET CLR 2.0.50727; Media Center PC 5.0; .NET CLR 3.0.04506)"
24.121.133.237 - - [22/Jun/2009:07:47:03 +0200] "GET /bannerz/various-euro-girl.jpg HTTP/1.1" 200 91514 "http://www.various-euro.com/frame-unten.html" "Mozilla/4.0 (compatible; MSIE 7.0; Windows NT 6.0; GTB6; SLCC1; .NET CLR 2.0.50727; Media Center PC 5.0; .NET CLR 3.0.04506)"
72.30.79.93 - - [22/Jun/2009:07:50:22 +0200] "GET /warez.html HTTP/1.0" 200 9754 "-" "Mozilla/5.0 (compatible; Yahoo! Slurp/3.0; http://help.yahoo.com/help/us/ysearch/slurp)"
72.30.79.93 - - [22/Jun/2009:08:11:41 +0200] "GET /f-doku-brau.html HTTP/1.0" 200 7152 "-" "Mozilla/5.0 (compatible; Yahoo! Slurp/3.0; http://help.yahoo.com/help/us/ysearch/slurp)"
72.30.79.93 - - [22/Jun/2009:08:13:33 +0200] "GET /framez-rez.html HTTP/1.0" 200 4323 "-" "Mozilla/5.0 (compatible; Yahoo! Slurp/3.0; http://help.yahoo.com/help/us/ysearch/slurp)"
72.30.79.93 - - [22/Jun/2009:08:13:33 +0200] "GET /frame-menu.html HTTP/1.0" 200 10500 "http://www.various-euro.com/framez-rez.html" "Mozilla/5.0 (compatible; Yahoo! Slurp/3.0; http://help.yahoo.com/help/us/ysearch/slurp)"
72.30.79.93 - - [22/Jun/2009:08:13:33 +0200] "GET /f-rez.html HTTP/1.0" 200 9765 "http://www.various-euro.com/framez-rez.html" "Mozilla/5.0 (compatible; Yahoo! Slurp/3.0; http://help.yahoo.com/help/us/ysearch/slurp)"
72.30.79.93 - - [22/Jun/2009:08:13:33 +0200] "GET /frame-unten.html HTTP/1.0" 200 5308 "http://www.various-euro.com/framez-rez.html" "Mozilla/5.0 (compatible; Yahoo! Slurp/3.0; http://help.yahoo.com/help/us/ysearch/slurp)"
72.30.79.93 - - [22/Jun/2009:08:13:33 +0200] "GET /style/various-euro.css HTTP/1.0" 304 - "http://www.various-euro.com/frame-menu.html" "Mozilla/5.0 (compatible; Yahoo! Slurp/3.0; http://help.yahoo.com/help/us/ysearch/slurp)"
72.30.79.93 - - [22/Jun/2009:08:20:14 +0200] "GET /f-web.html HTTP/1.0" 200 13605 "-" "Mozilla/5.0 (compatible; Yahoo! Slurp/3.0; http://help.yahoo.com/help/us/ysearch/slurp)"
65.55.211.160 - - [22/Jun/2009:08:49:16 +0200] "GET /robots.txt HTTP/1.1" 200 64 "-" "msnbot/1.1 (+http://search.msn.com/msnbot.htm)"
65.55.211.160 - - [22/Jun/2009:08:49:18 +0200] "GET /neon/biggtani.html HTTP/1.1" 200 1698 "-" "msnbot/1.1 (+http://search.msn.com/msnbot.htm)"
65.55.106.137 - - [22/Jun/2009:09:01:19 +0200] "GET /robots.txt HTTP/1.1" 200 64 "-" "msnbot/2.0b (+http://search.msn.com/msnbot.htm)"
65.55.211.168 - - [22/Jun/2009:09:01:25 +0200] "GET /robots.txt HTTP/1.1" 200 64 "-" "msnbot/1.1 (+http://search.msn.com/msnbot.htm)"
65.55.211.168 - - [22/Jun/2009:09:01:26 +0200] "GET /neon/euro.html HTTP/1.1" 200 2212 "-" "msnbot/1.1 (+http://search.msn.com/msnbot.htm)"
72.14.199.8 - - [22/Jun/2009:09:03:20 +0200] "GET / HTTP/1.1" 302 353 "-" "Feedfetcher-Google; (+http://www.google.com/feedfetcher.html; 1 subscribers; feed-id=5454548576667470243)"
72.14.199.85 - - [22/Jun/2009:09:03:21 +0200] "GET /zampa/ HTTP/1.1" 200 7153 "-" "Feedfetcher-Google; (+http://www.google.com/feedfetcher.html; 1 subscribers; feed-id=5454548576667470243)"
193.47.80.51 - - [22/Jun/2009:09:05:05 +0200] "GET /robots.txt HTTP/1.1" 200 64 "-" "Mozilla/5.0 (compatible; Exabot/3.0; +http://www.exabot.com/go/robot)"
193.47.80.51 - - [22/Jun/2009:09:05:05 +0200] "GET / HTTP/1.1" 200 7869 "-" "Mozilla/5.0 (compatible; Exabot/3.0; +http://www.exabot.com/go/robot)"
72.30.65.26 - - [22/Jun/2009:09:07:07 +0200] "GET /robots.txt HTTP/1.0" 200 64 "-" "Mozilla/5.0 (compatible; Yahoo! Slurp; http://help.yahoo.com/help/us/ysearch/slurp)"
72.30.65.26 - - [22/Jun/2009:09:07:08 +0200] "GET /neon/girlz3.html HTTP/1.0" 200 2479 "-" "Mozilla/5.0 (compatible; Yahoo! Slurp/3.0; http://help.yahoo.com/help/us/ysearch/slurp)"
72.30.79.93 - - [22/Jun/2009:09:09:57 +0200] "GET /robots.txt HTTP/1.0" 200 64 "-" "Mozilla/5.0 (compatible; Yahoo! Slurp; http://help.yahoo.com/help/us/ysearch/slurp)"
72.30.79.93 - - [22/Jun/2009:09:09:57 +0200] "GET /neon/girlz3.html HTTP/1.0" 200 2479 "-" "Mozilla/5.0 (compatible; Yahoo! Slurp/3.0; http://help.yahoo.com/help/us/ysearch/slurp)"
65.55.211.160 - - [22/Jun/2009:10:19:27 +0200] "GET /robots.txt HTTP/1.1" 200 64 "-" "msnbot/1.1 (+http://search.msn.com/msnbot.htm)"
65.55.211.160 - - [22/Jun/2009:10:19:27 +0200] "GET /logs/usage_200707.html HTTP/1.1" 404 2748 "-" "msnbot/1.1 (+http://search.msn.com/msnbot.htm)"
72.30.79.93 - - [22/Jun/2009:10:45:00 +0200] "GET /logs/usage_200512.html HTTP/1.0" 404 2748 "-" "Mozilla/5.0 (compatible; Yahoo! Slurp/3.0; http://help.yahoo.com/help/us/ysearch/slurp)"
65.55.106.204 - - [22/Jun/2009:10:50:59 +0200] "GET /robots.txt HTTP/1.1" 200 64 "-" "msnbot/2.0b (+http://search.msn.com/msnbot.htm)"
65.55.211.160 - - [22/Jun/2009:10:52:16 +0200] "GET /robots.txt HTTP/1.1" 200 64 "-" "msnbot/1.1 (+http://search.msn.com/msnbot.htm)"
65.55.211.160 - - [22/Jun/2009:10:52:16 +0200] "GET /moz_menue.html HTTP/1.1" 404 2748 "-" "msnbot/1.1 (+http://search.msn.com/msnbot.htm)"
38.99.13.116 - - [22/Jun/2009:11:03:34 +0200] "GET /robots.txt HTTP/1.0" 302 363 "-" "Mozilla/5.0 (Twiceler-0.9 http://www.cuil.com/twiceler/robot.html)"
72.14.199.8 - - [22/Jun/2009:12:03:32 +0200] "GET / HTTP/1.1" 302 353 "-" "Feedfetcher-Google; (+http://www.google.com/feedfetcher.html; 1 subscribers; feed-id=5454548576667470243)"
72.14.199.85 - - [22/Jun/2009:12:03:33 +0200] "GET /zampa/ HTTP/1.1" 200 7153 "-" "Feedfetcher-Google; (+http://www.google.com/feedfetcher.html; 1 subscribers; feed-id=5454548576667470243)"
38.105.83.10 - - [22/Jun/2009:12:04:23 +0200] "GET /logs/usage_200901.html HTTP/1.1" 200 167238 "http://www.google.com/custom?cof=GALT%3A336600%3BVLC%3A000066%3BAH%3Acenter%3BBGC%3AFFFFFF%3BLH%3A81%3BLC%3A000066%3BGFNT%3A336600%3BL%3Ahttp%3A%2F%2Fcyveillance.allthesites.com%2Fimages%2Fats_logo.gif%3BALC%3A000066%3BLW%3A361%3BT%3A000066%3BGIMP%3A336600%3BAWFID%3A248cacfbbe0ae58f%3B&q=%22state%20farm%22%20yahoo%20%22previous%20message%22&num=100&hl=en&start=0&filter=0" "Mozilla/4.0 (compatible; MSIE 5.5; Windows NT 5.0)"
38.105.83.10 - - [22/Jun/2009:12:04:23 +0200] "GET /logs/usage_200905.html HTTP/1.1" 200 161148 "http://www.google.com/custom?cof=GALT%3A336600%3BVLC%3A000066%3BAH%3Acenter%3BBGC%3AFFFFFF%3BLH%3A81%3BLC%3A000066%3BGFNT%3A336600%3BL%3Ahttp%3A%2F%2Fcyveillance.allthesites.com%2Fimages%2Fats_logo.gif%3BALC%3A000066%3BLW%3A361%3BT%3A000066%3BGIMP%3A336600%3BAWFID%3A248cacfbbe0ae58f%3B&q=%22state%20farm%22%20yahoo%20%22previous%20message%22&num=100&hl=en&start=0&filter=0" "Mozilla/4.0 (compatible; MSIE 5.5; Windows NT 5.0)"
66.249.72.227 - - [22/Jun/2009:12:07:46 +0200] "GET /logs/usage_200906.html HTTP/1.1" 404 2748 "-" "Mozilla/5.0 (compatible; Googlebot/2.1; +http://www.google.com/bot.html)"
123.125.64.38 - - [22/Jun/2009:12:13:44 +0200] "GET / HTTP/1.1" 200 7869 "-" "Baiduspider+(+http://www.baidu.com/search/spider.htm)"
65.55.230.249 - - [22/Jun/2009:12:27:16 +0200] "GET /robots.txt HTTP/1.1" 200 64 "-" "msnbot-media/1.1 (+http://search.msn.com/msnbot.htm)"
65.55.230.249 - - [22/Jun/2009:12:27:16 +0200] "GET /neon/europa.html HTTP/1.1" 200 389 "-" "msnbot-media/1.1 (+http://search.msn.com/msnbot.htm)"
72.30.79.93 - - [22/Jun/2009:12:46:32 +0200] "GET /neon/euro.html HTTP/1.0" 200 2212 "-" "Mozilla/5.0 (compatible; Yahoo! Slurp/3.0; http://help.yahoo.com/help/us/ysearch/slurp)"
123.125.66.15 - - [22/Jun/2009:12:48:23 +0200] "GET / HTTP/1.1" 200 7869 "-" "Baiduspider+(+http://www.baidu.com/search/spider.htm)"
123.125.66.25 - - [22/Jun/2009:12:48:24 +0200] "GET /framez_0.html HTTP/1.1" 200 12285 "-" "Baiduspider+(+http://www.baidu.com/search/spider.htm)"
216.129.119.49 - - [22/Jun/2009:12:58:20 +0200] "GET /robots.txt HTTP/1.0" 200 64 "-" "Mozilla/5.0 (Twiceler-0.9 http://www.cuil.com/twiceler/robot.html)"
65.55.230.248 - - [22/Jun/2009:13:03:57 +0200] "GET /framez-rez.html HTTP/1.1" 200 4323 "-" "msnbot-media/1.1 (+http://search.msn.com/msnbot.htm)"
72.30.79.93 - - [22/Jun/2009:13:37:08 +0200] "GET /neon/girlz3.html HTTP/1.0" 200 2479 "-" "Mozilla/5.0 (compatible; Yahoo! Slurp/3.0; http://help.yahoo.com/help/us/ysearch/slurp)"
65.55.106.136 - - [22/Jun/2009:13:39:52 +0200] "GET /robots.txt HTTP/1.1" 302 363 "-" "msnbot/2.0b (+http://search.msn.com/msnbot.htm)"
65.55.106.136 - - [22/Jun/2009:13:39:52 +0200] "GET /zampa/robots.txt HTTP/1.1" 404 2748 "-" "msnbot/2.0b (+http://search.msn.com/msnbot.htm)"
66.235.124.58 - - [22/Jun/2009:14:35:21 +0200] "GET /robots.txt HTTP/1.0" 200 64 "-" "Mozilla/5.0 (compatible; Ask Jeeves/Teoma; +http://about.ask.com/en/docs/about/webmasters.shtml)"
66.235.124.58 - - [22/Jun/2009:14:35:22 +0200] "GET /framez-zampa-lovers.html HTTP/1.0" 200 4322 "-" "Mozilla/5.0 (compatible; Ask Jeeves/Teoma; +http://about.ask.com/en/docs/about/webmasters.shtml)"
66.235.124.58 - - [22/Jun/2009:14:35:22 +0200] "GET /frame-menu.html HTTP/1.0" 200 10500 "-" "Mozilla/5.0 (compatible; Ask Jeeves/Teoma; +http://about.ask.com/en/docs/about/webmasters.shtml)"
66.235.124.58 - - [22/Jun/2009:14:35:23 +0200] "GET /zampa-lovers/index.html HTTP/1.0" 200 37790 "-" "Mozilla/5.0 (compatible; Ask Jeeves/Teoma; +http://about.ask.com/en/docs/about/webmasters.shtml)"
66.235.124.58 - - [22/Jun/2009:14:35:24 +0200] "GET /frame-unten.html HTTP/1.0" 200 5308 "-" "Mozilla/5.0 (compatible; Ask Jeeves/Teoma; +http://about.ask.com/en/docs/about/webmasters.shtml)"
38.99.44.105 - - [22/Jun/2009:14:51:09 +0200] "GET /robots.txt HTTP/1.0" 200 64 "-" "Mozilla/5.0 (Twiceler-0.9 http://www.cuil.com/twiceler/robot.html)"
65.55.106.120 - - [22/Jun/2009:14:52:50 +0200] "GET /robots.txt HTTP/1.1" 200 64 "-" "msnbot/2.0b (+http://search.msn.com/msnbot.htm)"
65.55.106.108 - - [22/Jun/2009:15:06:50 +0200] "GET /robots.txt HTTP/1.1" 200 64 "-" "msnbot/2.0b (+http://search.msn.com/msnbot.htm)"
67.16.94.2 - - [22/Jun/2009:15:11:31 +0200] "GET /robots.txt HTTP/1.0" 200 64 "-" "Gigabot/3.0 (http://www.gigablast.com/spider.html)"
67.16.94.2 - - [22/Jun/2009:15:11:32 +0200] "GET / HTTP/1.0" 200 7869 "-" "Gigabot/3.0 (http://www.gigablast.com/spider.html)"
65.55.106.108 - - [22/Jun/2009:15:12:27 +0200] "GET / HTTP/1.1" 200 7869 "-" "msnbot/2.0b (+http://search.msn.com/msnbot.htm)"
72.30.79.93 - - [22/Jun/2009:15:13:38 +0200] "GET /robots.txt HTTP/1.0" 200 64 "-" "Mozilla/5.0 (compatible; Yahoo! Slurp; http://help.yahoo.com/help/us/ysearch/slurp)"
72.30.79.93 - - [22/Jun/2009:15:13:39 +0200] "GET /neon/walk-more.html HTTP/1.0" 200 1689 "-" "Mozilla/5.0 (compatible; Yahoo! Slurp/3.0; http://help.yahoo.com/help/us/ysearch/slurp)"
67.195.115.213 - - [22/Jun/2009:15:18:09 +0200] "GET /robots.txt HTTP/1.0" 200 64 "-" "Mozilla/5.0 (compatible; Yahoo! Slurp; http://help.yahoo.com/help/us/ysearch/slurp)"
67.195.115.213 - - [22/Jun/2009:15:18:09 +0200] "GET /framez-rez.html HTTP/1.0" 200 4323 "-" "Mozilla/5.0 (compatible; Yahoo! Slurp/3.0; http://help.yahoo.com/help/us/ysearch/slurp)"
67.195.115.213 - - [22/Jun/2009:15:18:10 +0200] "GET /frame-menu.html HTTP/1.0" 200 10500 "http://www.various-euro.com/framez-rez.html" "Mozilla/5.0 (compatible; Yahoo! Slurp/3.0; http://help.yahoo.com/help/us/ysearch/slurp)"
67.195.115.213 - - [22/Jun/2009:15:18:10 +0200] "GET /frame-unten.html HTTP/1.0" 200 5308 "http://www.various-euro.com/framez-rez.html" "Mozilla/5.0 (compatible; Yahoo! Slurp/3.0; http://help.yahoo.com/help/us/ysearch/slurp)"
67.195.115.213 - - [22/Jun/2009:15:18:10 +0200] "GET /f-rez.html HTTP/1.0" 200 9765 "http://www.various-euro.com/framez-rez.html" "Mozilla/5.0 (compatible; Yahoo! Slurp/3.0; http://help.yahoo.com/help/us/ysearch/slurp)"
67.195.115.213 - - [22/Jun/2009:15:18:11 +0200] "GET /style/various-euro.css HTTP/1.0" 304 - "http://www.various-euro.com/frame-menu.html" "Mozilla/5.0 (compatible; Yahoo! Slurp/3.0; http://help.yahoo.com/help/us/ysearch/slurp)"
65.55.106.133 - - [22/Jun/2009:16:26:18 +0200] "GET /robots.txt HTTP/1.1" 200 64 "-" "msnbot/2.0b (+http://search.msn.com/msnbot.htm)"
83.167.62.185 - - [22/Jun/2009:17:01:19 +0200] "GET /robots.txt HTTP/1.1" 200 64 "http://www.exalead.com/" "Mozilla/5.0 (compatible; Exabot-Images/3.0; +http://www.exabot.com/go/robot)"
83.167.62.185 - - [22/Jun/2009:17:01:19 +0200] "GET /zampa/slike/S3VAMPIR.GIF HTTP/1.1" 200 55504 "http://www.exalead.com/" "Mozilla/5.0 (compatible; Exabot-Images/3.0; +http://www.exabot.com/go/robot)"
82.208.192.2 - - [22/Jun/2009:17:02:09 +0200] "GET /framez-zampa-lovers.html HTTP/1.1" 200 4322 "http://www.google.com/search?q=lekari+-+novinari&hl=de&lr=&start=30&sa=N" "Mozilla/4.0 (compatible; MSIE 6.0; Windows NT 5.1; SV1)"
82.208.192.2 - - [22/Jun/2009:17:02:09 +0200] "GET /frame-menu.html HTTP/1.1" 200 10500 "http://www.various-euro.com/framez-zampa-lovers.html" "Mozilla/4.0 (compatible; MSIE 6.0; Windows NT 5.1; SV1)"
82.208.192.2 - - [22/Jun/2009:17:02:09 +0200] "GET /frame-unten.html HTTP/1.1" 200 5308 "http://www.various-euro.com/framez-zampa-lovers.html" "Mozilla/4.0 (compatible; MSIE 6.0; Windows NT 5.1; SV1)"
82.208.192.2 - - [22/Jun/2009:17:02:10 +0200] "GET /style/various-euro.css HTTP/1.1" 200 3437 "http://www.various-euro.com/frame-menu.html" "Mozilla/4.0 (compatible; MSIE 6.0; Windows NT 5.1; SV1)"
82.208.192.2 - - [22/Jun/2009:17:02:09 +0200] "GET /zampa-lovers/index.html HTTP/1.1" 200 37790 "http://www.various-euro.com/framez-zampa-lovers.html" "Mozilla/4.0 (compatible; MSIE 6.0; Windows NT 5.1; SV1)"
82.208.192.2 - - [22/Jun/2009:17:02:10 +0200] "GET /bannerz/various-euro-girl.jpg HTTP/1.1" 200 91514 "http://www.various-euro.com/frame-unten.html" "Mozilla/4.0 (compatible; MSIE 6.0; Windows NT 5.1; SV1)"
82.208.192.2 - - [22/Jun/2009:17:02:12 +0200] "GET /zampa-lovers/kralle.gif HTTP/1.1" 404 2748 "http://www.various-euro.com/zampa-lovers/index.html" "Mozilla/4.0 (compatible; MSIE 6.0; Windows NT 5.1; SV1)"
82.208.192.2 - - [22/Jun/2009:17:02:12 +0200] "GET /bannerz/ve.jpg HTTP/1.1" 200 36912 "http://www.various-euro.com/frame-unten.html" "Mozilla/4.0 (compatible; MSIE 6.0; Windows NT 5.1; SV1)"
82.208.192.2 - - [22/Jun/2009:17:02:13 +0200] "GET /zampa-lovers/ZAMPAMA2.MPG HTTP/1.1" 200 63492 "-" "Windows-Media-Player/9.00.00.3250"
82.208.192.2 - - [22/Jun/2009:17:02:13 +0200] "GET /zampa-lovers/ZAMPAMAS.MPG HTTP/1.1" 200 520196 "-" "Windows-Media-Player/9.00.00.3250"
82.208.192.2 - - [22/Jun/2009:17:02:13 +0200] "GET /zampa-lovers/WASISTMI1.MPG HTTP/1.1" 200 271221 "-" "Windows-Media-Player/9.00.00.3250"
82.208.192.2 - - [22/Jun/2009:17:02:13 +0200] "GET /zampa-lovers/ZAMPAMA2.MPG HTTP/1.1" 206 60916 "-" "Mozilla/4.0 (compatible; MSIE 6.0; Windows NT 5.1; SV1)"
82.208.192.2 - - [22/Jun/2009:17:02:13 +0200] "GET /zampa-lovers/ZAMPAMAS.MPG HTTP/1.1" 206 516161 "-" "Mozilla/4.0 (compatible; MSIE 6.0; Windows NT 5.1; SV1)"
82.208.192.2 - - [22/Jun/2009:17:02:16 +0200] "GET /zampa-lovers/zampa.gif HTTP/1.1" 200 460627 "http://www.various-euro.com/zampa-lovers/index.html" "Mozilla/4.0 (compatible; MSIE 6.0; Windows NT 5.1; SV1)"
65.55.230.243 - - [22/Jun/2009:17:27:18 +0200] "GET /robots.txt HTTP/1.1" 200 64 "-" "msnbot-media/1.1 (+http://search.msn.com/msnbot.htm)"
65.55.230.243 - - [22/Jun/2009:17:27:19 +0200] "GET /framez.html HTTP/1.1" 200 3959 "-" "msnbot-media/1.1 (+http://search.msn.com/msnbot.htm)"
71.205.54.55 - - [22/Jun/2009:17:45:06 +0200] "GET / HTTP/1.1" 200 7869 "http://www.randomwebsite.com/" "Mozilla/5.0 (Windows; U; Windows NT 5.1; en-US; rv:1.9.0.11) Gecko/2009060215 Firefox/3.0.11"
71.205.54.55 - - [22/Jun/2009:17:45:06 +0200] "GET /style/various-euro.css HTTP/1.1" 200 3437 "http://www.various-euro.com/" "Mozilla/5.0 (Windows; U; Windows NT 5.1; en-US; rv:1.9.0.11) Gecko/2009060215 Firefox/3.0.11"
71.205.54.55 - - [22/Jun/2009:17:45:07 +0200] "GET /framez_0.html HTTP/1.1" 200 12285 "http://www.various-euro.com/" "Mozilla/5.0 (Windows; U; Windows NT 5.1; en-US; rv:1.9.0.11) Gecko/2009060215 Firefox/3.0.11"
71.205.54.55 - - [22/Jun/2009:17:45:09 +0200] "GET /ve-icon-2.ico HTTP/1.1" 200 2238 "-" "Mozilla/5.0 (Windows; U; Windows NT 5.1; en-US; rv:1.9.0.11) Gecko/2009060215 Firefox/3.0.11"
72.14.199.8 - - [22/Jun/2009:17:48:43 +0200] "GET / HTTP/1.1" 302 353 "-" "Feedfetcher-Google; (+http://www.google.com/feedfetcher.html; 1 subscribers; feed-id=5454548576667470243)"
72.14.199.85 - - [22/Jun/2009:17:48:44 +0200] "GET /zampa/ HTTP/1.1" 200 7153 "-" "Feedfetcher-Google; (+http://www.google.com/feedfetcher.html; 1 subscribers; feed-id=5454548576667470243)"
65.55.106.209 - - [22/Jun/2009:17:55:36 +0200] "GET /robots.txt HTTP/1.1" 200 64 "-" "msnbot/2.0b (+http://search.msn.com/msnbot.htm)"
193.252.118.176 - - [22/Jun/2009:17:56:08 +0200] "GET /neon/click.html HTTP/1.1" 200 521 "-" "Mozilla/5.0 (Windows; U; Windows NT 5.1; fr; rv:1.8.1) VoilaBot BETA 1.2 (support.voilabot@orange-ftgroup.com)"
85.178.55.223 - - [22/Jun/2009:18:06:13 +0200] "GET / HTTP/1.1" 200 7869 "http://www.top-ev.de/impressum-imprint/" "Mozilla/5.0 (Windows; U; Windows NT 5.0; de; rv:1.9.0.11) Gecko/2009060215 Firefox/3.0.11"
85.178.55.223 - - [22/Jun/2009:18:06:14 +0200] "GET /ve-icon-2.ico HTTP/1.1" 200 2238 "-" "Mozilla/5.0 (Windows; U; Windows NT 5.0; de; rv:1.9.0.11) Gecko/2009060215 Firefox/3.0.11"
85.178.55.223 - - [22/Jun/2009:18:06:14 +0200] "GET /style/various-euro.css HTTP/1.1" 200 3437 "http://www.various-euro.com/" "Mozilla/5.0 (Windows; U; Windows NT 5.0; de; rv:1.9.0.11) Gecko/2009060215 Firefox/3.0.11"
85.178.55.223 - - [22/Jun/2009:18:06:14 +0200] "GET /framez_0.html HTTP/1.1" 200 12285 "http://www.various-euro.com/" "Mozilla/5.0 (Windows; U; Windows NT 5.0; de; rv:1.9.0.11) Gecko/2009060215 Firefox/3.0.11"
85.178.55.223 - - [22/Jun/2009:18:06:23 +0200] "GET /framez.html HTTP/1.1" 200 3959 "http://www.various-euro.com/framez_0.html" "Mozilla/5.0 (Windows; U; Windows NT 5.0; de; rv:1.9.0.11) Gecko/2009060215 Firefox/3.0.11"
85.178.55.223 - - [22/Jun/2009:18:06:23 +0200] "GET /frame-menu.html HTTP/1.1" 200 10500 "http://www.various-euro.com/framez.html" "Mozilla/5.0 (Windows; U; Windows NT 5.0; de; rv:1.9.0.11) Gecko/2009060215 Firefox/3.0.11"
85.178.55.223 - - [22/Jun/2009:18:06:24 +0200] "GET /frame-inhalt.html HTTP/1.1" 200 7688 "http://www.various-euro.com/framez.html" "Mozilla/5.0 (Windows; U; Windows NT 5.0; de; rv:1.9.0.11) Gecko/2009060215 Firefox/3.0.11"
85.178.55.223 - - [22/Jun/2009:18:06:24 +0200] "GET /frame-unten.html HTTP/1.1" 200 5308 "http://www.various-euro.com/framez.html" "Mozilla/5.0 (Windows; U; Windows NT 5.0; de; rv:1.9.0.11) Gecko/2009060215 Firefox/3.0.11"
85.178.55.223 - - [22/Jun/2009:18:06:24 +0200] "GET /bannerz/ve.jpg HTTP/1.1" 200 36912 "http://www.various-euro.com/frame-unten.html" "Mozilla/5.0 (Windows; U; Windows NT 5.0; de; rv:1.9.0.11) Gecko/2009060215 Firefox/3.0.11"
85.178.55.223 - - [22/Jun/2009:18:06:24 +0200] "GET /bannerz/various-euro-girl.jpg HTTP/1.1" 200 91514 "http://www.various-euro.com/frame-unten.html" "Mozilla/5.0 (Windows; U; Windows NT 5.0; de; rv:1.9.0.11) Gecko/2009060215 Firefox/3.0.11"
85.178.55.223 - - [22/Jun/2009:18:06:25 +0200] "GET /eurosign3.gif HTTP/1.1" 200 7879 "http://www.various-euro.com/frame-inhalt.html" "Mozilla/5.0 (Windows; U; Windows NT 5.0; de; rv:1.9.0.11) Gecko/2009060215 Firefox/3.0.11"
85.178.55.223 - - [22/Jun/2009:18:06:25 +0200] "GET /bannerz/neon_click_3.gif HTTP/1.1" 200 240 "http://www.various-euro.com/frame-inhalt.html" "Mozilla/5.0 (Windows; U; Windows NT 5.0; de; rv:1.9.0.11) Gecko/2009060215 Firefox/3.0.11"
85.178.55.223 - - [22/Jun/2009:18:06:25 +0200] "GET /bannerz/neon_click_1.gif HTTP/1.1" 200 890 "http://www.various-euro.com/frame-inhalt.html" "Mozilla/5.0 (Windows; U; Windows NT 5.0; de; rv:1.9.0.11) Gecko/2009060215 Firefox/3.0.11"
85.178.55.223 - - [22/Jun/2009:18:06:25 +0200] "GET /bannerz/douwil.gif HTTP/1.1" 200 528 "http://www.various-euro.com/frame-inhalt.html" "Mozilla/5.0 (Windows; U; Windows NT 5.0; de; rv:1.9.0.11) Gecko/2009060215 Firefox/3.0.11"
85.178.55.223 - - [22/Jun/2009:18:06:25 +0200] "GET /bannerz/anti_black_small.gif HTTP/1.1" 200 1009 "http://www.various-euro.com/frame-inhalt.html" "Mozilla/5.0 (Windows; U; Windows NT 5.0; de; rv:1.9.0.11) Gecko/2009060215 Firefox/3.0.11"
85.178.55.223 - - [22/Jun/2009:18:06:25 +0200] "GET /bannerz/google/Logo_40blk.gif HTTP/1.1" 200 2308 "http://www.various-euro.com/frame-inhalt.html" "Mozilla/5.0 (Windows; U; Windows NT 5.0; de; rv:1.9.0.11) Gecko/2009060215 Firefox/3.0.11"
85.178.55.223 - - [22/Jun/2009:18:06:25 +0200] "GET /bannerz/neon_click_2.gif HTTP/1.1" 200 387 "http://www.various-euro.com/frame-inhalt.html" "Mozilla/5.0 (Windows; U; Windows NT 5.0; de; rv:1.9.0.11) Gecko/2009060215 Firefox/3.0.11"
85.178.55.223 - - [22/Jun/2009:18:06:25 +0200] "GET /bannerz/copyleft_black_small.gif HTTP/1.1" 200 1231 "http://www.various-euro.com/frame-inhalt.html" "Mozilla/5.0 (Windows; U; Windows NT 5.0; de; rv:1.9.0.11) Gecko/2009060215 Firefox/3.0.11"
85.178.55.223 - - [22/Jun/2009:18:06:25 +0200] "GET /bannerz/wet.gif HTTP/1.1" 200 18561 "http://www.various-euro.com/frame-inhalt.html" "Mozilla/5.0 (Windows; U; Windows NT 5.0; de; rv:1.9.0.11) Gecko/2009060215 Firefox/3.0.11"
85.178.55.223 - - [22/Jun/2009:18:06:54 +0200] "GET /f-horrorkatze.html HTTP/1.1" 200 7865 "http://www.various-euro.com/frame-menu.html" "Mozilla/5.0 (Windows; U; Windows NT 5.0; de; rv:1.9.0.11) Gecko/2009060215 Firefox/3.0.11"
85.178.55.223 - - [22/Jun/2009:18:06:54 +0200] "GET /bannerz/gras.jpg HTTP/1.1" 200 15895 "http://www.various-euro.com/f-horrorkatze.html" "Mozilla/5.0 (Windows; U; Windows NT 5.0; de; rv:1.9.0.11) Gecko/2009060215 Firefox/3.0.11"
85.178.55.223 - - [22/Jun/2009:18:06:55 +0200] "GET /sound/KEYWEST.MID HTTP/1.1" 404 2748 "http://www.various-euro.com/f-horrorkatze.html" "Mozilla/5.0 (Windows; U; Windows NT 5.0; de; rv:1.9.0.11) Gecko/2009060215 Firefox/3.0.11"
85.178.55.223 - - [22/Jun/2009:18:06:54 +0200] "GET /bannerz/horrorkatze/EAT.gif HTTP/1.1" 200 89369 "http://www.various-euro.com/f-horrorkatze.html" "Mozilla/5.0 (Windows; U; Windows NT 5.0; de; rv:1.9.0.11) Gecko/2009060215 Firefox/3.0.11"
85.178.55.223 - - [22/Jun/2009:18:06:55 +0200] "GET /bannerz/horrorkatze/teGIFT.JPG HTTP/1.1" 200 4873 "http://www.various-euro.com/f-horrorkatze.html" "Mozilla/5.0 (Windows; U; Windows NT 5.0; de; rv:1.9.0.11) Gecko/2009060215 Firefox/3.0.11"
85.178.55.223 - - [22/Jun/2009:18:06:55 +0200] "GET /bannerz/horrorkatze/struct-fotoalbum.mpg HTTP/1.1" 200 25146 "http://www.various-euro.com/f-horrorkatze.html" "Mozilla/5.0 (Windows; U; Windows NT 5.0; de; rv:1.9.0.11) Gecko/2009060215 Firefox/3.0.11"
85.178.55.223 - - [22/Jun/2009:18:06:55 +0200] "GET /bannerz/horrorkatze/kontext-inform.mpg HTTP/1.1" 200 96263 "http://www.various-euro.com/f-horrorkatze.html" "Mozilla/5.0 (Windows; U; Windows NT 5.0; de; rv:1.9.0.11) Gecko/2009060215 Firefox/3.0.11"
85.178.55.223 - - [22/Jun/2009:18:06:55 +0200] "GET /bannerz/horrorkatze/struct-fotoalbum.mpg HTTP/1.1" 206 25146 "http://www.various-euro.com/f-horrorkatze.html" "Mozilla/5.0 (Windows; U; Windows NT 5.0; de; rv:1.9.0.11) Gecko/2009060215 Firefox/3.0.11"
85.178.55.223 - - [22/Jun/2009:18:06:55 +0200] "GET /bannerz/horrorkatze/kontext-inform.mpg HTTP/1.1" 206 96263 "http://www.various-euro.com/f-horrorkatze.html" "Mozilla/5.0 (Windows; U; Windows NT 5.0; de; rv:1.9.0.11) Gecko/2009060215 Firefox/3.0.11"
83.99.35.247 - - [22/Jun/2009:18:35:09 +0200] "GET /framez-schubb2.html HTTP/1.1" 200 4314 "http://www.google.lu/search?hl=fr&q=Wecker+utopisch&meta=&aq=f&oq=" "Mozilla/4.0 (compatible; MSIE 7.0; Windows NT 5.1; .NET CLR 2.0.50727)"
83.99.35.247 - - [22/Jun/2009:18:35:09 +0200] "GET /frame-menu.html HTTP/1.1" 200 10500 "http://www.various-euro.com/framez-schubb2.html" "Mozilla/4.0 (compatible; MSIE 7.0; Windows NT 5.1; .NET CLR 2.0.50727)"
83.99.35.247 - - [22/Jun/2009:18:35:09 +0200] "GET /frame-unten.html HTTP/1.1" 200 5308 "http://www.various-euro.com/framez-schubb2.html" "Mozilla/4.0 (compatible; MSIE 7.0; Windows NT 5.1; .NET CLR 2.0.50727)"
83.99.35.247 - - [22/Jun/2009:18:35:09 +0200] "GET /schubb/schubb-2.html HTTP/1.1" 200 16660 "http://www.various-euro.com/framez-schubb2.html" "Mozilla/4.0 (compatible; MSIE 7.0; Windows NT 5.1; .NET CLR 2.0.50727)"
83.99.35.247 - - [22/Jun/2009:18:35:09 +0200] "GET /style/various-euro.css HTTP/1.1" 200 3437 "http://www.various-euro.com/frame-menu.html" "Mozilla/4.0 (compatible; MSIE 7.0; Windows NT 5.1; .NET CLR 2.0.50727)"
83.99.35.247 - - [22/Jun/2009:18:35:10 +0200] "GET /bannerz/ve.jpg HTTP/1.1" 200 36912 "http://www.various-euro.com/frame-unten.html" "Mozilla/4.0 (compatible; MSIE 7.0; Windows NT 5.1; .NET CLR 2.0.50727)"
83.99.35.247 - - [22/Jun/2009:18:35:10 +0200] "GET /bannerz/various-euro-girl.jpg HTTP/1.1" 200 91514 "http://www.various-euro.com/frame-unten.html" "Mozilla/4.0 (compatible; MSIE 7.0; Windows NT 5.1; .NET CLR 2.0.50727)"
83.99.35.247 - - [22/Jun/2009:18:35:11 +0200] "GET /schubb/schubb-2.gif HTTP/1.1" 200 6460 "http://www.various-euro.com/schubb/schubb-2.html" "Mozilla/4.0 (compatible; MSIE 7.0; Windows NT 5.1; .NET CLR 2.0.50727)"
83.99.35.247 - - [22/Jun/2009:18:35:11 +0200] "GET /ve-icon-2.ico HTTP/1.1" 200 2238 "-" "Mozilla/4.0 (compatible; MSIE 7.0; Windows NT 5.1; .NET CLR 2.0.50727)"
65.55.211.171 - - [22/Jun/2009:19:13:01 +0200] "GET /robots.txt HTTP/1.1" 200 64 "-" "msnbot/1.1 (+http://search.msn.com/msnbot.htm)"
65.55.211.171 - - [22/Jun/2009:19:13:02 +0200] "GET /f-horrorkatze.html HTTP/1.1" 200 7865 "-" "msnbot/1.1 (+http://search.msn.com/msnbot.htm)"
65.55.211.167 - - [22/Jun/2009:19:17:32 +0200] "GET /robots.txt HTTP/1.1" 200 64 "-" "msnbot/1.1 (+http://search.msn.com/msnbot.htm)"
65.55.211.167 - - [22/Jun/2009:19:17:33 +0200] "GET /bmpp/euro_pal_1.html HTTP/1.1" 200 18252 "-" "msnbot/1.1 (+http://search.msn.com/msnbot.htm)"
123.125.66.49 - - [22/Jun/2009:19:51:31 +0200] "GET /robots.txt HTTP/1.1" 200 64 "-" "Baiduspider+(+http://www.baidu.com/search/spider.htm)"
38.108.180.12 - - [22/Jun/2009:20:01:19 +0200] "GET /robots.txt HTTP/1.1" 200 64 "-" "Mozilla/5.0 (compatible; ScoutJet; +http://www.scoutjet.com/)"
193.252.118.175 - - [22/Jun/2009:20:01:24 +0200] "GET /bmpp/euro_pal_111.html HTTP/1.1" 200 2129 "-" "Mozilla/5.0 (Windows; U; Windows NT 5.1; fr; rv:1.8.1) VoilaBot BETA 1.2 (support.voilabot@orange-ftgroup.com)"
38.108.180.12 - - [22/Jun/2009:20:01:53 +0200] "GET /framez.html HTTP/1.1" 200 3959 "-" "Mozilla/5.0 (compatible; ScoutJet; +http://www.scoutjet.com/)"
38.108.180.12 - - [22/Jun/2009:20:02:53 +0200] "GET /framez-rez.html HTTP/1.1" 200 4323 "-" "Mozilla/5.0 (compatible; ScoutJet; +http://www.scoutjet.com/)"
65.55.106.107 - - [22/Jun/2009:20:03:16 +0200] "GET /robots.txt HTTP/1.1" 302 363 "-" "msnbot/2.0b (+http://search.msn.com/msnbot.htm)"
65.55.106.107 - - [22/Jun/2009:20:03:16 +0200] "GET /zampa/robots.txt HTTP/1.1" 404 2748 "-" "msnbot/2.0b (+http://search.msn.com/msnbot.htm)"
38.108.180.12 - - [22/Jun/2009:20:03:44 +0200] "GET /menue.html HTTP/1.1" 404 2748 "-" "Mozilla/5.0 (compatible; ScoutJet; +http://www.scoutjet.com/)"
72.30.79.93 - - [22/Jun/2009:20:09:01 +0200] "GET /logs/ HTTP/1.0" 200 11511 "-" "Mozilla/5.0 (compatible; Yahoo! Slurp/3.0; http://help.yahoo.com/help/us/ysearch/slurp)"
193.252.118.174 - - [22/Jun/2009:20:11:01 +0200] "GET /neon/europa.html HTTP/1.1" 200 389 "-" "Mozilla/5.0 (Windows; U; Windows NT 5.1; fr; rv:1.8.1) VoilaBot BETA 1.2 (support.voilabot@orange-ftgroup.com)"
72.30.79.93 - - [22/Jun/2009:20:11:20 +0200] "GET /logs/usage_200901.html HTTP/1.0" 200 167238 "-" "Mozilla/5.0 (compatible; Yahoo! Slurp/3.0; http://help.yahoo.com/help/us/ysearch/slurp)"
72.30.79.93 - - [22/Jun/2009:20:13:14 +0200] "GET /logs/usage_200808.html HTTP/1.0" 200 167489 "-" "Mozilla/5.0 (compatible; Yahoo! Slurp/3.0; http://help.yahoo.com/help/us/ysearch/slurp)"
65.55.211.158 - - [22/Jun/2009:20:19:14 +0200] "GET /robots.txt HTTP/1.1" 200 64 "-" "msnbot/1.1 (+http://search.msn.com/msnbot.htm)"
65.55.211.158 - - [22/Jun/2009:20:19:15 +0200] "GET /framez.html HTTP/1.1" 200 3959 "-" "msnbot/1.1 (+http://search.msn.com/msnbot.htm)"
65.55.211.158 - - [22/Jun/2009:20:21:03 +0200] "GET /robots.txt HTTP/1.1" 200 64 "-" "msnbot/1.0 (+http://search.msn.com/msnbot.htm)"
65.55.211.158 - - [22/Jun/2009:20:21:03 +0200] "GET /frame-menu.html HTTP/1.1" 200 10500 "-" "msnbot/1.0 (+http://search.msn.com/msnbot.htm)"
65.55.211.158 - - [22/Jun/2009:20:21:04 +0200] "GET /frame-inhalt.html HTTP/1.1" 200 7688 "-" "msnbot/1.0 (+http://search.msn.com/msnbot.htm)"
65.55.211.158 - - [22/Jun/2009:20:21:04 +0200] "GET /frame-unten.html HTTP/1.1" 200 5308 "-" "msnbot/1.0 (+http://search.msn.com/msnbot.htm)"
65.55.110.24 - - [22/Jun/2009:20:22:10 +0200] "GET /framez.html HTTP/1.0" 200 3959 "http://search.live.com/results.aspx?q=various" "Mozilla/4.0 (compatible; MSIE 6.0; Windows NT 5.2; SV1; .NET CLR 1.1.4322)"
65.55.110.24 - - [22/Jun/2009:20:22:12 +0200] "GET /style/various-euro.css HTTP/1.0" 200 3437 "http://www.various-euro.com/framez.html" "Mozilla/4.0 (compatible; MSIE 6.0; Windows NT 5.2; SV1; .NET CLR 1.1.4322)"
65.55.110.24 - - [22/Jun/2009:20:22:15 +0200] "GET /frame-menu.html HTTP/1.0" 200 10500 "http://www.various-euro.com/framez.html" "Mozilla/4.0 (compatible; MSIE 6.0; Windows NT 5.2; SV1; .NET CLR 1.1.4322)"
65.55.110.24 - - [22/Jun/2009:20:22:19 +0200] "GET /frame-inhalt.html HTTP/1.0" 200 7688 "http://www.various-euro.com/framez.html" "Mozilla/4.0 (compatible; MSIE 6.0; Windows NT 5.2; SV1; .NET CLR 1.1.4322)"
65.55.110.24 - - [22/Jun/2009:20:22:20 +0200] "GET /frame-unten.html HTTP/1.0" 200 5308 "http://www.various-euro.com/framez.html" "Mozilla/4.0 (compatible; MSIE 6.0; Windows NT 5.2; SV1; .NET CLR 1.1.4322)"
65.55.110.24 - - [22/Jun/2009:20:22:24 +0200] "GET /style/various-euro.css HTTP/1.0" 200 3437 "http://www.various-euro.com/frame-menu.html" "Mozilla/4.0 (compatible; MSIE 6.0; Windows NT 5.2; SV1; .NET CLR 1.1.4322)"
72.30.79.93 - - [22/Jun/2009:20:29:34 +0200] "GET /frame-unten.html HTTP/1.0" 200 5308 "-" "Mozilla/5.0 (compatible; Yahoo! Slurp/3.0; http://help.yahoo.com/help/us/ysearch/slurp)"
65.55.211.160 - - [22/Jun/2009:20:33:08 +0200] "GET /ie_menue.html HTTP/1.1" 404 2748 "-" "msnbot/1.1 (+http://search.msn.com/msnbot.htm)"
65.55.106.115 - - [22/Jun/2009:20:34:58 +0200] "GET /robots.txt HTTP/1.1" 200 64 "-" "msnbot/2.0b (+http://search.msn.com/msnbot.htm)"
193.252.118.174 - - [22/Jun/2009:20:46:32 +0200] "GET /neon/girlz3.html HTTP/1.1" 200 2479 "-" "Mozilla/5.0 (Windows; U; Windows NT 5.1; fr; rv:1.8.1) VoilaBot BETA 1.2 (support.voilabot@orange-ftgroup.com)"
72.14.199.8 - - [22/Jun/2009:20:48:49 +0200] "GET / HTTP/1.1" 302 353 "-" "Feedfetcher-Google; (+http://www.google.com/feedfetcher.html; 1 subscribers; feed-id=5454548576667470243)"
72.14.199.85 - - [22/Jun/2009:20:48:49 +0200] "GET /zampa/ HTTP/1.1" 200 7153 "-" "Feedfetcher-Google; (+http://www.google.com/feedfetcher.html; 1 subscribers; feed-id=5454548576667470243)"
66.249.72.227 - - [22/Jun/2009:21:02:48 +0200] "GET /robots.txt HTTP/1.1" 302 363 "-" "Mozilla/5.0 (compatible; Googlebot/2.1; +http://www.google.com/bot.html)"
66.249.72.227 - - [22/Jun/2009:21:02:48 +0200] "GET /zampa/robots.txt HTTP/1.1" 404 2748 "-" "Mozilla/5.0 (compatible; Googlebot/2.1; +http://www.google.com/bot.html)"
66.249.72.227 - - [22/Jun/2009:21:02:48 +0200] "GET /%3E HTTP/1.1" 302 356 "-" "Mozilla/5.0 (compatible; Googlebot/2.1; +http://www.google.com/bot.html)"
66.249.72.227 - - [22/Jun/2009:21:02:49 +0200] "GET /robots.txt HTTP/1.1" 200 64 "-" "Mozilla/5.0 (compatible; Googlebot/2.1; +http://www.google.com/bot.html)"
66.249.72.227 - - [22/Jun/2009:21:02:49 +0200] "GET /zampa/%3E HTTP/1.1" 404 2748 "-" "Mozilla/5.0 (compatible; Googlebot/2.1; +http://www.google.com/bot.html)"
66.249.72.227 - - [22/Jun/2009:21:07:35 +0200] "GET /%3E) HTTP/1.1" 302 357 "-" "Mozilla/5.0 (compatible; Googlebot/2.1; +http://www.google.com/bot.html)"
66.249.72.227 - - [22/Jun/2009:21:07:36 +0200] "GET /zampa/%3E) HTTP/1.1" 404 2748 "-" "Mozilla/5.0 (compatible; Googlebot/2.1; +http://www.google.com/bot.html)"
66.249.72.227 - - [22/Jun/2009:21:12:24 +0200] "GET /%3E%5D HTTP/1.1" 302 359 "-" "Mozilla/5.0 (compatible; Googlebot/2.1; +http://www.google.com/bot.html)"
66.249.72.227 - - [22/Jun/2009:21:12:25 +0200] "GET /zampa/%3E%5D HTTP/1.1" 404 2748 "-" "Mozilla/5.0 (compatible; Googlebot/2.1; +http://www.google.com/bot.html)"
66.249.72.227 - - [22/Jun/2009:21:22:04 +0200] "GET /zampa/ HTTP/1.1" 200 7153 "-" "Mozilla/5.0 (compatible; Googlebot/2.1; +http://www.google.com/bot.html)"
72.30.79.93 - - [22/Jun/2009:21:25:53 +0200] "GET /logs/usage_200512.html HTTP/1.0" 404 2748 "-" "Mozilla/5.0 (compatible; Yahoo! Slurp/3.0; http://help.yahoo.com/help/us/ysearch/slurp)"
74.86.223.42 - - [22/Jun/2009:21:26:11 +0200] "GET / HTTP/1.1" 206 7869 "http://www.followsite.com/bot.html" "FollowSite Bot ( http://www.followsite.com/bot.html )"
81.52.143.37 - - [22/Jun/2009:21:52:23 +0200] "GET /neon/left-one-new.html HTTP/1.1" 200 1483 "-" "Mozilla/5.0 (Windows; U; Windows NT 5.1; fr; rv:1.8.1) VoilaBot BETA 1.2 (support.voilabot@orange-ftgroup.com)"
193.252.118.173 - - [22/Jun/2009:21:53:32 +0200] "GET /neon/euro.html HTTP/1.1" 200 2212 "-" "Mozilla/5.0 (Windows; U; Windows NT 5.1; fr; rv:1.8.1) VoilaBot BETA 1.2 (support.voilabot@orange-ftgroup.com)"
220.199.184.27 - - [22/Jun/2009:22:11:17 +0200] "GET /schubb/schubb-5.html HTTP/1.1" 200 72944 "http://www.various-euro.com/schubb/schubb-5.html" "Mozilla/4.0 (compatible; MSIE 6.0; Windows NT 5.1; FREE; .NET CLR 1.1.4322)"
121.9.221.187 - - [22/Jun/2009:22:11:24 +0200] "GET /schubb/schubb-5.html HTTP/1.1" 200 41645 "http://www.various-euro.com/schubb/schubb-5.html" "Mozilla/4.0 (compatible; MSIE 6.0; Windows NT 5.1; FREE; .NET CLR 1.1.4322)"
83.239.124.5 - - [22/Jun/2009:22:11:30 +0200] "GET /schubb/schubb-5.html HTTP/1.0" 200 72944 "http://www.various-euro.com/schubb/schubb-5.html" "Mozilla/4.0 (compatible; MSIE 6.0; Windows NT 5.1; FREE; .NET CLR 1.1.4322)"
65.55.211.172 - - [22/Jun/2009:22:23:34 +0200] "GET /robots.txt HTTP/1.1" 200 64 "-" "msnbot/1.1 (+http://search.msn.com/msnbot.htm)"
65.55.211.172 - - [22/Jun/2009:22:23:34 +0200] "GET /framez-girlz.html HTTP/1.1" 200 4271 "-" "msnbot/1.1 (+http://search.msn.com/msnbot.htm)"
65.55.211.172 - - [22/Jun/2009:22:25:59 +0200] "GET /robots.txt HTTP/1.1" 200 64 "-" "msnbot/1.0 (+http://search.msn.com/msnbot.htm)"
65.55.211.172 - - [22/Jun/2009:22:25:59 +0200] "GET /frame-menu.html HTTP/1.1" 200 10500 "-" "msnbot/1.0 (+http://search.msn.com/msnbot.htm)"
65.55.211.172 - - [22/Jun/2009:22:25:59 +0200] "GET /neon/girlz2.html HTTP/1.1" 200 2937 "-" "msnbot/1.0 (+http://search.msn.com/msnbot.htm)"
65.55.211.172 - - [22/Jun/2009:22:26:00 +0200] "GET /frame-unten.html HTTP/1.1" 200 5308 "-" "msnbot/1.0 (+http://search.msn.com/msnbot.htm)"
201.12.62.4 - - [22/Jun/2009:22:27:41 +0200] "HEAD /logs/usage_200905.html HTTP/1.0" 200 - "-" "Mozilla/4.0 (compatible; MSIE 6.0; Windows NT 5.2; SV1; .NET CLR 1.1.4322; .NET CLR 2.0.50727)"
72.14.199.8 - - [22/Jun/2009:22:43:33 +0200] "GET / HTTP/1.1" 302 353 "-" "Feedfetcher-Google; (+http://www.google.com/feedfetcher.html; 1 subscribers; feed-id=5454548576667470243)"
72.14.199.85 - - [22/Jun/2009:22:43:34 +0200] "GET /zampa/ HTTP/1.1" 200 7153 "-" "Feedfetcher-Google; (+http://www.google.com/feedfetcher.html; 1 subscribers; feed-id=5454548576667470243)"
65.55.211.161 - - [22/Jun/2009:22:47:30 +0200] "GET /robots.txt HTTP/1.1" 200 64 "-" "msnbot/1.1 (+http://search.msn.com/msnbot.htm)"
65.55.211.161 - - [22/Jun/2009:22:47:33 +0200] "GET /zampa-lovers/index.html HTTP/1.1" 200 37790 "-" "msnbot/1.1 (+http://search.msn.com/msnbot.htm)"
65.55.106.192 - - [22/Jun/2009:22:49:20 +0200] "GET /robots.txt HTTP/1.1" 200 64 "-" "msnbot/2.0b (+http://search.msn.com/msnbot.htm)"
65.55.211.170 - - [22/Jun/2009:22:55:09 +0200] "GET /robots.txt HTTP/1.1" 200 64 "-" "msnbot/1.1 (+http://search.msn.com/msnbot.htm)"
65.55.211.170 - - [22/Jun/2009:22:55:09 +0200] "GET /f-doku-brau.html HTTP/1.1" 200 7152 "-" "msnbot/1.1 (+http://search.msn.com/msnbot.htm)"
81.52.143.33 - - [22/Jun/2009:23:00:43 +0200] "GET /bmpp/18.html HTTP/1.1" 200 4467 "-" "Mozilla/5.0 (Windows; U; Windows NT 5.1; fr; rv:1.8.1) VoilaBot BETA 1.2 (support.voilabot@orange-ftgroup.com)"
61.247.221.89 - - [22/Jun/2009:23:19:05 +0200] "GET /robots.txt HTTP/1.1" 200 64 "-" "Mozilla/4.0 (compatible; NaverBot/1.0; http://help.naver.com/customer_webtxt_02.jsp)"
61.247.221.89 - - [22/Jun/2009:23:19:21 +0200] "GET /your_tour.html HTTP/1.1" 200 31750 "-" "Mozilla/4.0 (compatible; NaverBot/1.0; http://help.naver.com/customer_webtxt_02.jsp)"
61.247.221.89 - - [22/Jun/2009:23:19:35 +0200] "GET /restate_copy.html HTTP/1.1" 200 97631 "-" "Mozilla/4.0 (compatible; NaverBot/1.0; http://help.naver.com/customer_webtxt_02.jsp)"
193.252.149.16 - - [22/Jun/2009:23:20:46 +0200] "GET /DgH/rampe/index.html HTTP/1.1" 200 2056 "-" "Mozilla/5.0 (Windows; U; Windows NT 5.1; fr; rv:1.8.1) VoilaBot BETA 1.2 (support.voilabot@orange-ftgroup.com)"
193.252.149.14 - - [22/Jun/2009:23:28:44 +0200] "GET /DgH/ HTTP/1.1" 200 5024 "-" "Mozilla/5.0 (Windows; U; Windows NT 5.1; fr; rv:1.8.1) VoilaBot BETA 1.2 (support.voilabot@orange-ftgroup.com)"
193.252.118.174 - - [22/Jun/2009:23:30:59 +0200] "GET /neon/slow-walk2.html HTTP/1.1" 200 1777 "-" "Mozilla/5.0 (Windows; U; Windows NT 5.1; fr; rv:1.8.1) VoilaBot BETA 1.2 (support.voilabot@orange-ftgroup.com)"
213.239.237.21 - - [22/Jun/2009:23:58:02 +0200] "GET / HTTP/1.0" 200 7869 "-" "-"
38.108.180.25 - - [23/Jun/2009:00:03:08 +0200] "GET /robots.txt HTTP/1.1" 200 64 "-" "Mozilla/5.0 (compatible; ScoutJet; +http://www.scoutjet.com/)"
38.108.180.25 - - [23/Jun/2009:00:03:40 +0200] "GET / HTTP/1.1" 200 7869 "-" "Mozilla/5.0 (compatible; ScoutJet; +http://www.scoutjet.com/)"
85.57.218.16 - - [23/Jun/2009:00:09:43 +0200] "GET / HTTP/1.1" 200 7869 "http://www.google.com" "Googlebot/2.1 (+http://www.google.com/bot.html)"
65.55.211.172 - - [23/Jun/2009:00:19:11 +0200] "GET /3dsf3/sendi/body.html HTTP/1.1" 200 1322 "-" "msnbot/1.1 (+http://search.msn.com/msnbot.htm)"
65.55.211.170 - - [23/Jun/2009:00:44:25 +0200] "GET /3dsf3/sendi/index.html HTTP/1.1" 200 1837 "-" "msnbot/1.1 (+http://search.msn.com/msnbot.htm)"
193.252.118.175 - - [23/Jun/2009:01:03:55 +0200] "GET /robots.txt HTTP/1.1" 200 64 "-" "Mozilla/5.0 (Windows; U; Windows NT 5.1; fr; rv:1.8.1) VoilaBot BETA 1.2 (support.voilabot@orange-ftgroup.com)"
193.252.118.175 - - [23/Jun/2009:01:03:59 +0200] "GET / HTTP/1.1" 200 7869 "-" "Mozilla/5.0 (Windows; U; Windows NT 5.1; fr; rv:1.8.1) VoilaBot BETA 1.2 (support.voilabot@orange-ftgroup.com)"
66.249.72.227 - - [23/Jun/2009:01:25:21 +0200] "GET / HTTP/1.1" 200 7869 "-" "Mozilla/5.0 (compatible; Googlebot/2.1; +http://www.google.com/bot.html)"
66.249.68.148 - - [23/Jun/2009:01:27:34 +0200] "GET / HTTP/1.1" 302 353 "-" "Mozilla/5.0 (compatible; Googlebot/2.1; +http://www.google.com/bot.html)"
208.80.195.34 - - [23/Jun/2009:01:35:57 +0200] "GET / HTTP/1.0" 200 7869 "-" "Mozilla/4.0 (compatible; MSIE 7.0; Windows NT 6.0; SLCC1; .NET CLR 2.0.50727; Media Center PC 5.0; .NET CLR 3.0.04320; InfoPath.2)"
208.80.195.34 - - [23/Jun/2009:01:35:57 +0200] "GET / HTTP/1.0" 200 7869 "-" "Mozilla/4.0 (compatible; MSIE 7.0; AOL 9.0; Windows NT 5.1; Congoo NetPass; .NET CLR 1.0.3705; .NET CLR 1.1.4322; Media Center PC 4.0; InfoPath.1; .NET CLR 2.0.50727)"
72.14.199.8 - - [23/Jun/2009:01:44:12 +0200] "GET / HTTP/1.1" 302 353 "-" "Feedfetcher-Google; (+http://www.google.com/feedfetcher.html; 1 subscribers; feed-id=5454548576667470243)"
72.14.199.85 - - [23/Jun/2009:01:45:33 +0200] "GET /zampa/ HTTP/1.1" 200 7153 "-" "Feedfetcher-Google; (+http://www.google.com/feedfetcher.html; 1 subscribers; feed-id=5454548576667470243)"
72.30.79.93 - - [23/Jun/2009:01:55:15 +0200] "GET /logs/usage_200612.html HTTP/1.0" 404 2748 "-" "Mozilla/5.0 (compatible; Yahoo! Slurp/3.0; http://help.yahoo.com/help/us/ysearch/slurp)"
72.30.79.93 - - [23/Jun/2009:01:59:28 +0200] "GET /sendi_agent.html HTTP/1.0" 200 8791 "-" "Mozilla/5.0 (compatible; Yahoo! Slurp/3.0; http://help.yahoo.com/help/us/ysearch/slurp)"
72.30.79.93 - - [23/Jun/2009:01:59:29 +0200] "GET /3dsf3/sendi/sendisendi.html HTTP/1.0" 200 5118 "http://www.various-euro.com/sendi_agent.html" "Mozilla/5.0 (compatible; Yahoo! Slurp/3.0; http://help.yahoo.com/help/us/ysearch/slurp)"
72.30.79.93 - - [23/Jun/2009:01:59:29 +0200] "GET /3dsf3/sendi/index.html HTTP/1.0" 200 1837 "http://www.various-euro.com/sendi_agent.html" "Mozilla/5.0 (compatible; Yahoo! Slurp/3.0; http://help.yahoo.com/help/us/ysearch/slurp)"
72.30.79.93 - - [23/Jun/2009:01:59:30 +0200] "GET /3dsf3/sendi/formate.css HTTP/1.0" 200 474 "http://www.various-euro.com/3dsf3/sendi/sendisendi.html" "Mozilla/5.0 (compatible; Yahoo! Slurp/3.0; http://help.yahoo.com/help/us/ysearch/slurp)"
81.52.143.37 - - [23/Jun/2009:02:11:37 +0200] "GET /warez.html HTTP/1.1" 200 9754 "-" "Mozilla/5.0 (Windows; U; Windows NT 5.1; fr; rv:1.8.1) VoilaBot BETA 1.2 (support.voilabot@orange-ftgroup.com)"
193.252.149.13 - - [23/Jun/2009:02:13:47 +0200] "GET /framez.html HTTP/1.1" 200 3959 "-" "Mozilla/5.0 (Windows; U; Windows NT 5.1; fr; rv:1.8.1) VoilaBot BETA 1.2 (support.voilabot@orange-ftgroup.com)"
193.252.149.13 - - [23/Jun/2009:02:14:05 +0200] "GET /frame-menu.html HTTP/1.1" 200 10500 "-" "Mozilla/5.0 (Windows; U; Windows NT 5.1; fr; rv:1.8.1) VoilaBot BETA 1.2 (support.voilabot@orange-ftgroup.com)"
193.252.149.13 - - [23/Jun/2009:02:14:05 +0200] "GET /frame-inhalt.html HTTP/1.1" 200 7688 "-" "Mozilla/5.0 (Windows; U; Windows NT 5.1; fr; rv:1.8.1) VoilaBot BETA 1.2 (support.voilabot@orange-ftgroup.com)"
193.252.149.13 - - [23/Jun/2009:02:14:05 +0200] "GET /frame-unten.html HTTP/1.1" 200 5308 "-" "Mozilla/5.0 (Windows; U; Windows NT 5.1; fr; rv:1.8.1) VoilaBot BETA 1.2 (support.voilabot@orange-ftgroup.com)"
74.86.223.42 - - [23/Jun/2009:02:38:17 +0200] "GET / HTTP/1.1" 206 7869 "http://www.followsite.com/bot.html" "FollowSite Bot ( http://www.followsite.com/bot.html )"
207.70.3.141 - - [23/Jun/2009:03:11:38 +0200] "GET / HTTP/1.1" 200 7869 "-" "Mozilla/4.0 (compatible; MSIE 6.0; Windows NT 5.0; DigExt)"
81.52.143.30 - - [23/Jun/2009:03:28:23 +0200] "GET /f-maintitle.html HTTP/1.1" 200 5030 "-" "Mozilla/5.0 (Windows; U; Windows NT 5.1; fr; rv:1.8.1) VoilaBot BETA 1.2 (support.voilabot@orange-ftgroup.com)"
81.52.143.29 - - [23/Jun/2009:03:34:53 +0200] "GET /f-warez.html HTTP/1.1" 200 10953 "-" "Mozilla/5.0 (Windows; U; Windows NT 5.1; fr; rv:1.8.1) VoilaBot BETA 1.2 (support.voilabot@orange-ftgroup.com)"
72.30.79.93 - - [23/Jun/2009:03:52:43 +0200] "GET /robots.txt HTTP/1.0" 200 64 "-" "Mozilla/5.0 (compatible; Yahoo! Slurp; http://help.yahoo.com/help/us/ysearch/slurp)"
72.30.79.93 - - [23/Jun/2009:03:52:44 +0200] "GET /euro.html HTTP/1.0" 404 2748 "-" "Mozilla/5.0 (compatible; Yahoo! Slurp/3.0; http://help.yahoo.com/help/us/ysearch/slurp)"
208.115.111.243 - - [23/Jun/2009:04:04:14 +0200] "GET /robots.txt HTTP/1.1" 302 363 "-" "Mozilla/5.0 (compatible; DotBot/1.1; http://www.dotnetdotcom.org/, crawler@dotnetdotcom.org)"
208.115.111.243 - - [23/Jun/2009:04:04:14 +0200] "GET /robots.txt HTTP/1.1" 200 64 "-" "Mozilla/5.0 (compatible; DotBot/1.1; http://www.dotnetdotcom.org/, crawler@dotnetdotcom.org)"
208.115.111.243 - - [23/Jun/2009:04:04:14 +0200] "GET /robots.txt HTTP/1.1" 200 64 "-" "Mozilla/5.0 (compatible; DotBot/1.1; http://www.dotnetdotcom.org/, crawler@dotnetdotcom.org)"
208.115.111.243 - - [23/Jun/2009:04:04:15 +0200] "GET /zampa/robots.txt HTTP/1.1" 404 2748 "-" "Mozilla/5.0 (compatible; DotBot/1.1; http://www.dotnetdotcom.org/, crawler@dotnetdotcom.org)"
217.219.175.131 - - [23/Jun/2009:04:07:57 +0200] "GET /framez.html HTTP/1.0" 200 3959 "http://images.search.yahoo.com/images/view?back=http%3A%2F%2Fimages.search.yahoo.com%2Fsearch%2Fimages%3Fp%3Deuro%2Bgirl%26ei%3Dutf-8%26fr%3Dyfp-t-501%26fr2%3Dsfp&w=160&h=120&imgurl=ss.darktube.com%2Fthumbs%2F13400.jpg&rurl=http%3A%2F%2Fwww.darktube.com%2F&size=8k&name=Euro+Girl+Needs+...&p=euro+girl&oid=6629066b45cb42c2&fr2=sfp&no=1&tt=25048&sigr=10oa24mpq&sigi=110i7l70q&sigb=12mhoqnn1" "Mozilla/4.0 (compatible; MSIE 6.0; Windows NT 5.1; SV1)"
217.219.175.131 - - [23/Jun/2009:04:07:57 +0200] "GET /bannerz/various-euro-girl.jpg HTTP/1.0" 200 91514 "http://images.search.yahoo.com/images/view?back=http%3A%2F%2Fimages.search.yahoo.com%2Fsearch%2Fimages%3Fp%3Deuro%2Bgirl%26ei%3Dutf-8%26fr%3Dyfp-t-501%26fr2%3Dsfp&w=160&h=120&imgurl=ss.darktube.com%2Fthumbs%2F13400.jpg&rurl=http%3A%2F%2Fwww.darktube.com%2F&size=8k&name=Euro+Girl+Needs+...&p=euro+girl&oid=6629066b45cb42c2&fr2=sfp&no=1&tt=25048&sigr=10oa24mpq&sigi=110i7l70q&sigb=12mhoqnn1" "Mozilla/4.0 (compatible; MSIE 6.0; Windows NT 5.1; SV1)"
74.6.8.120 - - [23/Jun/2009:04:08:10 +0200] "GET /robots.txt HTTP/1.0" 200 64 "-" "Mozilla/5.0 (compatible; Yahoo! Slurp; http://help.yahoo.com/help/us/ysearch/slurp)"
74.6.8.120 - - [23/Jun/2009:04:08:10 +0200] "GET /f-maintitle.html HTTP/1.0" 200 5030 "-" "Mozilla/5.0 (compatible; Yahoo! Slurp/3.0; http://help.yahoo.com/help/us/ysearch/slurp)"
217.219.175.131 - - [23/Jun/2009:04:09:53 +0200] "GET /bannerz/various-euro-girl.jpg HTTP/1.0" 200 91514 "http://images.search.yahoo.com/images/view?back=http%3A%2F%2Fimages.search.yahoo.com%2Fsearch%2Fimages%3Fp%3Deuro%2Bgirl%26ei%3Dutf-8%26fr%3Dyfp-t-501%26fr2%3Dsfp&w=160&h=120&imgurl=ss.darktube.com%2Fthumbs%2F13400.jpg&rurl=http%3A%2F%2Fwww.darktube.com%2F&size=8k&name=Euro+Girl+Needs+...&p=euro+girl&oid=6629066b45cb42c2&fr2=sfp&no=1&tt=25048&sigr=10oa24mpq&sigi=110i7l70q&sigb=12mhoqnn1" "Mozilla/4.0 (compatible; MSIE 6.0; Windows NT 5.1; SV1)"
72.30.79.93 - - [23/Jun/2009:04:13:24 +0200] "GET /f-actions.html HTTP/1.0" 200 11686 "-" "Mozilla/5.0 (compatible; Yahoo! Slurp/3.0; http://help.yahoo.com/help/us/ysearch/slurp)"
94.102.51.196 - - [23/Jun/2009:04:24:16 +0200] "GET / HTTP/1.0" 200 7869 "http://www.various-euro.com/" "Mozilla/4.79 [en] (Windows NT 5.0; U)"
72.14.199.8 - - [23/Jun/2009:04:45:41 +0200] "GET / HTTP/1.1" 302 353 "-" "Feedfetcher-Google; (+http://www.google.com/feedfetcher.html; 1 subscribers; feed-id=5454548576667470243)"
72.14.199.85 - - [23/Jun/2009:04:45:42 +0200] "GET /zampa/ HTTP/1.1" 200 7153 "-" "Feedfetcher-Google; (+http://www.google.com/feedfetcher.html; 1 subscribers; feed-id=5454548576667470243)"
72.30.79.93 - - [23/Jun/2009:04:45:59 +0200] "GET /framez-restate.html HTTP/1.0" 200 4328 "-" "Mozilla/5.0 (compatible; Yahoo! Slurp/3.0; http://help.yahoo.com/help/us/ysearch/slurp)"
