87.162.24.182 - - [06/Jun/2009:10:04:56 +0200] "GET /bannerz/neon_click_3.gif HTTP/1.1" 200 240 "http://various-euro.com/frame-inhalt.html" "Mozilla/5.0 (X11; U; Linux i686; de; rv:1.9.0.10) Gecko/2009042523 Ubuntu/9.04 (jaunty) Firefox/3.0.10"
87.162.24.182 - - [06/Jun/2009:10:04:56 +0200] "GET /bannerz/neon_click_2.gif HTTP/1.1" 200 387 "http://various-euro.com/frame-inhalt.html" "Mozilla/5.0 (X11; U; Linux i686; de; rv:1.9.0.10) Gecko/2009042523 Ubuntu/9.04 (jaunty) Firefox/3.0.10"
87.162.24.182 - - [06/Jun/2009:10:04:56 +0200] "GET /bannerz/neon_click_1.gif HTTP/1.1" 200 890 "http://various-euro.com/frame-inhalt.html" "Mozilla/5.0 (X11; U; Linux i686; de; rv:1.9.0.10) Gecko/2009042523 Ubuntu/9.04 (jaunty) Firefox/3.0.10"
87.162.24.182 - - [06/Jun/2009:10:04:56 +0200] "GET /bannerz/douwil.gif HTTP/1.1" 200 528 "http://various-euro.com/frame-inhalt.html" "Mozilla/5.0 (X11; U; Linux i686; de; rv:1.9.0.10) Gecko/2009042523 Ubuntu/9.04 (jaunty) Firefox/3.0.10"
87.162.24.182 - - [06/Jun/2009:10:04:56 +0200] "GET /bannerz/anti_black_small.gif HTTP/1.1" 200 1009 "http://various-euro.com/frame-inhalt.html" "Mozilla/5.0 (X11; U; Linux i686; de; rv:1.9.0.10) Gecko/2009042523 Ubuntu/9.04 (jaunty) Firefox/3.0.10"
87.162.24.182 - - [06/Jun/2009:10:04:56 +0200] "GET /bannerz/copyleft_black_small.gif HTTP/1.1" 200 1231 "http://various-euro.com/frame-inhalt.html" "Mozilla/5.0 (X11; U; Linux i686; de; rv:1.9.0.10) Gecko/2009042523 Ubuntu/9.04 (jaunty) Firefox/3.0.10"
87.162.24.182 - - [06/Jun/2009:10:04:56 +0200] "GET /bannerz/ve.jpg HTTP/1.1" 200 36912 "http://various-euro.com/frame-unten.html" "Mozilla/5.0 (X11; U; Linux i686; de; rv:1.9.0.10) Gecko/2009042523 Ubuntu/9.04 (jaunty) Firefox/3.0.10"
87.162.24.182 - - [06/Jun/2009:10:04:56 +0200] "GET /bannerz/wet.gif HTTP/1.1" 200 18561 "http://various-euro.com/frame-inhalt.html" "Mozilla/5.0 (X11; U; Linux i686; de; rv:1.9.0.10) Gecko/2009042523 Ubuntu/9.04 (jaunty) Firefox/3.0.10"
87.162.24.182 - - [06/Jun/2009:10:04:56 +0200] "GET /bannerz/various-euro-girl.jpg HTTP/1.1" 200 91514 "http://various-euro.com/frame-unten.html" "Mozilla/5.0 (X11; U; Linux i686; de; rv:1.9.0.10) Gecko/2009042523 Ubuntu/9.04 (jaunty) Firefox/3.0.10"
87.162.24.182 - - [06/Jun/2009:10:05:03 +0200] "GET /sendi_agent.html HTTP/1.1" 200 8791 "http://various-euro.com/frame-menu.html" "Mozilla/5.0 (X11; U; Linux i686; de; rv:1.9.0.10) Gecko/2009042523 Ubuntu/9.04 (jaunty) Firefox/3.0.10"
87.162.24.182 - - [06/Jun/2009:10:05:03 +0200] "GET /bannerz/horrorkatze/various-sendi.jpg HTTP/1.1" 200 6368 "http://various-euro.com/sendi_agent.html" "Mozilla/5.0 (X11; U; Linux i686; de; rv:1.9.0.10) Gecko/2009042523 Ubuntu/9.04 (jaunty) Firefox/3.0.10"
87.162.24.182 - - [06/Jun/2009:10:05:03 +0200] "GET /bannerz/horrorkatze/xSENDI_BA.jpg HTTP/1.1" 200 4876 "http://various-euro.com/sendi_agent.html" "Mozilla/5.0 (X11; U; Linux i686; de; rv:1.9.0.10) Gecko/2009042523 Ubuntu/9.04 (jaunty) Firefox/3.0.10"
87.162.24.182 - - [06/Jun/2009:10:05:03 +0200] "GET /3dsf3/sendi/index.html HTTP/1.1" 200 1837 "http://various-euro.com/sendi_agent.html" "Mozilla/5.0 (X11; U; Linux i686; de; rv:1.9.0.10) Gecko/2009042523 Ubuntu/9.04 (jaunty) Firefox/3.0.10"
87.162.24.182 - - [06/Jun/2009:10:05:03 +0200] "GET /3dsf3/sendi/sendisendi.html HTTP/1.1" 200 5118 "http://various-euro.com/sendi_agent.html" "Mozilla/5.0 (X11; U; Linux i686; de; rv:1.9.0.10) Gecko/2009042523 Ubuntu/9.04 (jaunty) Firefox/3.0.10"
87.162.24.182 - - [06/Jun/2009:10:05:04 +0200] "GET /3dsf3/sendi/formate.css HTTP/1.1" 200 474 "http://various-euro.com/3dsf3/sendi/index.html" "Mozilla/5.0 (X11; U; Linux i686; de; rv:1.9.0.10) Gecko/2009042523 Ubuntu/9.04 (jaunty) Firefox/3.0.10"
87.162.24.182 - - [06/Jun/2009:10:05:04 +0200] "GET /3dsf3/sendi/slike/wewant.jpg HTTP/1.1" 200 7142 "http://various-euro.com/3dsf3/sendi/index.html" "Mozilla/5.0 (X11; U; Linux i686; de; rv:1.9.0.10) Gecko/2009042523 Ubuntu/9.04 (jaunty) Firefox/3.0.10"
87.162.24.182 - - [06/Jun/2009:10:05:04 +0200] "GET /3dsf3/sendi/slike/sendi-install.jpg HTTP/1.1" 200 6966 "http://various-euro.com/3dsf3/sendi/index.html" "Mozilla/5.0 (X11; U; Linux i686; de; rv:1.9.0.10) Gecko/2009042523 Ubuntu/9.04 (jaunty) Firefox/3.0.10"
87.162.24.182 - - [06/Jun/2009:10:05:04 +0200] "GET /3dsf3/sendi/slike/various-sendi.jpg HTTP/1.1" 200 6368 "http://various-euro.com/3dsf3/sendi/index.html" "Mozilla/5.0 (X11; U; Linux i686; de; rv:1.9.0.10) Gecko/2009042523 Ubuntu/9.04 (jaunty) Firefox/3.0.10"
87.162.24.182 - - [06/Jun/2009:10:05:04 +0200] "GET /3dsf3/sendi/slike/ifi.jpg HTTP/1.1" 200 5735 "http://various-euro.com/3dsf3/sendi/index.html" "Mozilla/5.0 (X11; U; Linux i686; de; rv:1.9.0.10) Gecko/2009042523 Ubuntu/9.04 (jaunty) Firefox/3.0.10"
87.162.24.182 - - [06/Jun/2009:10:05:04 +0200] "GET /3dsf3/sendi/slike/sendichannel3.jpg HTTP/1.1" 200 10395 "http://various-euro.com/3dsf3/sendi/sendisendi.html" "Mozilla/5.0 (X11; U; Linux i686; de; rv:1.9.0.10) Gecko/2009042523 Ubuntu/9.04 (jaunty) Firefox/3.0.10"
87.162.24.182 - - [06/Jun/2009:10:05:04 +0200] "GET /3dsf3/sendi/seks_sendi.mpg HTTP/1.1" 404 2748 "http://various-euro.com/3dsf3/sendi/sendisendi.html" "Mozilla/5.0 (X11; U; Linux i686; de; rv:1.9.0.10) Gecko/2009042523 Ubuntu/9.04 (jaunty) Firefox/3.0.10"
87.162.24.182 - - [06/Jun/2009:10:05:04 +0200] "GET /3dsf3/sendi/slike/sendichannel1.jpg HTTP/1.1" 200 10755 "http://various-euro.com/3dsf3/sendi/sendisendi.html" "Mozilla/5.0 (X11; U; Linux i686; de; rv:1.9.0.10) Gecko/2009042523 Ubuntu/9.04 (jaunty) Firefox/3.0.10"
87.162.24.182 - - [06/Jun/2009:10:05:04 +0200] "GET /3dsf3/sendi/slike/SHEMA.JPG HTTP/1.1" 200 24378 "http://various-euro.com/3dsf3/sendi/sendisendi.html" "Mozilla/5.0 (X11; U; Linux i686; de; rv:1.9.0.10) Gecko/2009042523 Ubuntu/9.04 (jaunty) Firefox/3.0.10"
87.162.24.182 - - [06/Jun/2009:10:05:04 +0200] "GET /3dsf3/sendi/slike/sendichannel2.jpg HTTP/1.1" 200 9728 "http://various-euro.com/3dsf3/sendi/sendisendi.html" "Mozilla/5.0 (X11; U; Linux i686; de; rv:1.9.0.10) Gecko/2009042523 Ubuntu/9.04 (jaunty) Firefox/3.0.10"
87.162.24.182 - - [06/Jun/2009:10:05:04 +0200] "GET /3dsf3/sendi/slike/ddplugin-table.jpg HTTP/1.1" 200 10146 "http://various-euro.com/3dsf3/sendi/sendisendi.html" "Mozilla/5.0 (X11; U; Linux i686; de; rv:1.9.0.10) Gecko/2009042523 Ubuntu/9.04 (jaunty) Firefox/3.0.10"
87.162.24.182 - - [06/Jun/2009:10:05:04 +0200] "GET /3dsf3/sendi/slike/ddplugin-table2.jpg HTTP/1.1" 200 10055 "http://various-euro.com/3dsf3/sendi/sendisendi.html" "Mozilla/5.0 (X11; U; Linux i686; de; rv:1.9.0.10) Gecko/2009042523 Ubuntu/9.04 (jaunty) Firefox/3.0.10"
87.162.24.182 - - [06/Jun/2009:10:05:04 +0200] "GET /3dsf3/sendi/slike/xSENDI_BA.jpg HTTP/1.1" 200 4876 "http://various-euro.com/3dsf3/sendi/sendisendi.html" "Mozilla/5.0 (X11; U; Linux i686; de; rv:1.9.0.10) Gecko/2009042523 Ubuntu/9.04 (jaunty) Firefox/3.0.10"
87.162.24.182 - - [06/Jun/2009:10:05:04 +0200] "GET /3dsf3/sendi/seks_sendi.mpg HTTP/1.1" 404 2748 "-" "Mozilla/5.0 (X11; U; Linux i686; de; rv:1.9.0.10) Gecko/2009042523 Ubuntu/9.04 (jaunty) Firefox/3.0.10"
87.162.24.182 - - [06/Jun/2009:10:05:03 +0200] "GET /bannerz/Rena-Raedle-Vladan-Jeremic-various-euro-SENDI-Paris.jpg HTTP/1.1" 200 224132 "http://various-euro.com/sendi_agent.html" "Mozilla/5.0 (X11; U; Linux i686; de; rv:1.9.0.10) Gecko/2009042523 Ubuntu/9.04 (jaunty) Firefox/3.0.10"
87.162.24.182 - - [06/Jun/2009:10:08:32 +0200] "GET /3dsf3/sendi/index.html HTTP/1.1" 200 1837 "http://various-euro.com/sendi_agent.html" "Mozilla/5.0 (X11; U; Linux i686; de; rv:1.9.0.10) Gecko/2009042523 Ubuntu/9.04 (jaunty) Firefox/3.0.10"
87.162.24.182 - - [06/Jun/2009:10:08:32 +0200] "GET /3dsf3/sendi/sendisendi.html HTTP/1.1" 200 5118 "http://various-euro.com/sendi_agent.html" "Mozilla/5.0 (X11; U; Linux i686; de; rv:1.9.0.10) Gecko/2009042523 Ubuntu/9.04 (jaunty) Firefox/3.0.10"
87.162.24.182 - - [06/Jun/2009:10:08:32 +0200] "GET /3dsf3/sendi/formate.css HTTP/1.1" 304 - "http://various-euro.com/3dsf3/sendi/index.html" "Mozilla/5.0 (X11; U; Linux i686; de; rv:1.9.0.10) Gecko/2009042523 Ubuntu/9.04 (jaunty) Firefox/3.0.10"
87.162.24.182 - - [06/Jun/2009:10:08:32 +0200] "GET /3dsf3/sendi/slike/SHEMA.JPG HTTP/1.1" 304 - "http://various-euro.com/3dsf3/sendi/sendisendi.html" "Mozilla/5.0 (X11; U; Linux i686; de; rv:1.9.0.10) Gecko/2009042523 Ubuntu/9.04 (jaunty) Firefox/3.0.10"
87.162.24.182 - - [06/Jun/2009:10:08:32 +0200] "GET /3dsf3/sendi/slike/sendichannel3.jpg HTTP/1.1" 304 - "http://various-euro.com/3dsf3/sendi/sendisendi.html" "Mozilla/5.0 (X11; U; Linux i686; de; rv:1.9.0.10) Gecko/2009042523 Ubuntu/9.04 (jaunty) Firefox/3.0.10"
87.162.24.182 - - [06/Jun/2009:10:08:32 +0200] "GET /3dsf3/sendi/slike/wewant.jpg HTTP/1.1" 304 - "http://various-euro.com/3dsf3/sendi/index.html" "Mozilla/5.0 (X11; U; Linux i686; de; rv:1.9.0.10) Gecko/2009042523 Ubuntu/9.04 (jaunty) Firefox/3.0.10"
87.162.24.182 - - [06/Jun/2009:10:08:32 +0200] "GET /3dsf3/sendi/slike/sendi-install.jpg HTTP/1.1" 304 - "http://various-euro.com/3dsf3/sendi/index.html" "Mozilla/5.0 (X11; U; Linux i686; de; rv:1.9.0.10) Gecko/2009042523 Ubuntu/9.04 (jaunty) Firefox/3.0.10"
87.162.24.182 - - [06/Jun/2009:10:08:32 +0200] "GET /3dsf3/sendi/slike/various-sendi.jpg HTTP/1.1" 304 - "http://various-euro.com/3dsf3/sendi/index.html" "Mozilla/5.0 (X11; U; Linux i686; de; rv:1.9.0.10) Gecko/2009042523 Ubuntu/9.04 (jaunty) Firefox/3.0.10"
87.162.24.182 - - [06/Jun/2009:10:08:32 +0200] "GET /3dsf3/sendi/slike/ifi.jpg HTTP/1.1" 304 - "http://various-euro.com/3dsf3/sendi/index.html" "Mozilla/5.0 (X11; U; Linux i686; de; rv:1.9.0.10) Gecko/2009042523 Ubuntu/9.04 (jaunty) Firefox/3.0.10"
87.162.24.182 - - [06/Jun/2009:10:08:32 +0200] "GET /3dsf3/sendi/seks_sendi.mpg HTTP/1.1" 404 2748 "http://various-euro.com/3dsf3/sendi/sendisendi.html" "Mozilla/5.0 (X11; U; Linux i686; de; rv:1.9.0.10) Gecko/2009042523 Ubuntu/9.04 (jaunty) Firefox/3.0.10"
87.162.24.182 - - [06/Jun/2009:10:08:32 +0200] "GET /3dsf3/sendi/slike/sendichannel1.jpg HTTP/1.1" 304 - "http://various-euro.com/3dsf3/sendi/sendisendi.html" "Mozilla/5.0 (X11; U; Linux i686; de; rv:1.9.0.10) Gecko/2009042523 Ubuntu/9.04 (jaunty) Firefox/3.0.10"
87.162.24.182 - - [06/Jun/2009:10:08:32 +0200] "GET /3dsf3/sendi/slike/sendichannel2.jpg HTTP/1.1" 304 - "http://various-euro.com/3dsf3/sendi/sendisendi.html" "Mozilla/5.0 (X11; U; Linux i686; de; rv:1.9.0.10) Gecko/2009042523 Ubuntu/9.04 (jaunty) Firefox/3.0.10"
87.162.24.182 - - [06/Jun/2009:10:08:32 +0200] "GET /3dsf3/sendi/slike/ddplugin-table.jpg HTTP/1.1" 304 - "http://various-euro.com/3dsf3/sendi/sendisendi.html" "Mozilla/5.0 (X11; U; Linux i686; de; rv:1.9.0.10) Gecko/2009042523 Ubuntu/9.04 (jaunty) Firefox/3.0.10"
87.162.24.182 - - [06/Jun/2009:10:08:32 +0200] "GET /3dsf3/sendi/slike/ddplugin-table2.jpg HTTP/1.1" 304 - "http://various-euro.com/3dsf3/sendi/sendisendi.html" "Mozilla/5.0 (X11; U; Linux i686; de; rv:1.9.0.10) Gecko/2009042523 Ubuntu/9.04 (jaunty) Firefox/3.0.10"
87.162.24.182 - - [06/Jun/2009:10:08:32 +0200] "GET /3dsf3/sendi/slike/xSENDI_BA.jpg HTTP/1.1" 304 - "http://various-euro.com/3dsf3/sendi/sendisendi.html" "Mozilla/5.0 (X11; U; Linux i686; de; rv:1.9.0.10) Gecko/2009042523 Ubuntu/9.04 (jaunty) Firefox/3.0.10"
87.162.24.182 - - [06/Jun/2009:10:08:32 +0200] "GET /3dsf3/sendi/seks_sendi.mpg HTTP/1.1" 404 2748 "-" "Mozilla/5.0 (X11; U; Linux i686; de; rv:1.9.0.10) Gecko/2009042523 Ubuntu/9.04 (jaunty) Firefox/3.0.10"
206.206.63.81 - - [06/Jun/2009:10:24:43 +0200] "GET / HTTP/1.1" 200 7869 "-" "Mozilla/4.0 (compatible; MSIE 6.0; Windows NT 5.0; DigExt)"
72.30.79.93 - - [06/Jun/2009:10:26:15 +0200] "GET /search.html HTTP/1.0" 200 1440 "-" "Mozilla/5.0 (compatible; Yahoo! Slurp/3.0; http://help.yahoo.com/help/us/ysearch/slurp)"
38.99.44.105 - - [06/Jun/2009:10:45:24 +0200] "GET /rez/mb.jpg HTTP/1.0" 200 12467 "-" "Mozilla/5.0 (Twiceler-0.9 http://www.cuil.com/twiceler/robot.html)"
38.99.44.105 - - [06/Jun/2009:10:53:36 +0200] "GET /rez/tec.gif HTTP/1.0" 200 732 "-" "Mozilla/5.0 (Twiceler-0.9 http://www.cuil.com/twiceler/robot.html)"
212.227.119.6 - - [06/Jun/2009:11:05:32 +0200] "GET / HTTP/1.0" 200 7869 "-" "-"
72.14.199.8 - - [06/Jun/2009:11:05:37 +0200] "GET / HTTP/1.1" 302 353 "-" "Feedfetcher-Google; (+http://www.google.com/feedfetcher.html; 1 subscribers; feed-id=5454548576667470243)"
72.14.199.85 - - [06/Jun/2009:11:05:41 +0200] "GET /zampa/ HTTP/1.1" 200 7153 "-" "Feedfetcher-Google; (+http://www.google.com/feedfetcher.html; 1 subscribers; feed-id=5454548576667470243)"
65.55.211.168 - - [06/Jun/2009:11:21:59 +0200] "GET /robots.txt HTTP/1.1" 200 64 "-" "msnbot/1.1 (+http://search.msn.com/msnbot.htm)"
65.55.211.168 - - [06/Jun/2009:11:21:59 +0200] "GET /f-world.html HTTP/1.1" 200 35590 "-" "msnbot/1.1 (+http://search.msn.com/msnbot.htm)"
65.55.106.114 - - [06/Jun/2009:11:32:59 +0200] "GET /robots.txt HTTP/1.1" 200 64 "-" "msnbot/2.0b (+http://search.msn.com/msnbot.htm)"
66.249.66.35 - - [06/Jun/2009:12:06:16 +0200] "GET /logs/usage_200906.html HTTP/1.1" 404 2748 "-" "Mozilla/5.0 (compatible; Googlebot/2.1; +http://www.google.com/bot.html)"
38.99.44.105 - - [06/Jun/2009:12:07:23 +0200] "GET /rez/car.gif HTTP/1.0" 404 2748 "-" "Mozilla/5.0 (Twiceler-0.9 http://www.cuil.com/twiceler/robot.html)"
210.149.120.127 - - [06/Jun/2009:12:15:44 +0200] "GET /neon/girl-tv.html HTTP/1.1" 200 1717 "http://www.bing.com/search?q=euro+girl&first=21&FORM=PORE" "Mozilla/4.0 (compatible; MSIE 7.0; Windows NT 5.1)"
210.149.120.127 - - [06/Jun/2009:12:15:44 +0200] "GET /neon/dollar-shadow.jpg HTTP/1.1" 200 3045 "http://www.various-euro.com/neon/girl-tv.html" "Mozilla/4.0 (compatible; MSIE 7.0; Windows NT 5.1)"
210.149.120.127 - - [06/Jun/2009:12:15:45 +0200] "GET /neon/girl-tv.gif HTTP/1.1" 200 15982 "http://www.various-euro.com/neon/girl-tv.html" "Mozilla/4.0 (compatible; MSIE 7.0; Windows NT 5.1)"
207.70.60.22 - - [06/Jun/2009:12:16:21 +0200] "GET / HTTP/1.1" 200 7869 "-" "Mozilla/4.0 (compatible; MSIE 6.0; Windows NT 5.0; DigExt)"
38.99.44.105 - - [06/Jun/2009:12:40:13 +0200] "GET /bannerz/douwil.gif HTTP/1.0" 200 528 "-" "Mozilla/5.0 (Twiceler-0.9 http://www.cuil.com/twiceler/robot.html)"
208.80.195.38 - - [06/Jun/2009:13:13:24 +0200] "GET / HTTP/1.0" 200 7869 "-" "Mozilla/4.0 (compatible; MSIE 6.0; Windows NT 5.1; {132741AF-B094-7B4F-00E7-654A1900D000})"
208.80.195.38 - - [06/Jun/2009:13:13:24 +0200] "GET / HTTP/1.0" 200 7869 "-" "Mozilla/4.0 (compatible; MSIE 6.0; Windows NT 5.1; SV1; Mozilla/4.0 (compatible; MSIE 6.0; Windows NT 5.1; SV1) ; Creative ZENcast v1.02.10)"
149.254.219.27 - - [06/Jun/2009:13:45:00 +0200] "GET /bannerz/various-euro-girl.jpg HTTP/1.1" 200 91514 "http://www.airtightinteractive.com/projects/simple_image_search/app/viewer.swf" "Mozilla/4.0 (compatible; MSIE 6.0; Windows NT 5.1; SV1; .NET CLR 1.1.4322)"
72.14.199.8 - - [06/Jun/2009:14:05:45 +0200] "GET / HTTP/1.1" 302 353 "-" "Feedfetcher-Google; (+http://www.google.com/feedfetcher.html; 1 subscribers; feed-id=5454548576667470243)"
72.14.199.85 - - [06/Jun/2009:14:05:46 +0200] "GET /zampa/ HTTP/1.1" 200 7153 "-" "Feedfetcher-Google; (+http://www.google.com/feedfetcher.html; 1 subscribers; feed-id=5454548576667470243)"
38.99.44.105 - - [06/Jun/2009:14:06:22 +0200] "GET /bannerz/wet.gif HTTP/1.0" 200 18561 "-" "Mozilla/5.0 (Twiceler-0.9 http://www.cuil.com/twiceler/robot.html)"
72.30.79.93 - - [06/Jun/2009:14:09:12 +0200] "GET /DgH/rampe/index.html HTTP/1.0" 200 2056 "-" "Mozilla/5.0 (compatible; Yahoo! Slurp/3.0; http://help.yahoo.com/help/us/ysearch/slurp)"
72.30.79.93 - - [06/Jun/2009:14:09:13 +0200] "GET /DgH/rampe/pict/Rampe.mp3 HTTP/1.0" 200 8295 "http://www.various-euro.com/DgH/rampe/index.html" "Mozilla/5.0 (compatible; Yahoo! Slurp/3.0; http://help.yahoo.com/help/us/ysearch/slurp)"
65.55.51.111 - - [06/Jun/2009:14:37:11 +0200] "GET /robots.txt HTTP/1.1" 200 64 "-" "msnbot/2.0b (+http://search.msn.com/msnbot.htm)"
65.55.211.171 - - [06/Jun/2009:14:40:04 +0200] "GET /robots.txt HTTP/1.1" 200 64 "-" "msnbot/1.1 (+http://search.msn.com/msnbot.htm)"
65.55.211.171 - - [06/Jun/2009:14:40:04 +0200] "GET /frame-unten.html HTTP/1.1" 200 5308 "-" "msnbot/1.1 (+http://search.msn.com/msnbot.htm)"
38.99.44.105 - - [06/Jun/2009:14:51:31 +0200] "GET /bannerz/neon_click_2.gif HTTP/1.0" 200 387 "-" "Mozilla/5.0 (Twiceler-0.9 http://www.cuil.com/twiceler/robot.html)"
65.55.106.210 - - [06/Jun/2009:14:55:02 +0200] "GET /robots.txt HTTP/1.1" 200 64 "-" "msnbot/2.0b (+http://search.msn.com/msnbot.htm)"
190.198.37.15 - - [06/Jun/2009:15:08:39 +0200] "GET /robots.txt HTTP/1.1" 304 - "-" "Touche (+http://www.touche.com.ve)"
190.198.37.15 - - [06/Jun/2009:15:08:39 +0200] "GET / HTTP/1.1" 200 7869 "-" "Touche (+http://www.touche.com.ve)"
65.55.211.160 - - [06/Jun/2009:15:19:57 +0200] "GET /robots.txt HTTP/1.1" 200 64 "-" "msnbot/1.1 (+http://search.msn.com/msnbot.htm)"
65.55.211.160 - - [06/Jun/2009:15:19:57 +0200] "GET /f-logz_old.html HTTP/1.1" 200 43773 "-" "msnbot/1.1 (+http://search.msn.com/msnbot.htm)"
65.55.211.172 - - [06/Jun/2009:16:03:02 +0200] "GET /robots.txt HTTP/1.1" 200 64 "-" "msnbot/1.1 (+http://search.msn.com/msnbot.htm)"
65.55.211.172 - - [06/Jun/2009:16:03:02 +0200] "GET /restate_copy.html HTTP/1.1" 200 97631 "-" "msnbot/1.1 (+http://search.msn.com/msnbot.htm)"
38.99.44.105 - - [06/Jun/2009:16:13:33 +0200] "GET /zampa/montenegro/slike/plakat.jpg HTTP/1.0" 200 47879 "-" "Mozilla/5.0 (Twiceler-0.9 http://www.cuil.com/twiceler/robot.html)"
119.63.195.58 - - [06/Jun/2009:16:31:16 +0200] "GET / HTTP/1.1" 200 7869 "-" "Baiduspider+(+http://www.baidu.jp/spider/)"
65.55.106.186 - - [06/Jun/2009:16:35:00 +0200] "GET /robots.txt HTTP/1.1" 302 363 "-" "msnbot/2.0b (+http://search.msn.com/msnbot.htm)"
65.55.106.186 - - [06/Jun/2009:16:35:00 +0200] "GET /zampa/robots.txt HTTP/1.1" 404 2748 "-" "msnbot/2.0b (+http://search.msn.com/msnbot.htm)"
38.99.44.105 - - [06/Jun/2009:16:46:21 +0200] "GET /bannerz/anti_black_small.gif HTTP/1.0" 200 1009 "-" "Mozilla/5.0 (Twiceler-0.9 http://www.cuil.com/twiceler/robot.html)"
72.30.78.230 - - [06/Jun/2009:16:47:36 +0200] "GET /robots.txt HTTP/1.0" 200 64 "-" "Mozilla/5.0 (compatible; Yahoo! Slurp; http://help.yahoo.com/help/us/ysearch/slurp)"
72.30.78.230 - - [06/Jun/2009:16:47:36 +0200] "GET /zampa/montenegro/ HTTP/1.0" 200 2651 "-" "Mozilla/5.0 (compatible; Yahoo! Slurp/3.0; http://help.yahoo.com/help/us/ysearch/slurp)"
38.99.44.105 - - [06/Jun/2009:16:58:41 +0200] "GET /bannerz/copyleft_black_small.gif HTTP/1.0" 200 1231 "-" "Mozilla/5.0 (Twiceler-0.9 http://www.cuil.com/twiceler/robot.html)"
72.14.199.8 - - [06/Jun/2009:17:05:59 +0200] "GET / HTTP/1.1" 302 353 "-" "Feedfetcher-Google; (+http://www.google.com/feedfetcher.html; 1 subscribers; feed-id=5454548576667470243)"
72.14.199.85 - - [06/Jun/2009:17:06:00 +0200] "GET /zampa/ HTTP/1.1" 200 7153 "-" "Feedfetcher-Google; (+http://www.google.com/feedfetcher.html; 1 subscribers; feed-id=5454548576667470243)"
38.99.44.105 - - [06/Jun/2009:17:35:35 +0200] "GET /rez/ma.jpg HTTP/1.0" 200 12893 "-" "Mozilla/5.0 (Twiceler-0.9 http://www.cuil.com/twiceler/robot.html)"
38.99.44.105 - - [06/Jun/2009:18:08:21 +0200] "GET /zampa/wonderland/TWonder.gif HTTP/1.0" 200 76757 "-" "Mozilla/5.0 (Twiceler-0.9 http://www.cuil.com/twiceler/robot.html)"
89.24.101.11 - - [06/Jun/2009:18:35:03 +0200] "GET / HTTP/1.1" 302 353 "http://www.google.cz/search?hl=en&rlz=1T4ACAW_enCZ311CZ311&q=zampa+di+leone&btnG=Search&lr=" "Mozilla/4.0 (compatible; MSIE 7.0; Windows NT 6.0; GTB6; Mozilla/4.0 (compatible; MSIE 6.0; Windows NT 5.1; SV1) )"
89.24.101.11 - - [06/Jun/2009:18:35:04 +0200] "GET /zampa/ HTTP/1.1" 200 7153 "http://www.google.cz/search?hl=en&rlz=1T4ACAW_enCZ311CZ311&q=zampa+di+leone&btnG=Search&lr=" "Mozilla/4.0 (compatible; MSIE 7.0; Windows NT 6.0; GTB6; Mozilla/4.0 (compatible; MSIE 6.0; Windows NT 5.1; SV1) )"
89.24.101.11 - - [06/Jun/2009:18:35:05 +0200] "GET /zampa/slike/zampa.gif HTTP/1.1" 200 5310 "http://www.various-euro.com/zampa/" "Mozilla/4.0 (compatible; MSIE 7.0; Windows NT 6.0; GTB6; Mozilla/4.0 (compatible; MSIE 6.0; Windows NT 5.1; SV1) )"
89.24.101.11 - - [06/Jun/2009:18:35:05 +0200] "GET /zampa/slike/inthearse.gif HTTP/1.1" 200 4077 "http://www.various-euro.com/zampa/" "Mozilla/4.0 (compatible; MSIE 7.0; Windows NT 6.0; GTB6; Mozilla/4.0 (compatible; MSIE 6.0; Windows NT 5.1; SV1) )"
89.24.101.11 - - [06/Jun/2009:18:35:05 +0200] "GET /zampa/slike/udupetu.gif HTTP/1.1" 200 4138 "http://www.various-euro.com/zampa/" "Mozilla/4.0 (compatible; MSIE 7.0; Windows NT 6.0; GTB6; Mozilla/4.0 (compatible; MSIE 6.0; Windows NT 5.1; SV1) )"
89.24.101.11 - - [06/Jun/2009:18:35:06 +0200] "GET /favicon.ico HTTP/1.1" 404 2748 "-" "Mozilla/4.0 (compatible; MSIE 7.0; Windows NT 6.0; GTB6; Mozilla/4.0 (compatible; MSIE 6.0; Windows NT 5.1; SV1) )"
88.112.27.246 - - [06/Jun/2009:18:54:37 +0200] "GET /restate_copy.html HTTP/1.1" 200 97631 "-" "User-Agent: Mozilla/5.0 (Windows; U; Windows NT 5.2; en-US; rv:1.9.0.5) Gecko/2008120122 Firefox/3.0.5 (.NET CLR 3.5.30729)"
65.55.106.146 - - [06/Jun/2009:18:56:01 +0200] "GET /robots.txt HTTP/1.1" 302 363 "-" "msnbot/2.0b (+http://search.msn.com/msnbot.htm)"
65.55.106.146 - - [06/Jun/2009:18:56:01 +0200] "GET /zampa/robots.txt HTTP/1.1" 404 2748 "-" "msnbot/2.0b (+http://search.msn.com/msnbot.htm)"
38.99.44.105 - - [06/Jun/2009:19:01:39 +0200] "GET /zampa/montenegro/slike/MILOW.jpg HTTP/1.0" 200 3823 "-" "Mozilla/5.0 (Twiceler-0.9 http://www.cuil.com/twiceler/robot.html)"
202.160.188.230 - - [06/Jun/2009:19:26:03 +0200] "GET /robots.txt HTTP/1.0" 200 64 "-" "Mozilla/5.0 (compatible; Yahoo! Slurp China; http://misc.yahoo.com.cn/help.html)"
202.160.180.118 - - [06/Jun/2009:19:26:38 +0200] "GET / HTTP/1.0" 200 7869 "-" "Mozilla/5.0 (compatible; Yahoo! Slurp China; http://misc.yahoo.com.cn/help.html)"
65.55.106.167 - - [06/Jun/2009:19:30:31 +0200] "GET / HTTP/1.1" 302 353 "-" "msnbot/2.0b (+http://search.msn.com/msnbot.htm)"
65.55.106.167 - - [06/Jun/2009:19:47:49 +0200] "GET /robots.txt HTTP/1.1" 200 64 "-" "msnbot/2.0b (+http://search.msn.com/msnbot.htm)"
65.55.211.159 - - [06/Jun/2009:19:48:39 +0200] "GET /robots.txt HTTP/1.1" 200 64 "-" "msnbot/1.1 (+http://search.msn.com/msnbot.htm)"
65.55.211.159 - - [06/Jun/2009:19:48:40 +0200] "GET /zampa/montenegro/contributions.html HTTP/1.1" 200 18843 "-" "msnbot/1.1 (+http://search.msn.com/msnbot.htm)"
65.55.106.167 - - [06/Jun/2009:19:51:01 +0200] "GET /zampa/ HTTP/1.1" 200 7153 "-" "msnbot/2.0b (+http://search.msn.com/msnbot.htm)"
72.14.199.8 - - [06/Jun/2009:20:07:39 +0200] "GET / HTTP/1.1" 302 353 "-" "Feedfetcher-Google; (+http://www.google.com/feedfetcher.html; 1 subscribers; feed-id=5454548576667470243)"
72.14.199.85 - - [06/Jun/2009:20:07:45 +0200] "GET /zampa/ HTTP/1.1" 200 7153 "-" "Feedfetcher-Google; (+http://www.google.com/feedfetcher.html; 1 subscribers; feed-id=5454548576667470243)"
119.63.193.56 - - [06/Jun/2009:20:18:06 +0200] "GET /robots.txt HTTP/1.1" 200 64 "-" "Baiduspider+(+http://www.baidu.jp/spider/)"
65.55.211.159 - - [06/Jun/2009:20:21:55 +0200] "GET /games/virtualcop/virtualcop.html HTTP/1.1" 200 4487 "-" "msnbot/1.1 (+http://search.msn.com/msnbot.htm)"
65.55.106.145 - - [06/Jun/2009:20:54:48 +0200] "GET /robots.txt HTTP/1.1" 200 64 "-" "msnbot/2.0b (+http://search.msn.com/msnbot.htm)"
65.55.51.114 - - [06/Jun/2009:21:08:10 +0200] "GET /robots.txt HTTP/1.1" 200 64 "-" "msnbot/2.0b (+http://search.msn.com/msnbot.htm)"
65.55.211.163 - - [06/Jun/2009:21:28:49 +0200] "GET /neon/warning2.html HTTP/1.1" 200 997 "-" "msnbot/1.1 (+http://search.msn.com/msnbot.htm)"
65.55.230.249 - - [06/Jun/2009:21:38:44 +0200] "GET /robots.txt HTTP/1.1" 200 64 "-" "msnbot-media/1.1 (+http://search.msn.com/msnbot.htm)"
65.55.230.249 - - [06/Jun/2009:21:38:44 +0200] "GET /warez.html HTTP/1.1" 200 9754 "-" "msnbot-media/1.1 (+http://search.msn.com/msnbot.htm)"
65.55.106.158 - - [06/Jun/2009:21:39:33 +0200] "GET /zampa/montenegro/MILOW.html HTTP/1.1" 200 860 "-" "msnbot/2.0b (+http://search.msn.com/msnbot.htm)"
65.55.106.229 - - [06/Jun/2009:23:16:50 +0200] "GET /robots.txt HTTP/1.1" 200 64 "-" "msnbot/2.0b (+http://search.msn.com/msnbot.htm)"
87.59.41.20 - - [06/Jun/2009:23:20:41 +0200] "GET http://various-euro.com/dbadmin/main.php HTTP/1.0" 404 2748 "http://various-euro.com/dbadmin/main.php" "Mozilla/4.0 (compatible; MSIE 6.0; Windows NT 5.1)"
65.55.106.229 - - [06/Jun/2009:23:21:54 +0200] "GET /logs/usage_200710.html HTTP/1.1" 404 2748 "-" "msnbot/2.0b (+http://search.msn.com/msnbot.htm)"
72.14.199.8 - - [06/Jun/2009:23:35:42 +0200] "GET / HTTP/1.1" 302 353 "-" "Feedfetcher-Google; (+http://www.google.com/feedfetcher.html; 1 subscribers; feed-id=5454548576667470243)"
72.14.199.85 - - [06/Jun/2009:23:35:43 +0200] "GET /zampa/ HTTP/1.1" 200 7153 "-" "Feedfetcher-Google; (+http://www.google.com/feedfetcher.html; 1 subscribers; feed-id=5454548576667470243)"
72.30.79.93 - - [07/Jun/2009:00:55:02 +0200] "GET /robots.txt HTTP/1.0" 200 64 "-" "Mozilla/5.0 (compatible; Yahoo! Slurp; http://help.yahoo.com/help/us/ysearch/slurp)"
72.30.79.93 - - [07/Jun/2009:00:55:02 +0200] "GET /framez-girlz-neon.html HTTP/1.0" 200 4388 "-" "Mozilla/5.0 (compatible; Yahoo! Slurp/3.0; http://help.yahoo.com/help/us/ysearch/slurp)"
72.30.79.93 - - [07/Jun/2009:00:55:07 +0200] "GET /frame-menu.html HTTP/1.0" 200 10500 "http://www.various-euro.com/framez-girlz-neon.html" "Mozilla/5.0 (compatible; Yahoo! Slurp/3.0; http://help.yahoo.com/help/us/ysearch/slurp)"
72.30.79.93 - - [07/Jun/2009:00:55:07 +0200] "GET /frame-unten.html HTTP/1.0" 200 5308 "http://www.various-euro.com/framez-girlz-neon.html" "Mozilla/5.0 (compatible; Yahoo! Slurp/3.0; http://help.yahoo.com/help/us/ysearch/slurp)"
72.30.79.93 - - [07/Jun/2009:00:55:09 +0200] "GET /style/various-euro.css HTTP/1.0" 304 - "http://www.various-euro.com/frame-menu.html" "Mozilla/5.0 (compatible; Yahoo! Slurp/3.0; http://help.yahoo.com/help/us/ysearch/slurp)"
72.30.79.93 - - [07/Jun/2009:00:55:10 +0200] "GET /neon/girlz2.html HTTP/1.0" 200 2937 "http://www.various-euro.com/framez-girlz-neon.html" "Mozilla/5.0 (compatible; Yahoo! Slurp/3.0; http://help.yahoo.com/help/us/ysearch/slurp)"
72.30.79.93 - - [07/Jun/2009:02:06:43 +0200] "GET /rez/fiszt.htm HTTP/1.0" 200 1487 "-" "Mozilla/5.0 (compatible; Yahoo! Slurp/3.0; http://help.yahoo.com/help/us/ysearch/slurp)"
65.55.106.112 - - [07/Jun/2009:02:13:43 +0200] "GET /robots.txt HTTP/1.1" 200 64 "-" "msnbot/2.0b (+http://search.msn.com/msnbot.htm)"
72.14.199.8 - - [07/Jun/2009:02:35:48 +0200] "GET / HTTP/1.1" 302 353 "-" "Feedfetcher-Google; (+http://www.google.com/feedfetcher.html; 1 subscribers; feed-id=5454548576667470243)"
72.14.199.85 - - [07/Jun/2009:02:36:00 +0200] "GET /zampa/ HTTP/1.1" 200 7153 "-" "Feedfetcher-Google; (+http://www.google.com/feedfetcher.html; 1 subscribers; feed-id=5454548576667470243)"
65.55.51.112 - - [07/Jun/2009:02:39:21 +0200] "GET /robots.txt HTTP/1.1" 200 64 "-" "msnbot/2.0b (+http://search.msn.com/msnbot.htm)"
221.194.132.137 - - [07/Jun/2009:03:09:14 +0200] "GET /robots.txt HTTP/1.0" 200 64 "-" "Mozilla/4.0 (compatible; MSIE 6.0; Windows NT 5.1)/Nutch-1.0"
221.194.132.137 - - [07/Jun/2009:03:09:18 +0200] "GET / HTTP/1.0" 200 7869 "-" "Mozilla/4.0 (compatible; MSIE 6.0; Windows NT 5.1)/Nutch-1.0"
67.16.94.2 - - [07/Jun/2009:03:41:05 +0200] "GET /robots.txt HTTP/1.0" 200 64 "-" "Gigabot/3.0 (http://www.gigablast.com/spider.html)"
67.16.94.2 - - [07/Jun/2009:03:41:06 +0200] "GET / HTTP/1.0" 200 7869 "-" "Gigabot/3.0 (http://www.gigablast.com/spider.html)"
65.98.224.7 - - [07/Jun/2009:03:44:23 +0200] "GET /robots.txt HTTP/1.0" 200 64 "-" "TurnitinBot/2.1 (http://www.turnitin.com/robot/crawlerinfo.html)"
65.98.224.7 - - [07/Jun/2009:03:45:01 +0200] "GET /prog.html HTTP/1.0" 404 2748 "-" "TurnitinBot/2.1 (http://www.turnitin.com/robot/crawlerinfo.html)"
65.98.224.7 - - [07/Jun/2009:03:45:35 +0200] "GET /news.html HTTP/1.0" 404 2748 "-" "TurnitinBot/2.1 (http://www.turnitin.com/robot/crawlerinfo.html)"
65.98.224.7 - - [07/Jun/2009:03:46:08 +0200] "GET /moz_menue.html HTTP/1.0" 404 2748 "-" "TurnitinBot/2.1 (http://www.turnitin.com/robot/crawlerinfo.html)"
65.98.224.7 - - [07/Jun/2009:03:46:40 +0200] "GET /ie_menue.html HTTP/1.0" 404 2748 "-" "TurnitinBot/2.1 (http://www.turnitin.com/robot/crawlerinfo.html)"
65.98.224.7 - - [07/Jun/2009:03:47:10 +0200] "GET /framez.html HTTP/1.0" 200 3959 "-" "TurnitinBot/2.1 (http://www.turnitin.com/robot/crawlerinfo.html)"
65.98.224.7 - - [07/Jun/2009:03:47:41 +0200] "GET /schubb/schubb-4.html HTTP/1.0" 200 17746 "-" "TurnitinBot/2.1 (http://www.turnitin.com/robot/crawlerinfo.html)"
67.202.41.3 - - [07/Jun/2009:03:49:06 +0200] "GET /robots.txt HTTP/1.0" 200 64 "-" "ia_archiver (+http://www.alexa.com/site/help/webmasters; crawler@alexa.com)"
65.98.224.7 - - [07/Jun/2009:03:51:24 +0200] "GET /frame-menu.html HTTP/1.0" 200 10500 "-" "TurnitinBot/2.1 (http://www.turnitin.com/robot/crawlerinfo.html)"
65.98.224.7 - - [07/Jun/2009:03:51:55 +0200] "GET /f-zeug.html HTTP/1.0" 200 59462 "-" "TurnitinBot/2.1 (http://www.turnitin.com/robot/crawlerinfo.html)"
65.98.224.7 - - [07/Jun/2009:03:52:28 +0200] "GET /f-other.html HTTP/1.0" 200 19851 "-" "TurnitinBot/2.1 (http://www.turnitin.com/robot/crawlerinfo.html)"
65.98.224.7 - - [07/Jun/2009:03:53:00 +0200] "GET /f-actions.html HTTP/1.0" 200 11686 "-" "TurnitinBot/2.1 (http://www.turnitin.com/robot/crawlerinfo.html)"
66.249.66.35 - - [07/Jun/2009:04:34:28 +0200] "GET /framez-girlz-neon.html HTTP/1.1" 200 4388 "-" "Mozilla/5.0 (compatible; Googlebot/2.1; +http://www.google.com/bot.html)"
66.249.66.35 - - [07/Jun/2009:04:49:08 +0200] "GET /logs/usage_200701.html HTTP/1.1" 404 2748 "-" "Mozilla/5.0 (compatible; Googlebot/2.1; +http://www.google.com/bot.html)"
38.99.13.116 - - [07/Jun/2009:05:06:02 +0200] "GET /robots.txt HTTP/1.0" 302 363 "-" "Mozilla/5.0 (Twiceler-0.9 http://www.cuil.com/twiceler/robot.html)"
65.55.106.147 - - [07/Jun/2009:05:11:55 +0200] "GET /robots.txt HTTP/1.1" 200 64 "-" "msnbot/2.0b (+http://search.msn.com/msnbot.htm)"
65.55.211.170 - - [07/Jun/2009:05:23:24 +0200] "GET /robots.txt HTTP/1.1" 200 64 "-" "msnbot/1.1 (+http://search.msn.com/msnbot.htm)"
65.55.211.170 - - [07/Jun/2009:05:23:24 +0200] "GET /your_tour.html HTTP/1.1" 200 29760 "-" "msnbot/1.1 (+http://search.msn.com/msnbot.htm)"
119.63.195.58 - - [07/Jun/2009:05:25:32 +0200] "GET / HTTP/1.1" 200 7869 "-" "Baiduspider+(+http://www.baidu.jp/spider/)"
65.55.110.35 - - [07/Jun/2009:05:25:51 +0200] "GET /your_tour.html HTTP/1.0" 200 31803 "http://search.live.com/results.aspx?q=various" "Mozilla/4.0 (compatible; MSIE 6.0; Windows NT 5.2; SV1; .NET CLR 1.1.4322)"
65.55.110.35 - - [07/Jun/2009:05:25:52 +0200] "GET /anon.css HTTP/1.0" 404 2748 "http://www.various-euro.com/your_tour.html" "Mozilla/4.0 (compatible; MSIE 6.0; Windows NT 5.2; SV1; .NET CLR 1.1.4322)"
66.249.66.35 - - [07/Jun/2009:05:33:09 +0200] "GET /frame-menu.html HTTP/1.1" 200 10500 "-" "Mozilla/5.0 (compatible; Googlebot/2.1; +http://www.google.com/bot.html)"
72.14.199.8 - - [07/Jun/2009:05:36:14 +0200] "GET / HTTP/1.1" 302 353 "-" "Feedfetcher-Google; (+http://www.google.com/feedfetcher.html; 1 subscribers; feed-id=5454548576667470243)"
72.14.199.85 - - [07/Jun/2009:05:36:43 +0200] "GET /zampa/ HTTP/1.1" 200 7153 "-" "Feedfetcher-Google; (+http://www.google.com/feedfetcher.html; 1 subscribers; feed-id=5454548576667470243)"
66.249.66.35 - - [07/Jun/2009:05:54:56 +0200] "GET /framez-rez.html HTTP/1.1" 200 4323 "-" "SAMSUNG-SGH-E250/1.0 Profile/MIDP-2.0 Configuration/CLDC-1.1 UP.Browser/6.2.3.3.c.1.101 (GUI) MMP/2.0 (compatible; Googlebot-Mobile/2.1; +http://www.google.com/bot.html)"
66.249.66.35 - - [07/Jun/2009:06:05:44 +0200] "GET /f-bannnerz.html HTTP/1.1" 200 12651 "-" "Mozilla/5.0 (compatible; Googlebot/2.1; +http://www.google.com/bot.html)"
216.129.119.49 - - [07/Jun/2009:06:09:35 +0200] "GET /robots.txt HTTP/1.0" 200 64 "-" "Mozilla/5.0 (Twiceler-0.9 http://www.cuil.com/twiceler/robot.html)"
72.30.79.93 - - [07/Jun/2009:06:18:15 +0200] "GET /robots.txt HTTP/1.0" 200 64 "-" "Mozilla/5.0 (compatible; Yahoo! Slurp; http://help.yahoo.com/help/us/ysearch/slurp)"
72.30.79.93 - - [07/Jun/2009:06:18:15 +0200] "GET /neon/click.html HTTP/1.0" 200 521 "-" "Mozilla/5.0 (compatible; Yahoo! Slurp/3.0; http://help.yahoo.com/help/us/ysearch/slurp)"
209.17.171.58 - - [07/Jun/2009:06:29:19 +0200] "GET / HTTP/1.1" 200 7869 "http://www.smsarea.net" "Mozilla/5.0 (X11; U; Linux i686; en-US; rv:1.9.0.10) Gecko/2009042513 Ubuntu/8.04 (http://www.smsarea.net) Firefox/3.0.10"
65.55.51.70 - - [07/Jun/2009:06:49:57 +0200] "GET /robots.txt HTTP/1.1" 200 64 "-" "msnbot/2.0b (+http://search.msn.com/msnbot.htm)"
72.30.79.93 - - [07/Jun/2009:07:00:12 +0200] "GET /style/various-euro.css HTTP/1.0" 304 - "-" "Mozilla/5.0 (compatible; Yahoo! Slurp/3.0; http://help.yahoo.com/help/us/ysearch/slurp)"
38.99.44.105 - - [07/Jun/2009:07:11:33 +0200] "GET /robots.txt HTTP/1.0" 200 64 "-" "Mozilla/5.0 (Twiceler-0.9 http://www.cuil.com/twiceler/robot.html)"
66.249.66.35 - - [07/Jun/2009:07:43:46 +0200] "GET /logs/usage_200702.html HTTP/1.1" 404 2748 "-" "Mozilla/5.0 (compatible; Googlebot/2.1; +http://www.google.com/bot.html)"
82.19.142.24 - - [07/Jun/2009:07:46:46 +0200] "GET /restate_copy.html HTTP/1.1" 200 97631 "-" "User-Agent: Mozilla/5.0 (Windows; U; Windows NT 5.2; en-US; rv:1.9.0.5) Gecko/2008120122 Firefox/3.0.5 (.NET CLR 3.5.30729)"
65.55.211.165 - - [07/Jun/2009:08:16:58 +0200] "GET /robots.txt HTTP/1.1" 200 64 "-" "msnbot/1.1 (+http://search.msn.com/msnbot.htm)"
65.55.211.165 - - [07/Jun/2009:08:16:59 +0200] "GET /f-snapshots.html HTTP/1.1" 404 2748 "-" "msnbot/1.1 (+http://search.msn.com/msnbot.htm)"
202.117.3.46 - - [07/Jun/2009:08:27:04 +0200] "GET / HTTP/1.1" 200 7869 "http://www.chimehost.com" "Mozilla/4.0 (compatible; MSIE 5.5; Windows 98)"
72.30.79.93 - - [07/Jun/2009:08:27:25 +0200] "GET /f-net.html HTTP/1.0" 200 9913 "-" "Mozilla/5.0 (compatible; Yahoo! Slurp/3.0; http://help.yahoo.com/help/us/ysearch/slurp)"
72.14.199.8 - - [07/Jun/2009:08:37:05 +0200] "GET / HTTP/1.1" 302 353 "-" "Feedfetcher-Google; (+http://www.google.com/feedfetcher.html; 1 subscribers; feed-id=5454548576667470243)"
72.14.199.85 - - [07/Jun/2009:08:37:28 +0200] "GET /zampa/ HTTP/1.1" 200 7153 "-" "Feedfetcher-Google; (+http://www.google.com/feedfetcher.html; 1 subscribers; feed-id=5454548576667470243)"
66.249.66.35 - - [07/Jun/2009:08:42:05 +0200] "GET /framez-net.html HTTP/1.1" 200 4319 "-" "Mozilla/5.0 (compatible; Googlebot/2.1; +http://www.google.com/bot.html)"
208.80.195.41 - - [07/Jun/2009:09:45:16 +0200] "GET / HTTP/1.0" 200 7869 "-" "Mozilla/4.0 (compatible; MSIE 6.0; Windows NT 5.1; SV1; SIMBAR={916CC9FC-134B-4169-AA91-9C239B9F4BFB}; .NET CLR 1.1.4322)"
208.80.195.41 - - [07/Jun/2009:09:45:16 +0200] "GET / HTTP/1.0" 200 7869 "-" "Mozilla/4.0 (compatible; MSIE 7.0; Windows NT 5.1; (R1 1.5); .NET CLR 1.1.4322; .NET CLR 2.0.50727; InfoPath.2; .NET CLR 3.0.04506.30)"
66.249.66.35 - - [07/Jun/2009:09:54:52 +0200] "GET /robots.txt HTTP/1.1" 200 64 "-" "Mozilla/5.0 (compatible; Googlebot/2.1; +http://www.google.com/bot.html)"
66.249.66.35 - - [07/Jun/2009:09:54:52 +0200] "GET /zampa/montenegro/MILOW.html HTTP/1.1" 200 860 "-" "Mozilla/5.0 (compatible; Googlebot/2.1; +http://www.google.com/bot.html)"
65.55.211.167 - - [07/Jun/2009:10:09:21 +0200] "GET /robots.txt HTTP/1.1" 200 64 "-" "msnbot/1.1 (+http://search.msn.com/msnbot.htm)"
65.55.211.167 - - [07/Jun/2009:10:09:22 +0200] "GET /schubb/schubb-1.html HTTP/1.1" 200 9070 "-" "msnbot/1.1 (+http://search.msn.com/msnbot.htm)"
66.249.66.35 - - [07/Jun/2009:10:09:34 +0200] "GET /neon/girlz2.html HTTP/1.1" 200 2937 "-" "Mozilla/5.0 (compatible; Googlebot/2.1; +http://www.google.com/bot.html)"
189.137.147.164 - - [07/Jun/2009:10:12:18 +0200] "GET http://various-euro.com/cgi-bin/imageFolio.cgi HTTP/1.0" 404 2748 "http://various-euro.com/cgi-bin/imageFolio.cgi" "Mozilla/4.0 (compatible; MSIE 6.0; Windows NT 5.1)"
62.75.218.97 - - [07/Jun/2009:10:12:24 +0200] "GET /robots.txt HTTP/1.0" 200 64 "-" "OpenAcoon v4.1.0 (www.openacoon.de)"
62.75.218.97 - - [07/Jun/2009:10:12:57 +0200] "GET /framez-rez.html HTTP/1.0" 200 4323 "-" "OpenAcoon v4.1.0 (www.openacoon.de)"
66.249.66.35 - - [07/Jun/2009:10:26:15 +0200] "GET /framez-zampa-lovers.html HTTP/1.1" 200 4322 "-" "Mozilla/5.0 (compatible; Googlebot/2.1; +http://www.google.com/bot.html)"
65.55.211.165 - - [07/Jun/2009:10:32:23 +0200] "GET /zampa/montenegro/SEKAW.html HTTP/1.1" 200 860 "-" "msnbot/1.1 (+http://search.msn.com/msnbot.htm)"
66.249.66.35 - - [07/Jun/2009:10:38:41 +0200] "GET /f-net.html HTTP/1.1" 200 9913 "-" "Mozilla/5.0 (compatible; Googlebot/2.1; +http://www.google.com/bot.html)"
65.55.108.13 - - [07/Jun/2009:10:42:54 +0200] "GET /logs/usage_200705.html HTTP/1.1" 404 2748 "-" "WinHttp"
65.55.51.115 - - [07/Jun/2009:11:25:27 +0200] "GET /robots.txt HTTP/1.1" 200 64 "-" "msnbot/2.0b (+http://search.msn.com/msnbot.htm)"
65.55.106.228 - - [07/Jun/2009:11:39:49 +0200] "GET /robots.txt HTTP/1.1" 302 363 "-" "msnbot/2.0b (+http://search.msn.com/msnbot.htm)"
65.55.106.228 - - [07/Jun/2009:11:39:49 +0200] "GET /zampa/robots.txt HTTP/1.1" 404 2748 "-" "msnbot/2.0b (+http://search.msn.com/msnbot.htm)"
87.118.122.92 - - [07/Jun/2009:11:44:36 +0200] "GET /framez-schubb5.html HTTP/1.0" 200 4330 "http://www.various-euro.com/framez-schubb5.html" "Mozilla/4.0 (compatible; MSIE 6.0; Windows 98; Win 9x 4.90)"
117.136.0.180 - - [07/Jun/2009:11:48:36 +0200] "GET /favicon.ico HTTP/1.1" 404 2748 "-" "Mozilla/4.0 (compatible; GoogleToolbar 4.0.1306.3130-big; Windows 6.0; MSIE 7.0.6001.18000)"
117.136.0.180 - - [07/Jun/2009:11:48:37 +0200] "GET /favicon.gif HTTP/1.1" 404 2748 "-" "Mozilla/4.0 (compatible; GoogleToolbar 4.0.1306.3130-big; Windows 6.0; MSIE 7.0.6001.18000)"
72.30.79.93 - - [07/Jun/2009:11:49:56 +0200] "GET /logs/ HTTP/1.0" 200 11511 "-" "Mozilla/5.0 (compatible; Yahoo! Slurp/3.0; http://help.yahoo.com/help/us/ysearch/slurp)"
66.249.66.35 - - [07/Jun/2009:12:06:02 +0200] "GET /logs/usage_200906.html HTTP/1.1" 404 2748 "-" "Mozilla/5.0 (compatible; Googlebot/2.1; +http://www.google.com/bot.html)"
72.14.199.8 - - [07/Jun/2009:12:18:15 +0200] "GET / HTTP/1.1" 302 353 "-" "Feedfetcher-Google; (+http://www.google.com/feedfetcher.html; 1 subscribers; feed-id=5454548576667470243)"
72.14.199.85 - - [07/Jun/2009:12:23:52 +0200] "GET /zampa/ HTTP/1.1" 200 7153 "-" "Feedfetcher-Google; (+http://www.google.com/feedfetcher.html; 1 subscribers; feed-id=5454548576667470243)"
72.30.79.93 - - [07/Jun/2009:12:49:09 +0200] "GET /neon/girlz2.html HTTP/1.0" 200 2937 "-" "Mozilla/5.0 (compatible; Yahoo! Slurp/3.0; http://help.yahoo.com/help/us/ysearch/slurp)"
82.141.43.165 - - [07/Jun/2009:12:51:10 +0200] "GET /restate_copy.html HTTP/1.1" 200 97631 "-" "Python-urllib/2.5"
65.55.106.112 - - [07/Jun/2009:12:55:08 +0200] "GET /robots.txt HTTP/1.1" 200 64 "-" "msnbot/2.0b (+http://search.msn.com/msnbot.htm)"
65.55.106.112 - - [07/Jun/2009:12:56:40 +0200] "GET /zampa/montenegro/index.html HTTP/1.1" 200 2651 "-" "msnbot/2.0b (+http://search.msn.com/msnbot.htm)"
65.55.211.161 - - [07/Jun/2009:13:15:58 +0200] "GET /robots.txt HTTP/1.1" 302 363 "-" "msnbot/1.1 (+http://search.msn.com/msnbot.htm)"
65.55.211.161 - - [07/Jun/2009:13:15:58 +0200] "GET /zampa/robots.txt HTTP/1.1" 404 2748 "-" "msnbot/1.1 (+http://search.msn.com/msnbot.htm)"
65.55.211.161 - - [07/Jun/2009:13:16:03 +0200] "GET / HTTP/1.1" 302 353 "-" "msnbot/1.1 (+http://search.msn.com/msnbot.htm)"
65.55.211.161 - - [07/Jun/2009:13:19:28 +0200] "GET /robots.txt HTTP/1.1" 200 64 "-" "msnbot/1.1 (+http://search.msn.com/msnbot.htm)"
65.55.211.161 - - [07/Jun/2009:13:19:31 +0200] "GET /zampa/ HTTP/1.1" 200 7153 "-" "msnbot/1.1 (+http://search.msn.com/msnbot.htm)"
65.55.106.242 - - [07/Jun/2009:14:21:41 +0200] "GET /robots.txt HTTP/1.1" 302 363 "-" "msnbot/2.0b (+http://search.msn.com/msnbot.htm)"
65.55.106.242 - - [07/Jun/2009:14:21:41 +0200] "GET /zampa/robots.txt HTTP/1.1" 404 2748 "-" "msnbot/2.0b (+http://search.msn.com/msnbot.htm)"
65.55.106.207 - - [07/Jun/2009:14:22:06 +0200] "GET /zampa/montenegro/index.html HTTP/1.1" 200 2651 "-" "msnbot/2.0b (+http://search.msn.com/msnbot.htm)"
65.55.211.169 - - [07/Jun/2009:14:53:20 +0200] "GET /robots.txt HTTP/1.1" 200 64 "-" "msnbot/1.1 (+http://search.msn.com/msnbot.htm)"
65.55.211.169 - - [07/Jun/2009:14:53:23 +0200] "GET /zampa/wonderland/index.html HTTP/1.1" 200 2084 "-" "msnbot/1.1 (+http://search.msn.com/msnbot.htm)"
65.55.106.168 - - [07/Jun/2009:14:56:05 +0200] "GET /zampa/montenegro/index.html HTTP/1.1" 200 2651 "-" "msnbot/2.0b (+http://search.msn.com/msnbot.htm)"
123.125.66.37 - - [07/Jun/2009:15:14:10 +0200] "GET / HTTP/1.1" 200 7869 "-" "Baiduspider+(+http://www.baidu.com/search/spider.htm)"
123.125.66.52 - - [07/Jun/2009:15:14:11 +0200] "GET /framez_0.html HTTP/1.1" 200 12285 "-" "Baiduspider+(+http://www.baidu.com/search/spider.htm)"
72.14.199.8 - - [07/Jun/2009:15:24:03 +0200] "GET / HTTP/1.1" 302 353 "-" "Feedfetcher-Google; (+http://www.google.com/feedfetcher.html; 1 subscribers; feed-id=5454548576667470243)"
72.14.199.85 - - [07/Jun/2009:15:24:07 +0200] "GET /zampa/ HTTP/1.1" 200 7153 "-" "Feedfetcher-Google; (+http://www.google.com/feedfetcher.html; 1 subscribers; feed-id=5454548576667470243)"
72.30.79.93 - - [07/Jun/2009:15:56:19 +0200] "GET /robots.txt HTTP/1.0" 200 64 "-" "Mozilla/5.0 (compatible; Yahoo! Slurp; http://help.yahoo.com/help/us/ysearch/slurp)"
72.30.79.93 - - [07/Jun/2009:15:56:20 +0200] "GET /frame-unten.html HTTP/1.0" 200 5308 "-" "Mozilla/5.0 (compatible; Yahoo! Slurp/3.0; http://help.yahoo.com/help/us/ysearch/slurp)"
72.30.79.93 - - [07/Jun/2009:16:15:34 +0200] "GET /f-contact.html HTTP/1.0" 200 6804 "-" "Mozilla/5.0 (compatible; Yahoo! Slurp/3.0; http://help.yahoo.com/help/us/ysearch/slurp)"
71.41.201.38 - - [07/Jun/2009:16:17:46 +0200] "GET /robots.txt HTTP/1.1" 200 64 "-" "MLBot (www.metadatalabs.com/mlbot)"
71.41.201.38 - - [07/Jun/2009:16:17:46 +0200] "GET /rez/ HTTP/1.1" 403 1223 "-" "MLBot (www.metadatalabs.com/mlbot)"
65.55.211.171 - - [07/Jun/2009:17:21:53 +0200] "GET /robots.txt HTTP/1.1" 200 64 "-" "msnbot/1.1 (+http://search.msn.com/msnbot.htm)"
65.55.211.171 - - [07/Jun/2009:17:21:53 +0200] "GET /bmpp/18_x.html HTTP/1.1" 200 1100 "-" "msnbot/1.1 (+http://search.msn.com/msnbot.htm)"
72.30.79.93 - - [07/Jun/2009:17:44:39 +0200] "GET /logs/ HTTP/1.0" 200 11511 "-" "Mozilla/5.0 (compatible; Yahoo! Slurp/3.0; http://help.yahoo.com/help/us/ysearch/slurp)"
65.55.211.172 - - [07/Jun/2009:17:47:43 +0200] "GET /robots.txt HTTP/1.1" 200 64 "-" "msnbot/1.1 (+http://search.msn.com/msnbot.htm)"
65.55.211.172 - - [07/Jun/2009:17:47:43 +0200] "GET /DgH/ HTTP/1.1" 200 5024 "-" "msnbot/1.1 (+http://search.msn.com/msnbot.htm)"
65.55.106.143 - - [07/Jun/2009:17:53:10 +0200] "GET /robots.txt HTTP/1.1" 200 64 "-" "msnbot/2.0b (+http://search.msn.com/msnbot.htm)"
65.55.106.143 - - [07/Jun/2009:17:55:38 +0200] "GET / HTTP/1.1" 200 7869 "-" "msnbot/2.0b (+http://search.msn.com/msnbot.htm)"
72.30.79.93 - - [07/Jun/2009:18:13:43 +0200] "GET /logs/usage_200508.html HTTP/1.0" 404 2748 "-" "Mozilla/5.0 (compatible; Yahoo! Slurp/3.0; http://help.yahoo.com/help/us/ysearch/slurp)"
66.249.66.35 - - [07/Jun/2009:18:19:53 +0200] "GET /framez-pgb.html HTTP/1.1" 200 4336 "-" "Mozilla/5.0 (compatible; Googlebot/2.1; +http://www.google.com/bot.html)"
72.14.199.8 - - [07/Jun/2009:18:24:12 +0200] "GET / HTTP/1.1" 302 353 "-" "Feedfetcher-Google; (+http://www.google.com/feedfetcher.html; 1 subscribers; feed-id=5454548576667470243)"
72.14.199.85 - - [07/Jun/2009:18:24:13 +0200] "GET /zampa/ HTTP/1.1" 200 7153 "-" "Feedfetcher-Google; (+http://www.google.com/feedfetcher.html; 1 subscribers; feed-id=5454548576667470243)"
65.55.106.147 - - [07/Jun/2009:18:34:02 +0200] "GET /robots.txt HTTP/1.1" 200 64 "-" "msnbot/2.0b (+http://search.msn.com/msnbot.htm)"
65.55.106.243 - - [07/Jun/2009:19:46:10 +0200] "GET /robots.txt HTTP/1.1" 200 64 "-" "msnbot/2.0b (+http://search.msn.com/msnbot.htm)"
66.249.66.35 - - [07/Jun/2009:19:55:11 +0200] "GET /partnergegenberlin.html HTTP/1.1" 200 5022 "-" "Mozilla/5.0 (compatible; Googlebot/2.1; +http://www.google.com/bot.html)"
72.30.79.93 - - [07/Jun/2009:21:11:01 +0200] "GET /DgH/orginal/index.html HTTP/1.0" 200 1727 "-" "Mozilla/5.0 (compatible; Yahoo! Slurp/3.0; http://help.yahoo.com/help/us/ysearch/slurp)"
194.110.162.226 - - [07/Jun/2009:21:11:37 +0200] "GET /f-logz.html HTTP/1.1" 200 191844 "-" "Mozilla/5.0 (Windows; U; Windows NT 5.1; en-US; rv:1.8.1.11) Gecko/20071127 Firefox/2.0.0.11"
83.215.99.52 - - [07/Jun/2009:21:25:25 +0200] "GET /robots.txt HTTP/1.1" 200 64 "-" "Mozilla/5.0 (Windows; U; Windows NT 6.0; de; rv:1.9.0.10) Gecko/2009042316 Firefox/3.0.10"
83.133.125.202 - - [07/Jun/2009:22:00:25 +0200] "GET / HTTP/1.0" 200 7869 "-" "-"
83.133.125.202 - - [07/Jun/2009:22:00:25 +0200] "GET / HTTP/1.0" 200 7869 "-" "-"
72.30.79.93 - - [07/Jun/2009:22:05:58 +0200] "GET /f-sponsor.html HTTP/1.0" 200 8578 "-" "Mozilla/5.0 (compatible; Yahoo! Slurp/3.0; http://help.yahoo.com/help/us/ysearch/slurp)"
66.249.66.35 - - [07/Jun/2009:22:06:33 +0200] "GET /zampa/wonderland/index.html HTTP/1.1" 200 2084 "-" "Mozilla/5.0 (compatible; Googlebot/2.1; +http://www.google.com/bot.html)"
72.30.79.93 - - [07/Jun/2009:22:35:32 +0200] "GET /f-channel1.html HTTP/1.0" 200 9329 "-" "Mozilla/5.0 (compatible; Yahoo! Slurp/3.0; http://help.yahoo.com/help/us/ysearch/slurp)"
72.30.79.93 - - [07/Jun/2009:22:35:33 +0200] "GET /rss/ve-rss.php HTTP/1.0" 200 15598 "http://www.various-euro.com/f-channel1.html" "Mozilla/5.0 (compatible; Yahoo! Slurp/3.0; http://help.yahoo.com/help/us/ysearch/slurp)"
71.247.4.252 - - [07/Jun/2009:22:40:09 +0200] "GET / HTTP/1.1" 200 7869 "-" "Mozilla/5.0 (Windows; U; Windows NT 6.0; en-US; rv:1.9.0.10) Gecko/2009042316 Firefox/3.0.10 (.NET CLR 3.5.30729)"
71.247.4.252 - - [07/Jun/2009:22:40:11 +0200] "GET /favicon.ico HTTP/1.1" 404 2748 "-" "Mozilla/5.0 (Windows; U; Windows NT 6.0; en-US; rv:1.9.0.10) Gecko/2009042316 Firefox/3.0.10 (.NET CLR 3.5.30729)"
65.55.51.112 - - [07/Jun/2009:22:55:25 +0200] "GET /robots.txt HTTP/1.1" 200 64 "-" "msnbot/2.0b (+http://search.msn.com/msnbot.htm)"
72.14.199.8 - - [07/Jun/2009:23:00:47 +0200] "GET / HTTP/1.1" 302 353 "-" "Feedfetcher-Google; (+http://www.google.com/feedfetcher.html; 1 subscribers; feed-id=5454548576667470243)"
72.14.199.85 - - [07/Jun/2009:23:00:47 +0200] "GET /zampa/ HTTP/1.1" 200 7153 "-" "Feedfetcher-Google; (+http://www.google.com/feedfetcher.html; 1 subscribers; feed-id=5454548576667470243)"
65.55.110.180 - - [07/Jun/2009:23:01:47 +0200] "GET /framez-girlz-neon.html HTTP/1.0" 200 4388 "http://search.live.com/results.aspx?q=various" "Mozilla/4.0 (compatible; MSIE 6.0; Windows NT 5.2; SV1; .NET CLR 1.1.4322)"
65.55.110.180 - - [07/Jun/2009:23:01:49 +0200] "GET /frame-menu.html HTTP/1.0" 200 10500 "http://www.various-euro.com/framez-girlz-neon.html" "Mozilla/4.0 (compatible; MSIE 6.0; Windows NT 5.2; SV1; .NET CLR 1.1.4322)"
65.55.110.180 - - [07/Jun/2009:23:01:51 +0200] "GET /neon/girlz2.html HTTP/1.0" 200 2937 "http://www.various-euro.com/framez-girlz-neon.html" "Mozilla/4.0 (compatible; MSIE 6.0; Windows NT 5.2; SV1; .NET CLR 1.1.4322)"
65.55.110.180 - - [07/Jun/2009:23:01:58 +0200] "GET /style/various-euro.css HTTP/1.0" 200 3437 "http://www.various-euro.com/frame-menu.html" "Mozilla/4.0 (compatible; MSIE 6.0; Windows NT 5.2; SV1; .NET CLR 1.1.4322)"
65.55.110.180 - - [07/Jun/2009:23:02:09 +0200] "GET /frame-unten.html HTTP/1.0" 200 5308 "http://www.various-euro.com/framez-girlz-neon.html" "Mozilla/4.0 (compatible; MSIE 6.0; Windows NT 5.2; SV1; .NET CLR 1.1.4322)"
72.30.79.93 - - [07/Jun/2009:23:14:56 +0200] "GET /f-horrorkatze.html HTTP/1.0" 200 7865 "-" "Mozilla/5.0 (compatible; Yahoo! Slurp/3.0; http://help.yahoo.com/help/us/ysearch/slurp)"
79.6.11.106 - - [07/Jun/2009:23:27:21 +0200] "GET / HTTP/1.1" 302 353 "http://www.google.com/search?q=zampa+di+leone&sourceid=navclient-ff&ie=UTF-8&rlz=1B3DVFA_enIT224IT270" "Mozilla/5.0 (Windows; U; Windows NT 5.1; en-US; rv:1.9.0.10) Gecko/2009042316 Firefox/3.0.10"
79.6.11.106 - - [07/Jun/2009:23:27:21 +0200] "GET /zampa/ HTTP/1.1" 200 7153 "http://www.google.com/search?q=zampa+di+leone&sourceid=navclient-ff&ie=UTF-8&rlz=1B3DVFA_enIT224IT270" "Mozilla/5.0 (Windows; U; Windows NT 5.1; en-US; rv:1.9.0.10) Gecko/2009042316 Firefox/3.0.10"
72.30.79.93 - - [07/Jun/2009:23:52:04 +0200] "GET /DgH/watch/index.html HTTP/1.0" 200 2028 "-" "Mozilla/5.0 (compatible; Yahoo! Slurp/3.0; http://help.yahoo.com/help/us/ysearch/slurp)"
72.30.79.93 - - [07/Jun/2009:23:52:05 +0200] "GET /DgH/watch/index.html HTTP/1.0" 200 2028 "-" "Mozilla/5.0 (compatible; Yahoo! Slurp/3.0; http://help.yahoo.com/help/us/ysearch/slurp)"
72.30.79.93 - - [07/Jun/2009:23:52:06 +0200] "GET /DgH/watch/pict/Watch.mp3 HTTP/1.0" 200 29938 "http://www.various-euro.com/DgH/watch/index.html" "Mozilla/5.0 (compatible; Yahoo! Slurp/3.0; http://help.yahoo.com/help/us/ysearch/slurp)"
72.30.79.93 - - [07/Jun/2009:23:52:08 +0200] "GET /neon/europa.html HTTP/1.0" 200 389 "-" "Mozilla/5.0 (compatible; Yahoo! Slurp/3.0; http://help.yahoo.com/help/us/ysearch/slurp)"
65.55.211.158 - - [08/Jun/2009:00:10:57 +0200] "GET /robots.txt HTTP/1.1" 200 64 "-" "msnbot/1.1 (+http://search.msn.com/msnbot.htm)"
65.55.211.158 - - [08/Jun/2009:00:10:58 +0200] "GET /neon/left-one-new.html HTTP/1.1" 200 1483 "-" "msnbot/1.1 (+http://search.msn.com/msnbot.htm)"
65.55.106.209 - - [08/Jun/2009:01:23:34 +0200] "GET /robots.txt HTTP/1.1" 200 64 "-" "msnbot/2.0b (+http://search.msn.com/msnbot.htm)"
85.94.102.78 - - [08/Jun/2009:01:31:26 +0200] "GET /framez-zampa-lovers.html HTTP/1.1" 200 4322 "http://www.google.com/search?as_q=O+JAGODAMA+I+KRVI&hl=sr&num=10&btnG=Google+%D0%BF%D1%80%D0%B5%D1%82%D1%80%D0%B0%D0%B3%D0%B0&as_epq=&as_oq=&as_eq=&lr=lang_en&cr=&as_ft=i&as_filetype=&as_qdr=all&as_occt=any&as_dt=i&as_sitesearch=&as_rights=" "Mozilla/4.0 (compatible; MSIE 7.0; Windows NT 6.0; SLCC1; .NET CLR 2.0.50727; .NET CLR 3.0.04506; .NET CLR 1.1.4322)"
