81.52.143.35 - - [18/Jun/2009:20:25:48 +0200] "GET /bmpp/18asi_2.html HTTP/1.1" 200 8674 "-" "Mozilla/5.0 (Windows; U; Windows NT 5.1; fr; rv:1.8.1) VoilaBot BETA 1.2 (support.voilabot@orange-ftgroup.com)"
38.103.63.62 - - [18/Jun/2009:20:33:53 +0200] "GET / HTTP/1.1" 302 353 "-" "CCBot/1.0 (+http://www.commoncrawl.org/bot.html)"
38.103.63.62 - - [18/Jun/2009:20:33:54 +0200] "GET /zampa/ HTTP/1.1" 200 7153 "-" "CCBot/1.0 (+http://www.commoncrawl.org/bot.html)"
38.103.63.62 - - [18/Jun/2009:20:51:55 +0200] "GET /robots.txt HTTP/1.1" 200 64 "-" "CCBot/1.0 (+http://www.commoncrawl.org/bot.html)"
65.55.211.166 - - [18/Jun/2009:21:06:30 +0200] "GET /logs/usage_200712.html HTTP/1.1" 404 2748 "-" "msnbot/1.1 (+http://search.msn.com/msnbot.htm)"
81.52.143.35 - - [18/Jun/2009:21:21:05 +0200] "GET /neon/warning2.html HTTP/1.1" 200 997 "-" "Mozilla/5.0 (Windows; U; Windows NT 5.1; fr; rv:1.8.1) VoilaBot BETA 1.2 (support.voilabot@orange-ftgroup.com)"
207.70.9.98 - - [18/Jun/2009:21:35:05 +0200] "GET / HTTP/1.1" 200 7869 "-" "Mozilla/4.0 (compatible; MSIE 6.0; Windows NT 5.0; DigExt)"
72.14.199.8 - - [18/Jun/2009:21:44:42 +0200] "GET / HTTP/1.1" 302 353 "-" "Feedfetcher-Google; (+http://www.google.com/feedfetcher.html; 1 subscribers; feed-id=5454548576667470243)"
72.14.199.85 - - [18/Jun/2009:21:44:43 +0200] "GET /zampa/ HTTP/1.1" 200 7153 "-" "Feedfetcher-Google; (+http://www.google.com/feedfetcher.html; 1 subscribers; feed-id=5454548576667470243)"
193.252.149.13 - - [18/Jun/2009:21:45:54 +0200] "GET /robots.txt HTTP/1.1" 200 64 "-" "Mozilla/5.0 (Windows; U; Windows NT 5.1; fr; rv:1.8.1) VoilaBot BETA 1.2 (support.voilabot@orange-ftgroup.com)"
193.252.149.13 - - [18/Jun/2009:21:46:00 +0200] "GET /DgH/watch/index.html HTTP/1.1" 200 2028 "-" "Mozilla/5.0 (Windows; U; Windows NT 5.1; fr; rv:1.8.1) VoilaBot BETA 1.2 (support.voilabot@orange-ftgroup.com)"
81.52.143.26 - - [18/Jun/2009:21:56:12 +0200] "GET /robots.txt HTTP/1.1" 200 64 "-" "Mozilla/5.0 (Windows; U; Windows NT 5.1; fr; rv:1.8.1) VoilaBot BETA 1.2 (support.voilabot@orange-ftgroup.com)"
81.52.143.26 - - [18/Jun/2009:21:56:18 +0200] "GET /neon/annniiii.html HTTP/1.1" 200 686 "-" "Mozilla/5.0 (Windows; U; Windows NT 5.1; fr; rv:1.8.1) VoilaBot BETA 1.2 (support.voilabot@orange-ftgroup.com)"
128.36.231.4 - - [18/Jun/2009:22:33:47 +0200] "GET / HTTP/1.1" 200 7869 "-" "Python-urllib/2.5"
65.55.211.159 - - [18/Jun/2009:22:52:29 +0200] "GET /bmpp/18start.html HTTP/1.1" 200 320 "-" "msnbot/1.1 (+http://search.msn.com/msnbot.htm)"
123.125.64.38 - - [18/Jun/2009:23:17:38 +0200] "GET / HTTP/1.1" 200 7869 "-" "Baiduspider+(+http://www.baidu.com/search/spider.htm)"
193.252.118.174 - - [18/Jun/2009:23:43:17 +0200] "GET /DgH/bull/index.html HTTP/1.1" 200 1915 "-" "Mozilla/5.0 (Windows; U; Windows NT 5.1; fr; rv:1.8.1) VoilaBot BETA 1.2 (support.voilabot@orange-ftgroup.com)"
80.129.120.241 - - [19/Jun/2009:00:31:04 +0200] "GET /framez.html HTTP/1.1" 200 3959 "http://search.hp.my.aol.com/aol/search?query=europortal&s_it=spelling" "Mozilla/4.0 (compatible; MSIE 7.0; Windows NT 6.0; SLCC1; .NET CLR 2.0.50727; Media Center PC 5.0; .NET CLR 3.0.04506)"
80.129.120.241 - - [19/Jun/2009:00:31:04 +0200] "GET /favicon.ico HTTP/1.1" 404 2748 "-" "Mozilla/4.0 (compatible; MSIE 7.0; Windows NT 6.0; SLCC1; .NET CLR 2.0.50727; Media Center PC 5.0; .NET CLR 3.0.04506)"
80.129.120.241 - - [19/Jun/2009:00:31:04 +0200] "GET /style/various-euro.css HTTP/1.1" 200 3437 "http://www.various-euro.com/framez.html" "Mozilla/4.0 (compatible; MSIE 7.0; Windows NT 6.0; SLCC1; .NET CLR 2.0.50727; Media Center PC 5.0; .NET CLR 3.0.04506)"
80.129.120.241 - - [19/Jun/2009:00:31:04 +0200] "GET /frame-menu.html HTTP/1.1" 200 10500 "http://www.various-euro.com/framez.html" "Mozilla/4.0 (compatible; MSIE 7.0; Windows NT 6.0; SLCC1; .NET CLR 2.0.50727; Media Center PC 5.0; .NET CLR 3.0.04506)"
80.129.120.241 - - [19/Jun/2009:00:31:04 +0200] "GET /frame-inhalt.html HTTP/1.1" 200 7688 "http://www.various-euro.com/framez.html" "Mozilla/4.0 (compatible; MSIE 7.0; Windows NT 6.0; SLCC1; .NET CLR 2.0.50727; Media Center PC 5.0; .NET CLR 3.0.04506)"
80.129.120.241 - - [19/Jun/2009:00:31:04 +0200] "GET /frame-unten.html HTTP/1.1" 200 5308 "http://www.various-euro.com/framez.html" "Mozilla/4.0 (compatible; MSIE 7.0; Windows NT 6.0; SLCC1; .NET CLR 2.0.50727; Media Center PC 5.0; .NET CLR 3.0.04506)"
80.129.120.241 - - [19/Jun/2009:00:31:04 +0200] "GET /bannerz/neon_click_3.gif HTTP/1.1" 200 240 "http://www.various-euro.com/frame-inhalt.html" "Mozilla/4.0 (compatible; MSIE 7.0; Windows NT 6.0; SLCC1; .NET CLR 2.0.50727; Media Center PC 5.0; .NET CLR 3.0.04506)"
80.129.120.241 - - [19/Jun/2009:00:31:04 +0200] "GET /eurosign3.gif HTTP/1.1" 200 7879 "http://www.various-euro.com/frame-inhalt.html" "Mozilla/4.0 (compatible; MSIE 7.0; Windows NT 6.0; SLCC1; .NET CLR 2.0.50727; Media Center PC 5.0; .NET CLR 3.0.04506)"
80.129.120.241 - - [19/Jun/2009:00:31:04 +0200] "GET /bannerz/neon_click_1.gif HTTP/1.1" 200 890 "http://www.various-euro.com/frame-inhalt.html" "Mozilla/4.0 (compatible; MSIE 7.0; Windows NT 6.0; SLCC1; .NET CLR 2.0.50727; Media Center PC 5.0; .NET CLR 3.0.04506)"
80.129.120.241 - - [19/Jun/2009:00:31:04 +0200] "GET /bannerz/ve.jpg HTTP/1.1" 200 36912 "http://www.various-euro.com/frame-unten.html" "Mozilla/4.0 (compatible; MSIE 7.0; Windows NT 6.0; SLCC1; .NET CLR 2.0.50727; Media Center PC 5.0; .NET CLR 3.0.04506)"
80.129.120.241 - - [19/Jun/2009:00:31:05 +0200] "GET /bannerz/wet.gif HTTP/1.1" 200 18561 "http://www.various-euro.com/frame-inhalt.html" "Mozilla/4.0 (compatible; MSIE 7.0; Windows NT 6.0; SLCC1; .NET CLR 2.0.50727; Media Center PC 5.0; .NET CLR 3.0.04506)"
80.129.120.241 - - [19/Jun/2009:00:31:05 +0200] "GET /bannerz/google/Logo_40blk.gif HTTP/1.1" 200 2308 "http://www.various-euro.com/frame-inhalt.html" "Mozilla/4.0 (compatible; MSIE 7.0; Windows NT 6.0; SLCC1; .NET CLR 2.0.50727; Media Center PC 5.0; .NET CLR 3.0.04506)"
80.129.120.241 - - [19/Jun/2009:00:31:05 +0200] "GET /bannerz/neon_click_2.gif HTTP/1.1" 200 387 "http://www.various-euro.com/frame-inhalt.html" "Mozilla/4.0 (compatible; MSIE 7.0; Windows NT 6.0; SLCC1; .NET CLR 2.0.50727; Media Center PC 5.0; .NET CLR 3.0.04506)"
80.129.120.241 - - [19/Jun/2009:00:31:05 +0200] "GET /bannerz/douwil.gif HTTP/1.1" 200 528 "http://www.various-euro.com/frame-inhalt.html" "Mozilla/4.0 (compatible; MSIE 7.0; Windows NT 6.0; SLCC1; .NET CLR 2.0.50727; Media Center PC 5.0; .NET CLR 3.0.04506)"
80.129.120.241 - - [19/Jun/2009:00:31:05 +0200] "GET /bannerz/anti_black_small.gif HTTP/1.1" 200 1009 "http://www.various-euro.com/frame-inhalt.html" "Mozilla/4.0 (compatible; MSIE 7.0; Windows NT 6.0; SLCC1; .NET CLR 2.0.50727; Media Center PC 5.0; .NET CLR 3.0.04506)"
80.129.120.241 - - [19/Jun/2009:00:31:05 +0200] "GET /bannerz/copyleft_black_small.gif HTTP/1.1" 200 1231 "http://www.various-euro.com/frame-inhalt.html" "Mozilla/4.0 (compatible; MSIE 7.0; Windows NT 6.0; SLCC1; .NET CLR 2.0.50727; Media Center PC 5.0; .NET CLR 3.0.04506)"
80.129.120.241 - - [19/Jun/2009:00:31:04 +0200] "GET /bannerz/various-euro-girl.jpg HTTP/1.1" 200 91514 "http://www.various-euro.com/frame-unten.html" "Mozilla/4.0 (compatible; MSIE 7.0; Windows NT 6.0; SLCC1; .NET CLR 2.0.50727; Media Center PC 5.0; .NET CLR 3.0.04506)"
80.129.120.241 - - [19/Jun/2009:00:31:05 +0200] "GET /ve-icon-2.ico HTTP/1.1" 200 2238 "-" "Mozilla/4.0 (compatible; MSIE 7.0; Windows NT 6.0; SLCC1; .NET CLR 2.0.50727; Media Center PC 5.0; .NET CLR 3.0.04506)"
66.249.72.227 - - [19/Jun/2009:00:31:32 +0200] "GET /framez.html HTTP/1.1" 200 3959 "-" "Mozilla/5.0 (compatible; Googlebot/2.1; +http://www.google.com/bot.html)"
72.14.199.8 - - [19/Jun/2009:00:44:50 +0200] "GET / HTTP/1.1" 302 353 "-" "Feedfetcher-Google; (+http://www.google.com/feedfetcher.html; 1 subscribers; feed-id=5454548576667470243)"
72.14.199.85 - - [19/Jun/2009:00:44:51 +0200] "GET /zampa/ HTTP/1.1" 200 7153 "-" "Feedfetcher-Google; (+http://www.google.com/feedfetcher.html; 1 subscribers; feed-id=5454548576667470243)"
72.30.79.93 - - [19/Jun/2009:00:45:50 +0200] "GET /robots.txt HTTP/1.0" 200 64 "-" "Mozilla/5.0 (compatible; Yahoo! Slurp; http://help.yahoo.com/help/us/ysearch/slurp)"
72.30.79.93 - - [19/Jun/2009:00:45:50 +0200] "GET /f-world.html HTTP/1.0" 200 35590 "-" "Mozilla/5.0 (compatible; Yahoo! Slurp/3.0; http://help.yahoo.com/help/us/ysearch/slurp)"
67.16.94.2 - - [19/Jun/2009:00:47:01 +0200] "GET /robots.txt HTTP/1.0" 200 64 "-" "Gigabot/3.0 (http://www.gigablast.com/spider.html)"
67.16.94.2 - - [19/Jun/2009:00:47:03 +0200] "GET / HTTP/1.0" 200 7869 "-" "Gigabot/3.0 (http://www.gigablast.com/spider.html)"
216.129.119.49 - - [19/Jun/2009:00:54:32 +0200] "GET /schubb/schubb-4.html HTTP/1.0" 200 17746 "-" "Mozilla/5.0 (Twiceler-0.9 http://www.cuil.com/twiceler/robot.html)"
66.249.72.227 - - [19/Jun/2009:01:04:40 +0200] "GET /frame-inhalt.html HTTP/1.1" 200 7688 "-" "Mozilla/5.0 (compatible; Googlebot/2.1; +http://www.google.com/bot.html)"
193.252.118.174 - - [19/Jun/2009:01:08:45 +0200] "GET /neon/slow-walk2.html HTTP/1.1" 200 1777 "-" "Mozilla/5.0 (Windows; U; Windows NT 5.1; fr; rv:1.8.1) VoilaBot BETA 1.2 (support.voilabot@orange-ftgroup.com)"
72.30.79.93 - - [19/Jun/2009:01:12:36 +0200] "GET /zampa/ HTTP/1.0" 200 7153 "-" "Mozilla/5.0 (compatible; Yahoo! Slurp/3.0; http://help.yahoo.com/help/us/ysearch/slurp)"
128.36.231.4 - - [19/Jun/2009:01:20:32 +0200] "GET / HTTP/1.1" 200 7869 "-" "Python-urllib/2.5"
65.55.211.165 - - [19/Jun/2009:01:27:41 +0200] "GET /robots.txt HTTP/1.1" 200 64 "-" "msnbot/1.1 (+http://search.msn.com/msnbot.htm)"
65.55.211.165 - - [19/Jun/2009:01:27:41 +0200] "GET /f-sponsor.html HTTP/1.1" 200 8578 "-" "msnbot/1.1 (+http://search.msn.com/msnbot.htm)"
195.34.78.110 - - [19/Jun/2009:01:39:55 +0200] "GET /f-other.html//assets/snippets/reflect/snippet.reflect.php?reflect_base=http://shanghaisisa.com/skin/rfi.txt??? HTTP/1.1" 200 19851 "-" "libwww-perl/5.805"
195.34.78.110 - - [19/Jun/2009:01:39:55 +0200] "GET //assets/snippets/reflect/snippet.reflect.php?reflect_base=http://shanghaisisa.com/skin/rfi.txt??? HTTP/1.1" 404 2748 "-" "libwww-perl/5.805"
89.28.14.35 - - [19/Jun/2009:01:45:49 +0200] "GET /framez-schubb5.html HTTP/1.0" 200 4330 "http://www.various-euro.com/framez-schubb5.html" "Mozilla/4.0 (compatible; MSIE 6.0; Windows NT 5.0)"
89.28.14.35 - - [19/Jun/2009:01:45:49 +0200] "GET /frame-menu.html HTTP/1.0" 200 10500 "http://www.various-euro.com/frame-menu.html" "Mozilla/4.0 (compatible; MSIE 6.0; Windows NT 5.0)"
89.28.14.35 - - [19/Jun/2009:01:45:50 +0200] "GET /schubb/schubb-5.html HTTP/1.0" 200 72944 "http://www.various-euro.com/schubb/schubb-5.html" "Mozilla/4.0 (compatible; MSIE 6.0; Windows NT 5.0)"
89.28.14.35 - - [19/Jun/2009:01:45:50 +0200] "GET /frame-unten.html HTTP/1.0" 200 5308 "http://www.various-euro.com/frame-unten.html" "Mozilla/4.0 (compatible; MSIE 6.0; Windows NT 5.0)"
193.252.149.16 - - [19/Jun/2009:01:47:37 +0200] "GET /frame-inhalt.html HTTP/1.1" 200 7688 "-" "Mozilla/5.0 (Windows; U; Windows NT 5.1; fr; rv:1.8.1) VoilaBot BETA 1.2 (support.voilabot@orange-ftgroup.com)"
65.55.211.163 - - [19/Jun/2009:01:54:32 +0200] "GET /3dsf3/sendi/sendisendi.html HTTP/1.1" 200 5118 "-" "msnbot/1.1 (+http://search.msn.com/msnbot.htm)"
72.30.79.93 - - [19/Jun/2009:07:55:07 +0200] "GET /zampa-lovers/index.html HTTP/1.0" 200 37790 "-" "Mozilla/5.0 (compatible; Yahoo! Slurp/3.0; http://help.yahoo.com/help/us/ysearch/slurp)"
65.55.106.133 - - [19/Jun/2009:08:00:53 +0200] "GET /robots.txt HTTP/1.1" 200 64 "-" "msnbot/2.0b (+http://search.msn.com/msnbot.htm)"
66.197.167.99 - - [19/Jun/2009:08:34:45 +0200] "GET /framez-schubb5.html HTTP/1.0" 200 4330 "http://www.various-euro.com/framez-schubb5.html" "Mozilla/3.0 (compatible; WebCapture 2.0; Auto; Windows)"
66.197.167.99 - - [19/Jun/2009:08:34:45 +0200] "GET /frame-menu.html HTTP/1.0" 200 10500 "http://www.various-euro.com/frame-menu.html" "Mozilla/3.0 (compatible; WebCapture 2.0; Auto; Windows)"
66.197.167.99 - - [19/Jun/2009:08:34:48 +0200] "GET /schubb/schubb-5.html HTTP/1.0" 200 72944 "http://www.various-euro.com/schubb/schubb-5.html" "Mozilla/3.0 (compatible; WebCapture 2.0; Auto; Windows)"
66.197.167.99 - - [19/Jun/2009:08:34:49 +0200] "GET /frame-unten.html HTTP/1.0" 200 5308 "http://www.various-euro.com/frame-unten.html" "Mozilla/3.0 (compatible; WebCapture 2.0; Auto; Windows)"
65.55.106.113 - - [19/Jun/2009:08:37:07 +0200] "GET /robots.txt HTTP/1.1" 200 64 "-" "msnbot/2.0b (+http://search.msn.com/msnbot.htm)"
65.55.106.113 - - [19/Jun/2009:08:45:22 +0200] "GET / HTTP/1.1" 200 7869 "-" "msnbot/2.0b (+http://search.msn.com/msnbot.htm)"
72.30.79.93 - - [19/Jun/2009:08:45:50 +0200] "GET /your_tour.html HTTP/1.0" 200 29760 "-" "Mozilla/5.0 (compatible; Yahoo! Slurp/3.0; http://help.yahoo.com/help/us/ysearch/slurp)"
72.30.79.93 - - [19/Jun/2009:08:45:51 +0200] "GET /anon.css HTTP/1.0" 404 2748 "http://www.various-euro.com/your_tour.html" "Mozilla/5.0 (compatible; Yahoo! Slurp/3.0; http://help.yahoo.com/help/us/ysearch/slurp)"
65.55.106.164 - - [19/Jun/2009:08:47:05 +0200] "GET /zampa-lovers/index.html HTTP/1.1" 200 37790 "-" "msnbot/2.0b (+http://search.msn.com/msnbot.htm)"
72.30.79.93 - - [19/Jun/2009:08:55:19 +0200] "GET /logs/usage_200607.html HTTP/1.0" 404 2748 "-" "Mozilla/5.0 (compatible; Yahoo! Slurp/3.0; http://help.yahoo.com/help/us/ysearch/slurp)"
65.55.106.191 - - [19/Jun/2009:09:34:16 +0200] "GET /robots.txt HTTP/1.1" 200 64 "-" "msnbot/2.0b (+http://search.msn.com/msnbot.htm)"
193.252.149.15 - - [19/Jun/2009:09:38:36 +0200] "GET /bmpp/18start.html HTTP/1.1" 200 320 "-" "Mozilla/5.0 (Windows; U; Windows NT 5.1; fr; rv:1.8.1) VoilaBot BETA 1.2 (support.voilabot@orange-ftgroup.com)"
65.55.106.191 - - [19/Jun/2009:09:39:48 +0200] "GET /zampa/montenegro/MILOW.html HTTP/1.1" 200 860 "-" "msnbot/2.0b (+http://search.msn.com/msnbot.htm)"
81.52.143.34 - - [19/Jun/2009:09:48:35 +0200] "GET /neon/warning.html HTTP/1.1" 200 5134 "-" "Mozilla/5.0 (Windows; U; Windows NT 5.1; fr; rv:1.8.1) VoilaBot BETA 1.2 (support.voilabot@orange-ftgroup.com)"
193.252.149.16 - - [19/Jun/2009:09:49:41 +0200] "GET /DgH/rampe/index.html HTTP/1.1" 200 2056 "-" "Mozilla/5.0 (Windows; U; Windows NT 5.1; fr; rv:1.8.1) VoilaBot BETA 1.2 (support.voilabot@orange-ftgroup.com)"
193.252.149.15 - - [19/Jun/2009:09:57:14 +0200] "GET /neon/large.html HTTP/1.1" 200 1547 "-" "Mozilla/5.0 (Windows; U; Windows NT 5.1; fr; rv:1.8.1) VoilaBot BETA 1.2 (support.voilabot@orange-ftgroup.com)"
72.14.199.8 - - [19/Jun/2009:09:59:58 +0200] "GET / HTTP/1.1" 302 353 "-" "Feedfetcher-Google; (+http://www.google.com/feedfetcher.html; 1 subscribers; feed-id=5454548576667470243)"
72.14.199.85 - - [19/Jun/2009:10:00:06 +0200] "GET /zampa/ HTTP/1.1" 200 7153 "-" "Feedfetcher-Google; (+http://www.google.com/feedfetcher.html; 1 subscribers; feed-id=5454548576667470243)"
65.55.211.161 - - [19/Jun/2009:10:09:50 +0200] "GET /robots.txt HTTP/1.1" 200 64 "-" "msnbot/1.1 (+http://search.msn.com/msnbot.htm)"
65.55.211.161 - - [19/Jun/2009:10:09:50 +0200] "GET /logs/usage_200711.html HTTP/1.1" 404 2748 "-" "msnbot/1.1 (+http://search.msn.com/msnbot.htm)"
72.30.79.93 - - [19/Jun/2009:10:36:25 +0200] "GET /f-maintitle.html HTTP/1.0" 200 5030 "-" "Mozilla/5.0 (compatible; Yahoo! Slurp/3.0; http://help.yahoo.com/help/us/ysearch/slurp)"
81.52.143.33 - - [19/Jun/2009:10:46:42 +0200] "GET /bmpp/18.html HTTP/1.1" 200 4467 "-" "Mozilla/5.0 (Windows; U; Windows NT 5.1; fr; rv:1.8.1) VoilaBot BETA 1.2 (support.voilabot@orange-ftgroup.com)"
65.55.106.196 - - [19/Jun/2009:10:53:59 +0200] "GET /robots.txt HTTP/1.1" 302 363 "-" "msnbot/2.0b (+http://search.msn.com/msnbot.htm)"
65.55.106.196 - - [19/Jun/2009:10:53:59 +0200] "GET /zampa/robots.txt HTTP/1.1" 404 2748 "-" "msnbot/2.0b (+http://search.msn.com/msnbot.htm)"
65.55.230.248 - - [19/Jun/2009:11:18:11 +0200] "GET /robots.txt HTTP/1.1" 200 64 "-" "msnbot-media/1.1 (+http://search.msn.com/msnbot.htm)"
65.55.230.248 - - [19/Jun/2009:11:18:11 +0200] "GET /framez-zampa-lovers.html HTTP/1.1" 200 4322 "-" "msnbot-media/1.1 (+http://search.msn.com/msnbot.htm)"
72.30.79.93 - - [19/Jun/2009:11:19:37 +0200] "GET /framez-rez.html HTTP/1.0" 200 4323 "-" "Mozilla/5.0 (compatible; Yahoo! Slurp/3.0; http://help.yahoo.com/help/us/ysearch/slurp)"
72.30.79.93 - - [19/Jun/2009:11:19:39 +0200] "GET /frame-menu.html HTTP/1.0" 200 10500 "http://www.various-euro.com/framez-rez.html" "Mozilla/5.0 (compatible; Yahoo! Slurp/3.0; http://help.yahoo.com/help/us/ysearch/slurp)"
72.30.79.93 - - [19/Jun/2009:11:19:39 +0200] "GET /f-rez.html HTTP/1.0" 200 9765 "http://www.various-euro.com/framez-rez.html" "Mozilla/5.0 (compatible; Yahoo! Slurp/3.0; http://help.yahoo.com/help/us/ysearch/slurp)"
72.30.79.93 - - [19/Jun/2009:11:19:39 +0200] "GET /frame-unten.html HTTP/1.0" 200 5308 "http://www.various-euro.com/framez-rez.html" "Mozilla/5.0 (compatible; Yahoo! Slurp/3.0; http://help.yahoo.com/help/us/ysearch/slurp)"
72.30.79.93 - - [19/Jun/2009:11:19:40 +0200] "GET /style/various-euro.css HTTP/1.0" 304 - "http://www.various-euro.com/frame-menu.html" "Mozilla/5.0 (compatible; Yahoo! Slurp/3.0; http://help.yahoo.com/help/us/ysearch/slurp)"
38.99.13.116 - - [19/Jun/2009:11:33:41 +0200] "GET /robots.txt HTTP/1.0" 302 363 "-" "Mozilla/5.0 (Twiceler-0.9 http://www.cuil.com/twiceler/robot.html)"
66.249.72.227 - - [19/Jun/2009:12:06:07 +0200] "GET /logs/usage_200906.html HTTP/1.1" 404 2748 "-" "Mozilla/5.0 (compatible; Googlebot/2.1; +http://www.google.com/bot.html)"
114.244.58.33 - - [19/Jun/2009:12:19:16 +0200] "GET /zampa/favicon.ico HTTP/1.1" 404 2748 "-" "Mozilla/4.0 (compatible; GoogleToolbar 5.0.2124.6042; Windows XP 5.1; MSIE 6.0.2900.2180)"
114.244.58.33 - - [19/Jun/2009:12:19:17 +0200] "GET /zampa/favicon.gif HTTP/1.1" 404 2748 "-" "Mozilla/4.0 (compatible; GoogleToolbar 5.0.2124.6042; Windows XP 5.1; MSIE 6.0.2900.2180)"
66.249.72.227 - - [19/Jun/2009:12:44:35 +0200] "GET /robots.txt HTTP/1.1" 200 64 "-" "Googlebot-Image/1.0"
72.14.199.8 - - [19/Jun/2009:13:00:18 +0200] "GET / HTTP/1.1" 302 353 "-" "Feedfetcher-Google; (+http://www.google.com/feedfetcher.html; 1 subscribers; feed-id=5454548576667470243)"
72.14.199.85 - - [19/Jun/2009:13:00:18 +0200] "GET /zampa/ HTTP/1.1" 200 7153 "-" "Feedfetcher-Google; (+http://www.google.com/feedfetcher.html; 1 subscribers; feed-id=5454548576667470243)"
78.163.124.236 - - [19/Jun/2009:13:13:31 +0200] "GET / HTTP/1.1" 200 7869 "http://www.modukit.com/canal-bleu/" "Mozilla/4.0 (compatible; MSIE 7.0; Windows NT 5.1; .NET CLR 2.0.50727; OfficeLiveConnector.1.3; OfficeLivePatch.0.0)"
78.163.124.236 - - [19/Jun/2009:13:13:31 +0200] "GET /favicon.ico HTTP/1.1" 404 2748 "-" "Mozilla/4.0 (compatible; MSIE 7.0; Windows NT 5.1; .NET CLR 2.0.50727; OfficeLiveConnector.1.3; OfficeLivePatch.0.0)"
78.163.124.236 - - [19/Jun/2009:13:13:31 +0200] "GET /style/various-euro.css HTTP/1.1" 200 3437 "http://www.various-euro.com/" "Mozilla/4.0 (compatible; MSIE 7.0; Windows NT 5.1; .NET CLR 2.0.50727; OfficeLiveConnector.1.3; OfficeLivePatch.0.0)"
78.163.124.236 - - [19/Jun/2009:13:13:32 +0200] "GET /framez_0.html HTTP/1.1" 200 12285 "-" "Mozilla/4.0 (compatible; MSIE 7.0; Windows NT 5.1; .NET CLR 2.0.50727; OfficeLiveConnector.1.3; OfficeLivePatch.0.0)"
78.163.124.236 - - [19/Jun/2009:13:13:32 +0200] "GET /ve-icon-2.ico HTTP/1.1" 200 2238 "-" "Mozilla/4.0 (compatible; MSIE 7.0; Windows NT 5.1; .NET CLR 2.0.50727; OfficeLiveConnector.1.3; OfficeLivePatch.0.0)"
78.163.124.236 - - [19/Jun/2009:13:13:35 +0200] "GET /framez.html HTTP/1.1" 200 3959 "-" "Mozilla/4.0 (compatible; MSIE 7.0; Windows NT 5.1; .NET CLR 2.0.50727; OfficeLiveConnector.1.3; OfficeLivePatch.0.0)"
78.163.124.236 - - [19/Jun/2009:13:13:35 +0200] "GET /frame-menu.html HTTP/1.1" 200 10500 "http://www.various-euro.com/framez.html" "Mozilla/4.0 (compatible; MSIE 7.0; Windows NT 5.1; .NET CLR 2.0.50727; OfficeLiveConnector.1.3; OfficeLivePatch.0.0)"
78.163.124.236 - - [19/Jun/2009:13:13:35 +0200] "GET /frame-inhalt.html HTTP/1.1" 200 7688 "http://www.various-euro.com/framez.html" "Mozilla/4.0 (compatible; MSIE 7.0; Windows NT 5.1; .NET CLR 2.0.50727; OfficeLiveConnector.1.3; OfficeLivePatch.0.0)"
78.163.124.236 - - [19/Jun/2009:13:13:36 +0200] "GET /frame-unten.html HTTP/1.1" 200 5308 "http://www.various-euro.com/framez.html" "Mozilla/4.0 (compatible; MSIE 7.0; Windows NT 5.1; .NET CLR 2.0.50727; OfficeLiveConnector.1.3; OfficeLivePatch.0.0)"
78.163.124.236 - - [19/Jun/2009:13:13:36 +0200] "GET /bannerz/neon_click_3.gif HTTP/1.1" 200 240 "http://www.various-euro.com/frame-inhalt.html" "Mozilla/4.0 (compatible; MSIE 7.0; Windows NT 5.1; .NET CLR 2.0.50727; OfficeLiveConnector.1.3; OfficeLivePatch.0.0)"
78.163.124.236 - - [19/Jun/2009:13:13:36 +0200] "GET /eurosign3.gif HTTP/1.1" 200 7879 "http://www.various-euro.com/frame-inhalt.html" "Mozilla/4.0 (compatible; MSIE 7.0; Windows NT 5.1; .NET CLR 2.0.50727; OfficeLiveConnector.1.3; OfficeLivePatch.0.0)"
78.163.124.236 - - [19/Jun/2009:13:13:36 +0200] "GET /bannerz/neon_click_1.gif HTTP/1.1" 200 890 "http://www.various-euro.com/frame-inhalt.html" "Mozilla/4.0 (compatible; MSIE 7.0; Windows NT 5.1; .NET CLR 2.0.50727; OfficeLiveConnector.1.3; OfficeLivePatch.0.0)"
78.163.124.236 - - [19/Jun/2009:13:13:36 +0200] "GET /bannerz/wet.gif HTTP/1.1" 200 18561 "http://www.various-euro.com/frame-inhalt.html" "Mozilla/4.0 (compatible; MSIE 7.0; Windows NT 5.1; .NET CLR 2.0.50727; OfficeLiveConnector.1.3; OfficeLivePatch.0.0)"
78.163.124.236 - - [19/Jun/2009:13:13:36 +0200] "GET /bannerz/google/Logo_40blk.gif HTTP/1.1" 200 2308 "http://www.various-euro.com/frame-inhalt.html" "Mozilla/4.0 (compatible; MSIE 7.0; Windows NT 5.1; .NET CLR 2.0.50727; OfficeLiveConnector.1.3; OfficeLivePatch.0.0)"
78.163.124.236 - - [19/Jun/2009:13:13:36 +0200] "GET /bannerz/neon_click_2.gif HTTP/1.1" 200 387 "http://www.various-euro.com/frame-inhalt.html" "Mozilla/4.0 (compatible; MSIE 7.0; Windows NT 5.1; .NET CLR 2.0.50727; OfficeLiveConnector.1.3; OfficeLivePatch.0.0)"
78.163.124.236 - - [19/Jun/2009:13:13:37 +0200] "GET /bannerz/douwil.gif HTTP/1.1" 200 528 "http://www.various-euro.com/frame-inhalt.html" "Mozilla/4.0 (compatible; MSIE 7.0; Windows NT 5.1; .NET CLR 2.0.50727; OfficeLiveConnector.1.3; OfficeLivePatch.0.0)"
78.163.124.236 - - [19/Jun/2009:13:13:37 +0200] "GET /bannerz/anti_black_small.gif HTTP/1.1" 200 1009 "http://www.various-euro.com/frame-inhalt.html" "Mozilla/4.0 (compatible; MSIE 7.0; Windows NT 5.1; .NET CLR 2.0.50727; OfficeLiveConnector.1.3; OfficeLivePatch.0.0)"
78.163.124.236 - - [19/Jun/2009:13:13:37 +0200] "GET /bannerz/copyleft_black_small.gif HTTP/1.1" 200 1231 "http://www.various-euro.com/frame-inhalt.html" "Mozilla/4.0 (compatible; MSIE 7.0; Windows NT 5.1; .NET CLR 2.0.50727; OfficeLiveConnector.1.3; OfficeLivePatch.0.0)"
78.163.124.236 - - [19/Jun/2009:13:13:37 +0200] "GET /bannerz/ve.jpg HTTP/1.1" 200 36912 "http://www.various-euro.com/frame-unten.html" "Mozilla/4.0 (compatible; MSIE 7.0; Windows NT 5.1; .NET CLR 2.0.50727; OfficeLiveConnector.1.3; OfficeLivePatch.0.0)"
78.163.124.236 - - [19/Jun/2009:13:13:37 +0200] "GET /bannerz/various-euro-girl.jpg HTTP/1.1" 200 91514 "http://www.various-euro.com/frame-unten.html" "Mozilla/4.0 (compatible; MSIE 7.0; Windows NT 5.1; .NET CLR 2.0.50727; OfficeLiveConnector.1.3; OfficeLivePatch.0.0)"
65.55.106.162 - - [19/Jun/2009:13:28:32 +0200] "GET /robots.txt HTTP/1.1" 302 363 "-" "msnbot/2.0b (+http://search.msn.com/msnbot.htm)"
65.55.106.162 - - [19/Jun/2009:13:28:32 +0200] "GET /zampa/robots.txt HTTP/1.1" 404 2748 "-" "msnbot/2.0b (+http://search.msn.com/msnbot.htm)"
194.44.21.57 - - [19/Jun/2009:13:40:30 +0200] "GET / HTTP/1.1" 200 7869 "http://www.randomwebsite.com/" "Mozilla/5.0 (Windows; U; Windows NT 5.1; ru; rv:1.9.0.11) Gecko/2009060215 Firefox/3.0.11"
194.44.21.57 - - [19/Jun/2009:13:40:30 +0200] "GET /ve-icon-2.ico HTTP/1.1" 200 2238 "-" "Mozilla/5.0 (Windows; U; Windows NT 5.1; ru; rv:1.9.0.11) Gecko/2009060215 Firefox/3.0.11"
194.44.21.57 - - [19/Jun/2009:13:40:30 +0200] "GET /style/various-euro.css HTTP/1.1" 200 3437 "http://www.various-euro.com/" "Mozilla/5.0 (Windows; U; Windows NT 5.1; ru; rv:1.9.0.11) Gecko/2009060215 Firefox/3.0.11"
216.129.119.49 - - [19/Jun/2009:14:02:26 +0200] "GET /robots.txt HTTP/1.0" 200 64 "-" "Mozilla/5.0 (Twiceler-0.9 http://www.cuil.com/twiceler/robot.html)"
72.30.79.93 - - [19/Jun/2009:14:13:00 +0200] "GET /robots.txt HTTP/1.0" 200 64 "-" "Mozilla/5.0 (compatible; Yahoo! Slurp; http://help.yahoo.com/help/us/ysearch/slurp)"
72.30.79.93 - - [19/Jun/2009:14:13:00 +0200] "GET / HTTP/1.0" 200 7869 "-" "Mozilla/5.0 (compatible; Yahoo! Slurp/3.0; http://help.yahoo.com/help/us/ysearch/slurp)"
72.30.79.93 - - [19/Jun/2009:14:13:02 +0200] "GET /style/various-euro.css HTTP/1.0" 304 - "http://www.various-euro.com/" "Mozilla/5.0 (compatible; Yahoo! Slurp/3.0; http://help.yahoo.com/help/us/ysearch/slurp)"
65.55.106.161 - - [19/Jun/2009:14:16:47 +0200] "GET /robots.txt HTTP/1.1" 200 64 "-" "msnbot/2.0b (+http://search.msn.com/msnbot.htm)"
208.80.195.34 - - [19/Jun/2009:14:32:56 +0200] "GET / HTTP/1.0" 200 7869 "-" "Mozilla/4.0 (compatible; MSIE 6.0; Windows NT 5.1; SV1; NetCaptor 7.5.4)"
208.80.195.34 - - [19/Jun/2009:14:32:56 +0200] "GET / HTTP/1.0" 200 7869 "-" "Mozilla/4.0 (compatible; MSIE 6.0; Windows NT 5.1; iebar; acc=jocker; acc=none; FreeprodTB; (none); SV1; FunWebProducts; .NET CLR 1.1.4322)"
72.30.79.93 - - [19/Jun/2009:14:38:21 +0200] "GET /logz_old.html HTTP/1.0" 404 2748 "-" "Mozilla/5.0 (compatible; Yahoo! Slurp/3.0; http://help.yahoo.com/help/us/ysearch/slurp)"
65.55.106.107 - - [19/Jun/2009:14:47:55 +0200] "GET /zampa/montenegro/ HTTP/1.1" 200 2651 "-" "msnbot/2.0b (+http://search.msn.com/msnbot.htm)"
66.249.72.227 - - [19/Jun/2009:14:55:03 +0200] "GET /framez-rez.html HTTP/1.1" 200 4323 "-" "Mozilla/5.0 (compatible; Googlebot/2.1; +http://www.google.com/bot.html)"
65.55.211.164 - - [19/Jun/2009:15:04:39 +0200] "GET /robots.txt HTTP/1.1" 200 64 "-" "msnbot/1.1 (+http://search.msn.com/msnbot.htm)"
65.55.211.164 - - [19/Jun/2009:15:04:41 +0200] "GET /neon/channel.html HTTP/1.1" 200 1942 "-" "msnbot/1.1 (+http://search.msn.com/msnbot.htm)"
65.55.109.95 - - [19/Jun/2009:15:04:58 +0200] "GET /neon/channel.html HTTP/1.0" 200 1942 "http://search.live.com/results.aspx?q=channel" "Mozilla/4.0 (compatible; MSIE 6.0; Windows NT 5.2; SV1; .NET CLR 1.1.4322)"
206.207.117.171 - - [19/Jun/2009:15:17:37 +0200] "GET / HTTP/1.1" 200 7869 "-" "Mozilla/4.0 (compatible; MSIE 6.0; Windows NT 5.0; DigExt)"
66.249.72.227 - - [19/Jun/2009:15:27:53 +0200] "GET /f-actions.html HTTP/1.1" 200 11686 "-" "Mozilla/5.0 (compatible; Googlebot/2.1; +http://www.google.com/bot.html)"
66.249.72.227 - - [19/Jun/2009:15:28:00 +0200] "GET /f-sponsor.html HTTP/1.1" 200 8578 "-" "Mozilla/5.0 (compatible; Googlebot/2.1; +http://www.google.com/bot.html)"
66.249.72.227 - - [19/Jun/2009:15:28:15 +0200] "GET /DgH/bull/index.html HTTP/1.1" 200 1915 "-" "Mozilla/5.0 (compatible; Googlebot/2.1; +http://www.google.com/bot.html)"
66.249.72.227 - - [19/Jun/2009:15:28:22 +0200] "GET /DgH/bull/ HTTP/1.1" 200 1915 "-" "Mozilla/5.0 (compatible; Googlebot/2.1; +http://www.google.com/bot.html)"
65.55.106.179 - - [19/Jun/2009:15:50:06 +0200] "GET /robots.txt HTTP/1.1" 200 64 "-" "msnbot/2.0b (+http://search.msn.com/msnbot.htm)"
66.249.72.227 - - [19/Jun/2009:16:08:26 +0200] "GET /bmpp/euro_pal_3.html HTTP/1.1" 200 2489 "-" "Mozilla/5.0 (compatible; Googlebot/2.1; +http://www.google.com/bot.html)"
38.99.44.105 - - [19/Jun/2009:16:17:38 +0200] "GET /robots.txt HTTP/1.0" 200 64 "-" "Mozilla/5.0 (Twiceler-0.9 http://www.cuil.com/twiceler/robot.html)"
67.195.115.213 - - [19/Jun/2009:16:27:15 +0200] "GET /robots.txt HTTP/1.0" 200 64 "-" "Mozilla/5.0 (compatible; Yahoo! Slurp; http://help.yahoo.com/help/us/ysearch/slurp)"
67.195.115.213 - - [19/Jun/2009:16:27:15 +0200] "GET /framez-rez.html HTTP/1.0" 200 4323 "-" "Mozilla/5.0 (compatible; Yahoo! Slurp/3.0; http://help.yahoo.com/help/us/ysearch/slurp)"
67.195.115.213 - - [19/Jun/2009:16:27:20 +0200] "GET /frame-unten.html HTTP/1.0" 200 5308 "http://www.various-euro.com/framez-rez.html" "Mozilla/5.0 (compatible; Yahoo! Slurp/3.0; http://help.yahoo.com/help/us/ysearch/slurp)"
67.195.115.213 - - [19/Jun/2009:16:27:20 +0200] "GET /frame-menu.html HTTP/1.0" 200 10500 "http://www.various-euro.com/framez-rez.html" "Mozilla/5.0 (compatible; Yahoo! Slurp/3.0; http://help.yahoo.com/help/us/ysearch/slurp)"
67.195.115.213 - - [19/Jun/2009:16:27:20 +0200] "GET /f-rez.html HTTP/1.0" 200 9765 "http://www.various-euro.com/framez-rez.html" "Mozilla/5.0 (compatible; Yahoo! Slurp/3.0; http://help.yahoo.com/help/us/ysearch/slurp)"
67.195.115.213 - - [19/Jun/2009:16:27:22 +0200] "GET /style/various-euro.css HTTP/1.0" 304 - "http://www.various-euro.com/frame-menu.html" "Mozilla/5.0 (compatible; Yahoo! Slurp/3.0; http://help.yahoo.com/help/us/ysearch/slurp)"
206.80.112.120 - - [19/Jun/2009:16:44:34 +0200] "GET / HTTP/1.1" 200 7869 "-" "Mozilla/4.0 (compatible; MSIE 6.0; Windows NT 5.0; DigExt)"
80.130.68.88 - - [19/Jun/2009:16:47:52 +0200] "GET / HTTP/1.1" 200 7869 "http://countries.askpeter.info/gosearch.php?q=various-euro" "Mozilla/5.0 (compatible; askpeter_bot/5.0; +http://countries.askpeter.info)"
66.249.72.227 - - [19/Jun/2009:17:15:41 +0200] "GET /games/virtualcop/virtualcop.html HTTP/1.1" 200 4487 "-" "Mozilla/5.0 (compatible; Googlebot/2.1; +http://www.google.com/bot.html)"
65.55.211.166 - - [19/Jun/2009:17:19:46 +0200] "GET /robots.txt HTTP/1.1" 200 64 "-" "msnbot/1.1 (+http://search.msn.com/msnbot.htm)"
65.55.211.166 - - [19/Jun/2009:17:19:46 +0200] "GET /f-contact.html HTTP/1.1" 200 6804 "-" "msnbot/1.1 (+http://search.msn.com/msnbot.htm)"
74.6.22.178 - - [19/Jun/2009:17:21:15 +0200] "GET /robots.txt HTTP/1.0" 200 64 "-" "Mozilla/5.0 (compatible; Yahoo! Slurp; http://help.yahoo.com/help/us/ysearch/slurp)"
74.6.22.178 - - [19/Jun/2009:17:21:15 +0200] "GET /net.html HTTP/1.0" 404 2748 "-" "Mozilla/5.0 (compatible; Yahoo! Slurp/3.0; http://help.yahoo.com/help/us/ysearch/slurp)"
72.14.199.8 - - [19/Jun/2009:17:23:27 +0200] "GET / HTTP/1.1" 302 353 "-" "Feedfetcher-Google; (+http://www.google.com/feedfetcher.html; 1 subscribers; feed-id=5454548576667470243)"
72.14.199.85 - - [19/Jun/2009:17:23:29 +0200] "GET /zampa/ HTTP/1.1" 200 7153 "-" "Feedfetcher-Google; (+http://www.google.com/feedfetcher.html; 1 subscribers; feed-id=5454548576667470243)"
70.51.19.69 - - [19/Jun/2009:17:34:16 +0200] "GET / HTTP/1.1" 302 353 "http://www.google.ca/search?sourceid=navclient&ie=UTF-8&rlz=1T4ADBF_enCA328&q=di+leone" "Mozilla/4.0 (compatible; MSIE 7.0; Windows NT 6.0; GTB6; SLCC1; .NET CLR 2.0.50727; Media Center PC 5.0; .NET CLR 3.0.04506; InfoPath.2)"
70.51.19.69 - - [19/Jun/2009:17:34:17 +0200] "GET /zampa/ HTTP/1.1" 200 7153 "http://www.google.ca/search?sourceid=navclient&ie=UTF-8&rlz=1T4ADBF_enCA328&q=di+leone" "Mozilla/4.0 (compatible; MSIE 7.0; Windows NT 6.0; GTB6; SLCC1; .NET CLR 2.0.50727; Media Center PC 5.0; .NET CLR 3.0.04506; InfoPath.2)"
70.51.19.69 - - [19/Jun/2009:17:34:17 +0200] "GET /zampa/slike/udupetu.gif HTTP/1.1" 200 4138 "http://www.various-euro.com/zampa/" "Mozilla/4.0 (compatible; MSIE 7.0; Windows NT 6.0; GTB6; SLCC1; .NET CLR 2.0.50727; Media Center PC 5.0; .NET CLR 3.0.04506; InfoPath.2)"
70.51.19.69 - - [19/Jun/2009:17:34:17 +0200] "GET /zampa/slike/zampa.gif HTTP/1.1" 200 5310 "http://www.various-euro.com/zampa/" "Mozilla/4.0 (compatible; MSIE 7.0; Windows NT 6.0; GTB6; SLCC1; .NET CLR 2.0.50727; Media Center PC 5.0; .NET CLR 3.0.04506; InfoPath.2)"
70.51.19.69 - - [19/Jun/2009:17:34:17 +0200] "GET /zampa/slike/inthearse.gif HTTP/1.1" 200 4077 "http://www.various-euro.com/zampa/" "Mozilla/4.0 (compatible; MSIE 7.0; Windows NT 6.0; GTB6; SLCC1; .NET CLR 2.0.50727; Media Center PC 5.0; .NET CLR 3.0.04506; InfoPath.2)"
70.51.19.69 - - [19/Jun/2009:17:34:17 +0200] "GET /favicon.ico HTTP/1.1" 404 2748 "-" "Mozilla/4.0 (compatible; MSIE 7.0; Windows NT 6.0; GTB6; SLCC1; .NET CLR 2.0.50727; Media Center PC 5.0; .NET CLR 3.0.04506; InfoPath.2)"
65.55.106.194 - - [19/Jun/2009:17:40:26 +0200] "GET /robots.txt HTTP/1.1" 200 64 "-" "msnbot/2.0b (+http://search.msn.com/msnbot.htm)"
38.99.44.105 - - [19/Jun/2009:17:43:17 +0200] "GET /snapshots.html HTTP/1.0" 200 4259 "-" "Mozilla/5.0 (Twiceler-0.9 http://www.cuil.com/twiceler/robot.html)"
174.129.162.190 - - [19/Jun/2009:17:59:50 +0200] "GET /robots.txt HTTP/1.0" 200 64 "-" "SimilarPages/Nutch-1.0-dev (SimilarPages Nutch Crawler; http://www.similarpages.com; info@similarpages.com)"
174.129.162.190 - - [19/Jun/2009:17:59:50 +0200] "GET /favicon.ico HTTP/1.0" 404 2748 "-" "SimilarPages/Nutch-1.0-dev (SimilarPages Nutch Crawler; http://www.similarpages.com; info@similarpages.com)"
72.30.79.93 - - [19/Jun/2009:18:17:48 +0200] "GET /logs/usage_200609.html HTTP/1.0" 404 2748 "-" "Mozilla/5.0 (compatible; Yahoo! Slurp/3.0; http://help.yahoo.com/help/us/ysearch/slurp)"
93.38.75.166 - - [19/Jun/2009:18:30:39 +0200] "GET / HTTP/1.1" 302 353 "http://www.google.com/search?q=zampe+di+leone&sourceid=ie7&rls=com.microsoft:en-US&ie=utf8&oe=utf8" "Mozilla/4.0 (compatible; MSIE 7.0; Windows NT 5.1; .NET CLR 1.1.4322; .NET CLR 2.0.50727; .NET CLR 3.0.04506.30)"
93.38.75.166 - - [19/Jun/2009:18:30:39 +0200] "GET /zampa/ HTTP/1.1" 200 7153 "http://www.google.com/search?q=zampe+di+leone&sourceid=ie7&rls=com.microsoft:en-US&ie=utf8&oe=utf8" "Mozilla/4.0 (compatible; MSIE 7.0; Windows NT 5.1; .NET CLR 1.1.4322; .NET CLR 2.0.50727; .NET CLR 3.0.04506.30)"
93.38.75.166 - - [19/Jun/2009:18:30:40 +0200] "GET /zampa/slike/zampa.gif HTTP/1.1" 200 5310 "http://www.various-euro.com/zampa/" "Mozilla/4.0 (compatible; MSIE 7.0; Windows NT 5.1; .NET CLR 1.1.4322; .NET CLR 2.0.50727; .NET CLR 3.0.04506.30)"
93.38.75.166 - - [19/Jun/2009:18:30:40 +0200] "GET /zampa/slike/udupetu.gif HTTP/1.1" 200 4138 "http://www.various-euro.com/zampa/" "Mozilla/4.0 (compatible; MSIE 7.0; Windows NT 5.1; .NET CLR 1.1.4322; .NET CLR 2.0.50727; .NET CLR 3.0.04506.30)"
93.38.75.166 - - [19/Jun/2009:18:30:40 +0200] "GET /zampa/slike/inthearse.gif HTTP/1.1" 200 4077 "http://www.various-euro.com/zampa/" "Mozilla/4.0 (compatible; MSIE 7.0; Windows NT 5.1; .NET CLR 1.1.4322; .NET CLR 2.0.50727; .NET CLR 3.0.04506.30)"
93.38.75.166 - - [19/Jun/2009:18:30:40 +0200] "GET /favicon.ico HTTP/1.1" 404 2748 "-" "Mozilla/4.0 (compatible; MSIE 7.0; Windows NT 5.1; .NET CLR 1.1.4322; .NET CLR 2.0.50727; .NET CLR 3.0.04506.30)"
212.117.174.97 - - [19/Jun/2009:18:32:01 +0200] "GET /framez-schubb5.html HTTP/1.0" 200 4330 "http://www.various-euro.com/framez-schubb5.html" "Opera/9.00 (Windows NT 5.1; U; en)"
212.117.174.97 - - [19/Jun/2009:18:32:01 +0200] "GET /frame-menu.html HTTP/1.0" 200 10500 "http://www.various-euro.com/frame-menu.html" "Opera/9.00 (Windows NT 5.1; U; en)"
212.117.174.97 - - [19/Jun/2009:18:32:01 +0200] "GET /schubb/schubb-5.html HTTP/1.0" 200 72944 "http://www.various-euro.com/schubb/schubb-5.html" "Opera/9.00 (Windows NT 5.1; U; en)"
212.117.174.97 - - [19/Jun/2009:18:32:01 +0200] "GET /frame-unten.html HTTP/1.0" 200 5308 "http://www.various-euro.com/frame-unten.html" "Opera/9.00 (Windows NT 5.1; U; en)"
174.129.162.190 - - [19/Jun/2009:18:36:06 +0200] "GET /robots.txt HTTP/1.0" 200 64 "-" "SimilarPages/Nutch-1.0-dev (SimilarPages Nutch Crawler; http://www.similarpages.com; info@similarpages.com)"
174.129.162.190 - - [19/Jun/2009:18:36:07 +0200] "GET /favicon.ico HTTP/1.0" 404 2748 "-" "SimilarPages/Nutch-1.0-dev (SimilarPages Nutch Crawler; http://www.similarpages.com; info@similarpages.com)"
193.252.149.14 - - [19/Jun/2009:18:42:22 +0200] "GET /DgH/ HTTP/1.1" 200 5024 "-" "Mozilla/5.0 (Windows; U; Windows NT 5.1; fr; rv:1.8.1) VoilaBot BETA 1.2 (support.voilabot@orange-ftgroup.com)"
221.194.132.161 - - [19/Jun/2009:18:43:27 +0200] "GET /robots.txt HTTP/1.0" 200 64 "-" "Mozilla/4.0 (compatible; MSIE 6.0; Windows NT 5.1)/Nutch-1.0"
221.194.132.161 - - [19/Jun/2009:18:43:28 +0200] "GET / HTTP/1.0" 200 7869 "-" "Mozilla/4.0 (compatible; MSIE 6.0; Windows NT 5.1)/Nutch-1.0"
65.55.106.183 - - [19/Jun/2009:18:47:20 +0200] "GET /robots.txt HTTP/1.1" 302 363 "-" "msnbot/2.0b (+http://search.msn.com/msnbot.htm)"
65.55.106.183 - - [19/Jun/2009:18:47:20 +0200] "GET /zampa/robots.txt HTTP/1.1" 404 2748 "-" "msnbot/2.0b (+http://search.msn.com/msnbot.htm)"
66.249.72.227 - - [19/Jun/2009:18:49:15 +0200] "GET /robots.txt HTTP/1.1" 200 64 "-" "Mozilla/5.0 (compatible; Googlebot/2.1; +http://www.google.com/bot.html)"
66.249.72.227 - - [19/Jun/2009:18:49:15 +0200] "GET / HTTP/1.1" 200 7869 "-" "Mozilla/5.0 (compatible; Googlebot/2.1; +http://www.google.com/bot.html)"
65.55.230.248 - - [19/Jun/2009:19:18:48 +0200] "GET /framez-rez.html HTTP/1.1" 200 4323 "-" "msnbot-media/1.1 (+http://search.msn.com/msnbot.htm)"
193.252.118.173 - - [19/Jun/2009:19:44:48 +0200] "GET /neon/euro.html HTTP/1.1" 200 2212 "-" "Mozilla/5.0 (Windows; U; Windows NT 5.1; fr; rv:1.8.1) VoilaBot BETA 1.2 (support.voilabot@orange-ftgroup.com)"
65.55.106.112 - - [19/Jun/2009:19:47:10 +0200] "GET /robots.txt HTTP/1.1" 200 64 "-" "msnbot/2.0b (+http://search.msn.com/msnbot.htm)"
81.52.143.33 - - [19/Jun/2009:19:56:39 +0200] "GET /schubb/schubb-1.html HTTP/1.1" 200 9070 "-" "Mozilla/5.0 (Windows; U; Windows NT 5.1; fr; rv:1.8.1) VoilaBot BETA 1.2 (support.voilabot@orange-ftgroup.com)"
221.194.132.182 - - [19/Jun/2009:20:04:44 +0200] "GET /robots.txt HTTP/1.0" 302 363 "-" "Mozilla/4.0 (compatible; MSIE 6.0; Windows NT 5.1)/Nutch-1.0"
221.194.132.182 - - [19/Jun/2009:20:04:45 +0200] "GET / HTTP/1.0" 302 353 "-" "Mozilla/4.0 (compatible; MSIE 6.0; Windows NT 5.1)/Nutch-1.0"
81.52.143.32 - - [19/Jun/2009:20:09:21 +0200] "GET /schubb/schubb-2.html HTTP/1.1" 200 16660 "-" "Mozilla/5.0 (Windows; U; Windows NT 5.1; fr; rv:1.8.1) VoilaBot BETA 1.2 (support.voilabot@orange-ftgroup.com)"
72.14.199.8 - - [19/Jun/2009:20:23:38 +0200] "GET / HTTP/1.1" 302 353 "-" "Feedfetcher-Google; (+http://www.google.com/feedfetcher.html; 1 subscribers; feed-id=5454548576667470243)"
72.14.199.85 - - [19/Jun/2009:20:23:50 +0200] "GET /zampa/ HTTP/1.1" 200 7153 "-" "Feedfetcher-Google; (+http://www.google.com/feedfetcher.html; 1 subscribers; feed-id=5454548576667470243)"
74.6.22.178 - - [19/Jun/2009:20:32:43 +0200] "GET /neon/girl-tv.html HTTP/1.0" 200 1717 "-" "Mozilla/5.0 (compatible; Yahoo! Slurp/3.0; http://help.yahoo.com/help/us/ysearch/slurp)"
81.52.143.35 - - [19/Jun/2009:20:37:54 +0200] "GET /robots.txt HTTP/1.1" 200 64 "-" "Mozilla/5.0 (Windows; U; Windows NT 5.1; fr; rv:1.8.1) VoilaBot BETA 1.2 (support.voilabot@orange-ftgroup.com)"
81.52.143.35 - - [19/Jun/2009:20:37:56 +0200] "GET /f-net.html HTTP/1.1" 200 9913 "-" "Mozilla/5.0 (Windows; U; Windows NT 5.1; fr; rv:1.8.1) VoilaBot BETA 1.2 (support.voilabot@orange-ftgroup.com)"
67.195.115.213 - - [19/Jun/2009:20:45:19 +0200] "GET /framez-rez.html HTTP/1.0" 200 4323 "-" "Mozilla/5.0 (compatible; Yahoo! Slurp/3.0; http://help.yahoo.com/help/us/ysearch/slurp)"
67.195.115.213 - - [19/Jun/2009:20:45:24 +0200] "GET /frame-unten.html HTTP/1.0" 200 5308 "http://www.various-euro.com/framez-rez.html" "Mozilla/5.0 (compatible; Yahoo! Slurp/3.0; http://help.yahoo.com/help/us/ysearch/slurp)"
67.195.115.213 - - [19/Jun/2009:20:45:24 +0200] "GET /f-rez.html HTTP/1.0" 200 9765 "http://www.various-euro.com/framez-rez.html" "Mozilla/5.0 (compatible; Yahoo! Slurp/3.0; http://help.yahoo.com/help/us/ysearch/slurp)"
67.195.115.213 - - [19/Jun/2009:20:45:24 +0200] "GET /frame-menu.html HTTP/1.0" 200 10500 "http://www.various-euro.com/framez-rez.html" "Mozilla/5.0 (compatible; Yahoo! Slurp/3.0; http://help.yahoo.com/help/us/ysearch/slurp)"
67.195.115.213 - - [19/Jun/2009:20:45:27 +0200] "GET /style/various-euro.css HTTP/1.0" 304 - "http://www.various-euro.com/frame-menu.html" "Mozilla/5.0 (compatible; Yahoo! Slurp/3.0; http://help.yahoo.com/help/us/ysearch/slurp)"
81.52.143.37 - - [19/Jun/2009:20:50:37 +0200] "GET /neon/left-one-new.html HTTP/1.1" 200 1483 "-" "Mozilla/5.0 (Windows; U; Windows NT 5.1; fr; rv:1.8.1) VoilaBot BETA 1.2 (support.voilabot@orange-ftgroup.com)"
65.215.14.1 - - [19/Jun/2009:20:51:54 +0200] "GET / HTTP/1.1" 200 7869 "http://randomwebsite.com/" "Mozilla/5.0 (Windows; U; Windows NT 5.1; en-US; rv:1.9.0.11) Gecko/2009060215 Firefox/3.0.11"
65.215.14.1 - - [19/Jun/2009:20:51:54 +0200] "GET /ve-icon-2.ico HTTP/1.1" 200 2238 "-" "Mozilla/5.0 (Windows; U; Windows NT 5.1; en-US; rv:1.9.0.11) Gecko/2009060215 Firefox/3.0.11"
65.215.14.1 - - [19/Jun/2009:20:51:55 +0200] "GET /style/various-euro.css HTTP/1.1" 200 3437 "http://www.various-euro.com/" "Mozilla/5.0 (Windows; U; Windows NT 5.1; en-US; rv:1.9.0.11) Gecko/2009060215 Firefox/3.0.11"
65.215.14.1 - - [19/Jun/2009:20:51:55 +0200] "GET /framez_0.html HTTP/1.1" 200 12285 "http://www.various-euro.com/" "Mozilla/5.0 (Windows; U; Windows NT 5.1; en-US; rv:1.9.0.11) Gecko/2009060215 Firefox/3.0.11"
66.249.72.227 - - [19/Jun/2009:21:10:43 +0200] "GET /bmpp/euro_pal_1.html HTTP/1.1" 200 18252 "-" "Mozilla/5.0 (compatible; Googlebot/2.1; +http://www.google.com/bot.html)"
65.55.106.179 - - [19/Jun/2009:21:17:02 +0200] "GET /neon/girlz2.html HTTP/1.1" 200 2937 "-" "msnbot/2.0b (+http://search.msn.com/msnbot.htm)"
81.52.143.16 - - [19/Jun/2009:21:20:14 +0200] "GET /bmpp/18_x.html HTTP/1.1" 200 1100 "-" "Mozilla/5.0 (Windows; U; Windows NT 5.1; fr; rv:1.8.1) VoilaBot BETA 1.2 (support.voilabot@orange-ftgroup.com)"
65.55.211.159 - - [19/Jun/2009:21:20:33 +0200] "GET /robots.txt HTTP/1.1" 200 64 "-" "msnbot/1.1 (+http://search.msn.com/msnbot.htm)"
65.55.211.159 - - [19/Jun/2009:21:20:34 +0200] "GET /DgH/rampe/index.html HTTP/1.1" 200 2056 "-" "msnbot/1.1 (+http://search.msn.com/msnbot.htm)"
72.30.79.93 - - [19/Jun/2009:21:37:06 +0200] "GET /bmpp/18.html HTTP/1.0" 200 4467 "-" "Mozilla/5.0 (compatible; Yahoo! Slurp/3.0; http://help.yahoo.com/help/us/ysearch/slurp)"
192.129.3.46 - - [19/Jun/2009:21:50:07 +0200] "GET / HTTP/1.0" 302 353 "-" "MSIE 6.0"
192.129.3.46 - - [19/Jun/2009:21:50:07 +0200] "GET /zampa/ HTTP/1.0" 200 7153 "-" "MSIE 6.0"
192.129.3.46 - - [19/Jun/2009:21:50:08 +0200] "GET / HTTP/1.0" 302 353 "-" "MSIE 6.0"
192.129.3.46 - - [19/Jun/2009:21:50:08 +0200] "GET /zampa/ HTTP/1.0" 200 7153 "-" "MSIE 6.0"
192.129.3.46 - - [19/Jun/2009:21:50:08 +0200] "GET /slike/E8CURATO.GIF HTTP/1.0" 302 371 "-" "MSIE 6.0"
192.129.3.46 - - [19/Jun/2009:21:50:08 +0200] "GET /zampa/slike/E8CURATO.GIF HTTP/1.0" 200 15386 "-" "MSIE 6.0"
192.129.3.46 - - [19/Jun/2009:21:50:08 +0200] "GET /slike/E8CURATO.GIF HTTP/1.0" 302 371 "-" "MSIE 6.0"
192.129.3.46 - - [19/Jun/2009:21:50:08 +0200] "GET /zampa/slike/E8CURATO.GIF HTTP/1.0" 200 15386 "-" "MSIE 6.0"
192.129.3.46 - - [19/Jun/2009:21:50:08 +0200] "GET /slike/E7MEDIAA.GIF HTTP/1.0" 302 371 "-" "MSIE 6.0"
192.129.3.46 - - [19/Jun/2009:21:50:09 +0200] "GET /zampa/slike/E7MEDIAA.GIF HTTP/1.0" 200 44716 "-" "MSIE 6.0"
192.129.3.46 - - [19/Jun/2009:21:50:09 +0200] "GET /slike/E7MEDIAA.GIF HTTP/1.0" 302 371 "-" "MSIE 6.0"
192.129.3.46 - - [19/Jun/2009:21:50:09 +0200] "GET /zampa/slike/E7MEDIAA.GIF HTTP/1.0" 200 44716 "-" "MSIE 6.0"
192.129.3.46 - - [19/Jun/2009:21:50:13 +0200] "GET /slike/E6BIENNI.GIF HTTP/1.0" 302 371 "-" "MSIE 6.0"
192.129.3.46 - - [19/Jun/2009:21:50:16 +0200] "GET /zampa/slike/E6BIENNI.GIF HTTP/1.0" 200 33736 "-" "MSIE 6.0"
192.129.3.46 - - [19/Jun/2009:21:50:17 +0200] "GET /slike/E6BIENNI.GIF HTTP/1.0" 302 371 "-" "MSIE 6.0"
192.129.3.46 - - [19/Jun/2009:21:50:17 +0200] "GET /zampa/slike/E6BIENNI.GIF HTTP/1.0" 200 33736 "-" "MSIE 6.0"
192.129.3.46 - - [19/Jun/2009:21:50:17 +0200] "GET /slike/E5UROSTO.GIF HTTP/1.0" 302 371 "-" "MSIE 6.0"
192.129.3.46 - - [19/Jun/2009:21:50:17 +0200] "GET /zampa/slike/E5UROSTO.GIF HTTP/1.0" 200 42690 "-" "MSIE 6.0"
192.129.3.46 - - [19/Jun/2009:21:50:18 +0200] "GET /slike/E5UROSTO.GIF HTTP/1.0" 302 371 "-" "MSIE 6.0"
192.129.3.46 - - [19/Jun/2009:21:50:18 +0200] "GET /zampa/slike/E5UROSTO.GIF HTTP/1.0" 200 42690 "-" "MSIE 6.0"
192.129.3.46 - - [19/Jun/2009:21:50:19 +0200] "GET /slike/E4IRWIN.GIF HTTP/1.0" 302 370 "-" "MSIE 6.0"
192.129.3.46 - - [19/Jun/2009:21:50:19 +0200] "GET /zampa/slike/E4IRWIN.GIF HTTP/1.0" 200 53174 "-" "MSIE 6.0"
192.129.3.46 - - [19/Jun/2009:21:50:19 +0200] "GET /slike/E4IRWIN.GIF HTTP/1.0" 302 370 "-" "MSIE 6.0"
192.129.3.46 - - [19/Jun/2009:21:50:19 +0200] "GET /zampa/slike/E4IRWIN.GIF HTTP/1.0" 200 53174 "-" "MSIE 6.0"
192.129.3.46 - - [19/Jun/2009:21:50:20 +0200] "GET /slike/E3VAMPIR.GIF HTTP/1.0" 302 371 "-" "MSIE 6.0"
192.129.3.46 - - [19/Jun/2009:21:50:20 +0200] "GET /zampa/slike/E3VAMPIR.GIF HTTP/1.0" 200 52553 "-" "MSIE 6.0"
192.129.3.46 - - [19/Jun/2009:21:50:21 +0200] "GET /slike/E3VAMPIR.GIF HTTP/1.0" 302 371 "-" "MSIE 6.0"
192.129.3.46 - - [19/Jun/2009:21:50:21 +0200] "GET /zampa/slike/E3VAMPIR.GIF HTTP/1.0" 200 52553 "-" "MSIE 6.0"
192.129.3.46 - - [19/Jun/2009:21:50:21 +0200] "GET /slike/E2COPY.GIF HTTP/1.0" 302 369 "-" "MSIE 6.0"
192.129.3.46 - - [19/Jun/2009:21:50:22 +0200] "GET /zampa/slike/E2COPY.GIF HTTP/1.0" 200 10416 "-" "MSIE 6.0"
192.129.3.46 - - [19/Jun/2009:21:50:22 +0200] "GET /slike/E2COPY.GIF HTTP/1.0" 302 369 "-" "MSIE 6.0"
192.129.3.46 - - [19/Jun/2009:21:50:22 +0200] "GET /zampa/slike/E2COPY.GIF HTTP/1.0" 200 10416 "-" "MSIE 6.0"
192.129.3.46 - - [19/Jun/2009:21:50:22 +0200] "GET /slike/E1TITEL.GIF HTTP/1.0" 302 370 "-" "MSIE 6.0"
192.129.3.46 - - [19/Jun/2009:21:50:22 +0200] "GET /zampa/slike/E1TITEL.GIF HTTP/1.0" 200 16284 "-" "MSIE 6.0"
192.129.3.46 - - [19/Jun/2009:21:50:22 +0200] "GET /slike/E1TITEL.GIF HTTP/1.0" 302 370 "-" "MSIE 6.0"
192.129.3.46 - - [19/Jun/2009:21:50:22 +0200] "GET /zampa/slike/E1TITEL.GIF HTTP/1.0" 200 16284 "-" "MSIE 6.0"
192.129.3.46 - - [19/Jun/2009:21:50:22 +0200] "GET /slike/S8CURATO.GIF HTTP/1.0" 302 371 "-" "MSIE 6.0"
192.129.3.46 - - [19/Jun/2009:21:50:22 +0200] "GET /zampa/slike/S8CURATO.GIF HTTP/1.0" 200 16968 "-" "MSIE 6.0"
192.129.3.46 - - [19/Jun/2009:21:50:23 +0200] "GET /slike/S8CURATO.GIF HTTP/1.0" 302 371 "-" "MSIE 6.0"
192.129.3.46 - - [19/Jun/2009:21:50:23 +0200] "GET /zampa/slike/S8CURATO.GIF HTTP/1.0" 200 16968 "-" "MSIE 6.0"
66.249.72.227 - - [19/Jun/2009:21:56:11 +0200] "GET /framez-girlz.html HTTP/1.1" 200 4271 "-" "Mozilla/5.0 (compatible; Googlebot/2.1; +http://www.google.com/bot.html)"
65.55.106.144 - - [19/Jun/2009:21:56:28 +0200] "GET /frame-unten.html HTTP/1.1" 200 5308 "-" "msnbot/2.0b (+http://search.msn.com/msnbot.htm)"
65.55.230.243 - - [19/Jun/2009:22:04:24 +0200] "GET /robots.txt HTTP/1.1" 200 64 "-" "msnbot-media/1.1 (+http://search.msn.com/msnbot.htm)"
65.55.230.243 - - [19/Jun/2009:22:04:25 +0200] "GET /framez.html HTTP/1.1" 200 3959 "-" "msnbot-media/1.1 (+http://search.msn.com/msnbot.htm)"
72.30.79.93 - - [19/Jun/2009:22:41:03 +0200] "GET /neon/left-one.html HTTP/1.0" 200 1712 "-" "Mozilla/5.0 (compatible; Yahoo! Slurp/3.0; http://help.yahoo.com/help/us/ysearch/slurp)"
77.92.161.10 - - [19/Jun/2009:22:58:29 +0200] "POST /cgi-bin/mail/mailmachine.cgi HTTP/1.0" 404 2748 "http://various-euro.com/cgi-bin/mail/mailmachine.cgi" "Mozilla/4.0 (compatible; MSIE 6.0; Windows NT 5.1)"
65.55.211.171 - - [19/Jun/2009:23:00:40 +0200] "GET /robots.txt HTTP/1.1" 200 64 "-" "msnbot/1.1 (+http://search.msn.com/msnbot.htm)"
65.55.211.171 - - [19/Jun/2009:23:00:42 +0200] "GET /zampa/montenegro/ HTTP/1.1" 200 2651 "-" "msnbot/1.1 (+http://search.msn.com/msnbot.htm)"
65.55.106.217 - - [19/Jun/2009:23:01:00 +0200] "GET /robots.txt HTTP/1.1" 200 64 "-" "msnbot/2.0b (+http://search.msn.com/msnbot.htm)"
66.249.72.227 - - [19/Jun/2009:23:02:15 +0200] "GET / HTTP/1.1" 200 7869 "-" "Mozilla/5.0 (compatible; Googlebot/2.1; +http://www.google.com/bot.html)"
65.55.106.217 - - [19/Jun/2009:23:05:56 +0200] "GET /frame-menu.html HTTP/1.1" 200 10500 "-" "msnbot/2.0b (+http://search.msn.com/msnbot.htm)"
72.30.79.93 - - [19/Jun/2009:23:10:15 +0200] "GET /logs/usage_200611.html HTTP/1.0" 404 2748 "-" "Mozilla/5.0 (compatible; Yahoo! Slurp/3.0; http://help.yahoo.com/help/us/ysearch/slurp)"
72.14.199.8 - - [19/Jun/2009:23:23:56 +0200] "GET / HTTP/1.1" 302 353 "-" "Feedfetcher-Google; (+http://www.google.com/feedfetcher.html; 1 subscribers; feed-id=5454548576667470243)"
72.14.199.85 - - [19/Jun/2009:23:23:58 +0200] "GET /zampa/ HTTP/1.1" 200 7153 "-" "Feedfetcher-Google; (+http://www.google.com/feedfetcher.html; 1 subscribers; feed-id=5454548576667470243)"
65.55.211.162 - - [19/Jun/2009:23:46:49 +0200] "GET /robots.txt HTTP/1.1" 200 64 "-" "msnbot/1.1 (+http://search.msn.com/msnbot.htm)"
65.55.211.162 - - [19/Jun/2009:23:46:51 +0200] "GET /framez-rez.html HTTP/1.1" 200 4323 "-" "msnbot/1.1 (+http://search.msn.com/msnbot.htm)"
65.55.211.162 - - [19/Jun/2009:23:49:48 +0200] "GET /robots.txt HTTP/1.1" 200 64 "-" "msnbot/1.0 (+http://search.msn.com/msnbot.htm)"
65.55.211.162 - - [19/Jun/2009:23:49:48 +0200] "GET /frame-menu.html HTTP/1.1" 200 10500 "-" "msnbot/1.0 (+http://search.msn.com/msnbot.htm)"
65.55.211.162 - - [19/Jun/2009:23:49:51 +0200] "GET /f-rez.html HTTP/1.1" 200 9765 "-" "msnbot/1.0 (+http://search.msn.com/msnbot.htm)"
65.55.211.162 - - [19/Jun/2009:23:49:52 +0200] "GET /frame-unten.html HTTP/1.1" 200 5308 "-" "msnbot/1.0 (+http://search.msn.com/msnbot.htm)"
66.249.72.227 - - [19/Jun/2009:23:50:38 +0200] "GET /framez.html HTTP/1.1" 200 3959 "-" "Mozilla/5.0 (compatible; Googlebot/2.1; +http://www.google.com/bot.html)"
66.249.72.227 - - [20/Jun/2009:00:12:40 +0200] "GET /zampa/montenegro/TESLAW.html HTTP/1.1" 200 861 "-" "Mozilla/5.0 (compatible; Googlebot/2.1; +http://www.google.com/bot.html)"
66.249.72.227 - - [20/Jun/2009:00:53:54 +0200] "GET /f-rez.html HTTP/1.1" 200 9765 "-" "Mozilla/5.0 (compatible; Googlebot/2.1; +http://www.google.com/bot.html)"
66.249.72.227 - - [20/Jun/2009:00:55:38 +0200] "GET /frame-unten.html HTTP/1.1" 200 5308 "-" "Mozilla/5.0 (compatible; Googlebot/2.1; +http://www.google.com/bot.html)"
