79.101.174.80 - - [15/Jun/2009:04:00:57 +0200] "GET /zampa/slike/inthearse.gif HTTP/1.1" 200 4077 "http://www.various-euro.com/zampa/" "Mozilla/5.0 (Windows; U; Windows NT 5.1; en-US; rv:1.9.0.11) Gecko/2009060215 Firefox/3.0.11"
72.233.2.13 - - [15/Jun/2009:04:00:57 +0200] "GET / HTTP/1.1" 302 353 "-" "Python-urllib/2.5"
72.233.2.13 - - [15/Jun/2009:04:00:57 +0200] "GET /zampa/ HTTP/1.1" 200 7153 "-" "Python-urllib/2.5"
79.101.174.80 - - [15/Jun/2009:04:00:57 +0200] "GET /favicon.ico HTTP/1.1" 404 2748 "-" "Mozilla/5.0 (Windows; U; Windows NT 5.1; en-US; rv:1.9.0.11) Gecko/2009060215 Firefox/3.0.11"
72.233.2.13 - - [15/Jun/2009:04:00:57 +0200] "GET / HTTP/1.1" 302 353 "-" "Mozilla/5.0 (X11; U; Linux x86_64; en-us) AppleWebKit/525.1+ (KHTML, like Gecko, Safari/525.1+) pythumbnail.py"
72.233.2.13 - - [15/Jun/2009:04:00:58 +0200] "GET /zampa/ HTTP/1.1" 200 7153 "http://zampa.various-euro.com/" "Mozilla/5.0 (X11; U; Linux x86_64; en-us) AppleWebKit/525.1+ (KHTML, like Gecko, Safari/525.1+) pythumbnail.py"
72.233.2.13 - - [15/Jun/2009:04:00:58 +0200] "GET /zampa/slike/inthearse.gif HTTP/1.1" 200 4077 "http://www.various-euro.com/zampa/" "Mozilla/5.0 (X11; U; Linux x86_64; en-us) AppleWebKit/525.1+ (KHTML, like Gecko, Safari/525.1+) pythumbnail.py"
72.233.2.13 - - [15/Jun/2009:04:00:58 +0200] "GET /zampa/slike/udupetu.gif HTTP/1.1" 200 4138 "http://www.various-euro.com/zampa/" "Mozilla/5.0 (X11; U; Linux x86_64; en-us) AppleWebKit/525.1+ (KHTML, like Gecko, Safari/525.1+) pythumbnail.py"
72.233.2.13 - - [15/Jun/2009:04:00:58 +0200] "GET /zampa/slike/zampa.gif HTTP/1.1" 200 5310 "http://www.various-euro.com/zampa/" "Mozilla/5.0 (X11; U; Linux x86_64; en-us) AppleWebKit/525.1+ (KHTML, like Gecko, Safari/525.1+) pythumbnail.py"
79.101.174.80 - - [15/Jun/2009:04:01:00 +0200] "GET /favicon.ico HTTP/1.1" 404 2748 "-" "Mozilla/5.0 (Windows; U; Windows NT 5.1; en-US; rv:1.9.0.11) Gecko/2009060215 Firefox/3.0.11"
220.181.61.234 - - [15/Jun/2009:04:56:10 +0200] "GET / HTTP/1.1" 200 7869 "-" "Sogou web spider/4.0(+http://www.sogou.com/docs/help/webmasters.htm#07)"
220.181.61.234 - - [15/Jun/2009:04:56:18 +0200] "GET /framez_0.html HTTP/1.1" 200 12285 "-" "Sogou web spider/4.0(+http://www.sogou.com/docs/help/webmasters.htm#07)"
72.30.79.93 - - [15/Jun/2009:05:08:25 +0200] "GET /f-sponsor.html HTTP/1.0" 200 8578 "-" "Mozilla/5.0 (compatible; Yahoo! Slurp/3.0; http://help.yahoo.com/help/us/ysearch/slurp)"
193.252.149.14 - - [15/Jun/2009:05:16:41 +0200] "GET /neon/channel.html HTTP/1.1" 200 1942 "-" "Mozilla/5.0 (Windows; U; Windows NT 5.1; fr; rv:1.8.1) VoilaBot BETA 1.2 (support.voilabot@orange-ftgroup.com)"
65.55.106.240 - - [15/Jun/2009:05:22:51 +0200] "GET /robots.txt HTTP/1.1" 200 64 "-" "msnbot/2.0b (+http://search.msn.com/msnbot.htm)"
72.14.199.8 - - [15/Jun/2009:05:39:18 +0200] "GET / HTTP/1.1" 302 353 "-" "Feedfetcher-Google; (+http://www.google.com/feedfetcher.html; 1 subscribers; feed-id=5454548576667470243)"
72.14.199.85 - - [15/Jun/2009:05:39:19 +0200] "GET /zampa/ HTTP/1.1" 200 7153 "-" "Feedfetcher-Google; (+http://www.google.com/feedfetcher.html; 1 subscribers; feed-id=5454548576667470243)"
72.30.79.34 - - [15/Jun/2009:05:52:44 +0200] "GET /robots.txt HTTP/1.0" 302 363 "-" "Mozilla/5.0 (compatible; Yahoo! Slurp; http://help.yahoo.com/help/us/ysearch/slurp)"
72.30.79.34 - - [15/Jun/2009:05:52:44 +0200] "GET /zampa/robots.txt HTTP/1.0" 404 2748 "-" "Mozilla/5.0 (compatible; Yahoo! Slurp; http://help.yahoo.com/help/us/ysearch/slurp)"
72.30.79.34 - - [15/Jun/2009:05:52:44 +0200] "GET / HTTP/1.0" 302 353 "-" "Mozilla/5.0 (compatible; Yahoo! Slurp/3.0; http://help.yahoo.com/help/us/ysearch/slurp)"
72.30.79.93 - - [15/Jun/2009:05:52:46 +0200] "GET /zampa/ HTTP/1.0" 200 7153 "-" "Mozilla/5.0 (compatible; Yahoo! Slurp/3.0; http://help.yahoo.com/help/us/ysearch/slurp)"
65.55.51.112 - - [15/Jun/2009:06:15:46 +0200] "GET /robots.txt HTTP/1.1" 200 64 "-" "msnbot/2.0b (+http://search.msn.com/msnbot.htm)"
174.133.39.178 - - [15/Jun/2009:06:21:31 +0200] "GET / HTTP/1.1" 200 7869 "-" "Mozilla/4.0 (compatible; MSIE 6.0; Windows NT 5.0; .NET CLR 1.0.3705)"
65.55.106.110 - - [15/Jun/2009:06:57:01 +0200] "GET /robots.txt HTTP/1.1" 200 64 "-" "msnbot/2.0b (+http://search.msn.com/msnbot.htm)"
66.249.72.227 - - [15/Jun/2009:07:09:09 +0200] "GET /robots.txt HTTP/1.1" 200 64 "-" "Mozilla/5.0 (compatible; Googlebot/2.1; +http://www.google.com/bot.html)"
66.249.72.227 - - [15/Jun/2009:07:09:09 +0200] "GET /framez-web.html HTTP/1.1" 200 4322 "-" "Mozilla/5.0 (compatible; Googlebot/2.1; +http://www.google.com/bot.html)"
77.232.66.102 - - [15/Jun/2009:07:24:18 +0200] "GET / HTTP/1.0" 200 7869 "http://www.servage.net/page/robot/" "Servage Robot ( http://www.servage.net/page/robot/ )"
72.30.79.93 - - [15/Jun/2009:07:30:25 +0200] "GET /logs/usage_200611.html HTTP/1.0" 404 2748 "-" "Mozilla/5.0 (compatible; Yahoo! Slurp/3.0; http://help.yahoo.com/help/us/ysearch/slurp)"
77.88.42.26 - - [15/Jun/2009:07:32:22 +0200] "GET /robots.txt HTTP/1.1" 200 64 "-" "YandexSomething/1.0"
77.88.42.26 - - [15/Jun/2009:07:32:22 +0200] "GET / HTTP/1.1" 200 7869 "-" "YandexSomething/1.0"
77.88.42.26 - - [15/Jun/2009:07:32:42 +0200] "GET /robots.txt HTTP/1.1" 302 363 "-" "YandexSomething/1.0"
77.88.42.26 - - [15/Jun/2009:07:32:43 +0200] "GET / HTTP/1.1" 302 353 "-" "YandexSomething/1.0"
208.80.195.56 - - [15/Jun/2009:07:57:25 +0200] "GET / HTTP/1.0" 200 7869 "-" "Mozilla/4.0 (compatible; MSIE 6.0; Windows NT 5.1; .NET CLR 1.1.4322; SpamBlockerUtility 4.8.4; MSIECrawler)"
208.80.195.56 - - [15/Jun/2009:07:57:25 +0200] "GET / HTTP/1.0" 200 7869 "-" "Mozilla/4.0 (compatible; MSIE 6.0; Windows NT 5.1; sbcydsl 3.12; SV1; .NET CLR 1.1.4322; yplus 3.01)"
72.30.79.93 - - [15/Jun/2009:08:06:58 +0200] "GET /f-doku-brau.html HTTP/1.0" 200 7152 "-" "Mozilla/5.0 (compatible; Yahoo! Slurp/3.0; http://help.yahoo.com/help/us/ysearch/slurp)"
72.30.79.93 - - [15/Jun/2009:08:12:30 +0200] "GET /f-web.html HTTP/1.0" 200 13605 "-" "Mozilla/5.0 (compatible; Yahoo! Slurp/3.0; http://help.yahoo.com/help/us/ysearch/slurp)"
66.249.72.227 - - [15/Jun/2009:08:36:03 +0200] "GET /f-zeug.html HTTP/1.1" 200 59462 "-" "Mozilla/5.0 (compatible; Googlebot/2.1; +http://www.google.com/bot.html)"
72.14.199.8 - - [15/Jun/2009:08:39:29 +0200] "GET / HTTP/1.1" 302 353 "-" "Feedfetcher-Google; (+http://www.google.com/feedfetcher.html; 1 subscribers; feed-id=5454548576667470243)"
72.14.199.85 - - [15/Jun/2009:08:39:36 +0200] "GET /zampa/ HTTP/1.1" 200 7153 "-" "Feedfetcher-Google; (+http://www.google.com/feedfetcher.html; 1 subscribers; feed-id=5454548576667470243)"
114.244.39.22 - - [15/Jun/2009:08:53:18 +0200] "GET /favicon.ico HTTP/1.1" 404 2748 "-" "Mozilla/4.0 (compatible; GoogleToolbar 4.0.1306.3130-big; Windows 6.0; MSIE 7.0.6001.18000)"
114.244.39.22 - - [15/Jun/2009:08:53:19 +0200] "GET /favicon.gif HTTP/1.1" 404 2748 "-" "Mozilla/4.0 (compatible; GoogleToolbar 4.0.1306.3130-big; Windows 6.0; MSIE 7.0.6001.18000)"
38.99.13.116 - - [15/Jun/2009:08:58:07 +0200] "GET /robots.txt HTTP/1.0" 302 363 "-" "Mozilla/5.0 (Twiceler-0.9 http://www.cuil.com/twiceler/robot.html)"
65.55.106.217 - - [15/Jun/2009:09:08:14 +0200] "GET /robots.txt HTTP/1.1" 200 64 "-" "msnbot/2.0b (+http://search.msn.com/msnbot.htm)"
114.244.39.22 - - [15/Jun/2009:09:18:11 +0200] "GET /favicon.ico HTTP/1.1" 404 2748 "-" "Mozilla/4.0 (compatible; GoogleToolbar 4.0.1306.3130-big; Windows 6.0; MSIE 7.0.6001.18000)"
114.244.39.22 - - [15/Jun/2009:09:18:12 +0200] "GET /favicon.gif HTTP/1.1" 404 2748 "-" "Mozilla/4.0 (compatible; GoogleToolbar 4.0.1306.3130-big; Windows 6.0; MSIE 7.0.6001.18000)"
74.86.223.42 - - [15/Jun/2009:09:35:15 +0200] "GET / HTTP/1.1" 206 7869 "http://www.followsite.com/bot.html" "FollowSite Bot ( http://www.followsite.com/bot.html )"
66.249.72.227 - - [15/Jun/2009:09:47:41 +0200] "GET /neon/europa.html HTTP/1.1" 200 389 "-" "Mozilla/5.0 (compatible; Googlebot/2.1; +http://www.google.com/bot.html)"
216.129.119.49 - - [15/Jun/2009:10:32:29 +0200] "GET /robots.txt HTTP/1.0" 200 64 "-" "Mozilla/5.0 (Twiceler-0.9 http://www.cuil.com/twiceler/robot.html)"
82.161.231.16 - - [15/Jun/2009:10:50:56 +0200] "GET / HTTP/1.0" 200 7869 "-" "Mozilla/2.0 (compatible; MSIE 3.0B; Windows NT)"
65.55.106.184 - - [15/Jun/2009:10:52:39 +0200] "GET /robots.txt HTTP/1.1" 200 64 "-" "msnbot/2.0b (+http://search.msn.com/msnbot.htm)"
65.55.106.234 - - [15/Jun/2009:10:54:04 +0200] "GET /robots.txt HTTP/1.1" 302 363 "-" "msnbot/2.0b (+http://search.msn.com/msnbot.htm)"
65.55.106.234 - - [15/Jun/2009:10:54:04 +0200] "GET /zampa/robots.txt HTTP/1.1" 404 2748 "-" "msnbot/2.0b (+http://search.msn.com/msnbot.htm)"
66.235.124.132 - - [15/Jun/2009:11:09:37 +0200] "GET /robots.txt HTTP/1.1" 200 64 "-" "-"
65.55.211.159 - - [15/Jun/2009:11:27:10 +0200] "GET /robots.txt HTTP/1.1" 200 64 "-" "msnbot/1.1 (+http://search.msn.com/msnbot.htm)"
65.55.211.159 - - [15/Jun/2009:11:27:10 +0200] "GET /3dsf3/sendi/rituals.html HTTP/1.1" 200 1411 "-" "msnbot/1.1 (+http://search.msn.com/msnbot.htm)"
66.249.72.227 - - [15/Jun/2009:11:30:10 +0200] "GET /e-counter.html HTTP/1.1" 200 4047 "-" "Mozilla/5.0 (compatible; Googlebot/2.1; +http://www.google.com/bot.html)"
72.14.199.8 - - [15/Jun/2009:11:39:41 +0200] "GET / HTTP/1.1" 302 353 "-" "Feedfetcher-Google; (+http://www.google.com/feedfetcher.html; 1 subscribers; feed-id=5454548576667470243)"
72.14.199.85 - - [15/Jun/2009:11:39:48 +0200] "GET /zampa/ HTTP/1.1" 200 7153 "-" "Feedfetcher-Google; (+http://www.google.com/feedfetcher.html; 1 subscribers; feed-id=5454548576667470243)"
72.30.79.93 - - [15/Jun/2009:11:47:24 +0200] "GET /robots.txt HTTP/1.0" 200 64 "-" "Mozilla/5.0 (compatible; Yahoo! Slurp; http://help.yahoo.com/help/us/ysearch/slurp)"
72.30.79.93 - - [15/Jun/2009:11:47:25 +0200] "GET /frame-unten.html HTTP/1.0" 200 5308 "-" "Mozilla/5.0 (compatible; Yahoo! Slurp/3.0; http://help.yahoo.com/help/us/ysearch/slurp)"
65.55.106.218 - - [15/Jun/2009:11:48:06 +0200] "GET /robots.txt HTTP/1.1" 200 64 "-" "msnbot/2.0b (+http://search.msn.com/msnbot.htm)"
65.55.106.218 - - [15/Jun/2009:11:52:55 +0200] "GET /zampa/montenegro/MILOW.html HTTP/1.1" 200 860 "-" "msnbot/2.0b (+http://search.msn.com/msnbot.htm)"
66.249.72.227 - - [15/Jun/2009:11:55:46 +0200] "GET /logs/usage_200712.html HTTP/1.1" 404 2748 "-" "Mozilla/5.0 (compatible; Googlebot/2.1; +http://www.google.com/bot.html)"
38.99.44.105 - - [15/Jun/2009:11:59:59 +0200] "GET /robots.txt HTTP/1.0" 200 64 "-" "Mozilla/5.0 (Twiceler-0.9 http://www.cuil.com/twiceler/robot.html)"
66.249.72.227 - - [15/Jun/2009:12:05:40 +0200] "GET /logs/usage_200906.html HTTP/1.1" 404 2748 "-" "Mozilla/5.0 (compatible; Googlebot/2.1; +http://www.google.com/bot.html)"
72.30.79.93 - - [15/Jun/2009:12:05:58 +0200] "GET /3dsf3/sendi/rituals.html HTTP/1.0" 200 1411 "-" "Mozilla/5.0 (compatible; Yahoo! Slurp/3.0; http://help.yahoo.com/help/us/ysearch/slurp)"
72.30.79.93 - - [15/Jun/2009:12:05:59 +0200] "GET /3dsf3/sendi/formate.css HTTP/1.0" 304 - "http://www.various-euro.com/3dsf3/sendi/rituals.html" "Mozilla/5.0 (compatible; Yahoo! Slurp/3.0; http://help.yahoo.com/help/us/ysearch/slurp)"
72.30.79.93 - - [15/Jun/2009:12:28:36 +0200] "GET /neon/euro.html HTTP/1.0" 200 2212 "-" "Mozilla/5.0 (compatible; Yahoo! Slurp/3.0; http://help.yahoo.com/help/us/ysearch/slurp)"
188.2.222.7 - - [15/Jun/2009:12:47:37 +0200] "GET /framez-zampa-lovers.html HTTP/1.1" 200 4322 "http://www.google.com/url?sa=t&source=web&ct=res&cd=6&url=http%3A%2F%2Fwww.various-euro.com%2Fframez-zampa-lovers.html&ei=NRQ2Srz_D4WRsAbCrIG-CQ&rct=j&q=sta+je+subjekat&usg=AFQjCNFIxRke8u02upa5huMiI23t9opSZw&sig2=D0yVU5GwERerygR9yHZpFw" "Mozilla/5.0 (Windows; U; Windows NT 5.1; en-US; rv:1.9.0.5) Gecko/2008120122 Firefox/3.0.5"
188.2.222.7 - - [15/Jun/2009:12:47:37 +0200] "GET /ve-icon-2.ico HTTP/1.1" 200 2238 "-" "Mozilla/5.0 (Windows; U; Windows NT 5.1; en-US; rv:1.9.0.5) Gecko/2008120122 Firefox/3.0.5"
188.2.222.7 - - [15/Jun/2009:12:47:37 +0200] "GET /frame-unten.html HTTP/1.1" 200 5308 "http://www.various-euro.com/framez-zampa-lovers.html" "Mozilla/5.0 (Windows; U; Windows NT 5.1; en-US; rv:1.9.0.5) Gecko/2008120122 Firefox/3.0.5"
188.2.222.7 - - [15/Jun/2009:12:47:37 +0200] "GET /frame-menu.html HTTP/1.1" 200 10500 "http://www.various-euro.com/framez-zampa-lovers.html" "Mozilla/5.0 (Windows; U; Windows NT 5.1; en-US; rv:1.9.0.5) Gecko/2008120122 Firefox/3.0.5"
188.2.222.7 - - [15/Jun/2009:12:47:37 +0200] "GET /style/various-euro.css HTTP/1.1" 200 3437 "http://www.various-euro.com/frame-menu.html" "Mozilla/5.0 (Windows; U; Windows NT 5.1; en-US; rv:1.9.0.5) Gecko/2008120122 Firefox/3.0.5"
188.2.222.7 - - [15/Jun/2009:12:47:37 +0200] "GET /zampa-lovers/kralle.gif HTTP/1.1" 404 2748 "http://www.various-euro.com/zampa-lovers/index.html" "Mozilla/5.0 (Windows; U; Windows NT 5.1; en-US; rv:1.9.0.5) Gecko/2008120122 Firefox/3.0.5"
188.2.222.7 - - [15/Jun/2009:12:47:37 +0200] "GET /zampa-lovers/index.html HTTP/1.1" 200 37790 "http://www.various-euro.com/framez-zampa-lovers.html" "Mozilla/5.0 (Windows; U; Windows NT 5.1; en-US; rv:1.9.0.5) Gecko/2008120122 Firefox/3.0.5"
188.2.222.7 - - [15/Jun/2009:12:47:37 +0200] "GET /zampa-lovers/DRAGAN_Z.JPG HTTP/1.1" 200 6850 "http://www.various-euro.com/zampa-lovers/index.html" "Mozilla/5.0 (Windows; U; Windows NT 5.1; en-US; rv:1.9.0.5) Gecko/2008120122 Firefox/3.0.5"
188.2.222.7 - - [15/Jun/2009:12:47:37 +0200] "GET /zampa-lovers/ZAMPAMA2.MPG HTTP/1.1" 200 63492 "http://www.various-euro.com/zampa-lovers/index.html" "Mozilla/5.0 (Windows; U; Windows NT 5.1; en-US; rv:1.9.0.5) Gecko/2008120122 Firefox/3.0.5"
188.2.222.7 - - [15/Jun/2009:12:47:37 +0200] "GET /zampa-lovers/WASISTMI1.MPG HTTP/1.1" 200 271221 "http://www.various-euro.com/zampa-lovers/index.html" "Mozilla/5.0 (Windows; U; Windows NT 5.1; en-US; rv:1.9.0.5) Gecko/2008120122 Firefox/3.0.5"
188.2.222.7 - - [15/Jun/2009:12:47:38 +0200] "GET /zampa-lovers/MILIZA_B.JPG HTTP/1.1" 200 10947 "http://www.various-euro.com/zampa-lovers/index.html" "Mozilla/5.0 (Windows; U; Windows NT 5.1; en-US; rv:1.9.0.5) Gecko/2008120122 Firefox/3.0.5"
188.2.222.7 - - [15/Jun/2009:12:47:37 +0200] "GET /bannerz/ve.jpg HTTP/1.1" 200 36912 "http://www.various-euro.com/frame-unten.html" "Mozilla/5.0 (Windows; U; Windows NT 5.1; en-US; rv:1.9.0.5) Gecko/2008120122 Firefox/3.0.5"
188.2.222.7 - - [15/Jun/2009:12:47:38 +0200] "GET /zampa-lovers/MILIZA_4.JPG HTTP/1.1" 200 9946 "http://www.various-euro.com/zampa-lovers/index.html" "Mozilla/5.0 (Windows; U; Windows NT 5.1; en-US; rv:1.9.0.5) Gecko/2008120122 Firefox/3.0.5"
188.2.222.7 - - [15/Jun/2009:12:47:38 +0200] "GET /zampa-lovers/DRAGANZA.JPG HTTP/1.1" 200 18560 "http://www.various-euro.com/zampa-lovers/index.html" "Mozilla/5.0 (Windows; U; Windows NT 5.1; en-US; rv:1.9.0.5) Gecko/2008120122 Firefox/3.0.5"
188.2.222.7 - - [15/Jun/2009:12:47:37 +0200] "GET /zampa-lovers/ZAMPAMAS.MPG HTTP/1.1" 200 520196 "http://www.various-euro.com/zampa-lovers/index.html" "Mozilla/5.0 (Windows; U; Windows NT 5.1; en-US; rv:1.9.0.5) Gecko/2008120122 Firefox/3.0.5"
188.2.222.7 - - [15/Jun/2009:12:47:39 +0200] "GET /zampa-lovers/Kralle.gif HTTP/1.1" 200 260 "http://www.various-euro.com/zampa-lovers/index.html" "Mozilla/5.0 (Windows; U; Windows NT 5.1; en-US; rv:1.9.0.5) Gecko/2008120122 Firefox/3.0.5"
188.2.222.7 - - [15/Jun/2009:12:47:37 +0200] "GET /bannerz/various-euro-girl.jpg HTTP/1.1" 200 91514 "http://www.various-euro.com/frame-unten.html" "Mozilla/5.0 (Windows; U; Windows NT 5.1; en-US; rv:1.9.0.5) Gecko/2008120122 Firefox/3.0.5"
188.2.222.7 - - [15/Jun/2009:12:47:38 +0200] "GET /zampa-lovers/MILIZA_2.JPG HTTP/1.1" 200 22172 "http://www.various-euro.com/zampa-lovers/index.html" "Mozilla/5.0 (Windows; U; Windows NT 5.1; en-US; rv:1.9.0.5) Gecko/2008120122 Firefox/3.0.5"
188.2.222.7 - - [15/Jun/2009:12:47:38 +0200] "GET /zampa-lovers/MILIZA_3.JPG HTTP/1.1" 200 26924 "http://www.various-euro.com/zampa-lovers/index.html" "Mozilla/5.0 (Windows; U; Windows NT 5.1; en-US; rv:1.9.0.5) Gecko/2008120122 Firefox/3.0.5"
188.2.222.7 - - [15/Jun/2009:12:47:38 +0200] "GET /zampa-lovers/1SEITEVE.GIF HTTP/1.1" 200 78726 "http://www.various-euro.com/zampa-lovers/index.html" "Mozilla/5.0 (Windows; U; Windows NT 5.1; en-US; rv:1.9.0.5) Gecko/2008120122 Firefox/3.0.5"
188.2.222.7 - - [15/Jun/2009:12:47:39 +0200] "GET /zampa-lovers/zampa-2X2.gif HTTP/1.1" 200 6948 "http://www.various-euro.com/zampa-lovers/index.html" "Mozilla/5.0 (Windows; U; Windows NT 5.1; en-US; rv:1.9.0.5) Gecko/2008120122 Firefox/3.0.5"
188.2.222.7 - - [15/Jun/2009:12:47:39 +0200] "GET /zampa-lovers/zampamali.gif HTTP/1.1" 200 2617 "http://www.various-euro.com/zampa-lovers/index.html" "Mozilla/5.0 (Windows; U; Windows NT 5.1; en-US; rv:1.9.0.5) Gecko/2008120122 Firefox/3.0.5"
188.2.222.7 - - [15/Jun/2009:12:47:39 +0200] "GET /zampa-lovers/2SEITEVE.GIF HTTP/1.1" 200 83466 "http://www.various-euro.com/zampa-lovers/index.html" "Mozilla/5.0 (Windows; U; Windows NT 5.1; en-US; rv:1.9.0.5) Gecko/2008120122 Firefox/3.0.5"
188.2.222.7 - - [15/Jun/2009:12:47:40 +0200] "GET /zampa-lovers/zampa.gif HTTP/1.1" 200 460627 "http://www.various-euro.com/zampa-lovers/index.html" "Mozilla/5.0 (Windows; U; Windows NT 5.1; en-US; rv:1.9.0.5) Gecko/2008120122 Firefox/3.0.5"
38.105.83.10 - - [15/Jun/2009:13:02:37 +0200] "GET /logs/usage_200901.html HTTP/1.1" 200 167238 "http://www.google.com/custom?cof=GALT%3A336600%3BVLC%3A000066%3BAH%3Acenter%3BBGC%3AFFFFFF%3BLH%3A81%3BLC%3A000066%3BGFNT%3A336600%3BL%3Ahttp%3A%2F%2Fcyveillance.allthesites.com%2Fimages%2Fats_logo.gif%3BALC%3A000066%3BLW%3A361%3BT%3A000066%3BGIMP%3A336600%3BAWFID%3A248cacfbbe0ae58f%3B&q=%22state%20farm%22%20yahoo%20%22previous%20message%22&num=100&hl=en&start=0&filter=0" "Mozilla/4.0 (compatible; MSIE 5.5; Windows NT 5.0)"
38.105.83.10 - - [15/Jun/2009:13:02:38 +0200] "GET /logs/usage_200902.html HTTP/1.1" 200 164604 "http://www.google.com/custom?cof=GALT%3A336600%3BVLC%3A000066%3BAH%3Acenter%3BBGC%3AFFFFFF%3BLH%3A81%3BLC%3A000066%3BGFNT%3A336600%3BL%3Ahttp%3A%2F%2Fcyveillance.allthesites.com%2Fimages%2Fats_logo.gif%3BALC%3A000066%3BLW%3A361%3BT%3A000066%3BGIMP%3A336600%3BAWFID%3A248cacfbbe0ae58f%3B&q=%22state%20farm%22%20yahoo%20%22previous%20message%22&num=100&hl=en&start=0&filter=0" "Mozilla/4.0 (compatible; MSIE 5.5; Windows NT 5.0)"
72.30.79.93 - - [15/Jun/2009:13:14:45 +0200] "GET /framez-rez.html HTTP/1.0" 200 4323 "-" "Mozilla/5.0 (compatible; Yahoo! Slurp/3.0; http://help.yahoo.com/help/us/ysearch/slurp)"
72.30.79.93 - - [15/Jun/2009:13:14:45 +0200] "GET /frame-menu.html HTTP/1.0" 200 10500 "http://www.various-euro.com/framez-rez.html" "Mozilla/5.0 (compatible; Yahoo! Slurp/3.0; http://help.yahoo.com/help/us/ysearch/slurp)"
72.30.79.93 - - [15/Jun/2009:13:14:45 +0200] "GET /f-rez.html HTTP/1.0" 200 9765 "http://www.various-euro.com/framez-rez.html" "Mozilla/5.0 (compatible; Yahoo! Slurp/3.0; http://help.yahoo.com/help/us/ysearch/slurp)"
72.30.79.93 - - [15/Jun/2009:13:14:45 +0200] "GET /style/various-euro.css HTTP/1.0" 304 - "http://www.various-euro.com/frame-menu.html" "Mozilla/5.0 (compatible; Yahoo! Slurp/3.0; http://help.yahoo.com/help/us/ysearch/slurp)"
91.214.45.207 - - [15/Jun/2009:14:11:45 +0200] "GET /restate_copy.html HTTP/1.1" 200 97631 "-" "Mozilla/4.0 (compatible; MSIE 6.0; Windows NT 5.1; SV1)"
91.214.45.207 - - [15/Jun/2009:14:11:46 +0200] "GET /menue.html HTTP/1.1" 404 2748 "-" "Mozilla/4.0 (compatible; MSIE 6.0; Windows NT 5.1; SV1)"
91.214.45.207 - - [15/Jun/2009:14:11:48 +0200] "GET /euro.html HTTP/1.1" 404 2748 "-" "Mozilla/4.0 (compatible; MSIE 6.0; Windows NT 5.1; SV1)"
91.214.45.207 - - [15/Jun/2009:14:11:50 +0200] "GET /warez.html HTTP/1.1" 200 9754 "-" "Mozilla/4.0 (compatible; MSIE 6.0; Windows NT 5.1; SV1)"
91.214.45.207 - - [15/Jun/2009:14:11:51 +0200] "GET /web.html HTTP/1.1" 404 2748 "-" "Mozilla/4.0 (compatible; MSIE 6.0; Windows NT 5.1; SV1)"
91.214.45.207 - - [15/Jun/2009:14:11:59 +0200] "GET /net.html HTTP/1.1" 404 2748 "-" "Mozilla/4.0 (compatible; MSIE 6.0; Windows NT 5.1; SV1)"
91.214.45.207 - - [15/Jun/2009:14:12:00 +0200] "GET /world.html HTTP/1.1" 200 16295 "-" "Mozilla/4.0 (compatible; MSIE 6.0; Windows NT 5.1; SV1)"
91.214.45.207 - - [15/Jun/2009:14:12:06 +0200] "GET /channel1.html HTTP/1.1" 404 2748 "-" "Mozilla/4.0 (compatible; MSIE 6.0; Windows NT 5.1; SV1)"
91.214.45.207 - - [15/Jun/2009:14:12:07 +0200] "GET /search.html HTTP/1.1" 200 1440 "-" "Mozilla/4.0 (compatible; MSIE 6.0; Windows NT 5.1; SV1)"
91.214.45.207 - - [15/Jun/2009:14:12:08 +0200] "GET /contact.html HTTP/1.1" 404 2748 "-" "Mozilla/4.0 (compatible; MSIE 6.0; Windows NT 5.1; SV1)"
91.214.45.207 - - [15/Jun/2009:14:12:09 +0200] "GET /tour1_new.html HTTP/1.1" 404 2748 "-" "Mozilla/4.0 (compatible; MSIE 6.0; Windows NT 5.1; SV1)"
91.214.45.207 - - [15/Jun/2009:14:12:09 +0200] "GET /logz.html HTTP/1.1" 404 2748 "-" "Mozilla/4.0 (compatible; MSIE 6.0; Windows NT 5.1; SV1)"
91.214.45.207 - - [15/Jun/2009:14:12:11 +0200] "GET /logz_old.html HTTP/1.1" 404 2748 "-" "Mozilla/4.0 (compatible; MSIE 6.0; Windows NT 5.1; SV1)"
91.214.45.207 - - [15/Jun/2009:14:12:12 +0200] "GET /bannnerz.html HTTP/1.1" 404 2748 "-" "Mozilla/4.0 (compatible; MSIE 6.0; Windows NT 5.1; SV1)"
65.55.211.157 - - [15/Jun/2009:14:27:28 +0200] "GET /robots.txt HTTP/1.1" 200 64 "-" "msnbot/1.1 (+http://search.msn.com/msnbot.htm)"
65.55.211.157 - - [15/Jun/2009:14:27:31 +0200] "GET /zampa/montenegro/MILOW.html HTTP/1.1" 200 860 "-" "msnbot/1.1 (+http://search.msn.com/msnbot.htm)"
65.55.106.240 - - [15/Jun/2009:14:28:05 +0200] "GET /robots.txt HTTP/1.1" 200 64 "-" "msnbot/2.0b (+http://search.msn.com/msnbot.htm)"
65.55.211.164 - - [15/Jun/2009:14:35:59 +0200] "GET /robots.txt HTTP/1.1" 200 64 "-" "msnbot/1.1 (+http://search.msn.com/msnbot.htm)"
65.55.211.164 - - [15/Jun/2009:14:36:01 +0200] "GET /zampa/montenegro/index.html HTTP/1.1" 200 2651 "-" "msnbot/1.1 (+http://search.msn.com/msnbot.htm)"
72.14.199.8 - - [15/Jun/2009:14:39:53 +0200] "GET / HTTP/1.1" 302 353 "-" "Feedfetcher-Google; (+http://www.google.com/feedfetcher.html; 1 subscribers; feed-id=5454548576667470243)"
72.14.199.85 - - [15/Jun/2009:14:39:53 +0200] "GET /zampa/ HTTP/1.1" 200 7153 "-" "Feedfetcher-Google; (+http://www.google.com/feedfetcher.html; 1 subscribers; feed-id=5454548576667470243)"
65.55.51.111 - - [15/Jun/2009:14:41:33 +0200] "GET /robots.txt HTTP/1.1" 200 64 "-" "msnbot/2.0b (+http://search.msn.com/msnbot.htm)"
66.249.72.227 - - [15/Jun/2009:14:55:07 +0200] "GET /neon/left-one-new.html HTTP/1.1" 200 1483 "-" "Mozilla/5.0 (compatible; Googlebot/2.1; +http://www.google.com/bot.html)"
81.52.143.16 - - [15/Jun/2009:15:02:04 +0200] "GET /frame-unten.html HTTP/1.1" 200 5308 "-" "Mozilla/5.0 (Windows; U; Windows NT 5.1; fr; rv:1.8.1) VoilaBot BETA 1.2 (support.voilabot@orange-ftgroup.com)"
193.252.118.175 - - [15/Jun/2009:15:28:08 +0200] "GET /robots.txt HTTP/1.1" 200 64 "-" "Mozilla/5.0 (Windows; U; Windows NT 5.1; fr; rv:1.8.1) VoilaBot BETA 1.2 (support.voilabot@orange-ftgroup.com)"
193.252.118.175 - - [15/Jun/2009:15:28:10 +0200] "GET / HTTP/1.1" 200 7869 "-" "Mozilla/5.0 (Windows; U; Windows NT 5.1; fr; rv:1.8.1) VoilaBot BETA 1.2 (support.voilabot@orange-ftgroup.com)"
81.52.143.29 - - [15/Jun/2009:15:50:53 +0200] "GET /DgH/orginal/index.html HTTP/1.1" 200 1727 "-" "Mozilla/5.0 (Windows; U; Windows NT 5.1; fr; rv:1.8.1) VoilaBot BETA 1.2 (support.voilabot@orange-ftgroup.com)"
65.55.51.112 - - [15/Jun/2009:16:30:09 +0200] "GET /robots.txt HTTP/1.1" 200 64 "-" "msnbot/2.0b (+http://search.msn.com/msnbot.htm)"
65.55.230.248 - - [15/Jun/2009:17:15:22 +0200] "GET /robots.txt HTTP/1.1" 200 64 "-" "msnbot-media/1.1 (+http://search.msn.com/msnbot.htm)"
65.55.230.248 - - [15/Jun/2009:17:15:22 +0200] "GET /framez-rez.html HTTP/1.1" 200 4323 "-" "msnbot-media/1.1 (+http://search.msn.com/msnbot.htm)"
65.55.106.232 - - [15/Jun/2009:17:34:54 +0200] "GET /robots.txt HTTP/1.1" 200 64 "-" "msnbot/2.0b (+http://search.msn.com/msnbot.htm)"
65.55.211.158 - - [15/Jun/2009:17:36:48 +0200] "GET /robots.txt HTTP/1.1" 200 64 "-" "msnbot/1.1 (+http://search.msn.com/msnbot.htm)"
65.55.211.158 - - [15/Jun/2009:17:36:49 +0200] "GET /bmpp/18.html HTTP/1.1" 200 4467 "-" "msnbot/1.1 (+http://search.msn.com/msnbot.htm)"
72.14.199.8 - - [15/Jun/2009:17:40:49 +0200] "GET / HTTP/1.1" 302 353 "-" "Feedfetcher-Google; (+http://www.google.com/feedfetcher.html; 1 subscribers; feed-id=5454548576667470243)"
88.53.113.178 - - [15/Jun/2009:18:06:41 +0200] "GET / HTTP/1.1" 302 353 "http://www.google.it/search?hl=it&rlz=1T4GGLR_itIT283IT283&q=zampa++di+leone&btnG=Cerca&meta=" "Mozilla/4.0 (compatible; MSIE 7.0; Windows NT 5.1; GTB6; .NET CLR 1.1.4322)"
88.53.113.178 - - [15/Jun/2009:18:06:42 +0200] "GET /zampa/ HTTP/1.1" 200 7153 "http://www.google.it/search?hl=it&rlz=1T4GGLR_itIT283IT283&q=zampa++di+leone&btnG=Cerca&meta=" "Mozilla/4.0 (compatible; MSIE 7.0; Windows NT 5.1; GTB6; .NET CLR 1.1.4322)"
88.53.113.178 - - [15/Jun/2009:18:06:42 +0200] "GET /zampa/slike/zampa.gif HTTP/1.1" 200 5310 "http://www.various-euro.com/zampa/" "Mozilla/4.0 (compatible; MSIE 7.0; Windows NT 5.1; GTB6; .NET CLR 1.1.4322)"
88.53.113.178 - - [15/Jun/2009:18:06:42 +0200] "GET /zampa/slike/udupetu.gif HTTP/1.1" 200 4138 "http://www.various-euro.com/zampa/" "Mozilla/4.0 (compatible; MSIE 7.0; Windows NT 5.1; GTB6; .NET CLR 1.1.4322)"
88.53.113.178 - - [15/Jun/2009:18:06:42 +0200] "GET /zampa/slike/inthearse.gif HTTP/1.1" 200 4077 "http://www.various-euro.com/zampa/" "Mozilla/4.0 (compatible; MSIE 7.0; Windows NT 5.1; GTB6; .NET CLR 1.1.4322)"
88.53.113.178 - - [15/Jun/2009:18:06:43 +0200] "GET /favicon.ico HTTP/1.1" 404 2748 "-" "Mozilla/4.0 (compatible; MSIE 7.0; Windows NT 5.1; GTB6; .NET CLR 1.1.4322)"
65.55.106.166 - - [15/Jun/2009:18:17:39 +0200] "GET /robots.txt HTTP/1.1" 302 363 "-" "msnbot/2.0b (+http://search.msn.com/msnbot.htm)"
65.55.106.166 - - [15/Jun/2009:18:17:39 +0200] "GET /zampa/robots.txt HTTP/1.1" 404 2748 "-" "msnbot/2.0b (+http://search.msn.com/msnbot.htm)"
193.252.118.175 - - [15/Jun/2009:18:18:41 +0200] "GET /f-bannnerz.html HTTP/1.1" 200 12651 "-" "Mozilla/5.0 (Windows; U; Windows NT 5.1; fr; rv:1.8.1) VoilaBot BETA 1.2 (support.voilabot@orange-ftgroup.com)"
66.249.72.227 - - [15/Jun/2009:18:27:10 +0200] "GET /schubb/schubb-5.html HTTP/1.1" 200 72944 "-" "Mozilla/5.0 (compatible; Googlebot/2.1; +http://www.google.com/bot.html)"
66.249.72.227 - - [15/Jun/2009:18:32:19 +0200] "GET /framez-zampa-lovers.html HTTP/1.1" 200 4322 "-" "Mozilla/5.0 (compatible; Googlebot/2.1; +http://www.google.com/bot.html)"
65.55.230.243 - - [15/Jun/2009:18:40:26 +0200] "GET /robots.txt HTTP/1.1" 200 64 "-" "msnbot-media/1.1 (+http://search.msn.com/msnbot.htm)"
65.55.230.243 - - [15/Jun/2009:18:40:26 +0200] "GET /framez.html HTTP/1.1" 200 3959 "-" "msnbot-media/1.1 (+http://search.msn.com/msnbot.htm)"
123.125.64.38 - - [15/Jun/2009:19:14:23 +0200] "GET / HTTP/1.1" 200 7869 "-" "Baiduspider+(+http://www.baidu.com/search/spider.htm)"
72.14.199.85 - - [15/Jun/2009:19:32:30 +0200] "GET /zampa/ HTTP/1.1" 200 7153 "-" "Feedfetcher-Google; (+http://www.google.com/feedfetcher.html; 1 subscribers; feed-id=5454548576667470243)"
66.249.72.227 - - [15/Jun/2009:19:34:05 +0200] "GET /neon/annniiii.html HTTP/1.1" 200 686 "-" "Mozilla/5.0 (compatible; Googlebot/2.1; +http://www.google.com/bot.html)"
72.30.79.93 - - [15/Jun/2009:19:44:27 +0200] "GET /neon/slow-walk2.html HTTP/1.0" 200 1777 "-" "Mozilla/5.0 (compatible; Yahoo! Slurp/3.0; http://help.yahoo.com/help/us/ysearch/slurp)"
72.30.79.93 - - [15/Jun/2009:20:04:25 +0200] "GET /logs/ HTTP/1.0" 200 11511 "-" "Mozilla/5.0 (compatible; Yahoo! Slurp/3.0; http://help.yahoo.com/help/us/ysearch/slurp)"
65.55.106.208 - - [15/Jun/2009:20:04:51 +0200] "GET /f-bannnerz.html HTTP/1.1" 200 12651 "-" "msnbot/2.0b (+http://search.msn.com/msnbot.htm)"
72.30.79.93 - - [15/Jun/2009:20:19:26 +0200] "GET /logs/usage_200905.html HTTP/1.0" 200 161148 "-" "Mozilla/5.0 (compatible; Yahoo! Slurp/3.0; http://help.yahoo.com/help/us/ysearch/slurp)"
173.45.84.82 - - [15/Jun/2009:20:22:38 +0200] "HEAD /f-logz_old.html HTTP/1.1" 200 - "-" "MSIE 7.0"
173.45.84.82 - - [15/Jun/2009:20:22:38 +0200] "GET /f-logz_old.html HTTP/1.1" 200 43773 "-" "MSIE 7.0"
65.55.211.167 - - [15/Jun/2009:20:36:17 +0200] "GET /robots.txt HTTP/1.1" 200 64 "-" "msnbot/1.1 (+http://search.msn.com/msnbot.htm)"
65.55.211.167 - - [15/Jun/2009:20:36:18 +0200] "GET /schubb/schubb-3.html HTTP/1.1" 200 17546 "-" "msnbot/1.1 (+http://search.msn.com/msnbot.htm)"
72.30.79.93 - - [15/Jun/2009:20:39:26 +0200] "GET /neon/warning2.html HTTP/1.0" 200 997 "-" "Mozilla/5.0 (compatible; Yahoo! Slurp/3.0; http://help.yahoo.com/help/us/ysearch/slurp)"
72.30.79.93 - - [15/Jun/2009:20:47:17 +0200] "GET /logs/usage_200705.html HTTP/1.0" 404 2748 "-" "Mozilla/5.0 (compatible; Yahoo! Slurp/3.0; http://help.yahoo.com/help/us/ysearch/slurp)"
81.52.143.32 - - [15/Jun/2009:20:52:39 +0200] "GET /f-web.html HTTP/1.1" 200 13605 "-" "Mozilla/5.0 (Windows; U; Windows NT 5.1; fr; rv:1.8.1) VoilaBot BETA 1.2 (support.voilabot@orange-ftgroup.com)"
65.55.106.207 - - [15/Jun/2009:21:15:05 +0200] "GET /robots.txt HTTP/1.1" 200 64 "-" "msnbot/2.0b (+http://search.msn.com/msnbot.htm)"
65.55.106.219 - - [15/Jun/2009:21:16:15 +0200] "GET /robots.txt HTTP/1.1" 302 363 "-" "msnbot/2.0b (+http://search.msn.com/msnbot.htm)"
65.55.106.219 - - [15/Jun/2009:21:16:15 +0200] "GET /zampa/robots.txt HTTP/1.1" 404 2748 "-" "msnbot/2.0b (+http://search.msn.com/msnbot.htm)"
65.55.51.114 - - [15/Jun/2009:21:23:15 +0200] "GET /robots.txt HTTP/1.1" 200 64 "-" "msnbot/2.0b (+http://search.msn.com/msnbot.htm)"
72.30.79.93 - - [15/Jun/2009:23:01:55 +0200] "GET /robots.txt HTTP/1.0" 200 64 "-" "Mozilla/5.0 (compatible; Yahoo! Slurp; http://help.yahoo.com/help/us/ysearch/slurp)"
72.30.79.93 - - [15/Jun/2009:23:01:55 +0200] "GET /logs/usage_200809.html HTTP/1.0" 200 167981 "-" "Mozilla/5.0 (compatible; Yahoo! Slurp/3.0; http://help.yahoo.com/help/us/ysearch/slurp)"
65.55.106.183 - - [15/Jun/2009:23:14:57 +0200] "GET /robots.txt HTTP/1.1" 200 64 "-" "msnbot/2.0b (+http://search.msn.com/msnbot.htm)"
38.99.44.105 - - [15/Jun/2009:23:19:20 +0200] "GET /partnergegenberlin.html HTTP/1.0" 200 5022 "-" "Mozilla/5.0 (Twiceler-0.9 http://www.cuil.com/twiceler/robot.html)"
38.99.44.105 - - [15/Jun/2009:23:22:33 +0200] "GET /neon/warning.html HTTP/1.0" 200 5134 "-" "Mozilla/5.0 (Twiceler-0.9 http://www.cuil.com/twiceler/robot.html)"
81.23.190.18 - - [15/Jun/2009:23:27:18 +0200] "GET / HTTP/1.1" 200 7869 "http://www.beanrocket.com/dating/" "Mozilla/4.0 (compatible; MSIE 5.01; Windows 98)"
81.23.190.18 - - [15/Jun/2009:23:27:18 +0200] "GET / HTTP/1.1" 200 7869 "http://www.beanrocket.com/dating/" "Mozilla/4.0 (compatible; MSIE 5.01; Windows 98)"
81.23.190.18 - - [15/Jun/2009:23:27:18 +0200] "GET / HTTP/1.1" 200 7869 "http://www.beanrocket.com/dating/" "Mozilla/4.0 (compatible; MSIE 5.01; Windows 98)"
81.23.190.18 - - [15/Jun/2009:23:27:18 +0200] "GET / HTTP/1.1" 200 7869 "http://www.beanrocket.com/dating/" "Mozilla/4.0 (compatible; MSIE 5.01; Windows 98)"
81.23.190.18 - - [15/Jun/2009:23:27:18 +0200] "GET / HTTP/1.1" 200 7869 "http://www.beanrocket.com/dating/" "Mozilla/4.0 (compatible; MSIE 5.01; Windows 98)"
81.23.190.18 - - [15/Jun/2009:23:27:18 +0200] "GET / HTTP/1.1" 200 7869 "http://www.beanrocket.com/dating/" "Mozilla/4.0 (compatible; MSIE 5.01; Windows 98)"
81.23.190.18 - - [15/Jun/2009:23:27:18 +0200] "GET / HTTP/1.1" 200 7869 "http://www.beanrocket.com/dating/" "Mozilla/4.0 (compatible; MSIE 5.01; Windows 98)"
81.23.190.18 - - [15/Jun/2009:23:27:18 +0200] "GET / HTTP/1.1" 200 7869 "http://www.beanrocket.com/dating/" "Mozilla/4.0 (compatible; MSIE 5.01; Windows 98)"
81.23.190.18 - - [15/Jun/2009:23:27:18 +0200] "GET / HTTP/1.1" 200 7869 "http://www.beanrocket.com/dating/" "Mozilla/4.0 (compatible; MSIE 5.01; Windows 98)"
81.23.190.18 - - [15/Jun/2009:23:27:18 +0200] "GET / HTTP/1.1" 200 7869 "http://www.beanrocket.com/dating/" "Mozilla/4.0 (compatible; MSIE 5.01; Windows 98)"
81.23.190.18 - - [15/Jun/2009:23:27:18 +0200] "GET / HTTP/1.1" 200 7869 "http://www.beanrocket.com/dating/" "Mozilla/4.0 (compatible; MSIE 5.01; Windows 98)"
81.23.190.18 - - [15/Jun/2009:23:27:19 +0200] "GET / HTTP/1.1" 200 7869 "http://www.beanrocket.com/dating/" "Mozilla/4.0 (compatible; MSIE 5.01; Windows 98)"
81.23.190.18 - - [15/Jun/2009:23:27:19 +0200] "GET / HTTP/1.1" 200 7869 "http://www.beanrocket.com/dating/" "Mozilla/4.0 (compatible; MSIE 5.01; Windows 98)"
81.23.190.18 - - [15/Jun/2009:23:27:19 +0200] "GET / HTTP/1.1" 200 7869 "http://www.beanrocket.com/dating/" "Mozilla/4.0 (compatible; MSIE 5.01; Windows 98)"
81.23.190.18 - - [15/Jun/2009:23:27:19 +0200] "GET / HTTP/1.1" 200 7869 "http://www.beanrocket.com/dating/" "Mozilla/4.0 (compatible; MSIE 5.01; Windows 98)"
81.23.190.18 - - [15/Jun/2009:23:27:19 +0200] "GET / HTTP/1.1" 200 7869 "http://www.beanrocket.com/dating/" "Mozilla/4.0 (compatible; MSIE 5.01; Windows 98)"
81.23.190.18 - - [15/Jun/2009:23:27:19 +0200] "GET / HTTP/1.1" 200 7869 "http://www.beanrocket.com/dating/" "Mozilla/4.0 (compatible; MSIE 5.01; Windows 98)"
81.23.190.18 - - [15/Jun/2009:23:27:19 +0200] "GET / HTTP/1.1" 200 7869 "http://www.beanrocket.com/dating/" "Mozilla/4.0 (compatible; MSIE 5.01; Windows 98)"
81.23.190.18 - - [15/Jun/2009:23:27:19 +0200] "GET / HTTP/1.1" 200 7869 "http://www.beanrocket.com/dating/" "Mozilla/4.0 (compatible; MSIE 5.01; Windows 98)"
81.23.190.18 - - [15/Jun/2009:23:27:19 +0200] "GET / HTTP/1.1" 200 7869 "http://www.beanrocket.com/dating/" "Mozilla/4.0 (compatible; MSIE 5.01; Windows 98)"
81.23.190.18 - - [15/Jun/2009:23:27:19 +0200] "GET / HTTP/1.1" 200 7869 "http://www.beanrocket.com/dating/" "Mozilla/4.0 (compatible; MSIE 5.01; Windows 98)"
81.23.190.18 - - [15/Jun/2009:23:27:19 +0200] "GET / HTTP/1.1" 200 7869 "http://www.beanrocket.com/dating/" "Mozilla/4.0 (compatible; MSIE 5.01; Windows 98)"
81.23.190.18 - - [15/Jun/2009:23:27:19 +0200] "GET / HTTP/1.1" 200 7869 "http://www.beanrocket.com/dating/" "Mozilla/4.0 (compatible; MSIE 5.01; Windows 98)"
81.23.190.18 - - [15/Jun/2009:23:27:19 +0200] "GET / HTTP/1.1" 200 7869 "http://www.beanrocket.com/dating/" "Mozilla/4.0 (compatible; MSIE 5.01; Windows 98)"
81.23.190.18 - - [15/Jun/2009:23:27:19 +0200] "GET / HTTP/1.1" 200 7869 "http://www.beanrocket.com/dating/" "Mozilla/4.0 (compatible; MSIE 5.01; Windows 98)"
81.23.190.18 - - [15/Jun/2009:23:27:19 +0200] "GET / HTTP/1.1" 200 7869 "http://www.beanrocket.com/dating/" "Mozilla/4.0 (compatible; MSIE 5.01; Windows 98)"
81.23.190.18 - - [15/Jun/2009:23:27:19 +0200] "GET / HTTP/1.1" 200 7869 "http://www.beanrocket.com/dating/" "Mozilla/4.0 (compatible; MSIE 5.01; Windows 98)"
81.23.190.18 - - [15/Jun/2009:23:27:19 +0200] "GET / HTTP/1.1" 200 7869 "http://www.beanrocket.com/dating/" "Mozilla/4.0 (compatible; MSIE 5.01; Windows 98)"
81.23.190.18 - - [15/Jun/2009:23:27:19 +0200] "GET / HTTP/1.1" 200 7869 "http://www.beanrocket.com/dating/" "Mozilla/4.0 (compatible; MSIE 5.01; Windows 98)"
81.23.190.18 - - [15/Jun/2009:23:27:19 +0200] "GET / HTTP/1.1" 200 7869 "http://www.beanrocket.com/dating/" "Mozilla/4.0 (compatible; MSIE 5.01; Windows 98)"
81.23.190.18 - - [15/Jun/2009:23:27:19 +0200] "GET / HTTP/1.1" 200 7869 "http://www.beanrocket.com/dating/" "Mozilla/4.0 (compatible; MSIE 5.01; Windows 98)"
81.23.190.18 - - [15/Jun/2009:23:27:19 +0200] "GET / HTTP/1.1" 200 7869 "http://www.beanrocket.com/dating/" "Mozilla/4.0 (compatible; MSIE 5.01; Windows 98)"
81.23.190.18 - - [15/Jun/2009:23:27:19 +0200] "GET / HTTP/1.1" 200 7869 "http://www.beanrocket.com/dating/" "Mozilla/4.0 (compatible; MSIE 5.01; Windows 98)"
81.23.190.18 - - [15/Jun/2009:23:27:19 +0200] "GET / HTTP/1.1" 200 7869 "http://www.beanrocket.com/dating/" "Mozilla/4.0 (compatible; MSIE 5.01; Windows 98)"
81.23.190.18 - - [15/Jun/2009:23:27:19 +0200] "GET / HTTP/1.1" 200 7869 "http://www.beanrocket.com/dating/" "Mozilla/4.0 (compatible; MSIE 5.01; Windows 98)"
81.23.190.18 - - [15/Jun/2009:23:27:19 +0200] "GET / HTTP/1.1" 200 7869 "http://www.beanrocket.com/dating/" "Mozilla/4.0 (compatible; MSIE 5.01; Windows 98)"
81.23.190.18 - - [15/Jun/2009:23:27:19 +0200] "GET / HTTP/1.1" 200 7869 "http://www.beanrocket.com/dating/" "Mozilla/4.0 (compatible; MSIE 5.01; Windows 98)"
81.23.190.18 - - [15/Jun/2009:23:27:19 +0200] "GET / HTTP/1.1" 200 7869 "http://www.beanrocket.com/dating/" "Mozilla/4.0 (compatible; MSIE 5.01; Windows 98)"
81.23.190.18 - - [15/Jun/2009:23:27:19 +0200] "GET / HTTP/1.1" 200 7869 "http://www.beanrocket.com/dating/" "Mozilla/4.0 (compatible; MSIE 5.01; Windows 98)"
81.23.190.18 - - [15/Jun/2009:23:27:19 +0200] "GET / HTTP/1.1" 200 7869 "http://www.beanrocket.com/dating/" "Mozilla/4.0 (compatible; MSIE 5.01; Windows 98)"
81.23.190.18 - - [15/Jun/2009:23:27:19 +0200] "GET / HTTP/1.1" 200 7869 "http://www.beanrocket.com/dating/" "Mozilla/4.0 (compatible; MSIE 5.01; Windows 98)"
81.23.190.18 - - [15/Jun/2009:23:27:19 +0200] "GET / HTTP/1.1" 200 7869 "http://www.beanrocket.com/dating/" "Mozilla/4.0 (compatible; MSIE 5.01; Windows 98)"
81.23.190.18 - - [15/Jun/2009:23:27:19 +0200] "GET / HTTP/1.1" 200 7869 "http://www.beanrocket.com/dating/" "Mozilla/4.0 (compatible; MSIE 5.01; Windows 98)"
81.23.190.18 - - [15/Jun/2009:23:27:19 +0200] "GET / HTTP/1.1" 200 7869 "http://www.beanrocket.com/dating/" "Mozilla/4.0 (compatible; MSIE 5.01; Windows 98)"
81.23.190.18 - - [15/Jun/2009:23:27:19 +0200] "GET / HTTP/1.1" 200 7869 "http://www.beanrocket.com/dating/" "Mozilla/4.0 (compatible; MSIE 5.5; Windows 98)"
81.23.190.18 - - [15/Jun/2009:23:27:19 +0200] "GET / HTTP/1.1" 200 7869 "http://www.beanrocket.com/dating/" "Mozilla/4.0 (compatible; MSIE 5.01; Windows 98)"
81.23.190.18 - - [15/Jun/2009:23:27:19 +0200] "GET / HTTP/1.1" 200 7869 "http://www.beanrocket.com/dating/" "Mozilla/4.0 (compatible; MSIE 5.01; Windows 98)"
81.23.190.18 - - [15/Jun/2009:23:27:19 +0200] "GET / HTTP/1.1" 200 7869 "http://www.beanrocket.com/dating/" "Mozilla/4.0 (compatible; MSIE 5.01; Windows 98)"
81.23.190.18 - - [15/Jun/2009:23:27:19 +0200] "GET / HTTP/1.1" 200 7869 "http://www.beanrocket.com/dating/" "Mozilla/4.0 (compatible; MSIE 5.01; Windows 98)"
81.23.190.18 - - [15/Jun/2009:23:27:20 +0200] "GET / HTTP/1.1" 200 7869 "http://www.beanrocket.com/dating/" "Mozilla/4.0 (compatible; MSIE 5.01; Windows 98)"
81.23.190.18 - - [15/Jun/2009:23:27:20 +0200] "GET / HTTP/1.1" 200 7869 "http://www.beanrocket.com/dating/" "Mozilla/4.0 (compatible; MSIE 5.01; Windows 98)"
81.23.190.18 - - [15/Jun/2009:23:27:20 +0200] "GET / HTTP/1.1" 200 7869 "http://www.beanrocket.com/dating/" "Mozilla/4.0 (compatible; MSIE 5.01; Windows 98)"
81.23.190.18 - - [15/Jun/2009:23:27:20 +0200] "GET / HTTP/1.1" 200 7869 "http://www.beanrocket.com/dating/" "Mozilla/4.0 (compatible; MSIE 5.01; Windows 98)"
81.23.190.18 - - [15/Jun/2009:23:27:20 +0200] "GET / HTTP/1.1" 200 7869 "http://www.beanrocket.com/dating/" "Mozilla/4.0 (compatible; MSIE 5.01; Windows 98)"
81.23.190.18 - - [15/Jun/2009:23:27:21 +0200] "GET / HTTP/1.1" 200 7869 "http://www.beanrocket.com/dating/" "Mozilla/4.0 (compatible; MSIE 5.01; Windows 98)"
81.23.190.18 - - [15/Jun/2009:23:27:21 +0200] "GET / HTTP/1.1" 200 7869 "http://www.beanrocket.com/dating/" "Mozilla/4.0 (compatible; MSIE 5.01; Windows 98)"
81.23.190.18 - - [15/Jun/2009:23:27:21 +0200] "GET / HTTP/1.1" 200 7869 "http://www.beanrocket.com/dating/" "Mozilla/4.0 (compatible; MSIE 5.01; Windows 98)"
81.23.190.18 - - [15/Jun/2009:23:27:21 +0200] "GET / HTTP/1.1" 200 7869 "http://www.beanrocket.com/dating/" "Mozilla/4.0 (compatible; MSIE 5.01; Windows 98)"
81.23.190.18 - - [15/Jun/2009:23:27:21 +0200] "GET / HTTP/1.1" 200 7869 "http://www.beanrocket.com/dating/" "Mozilla/4.0 (compatible; MSIE 5.01; Windows 98)"
81.23.190.18 - - [15/Jun/2009:23:27:21 +0200] "GET / HTTP/1.1" 200 7869 "http://www.beanrocket.com/dating/" "Mozilla/4.0 (compatible; MSIE 5.01; Windows 98)"
81.23.190.18 - - [15/Jun/2009:23:27:21 +0200] "GET / HTTP/1.1" 200 7869 "http://www.beanrocket.com/dating/" "Mozilla/4.0 (compatible; MSIE 5.01; Windows 98)"
81.23.190.18 - - [15/Jun/2009:23:27:21 +0200] "GET / HTTP/1.1" 200 7869 "http://www.beanrocket.com/dating/" "Mozilla/4.0 (compatible; MSIE 5.01; Windows 98)"
81.23.190.18 - - [15/Jun/2009:23:27:21 +0200] "GET / HTTP/1.1" 200 7869 "http://www.beanrocket.com/dating/" "Mozilla/4.0 (compatible; MSIE 5.01; Windows 98)"
81.23.190.18 - - [15/Jun/2009:23:27:21 +0200] "GET / HTTP/1.1" 200 7869 "http://www.beanrocket.com/dating/" "Mozilla/4.0 (compatible; MSIE 5.01; Windows 98)"
81.23.190.18 - - [15/Jun/2009:23:27:21 +0200] "GET / HTTP/1.1" 200 7869 "http://www.beanrocket.com/dating/" "Mozilla/4.0 (compatible; MSIE 5.01; Windows 98)"
81.23.190.18 - - [15/Jun/2009:23:27:21 +0200] "GET / HTTP/1.1" 200 7869 "http://www.beanrocket.com/dating/" "Mozilla/4.0 (compatible; MSIE 5.01; Windows 98)"
81.23.190.18 - - [15/Jun/2009:23:27:21 +0200] "GET / HTTP/1.1" 200 7869 "http://www.beanrocket.com/dating/" "Mozilla/4.0 (compatible; MSIE 5.01; Windows 98)"
81.23.190.18 - - [15/Jun/2009:23:27:21 +0200] "GET / HTTP/1.1" 200 7869 "http://www.beanrocket.com/dating/" "Mozilla/4.0 (compatible; MSIE 5.01; Windows 98)"
81.23.190.18 - - [15/Jun/2009:23:27:21 +0200] "GET / HTTP/1.1" 200 7869 "http://www.beanrocket.com/dating/" "Mozilla/4.0 (compatible; MSIE 5.01; Windows 98)"
81.23.190.18 - - [15/Jun/2009:23:27:21 +0200] "GET / HTTP/1.1" 200 7869 "http://www.beanrocket.com/dating/" "Mozilla/4.0 (compatible; MSIE 5.01; Windows 98)"
81.23.190.18 - - [15/Jun/2009:23:27:21 +0200] "GET / HTTP/1.1" 200 7869 "http://www.beanrocket.com/dating/" "Mozilla/4.0 (compatible; MSIE 5.01; Windows 98)"
81.23.190.18 - - [15/Jun/2009:23:27:21 +0200] "GET / HTTP/1.1" 200 7869 "http://www.beanrocket.com/dating/" "Mozilla/4.0 (compatible; MSIE 5.01; Windows 98)"
81.23.190.18 - - [15/Jun/2009:23:27:21 +0200] "GET / HTTP/1.1" 200 7869 "http://www.beanrocket.com/dating/" "Mozilla/4.0 (compatible; MSIE 5.01; Windows 98)"
81.23.190.18 - - [15/Jun/2009:23:27:21 +0200] "GET / HTTP/1.1" 200 7869 "http://www.beanrocket.com/dating/" "Mozilla/4.0 (compatible; MSIE 5.01; Windows 98)"
81.23.190.18 - - [15/Jun/2009:23:27:21 +0200] "GET / HTTP/1.1" 200 7869 "http://www.beanrocket.com/dating/" "Mozilla/4.0 (compatible; MSIE 5.01; Windows 98)"
81.23.190.18 - - [15/Jun/2009:23:27:21 +0200] "GET / HTTP/1.1" 200 7869 "http://www.beanrocket.com/dating/" "Mozilla/4.0 (compatible; MSIE 5.01; Windows 98)"
81.23.190.18 - - [15/Jun/2009:23:27:21 +0200] "GET / HTTP/1.1" 200 7869 "http://www.beanrocket.com/dating/" "Mozilla/4.0 (compatible; MSIE 5.01; Windows 98)"
81.23.190.18 - - [15/Jun/2009:23:27:21 +0200] "GET / HTTP/1.1" 200 7869 "http://www.beanrocket.com/dating/" "Mozilla/4.0 (compatible; MSIE 5.01; Windows 98)"
81.23.190.18 - - [15/Jun/2009:23:27:21 +0200] "GET / HTTP/1.1" 200 7869 "http://www.beanrocket.com/dating/" "Mozilla/4.0 (compatible; MSIE 5.01; Windows 98)"
81.23.190.18 - - [15/Jun/2009:23:27:21 +0200] "GET / HTTP/1.1" 200 7869 "http://www.beanrocket.com/dating/" "Mozilla/4.0 (compatible; MSIE 5.01; Windows 98)"
81.23.190.18 - - [15/Jun/2009:23:27:21 +0200] "GET / HTTP/1.1" 200 7869 "http://www.beanrocket.com/dating/" "Mozilla/4.0 (compatible; MSIE 5.01; Windows 98)"
81.23.190.18 - - [15/Jun/2009:23:27:21 +0200] "GET / HTTP/1.1" 200 7869 "http://www.beanrocket.com/dating/" "Mozilla/4.0 (compatible; MSIE 5.01; Windows 98)"
81.23.190.18 - - [15/Jun/2009:23:27:21 +0200] "GET / HTTP/1.1" 200 7869 "http://www.beanrocket.com/dating/" "Mozilla/4.0 (compatible; MSIE 5.01; Windows 98)"
81.23.190.18 - - [15/Jun/2009:23:27:21 +0200] "GET / HTTP/1.1" 200 7869 "http://www.beanrocket.com/dating/" "Mozilla/4.0 (compatible; MSIE 5.01; Windows 98)"
81.23.190.18 - - [15/Jun/2009:23:27:21 +0200] "GET / HTTP/1.1" 200 7869 "http://www.beanrocket.com/dating/" "Mozilla/4.0 (compatible; MSIE 5.01; Windows 98)"
81.23.190.18 - - [15/Jun/2009:23:27:21 +0200] "GET / HTTP/1.1" 200 7869 "http://www.beanrocket.com/dating/" "Mozilla/4.0 (compatible; MSIE 5.01; Windows 98)"
81.23.190.18 - - [15/Jun/2009:23:27:22 +0200] "GET / HTTP/1.1" 200 7869 "http://www.beanrocket.com/dating/" "Mozilla/4.0 (compatible; MSIE 5.01; Windows 98)"
81.23.190.18 - - [15/Jun/2009:23:27:22 +0200] "GET / HTTP/1.1" 200 7869 "http://www.beanrocket.com/dating/" "Mozilla/4.0 (compatible; MSIE 5.01; Windows 98)"
81.23.190.18 - - [15/Jun/2009:23:27:22 +0200] "GET / HTTP/1.1" 200 7869 "http://www.beanrocket.com/dating/" "Mozilla/4.0 (compatible; MSIE 5.01; Windows 98)"
81.23.190.18 - - [15/Jun/2009:23:27:22 +0200] "GET / HTTP/1.1" 200 7869 "http://www.beanrocket.com/dating/" "Mozilla/4.0 (compatible; MSIE 5.01; Windows 98)"
81.23.190.18 - - [15/Jun/2009:23:27:22 +0200] "GET / HTTP/1.1" 200 7869 "http://www.beanrocket.com/dating/" "Mozilla/4.0 (compatible; MSIE 5.01; Windows 98)"
81.23.190.18 - - [15/Jun/2009:23:27:22 +0200] "GET / HTTP/1.1" 200 7869 "http://www.beanrocket.com/dating/" "Mozilla/4.0 (compatible; MSIE 5.01; Windows 98)"
81.23.190.18 - - [15/Jun/2009:23:27:22 +0200] "GET / HTTP/1.1" 200 7869 "http://www.beanrocket.com/dating/" "Mozilla/4.0 (compatible; MSIE 5.01; Windows 98)"
81.23.190.18 - - [15/Jun/2009:23:27:22 +0200] "GET / HTTP/1.1" 200 7869 "http://www.beanrocket.com/dating/" "Mozilla/4.0 (compatible; MSIE 5.01; Windows 98)"
81.23.190.18 - - [15/Jun/2009:23:27:22 +0200] "GET / HTTP/1.1" 200 7869 "http://www.beanrocket.com/dating/" "Mozilla/4.0 (compatible; MSIE 5.01; Windows 98)"
81.23.190.18 - - [15/Jun/2009:23:27:22 +0200] "GET / HTTP/1.1" 200 7869 "http://www.beanrocket.com/dating/" "Mozilla/4.0 (compatible; MSIE 5.01; Windows 98)"
81.23.190.18 - - [15/Jun/2009:23:27:22 +0200] "GET / HTTP/1.1" 200 7869 "http://www.beanrocket.com/dating/" "Mozilla/4.0 (compatible; MSIE 5.01; Windows 98)"
81.23.190.18 - - [15/Jun/2009:23:27:22 +0200] "GET / HTTP/1.1" 200 7869 "http://www.beanrocket.com/dating/" "Mozilla/4.0 (compatible; MSIE 5.01; Windows 98)"
81.23.190.18 - - [15/Jun/2009:23:27:22 +0200] "GET / HTTP/1.1" 200 7869 "http://www.beanrocket.com/dating/" "Mozilla/4.0 (compatible; MSIE 5.01; Windows 98)"
81.23.190.18 - - [15/Jun/2009:23:27:22 +0200] "GET / HTTP/1.1" 200 7869 "http://www.beanrocket.com/dating/" "Mozilla/4.0 (compatible; MSIE 5.01; Windows 98)"
81.23.190.18 - - [15/Jun/2009:23:27:22 +0200] "GET / HTTP/1.1" 200 7869 "http://www.beanrocket.com/dating/" "Mozilla/4.0 (compatible; MSIE 5.01; Windows 98)"
81.23.190.18 - - [15/Jun/2009:23:27:22 +0200] "GET / HTTP/1.1" 200 7869 "http://www.beanrocket.com/dating/" "Mozilla/4.0 (compatible; MSIE 5.01; Windows 98)"
81.23.190.18 - - [15/Jun/2009:23:27:22 +0200] "GET / HTTP/1.1" 200 7869 "http://www.beanrocket.com/dating/" "Mozilla/4.0 (compatible; MSIE 5.01; Windows 98)"
81.23.190.18 - - [15/Jun/2009:23:27:22 +0200] "GET / HTTP/1.1" 200 7869 "http://www.beanrocket.com/dating/" "Mozilla/4.0 (compatible; MSIE 5.01; Windows 98)"
81.23.190.18 - - [15/Jun/2009:23:27:22 +0200] "GET / HTTP/1.1" 200 7869 "http://www.beanrocket.com/dating/" "Mozilla/4.0 (compatible; MSIE 5.01; Windows 98)"
81.23.190.18 - - [15/Jun/2009:23:27:22 +0200] "GET / HTTP/1.1" 200 7869 "http://www.beanrocket.com/dating/" "Mozilla/4.0 (compatible; MSIE 5.01; Windows 98)"
81.23.190.18 - - [15/Jun/2009:23:27:22 +0200] "GET / HTTP/1.1" 200 7869 "http://www.beanrocket.com/dating/" "Mozilla/4.0 (compatible; MSIE 5.01; Windows 98)"
81.23.190.18 - - [15/Jun/2009:23:27:22 +0200] "GET / HTTP/1.1" 200 7869 "http://www.beanrocket.com/dating/" "Mozilla/4.0 (compatible; MSIE 5.01; Windows 98)"
81.23.190.18 - - [15/Jun/2009:23:27:22 +0200] "GET / HTTP/1.1" 200 7869 "http://www.beanrocket.com/dating/" "Mozilla/4.0 (compatible; MSIE 5.01; Windows 98)"
81.23.190.18 - - [15/Jun/2009:23:27:22 +0200] "GET / HTTP/1.1" 200 7869 "http://www.beanrocket.com/dating/" "Mozilla/4.0 (compatible; MSIE 5.01; Windows 98)"
81.23.190.18 - - [15/Jun/2009:23:27:22 +0200] "GET / HTTP/1.1" 200 7869 "http://www.beanrocket.com/dating/" "Mozilla/4.0 (compatible; MSIE 5.01; Windows 98)"
81.23.190.18 - - [15/Jun/2009:23:27:22 +0200] "GET / HTTP/1.1" 200 7869 "http://www.beanrocket.com/dating/" "Mozilla/4.0 (compatible; MSIE 5.01; Windows 98)"
81.23.190.18 - - [15/Jun/2009:23:27:22 +0200] "GET / HTTP/1.1" 200 7869 "http://www.beanrocket.com/dating/" "Mozilla/4.0 (compatible; MSIE 5.01; Windows 98)"
81.23.190.18 - - [15/Jun/2009:23:27:22 +0200] "GET / HTTP/1.1" 200 7869 "http://www.beanrocket.com/dating/" "Mozilla/4.0 (compatible; MSIE 5.01; Windows 98)"
216.129.119.49 - - [16/Jun/2009:00:11:52 +0200] "GET /news.html HTTP/1.0" 404 2748 "-" "Mozilla/5.0 (Twiceler-0.9 http://www.cuil.com/twiceler/robot.html)"
65.55.106.114 - - [16/Jun/2009:00:14:26 +0200] "GET /robots.txt HTTP/1.1" 200 64 "-" "msnbot/2.0b (+http://search.msn.com/msnbot.htm)"
74.6.18.241 - - [16/Jun/2009:00:39:13 +0200] "GET /robots.txt HTTP/1.0" 200 64 "-" "Mozilla/5.0 (compatible; Yahoo! Slurp; http://help.yahoo.com/help/us/ysearch/slurp)"
74.6.18.241 - - [16/Jun/2009:00:39:13 +0200] "GET / HTTP/1.0" 200 7869 "-" "Mozilla/5.0 (compatible; Yahoo! Slurp/3.0; http://help.yahoo.com/help/us/ysearch/slurp)"
74.6.18.241 - - [16/Jun/2009:00:39:13 +0200] "GET /style/various-euro.css HTTP/1.0" 200 3437 "http://various-euro.com/" "Mozilla/5.0 (compatible; Yahoo! Slurp/3.0; http://help.yahoo.com/help/us/ysearch/slurp)"
201.86.71.12 - - [16/Jun/2009:00:48:41 +0200] "GET / HTTP/1.0" 200 7869 "http://www.chimehost.com" "Mozilla/4.0 (compatible; MSIE 5.5; Windows 98)"
201.0.202.189 - - [16/Jun/2009:00:48:41 +0200] "GET / HTTP/1.0" 200 7869 "http://www.chimehost.com/web_hosting/web_hosting_plan2.html" "Mozilla/4.0 (compatible; MSIE 5.5; Windows 98)"
72.14.199.8 - - [16/Jun/2009:00:50:09 +0200] "GET / HTTP/1.1" 302 353 "-" "Feedfetcher-Google; (+http://www.google.com/feedfetcher.html; 1 subscribers; feed-id=5454548576667470243)"
72.14.199.85 - - [16/Jun/2009:00:50:12 +0200] "GET /zampa/ HTTP/1.1" 200 7153 "-" "Feedfetcher-Google; (+http://www.google.com/feedfetcher.html; 1 subscribers; feed-id=5454548576667470243)"
