72.233.2.13 - - [13/Jun/2009:19:28:26 +0200] "GET /zampa/slike/udupetu.gif HTTP/1.1" 200 4138 "http://www.various-euro.com/zampa/" "Mozilla/5.0 (X11; U; Linux x86_64; en-us) AppleWebKit/525.1+ (KHTML, like Gecko, Safari/525.1+) pythumbnail.py"
72.233.2.13 - - [13/Jun/2009:19:28:26 +0200] "GET /zampa/slike/zampa.gif HTTP/1.1" 200 5310 "http://www.various-euro.com/zampa/" "Mozilla/5.0 (X11; U; Linux x86_64; en-us) AppleWebKit/525.1+ (KHTML, like Gecko, Safari/525.1+) pythumbnail.py"
72.233.2.13 - - [13/Jun/2009:19:28:26 +0200] "GET /zampa/slike/inthearse.gif HTTP/1.1" 200 4077 "http://www.various-euro.com/zampa/" "Mozilla/5.0 (X11; U; Linux x86_64; en-us) AppleWebKit/525.1+ (KHTML, like Gecko, Safari/525.1+) pythumbnail.py"
79.101.174.80 - - [13/Jun/2009:19:28:27 +0200] "GET / HTTP/1.1" 302 353 "http://racionalnamitomanija.wordpress.com/" "Mozilla/5.0 (Windows; U; Windows NT 5.1; en-US; rv:1.9.0.11) Gecko/2009060215 Firefox/3.0.11"
79.101.174.80 - - [13/Jun/2009:19:28:27 +0200] "GET /zampa/ HTTP/1.1" 200 7153 "http://racionalnamitomanija.wordpress.com/" "Mozilla/5.0 (Windows; U; Windows NT 5.1; en-US; rv:1.9.0.11) Gecko/2009060215 Firefox/3.0.11"
202.160.180.118 - - [13/Jun/2009:19:28:27 +0200] "GET / HTTP/1.0" 200 7869 "-" "Mozilla/5.0 (compatible; Yahoo! Slurp China; http://misc.yahoo.com.cn/help.html)"
193.252.149.16 - - [13/Jun/2009:19:53:33 +0200] "GET /DgH/rampe/index.html HTTP/1.1" 200 2056 "-" "Mozilla/5.0 (Windows; U; Windows NT 5.1; fr; rv:1.8.1) VoilaBot BETA 1.2 (support.voilabot@orange-ftgroup.com)"
123.125.64.38 - - [13/Jun/2009:20:14:33 +0200] "GET / HTTP/1.1" 200 7869 "-" "Baiduspider+(+http://www.baidu.com/search/spider.htm)"
72.14.199.8 - - [13/Jun/2009:20:37:31 +0200] "GET / HTTP/1.1" 302 353 "-" "Feedfetcher-Google; (+http://www.google.com/feedfetcher.html; 1 subscribers; feed-id=5454548576667470243)"
72.14.199.85 - - [13/Jun/2009:20:37:32 +0200] "GET /zampa/ HTTP/1.1" 200 7153 "-" "Feedfetcher-Google; (+http://www.google.com/feedfetcher.html; 1 subscribers; feed-id=5454548576667470243)"
66.235.124.132 - - [13/Jun/2009:20:44:45 +0200] "GET /robots.txt HTTP/1.1" 200 64 "-" "-"
66.235.124.132 - - [13/Jun/2009:20:44:45 +0200] "GET /f-world.html HTTP/1.1" 200 35590 "-" "Mozilla/5.0 (X11; U; Linux i686; en-US; rv:1.9a1) Gecko/20070308 Minefield/3.0a1"
66.235.124.132 - - [13/Jun/2009:20:44:54 +0200] "GET /framez-world.html HTTP/1.1" 200 4325 "http://www.various-euro.com/f-world.html" "Mozilla/5.0 (X11; U; Linux i686; en-US; rv:1.9a1) Gecko/20070308 Minefield/3.0a1"
66.235.124.132 - - [13/Jun/2009:20:44:55 +0200] "GET /f-world.html HTTP/1.1" 200 35590 "http://www.various-euro.com/framez-world.html" "Mozilla/5.0 (X11; U; Linux i686; en-US; rv:1.9a1) Gecko/20070308 Minefield/3.0a1"
66.235.124.132 - - [13/Jun/2009:20:44:55 +0200] "GET /frame-menu.html HTTP/1.1" 200 10500 "http://www.various-euro.com/framez-world.html" "Mozilla/5.0 (X11; U; Linux i686; en-US; rv:1.9a1) Gecko/20070308 Minefield/3.0a1"
66.235.124.132 - - [13/Jun/2009:20:44:55 +0200] "GET /frame-unten.html HTTP/1.1" 200 5308 "http://www.various-euro.com/framez-world.html" "Mozilla/5.0 (X11; U; Linux i686; en-US; rv:1.9a1) Gecko/20070308 Minefield/3.0a1"
66.235.124.132 - - [13/Jun/2009:20:44:55 +0200] "GET /style/various-euro.css HTTP/1.1" 200 3437 "http://www.various-euro.com/frame-menu.html" "Mozilla/5.0 (X11; U; Linux i686; en-US; rv:1.9a1) Gecko/20070308 Minefield/3.0a1"
66.235.124.132 - - [13/Jun/2009:20:44:55 +0200] "GET /bannerz/ve.jpg HTTP/1.1" 200 36912 "http://www.various-euro.com/frame-unten.html" "Mozilla/5.0 (X11; U; Linux i686; en-US; rv:1.9a1) Gecko/20070308 Minefield/3.0a1"
66.235.124.132 - - [13/Jun/2009:20:44:55 +0200] "GET /bannerz/various-euro-girl.jpg HTTP/1.1" 200 91514 "http://www.various-euro.com/frame-unten.html" "Mozilla/5.0 (X11; U; Linux i686; en-US; rv:1.9a1) Gecko/20070308 Minefield/3.0a1"
189.216.214.230 - - [13/Jun/2009:21:11:17 +0200] "POST /cgi-bin/newsletter/newsletter.cgi HTTP/1.1" 404 2748 "http://www.various-euro.com/cgi-bin/newsletter/newsletter.cgi" "Mozilla/4.0 (compatible; MSIE 6.0; Windows NT 5.1)"
206.207.117.161 - - [13/Jun/2009:21:25:00 +0200] "GET / HTTP/1.1" 200 7869 "-" "Mozilla/4.0 (compatible; MSIE 6.0; Windows NT 5.0; DigExt)"
65.55.107.181 - - [13/Jun/2009:21:27:34 +0200] "GET /robots.txt HTTP/1.1" 302 363 "-" "msnbot/2.0b (+http://search.msn.com/msnbot.htm)"
65.55.107.181 - - [13/Jun/2009:21:27:34 +0200] "GET /zampa/robots.txt HTTP/1.1" 404 2748 "-" "msnbot/2.0b (+http://search.msn.com/msnbot.htm)"
72.30.79.93 - - [13/Jun/2009:21:45:17 +0200] "GET /robots.txt HTTP/1.0" 200 64 "-" "Mozilla/5.0 (compatible; Yahoo! Slurp; http://help.yahoo.com/help/us/ysearch/slurp)"
72.30.79.93 - - [13/Jun/2009:21:45:18 +0200] "GET /framez_0.html HTTP/1.0" 200 12285 "-" "Mozilla/5.0 (compatible; Yahoo! Slurp/3.0; http://help.yahoo.com/help/us/ysearch/slurp)"
128.36.231.4 - - [13/Jun/2009:22:00:00 +0200] "GET / HTTP/1.1" 200 7869 "-" "Python-urllib/2.5"
65.55.211.158 - - [13/Jun/2009:22:07:02 +0200] "GET /robots.txt HTTP/1.1" 200 64 "-" "msnbot/1.1 (+http://search.msn.com/msnbot.htm)"
65.55.211.158 - - [13/Jun/2009:22:07:05 +0200] "GET /logs/ HTTP/1.1" 200 11511 "-" "msnbot/1.1 (+http://search.msn.com/msnbot.htm)"
65.55.106.212 - - [13/Jun/2009:22:31:37 +0200] "GET /robots.txt HTTP/1.1" 200 64 "-" "msnbot/2.0b (+http://search.msn.com/msnbot.htm)"
76.91.222.21 - - [13/Jun/2009:22:37:43 +0200] "GET / HTTP/1.1" 200 7869 "http://www.randomwebsite.com/" "Mozilla/5.0 (Windows; U; Windows NT 5.1; en-US; rv:1.9.0.11) Gecko/2009060215 Firefox/3.0.11"
76.91.222.21 - - [13/Jun/2009:22:37:43 +0200] "GET /style/various-euro.css HTTP/1.1" 200 3437 "http://www.various-euro.com/" "Mozilla/5.0 (Windows; U; Windows NT 5.1; en-US; rv:1.9.0.11) Gecko/2009060215 Firefox/3.0.11"
76.91.222.21 - - [13/Jun/2009:22:37:43 +0200] "GET /ve-icon-2.ico HTTP/1.1" 200 2238 "-" "Mozilla/5.0 (Windows; U; Windows NT 5.1; en-US; rv:1.9.0.11) Gecko/2009060215 Firefox/3.0.11"
76.91.222.21 - - [13/Jun/2009:22:37:44 +0200] "GET /framez_0.html HTTP/1.1" 200 12285 "http://www.various-euro.com/" "Mozilla/5.0 (Windows; U; Windows NT 5.1; en-US; rv:1.9.0.11) Gecko/2009060215 Firefox/3.0.11"
76.91.222.21 - - [13/Jun/2009:22:37:46 +0200] "GET /framez.html HTTP/1.1" 200 3959 "http://www.various-euro.com/framez_0.html" "Mozilla/5.0 (Windows; U; Windows NT 5.1; en-US; rv:1.9.0.11) Gecko/2009060215 Firefox/3.0.11"
76.91.222.21 - - [13/Jun/2009:22:37:46 +0200] "GET /frame-menu.html HTTP/1.1" 200 10500 "http://www.various-euro.com/framez.html" "Mozilla/5.0 (Windows; U; Windows NT 5.1; en-US; rv:1.9.0.11) Gecko/2009060215 Firefox/3.0.11"
76.91.222.21 - - [13/Jun/2009:22:37:46 +0200] "GET /frame-inhalt.html HTTP/1.1" 200 7688 "http://www.various-euro.com/framez.html" "Mozilla/5.0 (Windows; U; Windows NT 5.1; en-US; rv:1.9.0.11) Gecko/2009060215 Firefox/3.0.11"
76.91.222.21 - - [13/Jun/2009:22:37:46 +0200] "GET /frame-unten.html HTTP/1.1" 200 5308 "http://www.various-euro.com/framez.html" "Mozilla/5.0 (Windows; U; Windows NT 5.1; en-US; rv:1.9.0.11) Gecko/2009060215 Firefox/3.0.11"
76.91.222.21 - - [13/Jun/2009:22:37:47 +0200] "GET /bannerz/neon_click_3.gif HTTP/1.1" 200 240 "http://www.various-euro.com/frame-inhalt.html" "Mozilla/5.0 (Windows; U; Windows NT 5.1; en-US; rv:1.9.0.11) Gecko/2009060215 Firefox/3.0.11"
76.91.222.21 - - [13/Jun/2009:22:37:48 +0200] "GET /bannerz/neon_click_2.gif HTTP/1.1" 200 387 "http://www.various-euro.com/frame-inhalt.html" "Mozilla/5.0 (Windows; U; Windows NT 5.1; en-US; rv:1.9.0.11) Gecko/2009060215 Firefox/3.0.11"
76.91.222.21 - - [13/Jun/2009:22:37:48 +0200] "GET /eurosign3.gif HTTP/1.1" 200 7879 "http://www.various-euro.com/frame-inhalt.html" "Mozilla/5.0 (Windows; U; Windows NT 5.1; en-US; rv:1.9.0.11) Gecko/2009060215 Firefox/3.0.11"
76.91.222.21 - - [13/Jun/2009:22:37:48 +0200] "GET /bannerz/neon_click_1.gif HTTP/1.1" 200 890 "http://www.various-euro.com/frame-inhalt.html" "Mozilla/5.0 (Windows; U; Windows NT 5.1; en-US; rv:1.9.0.11) Gecko/2009060215 Firefox/3.0.11"
76.91.222.21 - - [13/Jun/2009:22:37:48 +0200] "GET /bannerz/douwil.gif HTTP/1.1" 200 528 "http://www.various-euro.com/frame-inhalt.html" "Mozilla/5.0 (Windows; U; Windows NT 5.1; en-US; rv:1.9.0.11) Gecko/2009060215 Firefox/3.0.11"
76.91.222.21 - - [13/Jun/2009:22:37:48 +0200] "GET /bannerz/anti_black_small.gif HTTP/1.1" 200 1009 "http://www.various-euro.com/frame-inhalt.html" "Mozilla/5.0 (Windows; U; Windows NT 5.1; en-US; rv:1.9.0.11) Gecko/2009060215 Firefox/3.0.11"
76.91.222.21 - - [13/Jun/2009:22:37:47 +0200] "GET /bannerz/ve.jpg HTTP/1.1" 200 36912 "http://www.various-euro.com/frame-unten.html" "Mozilla/5.0 (Windows; U; Windows NT 5.1; en-US; rv:1.9.0.11) Gecko/2009060215 Firefox/3.0.11"
76.91.222.21 - - [13/Jun/2009:22:37:47 +0200] "GET /bannerz/various-euro-girl.jpg HTTP/1.1" 200 91514 "http://www.various-euro.com/frame-unten.html" "Mozilla/5.0 (Windows; U; Windows NT 5.1; en-US; rv:1.9.0.11) Gecko/2009060215 Firefox/3.0.11"
76.91.222.21 - - [13/Jun/2009:22:37:48 +0200] "GET /bannerz/wet.gif HTTP/1.1" 200 18561 "http://www.various-euro.com/frame-inhalt.html" "Mozilla/5.0 (Windows; U; Windows NT 5.1; en-US; rv:1.9.0.11) Gecko/2009060215 Firefox/3.0.11"
76.91.222.21 - - [13/Jun/2009:22:37:48 +0200] "GET /bannerz/copyleft_black_small.gif HTTP/1.1" 200 1231 "http://www.various-euro.com/frame-inhalt.html" "Mozilla/5.0 (Windows; U; Windows NT 5.1; en-US; rv:1.9.0.11) Gecko/2009060215 Firefox/3.0.11"
76.91.222.21 - - [13/Jun/2009:22:37:48 +0200] "GET /bannerz/google/Logo_40blk.gif HTTP/1.1" 200 2308 "http://www.various-euro.com/frame-inhalt.html" "Mozilla/5.0 (Windows; U; Windows NT 5.1; en-US; rv:1.9.0.11) Gecko/2009060215 Firefox/3.0.11"
83.133.125.202 - - [13/Jun/2009:22:39:43 +0200] "GET / HTTP/1.0" 200 7869 "-" "-"
83.133.125.202 - - [13/Jun/2009:22:39:43 +0200] "GET / HTTP/1.0" 200 7869 "-" "-"
128.36.231.4 - - [13/Jun/2009:23:10:11 +0200] "GET / HTTP/1.1" 200 7869 "-" "Python-urllib/2.5"
209.59.217.224 - - [13/Jun/2009:23:13:05 +0200] "GET / HTTP/1.1" 200 7869 "-" "Mozilla/4.0 (compatible; MSIE 6.0; Windows NT 5.0; DigExt)"
65.55.51.70 - - [13/Jun/2009:23:24:58 +0200] "GET /robots.txt HTTP/1.1" 200 64 "-" "msnbot/2.0b (+http://search.msn.com/msnbot.htm)"
72.14.199.8 - - [13/Jun/2009:23:37:46 +0200] "GET / HTTP/1.1" 302 353 "-" "Feedfetcher-Google; (+http://www.google.com/feedfetcher.html; 1 subscribers; feed-id=5454548576667470243)"
72.14.199.85 - - [13/Jun/2009:23:37:47 +0200] "GET /zampa/ HTTP/1.1" 200 7153 "-" "Feedfetcher-Google; (+http://www.google.com/feedfetcher.html; 1 subscribers; feed-id=5454548576667470243)"
65.55.106.108 - - [13/Jun/2009:23:39:38 +0200] "GET /robots.txt HTTP/1.1" 200 64 "-" "msnbot/2.0b (+http://search.msn.com/msnbot.htm)"
81.52.143.34 - - [13/Jun/2009:23:53:21 +0200] "GET /neon/warning.html HTTP/1.1" 200 5134 "-" "Mozilla/5.0 (Windows; U; Windows NT 5.1; fr; rv:1.8.1) VoilaBot BETA 1.2 (support.voilabot@orange-ftgroup.com)"
189.216.214.230 - - [14/Jun/2009:00:41:31 +0200] "POST /cgi-bin/teensmail/newsletter.cgi HTTP/1.1" 404 2748 "http://www.various-euro.com/cgi-bin/teensmail/newsletter.cgi" "Mozilla/4.0 (compatible; MSIE 6.0; Windows NT 5.1)"
66.249.72.227 - - [14/Jun/2009:00:59:39 +0200] "GET /robots.txt HTTP/1.1" 200 64 "-" "Googlebot-Image/1.0"
79.101.174.80 - - [14/Jun/2009:01:02:57 +0200] "GET / HTTP/1.1" 302 353 "http://racionalnamitomanija.wordpress.com/" "Mozilla/5.0 (Windows; U; Windows NT 5.1; en-US; rv:1.9.0.11) Gecko/2009060215 Firefox/3.0.11"
79.101.174.80 - - [14/Jun/2009:01:03:00 +0200] "GET /zampa/ HTTP/1.1" 200 7153 "http://racionalnamitomanija.wordpress.com/" "Mozilla/5.0 (Windows; U; Windows NT 5.1; en-US; rv:1.9.0.11) Gecko/2009060215 Firefox/3.0.11"
79.101.174.80 - - [14/Jun/2009:01:03:02 +0200] "GET /zampa/slike/udupetu.gif HTTP/1.1" 200 4138 "http://www.various-euro.com/zampa/" "Mozilla/5.0 (Windows; U; Windows NT 5.1; en-US; rv:1.9.0.11) Gecko/2009060215 Firefox/3.0.11"
79.101.174.80 - - [14/Jun/2009:01:03:02 +0200] "GET /zampa/slike/inthearse.gif HTTP/1.1" 200 4077 "http://www.various-euro.com/zampa/" "Mozilla/5.0 (Windows; U; Windows NT 5.1; en-US; rv:1.9.0.11) Gecko/2009060215 Firefox/3.0.11"
79.101.174.80 - - [14/Jun/2009:01:03:02 +0200] "GET /zampa/slike/zampa.gif HTTP/1.1" 200 5310 "http://www.various-euro.com/zampa/" "Mozilla/5.0 (Windows; U; Windows NT 5.1; en-US; rv:1.9.0.11) Gecko/2009060215 Firefox/3.0.11"
79.101.174.80 - - [14/Jun/2009:01:03:06 +0200] "GET /favicon.ico HTTP/1.1" 404 2748 "-" "Mozilla/5.0 (Windows; U; Windows NT 5.1; en-US; rv:1.9.0.11) Gecko/2009060215 Firefox/3.0.11"
79.101.174.80 - - [14/Jun/2009:01:03:09 +0200] "GET /favicon.ico HTTP/1.1" 404 2748 "-" "Mozilla/5.0 (Windows; U; Windows NT 5.1; en-US; rv:1.9.0.11) Gecko/2009060215 Firefox/3.0.11"
65.55.107.182 - - [14/Jun/2009:01:15:08 +0200] "GET /robots.txt HTTP/1.1" 200 64 "-" "msnbot/2.0b (+http://search.msn.com/msnbot.htm)"
77.88.51.44 - - [14/Jun/2009:01:30:50 +0200] "GET / HTTP/1.1" 200 7869 "-" "Yandex/1.01.001 (compatible; Win16; H)"
77.88.51.44 - - [14/Jun/2009:01:30:50 +0200] "GET /robots.txt HTTP/1.1" 200 64 "-" "Yandex/1.01.001 (compatible; Win16; H)"
77.88.51.44 - - [14/Jun/2009:01:30:50 +0200] "GET / HTTP/1.1" 200 7869 "-" "Yandex/1.01.001 (compatible; Win16; H)"
77.88.51.44 - - [14/Jun/2009:01:30:50 +0200] "GET / HTTP/1.1" 200 7869 "-" "Yandex/1.01.001 (compatible; Win16; H)"
77.88.51.44 - - [14/Jun/2009:01:30:50 +0200] "GET /robots.txt HTTP/1.1" 200 64 "-" "Yandex/1.01.001 (compatible; Win16; H)"
77.88.51.44 - - [14/Jun/2009:01:30:50 +0200] "GET / HTTP/1.1" 200 7869 "-" "Yandex/1.01.001 (compatible; Win16; H)"
77.88.51.44 - - [14/Jun/2009:01:30:50 +0200] "GET /framez.html HTTP/1.1" 200 3959 "-" "Yandex/1.01.001 (compatible; Win16; H)"
77.88.51.44 - - [14/Jun/2009:01:30:50 +0200] "GET /framez.html HTTP/1.1" 200 3959 "-" "Yandex/1.01.001 (compatible; Win16; H)"
77.88.51.44 - - [14/Jun/2009:01:30:50 +0200] "GET /framez.html HTTP/1.1" 200 3959 "-" "Yandex/1.01.001 (compatible; Win16; H)"
77.88.51.44 - - [14/Jun/2009:01:30:51 +0200] "GET /framez.html HTTP/1.1" 200 3959 "-" "Yandex/1.01.001 (compatible; Win16; H)"
66.249.72.227 - - [14/Jun/2009:01:44:33 +0200] "GET / HTTP/1.1" 200 7869 "-" "Mozilla/5.0 (iPhone; U; CPU like Mac OS X; en) AppleWebKit/420+ (KHTML, like Gecko) Version/3.0 Mobile/1A543a Safari/419.3 (compatible; Googlebot-Mobile/2.1; +http://www.google.com/bot.html)"
65.55.51.115 - - [14/Jun/2009:01:59:17 +0200] "GET /robots.txt HTTP/1.1" 200 64 "-" "msnbot/2.0b (+http://search.msn.com/msnbot.htm)"
71.247.232.76 - - [14/Jun/2009:02:17:27 +0200] "GET / HTTP/1.1" 200 7869 "-" "Mozilla/5.0 (Windows; U; Windows NT 6.0; en-US; rv:1.9.0.11) Gecko/2009060215 Firefox/3.0.11 (.NET CLR 3.5.30729)"
71.247.232.76 - - [14/Jun/2009:02:17:27 +0200] "GET /favicon.ico HTTP/1.1" 404 2748 "-" "Mozilla/5.0 (Windows; U; Windows NT 6.0; en-US; rv:1.9.0.11) Gecko/2009060215 Firefox/3.0.11 (.NET CLR 3.5.30729)"
72.14.199.8 - - [14/Jun/2009:02:37:57 +0200] "GET / HTTP/1.1" 302 353 "-" "Feedfetcher-Google; (+http://www.google.com/feedfetcher.html; 1 subscribers; feed-id=5454548576667470243)"
72.14.199.85 - - [14/Jun/2009:02:38:00 +0200] "GET /zampa/ HTTP/1.1" 200 7153 "-" "Feedfetcher-Google; (+http://www.google.com/feedfetcher.html; 1 subscribers; feed-id=5454548576667470243)"
65.55.51.114 - - [14/Jun/2009:02:47:56 +0200] "GET /robots.txt HTTP/1.1" 200 64 "-" "msnbot/2.0b (+http://search.msn.com/msnbot.htm)"
65.55.211.172 - - [14/Jun/2009:03:05:40 +0200] "GET /robots.txt HTTP/1.1" 200 64 "-" "msnbot/1.1 (+http://search.msn.com/msnbot.htm)"
65.55.211.172 - - [14/Jun/2009:03:05:41 +0200] "GET /frame-inhalt.html HTTP/1.1" 200 7688 "-" "msnbot/1.1 (+http://search.msn.com/msnbot.htm)"
189.216.214.230 - - [14/Jun/2009:03:26:57 +0200] "POST /cgi-bin/subscribe/s.cgi HTTP/1.1" 404 2748 "http://www.various-euro.com/cgi-bin/subscribe/s.cgi" "Mozilla/4.0 (compatible; MSIE 6.0; Windows NT 5.1)"
65.55.106.179 - - [14/Jun/2009:03:29:40 +0200] "GET /robots.txt HTTP/1.1" 200 64 "-" "msnbot/2.0b (+http://search.msn.com/msnbot.htm)"
81.252.243.93 - - [14/Jun/2009:03:29:57 +0200] "GET /montenegro/slike/plakat.jpg HTTP/1.1" 302 380 "http://www.vnatrc.net/YAST/index_html" "Mozilla/5.0 (Windows; U; Windows NT 5.1; fr; rv:1.9.0.11) Gecko/2009060215 Firefox/3.0.11"
81.252.243.93 - - [14/Jun/2009:03:29:57 +0200] "GET /zampa/montenegro/slike/plakat.jpg HTTP/1.1" 200 47879 "http://www.vnatrc.net/YAST/index_html" "Mozilla/5.0 (Windows; U; Windows NT 5.1; fr; rv:1.9.0.11) Gecko/2009060215 Firefox/3.0.11"
65.55.106.179 - - [14/Jun/2009:03:35:58 +0200] "GET / HTTP/1.1" 200 7869 "-" "msnbot/2.0b (+http://search.msn.com/msnbot.htm)"
71.247.232.76 - - [14/Jun/2009:04:10:04 +0200] "GET / HTTP/1.1" 200 7869 "-" "Mozilla/5.0 (Windows; U; Windows NT 6.0; en-US; rv:1.9.0.11) Gecko/2009060215 Firefox/3.0.11 (.NET CLR 3.5.30729)"
71.247.232.76 - - [14/Jun/2009:04:10:05 +0200] "GET /favicon.ico HTTP/1.1" 404 2748 "-" "Mozilla/5.0 (Windows; U; Windows NT 6.0; en-US; rv:1.9.0.11) Gecko/2009060215 Firefox/3.0.11 (.NET CLR 3.5.30729)"
193.252.149.14 - - [14/Jun/2009:04:15:59 +0200] "GET /DgH/ HTTP/1.1" 200 5024 "-" "Mozilla/5.0 (Windows; U; Windows NT 5.1; fr; rv:1.8.1) VoilaBot BETA 1.2 (support.voilabot@orange-ftgroup.com)"
128.36.231.4 - - [14/Jun/2009:04:25:26 +0200] "GET / HTTP/1.1" 200 7869 "-" "Python-urllib/2.5"
65.55.106.241 - - [14/Jun/2009:04:27:36 +0200] "GET /robots.txt HTTP/1.1" 200 64 "-" "msnbot/2.0b (+http://search.msn.com/msnbot.htm)"
128.36.231.4 - - [14/Jun/2009:04:33:53 +0200] "GET / HTTP/1.1" 200 7869 "-" "Python-urllib/2.5"
213.239.237.21 - - [14/Jun/2009:05:23:15 +0200] "GET / HTTP/1.0" 200 7869 "-" "-"
72.30.79.93 - - [14/Jun/2009:05:27:56 +0200] "GET /zampa HTTP/1.0" 301 375 "-" "Mozilla/5.0 (compatible; Yahoo! Slurp/3.0; http://help.yahoo.com/help/us/ysearch/slurp)"
72.30.79.93 - - [14/Jun/2009:05:27:57 +0200] "GET /zampa/ HTTP/1.0" 200 7153 "-" "Mozilla/5.0 (compatible; Yahoo! Slurp/3.0; http://help.yahoo.com/help/us/ysearch/slurp)"
72.14.199.8 - - [14/Jun/2009:05:38:07 +0200] "GET / HTTP/1.1" 302 353 "-" "Feedfetcher-Google; (+http://www.google.com/feedfetcher.html; 1 subscribers; feed-id=5454548576667470243)"
72.14.199.85 - - [14/Jun/2009:05:38:08 +0200] "GET /zampa/ HTTP/1.1" 200 7153 "-" "Feedfetcher-Google; (+http://www.google.com/feedfetcher.html; 1 subscribers; feed-id=5454548576667470243)"
212.36.14.35 - - [14/Jun/2009:05:43:23 +0200] "GET /framez-rez.html HTTP/1.0" 200 4323 "http://www.google.com/search?q=braus+and++play++mp4&ie=utf-8&oe=utf-8&aq=t&rls=org.mozilla:en-US:official&client=firefox-a" "Mozilla/5.0 (Windows; U; Windows NT 6.0; en-US; rv:1.9.1b4) Gecko/20090423 Firefox/3.5b4"
212.50.25.129 - - [14/Jun/2009:05:43:24 +0200] "GET /ve-icon-2.ico HTTP/1.0" 200 2238 "-" "Mozilla/5.0 (Windows; U; Windows NT 6.0; en-US; rv:1.9.1b4) Gecko/20090423 Firefox/3.5b4"
212.50.25.129 - - [14/Jun/2009:05:43:24 +0200] "GET /frame-unten.html HTTP/1.0" 200 5308 "http://www.various-euro.com/framez-rez.html" "Mozilla/5.0 (Windows; U; Windows NT 6.0; en-US; rv:1.9.1b4) Gecko/20090423 Firefox/3.5b4"
212.50.25.129 - - [14/Jun/2009:05:43:24 +0200] "GET /frame-menu.html HTTP/1.0" 200 10500 "http://www.various-euro.com/framez-rez.html" "Mozilla/5.0 (Windows; U; Windows NT 6.0; en-US; rv:1.9.1b4) Gecko/20090423 Firefox/3.5b4"
212.50.25.129 - - [14/Jun/2009:05:43:24 +0200] "GET /f-rez.html HTTP/1.0" 200 9765 "http://www.various-euro.com/framez-rez.html" "Mozilla/5.0 (Windows; U; Windows NT 6.0; en-US; rv:1.9.1b4) Gecko/20090423 Firefox/3.5b4"
212.50.25.129 - - [14/Jun/2009:05:43:25 +0200] "GET /style/various-euro.css HTTP/1.0" 200 3437 "http://www.various-euro.com/frame-menu.html" "Mozilla/5.0 (Windows; U; Windows NT 6.0; en-US; rv:1.9.1b4) Gecko/20090423 Firefox/3.5b4"
212.50.25.129 - - [14/Jun/2009:05:43:25 +0200] "GET /rez/ma.jpg HTTP/1.0" 200 12893 "http://www.various-euro.com/f-rez.html" "Mozilla/5.0 (Windows; U; Windows NT 6.0; en-US; rv:1.9.1b4) Gecko/20090423 Firefox/3.5b4"
212.36.14.35 - - [14/Jun/2009:05:43:25 +0200] "GET /bannerz/ve.jpg HTTP/1.0" 200 36912 "http://www.various-euro.com/frame-unten.html" "Mozilla/5.0 (Windows; U; Windows NT 6.0; en-US; rv:1.9.1b4) Gecko/20090423 Firefox/3.5b4"
212.36.14.35 - - [14/Jun/2009:05:43:25 +0200] "GET /rez/mb.jpg HTTP/1.0" 200 12467 "http://www.various-euro.com/f-rez.html" "Mozilla/5.0 (Windows; U; Windows NT 6.0; en-US; rv:1.9.1b4) Gecko/20090423 Firefox/3.5b4"
212.36.14.35 - - [14/Jun/2009:05:43:25 +0200] "GET /rez/car.gif HTTP/1.0" 404 2748 "http://www.various-euro.com/f-rez.html" "Mozilla/5.0 (Windows; U; Windows NT 6.0; en-US; rv:1.9.1b4) Gecko/20090423 Firefox/3.5b4"
212.50.25.129 - - [14/Jun/2009:05:43:25 +0200] "GET /rez/tec.gif HTTP/1.0" 200 732 "http://www.various-euro.com/f-rez.html" "Mozilla/5.0 (Windows; U; Windows NT 6.0; en-US; rv:1.9.1b4) Gecko/20090423 Firefox/3.5b4"
212.36.14.35 - - [14/Jun/2009:05:43:25 +0200] "GET /bannerz/various-euro-girl.jpg HTTP/1.0" 200 91514 "http://www.various-euro.com/frame-unten.html" "Mozilla/5.0 (Windows; U; Windows NT 6.0; en-US; rv:1.9.1b4) Gecko/20090423 Firefox/3.5b4"
212.36.14.35 - - [14/Jun/2009:05:44:13 +0200] "GET /framez-rez.html HTTP/1.0" 200 4323 "-" "Mozilla/5.0 (Windows; U; Windows NT 6.0; en-US; rv:1.9.1b4) Gecko/20090423 Firefox/3.5b4"
212.50.25.129 - - [14/Jun/2009:05:44:13 +0200] "GET /frame-menu.html HTTP/1.0" 200 10500 "http://www.various-euro.com/framez-rez.html" "Mozilla/5.0 (Windows; U; Windows NT 6.0; en-US; rv:1.9.1b4) Gecko/20090423 Firefox/3.5b4"
212.50.25.129 - - [14/Jun/2009:05:44:13 +0200] "GET /frame-unten.html HTTP/1.0" 200 5308 "http://www.various-euro.com/framez-rez.html" "Mozilla/5.0 (Windows; U; Windows NT 6.0; en-US; rv:1.9.1b4) Gecko/20090423 Firefox/3.5b4"
212.50.25.129 - - [14/Jun/2009:05:44:13 +0200] "GET /f-rez.html HTTP/1.0" 200 9765 "http://www.various-euro.com/framez-rez.html" "Mozilla/5.0 (Windows; U; Windows NT 6.0; en-US; rv:1.9.1b4) Gecko/20090423 Firefox/3.5b4"
81.52.143.32 - - [14/Jun/2009:06:03:11 +0200] "GET /schubb/schubb-2.html HTTP/1.1" 200 16660 "-" "Mozilla/5.0 (Windows; U; Windows NT 5.1; fr; rv:1.8.1) VoilaBot BETA 1.2 (support.voilabot@orange-ftgroup.com)"
72.30.87.117 - - [14/Jun/2009:06:17:41 +0200] "GET /robots.txt HTTP/1.0" 200 64 "-" "Mozilla/5.0 (compatible; Yahoo! Slurp; http://help.yahoo.com/help/us/ysearch/slurp)"
72.30.87.117 - - [14/Jun/2009:06:17:45 +0200] "GET /frame-unten.html HTTP/1.0" 200 5308 "-" "Mozilla/5.0 (compatible; Yahoo! Slurp/3.0; http://help.yahoo.com/help/us/ysearch/slurp)"
65.55.106.131 - - [14/Jun/2009:06:22:13 +0200] "GET /robots.txt HTTP/1.1" 200 64 "-" "msnbot/2.0b (+http://search.msn.com/msnbot.htm)"
72.30.79.93 - - [14/Jun/2009:06:27:23 +0200] "GET /neon/click.html HTTP/1.0" 200 521 "-" "Mozilla/5.0 (compatible; Yahoo! Slurp/3.0; http://help.yahoo.com/help/us/ysearch/slurp)"
65.55.51.115 - - [14/Jun/2009:06:46:13 +0200] "GET /robots.txt HTTP/1.1" 200 64 "-" "msnbot/2.0b (+http://search.msn.com/msnbot.htm)"
193.252.149.16 - - [14/Jun/2009:07:13:56 +0200] "GET /neon/girl-tv.html HTTP/1.1" 200 1717 "-" "Mozilla/5.0 (Windows; U; Windows NT 5.1; fr; rv:1.8.1) VoilaBot BETA 1.2 (support.voilabot@orange-ftgroup.com)"
65.55.51.115 - - [14/Jun/2009:07:42:07 +0200] "GET /robots.txt HTTP/1.1" 200 64 "-" "msnbot/2.0b (+http://search.msn.com/msnbot.htm)"
65.55.230.248 - - [14/Jun/2009:08:14:38 +0200] "GET /robots.txt HTTP/1.1" 200 64 "-" "msnbot-media/1.1 (+http://search.msn.com/msnbot.htm)"
65.55.230.248 - - [14/Jun/2009:08:14:38 +0200] "GET /framez-rez.html HTTP/1.1" 200 4323 "-" "msnbot-media/1.1 (+http://search.msn.com/msnbot.htm)"
65.55.106.131 - - [14/Jun/2009:08:31:05 +0200] "GET /robots.txt HTTP/1.1" 200 64 "-" "msnbot/2.0b (+http://search.msn.com/msnbot.htm)"
72.30.79.93 - - [14/Jun/2009:08:34:41 +0200] "GET /robots.txt HTTP/1.0" 200 64 "-" "Mozilla/5.0 (compatible; Yahoo! Slurp; http://help.yahoo.com/help/us/ysearch/slurp)"
72.30.79.93 - - [14/Jun/2009:08:34:41 +0200] "GET /f-net.html HTTP/1.0" 200 9913 "-" "Mozilla/5.0 (compatible; Yahoo! Slurp/3.0; http://help.yahoo.com/help/us/ysearch/slurp)"
72.14.199.8 - - [14/Jun/2009:08:38:17 +0200] "GET / HTTP/1.1" 302 353 "-" "Feedfetcher-Google; (+http://www.google.com/feedfetcher.html; 1 subscribers; feed-id=5454548576667470243)"
72.14.199.85 - - [14/Jun/2009:08:38:18 +0200] "GET /zampa/ HTTP/1.1" 200 7153 "-" "Feedfetcher-Google; (+http://www.google.com/feedfetcher.html; 1 subscribers; feed-id=5454548576667470243)"
81.52.143.16 - - [14/Jun/2009:08:48:42 +0200] "GET /bmpp/18_x.html HTTP/1.1" 200 1100 "-" "Mozilla/5.0 (Windows; U; Windows NT 5.1; fr; rv:1.8.1) VoilaBot BETA 1.2 (support.voilabot@orange-ftgroup.com)"
38.99.13.116 - - [14/Jun/2009:08:58:13 +0200] "GET /robots.txt HTTP/1.0" 302 363 "-" "Mozilla/5.0 (Twiceler-0.9 http://www.cuil.com/twiceler/robot.html)"
65.55.106.210 - - [14/Jun/2009:09:08:15 +0200] "GET /robots.txt HTTP/1.1" 302 363 "-" "msnbot/2.0b (+http://search.msn.com/msnbot.htm)"
65.55.106.210 - - [14/Jun/2009:09:08:15 +0200] "GET /zampa/robots.txt HTTP/1.1" 404 2748 "-" "msnbot/2.0b (+http://search.msn.com/msnbot.htm)"
91.8.32.63 - - [14/Jun/2009:09:13:42 +0200] "GET /f-rez.html HTTP/1.1" 200 9765 "http://www.google.de/search?client=firefox-a&rls=org.mozilla%3Ade%3Aofficial&channel=s&hl=de&q=euro+sweet&meta=&btnG=Google-Suche" "Mozilla/5.0 (Windows; U; Windows NT 5.1; de; rv:1.9.0.11) Gecko/2009060215 Firefox/3.0.11"
91.8.32.63 - - [14/Jun/2009:09:13:42 +0200] "GET /ve-icon-2.ico HTTP/1.1" 200 2238 "-" "Mozilla/5.0 (Windows; U; Windows NT 5.1; de; rv:1.9.0.11) Gecko/2009060215 Firefox/3.0.11"
91.8.32.63 - - [14/Jun/2009:09:13:42 +0200] "GET /rez/car.gif HTTP/1.1" 404 2748 "http://www.various-euro.com/f-rez.html" "Mozilla/5.0 (Windows; U; Windows NT 5.1; de; rv:1.9.0.11) Gecko/2009060215 Firefox/3.0.11"
91.8.32.63 - - [14/Jun/2009:09:13:42 +0200] "GET /rez/tec.gif HTTP/1.1" 200 732 "http://www.various-euro.com/f-rez.html" "Mozilla/5.0 (Windows; U; Windows NT 5.1; de; rv:1.9.0.11) Gecko/2009060215 Firefox/3.0.11"
91.8.32.63 - - [14/Jun/2009:09:13:42 +0200] "GET /rez/mb.jpg HTTP/1.1" 200 12467 "http://www.various-euro.com/f-rez.html" "Mozilla/5.0 (Windows; U; Windows NT 5.1; de; rv:1.9.0.11) Gecko/2009060215 Firefox/3.0.11"
91.8.32.63 - - [14/Jun/2009:09:13:42 +0200] "GET /rez/ma.jpg HTTP/1.1" 200 12893 "http://www.various-euro.com/f-rez.html" "Mozilla/5.0 (Windows; U; Windows NT 5.1; de; rv:1.9.0.11) Gecko/2009060215 Firefox/3.0.11"
91.8.32.63 - - [14/Jun/2009:09:13:43 +0200] "GET /framez-rez.html HTTP/1.1" 200 4323 "http://www.various-euro.com/f-rez.html" "Mozilla/5.0 (Windows; U; Windows NT 5.1; de; rv:1.9.0.11) Gecko/2009060215 Firefox/3.0.11"
91.8.32.63 - - [14/Jun/2009:09:13:43 +0200] "GET /f-rez.html HTTP/1.1" 200 9765 "http://www.various-euro.com/framez-rez.html" "Mozilla/5.0 (Windows; U; Windows NT 5.1; de; rv:1.9.0.11) Gecko/2009060215 Firefox/3.0.11"
91.8.32.63 - - [14/Jun/2009:09:13:43 +0200] "GET /frame-unten.html HTTP/1.1" 200 5308 "http://www.various-euro.com/framez-rez.html" "Mozilla/5.0 (Windows; U; Windows NT 5.1; de; rv:1.9.0.11) Gecko/2009060215 Firefox/3.0.11"
91.8.32.63 - - [14/Jun/2009:09:13:43 +0200] "GET /frame-menu.html HTTP/1.1" 200 10500 "http://www.various-euro.com/framez-rez.html" "Mozilla/5.0 (Windows; U; Windows NT 5.1; de; rv:1.9.0.11) Gecko/2009060215 Firefox/3.0.11"
91.8.32.63 - - [14/Jun/2009:09:13:43 +0200] "GET /rez/car.gif HTTP/1.1" 404 2748 "http://www.various-euro.com/f-rez.html" "Mozilla/5.0 (Windows; U; Windows NT 5.1; de; rv:1.9.0.11) Gecko/2009060215 Firefox/3.0.11"
91.8.32.63 - - [14/Jun/2009:09:13:43 +0200] "GET /style/various-euro.css HTTP/1.1" 200 3437 "http://www.various-euro.com/frame-menu.html" "Mozilla/5.0 (Windows; U; Windows NT 5.1; de; rv:1.9.0.11) Gecko/2009060215 Firefox/3.0.11"
91.8.32.63 - - [14/Jun/2009:09:13:43 +0200] "GET /bannerz/ve.jpg HTTP/1.1" 200 36912 "http://www.various-euro.com/frame-unten.html" "Mozilla/5.0 (Windows; U; Windows NT 5.1; de; rv:1.9.0.11) Gecko/2009060215 Firefox/3.0.11"
91.8.32.63 - - [14/Jun/2009:09:13:43 +0200] "GET /bannerz/various-euro-girl.jpg HTTP/1.1" 200 91514 "http://www.various-euro.com/frame-unten.html" "Mozilla/5.0 (Windows; U; Windows NT 5.1; de; rv:1.9.0.11) Gecko/2009060215 Firefox/3.0.11"
91.8.32.63 - - [14/Jun/2009:09:13:52 +0200] "GET /f-rez.html HTTP/1.1" 200 9765 "http://www.google.de/search?client=firefox-a&rls=org.mozilla%3Ade%3Aofficial&channel=s&hl=de&q=euro+sweet&meta=&btnG=Google-Suche" "Mozilla/5.0 (Windows; U; Windows NT 5.1; de; rv:1.9.0.11) Gecko/2009060215 Firefox/3.0.11"
91.8.32.63 - - [14/Jun/2009:09:13:52 +0200] "GET /rez/car.gif HTTP/1.1" 404 2748 "http://www.various-euro.com/f-rez.html" "Mozilla/5.0 (Windows; U; Windows NT 5.1; de; rv:1.9.0.11) Gecko/2009060215 Firefox/3.0.11"
91.8.32.63 - - [14/Jun/2009:09:13:52 +0200] "GET /framez-rez.html HTTP/1.1" 200 4323 "http://www.various-euro.com/f-rez.html" "Mozilla/5.0 (Windows; U; Windows NT 5.1; de; rv:1.9.0.11) Gecko/2009060215 Firefox/3.0.11"
91.8.32.63 - - [14/Jun/2009:09:13:52 +0200] "GET /f-rez.html HTTP/1.1" 200 9765 "http://www.various-euro.com/framez-rez.html" "Mozilla/5.0 (Windows; U; Windows NT 5.1; de; rv:1.9.0.11) Gecko/2009060215 Firefox/3.0.11"
91.8.32.63 - - [14/Jun/2009:09:13:52 +0200] "GET /frame-unten.html HTTP/1.1" 200 5308 "http://www.various-euro.com/framez-rez.html" "Mozilla/5.0 (Windows; U; Windows NT 5.1; de; rv:1.9.0.11) Gecko/2009060215 Firefox/3.0.11"
91.8.32.63 - - [14/Jun/2009:09:13:52 +0200] "GET /frame-menu.html HTTP/1.1" 200 10500 "http://www.various-euro.com/framez-rez.html" "Mozilla/5.0 (Windows; U; Windows NT 5.1; de; rv:1.9.0.11) Gecko/2009060215 Firefox/3.0.11"
91.8.32.63 - - [14/Jun/2009:09:13:52 +0200] "GET /rez/car.gif HTTP/1.1" 404 2748 "http://www.various-euro.com/f-rez.html" "Mozilla/5.0 (Windows; U; Windows NT 5.1; de; rv:1.9.0.11) Gecko/2009060215 Firefox/3.0.11"
65.55.106.145 - - [14/Jun/2009:09:45:09 +0200] "GET /robots.txt HTTP/1.1" 200 64 "-" "msnbot/2.0b (+http://search.msn.com/msnbot.htm)"
71.237.185.37 - - [14/Jun/2009:09:56:32 +0200] "GET / HTTP/1.1" 200 7869 "http://www.randomwebsite.com/" "Mozilla/5.0 (Windows; U; Windows NT 6.0; en-US; rv:1.9.0.11) Gecko/2009060215 Firefox/3.0.11"
71.237.185.37 - - [14/Jun/2009:09:56:33 +0200] "GET /style/various-euro.css HTTP/1.1" 200 3437 "http://www.various-euro.com/" "Mozilla/5.0 (Windows; U; Windows NT 6.0; en-US; rv:1.9.0.11) Gecko/2009060215 Firefox/3.0.11"
71.237.185.37 - - [14/Jun/2009:09:56:33 +0200] "GET /ve-icon-2.ico HTTP/1.1" 200 2238 "-" "Mozilla/5.0 (Windows; U; Windows NT 6.0; en-US; rv:1.9.0.11) Gecko/2009060215 Firefox/3.0.11"
71.237.185.37 - - [14/Jun/2009:09:56:34 +0200] "GET /ve-icon-2.ico HTTP/1.1" 200 2238 "-" "Mozilla/5.0 (Windows; U; Windows NT 6.0; en-US; rv:1.9.0.11) Gecko/2009060215 Firefox/3.0.11"
65.55.230.243 - - [14/Jun/2009:10:08:17 +0200] "GET /robots.txt HTTP/1.1" 200 64 "-" "msnbot-media/1.1 (+http://search.msn.com/msnbot.htm)"
65.55.230.243 - - [14/Jun/2009:10:08:17 +0200] "GET /framez.html HTTP/1.1" 200 3959 "-" "msnbot-media/1.1 (+http://search.msn.com/msnbot.htm)"
216.129.119.49 - - [14/Jun/2009:10:32:24 +0200] "GET /robots.txt HTTP/1.0" 200 64 "-" "Mozilla/5.0 (Twiceler-0.9 http://www.cuil.com/twiceler/robot.html)"
65.55.211.159 - - [14/Jun/2009:10:53:33 +0200] "GET /robots.txt HTTP/1.1" 200 64 "-" "msnbot/1.1 (+http://search.msn.com/msnbot.htm)"
65.55.211.159 - - [14/Jun/2009:10:53:35 +0200] "GET /logs/usage_200709.html HTTP/1.1" 404 2748 "-" "msnbot/1.1 (+http://search.msn.com/msnbot.htm)"
66.235.124.7 - - [14/Jun/2009:11:14:51 +0200] "GET /robots.txt HTTP/1.1" 200 64 "-" "Mozilla/5.0 (compatible; Ask Jeeves/Teoma; +http://about.ask.com/en/docs/about/webmasters.shtml)"
66.235.124.7 - - [14/Jun/2009:11:15:06 +0200] "GET /restate_copy.html HTTP/1.1" 200 97631 "-" "Mozilla/5.0 (compatible; Ask Jeeves/Teoma; +http://about.ask.com/en/docs/about/webmasters.shtml)"
66.235.124.7 - - [14/Jun/2009:11:15:07 +0200] "GET /menueleiste.js HTTP/1.1" 404 2748 "-" "Mozilla/5.0 (compatible; Ask Jeeves/Teoma; +http://about.ask.com/en/docs/about/webmasters.shtml)"
208.80.195.39 - - [14/Jun/2009:11:15:24 +0200] "GET / HTTP/1.0" 200 7869 "-" "Mozilla/4.0 (compatible; MSIE 7.0; Windows NT 5.1; {F0BAA787-0975-14CD-0528-ACED60B84A8A})"
208.80.195.39 - - [14/Jun/2009:11:15:24 +0200] "GET / HTTP/1.0" 200 7869 "-" "Mozilla/4.0 (compatible; MSIE 6.0; Windows NT 5.1; SV1; FunWebProducts; .NET CLR 1.0.3705; Media Center PC 3.1; .NET CLR 1.1.4322; ZangoToolbar 4.8.3)"
66.249.72.227 - - [14/Jun/2009:11:22:04 +0200] "GET /bmpp/euro_pal_111.html HTTP/1.1" 200 2129 "-" "Mozilla/5.0 (compatible; Googlebot/2.1; +http://www.google.com/bot.html)"
72.14.199.8 - - [14/Jun/2009:11:38:28 +0200] "GET / HTTP/1.1" 302 353 "-" "Feedfetcher-Google; (+http://www.google.com/feedfetcher.html; 1 subscribers; feed-id=5454548576667470243)"
72.14.199.85 - - [14/Jun/2009:11:38:29 +0200] "GET /zampa/ HTTP/1.1" 200 7153 "-" "Feedfetcher-Google; (+http://www.google.com/feedfetcher.html; 1 subscribers; feed-id=5454548576667470243)"
212.235.92.202 - - [14/Jun/2009:11:46:27 +0200] "GET /framez-schubb5.html HTTP/1.0" 200 4330 "http://www.various-euro.com/framez-schubb5.html" "Opera/9.00 (Windows NT 5.1; U; ru)"
212.235.92.202 - - [14/Jun/2009:11:46:27 +0200] "GET /frame-menu.html HTTP/1.0" 200 10500 "http://www.various-euro.com/frame-menu.html" "Opera/9.00 (Windows NT 5.1; U; ru)"
212.235.92.202 - - [14/Jun/2009:11:46:28 +0200] "GET /schubb/schubb-5.html HTTP/1.0" 200 72944 "http://www.various-euro.com/schubb/schubb-5.html" "Opera/9.00 (Windows NT 5.1; U; ru)"
212.235.92.202 - - [14/Jun/2009:11:46:29 +0200] "GET /frame-unten.html HTTP/1.0" 200 5308 "http://www.various-euro.com/frame-unten.html" "Opera/9.00 (Windows NT 5.1; U; ru)"
72.30.79.93 - - [14/Jun/2009:11:58:35 +0200] "GET /framez.html HTTP/1.0" 200 3959 "-" "Mozilla/5.0 (compatible; Yahoo! Slurp/3.0; http://help.yahoo.com/help/us/ysearch/slurp)"
72.30.79.93 - - [14/Jun/2009:11:58:35 +0200] "GET /style/various-euro.css HTTP/1.0" 304 - "http://www.various-euro.com/framez.html" "Mozilla/5.0 (compatible; Yahoo! Slurp/3.0; http://help.yahoo.com/help/us/ysearch/slurp)"
72.30.79.93 - - [14/Jun/2009:11:58:35 +0200] "GET /frame-menu.html HTTP/1.0" 200 10500 "http://www.various-euro.com/framez.html" "Mozilla/5.0 (compatible; Yahoo! Slurp/3.0; http://help.yahoo.com/help/us/ysearch/slurp)"
72.30.79.93 - - [14/Jun/2009:11:58:35 +0200] "GET /frame-unten.html HTTP/1.0" 200 5308 "http://www.various-euro.com/framez.html" "Mozilla/5.0 (compatible; Yahoo! Slurp/3.0; http://help.yahoo.com/help/us/ysearch/slurp)"
72.30.79.93 - - [14/Jun/2009:11:58:35 +0200] "GET /frame-inhalt.html HTTP/1.0" 200 7688 "http://www.various-euro.com/framez.html" "Mozilla/5.0 (compatible; Yahoo! Slurp/3.0; http://help.yahoo.com/help/us/ysearch/slurp)"
38.99.44.105 - - [14/Jun/2009:11:59:52 +0200] "GET /robots.txt HTTP/1.0" 200 64 "-" "Mozilla/5.0 (Twiceler-0.9 http://www.cuil.com/twiceler/robot.html)"
66.249.72.227 - - [14/Jun/2009:12:06:08 +0200] "GET /logs/usage_200906.html HTTP/1.1" 404 2748 "-" "Mozilla/5.0 (compatible; Googlebot/2.1; +http://www.google.com/bot.html)"
65.55.106.180 - - [14/Jun/2009:12:47:36 +0200] "GET /robots.txt HTTP/1.1" 200 64 "-" "msnbot/2.0b (+http://search.msn.com/msnbot.htm)"
71.247.232.76 - - [14/Jun/2009:13:07:03 +0200] "GET / HTTP/1.1" 200 7869 "-" "Mozilla/5.0 (Windows; U; Windows NT 6.0; en-US; rv:1.9.0.11) Gecko/2009060215 Firefox/3.0.11 (.NET CLR 3.5.30729)"
71.247.232.76 - - [14/Jun/2009:13:07:04 +0200] "GET /favicon.ico HTTP/1.1" 404 2748 "-" "Mozilla/5.0 (Windows; U; Windows NT 6.0; en-US; rv:1.9.0.11) Gecko/2009060215 Firefox/3.0.11 (.NET CLR 3.5.30729)"
65.55.51.69 - - [14/Jun/2009:13:26:08 +0200] "GET /robots.txt HTTP/1.1" 200 64 "-" "msnbot/2.0b (+http://search.msn.com/msnbot.htm)"
65.55.106.196 - - [14/Jun/2009:13:27:29 +0200] "GET / HTTP/1.1" 200 7869 "-" "msnbot/2.0b (+http://search.msn.com/msnbot.htm)"
66.249.72.227 - - [14/Jun/2009:13:43:42 +0200] "GET /logs/usage_200703.html HTTP/1.1" 404 2748 "-" "Mozilla/5.0 (compatible; Googlebot/2.1; +http://www.google.com/bot.html)"
72.30.79.93 - - [14/Jun/2009:13:50:27 +0200] "GET /world.html HTTP/1.0" 200 16295 "-" "Mozilla/5.0 (compatible; Yahoo! Slurp/3.0; http://help.yahoo.com/help/us/ysearch/slurp)"
65.55.106.236 - - [14/Jun/2009:14:05:27 +0200] "GET /zampa/montenegro/MILOW.html HTTP/1.1" 200 860 "-" "msnbot/2.0b (+http://search.msn.com/msnbot.htm)"
72.14.199.8 - - [14/Jun/2009:14:38:33 +0200] "GET / HTTP/1.1" 302 353 "-" "Feedfetcher-Google; (+http://www.google.com/feedfetcher.html; 1 subscribers; feed-id=5454548576667470243)"
72.14.199.85 - - [14/Jun/2009:14:38:35 +0200] "GET /zampa/ HTTP/1.1" 200 7153 "-" "Feedfetcher-Google; (+http://www.google.com/feedfetcher.html; 1 subscribers; feed-id=5454548576667470243)"
66.249.72.227 - - [14/Jun/2009:14:42:43 +0200] "GET /framez-contact.html HTTP/1.1" 200 4325 "-" "Mozilla/5.0 (compatible; Googlebot/2.1; +http://www.google.com/bot.html)"
65.55.106.210 - - [14/Jun/2009:15:02:07 +0200] "GET /robots.txt HTTP/1.1" 302 363 "-" "msnbot/2.0b (+http://search.msn.com/msnbot.htm)"
65.55.106.210 - - [14/Jun/2009:15:02:07 +0200] "GET /zampa/robots.txt HTTP/1.1" 404 2748 "-" "msnbot/2.0b (+http://search.msn.com/msnbot.htm)"
65.55.211.159 - - [14/Jun/2009:15:17:52 +0200] "GET /zampa-lovers/ HTTP/1.1" 200 37790 "-" "msnbot/1.1 (+http://search.msn.com/msnbot.htm)"
66.249.72.227 - - [14/Jun/2009:16:16:08 +0200] "GET /framez.html HTTP/1.1" 200 3959 "-" "Mozilla/5.0 (compatible; Googlebot/2.1; +http://www.google.com/bot.html)"
72.30.79.93 - - [14/Jun/2009:16:22:44 +0200] "GET /f-contact.html HTTP/1.0" 200 6804 "-" "Mozilla/5.0 (compatible; Yahoo! Slurp/3.0; http://help.yahoo.com/help/us/ysearch/slurp)"
65.55.211.172 - - [14/Jun/2009:16:23:44 +0200] "GET /robots.txt HTTP/1.1" 200 64 "-" "msnbot/1.1 (+http://search.msn.com/msnbot.htm)"
65.55.211.172 - - [14/Jun/2009:16:23:46 +0200] "GET /neon/girl-tv.html HTTP/1.1" 200 1717 "-" "msnbot/1.1 (+http://search.msn.com/msnbot.htm)"
72.30.79.93 - - [14/Jun/2009:16:30:39 +0200] "GET /framez-rez.html HTTP/1.0" 200 4323 "-" "Mozilla/5.0 (compatible; Yahoo! Slurp/3.0; http://help.yahoo.com/help/us/ysearch/slurp)"
72.30.79.93 - - [14/Jun/2009:16:30:43 +0200] "GET /frame-unten.html HTTP/1.0" 200 5308 "http://www.various-euro.com/framez-rez.html" "Mozilla/5.0 (compatible; Yahoo! Slurp/3.0; http://help.yahoo.com/help/us/ysearch/slurp)"
72.30.79.93 - - [14/Jun/2009:16:30:43 +0200] "GET /f-rez.html HTTP/1.0" 200 9765 "http://www.various-euro.com/framez-rez.html" "Mozilla/5.0 (compatible; Yahoo! Slurp/3.0; http://help.yahoo.com/help/us/ysearch/slurp)"
72.30.79.93 - - [14/Jun/2009:16:30:43 +0200] "GET /frame-menu.html HTTP/1.0" 200 10500 "http://www.various-euro.com/framez-rez.html" "Mozilla/5.0 (compatible; Yahoo! Slurp/3.0; http://help.yahoo.com/help/us/ysearch/slurp)"
72.30.79.93 - - [14/Jun/2009:16:30:44 +0200] "GET /style/various-euro.css HTTP/1.0" 304 - "http://www.various-euro.com/frame-menu.html" "Mozilla/5.0 (compatible; Yahoo! Slurp/3.0; http://help.yahoo.com/help/us/ysearch/slurp)"
72.30.79.93 - - [14/Jun/2009:16:57:10 +0200] "GET /zampa/montenegro/BATAW.html HTTP/1.0" 200 860 "-" "Mozilla/5.0 (compatible; Yahoo! Slurp/3.0; http://help.yahoo.com/help/us/ysearch/slurp)"
65.55.106.244 - - [14/Jun/2009:17:12:52 +0200] "GET /logs/usage_200709.html HTTP/1.1" 404 2748 "-" "msnbot/2.0b (+http://search.msn.com/msnbot.htm)"
65.55.106.210 - - [14/Jun/2009:17:24:20 +0200] "GET /neon/click.html HTTP/1.1" 200 521 "-" "msnbot/2.0b (+http://search.msn.com/msnbot.htm)"
72.14.199.8 - - [14/Jun/2009:17:38:44 +0200] "GET / HTTP/1.1" 302 353 "-" "Feedfetcher-Google; (+http://www.google.com/feedfetcher.html; 1 subscribers; feed-id=5454548576667470243)"
72.14.199.85 - - [14/Jun/2009:17:38:45 +0200] "GET /zampa/ HTTP/1.1" 200 7153 "-" "Feedfetcher-Google; (+http://www.google.com/feedfetcher.html; 1 subscribers; feed-id=5454548576667470243)"
66.249.72.227 - - [14/Jun/2009:17:39:52 +0200] "GET /f-contact.html HTTP/1.1" 200 6804 "-" "Mozilla/5.0 (compatible; Googlebot/2.1; +http://www.google.com/bot.html)"
212.69.5.87 - - [14/Jun/2009:17:47:32 +0200] "GET / HTTP/1.1" 302 353 "http://www.google.com/search?q=zappa+di+leone&ie=utf-8&oe=utf-8&aq=t&rls=org.mozilla:en-US:official&client=firefox-a" "Mozilla/5.0 (Windows; U; Windows NT 5.1; en-US; rv:1.9.0.11) Gecko/2009060215 Firefox/3.0.11"
212.69.5.87 - - [14/Jun/2009:17:47:32 +0200] "GET /zampa/ HTTP/1.1" 200 7153 "http://www.google.com/search?q=zappa+di+leone&ie=utf-8&oe=utf-8&aq=t&rls=org.mozilla:en-US:official&client=firefox-a" "Mozilla/5.0 (Windows; U; Windows NT 5.1; en-US; rv:1.9.0.11) Gecko/2009060215 Firefox/3.0.11"
212.69.5.87 - - [14/Jun/2009:17:47:33 +0200] "GET / HTTP/1.1" 302 353 "http://www.google.com/search?hl=en&client=firefox-a&rls=org.mozilla:en-US:official&hs=DdX&ei=kxs1SsayD8aNsAaxk4i_CQ&sa=X&oi=spell&resnum=0&ct=result&cd=1&q=zampa+di+leone&spell=1" "Mozilla/5.0 (Windows; U; Windows NT 5.1; en-US; rv:1.9.0.11) Gecko/2009060215 Firefox/3.0.11"
212.69.5.87 - - [14/Jun/2009:17:47:33 +0200] "GET /zampa/ HTTP/1.1" 200 7153 "http://www.google.com/search?hl=en&client=firefox-a&rls=org.mozilla:en-US:official&hs=DdX&ei=kxs1SsayD8aNsAaxk4i_CQ&sa=X&oi=spell&resnum=0&ct=result&cd=1&q=zampa+di+leone&spell=1" "Mozilla/5.0 (Windows; U; Windows NT 5.1; en-US; rv:1.9.0.11) Gecko/2009060215 Firefox/3.0.11"
66.249.72.227 - - [14/Jun/2009:18:05:12 +0200] "GET /framez-zeug.html HTTP/1.1" 200 4311 "-" "Mozilla/5.0 (compatible; Googlebot/2.1; +http://www.google.com/bot.html)"
66.249.72.227 - - [14/Jun/2009:18:23:23 +0200] "GET /framez-restate.html HTTP/1.1" 200 4328 "-" "Mozilla/5.0 (compatible; Googlebot/2.1; +http://www.google.com/bot.html)"
128.36.231.4 - - [14/Jun/2009:18:35:05 +0200] "GET / HTTP/1.1" 200 7869 "-" "Python-urllib/2.5"
65.55.106.218 - - [14/Jun/2009:18:57:15 +0200] "GET /robots.txt HTTP/1.1" 200 64 "-" "msnbot/2.0b (+http://search.msn.com/msnbot.htm)"
81.52.143.37 - - [14/Jun/2009:19:19:02 +0200] "GET /neon/left-one-new.html HTTP/1.1" 200 1483 "-" "Mozilla/5.0 (Windows; U; Windows NT 5.1; fr; rv:1.8.1) VoilaBot BETA 1.2 (support.voilabot@orange-ftgroup.com)"
123.125.66.23 - - [14/Jun/2009:19:27:28 +0200] "GET / HTTP/1.1" 200 7869 "-" "Baiduspider+(+http://www.baidu.com/search/spider.htm)"
123.125.66.50 - - [14/Jun/2009:19:27:29 +0200] "GET /framez_0.html HTTP/1.1" 200 12285 "-" "Baiduspider+(+http://www.baidu.com/search/spider.htm)"
125.89.65.194 - - [14/Jun/2009:19:50:06 +0200] "GET / HTTP/1.1" 200 7869 "-" "Mozilla/4.0 (compatible; MSIE 6.0; Windows NT 5.1; SV1)"
65.55.106.237 - - [14/Jun/2009:20:05:04 +0200] "GET /schubb/schubb-2.html HTTP/1.1" 200 16660 "-" "msnbot/2.0b (+http://search.msn.com/msnbot.htm)"
65.55.211.162 - - [14/Jun/2009:20:05:37 +0200] "GET /robots.txt HTTP/1.1" 200 64 "-" "msnbot/1.1 (+http://search.msn.com/msnbot.htm)"
65.55.211.162 - - [14/Jun/2009:20:05:37 +0200] "GET /zampa/montenegro/dajpare.html HTTP/1.1" 200 2503 "-" "msnbot/1.1 (+http://search.msn.com/msnbot.htm)"
72.30.79.93 - - [14/Jun/2009:20:25:51 +0200] "GET /tour1_new.html HTTP/1.0" 404 2748 "-" "Mozilla/5.0 (compatible; Yahoo! Slurp/3.0; http://help.yahoo.com/help/us/ysearch/slurp)"
72.14.199.8 - - [14/Jun/2009:20:38:50 +0200] "GET / HTTP/1.1" 302 353 "-" "Feedfetcher-Google; (+http://www.google.com/feedfetcher.html; 1 subscribers; feed-id=5454548576667470243)"
72.14.199.85 - - [14/Jun/2009:20:38:51 +0200] "GET /zampa/ HTTP/1.1" 200 7153 "-" "Feedfetcher-Google; (+http://www.google.com/feedfetcher.html; 1 subscribers; feed-id=5454548576667470243)"
87.114.157.37 - - [14/Jun/2009:20:47:20 +0200] "GET /favicon.ico HTTP/1.1" 404 2748 "-" "Mozilla/5.0 (Macintosh; U; Intel Mac OS X 10.4; en-US; rv:1.9) Gecko/2008061004 Firefox/3.0"
65.55.106.107 - - [14/Jun/2009:20:49:55 +0200] "GET /robots.txt HTTP/1.1" 302 363 "-" "msnbot/2.0b (+http://search.msn.com/msnbot.htm)"
65.55.106.107 - - [14/Jun/2009:20:49:56 +0200] "GET /zampa/robots.txt HTTP/1.1" 404 2748 "-" "msnbot/2.0b (+http://search.msn.com/msnbot.htm)"
88.131.106.12 - - [14/Jun/2009:21:14:44 +0200] "GET /robots.txt HTTP/1.0" 200 64 "-" "Speedy Spider (http://www.entireweb.com/about/search_tech/speedy_spider/)"
88.131.106.12 - - [14/Jun/2009:21:14:44 +0200] "GET /framez.html HTTP/1.0" 200 3959 "-" "Speedy Spider (http://www.entireweb.com/about/search_tech/speedy_spider/)"
65.55.106.136 - - [14/Jun/2009:21:28:59 +0200] "GET /robots.txt HTTP/1.1" 200 64 "-" "msnbot/2.0b (+http://search.msn.com/msnbot.htm)"
77.232.66.102 - - [14/Jun/2009:22:08:49 +0200] "GET / HTTP/1.0" 200 7869 "http://www.servage.net/page/robot/" "Servage Robot ( http://www.servage.net/page/robot/ )"
72.30.79.93 - - [14/Jun/2009:22:09:00 +0200] "GET /f-sponsor.html HTTP/1.0" 200 8578 "-" "Mozilla/5.0 (compatible; Yahoo! Slurp/3.0; http://help.yahoo.com/help/us/ysearch/slurp)"
72.30.79.93 - - [14/Jun/2009:22:09:01 +0200] "GET /neon/slow-walk-old.html HTTP/1.0" 200 1647 "-" "Mozilla/5.0 (compatible; Yahoo! Slurp/3.0; http://help.yahoo.com/help/us/ysearch/slurp)"
65.55.211.172 - - [14/Jun/2009:22:40:30 +0200] "GET /bmpp/euro_pal_111.html HTTP/1.1" 200 2129 "-" "msnbot/1.1 (+http://search.msn.com/msnbot.htm)"
65.55.106.108 - - [14/Jun/2009:23:17:43 +0200] "GET /robots.txt HTTP/1.1" 200 64 "-" "msnbot/2.0b (+http://search.msn.com/msnbot.htm)"
72.30.79.93 - - [14/Jun/2009:23:19:16 +0200] "GET /robots.txt HTTP/1.0" 200 64 "-" "Mozilla/5.0 (compatible; Yahoo! Slurp; http://help.yahoo.com/help/us/ysearch/slurp)"
72.30.79.93 - - [14/Jun/2009:23:19:16 +0200] "GET /f-horrorkatze.html HTTP/1.0" 200 7865 "-" "Mozilla/5.0 (compatible; Yahoo! Slurp/3.0; http://help.yahoo.com/help/us/ysearch/slurp)"
72.14.199.8 - - [14/Jun/2009:23:38:58 +0200] "GET / HTTP/1.1" 302 353 "-" "Feedfetcher-Google; (+http://www.google.com/feedfetcher.html; 1 subscribers; feed-id=5454548576667470243)"
72.14.199.85 - - [14/Jun/2009:23:39:00 +0200] "GET /zampa/ HTTP/1.1" 200 7153 "-" "Feedfetcher-Google; (+http://www.google.com/feedfetcher.html; 1 subscribers; feed-id=5454548576667470243)"
65.55.106.163 - - [15/Jun/2009:00:07:04 +0200] "GET /robots.txt HTTP/1.1" 200 64 "-" "msnbot/2.0b (+http://search.msn.com/msnbot.htm)"
65.55.51.114 - - [15/Jun/2009:00:11:08 +0200] "GET /robots.txt HTTP/1.1" 200 64 "-" "msnbot/2.0b (+http://search.msn.com/msnbot.htm)"
65.55.106.163 - - [15/Jun/2009:00:12:54 +0200] "GET / HTTP/1.1" 200 7869 "-" "msnbot/2.0b (+http://search.msn.com/msnbot.htm)"
65.55.51.112 - - [15/Jun/2009:00:39:54 +0200] "GET /robots.txt HTTP/1.1" 200 64 "-" "msnbot/2.0b (+http://search.msn.com/msnbot.htm)"
188.163.12.31 - - [15/Jun/2009:00:57:04 +0200] "GET /framez-schubb5.html HTTP/1.0" 200 4330 "http://www.various-euro.com/framez-schubb5.html" "Mozilla/4.0 (compatible; MSIE 6.0; Windows NT 5.1; Deepnet Explorer 1.5.0; .NET CLR 1.0.3705)"
188.163.12.31 - - [15/Jun/2009:00:57:04 +0200] "GET /frame-menu.html HTTP/1.0" 200 10500 "http://www.various-euro.com/frame-menu.html" "Mozilla/4.0 (compatible; MSIE 6.0; Windows NT 5.1; Deepnet Explorer 1.5.0; .NET CLR 1.0.3705)"
188.163.12.31 - - [15/Jun/2009:00:57:04 +0200] "GET /schubb/schubb-5.html HTTP/1.0" 200 72944 "http://www.various-euro.com/schubb/schubb-5.html" "Mozilla/4.0 (compatible; MSIE 6.0; Windows NT 5.1; Deepnet Explorer 1.5.0; .NET CLR 1.0.3705)"
188.163.12.31 - - [15/Jun/2009:00:57:04 +0200] "GET /frame-unten.html HTTP/1.0" 200 5308 "http://www.various-euro.com/frame-unten.html" "Mozilla/4.0 (compatible; MSIE 6.0; Windows NT 5.1; Deepnet Explorer 1.5.0; .NET CLR 1.0.3705)"
65.55.51.114 - - [15/Jun/2009:01:24:07 +0200] "GET /robots.txt HTTP/1.1" 200 64 "-" "msnbot/2.0b (+http://search.msn.com/msnbot.htm)"
72.14.199.8 - - [15/Jun/2009:02:39:06 +0200] "GET / HTTP/1.1" 302 353 "-" "Feedfetcher-Google; (+http://www.google.com/feedfetcher.html; 1 subscribers; feed-id=5454548576667470243)"
72.14.199.85 - - [15/Jun/2009:02:39:09 +0200] "GET /zampa/ HTTP/1.1" 200 7153 "-" "Feedfetcher-Google; (+http://www.google.com/feedfetcher.html; 1 subscribers; feed-id=5454548576667470243)"
72.30.79.93 - - [15/Jun/2009:03:17:01 +0200] "GET /neon/europa.html HTTP/1.0" 200 389 "-" "Mozilla/5.0 (compatible; Yahoo! Slurp/3.0; http://help.yahoo.com/help/us/ysearch/slurp)"
65.55.106.135 - - [15/Jun/2009:03:20:56 +0200] "GET /robots.txt HTTP/1.1" 302 363 "-" "msnbot/2.0b (+http://search.msn.com/msnbot.htm)"
65.55.106.135 - - [15/Jun/2009:03:20:56 +0200] "GET /zampa/robots.txt HTTP/1.1" 404 2748 "-" "msnbot/2.0b (+http://search.msn.com/msnbot.htm)"
81.52.143.30 - - [15/Jun/2009:03:26:01 +0200] "GET /bmpp/euro_pal_1.html HTTP/1.1" 200 18252 "-" "Mozilla/5.0 (Windows; U; Windows NT 5.1; fr; rv:1.8.1) VoilaBot BETA 1.2 (support.voilabot@orange-ftgroup.com)"
193.252.149.14 - - [15/Jun/2009:03:48:19 +0200] "GET /neon/biggtani.html HTTP/1.1" 200 1698 "-" "Mozilla/5.0 (Windows; U; Windows NT 5.1; fr; rv:1.8.1) VoilaBot BETA 1.2 (support.voilabot@orange-ftgroup.com)"
72.233.2.13 - - [15/Jun/2009:04:00:55 +0200] "HEAD / HTTP/1.1" 302 - "-" "WordPress.com mShots; http://support.wordpress.com/contact/"
79.101.174.80 - - [15/Jun/2009:04:00:56 +0200] "GET / HTTP/1.1" 302 353 "http://racionalnamitomanija.wordpress.com/" "Mozilla/5.0 (Windows; U; Windows NT 5.1; en-US; rv:1.9.0.11) Gecko/2009060215 Firefox/3.0.11"
72.233.2.13 - - [15/Jun/2009:04:00:56 +0200] "GET /zampa/ HTTP/1.1" 200 7153 "-" "WordPress.com mShots; http://support.wordpress.com/contact/"
79.101.174.80 - - [15/Jun/2009:04:00:56 +0200] "GET /zampa/ HTTP/1.1" 200 7153 "http://racionalnamitomanija.wordpress.com/" "Mozilla/5.0 (Windows; U; Windows NT 5.1; en-US; rv:1.9.0.11) Gecko/2009060215 Firefox/3.0.11"
79.101.174.80 - - [15/Jun/2009:04:00:57 +0200] "GET /zampa/slike/udupetu.gif HTTP/1.1" 200 4138 "http://www.various-euro.com/zampa/" "Mozilla/5.0 (Windows; U; Windows NT 5.1; en-US; rv:1.9.0.11) Gecko/2009060215 Firefox/3.0.11"
79.101.174.80 - - [15/Jun/2009:04:00:57 +0200] "GET /zampa/slike/zampa.gif HTTP/1.1" 200 5310 "http://www.various-euro.com/zampa/" "Mozilla/5.0 (Windows; U; Windows NT 5.1; en-US; rv:1.9.0.11) Gecko/2009060215 Firefox/3.0.11"
