72.30.79.93 - - [08/Jun/2009:22:02:57 +0200] "GET /logs/usage_200602.html HTTP/1.0" 404 2748 "-" "Mozilla/5.0 (compatible; Yahoo! Slurp/3.0; http://help.yahoo.com/help/us/ysearch/slurp)"
77.81.94.178 - - [08/Jun/2009:22:14:00 +0200] "GET / HTTP/1.1" 302 353 "http://www.google.ro/search?q=zampa+di+leone&ie=utf-8&oe=utf-8&aq=t&rls=org.mozilla:en-US:official&client=firefox-a" "Mozilla/5.0 (Windows; U; Windows NT 5.1; en-US; rv:1.9.0.10) Gecko/2009042316 Firefox/3.0.10"
77.81.94.178 - - [08/Jun/2009:22:14:00 +0200] "GET /zampa/ HTTP/1.1" 200 7153 "http://www.google.ro/search?q=zampa+di+leone&ie=utf-8&oe=utf-8&aq=t&rls=org.mozilla:en-US:official&client=firefox-a" "Mozilla/5.0 (Windows; U; Windows NT 5.1; en-US; rv:1.9.0.10) Gecko/2009042316 Firefox/3.0.10"
77.81.94.178 - - [08/Jun/2009:22:14:00 +0200] "GET /zampa/slike/udupetu.gif HTTP/1.1" 200 4138 "http://www.various-euro.com/zampa/" "Mozilla/5.0 (Windows; U; Windows NT 5.1; en-US; rv:1.9.0.10) Gecko/2009042316 Firefox/3.0.10"
77.81.94.178 - - [08/Jun/2009:22:14:00 +0200] "GET /zampa/slike/inthearse.gif HTTP/1.1" 200 4077 "http://www.various-euro.com/zampa/" "Mozilla/5.0 (Windows; U; Windows NT 5.1; en-US; rv:1.9.0.10) Gecko/2009042316 Firefox/3.0.10"
77.81.94.178 - - [08/Jun/2009:22:14:00 +0200] "GET /zampa/slike/zampa.gif HTTP/1.1" 200 5310 "http://www.various-euro.com/zampa/" "Mozilla/5.0 (Windows; U; Windows NT 5.1; en-US; rv:1.9.0.10) Gecko/2009042316 Firefox/3.0.10"
77.81.94.178 - - [08/Jun/2009:22:14:01 +0200] "GET /favicon.ico HTTP/1.1" 404 2748 "-" "Mozilla/5.0 (Windows; U; Windows NT 5.1; en-US; rv:1.9.0.10) Gecko/2009042316 Firefox/3.0.10"
77.81.94.178 - - [08/Jun/2009:22:14:04 +0200] "GET /favicon.ico HTTP/1.1" 404 2748 "-" "Mozilla/5.0 (Windows; U; Windows NT 5.1; en-US; rv:1.9.0.10) Gecko/2009042316 Firefox/3.0.10"
77.81.94.178 - - [08/Jun/2009:22:14:26 +0200] "GET /zampa/slike/E2COPY.GIF HTTP/1.1" 200 10416 "http://www.various-euro.com/zampa/" "Mozilla/5.0 (Windows; U; Windows NT 5.1; en-US; rv:1.9.0.10) Gecko/2009042316 Firefox/3.0.10"
65.55.106.132 - - [08/Jun/2009:22:15:37 +0200] "GET /robots.txt HTTP/1.1" 200 64 "-" "msnbot/2.0b (+http://search.msn.com/msnbot.htm)"
65.55.106.132 - - [08/Jun/2009:22:25:22 +0200] "GET /zampa/montenegro/contributions.html HTTP/1.1" 200 18843 "-" "msnbot/2.0b (+http://search.msn.com/msnbot.htm)"
38.100.41.107 - - [08/Jun/2009:22:34:53 +0200] "GET /logs/usage_200904.html HTTP/1.1" 200 166595 "http://www.google.com/custom?cof=GALT%3A336600%3BVLC%3A000066%3BAH%3Acenter%3BBGC%3AFFFFFF%3BLH%3A81%3BLC%3A000066%3BGFNT%3A336600%3BL%3Ahttp%3A%2F%2Fcyveillance.allthesites.com%2Fimages%2Fats_logo.gif%3BALC%3A000066%3BLW%3A361%3BT%3A000066%3BGIMP%3A336600%3BAWFID%3A248cacfbbe0ae58f%3B&q=%22state%20farm%22%20yahoo%20%22previous%20message%22&num=100&hl=en&start=0&filter=0" "Mozilla/4.0 (compatible; MSIE 5.5; Windows NT 5.0)"
38.100.41.107 - - [08/Jun/2009:22:34:56 +0200] "GET /logs/usage_200903.html HTTP/1.1" 200 167061 "http://www.google.com/custom?cof=GALT%3A336600%3BVLC%3A000066%3BAH%3Acenter%3BBGC%3AFFFFFF%3BLH%3A81%3BLC%3A000066%3BGFNT%3A336600%3BL%3Ahttp%3A%2F%2Fcyveillance.allthesites.com%2Fimages%2Fats_logo.gif%3BALC%3A000066%3BLW%3A361%3BT%3A000066%3BGIMP%3A336600%3BAWFID%3A248cacfbbe0ae58f%3B&q=%22state%20farm%22%20yahoo%20%22previous%20message%22&num=100&hl=en&start=0&filter=0" "Mozilla/4.0 (compatible; MSIE 5.5; Windows NT 5.0)"
65.55.211.164 - - [08/Jun/2009:22:45:13 +0200] "GET /partnergegenberlin.html HTTP/1.1" 200 5022 "-" "msnbot/1.1 (+http://search.msn.com/msnbot.htm)"
66.249.66.35 - - [08/Jun/2009:22:45:23 +0200] "GET /framez-pal1.html HTTP/1.1" 200 4326 "-" "Mozilla/5.0 (compatible; Googlebot/2.1; +http://www.google.com/bot.html)"
65.55.106.212 - - [08/Jun/2009:22:49:21 +0200] "GET /robots.txt HTTP/1.1" 200 64 "-" "msnbot/2.0b (+http://search.msn.com/msnbot.htm)"
72.14.199.8 - - [08/Jun/2009:23:05:00 +0200] "GET / HTTP/1.1" 302 353 "-" "Feedfetcher-Google; (+http://www.google.com/feedfetcher.html; 1 subscribers; feed-id=5454548576667470243)"
72.14.199.85 - - [08/Jun/2009:23:05:06 +0200] "GET /zampa/ HTTP/1.1" 200 7153 "-" "Feedfetcher-Google; (+http://www.google.com/feedfetcher.html; 1 subscribers; feed-id=5454548576667470243)"
65.55.211.165 - - [08/Jun/2009:23:07:54 +0200] "GET /robots.txt HTTP/1.1" 200 64 "-" "msnbot/1.1 (+http://search.msn.com/msnbot.htm)"
65.55.211.165 - - [08/Jun/2009:23:07:55 +0200] "GET /f-sponsor.html HTTP/1.1" 200 8578 "-" "msnbot/1.1 (+http://search.msn.com/msnbot.htm)"
76.255.57.208 - - [08/Jun/2009:23:27:56 +0200] "GET / HTTP/1.1" 200 7869 "-" "Mozilla/5.0 (Windows; U; Windows NT 6.1; en-US; rv:1.9.0.10) Gecko/2009042316 Firefox/3.0.10 (.NET CLR 3.5.30729)"
76.255.57.208 - - [08/Jun/2009:23:27:56 +0200] "GET /ve-icon-2.ico HTTP/1.1" 200 2238 "-" "Mozilla/5.0 (Windows; U; Windows NT 6.1; en-US; rv:1.9.0.10) Gecko/2009042316 Firefox/3.0.10 (.NET CLR 3.5.30729)"
76.255.57.208 - - [08/Jun/2009:23:27:56 +0200] "GET /style/various-euro.css HTTP/1.1" 200 3437 "http://www.various-euro.com/" "Mozilla/5.0 (Windows; U; Windows NT 6.1; en-US; rv:1.9.0.10) Gecko/2009042316 Firefox/3.0.10 (.NET CLR 3.5.30729)"
76.255.57.208 - - [08/Jun/2009:23:27:57 +0200] "GET /framez_0.html HTTP/1.1" 200 12285 "http://www.various-euro.com/" "Mozilla/5.0 (Windows; U; Windows NT 6.1; en-US; rv:1.9.0.10) Gecko/2009042316 Firefox/3.0.10 (.NET CLR 3.5.30729)"
76.255.57.208 - - [08/Jun/2009:23:27:59 +0200] "GET /framez.html HTTP/1.1" 200 3959 "http://www.various-euro.com/framez_0.html" "Mozilla/5.0 (Windows; U; Windows NT 6.1; en-US; rv:1.9.0.10) Gecko/2009042316 Firefox/3.0.10 (.NET CLR 3.5.30729)"
76.255.57.208 - - [08/Jun/2009:23:28:00 +0200] "GET /frame-menu.html HTTP/1.1" 200 10500 "http://www.various-euro.com/framez.html" "Mozilla/5.0 (Windows; U; Windows NT 6.1; en-US; rv:1.9.0.10) Gecko/2009042316 Firefox/3.0.10 (.NET CLR 3.5.30729)"
76.255.57.208 - - [08/Jun/2009:23:28:00 +0200] "GET /frame-inhalt.html HTTP/1.1" 200 7688 "http://www.various-euro.com/framez.html" "Mozilla/5.0 (Windows; U; Windows NT 6.1; en-US; rv:1.9.0.10) Gecko/2009042316 Firefox/3.0.10 (.NET CLR 3.5.30729)"
76.255.57.208 - - [08/Jun/2009:23:28:00 +0200] "GET /frame-unten.html HTTP/1.1" 200 5308 "http://www.various-euro.com/framez.html" "Mozilla/5.0 (Windows; U; Windows NT 6.1; en-US; rv:1.9.0.10) Gecko/2009042316 Firefox/3.0.10 (.NET CLR 3.5.30729)"
76.255.57.208 - - [08/Jun/2009:23:28:00 +0200] "GET /eurosign3.gif HTTP/1.1" 200 7879 "http://www.various-euro.com/frame-inhalt.html" "Mozilla/5.0 (Windows; U; Windows NT 6.1; en-US; rv:1.9.0.10) Gecko/2009042316 Firefox/3.0.10 (.NET CLR 3.5.30729)"
76.255.57.208 - - [08/Jun/2009:23:28:00 +0200] "GET /bannerz/neon_click_3.gif HTTP/1.1" 200 240 "http://www.various-euro.com/frame-inhalt.html" "Mozilla/5.0 (Windows; U; Windows NT 6.1; en-US; rv:1.9.0.10) Gecko/2009042316 Firefox/3.0.10 (.NET CLR 3.5.30729)"
76.255.57.208 - - [08/Jun/2009:23:28:01 +0200] "GET /bannerz/neon_click_1.gif HTTP/1.1" 200 890 "http://www.various-euro.com/frame-inhalt.html" "Mozilla/5.0 (Windows; U; Windows NT 6.1; en-US; rv:1.9.0.10) Gecko/2009042316 Firefox/3.0.10 (.NET CLR 3.5.30729)"
76.255.57.208 - - [08/Jun/2009:23:28:01 +0200] "GET /bannerz/neon_click_2.gif HTTP/1.1" 200 387 "http://www.various-euro.com/frame-inhalt.html" "Mozilla/5.0 (Windows; U; Windows NT 6.1; en-US; rv:1.9.0.10) Gecko/2009042316 Firefox/3.0.10 (.NET CLR 3.5.30729)"
76.255.57.208 - - [08/Jun/2009:23:28:01 +0200] "GET /bannerz/douwil.gif HTTP/1.1" 200 528 "http://www.various-euro.com/frame-inhalt.html" "Mozilla/5.0 (Windows; U; Windows NT 6.1; en-US; rv:1.9.0.10) Gecko/2009042316 Firefox/3.0.10 (.NET CLR 3.5.30729)"
76.255.57.208 - - [08/Jun/2009:23:28:01 +0200] "GET /bannerz/anti_black_small.gif HTTP/1.1" 200 1009 "http://www.various-euro.com/frame-inhalt.html" "Mozilla/5.0 (Windows; U; Windows NT 6.1; en-US; rv:1.9.0.10) Gecko/2009042316 Firefox/3.0.10 (.NET CLR 3.5.30729)"
76.255.57.208 - - [08/Jun/2009:23:28:01 +0200] "GET /bannerz/copyleft_black_small.gif HTTP/1.1" 200 1231 "http://www.various-euro.com/frame-inhalt.html" "Mozilla/5.0 (Windows; U; Windows NT 6.1; en-US; rv:1.9.0.10) Gecko/2009042316 Firefox/3.0.10 (.NET CLR 3.5.30729)"
76.255.57.208 - - [08/Jun/2009:23:28:01 +0200] "GET /bannerz/google/Logo_40blk.gif HTTP/1.1" 200 2308 "http://www.various-euro.com/frame-inhalt.html" "Mozilla/5.0 (Windows; U; Windows NT 6.1; en-US; rv:1.9.0.10) Gecko/2009042316 Firefox/3.0.10 (.NET CLR 3.5.30729)"
76.255.57.208 - - [08/Jun/2009:23:28:00 +0200] "GET /bannerz/ve.jpg HTTP/1.1" 200 36912 "http://www.various-euro.com/frame-unten.html" "Mozilla/5.0 (Windows; U; Windows NT 6.1; en-US; rv:1.9.0.10) Gecko/2009042316 Firefox/3.0.10 (.NET CLR 3.5.30729)"
76.255.57.208 - - [08/Jun/2009:23:28:01 +0200] "GET /bannerz/wet.gif HTTP/1.1" 200 18561 "http://www.various-euro.com/frame-inhalt.html" "Mozilla/5.0 (Windows; U; Windows NT 6.1; en-US; rv:1.9.0.10) Gecko/2009042316 Firefox/3.0.10 (.NET CLR 3.5.30729)"
76.255.57.208 - - [08/Jun/2009:23:28:01 +0200] "GET /bannerz/various-euro-girl.jpg HTTP/1.1" 200 91514 "http://www.various-euro.com/frame-unten.html" "Mozilla/5.0 (Windows; U; Windows NT 6.1; en-US; rv:1.9.0.10) Gecko/2009042316 Firefox/3.0.10 (.NET CLR 3.5.30729)"
123.125.64.12 - - [08/Jun/2009:23:45:24 +0200] "GET /robots.txt HTTP/1.1" 200 64 "-" "Baiduspider+(+http://www.baidu.com/search/spider.htm)"
209.59.208.70 - - [09/Jun/2009:00:06:21 +0200] "GET / HTTP/1.1" 200 7869 "-" "Mozilla/4.0 (compatible; MSIE 6.0; Windows NT 5.0; DigExt)"
65.55.211.166 - - [09/Jun/2009:00:07:42 +0200] "GET /robots.txt HTTP/1.1" 200 64 "-" "msnbot/1.1 (+http://search.msn.com/msnbot.htm)"
65.55.211.166 - - [09/Jun/2009:00:07:43 +0200] "GET /news.html HTTP/1.1" 404 2748 "-" "msnbot/1.1 (+http://search.msn.com/msnbot.htm)"
66.249.66.35 - - [09/Jun/2009:00:30:30 +0200] "GET /sendi_agent.html HTTP/1.1" 200 8791 "-" "Mozilla/5.0 (compatible; Googlebot/2.1; +http://www.google.com/bot.html)"
123.125.64.12 - - [09/Jun/2009:01:01:25 +0200] "GET /robots.txt HTTP/1.1" 200 64 "-" "Baiduspider+(+http://www.baidu.com/search/spider.htm)"
72.30.79.93 - - [09/Jun/2009:01:16:01 +0200] "GET /sendi_agent.html HTTP/1.0" 200 8791 "-" "Mozilla/5.0 (compatible; Yahoo! Slurp/3.0; http://help.yahoo.com/help/us/ysearch/slurp)"
72.30.79.93 - - [09/Jun/2009:01:16:03 +0200] "GET /3dsf3/sendi/index.html HTTP/1.0" 200 1837 "http://www.various-euro.com/sendi_agent.html" "Mozilla/5.0 (compatible; Yahoo! Slurp/3.0; http://help.yahoo.com/help/us/ysearch/slurp)"
72.30.79.93 - - [09/Jun/2009:01:16:03 +0200] "GET /3dsf3/sendi/sendisendi.html HTTP/1.0" 200 5118 "http://www.various-euro.com/sendi_agent.html" "Mozilla/5.0 (compatible; Yahoo! Slurp/3.0; http://help.yahoo.com/help/us/ysearch/slurp)"
72.30.79.93 - - [09/Jun/2009:01:16:07 +0200] "GET /3dsf3/sendi/formate.css HTTP/1.0" 200 474 "http://www.various-euro.com/3dsf3/sendi/index.html" "Mozilla/5.0 (compatible; Yahoo! Slurp/3.0; http://help.yahoo.com/help/us/ysearch/slurp)"
72.30.79.93 - - [09/Jun/2009:01:16:07 +0200] "GET /3dsf3/sendi/formate.css HTTP/1.0" 200 474 "http://www.various-euro.com/3dsf3/sendi/sendisendi.html" "Mozilla/5.0 (compatible; Yahoo! Slurp/3.0; http://help.yahoo.com/help/us/ysearch/slurp)"
72.30.78.230 - - [09/Jun/2009:01:26:23 +0200] "GET /robots.txt HTTP/1.0" 200 64 "-" "Mozilla/5.0 (compatible; Yahoo! Slurp; http://help.yahoo.com/help/us/ysearch/slurp)"
72.30.78.230 - - [09/Jun/2009:01:26:24 +0200] "GET /net.html HTTP/1.0" 404 2748 "-" "Mozilla/5.0 (compatible; Yahoo! Slurp/3.0; http://help.yahoo.com/help/us/ysearch/slurp)"
123.125.64.58 - - [09/Jun/2009:01:59:50 +0200] "GET / HTTP/1.1" 200 7869 "-" "Mozilla/5.0 (Windows; U; Windows NT 5.1; zh-CN; rv:1.9.0.1) Gecko/2008070208 Firefox/3.0.1"
72.14.199.8 - - [09/Jun/2009:02:07:08 +0200] "GET / HTTP/1.1" 302 353 "-" "Feedfetcher-Google; (+http://www.google.com/feedfetcher.html; 1 subscribers; feed-id=5454548576667470243)"
72.14.199.85 - - [09/Jun/2009:02:07:25 +0200] "GET /zampa/ HTTP/1.1" 200 7153 "-" "Feedfetcher-Google; (+http://www.google.com/feedfetcher.html; 1 subscribers; feed-id=5454548576667470243)"
66.249.66.35 - - [09/Jun/2009:02:15:39 +0200] "GET /logs/usage_200707.html HTTP/1.1" 404 2748 "-" "Mozilla/5.0 (compatible; Googlebot/2.1; +http://www.google.com/bot.html)"
72.30.79.93 - - [09/Jun/2009:02:40:48 +0200] "GET /f-euro.html HTTP/1.0" 200 12203 "-" "Mozilla/5.0 (compatible; Yahoo! Slurp/3.0; http://help.yahoo.com/help/us/ysearch/slurp)"
66.235.124.7 - - [09/Jun/2009:02:41:38 +0200] "GET /robots.txt HTTP/1.1" 200 64 "-" "Mozilla/5.0 (compatible; Ask Jeeves/Teoma; +http://about.ask.com/en/docs/about/webmasters.shtml)"
66.235.124.7 - - [09/Jun/2009:02:41:54 +0200] "GET / HTTP/1.1" 200 7869 "-" "Mozilla/5.0 (compatible; Ask Jeeves/Teoma; +http://about.ask.com/en/docs/about/webmasters.shtml)"
67.16.94.2 - - [09/Jun/2009:03:44:13 +0200] "GET /robots.txt HTTP/1.0" 200 64 "-" "Gigabot/3.0 (http://www.gigablast.com/spider.html)"
67.16.94.2 - - [09/Jun/2009:03:44:14 +0200] "GET / HTTP/1.0" 200 7869 "-" "Gigabot/3.0 (http://www.gigablast.com/spider.html)"
72.30.79.93 - - [09/Jun/2009:04:00:22 +0200] "GET /robots.txt HTTP/1.0" 200 64 "-" "Mozilla/5.0 (compatible; Yahoo! Slurp; http://help.yahoo.com/help/us/ysearch/slurp)"
72.30.79.93 - - [09/Jun/2009:04:00:24 +0200] "GET /f-actions.html HTTP/1.0" 200 11686 "-" "Mozilla/5.0 (compatible; Yahoo! Slurp/3.0; http://help.yahoo.com/help/us/ysearch/slurp)"
72.30.79.93 - - [09/Jun/2009:04:03:58 +0200] "GET /f-rez.html HTTP/1.0" 200 9765 "-" "Mozilla/5.0 (compatible; Yahoo! Slurp/3.0; http://help.yahoo.com/help/us/ysearch/slurp)"
38.99.13.116 - - [09/Jun/2009:05:06:07 +0200] "GET /robots.txt HTTP/1.0" 302 363 "-" "Mozilla/5.0 (Twiceler-0.9 http://www.cuil.com/twiceler/robot.html)"
72.14.199.8 - - [09/Jun/2009:05:07:41 +0200] "GET / HTTP/1.1" 302 353 "-" "Feedfetcher-Google; (+http://www.google.com/feedfetcher.html; 1 subscribers; feed-id=5454548576667470243)"
72.14.199.85 - - [09/Jun/2009:05:07:42 +0200] "GET /zampa/ HTTP/1.1" 200 7153 "-" "Feedfetcher-Google; (+http://www.google.com/feedfetcher.html; 1 subscribers; feed-id=5454548576667470243)"
65.55.230.243 - - [09/Jun/2009:05:16:45 +0200] "GET /robots.txt HTTP/1.1" 200 64 "-" "msnbot-media/1.1 (+http://search.msn.com/msnbot.htm)"
65.55.230.243 - - [09/Jun/2009:05:16:45 +0200] "GET /framez.html HTTP/1.1" 200 3959 "-" "msnbot-media/1.1 (+http://search.msn.com/msnbot.htm)"
70.91.197.168 - - [09/Jun/2009:05:21:04 +0200] "GET / HTTP/1.1" 200 7869 "-" "-"
72.30.79.93 - - [09/Jun/2009:05:52:38 +0200] "GET /f-warez.html HTTP/1.0" 200 10953 "-" "Mozilla/5.0 (compatible; Yahoo! Slurp/3.0; http://help.yahoo.com/help/us/ysearch/slurp)"
66.249.66.35 - - [09/Jun/2009:05:55:39 +0200] "GET /bmpp/euro_pal_1.html HTTP/1.1" 200 18252 "-" "Mozilla/5.0 (compatible; Googlebot/2.1; +http://www.google.com/bot.html)"
65.55.211.161 - - [09/Jun/2009:06:03:52 +0200] "GET /robots.txt HTTP/1.1" 200 64 "-" "msnbot/1.1 (+http://search.msn.com/msnbot.htm)"
65.55.211.161 - - [09/Jun/2009:06:03:53 +0200] "GET /logs/usage_200711.html HTTP/1.1" 404 2748 "-" "msnbot/1.1 (+http://search.msn.com/msnbot.htm)"
66.249.66.35 - - [09/Jun/2009:06:05:42 +0200] "GET /bmpp/euro_pal_11.html HTTP/1.1" 200 1815 "-" "Mozilla/5.0 (compatible; Googlebot/2.1; +http://www.google.com/bot.html)"
216.129.119.49 - - [09/Jun/2009:06:09:31 +0200] "GET /robots.txt HTTP/1.0" 200 64 "-" "Mozilla/5.0 (Twiceler-0.9 http://www.cuil.com/twiceler/robot.html)"
65.55.106.164 - - [09/Jun/2009:06:16:18 +0200] "GET /robots.txt HTTP/1.1" 200 64 "-" "msnbot/2.0b (+http://search.msn.com/msnbot.htm)"
38.105.83.13 - - [09/Jun/2009:06:45:48 +0200] "GET / HTTP/1.1" 200 7869 "-" "Mozilla/4.0 (compatible; MSIE 7.0; Windows NT 5.2)"
38.105.83.13 - - [09/Jun/2009:06:45:56 +0200] "GET /style/various-euro.css HTTP/1.1" 200 3437 "http://www.various-euro.com/" "Mozilla/4.0 (compatible; MSIE 7.0; Windows NT 5.2)"
38.105.83.13 - - [09/Jun/2009:06:45:59 +0200] "GET /framez.html HTTP/1.1" 200 3959 "http://www.various-euro.com/" "Mozilla/4.0 (compatible; MSIE 7.0; Windows NT 5.2)"
38.105.83.13 - - [09/Jun/2009:06:46:14 +0200] "GET /frame-inhalt.html HTTP/1.1" 200 7688 "http://www.various-euro.com/framez.html" "Mozilla/4.0 (compatible; MSIE 7.0; Windows NT 5.2)"
38.105.83.13 - - [09/Jun/2009:06:46:14 +0200] "GET /frame-menu.html HTTP/1.1" 200 10500 "http://www.various-euro.com/framez.html" "Mozilla/4.0 (compatible; MSIE 7.0; Windows NT 5.2)"
38.105.83.13 - - [09/Jun/2009:06:46:14 +0200] "GET /frame-unten.html HTTP/1.1" 200 5308 "http://www.various-euro.com/framez.html" "Mozilla/4.0 (compatible; MSIE 7.0; Windows NT 5.2)"
38.105.83.13 - - [09/Jun/2009:06:46:57 +0200] "GET /partnergegenberlin.html HTTP/1.1" 200 5022 "http://www.various-euro.com/frame-inhalt.html" "Mozilla/4.0 (compatible; MSIE 7.0; Windows NT 5.2)"
38.105.83.13 - - [09/Jun/2009:06:46:58 +0200] "GET /bmpp/euro_pal_1.html HTTP/1.1" 200 18252 "http://www.various-euro.com/frame-inhalt.html" "Mozilla/4.0 (compatible; MSIE 7.0; Windows NT 5.2)"
38.105.83.13 - - [09/Jun/2009:06:46:58 +0200] "GET /f-maintitle.html HTTP/1.1" 200 5030 "http://www.various-euro.com/frame-inhalt.html" "Mozilla/4.0 (compatible; MSIE 7.0; Windows NT 5.2)"
38.105.83.13 - - [09/Jun/2009:06:46:58 +0200] "GET /bmpp/euro_pal_111.html HTTP/1.1" 200 2129 "http://www.various-euro.com/frame-inhalt.html" "Mozilla/4.0 (compatible; MSIE 7.0; Windows NT 5.2)"
38.105.83.13 - - [09/Jun/2009:06:46:58 +0200] "GET /schubb/schubb-1.html HTTP/1.1" 200 9070 "http://www.various-euro.com/frame-inhalt.html" "Mozilla/4.0 (compatible; MSIE 7.0; Windows NT 5.2)"
38.105.83.13 - - [09/Jun/2009:06:46:58 +0200] "GET /f-horrorkatze.html HTTP/1.1" 200 7865 "http://www.various-euro.com/frame-menu.html" "Mozilla/4.0 (compatible; MSIE 7.0; Windows NT 5.2)"
38.105.83.13 - - [09/Jun/2009:06:46:58 +0200] "GET /your_tour.html HTTP/1.1" 200 31756 "http://www.various-euro.com/frame-menu.html" "Mozilla/4.0 (compatible; MSIE 7.0; Windows NT 5.2)"
38.105.83.13 - - [09/Jun/2009:06:46:59 +0200] "GET /neon/euro.html HTTP/1.1" 200 2212 "http://www.various-euro.com/frame-inhalt.html" "Mozilla/4.0 (compatible; MSIE 7.0; Windows NT 5.2)"
38.105.83.13 - - [09/Jun/2009:06:46:59 +0200] "GET /f-rez.html HTTP/1.1" 200 9765 "http://www.various-euro.com/frame-menu.html" "Mozilla/4.0 (compatible; MSIE 7.0; Windows NT 5.2)"
38.105.83.13 - - [09/Jun/2009:06:46:59 +0200] "GET /f-euro.html HTTP/1.1" 200 12203 "http://www.various-euro.com/frame-menu.html" "Mozilla/4.0 (compatible; MSIE 7.0; Windows NT 5.2)"
38.105.83.13 - - [09/Jun/2009:06:47:01 +0200] "GET /f-contact.html HTTP/1.1" 200 6804 "http://www.various-euro.com/frame-menu.html" "Mozilla/4.0 (compatible; MSIE 7.0; Windows NT 5.2)"
38.105.83.13 - - [09/Jun/2009:06:47:01 +0200] "GET /f-bannnerz.html HTTP/1.1" 200 12651 "http://www.various-euro.com/frame-menu.html" "Mozilla/4.0 (compatible; MSIE 7.0; Windows NT 5.2)"
38.105.83.13 - - [09/Jun/2009:06:47:01 +0200] "GET /f-doku-brau.html HTTP/1.1" 200 7152 "http://www.various-euro.com/frame-menu.html" "Mozilla/4.0 (compatible; MSIE 7.0; Windows NT 5.2)"
38.105.83.13 - - [09/Jun/2009:06:47:01 +0200] "GET /f-other.html HTTP/1.1" 200 19851 "http://www.various-euro.com/frame-menu.html" "Mozilla/4.0 (compatible; MSIE 7.0; Windows NT 5.2)"
38.105.83.13 - - [09/Jun/2009:06:47:02 +0200] "GET /f-search.html HTTP/1.1" 200 11800 "http://www.various-euro.com/frame-menu.html" "Mozilla/4.0 (compatible; MSIE 7.0; Windows NT 5.2)"
38.105.83.13 - - [09/Jun/2009:06:47:02 +0200] "GET /zampa-lovers/index.html HTTP/1.1" 200 37790 "http://www.various-euro.com/frame-menu.html" "Mozilla/4.0 (compatible; MSIE 7.0; Windows NT 5.2)"
38.105.83.13 - - [09/Jun/2009:06:47:02 +0200] "GET /f-zeug.html HTTP/1.1" 200 59462 "http://www.various-euro.com/frame-menu.html" "Mozilla/4.0 (compatible; MSIE 7.0; Windows NT 5.2)"
38.105.83.13 - - [09/Jun/2009:06:47:02 +0200] "GET /sendi_agent.html HTTP/1.1" 200 8791 "http://www.various-euro.com/frame-menu.html" "Mozilla/4.0 (compatible; MSIE 7.0; Windows NT 5.2)"
38.105.83.13 - - [09/Jun/2009:06:47:02 +0200] "GET /logs/ HTTP/1.1" 200 11511 "http://www.various-euro.com/frame-menu.html" "Mozilla/4.0 (compatible; MSIE 7.0; Windows NT 5.2)"
38.105.83.13 - - [09/Jun/2009:06:47:02 +0200] "GET /f-world.html HTTP/1.1" 200 35590 "http://www.various-euro.com/frame-menu.html" "Mozilla/4.0 (compatible; MSIE 7.0; Windows NT 5.2)"
38.105.83.13 - - [09/Jun/2009:06:47:04 +0200] "GET /restate_copy.html HTTP/1.1" 200 97631 "http://www.various-euro.com/frame-menu.html" "Mozilla/4.0 (compatible; MSIE 7.0; Windows NT 5.2)"
38.105.83.13 - - [09/Jun/2009:06:47:05 +0200] "GET /f-sponsor.html HTTP/1.1" 200 8578 "http://www.various-euro.com/frame-menu.html" "Mozilla/4.0 (compatible; MSIE 7.0; Windows NT 5.2)"
38.105.83.13 - - [09/Jun/2009:06:47:05 +0200] "GET /f-net.html HTTP/1.1" 200 9913 "http://www.various-euro.com/frame-menu.html" "Mozilla/4.0 (compatible; MSIE 7.0; Windows NT 5.2)"
38.105.83.13 - - [09/Jun/2009:06:47:05 +0200] "GET /f-warez.html HTTP/1.1" 200 10953 "http://www.various-euro.com/frame-menu.html" "Mozilla/4.0 (compatible; MSIE 7.0; Windows NT 5.2)"
38.105.83.13 - - [09/Jun/2009:06:47:05 +0200] "GET /f-channel1.html HTTP/1.1" 200 9329 "http://www.various-euro.com/frame-menu.html" "Mozilla/4.0 (compatible; MSIE 7.0; Windows NT 5.2)"
38.105.83.13 - - [09/Jun/2009:06:47:05 +0200] "GET /f-web.html HTTP/1.1" 200 13605 "http://www.various-euro.com/frame-menu.html" "Mozilla/4.0 (compatible; MSIE 7.0; Windows NT 5.2)"
38.105.83.13 - - [09/Jun/2009:06:47:05 +0200] "GET /f-actions.html HTTP/1.1" 200 11686 "http://www.various-euro.com/frame-menu.html" "Mozilla/4.0 (compatible; MSIE 7.0; Windows NT 5.2)"
38.105.83.13 - - [09/Jun/2009:06:47:06 +0200] "GET /snapshots.html HTTP/1.1" 200 4259 "http://www.various-euro.com/frame-menu.html" "Mozilla/4.0 (compatible; MSIE 7.0; Windows NT 5.2)"
38.105.83.13 - - [09/Jun/2009:06:48:21 +0200] "GET /neon/warning2.html HTTP/1.1" 200 997 "http://www.various-euro.com/neon/euro.html" "Mozilla/4.0 (compatible; MSIE 7.0; Windows NT 5.2)"
38.105.83.13 - - [09/Jun/2009:06:48:21 +0200] "GET /neon/europa.html HTTP/1.1" 200 389 "http://www.various-euro.com/neon/euro.html" "Mozilla/4.0 (compatible; MSIE 7.0; Windows NT 5.2)"
38.105.83.13 - - [09/Jun/2009:06:48:21 +0200] "GET /neon/channel.html HTTP/1.1" 200 1942 "http://www.various-euro.com/neon/euro.html" "Mozilla/4.0 (compatible; MSIE 7.0; Windows NT 5.2)"
38.105.83.13 - - [09/Jun/2009:06:48:21 +0200] "GET /neon/girlz3.html HTTP/1.1" 200 2479 "http://www.various-euro.com/neon/euro.html" "Mozilla/4.0 (compatible; MSIE 7.0; Windows NT 5.2)"
38.105.83.13 - - [09/Jun/2009:06:48:21 +0200] "GET /neon/click.html HTTP/1.1" 200 521 "http://www.various-euro.com/neon/euro.html" "Mozilla/4.0 (compatible; MSIE 7.0; Windows NT 5.2)"
38.105.83.13 - - [09/Jun/2009:06:48:21 +0200] "GET /games/virtualcop/virtualcop.html HTTP/1.1" 200 4487 "http://www.various-euro.com/partnergegenberlin.html" "Mozilla/4.0 (compatible; MSIE 7.0; Windows NT 5.2)"
38.105.83.13 - - [09/Jun/2009:06:48:21 +0200] "GET /neon/code.html HTTP/1.1" 200 1109 "http://www.various-euro.com/f-maintitle.html" "Mozilla/4.0 (compatible; MSIE 7.0; Windows NT 5.2)"
38.105.83.13 - - [09/Jun/2009:06:48:22 +0200] "GET /bmpp/18.html HTTP/1.1" 200 4467 "http://www.various-euro.com/neon/euro.html" "Mozilla/4.0 (compatible; MSIE 7.0; Windows NT 5.2)"
38.105.83.13 - - [09/Jun/2009:06:48:22 +0200] "GET /schubb/ HTTP/1.1" 403 1223 "http://www.various-euro.com/schubb/schubb-1.html" "Mozilla/4.0 (compatible; MSIE 7.0; Windows NT 5.2)"
38.105.83.13 - - [09/Jun/2009:06:48:22 +0200] "GET /schubb/schubb-2.html HTTP/1.1" 200 16660 "http://www.various-euro.com/schubb/schubb-1.html" "Mozilla/4.0 (compatible; MSIE 7.0; Windows NT 5.2)"
38.105.83.13 - - [09/Jun/2009:06:48:22 +0200] "GET /anon.css HTTP/1.1" 404 2748 "http://www.various-euro.com/your_tour.html" "Mozilla/4.0 (compatible; MSIE 7.0; Windows NT 5.2)"
38.105.83.13 - - [09/Jun/2009:06:48:22 +0200] "GET /DgH/rampe/index.html HTTP/1.1" 200 2056 "http://www.various-euro.com/f-euro.html" "Mozilla/4.0 (compatible; MSIE 7.0; Windows NT 5.2)"
38.105.83.13 - - [09/Jun/2009:06:48:22 +0200] "GET /DgH/watch/index.html HTTP/1.1" 200 2028 "http://www.various-euro.com/f-euro.html" "Mozilla/4.0 (compatible; MSIE 7.0; Windows NT 5.2)"
38.105.83.13 - - [09/Jun/2009:06:48:22 +0200] "GET /DgH/bull/index.html HTTP/1.1" 200 1915 "http://www.various-euro.com/f-euro.html" "Mozilla/4.0 (compatible; MSIE 7.0; Windows NT 5.2)"
38.105.83.13 - - [09/Jun/2009:06:48:22 +0200] "GET /DgH/orginal/index.html HTTP/1.1" 200 1727 "http://www.various-euro.com/f-euro.html" "Mozilla/4.0 (compatible; MSIE 7.0; Windows NT 5.2)"
38.105.83.13 - - [09/Jun/2009:06:48:22 +0200] "GET /freetransform.jar HTTP/1.1" 404 2748 "http://www.various-euro.com/f-other.html" "Mozilla/4.0 (compatible; MSIE 7.0; Windows NT 5.2)"
38.105.83.13 - - [09/Jun/2009:06:49:41 +0200] "GET /schubb/schubb-3.html HTTP/1.1" 200 17546 "http://www.various-euro.com/schubb/schubb-2.html" "Mozilla/4.0 (compatible; MSIE 7.0; Windows NT 5.2)"
65.55.106.117 - - [09/Jun/2009:07:01:11 +0200] "GET /zampa-lovers/index.html HTTP/1.1" 200 37790 "-" "msnbot/2.0b (+http://search.msn.com/msnbot.htm)"
83.133.125.202 - - [09/Jun/2009:07:05:34 +0200] "GET / HTTP/1.0" 200 7869 "-" "-"
83.133.125.202 - - [09/Jun/2009:07:05:34 +0200] "GET / HTTP/1.0" 200 7869 "-" "-"
38.99.44.105 - - [09/Jun/2009:07:11:22 +0200] "GET /robots.txt HTTP/1.0" 200 64 "-" "Mozilla/5.0 (Twiceler-0.9 http://www.cuil.com/twiceler/robot.html)"
68.98.94.37 - - [09/Jun/2009:07:17:37 +0200] "GET / HTTP/1.1" 200 7869 "-" "Mozilla/5.0 (Windows; U; Windows NT 6.0; en-US; rv:1.9.0.5) Gecko/2008120122 Firefox/3.0.5"
68.98.94.37 - - [09/Jun/2009:07:17:39 +0200] "GET /style/various-euro.css HTTP/1.1" 200 3437 "http://www.various-euro.com/" "Mozilla/5.0 (Windows; U; Windows NT 6.0; en-US; rv:1.9.0.5) Gecko/2008120122 Firefox/3.0.5"
68.98.94.37 - - [09/Jun/2009:07:17:43 +0200] "GET /ve-icon-2.ico HTTP/1.1" 200 2238 "-" "Mozilla/5.0 (Windows; U; Windows NT 6.0; en-US; rv:1.9.0.5) Gecko/2008120122 Firefox/3.0.5"
72.55.167.123 - - [09/Jun/2009:07:52:34 +0200] "GET / HTTP/1.0" 200 7869 "-" "-"
65.55.106.159 - - [09/Jun/2009:07:52:52 +0200] "GET /robots.txt HTTP/1.1" 302 363 "-" "msnbot/2.0b (+http://search.msn.com/msnbot.htm)"
65.55.106.159 - - [09/Jun/2009:07:52:52 +0200] "GET /zampa/robots.txt HTTP/1.1" 404 2748 "-" "msnbot/2.0b (+http://search.msn.com/msnbot.htm)"
66.235.124.61 - - [09/Jun/2009:07:55:22 +0200] "GET /framez_0.html HTTP/1.1" 200 12285 "-" "Mozilla/5.0 (compatible; Ask Jeeves/Teoma; +http://about.ask.com/en/docs/about/webmasters.shtml)"
72.14.199.8 - - [09/Jun/2009:08:07:52 +0200] "GET / HTTP/1.1" 302 353 "-" "Feedfetcher-Google; (+http://www.google.com/feedfetcher.html; 1 subscribers; feed-id=5454548576667470243)"
72.14.199.85 - - [09/Jun/2009:08:07:53 +0200] "GET /zampa/ HTTP/1.1" 200 7153 "-" "Feedfetcher-Google; (+http://www.google.com/feedfetcher.html; 1 subscribers; feed-id=5454548576667470243)"
72.30.79.93 - - [09/Jun/2009:09:19:55 +0200] "GET / HTTP/1.0" 200 7869 "http://kickme.to/ve" "Mozilla/5.0 (compatible; Yahoo! Slurp/3.0; http://help.yahoo.com/help/us/ysearch/slurp)"
72.30.79.93 - - [09/Jun/2009:09:19:55 +0200] "GET /style/various-euro.css HTTP/1.0" 304 - "http://www.various-euro.com/" "Mozilla/5.0 (compatible; Yahoo! Slurp/3.0; http://help.yahoo.com/help/us/ysearch/slurp)"
64.56.64.57 - - [09/Jun/2009:09:38:30 +0200] "GET /robots.txt HTTP/1.0" 200 64 "-" "web_bp (larbin2.6.3@unspecified.mail)"
208.80.195.41 - - [09/Jun/2009:09:41:41 +0200] "GET / HTTP/1.0" 200 7869 "-" "Mozilla/4.0 (compatible; MSIE 7.0; Windows NT 5.1; FunWebProducts; .NET CLR 1.0.3705; .NET CLR 1.1.4322; Media Center PC 3.1; HbTools 4.7.0; IEMB3; IEMB3)"
208.80.195.41 - - [09/Jun/2009:09:41:41 +0200] "GET / HTTP/1.0" 200 7869 "-" "Mozilla/4.0 (compatible; MSIE 7.0; Windows NT 5.1; .NET CLR 1.1.4322; .NET CLR 2.0.50727; IEMB3; InfoPath.2; IEMB3)"
64.56.64.57 - - [09/Jun/2009:09:43:07 +0200] "GET / HTTP/1.0" 200 7869 "-" "web_bp larbin2.6.3@unspecified.mail"
65.55.230.243 - - [09/Jun/2009:10:00:02 +0200] "GET /zampa/montenegro/MILOW.html HTTP/1.1" 200 860 "-" "msnbot-media/1.1 (+http://search.msn.com/msnbot.htm)"
65.55.106.138 - - [09/Jun/2009:10:25:51 +0200] "GET /robots.txt HTTP/1.1" 200 64 "-" "msnbot/2.0b (+http://search.msn.com/msnbot.htm)"
66.235.124.59 - - [09/Jun/2009:10:38:40 +0200] "GET /robots.txt HTTP/1.0" 200 64 "-" "Mozilla/5.0 (compatible; Ask Jeeves/Teoma; +http://about.ask.com/en/docs/about/webmasters.shtml)"
66.235.124.59 - - [09/Jun/2009:10:38:40 +0200] "GET / HTTP/1.0" 200 7869 "-" "Mozilla/5.0 (compatible; Ask Jeeves/Teoma; +http://about.ask.com/en/docs/about/webmasters.shtml)"
65.55.211.164 - - [09/Jun/2009:10:45:28 +0200] "GET /robots.txt HTTP/1.1" 200 64 "-" "msnbot/1.1 (+http://search.msn.com/msnbot.htm)"
65.55.211.164 - - [09/Jun/2009:10:45:28 +0200] "GET /neon/channel.html HTTP/1.1" 200 1942 "-" "msnbot/1.1 (+http://search.msn.com/msnbot.htm)"
72.14.199.8 - - [09/Jun/2009:11:08:12 +0200] "GET / HTTP/1.1" 302 353 "-" "Feedfetcher-Google; (+http://www.google.com/feedfetcher.html; 1 subscribers; feed-id=5454548576667470243)"
72.14.199.85 - - [09/Jun/2009:11:08:21 +0200] "GET /zampa/ HTTP/1.1" 200 7153 "-" "Feedfetcher-Google; (+http://www.google.com/feedfetcher.html; 1 subscribers; feed-id=5454548576667470243)"
66.235.124.7 - - [09/Jun/2009:11:09:34 +0200] "GET /restate_copy.html HTTP/1.1" 200 97631 "-" "Mozilla/5.0 (compatible; Ask Jeeves/Teoma; +http://about.ask.com/en/docs/about/webmasters.shtml)"
66.235.124.7 - - [09/Jun/2009:11:09:35 +0200] "GET /menueleiste.js HTTP/1.1" 404 2748 "-" "Mozilla/5.0 (compatible; Ask Jeeves/Teoma; +http://about.ask.com/en/docs/about/webmasters.shtml)"
119.63.193.214 - - [09/Jun/2009:11:14:19 +0200] "GET / HTTP/1.1" 200 7869 "-" "Baiduspider+(+http://www.baidu.jp/spider/)"
92.76.64.156 - - [09/Jun/2009:11:50:37 +0200] "GET http://various-euro.com/www/delivery/fc.php HTTP/1.0" 404 2748 "http://various-euro.com/www/delivery/fc.php" "Mozilla/4.0 (compatible; MSIE 6.0; Windows NT 5.1)"
92.76.64.156 - - [09/Jun/2009:11:50:37 +0200] "GET http://various-euro.com/ads/www/delivery/fc.php HTTP/1.0" 404 2748 "http://various-euro.com/ads/www/delivery/fc.php" "Mozilla/4.0 (compatible; MSIE 6.0; Windows NT 5.1)"
66.249.66.35 - - [09/Jun/2009:12:05:27 +0200] "GET /robots.txt HTTP/1.1" 200 64 "-" "Mozilla/5.0 (compatible; Googlebot/2.1; +http://www.google.com/bot.html)"
66.249.66.35 - - [09/Jun/2009:12:05:27 +0200] "GET /logs/usage_200906.html HTTP/1.1" 404 2748 "-" "Mozilla/5.0 (compatible; Googlebot/2.1; +http://www.google.com/bot.html)"
80.101.36.62 - - [09/Jun/2009:12:41:43 +0200] "GET / HTTP/1.1" 302 353 "http://www.google.nl/search?hl=nl&q=zampa+di+leone&btnG=Google+zoeken&meta=" "Mozilla/5.0 (Macintosh; U; PPC Mac OS X Mach-O; en; rv:1.8.1.19) Gecko/20081212 Camino/1.6.6 (like Firefox/2.0.0.19)"
80.101.36.62 - - [09/Jun/2009:12:41:45 +0200] "GET /zampa/ HTTP/1.1" 200 7153 "http://www.google.nl/search?hl=nl&q=zampa+di+leone&btnG=Google+zoeken&meta=" "Mozilla/5.0 (Macintosh; U; PPC Mac OS X Mach-O; en; rv:1.8.1.19) Gecko/20081212 Camino/1.6.6 (like Firefox/2.0.0.19)"
80.101.36.62 - - [09/Jun/2009:12:41:45 +0200] "GET /favicon.ico HTTP/1.1" 404 2748 "-" "Mozilla/5.0 (Macintosh; U; PPC Mac OS X Mach-O; en; rv:1.8.1.19) Gecko/20081212 Camino/1.6.6 (like Firefox/2.0.0.19)"
80.101.36.62 - - [09/Jun/2009:12:41:45 +0200] "GET /zampa/slike/zampa.gif HTTP/1.1" 200 5310 "http://www.various-euro.com/zampa/" "Mozilla/5.0 (Macintosh; U; PPC Mac OS X Mach-O; en; rv:1.8.1.19) Gecko/20081212 Camino/1.6.6 (like Firefox/2.0.0.19)"
80.101.36.62 - - [09/Jun/2009:12:41:45 +0200] "GET /zampa/slike/udupetu.gif HTTP/1.1" 200 4138 "http://www.various-euro.com/zampa/" "Mozilla/5.0 (Macintosh; U; PPC Mac OS X Mach-O; en; rv:1.8.1.19) Gecko/20081212 Camino/1.6.6 (like Firefox/2.0.0.19)"
80.101.36.62 - - [09/Jun/2009:12:41:45 +0200] "GET /zampa/slike/inthearse.gif HTTP/1.1" 200 4077 "http://www.various-euro.com/zampa/" "Mozilla/5.0 (Macintosh; U; PPC Mac OS X Mach-O; en; rv:1.8.1.19) Gecko/20081212 Camino/1.6.6 (like Firefox/2.0.0.19)"
80.101.36.62 - - [09/Jun/2009:12:41:49 +0200] "GET /zampa/wonderland/index.html HTTP/1.1" 200 2084 "http://www.various-euro.com/zampa/" "Mozilla/5.0 (Macintosh; U; PPC Mac OS X Mach-O; en; rv:1.8.1.19) Gecko/20081212 Camino/1.6.6 (like Firefox/2.0.0.19)"
80.101.36.62 - - [09/Jun/2009:12:41:49 +0200] "GET /zampa/wonderland/TWonder.gif HTTP/1.1" 200 76757 "http://www.various-euro.com/zampa/wonderland/index.html" "Mozilla/5.0 (Macintosh; U; PPC Mac OS X Mach-O; en; rv:1.8.1.19) Gecko/20081212 Camino/1.6.6 (like Firefox/2.0.0.19)"
72.30.79.93 - - [09/Jun/2009:12:52:23 +0200] "GET /channel1.html HTTP/1.0" 404 2748 "-" "Mozilla/5.0 (compatible; Yahoo! Slurp/3.0; http://help.yahoo.com/help/us/ysearch/slurp)"
72.30.79.93 - - [09/Jun/2009:12:54:07 +0200] "GET /neon/channel.html HTTP/1.0" 200 1942 "-" "Mozilla/5.0 (compatible; Yahoo! Slurp/3.0; http://help.yahoo.com/help/us/ysearch/slurp)"
81.25.58.23 - - [09/Jun/2009:13:10:41 +0200] "GET / HTTP/1.1" 200 7869 "http://www.ovale.ru" "ovale_total/0.1"
66.249.66.35 - - [09/Jun/2009:14:07:24 +0200] "GET / HTTP/1.1" 200 7869 "-" "Mozilla/5.0 (compatible; Googlebot/2.1; +http://www.google.com/bot.html)"
72.14.199.8 - - [09/Jun/2009:14:08:27 +0200] "GET / HTTP/1.1" 302 353 "-" "Feedfetcher-Google; (+http://www.google.com/feedfetcher.html; 1 subscribers; feed-id=5454548576667470243)"
72.14.199.85 - - [09/Jun/2009:14:08:51 +0200] "GET /zampa/ HTTP/1.1" 200 7153 "-" "Feedfetcher-Google; (+http://www.google.com/feedfetcher.html; 1 subscribers; feed-id=5454548576667470243)"
91.56.183.56 - - [09/Jun/2009:14:21:50 +0200] "GET / HTTP/1.1" 200 7869 "-" "Mozilla/5.0 (Windows; U; Windows NT 5.1; de; rv:1.9.0.10) Gecko/2009042316 Firefox/3.0.10"
91.56.183.56 - - [09/Jun/2009:14:21:50 +0200] "GET /style/various-euro.css HTTP/1.1" 200 3437 "http://www.various-euro.com/" "Mozilla/5.0 (Windows; U; Windows NT 5.1; de; rv:1.9.0.10) Gecko/2009042316 Firefox/3.0.10"
91.56.183.56 - - [09/Jun/2009:14:21:52 +0200] "GET /favicon.ico HTTP/1.1" 404 2748 "-" "Mozilla/5.0 (Windows; U; Windows NT 5.1; de; rv:1.9.0.10) Gecko/2009042316 Firefox/3.0.10"
91.56.183.56 - - [09/Jun/2009:14:21:56 +0200] "GET /favicon.ico HTTP/1.1" 404 2748 "-" "Mozilla/5.0 (Windows; U; Windows NT 5.1; de; rv:1.9.0.10) Gecko/2009042316 Firefox/3.0.10"
72.30.79.93 - - [09/Jun/2009:14:44:49 +0200] "GET /schubb/schubb-5.html HTTP/1.0" 200 72944 "-" "Mozilla/5.0 (compatible; Yahoo! Slurp/3.0; http://help.yahoo.com/help/us/ysearch/slurp)"
65.55.231.30 - - [09/Jun/2009:14:52:00 +0200] "GET /robots.txt HTTP/1.1" 200 64 "-" "msnbot-media/1.1 (+http://search.msn.com/msnbot.htm)"
65.55.231.30 - - [09/Jun/2009:14:52:00 +0200] "GET /zampa/montenegro/slike/grosse/MILOg.jpg HTTP/1.1" 200 16761 "-" "msnbot-media/1.1 (+http://search.msn.com/msnbot.htm)"
65.55.211.166 - - [09/Jun/2009:15:16:03 +0200] "GET /robots.txt HTTP/1.1" 200 64 "-" "msnbot/1.1 (+http://search.msn.com/msnbot.htm)"
65.55.211.166 - - [09/Jun/2009:15:16:04 +0200] "GET /f-contact.html HTTP/1.1" 200 6804 "-" "msnbot/1.1 (+http://search.msn.com/msnbot.htm)"
81.164.112.12 - - [09/Jun/2009:15:24:50 +0200] "GET /bannerz/various-euro-girl.jpg HTTP/1.1" 200 91514 "http://www.airtightinteractive.com/projects/simple_image_search/app/viewer.swf" "Mozilla/4.0 (compatible; MSIE 7.0; Windows NT 5.1; .NET CLR 1.1.4322)"
65.55.106.209 - - [09/Jun/2009:15:27:57 +0200] "GET /robots.txt HTTP/1.1" 302 363 "-" "msnbot/2.0b (+http://search.msn.com/msnbot.htm)"
66.249.66.35 - - [09/Jun/2009:15:30:52 +0200] "GET /schubb/schubb-2.html HTTP/1.1" 200 16660 "-" "Mozilla/5.0 (compatible; Googlebot/2.1; +http://www.google.com/bot.html)"
65.55.106.209 - - [09/Jun/2009:15:38:19 +0200] "GET /robots.txt HTTP/1.1" 302 363 "-" "msnbot/2.0b (+http://search.msn.com/msnbot.htm)"
65.55.106.209 - - [09/Jun/2009:15:38:19 +0200] "GET /zampa/robots.txt HTTP/1.1" 404 2748 "-" "msnbot/2.0b (+http://search.msn.com/msnbot.htm)"
65.55.211.159 - - [09/Jun/2009:15:48:31 +0200] "GET /robots.txt HTTP/1.1" 200 64 "-" "msnbot/1.1 (+http://search.msn.com/msnbot.htm)"
65.55.211.159 - - [09/Jun/2009:15:48:31 +0200] "GET /DgH/rampe/index.html HTTP/1.1" 200 2056 "-" "msnbot/1.1 (+http://search.msn.com/msnbot.htm)"
141.113.86.92 - - [09/Jun/2009:16:02:52 +0200] "GET /restate_copy.html HTTP/1.1" 200 97631 "http://www.bing.com/search?q=%22franziska+petruschke%22&filt=all&first=11&FORM=PERE" "Mozilla/4.0 (compatible; MSIE 6.0; Windows NT 5.1; SV1; dcdev001; .NET CLR 1.1.4322; .NET CLR 2.0.50727; .NET CLR 3.0.04506.30)"
141.113.85.93 - - [09/Jun/2009:16:02:52 +0200] "GET /menueleiste.js HTTP/1.1" 404 2748 "http://www.various-euro.com/restate_copy.html" "Mozilla/4.0 (compatible; MSIE 6.0; Windows NT 5.1; SV1; dcdev001; .NET CLR 1.1.4322; .NET CLR 2.0.50727; .NET CLR 3.0.04506.30)"
141.113.85.93 - - [09/Jun/2009:16:02:52 +0200] "GET /detonators.gif HTTP/1.1" 200 14892 "http://www.various-euro.com/restate_copy.html" "Mozilla/4.0 (compatible; MSIE 6.0; Windows NT 5.1; SV1; dcdev001; .NET CLR 1.1.4322; .NET CLR 2.0.50727; .NET CLR 3.0.04506.30)"
141.113.86.92 - - [09/Jun/2009:16:02:52 +0200] "GET /bannerz/rebelle.gif HTTP/1.1" 200 6986 "http://www.various-euro.com/restate_copy.html" "Mozilla/4.0 (compatible; MSIE 6.0; Windows NT 5.1; SV1; dcdev001; .NET CLR 1.1.4322; .NET CLR 2.0.50727; .NET CLR 3.0.04506.30)"
141.113.85.93 - - [09/Jun/2009:16:02:53 +0200] "GET /framez-restate.html HTTP/1.1" 200 4328 "-" "Mozilla/4.0 (compatible; MSIE 6.0; Windows NT 5.1; SV1; dcdev001; .NET CLR 1.1.4322; .NET CLR 2.0.50727; .NET CLR 3.0.04506.30)"
141.113.85.93 - - [09/Jun/2009:16:02:53 +0200] "GET /frame-menu.html HTTP/1.1" 200 10500 "http://www.various-euro.com/framez-restate.html" "Mozilla/4.0 (compatible; MSIE 6.0; Windows NT 5.1; SV1; dcdev001; .NET CLR 1.1.4322; .NET CLR 2.0.50727; .NET CLR 3.0.04506.30)"
141.113.86.94 - - [09/Jun/2009:16:02:53 +0200] "GET /frame-unten.html HTTP/1.1" 200 5308 "http://www.various-euro.com/framez-restate.html" "Mozilla/4.0 (compatible; MSIE 6.0; Windows NT 5.1; SV1; dcdev001; .NET CLR 1.1.4322; .NET CLR 2.0.50727; .NET CLR 3.0.04506.30)"
141.113.86.94 - - [09/Jun/2009:16:02:53 +0200] "GET /restate_copy.html HTTP/1.1" 200 97631 "http://www.various-euro.com/framez-restate.html" "Mozilla/4.0 (compatible; MSIE 6.0; Windows NT 5.1; SV1; dcdev001; .NET CLR 1.1.4322; .NET CLR 2.0.50727; .NET CLR 3.0.04506.30)"
141.113.85.93 - - [09/Jun/2009:16:02:53 +0200] "GET /menueleiste.js HTTP/1.1" 404 2748 "http://www.various-euro.com/restate_copy.html" "Mozilla/4.0 (compatible; MSIE 6.0; Windows NT 5.1; SV1; dcdev001; .NET CLR 1.1.4322; .NET CLR 2.0.50727; .NET CLR 3.0.04506.30)"
141.113.86.94 - - [09/Jun/2009:16:02:53 +0200] "GET /style/various-euro.css HTTP/1.1" 200 3437 "http://www.various-euro.com/frame-menu.html" "Mozilla/4.0 (compatible; MSIE 6.0; Windows NT 5.1; SV1; dcdev001; .NET CLR 1.1.4322; .NET CLR 2.0.50727; .NET CLR 3.0.04506.30)"
141.113.85.93 - - [09/Jun/2009:16:02:53 +0200] "GET /bannerz/ve.jpg HTTP/1.1" 200 36912 "http://www.various-euro.com/frame-unten.html" "Mozilla/4.0 (compatible; MSIE 6.0; Windows NT 5.1; SV1; dcdev001; .NET CLR 1.1.4322; .NET CLR 2.0.50727; .NET CLR 3.0.04506.30)"
141.113.85.93 - - [09/Jun/2009:16:02:53 +0200] "GET /bannerz/various-euro-girl.jpg HTTP/1.1" 200 91514 "http://www.various-euro.com/frame-unten.html" "Mozilla/4.0 (compatible; MSIE 6.0; Windows NT 5.1; SV1; dcdev001; .NET CLR 1.1.4322; .NET CLR 2.0.50727; .NET CLR 3.0.04506.30)"
141.113.85.93 - - [09/Jun/2009:16:03:05 +0200] "GET /menueleiste.js HTTP/1.1" 404 2748 "http://www.various-euro.com/restate_copy.html" "Mozilla/4.0 (compatible; MSIE 6.0; Windows NT 5.1; SV1; dcdev001; .NET CLR 1.1.4322; .NET CLR 2.0.50727; .NET CLR 3.0.04506.30)"
141.113.86.94 - - [09/Jun/2009:16:03:05 +0200] "GET /framez-restate.html HTTP/1.1" 200 4328 "-" "Mozilla/4.0 (compatible; MSIE 6.0; Windows NT 5.1; SV1; dcdev001; .NET CLR 1.1.4322; .NET CLR 2.0.50727; .NET CLR 3.0.04506.30)"
141.113.85.93 - - [09/Jun/2009:16:03:05 +0200] "GET /frame-menu.html HTTP/1.1" 200 10500 "http://www.various-euro.com/framez-restate.html" "Mozilla/4.0 (compatible; MSIE 6.0; Windows NT 5.1; SV1; dcdev001; .NET CLR 1.1.4322; .NET CLR 2.0.50727; .NET CLR 3.0.04506.30)"
141.113.85.93 - - [09/Jun/2009:16:03:05 +0200] "GET /frame-unten.html HTTP/1.1" 200 5308 "http://www.various-euro.com/framez-restate.html" "Mozilla/4.0 (compatible; MSIE 6.0; Windows NT 5.1; SV1; dcdev001; .NET CLR 1.1.4322; .NET CLR 2.0.50727; .NET CLR 3.0.04506.30)"
141.113.85.93 - - [09/Jun/2009:16:03:05 +0200] "GET /restate_copy.html HTTP/1.1" 200 97631 "http://www.various-euro.com/framez-restate.html" "Mozilla/4.0 (compatible; MSIE 6.0; Windows NT 5.1; SV1; dcdev001; .NET CLR 1.1.4322; .NET CLR 2.0.50727; .NET CLR 3.0.04506.30)"
141.113.86.94 - - [09/Jun/2009:16:03:05 +0200] "GET /menueleiste.js HTTP/1.1" 404 2748 "http://www.various-euro.com/restate_copy.html" "Mozilla/4.0 (compatible; MSIE 6.0; Windows NT 5.1; SV1; dcdev001; .NET CLR 1.1.4322; .NET CLR 2.0.50727; .NET CLR 3.0.04506.30)"
141.113.85.93 - - [09/Jun/2009:16:03:06 +0200] "GET /menueleiste.js HTTP/1.1" 404 2748 "http://www.various-euro.com/restate_copy.html" "Mozilla/4.0 (compatible; MSIE 6.0; Windows NT 5.1; SV1; dcdev001; .NET CLR 1.1.4322; .NET CLR 2.0.50727; .NET CLR 3.0.04506.30)"
141.113.86.94 - - [09/Jun/2009:16:03:06 +0200] "GET /framez-restate.html HTTP/1.1" 200 4328 "-" "Mozilla/4.0 (compatible; MSIE 6.0; Windows NT 5.1; SV1; dcdev001; .NET CLR 1.1.4322; .NET CLR 2.0.50727; .NET CLR 3.0.04506.30)"
141.113.86.92 - - [09/Jun/2009:16:03:06 +0200] "GET /frame-menu.html HTTP/1.1" 200 10500 "http://www.various-euro.com/framez-restate.html" "Mozilla/4.0 (compatible; MSIE 6.0; Windows NT 5.1; SV1; dcdev001; .NET CLR 1.1.4322; .NET CLR 2.0.50727; .NET CLR 3.0.04506.30)"
141.113.85.93 - - [09/Jun/2009:16:03:06 +0200] "GET /menueleiste.js HTTP/1.1" 404 2748 "http://www.various-euro.com/restate_copy.html" "Mozilla/4.0 (compatible; MSIE 6.0; Windows NT 5.1; SV1; dcdev001; .NET CLR 1.1.4322; .NET CLR 2.0.50727; .NET CLR 3.0.04506.30)"
72.30.79.93 - - [09/Jun/2009:16:03:44 +0200] "GET /partnergegenberlin.html HTTP/1.0" 200 5022 "-" "Mozilla/5.0 (compatible; Yahoo! Slurp/3.0; http://help.yahoo.com/help/us/ysearch/slurp)"
123.125.64.38 - - [09/Jun/2009:16:13:30 +0200] "GET / HTTP/1.1" 200 7869 "-" "Baiduspider+(+http://www.baidu.com/search/spider.htm)"
119.63.195.58 - - [09/Jun/2009:16:32:25 +0200] "GET / HTTP/1.1" 200 7869 "-" "Baiduspider+(+http://www.baidu.jp/spider/)"
65.55.106.166 - - [09/Jun/2009:16:35:12 +0200] "GET /robots.txt HTTP/1.1" 200 64 "-" "msnbot/2.0b (+http://search.msn.com/msnbot.htm)"
92.76.64.156 - - [09/Jun/2009:16:41:03 +0200] "GET http://various-euro.com/cpg/login.php HTTP/1.0" 404 2748 "http://various-euro.com/cpg/login.php" "Mozilla/4.0 (compatible; MSIE 6.0; Windows NT 5.1)"
91.56.183.56 - - [09/Jun/2009:17:28:32 +0200] "GET / HTTP/1.1" 200 7869 "-" "Mozilla/5.0 (Windows; U; Windows NT 5.1; de; rv:1.9.0.10) Gecko/2009042316 Firefox/3.0.10"
91.56.183.56 - - [09/Jun/2009:17:28:35 +0200] "GET /favicon.ico HTTP/1.1" 404 2748 "-" "Mozilla/5.0 (Windows; U; Windows NT 5.1; de; rv:1.9.0.10) Gecko/2009042316 Firefox/3.0.10"
92.76.64.156 - - [09/Jun/2009:17:30:22 +0200] "GET http://various-euro.com/ HTTP/1.0" 200 7869 "http://various-euro.com/" "Mozilla/4.0 (compatible; MSIE 6.0; Windows NT 5.1)"
65.55.106.189 - - [09/Jun/2009:17:35:08 +0200] "GET /zampa/montenegro/MILOW.html HTTP/1.1" 200 860 "-" "msnbot/2.0b (+http://search.msn.com/msnbot.htm)"
72.14.199.8 - - [09/Jun/2009:17:51:02 +0200] "GET / HTTP/1.1" 302 353 "-" "Feedfetcher-Google; (+http://www.google.com/feedfetcher.html; 1 subscribers; feed-id=5454548576667470243)"
72.14.199.85 - - [09/Jun/2009:17:51:03 +0200] "GET /zampa/ HTTP/1.1" 200 7153 "-" "Feedfetcher-Google; (+http://www.google.com/feedfetcher.html; 1 subscribers; feed-id=5454548576667470243)"
65.55.211.171 - - [09/Jun/2009:18:04:58 +0200] "GET /robots.txt HTTP/1.1" 200 64 "-" "msnbot/1.1 (+http://search.msn.com/msnbot.htm)"
65.55.211.171 - - [09/Jun/2009:18:04:59 +0200] "GET /zampa/montenegro/ HTTP/1.1" 200 2651 "-" "msnbot/1.1 (+http://search.msn.com/msnbot.htm)"
65.55.106.212 - - [09/Jun/2009:18:10:50 +0200] "GET /robots.txt HTTP/1.1" 200 64 "-" "msnbot/2.0b (+http://search.msn.com/msnbot.htm)"
123.125.66.107 - - [09/Jun/2009:18:27:40 +0200] "GET / HTTP/1.1" 200 7869 "-" "Baiduspider+(+http://www.baidu.com/search/spider.htm)"
123.125.66.111 - - [09/Jun/2009:18:28:55 +0200] "GET / HTTP/1.1" 200 7869 "-" "Baiduspider+(+http://www.baidu.com/search/spider.htm)"
220.181.7.103 - - [09/Jun/2009:19:30:08 +0200] "GET /robots.txt HTTP/1.1" 200 64 "-" "Baiduspider+(+http://www.baidu.com/search/spider.htm)"
123.125.66.33 - - [09/Jun/2009:19:31:20 +0200] "GET / HTTP/1.1" 200 7869 "-" "Baiduspider+(+http://www.baidu.com/search/spider.htm)"
123.125.66.38 - - [09/Jun/2009:19:31:21 +0200] "GET /framez_0.html HTTP/1.1" 200 12285 "-" "Baiduspider+(+http://www.baidu.com/search/spider.htm)"
123.125.64.12 - - [09/Jun/2009:19:31:21 +0200] "GET /robots.txt HTTP/1.1" 200 64 "-" "Baiduspider+(+http://www.baidu.com/search/spider.htm)"
65.55.211.157 - - [09/Jun/2009:19:45:02 +0200] "GET /robots.txt HTTP/1.1" 200 64 "-" "msnbot/1.1 (+http://search.msn.com/msnbot.htm)"
65.55.211.157 - - [09/Jun/2009:19:45:02 +0200] "GET /robots.txt HTTP/1.1" 304 - "-" "msnbot/1.1 (+http://search.msn.com/msnbot.htm)"
189.137.151.235 - - [09/Jun/2009:19:48:44 +0200] "POST http://various-euro.com/cgi-bin/imagefolio/imageFolio.cgi HTTP/1.0" 404 2748 "http://various-euro.com/cgi-bin/imagefolio/imageFolio.cgi" "Mozilla/4.0 (compatible; MSIE 6.0; Windows NT 5.1)"
189.137.151.235 - - [09/Jun/2009:19:48:44 +0200] "GET http://various-euro.com/message.php?freset=http://jeyjoloco.webcindario.com/jeyjo_r_57.txt? HTTP/1.0" 404 2748 "http://various-euro.com/message.php?freset=http://jeyjoloco.webcindario.com/jeyjo_r_57.txt?" "Mozilla/4.0 (compatible; MSIE 6.0; Windows NT 5.1)"
65.55.106.240 - - [09/Jun/2009:19:48:56 +0200] "GET /robots.txt HTTP/1.1" 200 64 "-" "msnbot/2.0b (+http://search.msn.com/msnbot.htm)"
65.55.51.70 - - [09/Jun/2009:19:57:20 +0200] "GET /robots.txt HTTP/1.1" 302 363 "-" "msnbot/2.0b (+http://search.msn.com/msnbot.htm)"
65.55.51.70 - - [09/Jun/2009:19:57:20 +0200] "GET /zampa/robots.txt HTTP/1.1" 404 2748 "-" "msnbot/2.0b (+http://search.msn.com/msnbot.htm)"
65.55.106.117 - - [09/Jun/2009:20:20:45 +0200] "GET /frame-unten.html HTTP/1.1" 200 5308 "-" "msnbot/2.0b (+http://search.msn.com/msnbot.htm)"
78.53.44.240 - - [09/Jun/2009:20:33:56 +0200] "GET / HTTP/1.1" 302 353 "http://www.google.com/search?client=safari&rls=de-de&q=zampa+di+leone+irwin&ie=UTF-8&oe=UTF-8" "Mozilla/5.0 (Macintosh; U; Intel Mac OS X 10_4_11; de-de) AppleWebKit/525.27.1 (KHTML, like Gecko) Version/3.2.1 Safari/525.27.1"
78.53.44.240 - - [09/Jun/2009:20:33:56 +0200] "GET /zampa/ HTTP/1.1" 200 7153 "http://www.google.com/search?client=safari&rls=de-de&q=zampa+di+leone+irwin&ie=UTF-8&oe=UTF-8" "Mozilla/5.0 (Macintosh; U; Intel Mac OS X 10_4_11; de-de) AppleWebKit/525.27.1 (KHTML, like Gecko) Version/3.2.1 Safari/525.27.1"
78.53.44.240 - - [09/Jun/2009:20:33:56 +0200] "GET /zampa/slike/zampa.gif HTTP/1.1" 200 5310 "http://www.various-euro.com/zampa/" "Mozilla/5.0 (Macintosh; U; Intel Mac OS X 10_4_11; de-de) AppleWebKit/525.27.1 (KHTML, like Gecko) Version/3.2.1 Safari/525.27.1"
78.53.44.240 - - [09/Jun/2009:20:33:56 +0200] "GET /zampa/slike/inthearse.gif HTTP/1.1" 200 4077 "http://www.various-euro.com/zampa/" "Mozilla/5.0 (Macintosh; U; Intel Mac OS X 10_4_11; de-de) AppleWebKit/525.27.1 (KHTML, like Gecko) Version/3.2.1 Safari/525.27.1"
78.53.44.240 - - [09/Jun/2009:20:33:56 +0200] "GET /zampa/slike/udupetu.gif HTTP/1.1" 200 4138 "http://www.various-euro.com/zampa/" "Mozilla/5.0 (Macintosh; U; Intel Mac OS X 10_4_11; de-de) AppleWebKit/525.27.1 (KHTML, like Gecko) Version/3.2.1 Safari/525.27.1"
78.53.44.240 - - [09/Jun/2009:20:33:56 +0200] "GET /favicon.ico HTTP/1.1" 404 2748 "http://www.various-euro.com/zampa/" "Mozilla/5.0 (Macintosh; U; Intel Mac OS X 10_4_11; de-de) AppleWebKit/525.27.1 (KHTML, like Gecko) Version/3.2.1 Safari/525.27.1"
78.53.44.240 - - [09/Jun/2009:20:34:00 +0200] "GET /zampa/slike/E4IRWIN.GIF HTTP/1.1" 200 53174 "http://www.various-euro.com/zampa/" "Mozilla/5.0 (Macintosh; U; Intel Mac OS X 10_4_11; de-de) AppleWebKit/525.27.1 (KHTML, like Gecko) Version/3.2.1 Safari/525.27.1"
72.14.199.8 - - [09/Jun/2009:20:51:10 +0200] "GET / HTTP/1.1" 302 353 "-" "Feedfetcher-Google; (+http://www.google.com/feedfetcher.html; 1 subscribers; feed-id=5454548576667470243)"
65.55.106.131 - - [09/Jun/2009:20:51:46 +0200] "GET /frame-unten.html HTTP/1.1" 200 5308 "-" "msnbot/2.0b (+http://search.msn.com/msnbot.htm)"
78.53.44.240 - - [09/Jun/2009:20:53:23 +0200] "GET /zampa/slike/E7MEDIAA.GIF HTTP/1.1" 200 44716 "http://www.various-euro.com/zampa/" "Mozilla/5.0 (Macintosh; U; Intel Mac OS X 10_4_11; de-de) AppleWebKit/525.27.1 (KHTML, like Gecko) Version/3.2.1 Safari/525.27.1"
72.30.79.93 - - [09/Jun/2009:20:58:09 +0200] "GET /robots.txt HTTP/1.0" 200 64 "-" "Mozilla/5.0 (compatible; Yahoo! Slurp; http://help.yahoo.com/help/us/ysearch/slurp)"
72.30.79.93 - - [09/Jun/2009:20:58:10 +0200] "GET /slow-walk2.html HTTP/1.0" 404 2748 "-" "Mozilla/5.0 (compatible; Yahoo! Slurp/3.0; http://help.yahoo.com/help/us/ysearch/slurp)"
65.55.211.162 - - [09/Jun/2009:21:11:17 +0200] "GET /robots.txt HTTP/1.1" 200 64 "-" "msnbot/1.1 (+http://search.msn.com/msnbot.htm)"
65.55.211.162 - - [09/Jun/2009:21:11:17 +0200] "GET /framez-rez.html HTTP/1.1" 200 4323 "-" "msnbot/1.1 (+http://search.msn.com/msnbot.htm)"
72.14.199.85 - - [09/Jun/2009:21:16:44 +0200] "GET /zampa/ HTTP/1.1" 200 7153 "-" "Feedfetcher-Google; (+http://www.google.com/feedfetcher.html; 1 subscribers; feed-id=5454548576667470243)"
65.55.211.162 - - [09/Jun/2009:21:21:49 +0200] "GET /robots.txt HTTP/1.1" 200 64 "-" "msnbot/1.0 (+http://search.msn.com/msnbot.htm)"
