92.242.229.242 - - [27/Jun/2009:16:04:29 +0200] "GET /ve-icon-2.ico HTTP/1.1" 200 2238 "-" "Mozilla/5.0 (Windows; U; Windows NT 5.1; en-US; rv:1.9.0.11) Gecko/2009060215 Firefox/3.0.11"
92.242.229.242 - - [27/Jun/2009:16:04:29 +0200] "GET /frame-menu.html HTTP/1.1" 200 10500 "http://www.various-euro.com/framez-zampa-lovers.html" "Mozilla/5.0 (Windows; U; Windows NT 5.1; en-US; rv:1.9.0.11) Gecko/2009060215 Firefox/3.0.11"
92.242.229.242 - - [27/Jun/2009:16:04:29 +0200] "GET /frame-unten.html HTTP/1.1" 200 5308 "http://www.various-euro.com/framez-zampa-lovers.html" "Mozilla/5.0 (Windows; U; Windows NT 5.1; en-US; rv:1.9.0.11) Gecko/2009060215 Firefox/3.0.11"
92.242.229.242 - - [27/Jun/2009:16:04:30 +0200] "GET /style/various-euro.css HTTP/1.1" 200 3437 "http://www.various-euro.com/frame-menu.html" "Mozilla/5.0 (Windows; U; Windows NT 5.1; en-US; rv:1.9.0.11) Gecko/2009060215 Firefox/3.0.11"
92.242.229.242 - - [27/Jun/2009:16:04:30 +0200] "GET /bannerz/ve.jpg HTTP/1.1" 200 36912 "http://www.various-euro.com/frame-unten.html" "Mozilla/5.0 (Windows; U; Windows NT 5.1; en-US; rv:1.9.0.11) Gecko/2009060215 Firefox/3.0.11"
92.242.229.242 - - [27/Jun/2009:16:04:29 +0200] "GET /zampa-lovers/index.html HTTP/1.1" 200 37790 "http://www.various-euro.com/framez-zampa-lovers.html" "Mozilla/5.0 (Windows; U; Windows NT 5.1; en-US; rv:1.9.0.11) Gecko/2009060215 Firefox/3.0.11"
92.242.229.242 - - [27/Jun/2009:16:04:30 +0200] "GET /zampa-lovers/kralle.gif HTTP/1.1" 404 2748 "http://www.various-euro.com/zampa-lovers/index.html" "Mozilla/5.0 (Windows; U; Windows NT 5.1; en-US; rv:1.9.0.11) Gecko/2009060215 Firefox/3.0.11"
92.242.229.242 - - [27/Jun/2009:16:04:30 +0200] "GET /zampa-lovers/MILIZA_2.JPG HTTP/1.1" 200 22172 "http://www.various-euro.com/zampa-lovers/index.html" "Mozilla/5.0 (Windows; U; Windows NT 5.1; en-US; rv:1.9.0.11) Gecko/2009060215 Firefox/3.0.11"
92.242.229.242 - - [27/Jun/2009:16:04:30 +0200] "GET /zampa-lovers/MILIZA_B.JPG HTTP/1.1" 200 10947 "http://www.various-euro.com/zampa-lovers/index.html" "Mozilla/5.0 (Windows; U; Windows NT 5.1; en-US; rv:1.9.0.11) Gecko/2009060215 Firefox/3.0.11"
92.242.229.242 - - [27/Jun/2009:16:04:30 +0200] "GET /zampa-lovers/MILIZA_4.JPG HTTP/1.1" 200 9946 "http://www.various-euro.com/zampa-lovers/index.html" "Mozilla/5.0 (Windows; U; Windows NT 5.1; en-US; rv:1.9.0.11) Gecko/2009060215 Firefox/3.0.11"
92.242.229.242 - - [27/Jun/2009:16:04:30 +0200] "GET /zampa-lovers/DRAGAN_Z.JPG HTTP/1.1" 200 6850 "http://www.various-euro.com/zampa-lovers/index.html" "Mozilla/5.0 (Windows; U; Windows NT 5.1; en-US; rv:1.9.0.11) Gecko/2009060215 Firefox/3.0.11"
92.242.229.242 - - [27/Jun/2009:16:04:30 +0200] "GET /zampa-lovers/MILIZA_3.JPG HTTP/1.1" 200 26924 "http://www.various-euro.com/zampa-lovers/index.html" "Mozilla/5.0 (Windows; U; Windows NT 5.1; en-US; rv:1.9.0.11) Gecko/2009060215 Firefox/3.0.11"
92.242.229.242 - - [27/Jun/2009:16:04:30 +0200] "GET /zampa-lovers/DRAGANZA.JPG HTTP/1.1" 200 18560 "http://www.various-euro.com/zampa-lovers/index.html" "Mozilla/5.0 (Windows; U; Windows NT 5.1; en-US; rv:1.9.0.11) Gecko/2009060215 Firefox/3.0.11"
92.242.229.242 - - [27/Jun/2009:16:04:30 +0200] "GET /zampa-lovers/zampa-2X2.gif HTTP/1.1" 200 6948 "http://www.various-euro.com/zampa-lovers/index.html" "Mozilla/5.0 (Windows; U; Windows NT 5.1; en-US; rv:1.9.0.11) Gecko/2009060215 Firefox/3.0.11"
92.242.229.242 - - [27/Jun/2009:16:04:30 +0200] "GET /zampa-lovers/Kralle.gif HTTP/1.1" 200 260 "http://www.various-euro.com/zampa-lovers/index.html" "Mozilla/5.0 (Windows; U; Windows NT 5.1; en-US; rv:1.9.0.11) Gecko/2009060215 Firefox/3.0.11"
92.242.229.242 - - [27/Jun/2009:16:04:30 +0200] "GET /bannerz/various-euro-girl.jpg HTTP/1.1" 200 91514 "http://www.various-euro.com/frame-unten.html" "Mozilla/5.0 (Windows; U; Windows NT 5.1; en-US; rv:1.9.0.11) Gecko/2009060215 Firefox/3.0.11"
92.242.229.242 - - [27/Jun/2009:16:04:30 +0200] "GET /zampa-lovers/2SEITEVE.GIF HTTP/1.1" 200 83466 "http://www.various-euro.com/zampa-lovers/index.html" "Mozilla/5.0 (Windows; U; Windows NT 5.1; en-US; rv:1.9.0.11) Gecko/2009060215 Firefox/3.0.11"
92.242.229.242 - - [27/Jun/2009:16:04:30 +0200] "GET /zampa-lovers/1SEITEVE.GIF HTTP/1.1" 200 78726 "http://www.various-euro.com/zampa-lovers/index.html" "Mozilla/5.0 (Windows; U; Windows NT 5.1; en-US; rv:1.9.0.11) Gecko/2009060215 Firefox/3.0.11"
92.242.229.242 - - [27/Jun/2009:16:04:31 +0200] "GET /zampa-lovers/zampamali.gif HTTP/1.1" 200 2617 "http://www.various-euro.com/zampa-lovers/index.html" "Mozilla/5.0 (Windows; U; Windows NT 5.1; en-US; rv:1.9.0.11) Gecko/2009060215 Firefox/3.0.11"
92.242.229.242 - - [27/Jun/2009:16:04:31 +0200] "GET /zampa-lovers/ZAMPAMA2.MPG HTTP/1.1" 200 63492 "http://www.various-euro.com/zampa-lovers/index.html" "Mozilla/5.0 (Windows; U; Windows NT 5.1; en-US; rv:1.9.0.11) Gecko/2009060215 Firefox/3.0.11"
92.242.229.242 - - [27/Jun/2009:16:04:31 +0200] "GET /zampa-lovers/WASISTMI1.MPG HTTP/1.1" 200 271221 "http://www.various-euro.com/zampa-lovers/index.html" "Mozilla/5.0 (Windows; U; Windows NT 5.1; en-US; rv:1.9.0.11) Gecko/2009060215 Firefox/3.0.11"
92.242.229.242 - - [27/Jun/2009:16:04:30 +0200] "GET /zampa-lovers/zampa.gif HTTP/1.1" 200 460627 "http://www.various-euro.com/zampa-lovers/index.html" "Mozilla/5.0 (Windows; U; Windows NT 5.1; en-US; rv:1.9.0.11) Gecko/2009060215 Firefox/3.0.11"
92.242.229.242 - - [27/Jun/2009:16:04:36 +0200] "GET /zampa-lovers/ZAMPAMAS.MPG HTTP/1.1" 200 520196 "http://www.various-euro.com/zampa-lovers/index.html" "Mozilla/5.0 (Windows; U; Windows NT 5.1; en-US; rv:1.9.0.11) Gecko/2009060215 Firefox/3.0.11"
92.242.229.242 - - [27/Jun/2009:16:05:13 +0200] "GET /your_tour.html HTTP/1.1" 200 31822 "http://www.various-euro.com/frame-menu.html" "Mozilla/5.0 (Windows; U; Windows NT 5.1; en-US; rv:1.9.0.11) Gecko/2009060215 Firefox/3.0.11"
92.242.229.242 - - [27/Jun/2009:16:05:14 +0200] "GET /anon.css HTTP/1.1" 404 2748 "http://www.various-euro.com/your_tour.html" "Mozilla/5.0 (Windows; U; Windows NT 5.1; en-US; rv:1.9.0.11) Gecko/2009060215 Firefox/3.0.11"
92.242.229.242 - - [27/Jun/2009:16:05:17 +0200] "GET /zampa-lovers/kralle.gif HTTP/1.1" 404 2748 "http://www.various-euro.com/zampa-lovers/index.html" "Mozilla/5.0 (Windows; U; Windows NT 5.1; en-US; rv:1.9.0.11) Gecko/2009060215 Firefox/3.0.11"
92.242.229.242 - - [27/Jun/2009:16:05:29 +0200] "GET /zampa-lovers/kralle.gif HTTP/1.1" 404 2748 "http://www.various-euro.com/zampa-lovers/index.html" "Mozilla/5.0 (Windows; U; Windows NT 5.1; en-US; rv:1.9.0.11) Gecko/2009060215 Firefox/3.0.11"
82.234.176.232 - - [27/Jun/2009:16:15:59 +0200] "GET / HTTP/1.1" 200 7869 "-" "Mozilla/5.0 (Macintosh; U; Intel Mac OS X 10_5_7; en-us) AppleWebKit/525.28.3 (KHTML, like Gecko)"
82.234.176.232 - - [27/Jun/2009:16:16:00 +0200] "GET /framez_0.html HTTP/1.1" 200 12285 "http://www.various-euro.com/" "Mozilla/5.0 (Macintosh; U; Intel Mac OS X 10_5_7; en-us) AppleWebKit/525.28.3 (KHTML, like Gecko)"
82.234.176.232 - - [27/Jun/2009:16:16:02 +0200] "GET /framez.html HTTP/1.1" 200 3959 "http://www.various-euro.com/framez_0.html" "Mozilla/5.0 (Macintosh; U; Intel Mac OS X 10_5_7; en-us) AppleWebKit/525.28.3 (KHTML, like Gecko)"
82.234.176.232 - - [27/Jun/2009:16:16:02 +0200] "GET /style/various-euro.css HTTP/1.1" 200 3437 "http://www.various-euro.com/framez.html" "Mozilla/5.0 (Macintosh; U; Intel Mac OS X 10_5_7; en-us) AppleWebKit/525.28.3 (KHTML, like Gecko)"
82.234.176.232 - - [27/Jun/2009:16:16:03 +0200] "GET /frame-unten.html HTTP/1.1" 200 5308 "http://www.various-euro.com/framez.html" "Mozilla/5.0 (Macintosh; U; Intel Mac OS X 10_5_7; en-us) AppleWebKit/525.28.3 (KHTML, like Gecko)"
82.234.176.232 - - [27/Jun/2009:16:16:03 +0200] "GET /frame-inhalt.html HTTP/1.1" 200 7688 "http://www.various-euro.com/framez.html" "Mozilla/5.0 (Macintosh; U; Intel Mac OS X 10_5_7; en-us) AppleWebKit/525.28.3 (KHTML, like Gecko)"
82.234.176.232 - - [27/Jun/2009:16:16:03 +0200] "GET /frame-menu.html HTTP/1.1" 200 10500 "http://www.various-euro.com/framez.html" "Mozilla/5.0 (Macintosh; U; Intel Mac OS X 10_5_7; en-us) AppleWebKit/525.28.3 (KHTML, like Gecko)"
82.234.176.232 - - [27/Jun/2009:16:16:03 +0200] "GET /bannerz/ve.jpg HTTP/1.1" 200 36912 "http://www.various-euro.com/frame-unten.html" "Mozilla/5.0 (Macintosh; U; Intel Mac OS X 10_5_7; en-us) AppleWebKit/525.28.3 (KHTML, like Gecko)"
82.234.176.232 - - [27/Jun/2009:16:16:03 +0200] "GET /bannerz/various-euro-girl.jpg HTTP/1.1" 200 91514 "http://www.various-euro.com/frame-unten.html" "Mozilla/5.0 (Macintosh; U; Intel Mac OS X 10_5_7; en-us) AppleWebKit/525.28.3 (KHTML, like Gecko)"
82.234.176.232 - - [27/Jun/2009:16:16:03 +0200] "GET /bannerz/neon_click_1.gif HTTP/1.1" 200 890 "http://www.various-euro.com/frame-inhalt.html" "Mozilla/5.0 (Macintosh; U; Intel Mac OS X 10_5_7; en-us) AppleWebKit/525.28.3 (KHTML, like Gecko)"
82.234.176.232 - - [27/Jun/2009:16:16:03 +0200] "GET /bannerz/copyleft_black_small.gif HTTP/1.1" 200 1231 "http://www.various-euro.com/frame-inhalt.html" "Mozilla/5.0 (Macintosh; U; Intel Mac OS X 10_5_7; en-us) AppleWebKit/525.28.3 (KHTML, like Gecko)"
82.234.176.232 - - [27/Jun/2009:16:16:03 +0200] "GET /eurosign3.gif HTTP/1.1" 200 7879 "http://www.various-euro.com/frame-inhalt.html" "Mozilla/5.0 (Macintosh; U; Intel Mac OS X 10_5_7; en-us) AppleWebKit/525.28.3 (KHTML, like Gecko)"
82.234.176.232 - - [27/Jun/2009:16:16:03 +0200] "GET /bannerz/douwil.gif HTTP/1.1" 200 528 "http://www.various-euro.com/frame-inhalt.html" "Mozilla/5.0 (Macintosh; U; Intel Mac OS X 10_5_7; en-us) AppleWebKit/525.28.3 (KHTML, like Gecko)"
82.234.176.232 - - [27/Jun/2009:16:16:03 +0200] "GET /bannerz/wet.gif HTTP/1.1" 200 18561 "http://www.various-euro.com/frame-inhalt.html" "Mozilla/5.0 (Macintosh; U; Intel Mac OS X 10_5_7; en-us) AppleWebKit/525.28.3 (KHTML, like Gecko)"
82.234.176.232 - - [27/Jun/2009:16:16:03 +0200] "GET /bannerz/google/Logo_40blk.gif HTTP/1.1" 200 2308 "http://www.various-euro.com/frame-inhalt.html" "Mozilla/5.0 (Macintosh; U; Intel Mac OS X 10_5_7; en-us) AppleWebKit/525.28.3 (KHTML, like Gecko)"
82.234.176.232 - - [27/Jun/2009:16:16:03 +0200] "GET /bannerz/anti_black_small.gif HTTP/1.1" 200 1009 "http://www.various-euro.com/frame-inhalt.html" "Mozilla/5.0 (Macintosh; U; Intel Mac OS X 10_5_7; en-us) AppleWebKit/525.28.3 (KHTML, like Gecko)"
74.6.18.228 - - [27/Jun/2009:16:22:00 +0200] "GET /f-maintitle.html HTTP/1.0" 200 5030 "-" "Mozilla/5.0 (compatible; Yahoo! Slurp/3.0; http://help.yahoo.com/help/us/ysearch/slurp)"
74.6.18.228 - - [27/Jun/2009:16:27:58 +0200] "GET /zampa-lovers/ HTTP/1.0" 200 37790 "-" "Mozilla/5.0 (compatible; Yahoo! Slurp/3.0; http://help.yahoo.com/help/us/ysearch/slurp)"
65.55.106.235 - - [27/Jun/2009:16:55:19 +0200] "GET /robots.txt HTTP/1.1" 200 64 "-" "msnbot/2.0b (+http://search.msn.com/msnbot.htm)"
66.249.72.227 - - [27/Jun/2009:16:58:42 +0200] "GET /DgH/bull/index.html HTTP/1.1" 200 1915 "-" "Mozilla/5.0 (compatible; Googlebot/2.1; +http://www.google.com/bot.html)"
65.55.106.235 - - [27/Jun/2009:16:59:30 +0200] "GET /zampa/montenegro/MILOW.html HTTP/1.1" 200 860 "-" "msnbot/2.0b (+http://search.msn.com/msnbot.htm)"
65.55.106.241 - - [27/Jun/2009:17:05:31 +0200] "GET /zampa/lybia/index.html HTTP/1.1" 200 3036 "-" "msnbot/2.0b (+http://search.msn.com/msnbot.htm)"
72.14.199.8 - - [27/Jun/2009:17:13:08 +0200] "GET / HTTP/1.1" 302 353 "-" "Feedfetcher-Google; (+http://www.google.com/feedfetcher.html; 1 subscribers; feed-id=5454548576667470243)"
72.14.199.85 - - [27/Jun/2009:17:13:11 +0200] "GET /zampa/ HTTP/1.1" 200 7153 "-" "Feedfetcher-Google; (+http://www.google.com/feedfetcher.html; 1 subscribers; feed-id=5454548576667470243)"
65.55.230.248 - - [27/Jun/2009:17:15:26 +0200] "GET /framez-zampa-lovers.html HTTP/1.1" 200 4322 "-" "msnbot-media/1.1 (+http://search.msn.com/msnbot.htm)"
66.249.72.227 - - [27/Jun/2009:17:17:00 +0200] "GET /neon/large.html HTTP/1.1" 200 1547 "-" "Mozilla/5.0 (compatible; Googlebot/2.1; +http://www.google.com/bot.html)"
65.55.211.165 - - [27/Jun/2009:17:42:36 +0200] "GET /robots.txt HTTP/1.1" 200 64 "-" "msnbot/1.1 (+http://search.msn.com/msnbot.htm)"
65.55.211.165 - - [27/Jun/2009:17:42:38 +0200] "GET /zampa/montenegro/SEKAW.html HTTP/1.1" 200 860 "-" "msnbot/1.1 (+http://search.msn.com/msnbot.htm)"
82.234.176.232 - - [27/Jun/2009:18:01:24 +0200] "GET / HTTP/1.1" 200 7869 "-" "Mozilla/5.0 (Macintosh; U; Intel Mac OS X 10_5_7; en-us) AppleWebKit/525.28.3 (KHTML, like Gecko)"
82.234.176.232 - - [27/Jun/2009:18:01:24 +0200] "GET /style/various-euro.css HTTP/1.1" 200 3437 "http://www.various-euro.com/" "Mozilla/5.0 (Macintosh; U; Intel Mac OS X 10_5_7; en-us) AppleWebKit/525.28.3 (KHTML, like Gecko)"
82.234.176.232 - - [27/Jun/2009:18:01:24 +0200] "GET /framez_0.html HTTP/1.1" 200 12285 "http://www.various-euro.com/" "Mozilla/5.0 (Macintosh; U; Intel Mac OS X 10_5_7; en-us) AppleWebKit/525.28.3 (KHTML, like Gecko)"
82.234.176.232 - - [27/Jun/2009:18:01:28 +0200] "GET /framez.html HTTP/1.1" 200 3959 "http://www.various-euro.com/framez_0.html" "Mozilla/5.0 (Macintosh; U; Intel Mac OS X 10_5_7; en-us) AppleWebKit/525.28.3 (KHTML, like Gecko)"
82.234.176.232 - - [27/Jun/2009:18:01:28 +0200] "GET /frame-unten.html HTTP/1.1" 200 5308 "http://www.various-euro.com/framez.html" "Mozilla/5.0 (Macintosh; U; Intel Mac OS X 10_5_7; en-us) AppleWebKit/525.28.3 (KHTML, like Gecko)"
82.234.176.232 - - [27/Jun/2009:18:01:28 +0200] "GET /style/various-euro.css HTTP/1.1" 200 3437 "http://www.various-euro.com/framez.html" "Mozilla/5.0 (Macintosh; U; Intel Mac OS X 10_5_7; en-us) AppleWebKit/525.28.3 (KHTML, like Gecko)"
82.234.176.232 - - [27/Jun/2009:18:01:28 +0200] "GET /frame-inhalt.html HTTP/1.1" 200 7688 "http://www.various-euro.com/framez.html" "Mozilla/5.0 (Macintosh; U; Intel Mac OS X 10_5_7; en-us) AppleWebKit/525.28.3 (KHTML, like Gecko)"
82.234.176.232 - - [27/Jun/2009:18:01:28 +0200] "GET /frame-menu.html HTTP/1.1" 200 10500 "http://www.various-euro.com/framez.html" "Mozilla/5.0 (Macintosh; U; Intel Mac OS X 10_5_7; en-us) AppleWebKit/525.28.3 (KHTML, like Gecko)"
64.88.164.198 - - [27/Jun/2009:18:03:45 +0200] "GET /robots.txt HTTP/1.1" 200 64 "-" "SapphireWebCrawler/1.0 (Sapphire Web Crawler using Nutch; http://boston.lti.cs.cmu.edu/crawler/; mhoy@cs.cmu.edu)"
64.88.164.198 - - [27/Jun/2009:18:03:45 +0200] "GET /DgH/orginal/pict/DgH001.jpg HTTP/1.1" 200 6960 "-" "SapphireWebCrawler/1.0 (Sapphire Web Crawler using Nutch; http://boston.lti.cs.cmu.edu/crawler/; mhoy@cs.cmu.edu)"
65.55.211.167 - - [27/Jun/2009:18:25:57 +0200] "GET /robots.txt HTTP/1.1" 200 64 "-" "msnbot/1.1 (+http://search.msn.com/msnbot.htm)"
65.55.211.167 - - [27/Jun/2009:18:25:57 +0200] "GET /schubb/schubb-1.html HTTP/1.1" 200 9070 "-" "msnbot/1.1 (+http://search.msn.com/msnbot.htm)"
65.55.106.179 - - [27/Jun/2009:18:27:56 +0200] "GET /robots.txt HTTP/1.1" 200 64 "-" "msnbot/2.0b (+http://search.msn.com/msnbot.htm)"
66.249.72.227 - - [27/Jun/2009:18:30:20 +0200] "GET /DgH/orginal/index.html HTTP/1.1" 200 1727 "-" "Mozilla/5.0 (compatible; Googlebot/2.1; +http://www.google.com/bot.html)"
66.249.72.227 - - [27/Jun/2009:18:57:07 +0200] "GET /robots.txt HTTP/1.1" 200 64 "-" "Mozilla/5.0 (compatible; Googlebot/2.1; +http://www.google.com/bot.html)"
66.249.72.227 - - [27/Jun/2009:18:57:07 +0200] "GET /zampa-lovers/index.html HTTP/1.1" 200 37790 "-" "Mozilla/5.0 (compatible; Googlebot/2.1; +http://www.google.com/bot.html)"
80.80.175.66 - - [27/Jun/2009:18:58:00 +0200] "GET / HTTP/1.1" 302 353 "http://www.google.com/search?hl=en&q=zampa+di+leone&rlz=1R2ADBF_en&aq=0&oq=zampa+di+le&aqi=g1" "Mozilla/4.0 (compatible; MSIE 6.0; Windows NT 5.1; SV1; GTB6)"
80.80.175.66 - - [27/Jun/2009:18:58:04 +0200] "GET /zampa/ HTTP/1.1" 200 7153 "http://www.google.com/search?hl=en&q=zampa+di+leone&rlz=1R2ADBF_en&aq=0&oq=zampa+di+le&aqi=g1" "Mozilla/4.0 (compatible; MSIE 6.0; Windows NT 5.1; SV1; GTB6)"
80.80.175.66 - - [27/Jun/2009:18:58:04 +0200] "GET /zampa/slike/zampa.gif HTTP/1.1" 200 5310 "http://www.various-euro.com/zampa/" "Mozilla/4.0 (compatible; MSIE 6.0; Windows NT 5.1; SV1; GTB6)"
80.80.175.66 - - [27/Jun/2009:18:58:04 +0200] "GET /zampa/slike/udupetu.gif HTTP/1.1" 200 4138 "http://www.various-euro.com/zampa/" "Mozilla/4.0 (compatible; MSIE 6.0; Windows NT 5.1; SV1; GTB6)"
80.80.175.66 - - [27/Jun/2009:18:58:05 +0200] "GET /zampa/slike/inthearse.gif HTTP/1.1" 200 4077 "http://www.various-euro.com/zampa/" "Mozilla/4.0 (compatible; MSIE 6.0; Windows NT 5.1; SV1; GTB6)"
193.252.118.174 - - [27/Jun/2009:19:08:35 +0200] "GET /neon/code.html HTTP/1.1" 200 1109 "-" "Mozilla/5.0 (Windows; U; Windows NT 5.1; fr; rv:1.8.1) VoilaBot BETA 1.2 (support.voilabot@orange-ftgroup.com)"
74.6.18.228 - - [27/Jun/2009:19:09:34 +0200] "GET /robots.txt HTTP/1.0" 200 64 "-" "Mozilla/5.0 (compatible; Yahoo! Slurp; http://help.yahoo.com/help/us/ysearch/slurp)"
74.6.18.228 - - [27/Jun/2009:19:09:34 +0200] "GET /rez/fisztfull.qtl HTTP/1.0" 200 166 "-" "Mozilla/5.0 (compatible; Yahoo! Slurp/3.0; http://help.yahoo.com/help/us/ysearch/slurp)"
66.249.72.227 - - [27/Jun/2009:19:43:49 +0200] "GET /DgH/watch/ HTTP/1.1" 200 2028 "-" "Mozilla/5.0 (compatible; Googlebot/2.1; +http://www.google.com/bot.html)"
65.55.106.166 - - [27/Jun/2009:19:49:10 +0200] "GET /robots.txt HTTP/1.1" 200 64 "-" "msnbot/2.0b (+http://search.msn.com/msnbot.htm)"
66.249.72.227 - - [27/Jun/2009:20:02:26 +0200] "GET /DgH/watch/index.html HTTP/1.1" 200 2028 "-" "Mozilla/5.0 (compatible; Googlebot/2.1; +http://www.google.com/bot.html)"
193.252.118.174 - - [27/Jun/2009:20:02:59 +0200] "GET /DgH/bull/index.html HTTP/1.1" 200 1915 "-" "Mozilla/5.0 (Windows; U; Windows NT 5.1; fr; rv:1.8.1) VoilaBot BETA 1.2 (support.voilabot@orange-ftgroup.com)"
89.122.224.52 - - [27/Jun/2009:20:10:27 +0200] "GET / HTTP/1.1" 200 7869 "-" "Java/1.6.0_04"
89.122.224.52 - - [27/Jun/2009:20:10:28 +0200] "GET /framez.html HTTP/1.1" 200 3959 "-" "Java/1.6.0_04"
89.122.224.52 - - [27/Jun/2009:20:10:28 +0200] "GET /framez_0.html HTTP/1.1" 200 12285 "-" "Java/1.6.0_04"
89.122.224.52 - - [27/Jun/2009:20:10:29 +0200] "GET /frame-inhalt.html HTTP/1.1" 200 7688 "-" "Java/1.6.0_04"
89.122.224.52 - - [27/Jun/2009:20:10:29 +0200] "GET /frame-menu.html HTTP/1.1" 200 10500 "-" "Java/1.6.0_04"
89.122.224.52 - - [27/Jun/2009:20:10:29 +0200] "GET /frame-unten.html HTTP/1.1" 200 5308 "-" "Java/1.6.0_04"
89.122.224.52 - - [27/Jun/2009:20:10:29 +0200] "GET /f-maintitle.html HTTP/1.1" 200 5030 "-" "Java/1.6.0_04"
89.122.224.52 - - [27/Jun/2009:20:10:30 +0200] "GET /partnergegenberlin.html HTTP/1.1" 200 5022 "-" "Java/1.6.0_04"
89.122.224.52 - - [27/Jun/2009:20:10:30 +0200] "GET /f-actions.html HTTP/1.1" 200 11686 "-" "Java/1.6.0_04"
89.122.224.52 - - [27/Jun/2009:20:10:30 +0200] "GET /f-bannnerz.html HTTP/1.1" 200 12651 "-" "Java/1.6.0_04"
89.122.224.52 - - [27/Jun/2009:20:10:30 +0200] "GET /f-channel1.html HTTP/1.1" 200 9329 "-" "Java/1.6.0_04"
89.122.224.52 - - [27/Jun/2009:20:10:30 +0200] "GET /f-contact.html HTTP/1.1" 200 6804 "-" "Java/1.6.0_04"
89.122.224.52 - - [27/Jun/2009:20:10:31 +0200] "GET /f-doku-brau.html HTTP/1.1" 200 7152 "-" "Java/1.6.0_04"
89.122.224.52 - - [27/Jun/2009:20:10:31 +0200] "GET /f-euro.html HTTP/1.1" 200 12203 "-" "Java/1.6.0_04"
89.122.224.52 - - [27/Jun/2009:20:10:31 +0200] "GET /f-horrorkatze.html HTTP/1.1" 200 7865 "-" "Java/1.6.0_04"
89.122.224.52 - - [27/Jun/2009:20:10:31 +0200] "GET /f-net.html HTTP/1.1" 200 9913 "-" "Java/1.6.0_04"
89.122.224.52 - - [27/Jun/2009:20:10:31 +0200] "GET /f-other.html HTTP/1.1" 200 19851 "-" "Java/1.6.0_04"
89.122.224.52 - - [27/Jun/2009:20:10:32 +0200] "GET /f-rez.html HTTP/1.1" 200 9765 "-" "Java/1.6.0_04"
89.122.224.52 - - [27/Jun/2009:20:10:32 +0200] "GET /f-search.html HTTP/1.1" 200 11800 "-" "Java/1.6.0_04"
89.122.224.52 - - [27/Jun/2009:20:10:32 +0200] "GET /f-sponsor.html HTTP/1.1" 200 8578 "-" "Java/1.6.0_04"
89.122.224.52 - - [27/Jun/2009:20:10:32 +0200] "GET /f-warez.html HTTP/1.1" 200 10953 "-" "Java/1.6.0_04"
89.122.224.52 - - [27/Jun/2009:20:10:32 +0200] "GET /f-web.html HTTP/1.1" 200 13605 "-" "Java/1.6.0_04"
89.122.224.52 - - [27/Jun/2009:20:10:32 +0200] "GET /f-world.html HTTP/1.1" 200 35590 "-" "Java/1.6.0_04"
89.122.224.52 - - [27/Jun/2009:20:10:33 +0200] "GET /f-zeug.html HTTP/1.1" 200 59462 "-" "Java/1.6.0_04"
89.122.224.52 - - [27/Jun/2009:20:10:33 +0200] "GET /restate_copy.html HTTP/1.1" 200 97631 "-" "Java/1.6.0_04"
89.122.224.52 - - [27/Jun/2009:20:10:34 +0200] "GET /sendi_agent.html HTTP/1.1" 200 8791 "-" "Java/1.6.0_04"
89.122.224.52 - - [27/Jun/2009:20:10:34 +0200] "GET /snapshots.html HTTP/1.1" 200 4259 "-" "Java/1.6.0_04"
89.122.224.52 - - [27/Jun/2009:20:10:34 +0200] "GET /your_tour.html HTTP/1.1" 200 31666 "-" "Java/1.6.0_04"
89.122.224.52 - - [27/Jun/2009:20:10:35 +0200] "GET /framez-pgb.html HTTP/1.1" 200 4336 "-" "Java/1.6.0_04"
89.122.224.52 - - [27/Jun/2009:20:10:36 +0200] "GET /framez-actions.html HTTP/1.1" 200 4322 "-" "Java/1.6.0_04"
89.122.224.52 - - [27/Jun/2009:20:10:36 +0200] "GET /framez-contact.html HTTP/1.1" 200 4325 "-" "Java/1.6.0_04"
89.122.224.52 - - [27/Jun/2009:20:10:36 +0200] "GET /framez-dbrau.html HTTP/1.1" 200 4313 "-" "Java/1.6.0_04"
89.122.224.52 - - [27/Jun/2009:20:10:36 +0200] "GET /framez-euro.html HTTP/1.1" 200 4319 "-" "Java/1.6.0_04"
89.122.224.52 - - [27/Jun/2009:20:10:36 +0200] "GET /framez-net.html HTTP/1.1" 200 4319 "-" "Java/1.6.0_04"
89.122.224.52 - - [27/Jun/2009:20:10:37 +0200] "GET /'+veURL+advisories[i].name+' HTTP/1.1" 404 2748 "-" "Java/1.6.0_04"
89.122.224.52 - - [27/Jun/2009:20:10:37 +0200] "GET /.htm HTTP/1.1" 403 1223 "-" "Java/1.6.0_04"
89.122.224.52 - - [27/Jun/2009:20:10:40 +0200] "GET /framez-rez.html HTTP/1.1" 200 4323 "-" "Java/1.6.0_04"
89.122.224.52 - - [27/Jun/2009:20:10:40 +0200] "GET /framez-search.html HTTP/1.1" 200 4326 "-" "Java/1.6.0_04"
72.14.199.8 - - [27/Jun/2009:20:13:19 +0200] "GET / HTTP/1.1" 302 353 "-" "Feedfetcher-Google; (+http://www.google.com/feedfetcher.html; 1 subscribers; feed-id=5454548576667470243)"
72.14.199.85 - - [27/Jun/2009:20:13:20 +0200] "GET /zampa/ HTTP/1.1" 200 7153 "-" "Feedfetcher-Google; (+http://www.google.com/feedfetcher.html; 1 subscribers; feed-id=5454548576667470243)"
38.99.44.105 - - [27/Jun/2009:20:14:45 +0200] "GET /schubb/schubb-4.html HTTP/1.0" 200 17746 "-" "Mozilla/5.0 (Twiceler-0.9 http://www.cuil.com/twiceler/robot.html)"
65.55.51.114 - - [27/Jun/2009:20:21:40 +0200] "GET /robots.txt HTTP/1.1" 200 64 "-" "msnbot/2.0b (+http://search.msn.com/msnbot.htm)"
193.252.118.176 - - [27/Jun/2009:20:21:42 +0200] "GET /neon/slow-walk.html HTTP/1.1" 200 1640 "-" "Mozilla/5.0 (Windows; U; Windows NT 5.1; fr; rv:1.8.1) VoilaBot BETA 1.2 (support.voilabot@orange-ftgroup.com)"
81.52.143.29 - - [27/Jun/2009:20:29:24 +0200] "GET /DgH/orginal/index.html HTTP/1.1" 200 1727 "-" "Mozilla/5.0 (Windows; U; Windows NT 5.1; fr; rv:1.8.1) VoilaBot BETA 1.2 (support.voilabot@orange-ftgroup.com)"
66.249.72.227 - - [27/Jun/2009:20:31:57 +0200] "GET /frame-menu.html HTTP/1.1" 200 10500 "-" "Mozilla/5.0 (compatible; Googlebot/2.1; +http://www.google.com/bot.html)"
218.28.176.246 - - [27/Jun/2009:20:33:42 +0200] "POST /smpro/s.pl HTTP/1.0" 404 2748 "http://various-euro.com/smpro/s.pl" "Mozilla/4.0 (compatible; MSIE 6.0; Windows NT 5.1)"
211.53.208.28 - - [27/Jun/2009:20:33:43 +0200] "POST /smpro/s.pl HTTP/1.0" 404 2748 "http://various-euro.com/smpro/s.pl" "Mozilla/4.0 (compatible; MSIE 6.0; Windows NT 5.1)"
222.223.127.130 - - [27/Jun/2009:20:33:55 +0200] "POST /smpro/s.pl HTTP/1.1" 404 2748 "http://various-euro.com/smpro/s.pl" "Mozilla/4.0 (compatible; MSIE 6.0; Windows NT 5.1)"
65.55.211.161 - - [27/Jun/2009:20:40:38 +0200] "GET /robots.txt HTTP/1.1" 302 363 "-" "msnbot/1.1 (+http://search.msn.com/msnbot.htm)"
65.55.211.161 - - [27/Jun/2009:20:40:39 +0200] "GET /zampa/robots.txt HTTP/1.1" 404 2748 "-" "msnbot/1.1 (+http://search.msn.com/msnbot.htm)"
65.55.211.161 - - [27/Jun/2009:20:40:39 +0200] "GET / HTTP/1.1" 302 353 "-" "msnbot/1.1 (+http://search.msn.com/msnbot.htm)"
65.55.211.161 - - [27/Jun/2009:20:41:17 +0200] "GET /robots.txt HTTP/1.1" 200 64 "-" "msnbot/1.1 (+http://search.msn.com/msnbot.htm)"
65.55.211.161 - - [27/Jun/2009:20:41:17 +0200] "GET /zampa/ HTTP/1.1" 200 7153 "-" "msnbot/1.1 (+http://search.msn.com/msnbot.htm)"
66.249.72.227 - - [27/Jun/2009:20:42:28 +0200] "GET /frame-unten.html HTTP/1.1" 200 5308 "-" "Mozilla/5.0 (compatible; Googlebot/2.1; +http://www.google.com/bot.html)"
81.25.58.23 - - [27/Jun/2009:22:07:43 +0200] "GET / HTTP/1.1" 200 7869 "http://www.ovale.ru" "ovale_total/0.1"
65.55.211.165 - - [27/Jun/2009:22:21:12 +0200] "GET /robots.txt HTTP/1.1" 200 64 "-" "msnbot/1.1 (+http://search.msn.com/msnbot.htm)"
65.55.211.165 - - [27/Jun/2009:22:21:13 +0200] "GET /f-snapshots.html HTTP/1.1" 404 2748 "-" "msnbot/1.1 (+http://search.msn.com/msnbot.htm)"
67.195.115.213 - - [27/Jun/2009:22:21:27 +0200] "GET /robots.txt HTTP/1.0" 200 64 "-" "Mozilla/5.0 (compatible; Yahoo! Slurp; http://help.yahoo.com/help/us/ysearch/slurp)"
67.195.115.213 - - [27/Jun/2009:22:21:27 +0200] "GET /framez-rez.html HTTP/1.0" 200 4323 "-" "Mozilla/5.0 (compatible; Yahoo! Slurp/3.0; http://help.yahoo.com/help/us/ysearch/slurp)"
67.195.115.213 - - [27/Jun/2009:22:21:28 +0200] "GET /frame-menu.html HTTP/1.0" 200 10500 "http://www.various-euro.com/framez-rez.html" "Mozilla/5.0 (compatible; Yahoo! Slurp/3.0; http://help.yahoo.com/help/us/ysearch/slurp)"
67.195.115.213 - - [27/Jun/2009:22:21:28 +0200] "GET /f-rez.html HTTP/1.0" 200 9765 "http://www.various-euro.com/framez-rez.html" "Mozilla/5.0 (compatible; Yahoo! Slurp/3.0; http://help.yahoo.com/help/us/ysearch/slurp)"
67.195.115.213 - - [27/Jun/2009:22:21:28 +0200] "GET /frame-unten.html HTTP/1.0" 200 5308 "http://www.various-euro.com/framez-rez.html" "Mozilla/5.0 (compatible; Yahoo! Slurp/3.0; http://help.yahoo.com/help/us/ysearch/slurp)"
67.195.115.213 - - [27/Jun/2009:22:21:28 +0200] "GET /style/various-euro.css HTTP/1.0" 304 - "http://www.various-euro.com/frame-menu.html" "Mozilla/5.0 (compatible; Yahoo! Slurp/3.0; http://help.yahoo.com/help/us/ysearch/slurp)"
65.55.211.169 - - [27/Jun/2009:22:31:28 +0200] "GET /robots.txt HTTP/1.1" 200 64 "-" "msnbot/1.1 (+http://search.msn.com/msnbot.htm)"
65.55.211.169 - - [27/Jun/2009:22:31:28 +0200] "GET /zampa/wonderland/index.html HTTP/1.1" 200 2084 "-" "msnbot/1.1 (+http://search.msn.com/msnbot.htm)"
72.14.199.8 - - [27/Jun/2009:23:13:25 +0200] "GET / HTTP/1.1" 302 353 "-" "Feedfetcher-Google; (+http://www.google.com/feedfetcher.html; 1 subscribers; feed-id=5454548576667470243)"
72.14.199.85 - - [27/Jun/2009:23:13:30 +0200] "GET /zampa/ HTTP/1.1" 200 7153 "-" "Feedfetcher-Google; (+http://www.google.com/feedfetcher.html; 1 subscribers; feed-id=5454548576667470243)"
65.55.211.171 - - [27/Jun/2009:23:31:21 +0200] "GET /robots.txt HTTP/1.1" 200 64 "-" "msnbot/1.1 (+http://search.msn.com/msnbot.htm)"
65.55.211.171 - - [27/Jun/2009:23:31:22 +0200] "GET /bmpp/18_x.html HTTP/1.1" 200 1100 "-" "msnbot/1.1 (+http://search.msn.com/msnbot.htm)"
65.55.110.36 - - [27/Jun/2009:23:32:11 +0200] "GET /bmpp/18_x.html HTTP/1.0" 200 1100 "http://search.live.com/results.aspx?q=years" "Mozilla/4.0 (compatible; MSIE 6.0; Windows NT 5.2; SV1; .NET CLR 1.1.4322)"
65.55.51.110 - - [27/Jun/2009:23:35:13 +0200] "GET /robots.txt HTTP/1.1" 200 64 "-" "msnbot/2.0b (+http://search.msn.com/msnbot.htm)"
65.55.106.117 - - [28/Jun/2009:00:33:42 +0200] "GET /robots.txt HTTP/1.1" 200 64 "-" "msnbot/2.0b (+http://search.msn.com/msnbot.htm)"
65.55.106.117 - - [28/Jun/2009:00:39:25 +0200] "GET / HTTP/1.1" 200 7869 "-" "msnbot/2.0b (+http://search.msn.com/msnbot.htm)"
79.175.77.247 - - [28/Jun/2009:00:39:55 +0200] "GET / HTTP/1.1" 302 353 "http://koracnikola.blogspot.com/search?updated-max=2008-09-30T02%3A21%3A00-07%3A00&max-results=10" "Mozilla/4.0 (compatible; MSIE 6.0; Windows NT 5.1; SV1; .NET CLR 2.0.50727; .NET CLR 3.0.04506.30)"
79.175.77.247 - - [28/Jun/2009:00:40:03 +0200] "GET /zampa/ HTTP/1.1" 200 7153 "http://koracnikola.blogspot.com/search?updated-max=2008-09-30T02%3A21%3A00-07%3A00&max-results=10" "Mozilla/4.0 (compatible; MSIE 6.0; Windows NT 5.1; SV1; .NET CLR 2.0.50727; .NET CLR 3.0.04506.30)"
79.175.77.247 - - [28/Jun/2009:00:40:11 +0200] "GET /zampa/slike/zampa.gif HTTP/1.1" 200 5310 "http://www.various-euro.com/zampa/" "Mozilla/4.0 (compatible; MSIE 6.0; Windows NT 5.1; SV1; .NET CLR 2.0.50727; .NET CLR 3.0.04506.30)"
79.175.77.247 - - [28/Jun/2009:00:40:11 +0200] "GET /zampa/slike/udupetu.gif HTTP/1.1" 200 4138 "http://www.various-euro.com/zampa/" "Mozilla/4.0 (compatible; MSIE 6.0; Windows NT 5.1; SV1; .NET CLR 2.0.50727; .NET CLR 3.0.04506.30)"
79.175.77.247 - - [28/Jun/2009:00:40:13 +0200] "GET /zampa/slike/inthearse.gif HTTP/1.1" 200 4077 "http://www.various-euro.com/zampa/" "Mozilla/4.0 (compatible; MSIE 6.0; Windows NT 5.1; SV1; .NET CLR 2.0.50727; .NET CLR 3.0.04506.30)"
65.55.106.181 - - [28/Jun/2009:00:49:04 +0200] "GET /robots.txt HTTP/1.1" 302 363 "-" "msnbot/2.0b (+http://search.msn.com/msnbot.htm)"
65.55.106.181 - - [28/Jun/2009:00:49:04 +0200] "GET /zampa/robots.txt HTTP/1.1" 404 2748 "-" "msnbot/2.0b (+http://search.msn.com/msnbot.htm)"
65.55.106.113 - - [28/Jun/2009:01:03:06 +0200] "GET /robots.txt HTTP/1.1" 200 64 "-" "msnbot/2.0b (+http://search.msn.com/msnbot.htm)"
65.55.211.166 - - [28/Jun/2009:01:21:10 +0200] "GET /robots.txt HTTP/1.1" 200 64 "-" "msnbot/1.1 (+http://search.msn.com/msnbot.htm)"
65.55.211.166 - - [28/Jun/2009:01:21:10 +0200] "GET /world.html HTTP/1.1" 200 16295 "-" "msnbot/1.1 (+http://search.msn.com/msnbot.htm)"
74.6.18.228 - - [28/Jun/2009:01:47:04 +0200] "GET /f-channel1.html HTTP/1.0" 200 9329 "-" "Mozilla/5.0 (compatible; Yahoo! Slurp/3.0; http://help.yahoo.com/help/us/ysearch/slurp)"
74.6.18.228 - - [28/Jun/2009:01:47:11 +0200] "GET /rss/ve-rss.php HTTP/1.0" 200 15621 "http://www.various-euro.com/f-channel1.html" "Mozilla/5.0 (compatible; Yahoo! Slurp/3.0; http://help.yahoo.com/help/us/ysearch/slurp)"
65.55.230.248 - - [28/Jun/2009:02:00:05 +0200] "GET /robots.txt HTTP/1.1" 200 64 "-" "msnbot-media/1.1 (+http://search.msn.com/msnbot.htm)"
65.55.230.248 - - [28/Jun/2009:02:00:06 +0200] "GET /framez-rez.html HTTP/1.1" 200 4323 "-" "msnbot-media/1.1 (+http://search.msn.com/msnbot.htm)"
193.252.149.16 - - [28/Jun/2009:02:01:23 +0200] "GET /frame-inhalt.html HTTP/1.1" 200 7688 "-" "Mozilla/5.0 (Windows; U; Windows NT 5.1; fr; rv:1.8.1) VoilaBot BETA 1.2 (support.voilabot@orange-ftgroup.com)"
72.14.199.8 - - [28/Jun/2009:02:13:36 +0200] "GET / HTTP/1.1" 302 353 "-" "Feedfetcher-Google; (+http://www.google.com/feedfetcher.html; 1 subscribers; feed-id=5454548576667470243)"
72.14.199.85 - - [28/Jun/2009:02:13:40 +0200] "GET /zampa/ HTTP/1.1" 200 7153 "-" "Feedfetcher-Google; (+http://www.google.com/feedfetcher.html; 1 subscribers; feed-id=5454548576667470243)"
79.175.77.247 - - [28/Jun/2009:02:18:48 +0200] "GET /zampa/montenegro/index.html HTTP/1.1" 200 2651 "http://www.various-euro.com/zampa/" "Mozilla/4.0 (compatible; MSIE 6.0; Windows NT 5.1; SV1; .NET CLR 2.0.50727; .NET CLR 3.0.04506.30)"
79.175.77.247 - - [28/Jun/2009:02:18:48 +0200] "GET /zampa/montenegro/slike/plakat.jpg HTTP/1.1" 200 47879 "http://www.various-euro.com/zampa/montenegro/index.html" "Mozilla/4.0 (compatible; MSIE 6.0; Windows NT 5.1; SV1; .NET CLR 2.0.50727; .NET CLR 3.0.04506.30)"
79.175.77.247 - - [28/Jun/2009:02:19:07 +0200] "GET /zampa/lybia/index.html HTTP/1.1" 200 3036 "http://www.various-euro.com/zampa/" "Mozilla/4.0 (compatible; MSIE 6.0; Windows NT 5.1; SV1; .NET CLR 2.0.50727; .NET CLR 3.0.04506.30)"
79.175.77.247 - - [28/Jun/2009:02:19:07 +0200] "GET /zampa/lybia/slike/tele.jpg HTTP/1.1" 200 28022 "http://www.various-euro.com/zampa/lybia/index.html" "Mozilla/4.0 (compatible; MSIE 6.0; Windows NT 5.1; SV1; .NET CLR 2.0.50727; .NET CLR 3.0.04506.30)"
79.175.77.247 - - [28/Jun/2009:02:19:11 +0200] "GET /zampa/wonderland/index.html HTTP/1.1" 200 2084 "http://www.various-euro.com/zampa/" "Mozilla/4.0 (compatible; MSIE 6.0; Windows NT 5.1; SV1; .NET CLR 2.0.50727; .NET CLR 3.0.04506.30)"
79.175.77.247 - - [28/Jun/2009:02:19:11 +0200] "GET /zampa/wonderland/TWonder.gif HTTP/1.1" 200 76757 "http://www.various-euro.com/zampa/wonderland/index.html" "Mozilla/4.0 (compatible; MSIE 6.0; Windows NT 5.1; SV1; .NET CLR 2.0.50727; .NET CLR 3.0.04506.30)"
206.206.50.81 - - [28/Jun/2009:02:44:15 +0200] "GET / HTTP/1.1" 200 7869 "-" "Mozilla/4.0 (compatible; MSIE 6.0; Windows NT 5.0; DigExt)"
74.6.18.228 - - [28/Jun/2009:03:39:15 +0200] "GET /logs/ HTTP/1.0" 200 11511 "-" "Mozilla/5.0 (compatible; Yahoo! Slurp/3.0; http://help.yahoo.com/help/us/ysearch/slurp)"
61.135.179.52 - - [28/Jun/2009:03:44:12 +0200] "POST /smpro/subscribe_eng.pl HTTP/1.0" 404 2748 "http://various-euro.com/smpro/subscribe_eng.pl" "Mozilla/4.0 (compatible; MSIE 6.0; Windows NT 5.1)"
78.61.36.119 - - [28/Jun/2009:03:44:13 +0200] "POST /smpro/subscribe_eng.pl HTTP/1.0" 404 2748 "http://various-euro.com/smpro/subscribe_eng.pl" "Mozilla/4.0 (compatible; MSIE 6.0; Windows NT 5.1)"
65.55.51.110 - - [28/Jun/2009:03:53:44 +0200] "GET /robots.txt HTTP/1.1" 200 64 "-" "msnbot/2.0b (+http://search.msn.com/msnbot.htm)"
83.133.125.202 - - [28/Jun/2009:04:09:27 +0200] "GET / HTTP/1.0" 200 7869 "-" "-"
83.133.125.202 - - [28/Jun/2009:04:09:28 +0200] "GET / HTTP/1.0" 200 7869 "-" "-"
65.55.106.122 - - [28/Jun/2009:04:12:09 +0200] "GET /robots.txt HTTP/1.1" 200 64 "-" "msnbot/2.0b (+http://search.msn.com/msnbot.htm)"
206.207.116.59 - - [28/Jun/2009:04:28:01 +0200] "GET / HTTP/1.1" 200 7869 "-" "Mozilla/4.0 (compatible; MSIE 6.0; Windows NT 5.0; DigExt)"
193.252.149.16 - - [28/Jun/2009:04:29:17 +0200] "GET /world.html HTTP/1.1" 200 16295 "-" "Mozilla/5.0 (Windows; U; Windows NT 5.1; fr; rv:1.8.1) VoilaBot BETA 1.2 (support.voilabot@orange-ftgroup.com)"
79.76.174.148 - - [28/Jun/2009:04:43:37 +0200] "GET / HTTP/1.1" 200 7869 "-" "Mozilla/5.0 (Windows; U; Windows NT 6.0; en-GB; rv:1.9.1) Gecko/20090616 Firefox/3.5 GTB5 (.NET CLR 3.5.30729)"
79.76.174.148 - - [28/Jun/2009:04:43:37 +0200] "GET /style/various-euro.css HTTP/1.1" 200 3437 "http://www.various-euro.com/" "Mozilla/5.0 (Windows; U; Windows NT 6.0; en-GB; rv:1.9.1) Gecko/20090616 Firefox/3.5 GTB5 (.NET CLR 3.5.30729)"
79.76.174.148 - - [28/Jun/2009:04:43:38 +0200] "GET /favicon.ico HTTP/1.1" 404 2748 "-" "Mozilla/5.0 (Windows; U; Windows NT 6.0; en-GB; rv:1.9.1) Gecko/20090616 Firefox/3.5 GTB5 (.NET CLR 3.5.30729)"
66.249.72.227 - - [28/Jun/2009:04:57:44 +0200] "GET /f-logz.html HTTP/1.1" 200 191844 "-" "Mozilla/5.0 (compatible; Googlebot/2.1; +http://www.google.com/bot.html)"
82.234.176.232 - - [28/Jun/2009:04:59:16 +0200] "GET / HTTP/1.1" 200 7869 "-" "Mozilla/5.0 (Macintosh; U; Intel Mac OS X 10_5_7; en-us) AppleWebKit/525.28.3 (KHTML, like Gecko)"
82.234.176.232 - - [28/Jun/2009:04:59:17 +0200] "GET /framez_0.html HTTP/1.1" 200 12285 "http://www.various-euro.com/" "Mozilla/5.0 (Macintosh; U; Intel Mac OS X 10_5_7; en-us) AppleWebKit/525.28.3 (KHTML, like Gecko)"
82.234.176.232 - - [28/Jun/2009:04:59:21 +0200] "GET /framez.html HTTP/1.1" 200 3959 "http://www.various-euro.com/framez_0.html" "Mozilla/5.0 (Macintosh; U; Intel Mac OS X 10_5_7; en-us) AppleWebKit/525.28.3 (KHTML, like Gecko)"
82.234.176.232 - - [28/Jun/2009:04:59:21 +0200] "GET /style/various-euro.css HTTP/1.1" 200 3437 "http://www.various-euro.com/framez.html" "Mozilla/5.0 (Macintosh; U; Intel Mac OS X 10_5_7; en-us) AppleWebKit/525.28.3 (KHTML, like Gecko)"
82.234.176.232 - - [28/Jun/2009:04:59:21 +0200] "GET /frame-unten.html HTTP/1.1" 200 5308 "http://www.various-euro.com/framez.html" "Mozilla/5.0 (Macintosh; U; Intel Mac OS X 10_5_7; en-us) AppleWebKit/525.28.3 (KHTML, like Gecko)"
82.234.176.232 - - [28/Jun/2009:04:59:21 +0200] "GET /frame-menu.html HTTP/1.1" 200 10500 "http://www.various-euro.com/framez.html" "Mozilla/5.0 (Macintosh; U; Intel Mac OS X 10_5_7; en-us) AppleWebKit/525.28.3 (KHTML, like Gecko)"
82.234.176.232 - - [28/Jun/2009:04:59:21 +0200] "GET /frame-inhalt.html HTTP/1.1" 200 7688 "http://www.various-euro.com/framez.html" "Mozilla/5.0 (Macintosh; U; Intel Mac OS X 10_5_7; en-us) AppleWebKit/525.28.3 (KHTML, like Gecko)"
82.234.176.232 - - [28/Jun/2009:04:59:22 +0200] "GET /bannerz/anti_black_small.gif HTTP/1.1" 200 1009 "http://www.various-euro.com/frame-inhalt.html" "Mozilla/5.0 (Macintosh; U; Intel Mac OS X 10_5_7; en-us) AppleWebKit/525.28.3 (KHTML, like Gecko)"
82.234.176.232 - - [28/Jun/2009:04:59:22 +0200] "GET /bannerz/google/Logo_40blk.gif HTTP/1.1" 200 2308 "http://www.various-euro.com/frame-inhalt.html" "Mozilla/5.0 (Macintosh; U; Intel Mac OS X 10_5_7; en-us) AppleWebKit/525.28.3 (KHTML, like Gecko)"
82.234.176.232 - - [28/Jun/2009:04:59:22 +0200] "GET /bannerz/neon_click_3.gif HTTP/1.1" 200 240 "http://www.various-euro.com/frame-inhalt.html" "Mozilla/5.0 (Macintosh; U; Intel Mac OS X 10_5_7; en-us) AppleWebKit/525.28.3 (KHTML, like Gecko)"
82.234.176.232 - - [28/Jun/2009:04:59:22 +0200] "GET /bannerz/neon_click_2.gif HTTP/1.1" 200 387 "http://www.various-euro.com/frame-inhalt.html" "Mozilla/5.0 (Macintosh; U; Intel Mac OS X 10_5_7; en-us) AppleWebKit/525.28.3 (KHTML, like Gecko)"
82.234.176.232 - - [28/Jun/2009:04:59:22 +0200] "GET /bannerz/douwil.gif HTTP/1.1" 200 528 "http://www.various-euro.com/frame-inhalt.html" "Mozilla/5.0 (Macintosh; U; Intel Mac OS X 10_5_7; en-us) AppleWebKit/525.28.3 (KHTML, like Gecko)"
82.234.176.232 - - [28/Jun/2009:04:59:22 +0200] "GET /eurosign3.gif HTTP/1.1" 200 7879 "http://www.various-euro.com/frame-inhalt.html" "Mozilla/5.0 (Macintosh; U; Intel Mac OS X 10_5_7; en-us) AppleWebKit/525.28.3 (KHTML, like Gecko)"
82.234.176.232 - - [28/Jun/2009:04:59:22 +0200] "GET /bannerz/copyleft_black_small.gif HTTP/1.1" 200 1231 "http://www.various-euro.com/frame-inhalt.html" "Mozilla/5.0 (Macintosh; U; Intel Mac OS X 10_5_7; en-us) AppleWebKit/525.28.3 (KHTML, like Gecko)"
82.234.176.232 - - [28/Jun/2009:04:59:22 +0200] "GET /bannerz/neon_click_1.gif HTTP/1.1" 200 890 "http://www.various-euro.com/frame-inhalt.html" "Mozilla/5.0 (Macintosh; U; Intel Mac OS X 10_5_7; en-us) AppleWebKit/525.28.3 (KHTML, like Gecko)"
82.234.176.232 - - [28/Jun/2009:04:59:22 +0200] "GET /bannerz/ve.jpg HTTP/1.1" 200 36912 "http://www.various-euro.com/frame-unten.html" "Mozilla/5.0 (Macintosh; U; Intel Mac OS X 10_5_7; en-us) AppleWebKit/525.28.3 (KHTML, like Gecko)"
82.234.176.232 - - [28/Jun/2009:04:59:22 +0200] "GET /bannerz/wet.gif HTTP/1.1" 200 18561 "http://www.various-euro.com/frame-inhalt.html" "Mozilla/5.0 (Macintosh; U; Intel Mac OS X 10_5_7; en-us) AppleWebKit/525.28.3 (KHTML, like Gecko)"
82.234.176.232 - - [28/Jun/2009:04:59:22 +0200] "GET /bannerz/various-euro-girl.jpg HTTP/1.1" 200 91514 "http://www.various-euro.com/frame-unten.html" "Mozilla/5.0 (Macintosh; U; Intel Mac OS X 10_5_7; en-us) AppleWebKit/525.28.3 (KHTML, like Gecko)"
74.6.18.228 - - [28/Jun/2009:05:05:31 +0200] "GET /f-euro.html HTTP/1.0" 200 12203 "-" "Mozilla/5.0 (compatible; Yahoo! Slurp/3.0; http://help.yahoo.com/help/us/ysearch/slurp)"
72.14.199.8 - - [28/Jun/2009:05:13:46 +0200] "GET / HTTP/1.1" 302 353 "-" "Feedfetcher-Google; (+http://www.google.com/feedfetcher.html; 1 subscribers; feed-id=5454548576667470243)"
72.14.199.85 - - [28/Jun/2009:05:13:47 +0200] "GET /zampa/ HTTP/1.1" 200 7153 "-" "Feedfetcher-Google; (+http://www.google.com/feedfetcher.html; 1 subscribers; feed-id=5454548576667470243)"
81.52.143.16 - - [28/Jun/2009:05:18:19 +0200] "GET /frame-unten.html HTTP/1.1" 200 5308 "-" "Mozilla/5.0 (Windows; U; Windows NT 5.1; fr; rv:1.8.1) VoilaBot BETA 1.2 (support.voilabot@orange-ftgroup.com)"
66.249.72.227 - - [28/Jun/2009:05:27:53 +0200] "GET /neon/euro.html HTTP/1.1" 200 2212 "-" "Mozilla/5.0 (compatible; Googlebot/2.1; +http://www.google.com/bot.html)"
65.55.106.220 - - [28/Jun/2009:05:33:42 +0200] "GET /robots.txt HTTP/1.1" 302 363 "-" "msnbot/2.0b (+http://search.msn.com/msnbot.htm)"
65.55.106.220 - - [28/Jun/2009:05:33:42 +0200] "GET /zampa/robots.txt HTTP/1.1" 404 2748 "-" "msnbot/2.0b (+http://search.msn.com/msnbot.htm)"
65.55.104.24 - - [28/Jun/2009:05:34:17 +0200] "GET /robots.txt HTTP/1.1" 200 64 "-" "msnbot/1.1 (+http://search.msn.com/msnbot.htm)"
65.55.104.24 - - [28/Jun/2009:05:34:17 +0200] "GET / HTTP/1.1" 200 7869 "-" "msnbot/1.1 (+http://search.msn.com/msnbot.htm)"
81.52.143.35 - - [28/Jun/2009:05:40:11 +0200] "GET /f-net.html HTTP/1.1" 200 9913 "-" "Mozilla/5.0 (Windows; U; Windows NT 5.1; fr; rv:1.8.1) VoilaBot BETA 1.2 (support.voilabot@orange-ftgroup.com)"
66.249.72.227 - - [28/Jun/2009:05:57:32 +0200] "GET / HTTP/1.1" 200 7869 "-" "Mozilla/5.0 (compatible; Googlebot/2.1; +http://www.google.com/bot.html)"
74.6.18.228 - - [28/Jun/2009:06:10:28 +0200] "GET /logs/usage_200812.html HTTP/1.0" 200 168932 "-" "Mozilla/5.0 (compatible; Yahoo! Slurp/3.0; http://help.yahoo.com/help/us/ysearch/slurp)"
65.55.230.243 - - [28/Jun/2009:06:10:35 +0200] "GET /robots.txt HTTP/1.1" 200 64 "-" "msnbot-media/1.1 (+http://search.msn.com/msnbot.htm)"
65.55.230.243 - - [28/Jun/2009:06:10:35 +0200] "GET /framez.html HTTP/1.1" 200 3959 "-" "msnbot-media/1.1 (+http://search.msn.com/msnbot.htm)"
66.249.72.227 - - [28/Jun/2009:07:06:48 +0200] "GET /robots.txt HTTP/1.1" 200 64 "-" "Googlebot-Image/1.0"
65.55.51.115 - - [28/Jun/2009:07:14:20 +0200] "GET /robots.txt HTTP/1.1" 200 64 "-" "msnbot/2.0b (+http://search.msn.com/msnbot.htm)"
66.249.72.227 - - [28/Jun/2009:07:26:42 +0200] "GET /warez.html HTTP/1.1" 200 9754 "-" "Mozilla/5.0 (compatible; Googlebot/2.1; +http://www.google.com/bot.html)"
70.145.167.151 - - [28/Jun/2009:07:47:10 +0200] "GET / HTTP/1.1" 200 7869 "http://www.randomwebsite.com/" "Mozilla/5.0 (Windows; U; Windows NT 6.0; en-US; rv:1.9.1) Gecko/20090624 Firefox/3.5 (.NET CLR 3.5.30729)"
70.145.167.151 - - [28/Jun/2009:07:47:11 +0200] "GET /style/various-euro.css HTTP/1.1" 200 3437 "http://www.various-euro.com/" "Mozilla/5.0 (Windows; U; Windows NT 6.0; en-US; rv:1.9.1) Gecko/20090624 Firefox/3.5 (.NET CLR 3.5.30729)"
70.145.167.151 - - [28/Jun/2009:07:47:13 +0200] "GET /framez_0.html HTTP/1.1" 200 12285 "http://www.various-euro.com/" "Mozilla/5.0 (Windows; U; Windows NT 6.0; en-US; rv:1.9.1) Gecko/20090624 Firefox/3.5 (.NET CLR 3.5.30729)"
70.145.167.151 - - [28/Jun/2009:07:47:18 +0200] "GET /ve-icon-2.ico HTTP/1.1" 200 2238 "-" "Mozilla/5.0 (Windows; U; Windows NT 6.0; en-US; rv:1.9.1) Gecko/20090624 Firefox/3.5 (.NET CLR 3.5.30729)"
65.55.211.158 - - [28/Jun/2009:07:56:36 +0200] "GET /robots.txt HTTP/1.1" 200 64 "-" "msnbot/1.1 (+http://search.msn.com/msnbot.htm)"
65.55.211.158 - - [28/Jun/2009:07:56:38 +0200] "GET /neon/left-one-new.html HTTP/1.1" 200 1483 "-" "msnbot/1.1 (+http://search.msn.com/msnbot.htm)"
208.80.195.56 - - [28/Jun/2009:08:08:46 +0200] "GET / HTTP/1.0" 200 7869 "-" "Mozilla/4.0 (compatible; MSIE 7.0; Windows NT 5.1; byond_3.5)"
208.80.195.56 - - [28/Jun/2009:08:08:46 +0200] "GET / HTTP/1.0" 200 7869 "-" "Mozilla/4.0 (compatible; MSIE 6.0; Windows NT 5.1; SV1; MSDigitalLocker; Mozilla/4.0 (compatible; MSIE 6.0; Windows NT 5.1; SV1) )"
72.14.199.8 - - [28/Jun/2009:08:13:59 +0200] "GET / HTTP/1.1" 302 353 "-" "Feedfetcher-Google; (+http://www.google.com/feedfetcher.html; 1 subscribers; feed-id=5454548576667470243)"
72.14.199.85 - - [28/Jun/2009:08:14:03 +0200] "GET /zampa/ HTTP/1.1" 200 7153 "-" "Feedfetcher-Google; (+http://www.google.com/feedfetcher.html; 1 subscribers; feed-id=5454548576667470243)"
65.55.106.215 - - [28/Jun/2009:08:27:56 +0200] "GET /robots.txt HTTP/1.1" 302 363 "-" "msnbot/2.0b (+http://search.msn.com/msnbot.htm)"
65.55.106.215 - - [28/Jun/2009:08:27:56 +0200] "GET /zampa/robots.txt HTTP/1.1" 404 2748 "-" "msnbot/2.0b (+http://search.msn.com/msnbot.htm)"
65.55.51.70 - - [28/Jun/2009:08:42:44 +0200] "GET /robots.txt HTTP/1.1" 200 64 "-" "msnbot/2.0b (+http://search.msn.com/msnbot.htm)"
65.55.51.111 - - [28/Jun/2009:09:07:52 +0200] "GET /robots.txt HTTP/1.1" 200 64 "-" "msnbot/2.0b (+http://search.msn.com/msnbot.htm)"
65.55.106.214 - - [28/Jun/2009:09:13:41 +0200] "GET /robots.txt HTTP/1.1" 200 64 "-" "msnbot/2.0b (+http://search.msn.com/msnbot.htm)"
65.55.211.164 - - [28/Jun/2009:09:20:24 +0200] "GET /robots.txt HTTP/1.1" 200 64 "-" "msnbot/1.1 (+http://search.msn.com/msnbot.htm)"
65.55.211.164 - - [28/Jun/2009:09:20:24 +0200] "GET /search.html HTTP/1.1" 200 1440 "-" "msnbot/1.1 (+http://search.msn.com/msnbot.htm)"
65.55.110.156 - - [28/Jun/2009:09:22:06 +0200] "GET /search.html HTTP/1.0" 200 1440 "http://search.live.com/results.aspx?q=various" "Mozilla/4.0 (compatible; MSIE 6.0; Windows NT 5.2; SV1; .NET CLR 1.1.4322)"
66.249.72.227 - - [28/Jun/2009:09:27:50 +0200] "GET /DgH/orginal/index.html HTTP/1.1" 200 1727 "-" "Mozilla/5.0 (compatible; Googlebot/2.1; +http://www.google.com/bot.html)"
66.249.72.227 - - [28/Jun/2009:09:27:51 +0200] "GET /world.html HTTP/1.1" 200 16295 "-" "Mozilla/5.0 (compatible; Googlebot/2.1; +http://www.google.com/bot.html)"
65.55.106.214 - - [28/Jun/2009:09:34:37 +0200] "GET /zampa/montenegro/BATAW.html HTTP/1.1" 200 860 "-" "msnbot/2.0b (+http://search.msn.com/msnbot.htm)"
66.249.72.227 - - [28/Jun/2009:09:37:56 +0200] "GET /framez-euro.html HTTP/1.1" 200 4319 "-" "Mozilla/5.0 (compatible; Googlebot/2.1; +http://www.google.com/bot.html)"
67.195.115.213 - - [28/Jun/2009:09:38:21 +0200] "GET /robots.txt HTTP/1.0" 200 64 "-" "Mozilla/5.0 (compatible; Yahoo! Slurp; http://help.yahoo.com/help/us/ysearch/slurp)"
67.195.115.213 - - [28/Jun/2009:09:38:21 +0200] "GET /framez-rez.html HTTP/1.0" 200 4323 "-" "Mozilla/5.0 (compatible; Yahoo! Slurp/3.0; http://help.yahoo.com/help/us/ysearch/slurp)"
67.195.115.213 - - [28/Jun/2009:09:38:22 +0200] "GET /frame-menu.html HTTP/1.0" 200 10500 "http://www.various-euro.com/framez-rez.html" "Mozilla/5.0 (compatible; Yahoo! Slurp/3.0; http://help.yahoo.com/help/us/ysearch/slurp)"
67.195.115.213 - - [28/Jun/2009:09:38:22 +0200] "GET /frame-unten.html HTTP/1.0" 200 5308 "http://www.various-euro.com/framez-rez.html" "Mozilla/5.0 (compatible; Yahoo! Slurp/3.0; http://help.yahoo.com/help/us/ysearch/slurp)"
67.195.115.213 - - [28/Jun/2009:09:38:22 +0200] "GET /f-rez.html HTTP/1.0" 200 9765 "http://www.various-euro.com/framez-rez.html" "Mozilla/5.0 (compatible; Yahoo! Slurp/3.0; http://help.yahoo.com/help/us/ysearch/slurp)"
67.195.115.213 - - [28/Jun/2009:09:38:22 +0200] "GET /style/various-euro.css HTTP/1.0" 304 - "http://www.various-euro.com/frame-menu.html" "Mozilla/5.0 (compatible; Yahoo! Slurp/3.0; http://help.yahoo.com/help/us/ysearch/slurp)"
66.249.72.227 - - [28/Jun/2009:09:55:47 +0200] "GET /f-doku-brau.html HTTP/1.1" 200 7152 "-" "Mozilla/5.0 (compatible; Googlebot/2.1; +http://www.google.com/bot.html)"
93.92.248.11 - - [28/Jun/2009:10:56:30 +0200] "GET /framez-zampa-lovers.html HTTP/1.0" 200 4322 "http://www.google.com/search?client=opera&rls=en&q=jebanje+debeli+stariji+sisati+kurvi&sourceid=opera&ie=utf-8&oe=utf-8" "Opera/9.64 (Windows NT 5.1; U; en) Presto/2.1.1"
93.92.248.11 - - [28/Jun/2009:10:56:31 +0200] "GET /frame-menu.html HTTP/1.0" 200 10500 "http://www.various-euro.com/framez-zampa-lovers.html" "Opera/9.64 (Windows NT 5.1; U; en) Presto/2.1.1"
93.92.248.11 - - [28/Jun/2009:10:56:31 +0200] "GET /frame-unten.html HTTP/1.0" 200 5308 "http://www.various-euro.com/framez-zampa-lovers.html" "Opera/9.64 (Windows NT 5.1; U; en) Presto/2.1.1"
93.92.248.11 - - [28/Jun/2009:10:56:31 +0200] "GET /ve-icon-2.ico HTTP/1.0" 200 2238 "http://www.various-euro.com/framez-zampa-lovers.html" "Opera/9.64 (Windows NT 5.1; U; en) Presto/2.1.1"
93.92.248.11 - - [28/Jun/2009:10:56:31 +0200] "GET /style/various-euro.css HTTP/1.0" 200 3437 "http://www.various-euro.com/frame-menu.html" "Opera/9.64 (Windows NT 5.1; U; en) Presto/2.1.1"
93.92.248.11 - - [28/Jun/2009:10:56:31 +0200] "GET /zampa-lovers/index.html HTTP/1.0" 200 37790 "http://www.various-euro.com/framez-zampa-lovers.html" "Opera/9.64 (Windows NT 5.1; U; en) Presto/2.1.1"
93.92.248.11 - - [28/Jun/2009:10:56:31 +0200] "GET /zampa-lovers/kralle.gif HTTP/1.0" 404 2748 "http://www.various-euro.com/zampa-lovers/index.html" "Opera/9.64 (Windows NT 5.1; U; en) Presto/2.1.1"
93.92.248.11 - - [28/Jun/2009:10:56:31 +0200] "GET /zampa-lovers/MILIZA_4.JPG HTTP/1.0" 200 9946 "http://www.various-euro.com/zampa-lovers/index.html" "Opera/9.64 (Windows NT 5.1; U; en) Presto/2.1.1"
93.92.248.11 - - [28/Jun/2009:10:56:31 +0200] "GET /zampa-lovers/DRAGAN_Z.JPG HTTP/1.0" 200 6850 "http://www.various-euro.com/zampa-lovers/index.html" "Opera/9.64 (Windows NT 5.1; U; en) Presto/2.1.1"
93.92.248.11 - - [28/Jun/2009:10:56:31 +0200] "GET /zampa-lovers/MILIZA_B.JPG HTTP/1.0" 200 10947 "http://www.various-euro.com/zampa-lovers/index.html" "Opera/9.64 (Windows NT 5.1; U; en) Presto/2.1.1"
93.92.248.11 - - [28/Jun/2009:10:56:31 +0200] "GET /zampa-lovers/MILIZA_2.JPG HTTP/1.0" 200 22172 "http://www.various-euro.com/zampa-lovers/index.html" "Opera/9.64 (Windows NT 5.1; U; en) Presto/2.1.1"
93.92.248.11 - - [28/Jun/2009:10:56:31 +0200] "GET /zampa-lovers/MILIZA_3.JPG HTTP/1.0" 200 26924 "http://www.various-euro.com/zampa-lovers/index.html" "Opera/9.64 (Windows NT 5.1; U; en) Presto/2.1.1"
93.92.248.11 - - [28/Jun/2009:10:56:32 +0200] "GET /zampa-lovers/DRAGANZA.JPG HTTP/1.0" 200 18560 "http://www.various-euro.com/zampa-lovers/index.html" "Opera/9.64 (Windows NT 5.1; U; en) Presto/2.1.1"
93.92.248.11 - - [28/Jun/2009:10:56:33 +0200] "GET /zampa-lovers/1SEITEVE.GIF HTTP/1.0" 200 78726 "http://www.various-euro.com/zampa-lovers/index.html" "Opera/9.64 (Windows NT 5.1; U; en) Presto/2.1.1"
93.92.248.11 - - [28/Jun/2009:10:56:34 +0200] "GET /zampa-lovers/zampama2.mpg HTTP/1.0" 404 2748 "http://www.various-euro.com/zampa-lovers/index.html" "Opera/9.64 (Windows NT 5.1; U; en) Presto/2.1.1"
93.92.248.11 - - [28/Jun/2009:10:56:34 +0200] "GET /zampa-lovers/2SEITEVE.GIF HTTP/1.0" 200 83466 "http://www.various-euro.com/zampa-lovers/index.html" "Opera/9.64 (Windows NT 5.1; U; en) Presto/2.1.1"
