72.14.199.85 - - [30/Jun/2009:08:24:09 +0200] "GET /zampa/ HTTP/1.1" 200 7153 "-" "Feedfetcher-Google; (+http://www.google.com/feedfetcher.html; 1 subscribers; feed-id=5454548576667470243)"
65.55.106.146 - - [30/Jun/2009:08:43:39 +0200] "GET /robots.txt HTTP/1.1" 302 363 "-" "msnbot/2.0b (+http://search.msn.com/msnbot.htm)"
65.55.106.146 - - [30/Jun/2009:08:43:40 +0200] "GET /zampa/robots.txt HTTP/1.1" 404 2748 "-" "msnbot/2.0b (+http://search.msn.com/msnbot.htm)"
81.52.143.35 - - [30/Jun/2009:08:47:48 +0200] "GET /bmpp/18asi_2.html HTTP/1.1" 200 8674 "-" "Mozilla/5.0 (Windows; U; Windows NT 5.1; fr; rv:1.8.1) VoilaBot BETA 1.2 (support.voilabot@orange-ftgroup.com)"
65.55.106.139 - - [30/Jun/2009:09:42:05 +0200] "GET /robots.txt HTTP/1.1" 200 64 "-" "msnbot/2.0b (+http://search.msn.com/msnbot.htm)"
74.6.8.88 - - [30/Jun/2009:09:46:41 +0200] "GET /robots.txt HTTP/1.0" 200 64 "-" "Mozilla/5.0 (compatible; Yahoo! Slurp; http://help.yahoo.com/help/us/ysearch/slurp)"
74.6.8.88 - - [30/Jun/2009:09:46:41 +0200] "GET /neon/europa.html HTTP/1.0" 200 389 "-" "Mozilla/5.0 (compatible; Yahoo! Slurp/3.0; http://help.yahoo.com/help/us/ysearch/slurp)"
89.149.249.189 - - [30/Jun/2009:09:58:39 +0200] "GET /logs/usage_200906.html HTTP/1.0" 404 2748 "-" "-"
74.6.8.88 - - [30/Jun/2009:10:23:39 +0200] "GET /3dsf3/sendi/hyperreality.html HTTP/1.0" 200 1436 "-" "Mozilla/5.0 (compatible; Yahoo! Slurp/3.0; http://help.yahoo.com/help/us/ysearch/slurp)"
74.6.8.88 - - [30/Jun/2009:10:23:39 +0200] "GET /3dsf3/sendi/formate.css HTTP/1.0" 304 - "http://www.various-euro.com/3dsf3/sendi/hyperreality.html" "Mozilla/5.0 (compatible; Yahoo! Slurp/3.0; http://help.yahoo.com/help/us/ysearch/slurp)"
74.6.8.88 - - [30/Jun/2009:10:29:27 +0200] "GET /logs/usage_200905.html HTTP/1.0" 200 161148 "-" "Mozilla/5.0 (compatible; Yahoo! Slurp/3.0; http://help.yahoo.com/help/us/ysearch/slurp)"
74.6.8.88 - - [30/Jun/2009:10:33:20 +0200] "GET /logs/usage_200509.html HTTP/1.0" 404 2748 "-" "Mozilla/5.0 (compatible; Yahoo! Slurp/3.0; http://help.yahoo.com/help/us/ysearch/slurp)"
82.234.176.232 - - [30/Jun/2009:10:40:49 +0200] "GET / HTTP/1.1" 200 7869 "-" "Mozilla/5.0 (Macintosh; U; Intel Mac OS X 10_5_7; en-us) AppleWebKit/525.28.3 (KHTML, like Gecko)"
82.234.176.232 - - [30/Jun/2009:10:40:50 +0200] "GET /framez_0.html HTTP/1.1" 200 12285 "http://www.various-euro.com/" "Mozilla/5.0 (Macintosh; U; Intel Mac OS X 10_5_7; en-us) AppleWebKit/525.28.3 (KHTML, like Gecko)"
82.234.176.232 - - [30/Jun/2009:10:40:53 +0200] "GET /framez.html HTTP/1.1" 200 3959 "http://www.various-euro.com/framez_0.html" "Mozilla/5.0 (Macintosh; U; Intel Mac OS X 10_5_7; en-us) AppleWebKit/525.28.3 (KHTML, like Gecko)"
82.234.176.232 - - [30/Jun/2009:10:40:53 +0200] "GET /frame-inhalt.html HTTP/1.1" 200 7688 "http://www.various-euro.com/framez.html" "Mozilla/5.0 (Macintosh; U; Intel Mac OS X 10_5_7; en-us) AppleWebKit/525.28.3 (KHTML, like Gecko)"
82.234.176.232 - - [30/Jun/2009:10:40:53 +0200] "GET /style/various-euro.css HTTP/1.1" 200 3437 "http://www.various-euro.com/framez.html" "Mozilla/5.0 (Macintosh; U; Intel Mac OS X 10_5_7; en-us) AppleWebKit/525.28.3 (KHTML, like Gecko)"
82.234.176.232 - - [30/Jun/2009:10:40:53 +0200] "GET /frame-menu.html HTTP/1.1" 200 10500 "http://www.various-euro.com/framez.html" "Mozilla/5.0 (Macintosh; U; Intel Mac OS X 10_5_7; en-us) AppleWebKit/525.28.3 (KHTML, like Gecko)"
82.234.176.232 - - [30/Jun/2009:10:40:53 +0200] "GET /frame-unten.html HTTP/1.1" 200 5308 "http://www.various-euro.com/framez.html" "Mozilla/5.0 (Macintosh; U; Intel Mac OS X 10_5_7; en-us) AppleWebKit/525.28.3 (KHTML, like Gecko)"
82.234.176.232 - - [30/Jun/2009:10:40:53 +0200] "GET /bannerz/neon_click_3.gif HTTP/1.1" 200 240 "http://www.various-euro.com/frame-inhalt.html" "Mozilla/5.0 (Macintosh; U; Intel Mac OS X 10_5_7; en-us) AppleWebKit/525.28.3 (KHTML, like Gecko)"
82.234.176.232 - - [30/Jun/2009:10:40:53 +0200] "GET /eurosign3.gif HTTP/1.1" 200 7879 "http://www.various-euro.com/frame-inhalt.html" "Mozilla/5.0 (Macintosh; U; Intel Mac OS X 10_5_7; en-us) AppleWebKit/525.28.3 (KHTML, like Gecko)"
82.234.176.232 - - [30/Jun/2009:10:40:53 +0200] "GET /bannerz/anti_black_small.gif HTTP/1.1" 200 1009 "http://www.various-euro.com/frame-inhalt.html" "Mozilla/5.0 (Macintosh; U; Intel Mac OS X 10_5_7; en-us) AppleWebKit/525.28.3 (KHTML, like Gecko)"
82.234.176.232 - - [30/Jun/2009:10:40:53 +0200] "GET /bannerz/copyleft_black_small.gif HTTP/1.1" 200 1231 "http://www.various-euro.com/frame-inhalt.html" "Mozilla/5.0 (Macintosh; U; Intel Mac OS X 10_5_7; en-us) AppleWebKit/525.28.3 (KHTML, like Gecko)"
82.234.176.232 - - [30/Jun/2009:10:40:53 +0200] "GET /bannerz/douwil.gif HTTP/1.1" 200 528 "http://www.various-euro.com/frame-inhalt.html" "Mozilla/5.0 (Macintosh; U; Intel Mac OS X 10_5_7; en-us) AppleWebKit/525.28.3 (KHTML, like Gecko)"
82.234.176.232 - - [30/Jun/2009:10:40:53 +0200] "GET /bannerz/google/Logo_40blk.gif HTTP/1.1" 200 2308 "http://www.various-euro.com/frame-inhalt.html" "Mozilla/5.0 (Macintosh; U; Intel Mac OS X 10_5_7; en-us) AppleWebKit/525.28.3 (KHTML, like Gecko)"
82.234.176.232 - - [30/Jun/2009:10:40:53 +0200] "GET /bannerz/neon_click_1.gif HTTP/1.1" 200 890 "http://www.various-euro.com/frame-inhalt.html" "Mozilla/5.0 (Macintosh; U; Intel Mac OS X 10_5_7; en-us) AppleWebKit/525.28.3 (KHTML, like Gecko)"
82.234.176.232 - - [30/Jun/2009:10:40:53 +0200] "GET /bannerz/neon_click_2.gif HTTP/1.1" 200 387 "http://www.various-euro.com/frame-inhalt.html" "Mozilla/5.0 (Macintosh; U; Intel Mac OS X 10_5_7; en-us) AppleWebKit/525.28.3 (KHTML, like Gecko)"
82.234.176.232 - - [30/Jun/2009:10:40:53 +0200] "GET /bannerz/wet.gif HTTP/1.1" 200 18561 "http://www.various-euro.com/frame-inhalt.html" "Mozilla/5.0 (Macintosh; U; Intel Mac OS X 10_5_7; en-us) AppleWebKit/525.28.3 (KHTML, like Gecko)"
82.234.176.232 - - [30/Jun/2009:10:40:53 +0200] "GET /bannerz/ve.jpg HTTP/1.1" 200 36912 "http://www.various-euro.com/frame-unten.html" "Mozilla/5.0 (Macintosh; U; Intel Mac OS X 10_5_7; en-us) AppleWebKit/525.28.3 (KHTML, like Gecko)"
82.234.176.232 - - [30/Jun/2009:10:40:53 +0200] "GET /bannerz/various-euro-girl.jpg HTTP/1.1" 200 91514 "http://www.various-euro.com/frame-unten.html" "Mozilla/5.0 (Macintosh; U; Intel Mac OS X 10_5_7; en-us) AppleWebKit/525.28.3 (KHTML, like Gecko)"
65.55.211.159 - - [30/Jun/2009:11:14:37 +0200] "GET /robots.txt HTTP/1.1" 200 64 "-" "msnbot/1.1 (+http://search.msn.com/msnbot.htm)"
65.55.211.159 - - [30/Jun/2009:11:14:40 +0200] "GET /neon/slow-walk2.html HTTP/1.1" 200 1777 "-" "msnbot/1.1 (+http://search.msn.com/msnbot.htm)"
38.99.44.105 - - [30/Jun/2009:11:21:56 +0200] "GET /logz.html HTTP/1.0" 404 2748 "-" "Mozilla/5.0 (Twiceler-0.9 http://www.cuil.com/twiceler/robot.html)"
72.14.199.8 - - [30/Jun/2009:11:24:23 +0200] "GET / HTTP/1.1" 302 353 "-" "Feedfetcher-Google; (+http://www.google.com/feedfetcher.html; 1 subscribers; feed-id=5454548576667470243)"
72.14.199.85 - - [30/Jun/2009:11:24:25 +0200] "GET /zampa/ HTTP/1.1" 200 7153 "-" "Feedfetcher-Google; (+http://www.google.com/feedfetcher.html; 1 subscribers; feed-id=5454548576667470243)"
202.160.188.230 - - [30/Jun/2009:11:44:07 +0200] "GET /robots.txt HTTP/1.0" 200 64 "-" "Mozilla/5.0 (compatible; Yahoo! Slurp China; http://misc.yahoo.com.cn/help.html)"
202.160.180.118 - - [30/Jun/2009:11:44:56 +0200] "GET / HTTP/1.0" 200 7869 "-" "Mozilla/5.0 (compatible; Yahoo! Slurp China; http://misc.yahoo.com.cn/help.html)"
65.55.106.112 - - [30/Jun/2009:11:48:54 +0200] "GET /robots.txt HTTP/1.1" 200 64 "-" "msnbot/2.0b (+http://search.msn.com/msnbot.htm)"
38.99.13.116 - - [30/Jun/2009:12:02:14 +0200] "GET /robots.txt HTTP/1.0" 302 363 "-" "Mozilla/5.0 (Twiceler-0.9 http://www.cuil.com/twiceler/robot.html)"
66.249.72.227 - - [30/Jun/2009:12:06:06 +0200] "GET /robots.txt HTTP/1.1" 200 64 "-" "Mozilla/5.0 (compatible; Googlebot/2.1; +http://www.google.com/bot.html)"
66.249.72.227 - - [30/Jun/2009:12:06:06 +0200] "GET /logs/usage_200906.html HTTP/1.1" 404 2748 "-" "Mozilla/5.0 (compatible; Googlebot/2.1; +http://www.google.com/bot.html)"
77.88.28.248 - - [30/Jun/2009:12:11:07 +0200] "GET /robots.txt HTTP/1.1" 200 64 "-" "Yandex/1.01.001 (compatible; Win16; I)"
65.55.231.51 - - [30/Jun/2009:12:27:46 +0200] "GET /robots.txt HTTP/1.1" 200 64 "-" "msnbot-media/1.1 (+http://search.msn.com/msnbot.htm)"
65.55.231.51 - - [30/Jun/2009:12:27:46 +0200] "GET /zampa/slike/S3VAMPIR.GIF HTTP/1.1" 200 55504 "-" "msnbot-media/1.1 (+http://search.msn.com/msnbot.htm)"
65.55.231.45 - - [30/Jun/2009:12:28:34 +0200] "GET /robots.txt HTTP/1.1" 200 64 "-" "msnbot-media/1.1 (+http://search.msn.com/msnbot.htm)"
65.55.231.45 - - [30/Jun/2009:12:28:35 +0200] "GET /zampa/slike/S8CURATO.GIF HTTP/1.1" 200 16968 "-" "msnbot-media/1.1 (+http://search.msn.com/msnbot.htm)"
78.36.39.220 - - [30/Jun/2009:12:37:57 +0200] "GET /framez-schubb5.html HTTP/1.0" 200 4330 "http://www.various-euro.com/framez-schubb5.html" "Opera/9.0 (Windows NT 5.1; U; en)"
78.36.39.220 - - [30/Jun/2009:12:37:57 +0200] "GET /frame-menu.html HTTP/1.0" 200 10500 "http://www.various-euro.com/frame-menu.html" "Opera/9.0 (Windows NT 5.1; U; en)"
78.36.39.220 - - [30/Jun/2009:12:37:57 +0200] "GET /schubb/schubb-5.html HTTP/1.0" 200 72944 "http://www.various-euro.com/schubb/schubb-5.html" "Opera/9.0 (Windows NT 5.1; U; en)"
78.36.39.220 - - [30/Jun/2009:12:37:58 +0200] "GET /frame-unten.html HTTP/1.0" 200 5308 "http://www.various-euro.com/frame-unten.html" "Opera/9.0 (Windows NT 5.1; U; en)"
65.55.211.169 - - [30/Jun/2009:13:03:57 +0200] "GET /robots.txt HTTP/1.1" 200 64 "-" "msnbot/1.1 (+http://search.msn.com/msnbot.htm)"
65.55.211.169 - - [30/Jun/2009:13:03:57 +0200] "GET /rss/ve-rss.php HTTP/1.1" 200 16496 "-" "msnbot/1.1 (+http://search.msn.com/msnbot.htm)"
216.129.119.49 - - [30/Jun/2009:13:37:07 +0200] "GET /robots.txt HTTP/1.0" 200 64 "-" "Mozilla/5.0 (Twiceler-0.9 http://www.cuil.com/twiceler/robot.html)"
218.186.12.231 - - [30/Jun/2009:14:04:55 +0200] "GET /robots.txt HTTP/1.0" 200 64 "-" "nutch.us/Nutch-1.0 (nutch.us; crawler@nutch.us)"
218.186.12.231 - - [30/Jun/2009:14:04:55 +0200] "GET /framez.html HTTP/1.0" 200 3959 "-" "nutch.us/Nutch-1.0 (nutch.us; crawler@nutch.us)"
77.88.28.248 - - [30/Jun/2009:14:18:04 +0200] "GET /robots.txt HTTP/1.1" 302 363 "-" "Yandex/1.01.001 (compatible; Win16; I)"
72.14.199.8 - - [30/Jun/2009:14:24:35 +0200] "GET / HTTP/1.1" 302 353 "-" "Feedfetcher-Google; (+http://www.google.com/feedfetcher.html; 1 subscribers; feed-id=5454548576667470243)"
72.14.199.85 - - [30/Jun/2009:14:24:37 +0200] "GET /zampa/ HTTP/1.1" 200 7153 "-" "Feedfetcher-Google; (+http://www.google.com/feedfetcher.html; 1 subscribers; feed-id=5454548576667470243)"
74.6.8.88 - - [30/Jun/2009:14:25:50 +0200] "GET /f-other.html HTTP/1.0" 200 19851 "-" "Mozilla/5.0 (compatible; Yahoo! Slurp/3.0; http://help.yahoo.com/help/us/ysearch/slurp)"
65.55.211.159 - - [30/Jun/2009:14:32:54 +0200] "GET /bmpp/18start.html HTTP/1.1" 200 320 "-" "msnbot/1.1 (+http://search.msn.com/msnbot.htm)"
193.252.149.16 - - [30/Jun/2009:14:34:59 +0200] "GET /DgH/orginal/index.html HTTP/1.1" 200 1727 "-" "Mozilla/5.0 (Windows; U; Windows NT 5.1; fr; rv:1.8.1) VoilaBot BETA 1.2 (support.voilabot@orange-ftgroup.com)"
123.125.66.104 - - [30/Jun/2009:15:20:36 +0200] "GET / HTTP/1.1" 200 7869 "-" "Baiduspider+(+http://www.baidu.com/search/spider.htm)"
77.88.28.248 - - [30/Jun/2009:15:21:37 +0200] "GET / HTTP/1.1" 200 7869 "-" "Yandex/1.01.001 (compatible; Win16; I)"
77.88.28.248 - - [30/Jun/2009:15:21:41 +0200] "GET / HTTP/1.1" 302 353 "-" "Yandex/1.01.001 (compatible; Win16; I)"
123.125.66.114 - - [30/Jun/2009:15:22:30 +0200] "GET / HTTP/1.1" 200 7869 "-" "Baiduspider+(+http://www.baidu.com/search/spider.htm)"
65.55.211.171 - - [30/Jun/2009:15:35:35 +0200] "GET /zampa/montenegro/ HTTP/1.1" 200 2651 "-" "msnbot/1.1 (+http://search.msn.com/msnbot.htm)"
38.99.44.105 - - [30/Jun/2009:15:39:52 +0200] "GET /euro.html HTTP/1.0" 404 2748 "-" "Mozilla/5.0 (Twiceler-0.9 http://www.cuil.com/twiceler/robot.html)"
38.99.44.105 - - [30/Jun/2009:16:01:21 +0200] "GET /robots.txt HTTP/1.0" 200 64 "-" "Mozilla/5.0 (Twiceler-0.9 http://www.cuil.com/twiceler/robot.html)"
65.55.106.237 - - [30/Jun/2009:16:13:13 +0200] "GET /robots.txt HTTP/1.1" 302 363 "-" "msnbot/2.0b (+http://search.msn.com/msnbot.htm)"
65.55.106.237 - - [30/Jun/2009:16:13:13 +0200] "GET /zampa/robots.txt HTTP/1.1" 404 2748 "-" "msnbot/2.0b (+http://search.msn.com/msnbot.htm)"
65.55.106.235 - - [30/Jun/2009:16:16:08 +0200] "GET /robots.txt HTTP/1.1" 200 64 "-" "msnbot/2.0b (+http://search.msn.com/msnbot.htm)"
78.137.163.133 - - [30/Jun/2009:16:17:32 +0200] "GET /montenegro/slike/plakat.jpg HTTP/1.1" 302 380 "http://www.vnatrc.net/YAST/fullscreen" "Mozilla/5.0 (X11; U; Linux i686; en-US; rv:1.9a1) Gecko/20070308 Minefield/3.0a1"
78.137.163.133 - - [30/Jun/2009:16:17:32 +0200] "GET /zampa/montenegro/slike/plakat.jpg HTTP/1.1" 200 47879 "http://www.vnatrc.net/YAST/fullscreen" "Mozilla/5.0 (X11; U; Linux i686; en-US; rv:1.9a1) Gecko/20070308 Minefield/3.0a1"
67.16.94.2 - - [30/Jun/2009:16:33:10 +0200] "GET /robots.txt HTTP/1.0" 200 64 "-" "Gigabot/3.0 (http://www.gigablast.com/spider.html)"
67.16.94.2 - - [30/Jun/2009:16:33:15 +0200] "GET / HTTP/1.0" 200 7869 "-" "Gigabot/3.0 (http://www.gigablast.com/spider.html)"
65.55.211.159 - - [30/Jun/2009:16:58:09 +0200] "GET /snapshots.html HTTP/1.1" 200 4259 "-" "msnbot/1.1 (+http://search.msn.com/msnbot.htm)"
65.55.110.96 - - [30/Jun/2009:16:58:27 +0200] "GET /snapshots.html HTTP/1.0" 200 4259 "http://search.live.com/results.aspx?q=various" "Mozilla/4.0 (compatible; MSIE 6.0; Windows NT 5.2; SV1; .NET CLR 1.1.4322)"
72.14.199.8 - - [30/Jun/2009:17:28:49 +0200] "GET / HTTP/1.1" 302 353 "-" "Feedfetcher-Google; (+http://www.google.com/feedfetcher.html; 1 subscribers; feed-id=5454548576667470243)"
72.14.199.85 - - [30/Jun/2009:17:28:58 +0200] "GET /zampa/ HTTP/1.1" 200 7153 "-" "Feedfetcher-Google; (+http://www.google.com/feedfetcher.html; 1 subscribers; feed-id=5454548576667470243)"
66.197.241.12 - - [30/Jun/2009:17:57:45 +0200] "GET /framez-schubb5.html HTTP/1.0" 200 4330 "http://www.various-euro.com/framez-schubb5.html" "Opera/9.00 (Windows NT 5.1; U; en)"
66.197.241.12 - - [30/Jun/2009:17:57:45 +0200] "GET /frame-menu.html HTTP/1.0" 200 10500 "http://www.various-euro.com/frame-menu.html" "Opera/9.00 (Windows NT 5.1; U; en)"
66.197.241.12 - - [30/Jun/2009:17:57:45 +0200] "GET /schubb/schubb-5.html HTTP/1.0" 200 72944 "http://www.various-euro.com/schubb/schubb-5.html" "Opera/9.00 (Windows NT 5.1; U; en)"
66.197.241.12 - - [30/Jun/2009:17:57:46 +0200] "GET /frame-unten.html HTTP/1.0" 200 5308 "http://www.various-euro.com/frame-unten.html" "Opera/9.00 (Windows NT 5.1; U; en)"
66.197.241.12 - - [30/Jun/2009:18:09:18 +0200] "GET /framez-schubb5.html HTTP/1.0" 200 4330 "http://www.various-euro.com/framez-schubb5.html" "Mozilla/4.0 (compatible; MSIE 5.5; Windows 98)"
66.197.241.12 - - [30/Jun/2009:18:09:18 +0200] "GET /frame-menu.html HTTP/1.0" 200 10500 "http://www.various-euro.com/frame-menu.html" "Mozilla/4.0 (compatible; MSIE 5.5; Windows 98)"
66.197.241.12 - - [30/Jun/2009:18:09:18 +0200] "GET /schubb/schubb-5.html HTTP/1.0" 200 72944 "http://www.various-euro.com/schubb/schubb-5.html" "Mozilla/4.0 (compatible; MSIE 5.5; Windows 98)"
66.197.241.12 - - [30/Jun/2009:18:09:19 +0200] "GET /frame-unten.html HTTP/1.0" 200 5308 "http://www.various-euro.com/frame-unten.html" "Mozilla/4.0 (compatible; MSIE 5.5; Windows 98)"
74.6.8.88 - - [30/Jun/2009:18:12:16 +0200] "GET /robots.txt HTTP/1.0" 200 64 "-" "Mozilla/5.0 (compatible; Yahoo! Slurp; http://help.yahoo.com/help/us/ysearch/slurp)"
74.6.8.88 - - [30/Jun/2009:18:12:16 +0200] "GET /DgH/rampe/index.html HTTP/1.0" 200 2056 "-" "Mozilla/5.0 (compatible; Yahoo! Slurp/3.0; http://help.yahoo.com/help/us/ysearch/slurp)"
74.6.8.88 - - [30/Jun/2009:18:12:23 +0200] "GET /DgH/rampe/pict/Rampe.mp3 HTTP/1.0" 200 8295 "http://www.various-euro.com/DgH/rampe/index.html" "Mozilla/5.0 (compatible; Yahoo! Slurp/3.0; http://help.yahoo.com/help/us/ysearch/slurp)"
88.131.106.12 - - [30/Jun/2009:18:18:20 +0200] "GET /robots.txt HTTP/1.0" 200 64 "-" "Speedy Spider (http://www.entireweb.com/about/search_tech/speedy_spider/)"
88.131.106.12 - - [30/Jun/2009:18:18:20 +0200] "GET /framez.html HTTP/1.0" 200 3959 "-" "Speedy Spider (http://www.entireweb.com/about/search_tech/speedy_spider/)"
66.249.72.227 - - [30/Jun/2009:18:30:38 +0200] "GET /f-actions.html HTTP/1.1" 200 11686 "-" "Mozilla/5.0 (compatible; Googlebot/2.1; +http://www.google.com/bot.html)"
82.234.176.232 - - [30/Jun/2009:18:47:42 +0200] "GET / HTTP/1.1" 200 7869 "-" "Mozilla/5.0 (Macintosh; U; Intel Mac OS X 10_5_7; en-us) AppleWebKit/525.28.3 (KHTML, like Gecko)"
82.234.176.232 - - [30/Jun/2009:18:47:42 +0200] "GET /framez_0.html HTTP/1.1" 200 12285 "http://www.various-euro.com/" "Mozilla/5.0 (Macintosh; U; Intel Mac OS X 10_5_7; en-us) AppleWebKit/525.28.3 (KHTML, like Gecko)"
82.234.176.232 - - [30/Jun/2009:18:47:46 +0200] "GET /framez.html HTTP/1.1" 200 3959 "http://www.various-euro.com/framez_0.html" "Mozilla/5.0 (Macintosh; U; Intel Mac OS X 10_5_7; en-us) AppleWebKit/525.28.3 (KHTML, like Gecko)"
82.234.176.232 - - [30/Jun/2009:18:47:47 +0200] "GET /frame-menu.html HTTP/1.1" 200 10500 "http://www.various-euro.com/framez.html" "Mozilla/5.0 (Macintosh; U; Intel Mac OS X 10_5_7; en-us) AppleWebKit/525.28.3 (KHTML, like Gecko)"
82.234.176.232 - - [30/Jun/2009:18:47:47 +0200] "GET /frame-inhalt.html HTTP/1.1" 200 7688 "http://www.various-euro.com/framez.html" "Mozilla/5.0 (Macintosh; U; Intel Mac OS X 10_5_7; en-us) AppleWebKit/525.28.3 (KHTML, like Gecko)"
82.234.176.232 - - [30/Jun/2009:18:47:47 +0200] "GET /frame-unten.html HTTP/1.1" 200 5308 "http://www.various-euro.com/framez.html" "Mozilla/5.0 (Macintosh; U; Intel Mac OS X 10_5_7; en-us) AppleWebKit/525.28.3 (KHTML, like Gecko)"
82.234.176.232 - - [30/Jun/2009:18:47:47 +0200] "GET /style/various-euro.css HTTP/1.1" 200 3437 "http://www.various-euro.com/framez.html" "Mozilla/5.0 (Macintosh; U; Intel Mac OS X 10_5_7; en-us) AppleWebKit/525.28.3 (KHTML, like Gecko)"
82.234.176.232 - - [30/Jun/2009:18:47:47 +0200] "GET /eurosign3.gif HTTP/1.1" 200 7879 "http://www.various-euro.com/frame-inhalt.html" "Mozilla/5.0 (Macintosh; U; Intel Mac OS X 10_5_7; en-us) AppleWebKit/525.28.3 (KHTML, like Gecko)"
82.234.176.232 - - [30/Jun/2009:18:47:47 +0200] "GET /bannerz/douwil.gif HTTP/1.1" 200 528 "http://www.various-euro.com/frame-inhalt.html" "Mozilla/5.0 (Macintosh; U; Intel Mac OS X 10_5_7; en-us) AppleWebKit/525.28.3 (KHTML, like Gecko)"
82.234.176.232 - - [30/Jun/2009:18:47:47 +0200] "GET /bannerz/neon_click_3.gif HTTP/1.1" 200 240 "http://www.various-euro.com/frame-inhalt.html" "Mozilla/5.0 (Macintosh; U; Intel Mac OS X 10_5_7; en-us) AppleWebKit/525.28.3 (KHTML, like Gecko)"
82.234.176.232 - - [30/Jun/2009:18:47:47 +0200] "GET /bannerz/neon_click_2.gif HTTP/1.1" 200 387 "http://www.various-euro.com/frame-inhalt.html" "Mozilla/5.0 (Macintosh; U; Intel Mac OS X 10_5_7; en-us) AppleWebKit/525.28.3 (KHTML, like Gecko)"
82.234.176.232 - - [30/Jun/2009:18:47:47 +0200] "GET /bannerz/google/Logo_40blk.gif HTTP/1.1" 200 2308 "http://www.various-euro.com/frame-inhalt.html" "Mozilla/5.0 (Macintosh; U; Intel Mac OS X 10_5_7; en-us) AppleWebKit/525.28.3 (KHTML, like Gecko)"
82.234.176.232 - - [30/Jun/2009:18:47:47 +0200] "GET /bannerz/ve.jpg HTTP/1.1" 200 36912 "http://www.various-euro.com/frame-unten.html" "Mozilla/5.0 (Macintosh; U; Intel Mac OS X 10_5_7; en-us) AppleWebKit/525.28.3 (KHTML, like Gecko)"
82.234.176.232 - - [30/Jun/2009:18:47:47 +0200] "GET /bannerz/anti_black_small.gif HTTP/1.1" 200 1009 "http://www.various-euro.com/frame-inhalt.html" "Mozilla/5.0 (Macintosh; U; Intel Mac OS X 10_5_7; en-us) AppleWebKit/525.28.3 (KHTML, like Gecko)"
82.234.176.232 - - [30/Jun/2009:18:47:47 +0200] "GET /bannerz/copyleft_black_small.gif HTTP/1.1" 200 1231 "http://www.various-euro.com/frame-inhalt.html" "Mozilla/5.0 (Macintosh; U; Intel Mac OS X 10_5_7; en-us) AppleWebKit/525.28.3 (KHTML, like Gecko)"
82.234.176.232 - - [30/Jun/2009:18:47:47 +0200] "GET /bannerz/neon_click_1.gif HTTP/1.1" 200 890 "http://www.various-euro.com/frame-inhalt.html" "Mozilla/5.0 (Macintosh; U; Intel Mac OS X 10_5_7; en-us) AppleWebKit/525.28.3 (KHTML, like Gecko)"
82.234.176.232 - - [30/Jun/2009:18:47:47 +0200] "GET /bannerz/various-euro-girl.jpg HTTP/1.1" 200 91514 "http://www.various-euro.com/frame-unten.html" "Mozilla/5.0 (Macintosh; U; Intel Mac OS X 10_5_7; en-us) AppleWebKit/525.28.3 (KHTML, like Gecko)"
82.234.176.232 - - [30/Jun/2009:18:47:47 +0200] "GET /bannerz/wet.gif HTTP/1.1" 200 18561 "http://www.various-euro.com/frame-inhalt.html" "Mozilla/5.0 (Macintosh; U; Intel Mac OS X 10_5_7; en-us) AppleWebKit/525.28.3 (KHTML, like Gecko)"
65.55.211.166 - - [30/Jun/2009:19:18:53 +0200] "GET /robots.txt HTTP/1.1" 200 64 "-" "msnbot/1.1 (+http://search.msn.com/msnbot.htm)"
65.55.211.166 - - [30/Jun/2009:19:18:53 +0200] "GET /f-contact.html HTTP/1.1" 200 6804 "-" "msnbot/1.1 (+http://search.msn.com/msnbot.htm)"
77.22.178.249 - - [30/Jun/2009:19:29:57 +0200] "GET / HTTP/1.1" 200 7869 "http://www.randomwebsite.com/" "Mozilla/5.0 (Windows; U; Windows NT 6.0; de; rv:1.9.0.11) Gecko/2009060215 Firefox/3.0.11"
77.22.178.249 - - [30/Jun/2009:19:29:57 +0200] "GET /style/various-euro.css HTTP/1.1" 200 3437 "http://www.various-euro.com/" "Mozilla/5.0 (Windows; U; Windows NT 6.0; de; rv:1.9.0.11) Gecko/2009060215 Firefox/3.0.11"
77.22.178.249 - - [30/Jun/2009:19:29:57 +0200] "GET /ve-icon-2.ico HTTP/1.1" 200 2238 "-" "Mozilla/5.0 (Windows; U; Windows NT 6.0; de; rv:1.9.0.11) Gecko/2009060215 Firefox/3.0.11"
77.22.178.249 - - [30/Jun/2009:19:29:58 +0200] "GET /framez_0.html HTTP/1.1" 200 12285 "http://www.various-euro.com/" "Mozilla/5.0 (Windows; U; Windows NT 6.0; de; rv:1.9.0.11) Gecko/2009060215 Firefox/3.0.11"
77.22.178.249 - - [30/Jun/2009:19:30:02 +0200] "GET /framez.html HTTP/1.1" 200 3959 "http://www.various-euro.com/framez_0.html" "Mozilla/5.0 (Windows; U; Windows NT 6.0; de; rv:1.9.0.11) Gecko/2009060215 Firefox/3.0.11"
77.22.178.249 - - [30/Jun/2009:19:30:02 +0200] "GET /frame-menu.html HTTP/1.1" 200 10500 "http://www.various-euro.com/framez.html" "Mozilla/5.0 (Windows; U; Windows NT 6.0; de; rv:1.9.0.11) Gecko/2009060215 Firefox/3.0.11"
77.22.178.249 - - [30/Jun/2009:19:30:02 +0200] "GET /frame-inhalt.html HTTP/1.1" 200 7688 "http://www.various-euro.com/framez.html" "Mozilla/5.0 (Windows; U; Windows NT 6.0; de; rv:1.9.0.11) Gecko/2009060215 Firefox/3.0.11"
77.22.178.249 - - [30/Jun/2009:19:30:02 +0200] "GET /frame-unten.html HTTP/1.1" 200 5308 "http://www.various-euro.com/framez.html" "Mozilla/5.0 (Windows; U; Windows NT 6.0; de; rv:1.9.0.11) Gecko/2009060215 Firefox/3.0.11"
77.22.178.249 - - [30/Jun/2009:19:30:02 +0200] "GET /bannerz/ve.jpg HTTP/1.1" 200 36912 "http://www.various-euro.com/frame-unten.html" "Mozilla/5.0 (Windows; U; Windows NT 6.0; de; rv:1.9.0.11) Gecko/2009060215 Firefox/3.0.11"
77.22.178.249 - - [30/Jun/2009:19:30:02 +0200] "GET /bannerz/neon_click_3.gif HTTP/1.1" 200 240 "http://www.various-euro.com/frame-inhalt.html" "Mozilla/5.0 (Windows; U; Windows NT 6.0; de; rv:1.9.0.11) Gecko/2009060215 Firefox/3.0.11"
77.22.178.249 - - [30/Jun/2009:19:30:02 +0200] "GET /eurosign3.gif HTTP/1.1" 200 7879 "http://www.various-euro.com/frame-inhalt.html" "Mozilla/5.0 (Windows; U; Windows NT 6.0; de; rv:1.9.0.11) Gecko/2009060215 Firefox/3.0.11"
77.22.178.249 - - [30/Jun/2009:19:30:03 +0200] "GET /bannerz/neon_click_2.gif HTTP/1.1" 200 387 "http://www.various-euro.com/frame-inhalt.html" "Mozilla/5.0 (Windows; U; Windows NT 6.0; de; rv:1.9.0.11) Gecko/2009060215 Firefox/3.0.11"
77.22.178.249 - - [30/Jun/2009:19:30:02 +0200] "GET /bannerz/various-euro-girl.jpg HTTP/1.1" 200 91514 "http://www.various-euro.com/frame-unten.html" "Mozilla/5.0 (Windows; U; Windows NT 6.0; de; rv:1.9.0.11) Gecko/2009060215 Firefox/3.0.11"
77.22.178.249 - - [30/Jun/2009:19:30:03 +0200] "GET /bannerz/neon_click_1.gif HTTP/1.1" 200 890 "http://www.various-euro.com/frame-inhalt.html" "Mozilla/5.0 (Windows; U; Windows NT 6.0; de; rv:1.9.0.11) Gecko/2009060215 Firefox/3.0.11"
77.22.178.249 - - [30/Jun/2009:19:30:03 +0200] "GET /bannerz/google/Logo_40blk.gif HTTP/1.1" 200 2308 "http://www.various-euro.com/frame-inhalt.html" "Mozilla/5.0 (Windows; U; Windows NT 6.0; de; rv:1.9.0.11) Gecko/2009060215 Firefox/3.0.11"
77.22.178.249 - - [30/Jun/2009:19:30:03 +0200] "GET /bannerz/douwil.gif HTTP/1.1" 200 528 "http://www.various-euro.com/frame-inhalt.html" "Mozilla/5.0 (Windows; U; Windows NT 6.0; de; rv:1.9.0.11) Gecko/2009060215 Firefox/3.0.11"
77.22.178.249 - - [30/Jun/2009:19:30:03 +0200] "GET /bannerz/anti_black_small.gif HTTP/1.1" 200 1009 "http://www.various-euro.com/frame-inhalt.html" "Mozilla/5.0 (Windows; U; Windows NT 6.0; de; rv:1.9.0.11) Gecko/2009060215 Firefox/3.0.11"
77.22.178.249 - - [30/Jun/2009:19:30:03 +0200] "GET /bannerz/copyleft_black_small.gif HTTP/1.1" 200 1231 "http://www.various-euro.com/frame-inhalt.html" "Mozilla/5.0 (Windows; U; Windows NT 6.0; de; rv:1.9.0.11) Gecko/2009060215 Firefox/3.0.11"
77.22.178.249 - - [30/Jun/2009:19:30:03 +0200] "GET /bannerz/wet.gif HTTP/1.1" 200 18561 "http://www.various-euro.com/frame-inhalt.html" "Mozilla/5.0 (Windows; U; Windows NT 6.0; de; rv:1.9.0.11) Gecko/2009060215 Firefox/3.0.11"
65.55.106.131 - - [30/Jun/2009:19:34:28 +0200] "GET /robots.txt HTTP/1.1" 302 363 "-" "msnbot/2.0b (+http://search.msn.com/msnbot.htm)"
65.55.106.131 - - [30/Jun/2009:19:34:28 +0200] "GET /zampa/robots.txt HTTP/1.1" 404 2748 "-" "msnbot/2.0b (+http://search.msn.com/msnbot.htm)"
65.55.106.131 - - [30/Jun/2009:19:39:58 +0200] "GET / HTTP/1.1" 302 353 "-" "msnbot/2.0b (+http://search.msn.com/msnbot.htm)"
66.249.72.227 - - [30/Jun/2009:19:49:41 +0200] "GET /logs/usage_200810.html HTTP/1.1" 200 167469 "-" "Mozilla/5.0 (compatible; Googlebot/2.1; +http://www.google.com/bot.html)"
65.55.106.238 - - [30/Jun/2009:19:51:57 +0200] "GET /f-sponsor.html HTTP/1.1" 200 8578 "-" "msnbot/2.0b (+http://search.msn.com/msnbot.htm)"
65.55.106.131 - - [30/Jun/2009:19:52:06 +0200] "GET /zampa/ HTTP/1.1" 200 7153 "-" "msnbot/2.0b (+http://search.msn.com/msnbot.htm)"
74.6.8.88 - - [30/Jun/2009:19:53:53 +0200] "GET /logs/usage_200807.html HTTP/1.0" 200 169348 "-" "Mozilla/5.0 (compatible; Yahoo! Slurp/3.0; http://help.yahoo.com/help/us/ysearch/slurp)"
66.249.72.227 - - [30/Jun/2009:20:02:53 +0200] "GET /mashup/ HTTP/1.1" 200 15596 "-" "Mozilla/5.0 (compatible; Googlebot/2.1; +http://www.google.com/bot.html)"
81.52.143.34 - - [30/Jun/2009:20:21:42 +0200] "GET /neon/warning.html HTTP/1.1" 200 5134 "-" "Mozilla/5.0 (Windows; U; Windows NT 5.1; fr; rv:1.8.1) VoilaBot BETA 1.2 (support.voilabot@orange-ftgroup.com)"
76.73.96.82 - - [30/Jun/2009:20:32:12 +0200] "PUT /index.htm HTTP/1.1" 405 1211 "-" "Microsoft Data Access Internet Publishing Provider DAV 1.1"
76.73.96.82 - - [30/Jun/2009:20:32:13 +0200] "PUT /index.html HTTP/1.1" 200 7869 "-" "Microsoft Data Access Internet Publishing Provider DAV 1.1"
76.73.96.82 - - [30/Jun/2009:20:32:13 +0200] "PUT /welcome.htm HTTP/1.1" 405 1211 "-" "Microsoft Data Access Internet Publishing Provider DAV 1.1"
76.73.96.82 - - [30/Jun/2009:20:32:13 +0200] "PUT /welcome.html HTTP/1.1" 404 2748 "-" "Microsoft Data Access Internet Publishing Provider DAV 1.1"
76.73.96.82 - - [30/Jun/2009:20:32:13 +0200] "PUT /home.htm HTTP/1.1" 405 1211 "-" "Microsoft Data Access Internet Publishing Provider DAV 1.1"
76.73.96.82 - - [30/Jun/2009:20:32:13 +0200] "PUT /home.html HTTP/1.1" 404 2748 "-" "Microsoft Data Access Internet Publishing Provider DAV 1.1"
76.73.96.82 - - [30/Jun/2009:20:32:13 +0200] "PUT /index.aspx HTTP/1.1" 405 1211 "-" "Microsoft Data Access Internet Publishing Provider DAV 1.1"
76.73.96.82 - - [30/Jun/2009:20:32:13 +0200] "PUT /defaut.aspx HTTP/1.1" 405 1211 "-" "Microsoft Data Access Internet Publishing Provider DAV 1.1"
76.73.96.82 - - [30/Jun/2009:20:32:14 +0200] "PUT /home.aspx HTTP/1.1" 405 1211 "-" "Microsoft Data Access Internet Publishing Provider DAV 1.1"
76.73.96.82 - - [30/Jun/2009:20:32:14 +0200] "PUT /default.htm HTTP/1.1" 405 1211 "-" "Microsoft Data Access Internet Publishing Provider DAV 1.1"
76.73.96.82 - - [30/Jun/2009:20:32:14 +0200] "PUT /default.html HTTP/1.1" 404 2748 "-" "Microsoft Data Access Internet Publishing Provider DAV 1.1"
76.73.96.82 - - [30/Jun/2009:20:32:14 +0200] "PUT /index.asp HTTP/1.1" 405 1211 "-" "Microsoft Data Access Internet Publishing Provider DAV 1.1"
76.73.96.82 - - [30/Jun/2009:20:32:14 +0200] "PUT /main.htm HTTP/1.1" 405 1211 "-" "Microsoft Data Access Internet Publishing Provider DAV 1.1"
76.73.96.82 - - [30/Jun/2009:20:32:14 +0200] "PUT /iisstart.asp HTTP/1.1" 405 1211 "-" "Microsoft Data Access Internet Publishing Provider DAV 1.1"
76.73.96.82 - - [30/Jun/2009:20:32:14 +0200] "PUT /main.html HTTP/1.1" 404 2748 "-" "Microsoft Data Access Internet Publishing Provider DAV 1.1"
76.73.96.82 - - [30/Jun/2009:20:32:14 +0200] "PUT /main.asp HTTP/1.1" 405 1211 "-" "Microsoft Data Access Internet Publishing Provider DAV 1.1"
76.73.96.82 - - [30/Jun/2009:20:32:15 +0200] "PUT /main.aspx HTTP/1.1" 405 1211 "-" "Microsoft Data Access Internet Publishing Provider DAV 1.1"
76.73.96.82 - - [30/Jun/2009:20:32:15 +0200] "PUT /default.asp HTTP/1.1" 405 1211 "-" "Microsoft Data Access Internet Publishing Provider DAV 1.1"
76.73.96.82 - - [30/Jun/2009:20:32:15 +0200] "PUT /home.asp HTTP/1.1" 405 1211 "-" "Microsoft Data Access Internet Publishing Provider DAV 1.1"
76.73.96.82 - - [30/Jun/2009:20:32:15 +0200] "PUT /index.php HTTP/1.1" 404 2748 "-" "Microsoft Data Access Internet Publishing Provider DAV 1.1"
76.73.96.82 - - [30/Jun/2009:20:32:15 +0200] "PUT /default.php HTTP/1.1" 404 2748 "-" "Microsoft Data Access Internet Publishing Provider DAV 1.1"
76.73.96.82 - - [30/Jun/2009:20:32:15 +0200] "PUT /home.php HTTP/1.1" 404 2748 "-" "Microsoft Data Access Internet Publishing Provider DAV 1.1"
76.73.96.82 - - [30/Jun/2009:20:32:15 +0200] "PUT /iisstart.asp HTTP/1.1" 405 1211 "-" "Microsoft Data Access Internet Publishing Provider DAV 1.1"
76.73.96.82 - - [30/Jun/2009:20:32:16 +0200] "PUT /localstart.asp HTTP/1.1" 405 1211 "-" "Microsoft Data Access Internet Publishing Provider DAV 1.1"
76.73.96.82 - - [30/Jun/2009:20:32:16 +0200] "GET / HTTP/1.1" 200 7869 "-" "libwww-perl/5.827"
72.14.199.8 - - [30/Jun/2009:20:35:39 +0200] "GET / HTTP/1.1" 302 353 "-" "Feedfetcher-Google; (+http://www.google.com/feedfetcher.html; 1 subscribers; feed-id=5454548576667470243)"
72.14.199.85 - - [30/Jun/2009:20:35:39 +0200] "GET /zampa/ HTTP/1.1" 200 7153 "-" "Feedfetcher-Google; (+http://www.google.com/feedfetcher.html; 1 subscribers; feed-id=5454548576667470243)"
74.6.8.88 - - [30/Jun/2009:20:40:50 +0200] "GET /bmpp/18_x.html HTTP/1.0" 200 1100 "-" "Mozilla/5.0 (compatible; Yahoo! Slurp/3.0; http://help.yahoo.com/help/us/ysearch/slurp)"
81.52.143.35 - - [30/Jun/2009:20:57:04 +0200] "GET /neon/warning2.html HTTP/1.1" 200 997 "-" "Mozilla/5.0 (Windows; U; Windows NT 5.1; fr; rv:1.8.1) VoilaBot BETA 1.2 (support.voilabot@orange-ftgroup.com)"
65.55.106.112 - - [30/Jun/2009:21:04:33 +0200] "GET /f-channel1.html HTTP/1.1" 200 9329 "-" "msnbot/2.0b (+http://search.msn.com/msnbot.htm)"
82.141.43.165 - - [30/Jun/2009:21:21:06 +0200] "GET /restate_copy.html HTTP/1.1" 200 97631 "-" "Python-urllib/2.5"
65.55.211.166 - - [30/Jun/2009:21:46:33 +0200] "GET / HTTP/1.1" 200 7869 "-" "msnbot/1.1 (+http://search.msn.com/msnbot.htm)"
66.249.72.227 - - [30/Jun/2009:22:12:39 +0200] "GET /mashup/f-contact.html HTTP/1.1" 404 2748 "-" "Mozilla/5.0 (compatible; Googlebot/2.1; +http://www.google.com/bot.html)"
66.249.72.227 - - [30/Jun/2009:22:15:20 +0200] "GET /mashup/your_tour.html HTTP/1.1" 404 2748 "-" "Mozilla/5.0 (compatible; Googlebot/2.1; +http://www.google.com/bot.html)"
66.249.72.227 - - [30/Jun/2009:22:17:46 +0200] "GET /mashup/f-bannnerz.html HTTP/1.1" 404 2748 "-" "Mozilla/5.0 (compatible; Googlebot/2.1; +http://www.google.com/bot.html)"
66.249.72.227 - - [30/Jun/2009:22:20:21 +0200] "GET /mashup/f-doku-brau.html HTTP/1.1" 404 2748 "-" "Mozilla/5.0 (compatible; Googlebot/2.1; +http://www.google.com/bot.html)"
66.249.72.227 - - [30/Jun/2009:22:22:56 +0200] "GET /mashup/restate_copy.html HTTP/1.1" 404 2748 "-" "Mozilla/5.0 (compatible; Googlebot/2.1; +http://www.google.com/bot.html)"
66.249.72.227 - - [30/Jun/2009:22:25:31 +0200] "GET /mashup/f-horrorkatze.html HTTP/1.1" 404 2748 "-" "Mozilla/5.0 (compatible; Googlebot/2.1; +http://www.google.com/bot.html)"
74.6.8.88 - - [30/Jun/2009:22:35:35 +0200] "GET /f-zeug.html HTTP/1.0" 200 59462 "-" "Mozilla/5.0 (compatible; Yahoo! Slurp/3.0; http://help.yahoo.com/help/us/ysearch/slurp)"
193.252.149.13 - - [30/Jun/2009:22:58:05 +0200] "GET /DgH/watch/index.html HTTP/1.1" 200 2028 "-" "Mozilla/5.0 (Windows; U; Windows NT 5.1; fr; rv:1.8.1) VoilaBot BETA 1.2 (support.voilabot@orange-ftgroup.com)"
193.252.149.13 - - [30/Jun/2009:23:06:54 +0200] "GET /neon/biggtani.html HTTP/1.1" 200 1698 "-" "Mozilla/5.0 (Windows; U; Windows NT 5.1; fr; rv:1.8.1) VoilaBot BETA 1.2 (support.voilabot@orange-ftgroup.com)"
193.252.149.14 - - [30/Jun/2009:23:13:13 +0200] "GET /neon/channel.html HTTP/1.1" 200 1942 "-" "Mozilla/5.0 (Windows; U; Windows NT 5.1; fr; rv:1.8.1) VoilaBot BETA 1.2 (support.voilabot@orange-ftgroup.com)"
74.6.8.88 - - [30/Jun/2009:23:31:08 +0200] "GET /neon/behindd.html HTTP/1.0" 200 476 "-" "Mozilla/5.0 (compatible; Yahoo! Slurp/3.0; http://help.yahoo.com/help/us/ysearch/slurp)"
72.14.199.8 - - [30/Jun/2009:23:35:42 +0200] "GET / HTTP/1.1" 302 353 "-" "Feedfetcher-Google; (+http://www.google.com/feedfetcher.html; 1 subscribers; feed-id=5454548576667470243)"
72.14.199.85 - - [30/Jun/2009:23:35:43 +0200] "GET /zampa/ HTTP/1.1" 200 7153 "-" "Feedfetcher-Google; (+http://www.google.com/feedfetcher.html; 1 subscribers; feed-id=5454548576667470243)"
61.247.221.90 - - [30/Jun/2009:23:52:34 +0200] "GET /robots.txt HTTP/1.1" 200 64 "-" "Mozilla/4.0 (compatible; NaverBot/1.0; http://help.naver.com/customer_webtxt_02.jsp)"
61.247.221.90 - - [30/Jun/2009:23:52:35 +0200] "GET /f-rez.html HTTP/1.1" 200 9765 "-" "Mozilla/4.0 (compatible; NaverBot/1.0; http://help.naver.com/customer_webtxt_02.jsp)"
65.55.211.170 - - [30/Jun/2009:23:58:07 +0200] "GET /robots.txt HTTP/1.1" 200 64 "-" "msnbot/1.1 (+http://search.msn.com/msnbot.htm)"
65.55.211.170 - - [30/Jun/2009:23:58:08 +0200] "GET /neon/europa.html HTTP/1.1" 200 389 "-" "msnbot/1.1 (+http://search.msn.com/msnbot.htm)"