72.30.79.93 - - [23/Jun/2009:04:46:29 +0200] "GET /frame-menu.html HTTP/1.0" 200 10500 "http://www.various-euro.com/framez-restate.html" "Mozilla/5.0 (compatible; Yahoo! Slurp/3.0; http://help.yahoo.com/help/us/ysearch/slurp)"
72.30.79.93 - - [23/Jun/2009:04:46:29 +0200] "GET /frame-unten.html HTTP/1.0" 200 5308 "http://www.various-euro.com/framez-restate.html" "Mozilla/5.0 (compatible; Yahoo! Slurp/3.0; http://help.yahoo.com/help/us/ysearch/slurp)"
72.30.79.93 - - [23/Jun/2009:04:46:29 +0200] "GET /restate_copy.html HTTP/1.0" 200 97631 "http://www.various-euro.com/framez-restate.html" "Mozilla/5.0 (compatible; Yahoo! Slurp/3.0; http://help.yahoo.com/help/us/ysearch/slurp)"
72.30.79.93 - - [23/Jun/2009:04:47:04 +0200] "GET /style/various-euro.css HTTP/1.0" 304 - "http://www.various-euro.com/frame-menu.html" "Mozilla/5.0 (compatible; Yahoo! Slurp/3.0; http://help.yahoo.com/help/us/ysearch/slurp)"
65.55.106.206 - - [23/Jun/2009:04:54:49 +0200] "GET /robots.txt HTTP/1.1" 200 64 "-" "msnbot/2.0b (+http://search.msn.com/msnbot.htm)"
65.55.106.206 - - [23/Jun/2009:04:59:47 +0200] "GET /zampa/montenegro/MILOW.html HTTP/1.1" 200 860 "-" "msnbot/2.0b (+http://search.msn.com/msnbot.htm)"
65.55.106.167 - - [23/Jun/2009:06:02:20 +0200] "GET /restate_copy.html HTTP/1.1" 200 97631 "-" "msnbot/2.0b (+http://search.msn.com/msnbot.htm)"
72.30.79.93 - - [23/Jun/2009:06:07:58 +0200] "GET /framez.html HTTP/1.0" 200 3959 "-" "Mozilla/5.0 (compatible; Yahoo! Slurp/3.0; http://help.yahoo.com/help/us/ysearch/slurp)"
72.30.79.93 - - [23/Jun/2009:06:08:01 +0200] "GET /frame-inhalt.html HTTP/1.0" 200 7688 "http://www.various-euro.com/framez.html" "Mozilla/5.0 (compatible; Yahoo! Slurp/3.0; http://help.yahoo.com/help/us/ysearch/slurp)"
193.252.149.15 - - [23/Jun/2009:06:08:59 +0200] "GET /neon/large.html HTTP/1.1" 200 1547 "-" "Mozilla/5.0 (Windows; U; Windows NT 5.1; fr; rv:1.8.1) VoilaBot BETA 1.2 (support.voilabot@orange-ftgroup.com)"
81.52.143.16 - - [23/Jun/2009:06:09:50 +0200] "GET /bmpp/18_x.html HTTP/1.1" 200 1100 "-" "Mozilla/5.0 (Windows; U; Windows NT 5.1; fr; rv:1.8.1) VoilaBot BETA 1.2 (support.voilabot@orange-ftgroup.com)"
208.115.111.243 - - [23/Jun/2009:06:14:55 +0200] "GET / HTTP/1.1" 200 7869 "-" "Mozilla/5.0 (compatible; DotBot/1.1; http://www.dotnetdotcom.org/, crawler@dotnetdotcom.org)"
208.115.111.243 - - [23/Jun/2009:06:15:00 +0200] "GET /zampa-lovers/index.html HTTP/1.1" 200 37790 "-" "Mozilla/5.0 (compatible; DotBot/1.1; http://www.dotnetdotcom.org/, crawler@dotnetdotcom.org)"
208.115.111.243 - - [23/Jun/2009:06:15:05 +0200] "GET / HTTP/1.1" 200 7869 "-" "Mozilla/5.0 (compatible; DotBot/1.1; http://www.dotnetdotcom.org/, crawler@dotnetdotcom.org)"
208.115.111.243 - - [23/Jun/2009:06:15:12 +0200] "GET /DgH/ HTTP/1.1" 200 5024 "-" "Mozilla/5.0 (compatible; DotBot/1.1; http://www.dotnetdotcom.org/, crawler@dotnetdotcom.org)"
208.115.111.243 - - [23/Jun/2009:06:15:17 +0200] "GET /framez-rez.html HTTP/1.1" 200 4323 "-" "Mozilla/5.0 (compatible; DotBot/1.1; http://www.dotnetdotcom.org/, crawler@dotnetdotcom.org)"
208.115.111.243 - - [23/Jun/2009:06:15:23 +0200] "GET /framez.html HTTP/1.1" 200 3959 "-" "Mozilla/5.0 (compatible; DotBot/1.1; http://www.dotnetdotcom.org/, crawler@dotnetdotcom.org)"
208.115.111.243 - - [23/Jun/2009:06:15:28 +0200] "GET / HTTP/1.1" 302 353 "-" "Mozilla/5.0 (compatible; DotBot/1.1; http://www.dotnetdotcom.org/, crawler@dotnetdotcom.org)"
193.252.149.15 - - [23/Jun/2009:06:31:32 +0200] "GET / HTTP/1.1" 200 7869 "-" "Mozilla/5.0 (Windows; U; Windows NT 5.1; fr; rv:1.8.1) VoilaBot BETA 1.2 (support.voilabot@orange-ftgroup.com)"
65.55.211.164 - - [23/Jun/2009:06:32:02 +0200] "GET /robots.txt HTTP/1.1" 200 64 "-" "msnbot/1.1 (+http://search.msn.com/msnbot.htm)"
65.55.211.164 - - [23/Jun/2009:06:32:03 +0200] "GET /ve-icon-2.ico HTTP/1.1" 200 2238 "-" "msnbot/1.1 (+http://search.msn.com/msnbot.htm)"
193.252.149.15 - - [23/Jun/2009:06:34:02 +0200] "GET /bmpp/18start.html HTTP/1.1" 200 320 "-" "Mozilla/5.0 (Windows; U; Windows NT 5.1; fr; rv:1.8.1) VoilaBot BETA 1.2 (support.voilabot@orange-ftgroup.com)"
65.55.106.218 - - [23/Jun/2009:06:37:26 +0200] "GET /robots.txt HTTP/1.1" 200 64 "-" "msnbot/2.0b (+http://search.msn.com/msnbot.htm)"
81.52.143.33 - - [23/Jun/2009:06:45:06 +0200] "GET /neon/girlz2.html HTTP/1.1" 200 2937 "-" "Mozilla/5.0 (Windows; U; Windows NT 5.1; fr; rv:1.8.1) VoilaBot BETA 1.2 (support.voilabot@orange-ftgroup.com)"
81.52.143.32 - - [23/Jun/2009:06:56:40 +0200] "GET /schubb/schubb-2.html HTTP/1.1" 200 16660 "-" "Mozilla/5.0 (Windows; U; Windows NT 5.1; fr; rv:1.8.1) VoilaBot BETA 1.2 (support.voilabot@orange-ftgroup.com)"
81.52.143.33 - - [23/Jun/2009:07:04:19 +0200] "GET /schubb/schubb-1.html HTTP/1.1" 200 9070 "-" "Mozilla/5.0 (Windows; U; Windows NT 5.1; fr; rv:1.8.1) VoilaBot BETA 1.2 (support.voilabot@orange-ftgroup.com)"
72.14.199.8 - - [23/Jun/2009:07:45:56 +0200] "GET / HTTP/1.1" 302 353 "-" "Feedfetcher-Google; (+http://www.google.com/feedfetcher.html; 1 subscribers; feed-id=5454548576667470243)"
72.14.199.85 - - [23/Jun/2009:07:45:56 +0200] "GET /zampa/ HTTP/1.1" 200 7153 "-" "Feedfetcher-Google; (+http://www.google.com/feedfetcher.html; 1 subscribers; feed-id=5454548576667470243)"
77.162.219.139 - - [23/Jun/2009:07:47:04 +0200] "GET http://various-euro.com/cgi-bin/mail/s.p HTTP/1.0" 404 2748 "http://various-euro.com/cgi-bin/mail/s.p" "Mozilla/4.0 (compatible; MSIE 6.0; Windows NT 5.1)"
77.162.219.139 - - [23/Jun/2009:07:47:04 +0200] "GET http://various-euro.com/cgi-bin/mail/subscribe_eng.pl HTTP/1.0" 404 2748 "http://various-euro.com/cgi-bin/mail/subscribe_eng.pl" "Mozilla/4.0 (compatible; MSIE 6.0; Windows NT 5.1)"
216.145.19.202 - - [23/Jun/2009:08:06:53 +0200] "GET / HTTP/1.1" 200 7869 "-" "Mozilla/4.0 (compatible; MSIE 6.0; Windows NT 5.0; DigExt)"
193.252.149.14 - - [23/Jun/2009:08:22:36 +0200] "GET /neon/sushi.html HTTP/1.1" 200 687 "-" "Mozilla/5.0 (Windows; U; Windows NT 5.1; fr; rv:1.8.1) VoilaBot BETA 1.2 (support.voilabot@orange-ftgroup.com)"
66.249.72.227 - - [23/Jun/2009:08:59:11 +0200] "GET /bmpp/18asi_2.html HTTP/1.1" 200 8674 "-" "Mozilla/5.0 (compatible; Googlebot/2.1; +http://www.google.com/bot.html)"
67.195.115.213 - - [23/Jun/2009:09:54:48 +0200] "GET /robots.txt HTTP/1.0" 200 64 "-" "Mozilla/5.0 (compatible; Yahoo! Slurp; http://help.yahoo.com/help/us/ysearch/slurp)"
67.195.115.213 - - [23/Jun/2009:09:54:48 +0200] "GET /framez-rez.html HTTP/1.0" 200 4323 "-" "Mozilla/5.0 (compatible; Yahoo! Slurp/3.0; http://help.yahoo.com/help/us/ysearch/slurp)"
67.195.115.213 - - [23/Jun/2009:09:54:49 +0200] "GET /frame-unten.html HTTP/1.0" 200 5308 "http://www.various-euro.com/framez-rez.html" "Mozilla/5.0 (compatible; Yahoo! Slurp/3.0; http://help.yahoo.com/help/us/ysearch/slurp)"
67.195.115.213 - - [23/Jun/2009:09:54:49 +0200] "GET /frame-menu.html HTTP/1.0" 200 10500 "http://www.various-euro.com/framez-rez.html" "Mozilla/5.0 (compatible; Yahoo! Slurp/3.0; http://help.yahoo.com/help/us/ysearch/slurp)"
67.195.115.213 - - [23/Jun/2009:09:54:49 +0200] "GET /f-rez.html HTTP/1.0" 200 9765 "http://www.various-euro.com/framez-rez.html" "Mozilla/5.0 (compatible; Yahoo! Slurp/3.0; http://help.yahoo.com/help/us/ysearch/slurp)"
67.195.115.213 - - [23/Jun/2009:09:54:49 +0200] "GET /style/various-euro.css HTTP/1.0" 304 - "http://www.various-euro.com/frame-menu.html" "Mozilla/5.0 (compatible; Yahoo! Slurp/3.0; http://help.yahoo.com/help/us/ysearch/slurp)"
72.30.79.93 - - [23/Jun/2009:10:23:44 +0200] "GET /framez-rez.html HTTP/1.0" 200 4323 "-" "Mozilla/5.0 (compatible; Yahoo! Slurp/3.0; http://help.yahoo.com/help/us/ysearch/slurp)"
72.30.79.93 - - [23/Jun/2009:10:23:45 +0200] "GET /frame-unten.html HTTP/1.0" 200 5308 "http://www.various-euro.com/framez-rez.html" "Mozilla/5.0 (compatible; Yahoo! Slurp/3.0; http://help.yahoo.com/help/us/ysearch/slurp)"
72.30.79.93 - - [23/Jun/2009:10:23:45 +0200] "GET /f-rez.html HTTP/1.0" 200 9765 "http://www.various-euro.com/framez-rez.html" "Mozilla/5.0 (compatible; Yahoo! Slurp/3.0; http://help.yahoo.com/help/us/ysearch/slurp)"
72.30.79.93 - - [23/Jun/2009:10:23:45 +0200] "GET /frame-menu.html HTTP/1.0" 200 10500 "http://www.various-euro.com/framez-rez.html" "Mozilla/5.0 (compatible; Yahoo! Slurp/3.0; http://help.yahoo.com/help/us/ysearch/slurp)"
72.30.79.93 - - [23/Jun/2009:10:23:45 +0200] "GET /style/various-euro.css HTTP/1.0" 304 - "http://www.various-euro.com/frame-menu.html" "Mozilla/5.0 (compatible; Yahoo! Slurp/3.0; http://help.yahoo.com/help/us/ysearch/slurp)"
65.55.106.194 - - [23/Jun/2009:10:23:53 +0200] "GET /robots.txt HTTP/1.1" 302 363 "-" "msnbot/2.0b (+http://search.msn.com/msnbot.htm)"
65.55.106.194 - - [23/Jun/2009:10:23:53 +0200] "GET /zampa/robots.txt HTTP/1.1" 404 2748 "-" "msnbot/2.0b (+http://search.msn.com/msnbot.htm)"
72.14.199.8 - - [23/Jun/2009:10:46:07 +0200] "GET / HTTP/1.1" 302 353 "-" "Feedfetcher-Google; (+http://www.google.com/feedfetcher.html; 1 subscribers; feed-id=5454548576667470243)"
72.14.199.85 - - [23/Jun/2009:10:46:08 +0200] "GET /zampa/ HTTP/1.1" 200 7153 "-" "Feedfetcher-Google; (+http://www.google.com/feedfetcher.html; 1 subscribers; feed-id=5454548576667470243)"
94.142.129.98 - - [23/Jun/2009:11:18:15 +0200] "GET /framez-schubb5.html HTTP/1.0" 200 4330 "http://www.various-euro.com/framez-schubb5.html" "Mozilla/4.0 (compatible; MSIE 6.0; Windows NT 5.1; Crazy Browser 1.0.5)"
94.142.129.98 - - [23/Jun/2009:11:18:15 +0200] "GET /frame-menu.html HTTP/1.0" 200 10500 "http://www.various-euro.com/frame-menu.html" "Mozilla/4.0 (compatible; MSIE 6.0; Windows NT 5.1; Crazy Browser 1.0.5)"
94.142.129.98 - - [23/Jun/2009:11:18:15 +0200] "GET /schubb/schubb-5.html HTTP/1.0" 200 72944 "http://www.various-euro.com/schubb/schubb-5.html" "Mozilla/4.0 (compatible; MSIE 6.0; Windows NT 5.1; Crazy Browser 1.0.5)"
94.142.129.98 - - [23/Jun/2009:11:18:16 +0200] "GET /frame-unten.html HTTP/1.0" 200 5308 "http://www.various-euro.com/frame-unten.html" "Mozilla/4.0 (compatible; MSIE 6.0; Windows NT 5.1; Crazy Browser 1.0.5)"
66.249.72.227 - - [23/Jun/2009:11:18:48 +0200] "GET /bmpp/18.html HTTP/1.1" 200 4467 "-" "Mozilla/5.0 (compatible; Googlebot/2.1; +http://www.google.com/bot.html)"
202.160.188.230 - - [23/Jun/2009:11:27:48 +0200] "GET /robots.txt HTTP/1.0" 200 64 "-" "Mozilla/5.0 (compatible; Yahoo! Slurp China; http://misc.yahoo.com.cn/help.html)"
202.160.180.118 - - [23/Jun/2009:11:29:02 +0200] "GET / HTTP/1.0" 200 7869 "-" "Mozilla/5.0 (compatible; Yahoo! Slurp China; http://misc.yahoo.com.cn/help.html)"
38.99.13.116 - - [23/Jun/2009:11:32:37 +0200] "GET /robots.txt HTTP/1.0" 302 363 "-" "Mozilla/5.0 (Twiceler-0.9 http://www.cuil.com/twiceler/robot.html)"
72.30.79.93 - - [23/Jun/2009:11:40:18 +0200] "GET /logs/usage_200807.html HTTP/1.0" 200 169348 "-" "Mozilla/5.0 (compatible; Yahoo! Slurp/3.0; http://help.yahoo.com/help/us/ysearch/slurp)"
67.195.115.213 - - [23/Jun/2009:11:43:49 +0200] "GET / HTTP/1.0" 200 7869 "-" "Mozilla/5.0 (compatible; Yahoo! Slurp/3.0; http://help.yahoo.com/help/us/ysearch/slurp)"
66.249.72.227 - - [23/Jun/2009:12:06:24 +0200] "GET /logs/usage_200906.html HTTP/1.1" 404 2748 "-" "Mozilla/5.0 (compatible; Googlebot/2.1; +http://www.google.com/bot.html)"
66.249.72.227 - - [23/Jun/2009:12:14:39 +0200] "GET /DgH/watch/index.html HTTP/1.1" 200 2028 "-" "Mozilla/5.0 (compatible; Googlebot/2.1; +http://www.google.com/bot.html)"
38.108.180.79 - - [23/Jun/2009:12:52:39 +0200] "GET /robots.txt HTTP/1.1" 200 64 "-" "Mozilla/5.0 (compatible; ScoutJet; +http://www.scoutjet.com/)"
38.108.180.79 - - [23/Jun/2009:12:52:45 +0200] "GET /framez.html HTTP/1.1" 200 3959 "-" "Mozilla/5.0 (compatible; ScoutJet; +http://www.scoutjet.com/)"
65.55.230.248 - - [23/Jun/2009:12:57:53 +0200] "GET /robots.txt HTTP/1.1" 200 64 "-" "msnbot-media/1.1 (+http://search.msn.com/msnbot.htm)"
65.55.230.248 - - [23/Jun/2009:12:57:53 +0200] "GET /framez-zampa-lovers.html HTTP/1.1" 200 4322 "-" "msnbot-media/1.1 (+http://search.msn.com/msnbot.htm)"
216.129.119.49 - - [23/Jun/2009:13:18:06 +0200] "GET /robots.txt HTTP/1.0" 200 64 "-" "Mozilla/5.0 (Twiceler-0.9 http://www.cuil.com/twiceler/robot.html)"
65.55.106.114 - - [23/Jun/2009:13:23:12 +0200] "GET /robots.txt HTTP/1.1" 200 64 "-" "msnbot/2.0b (+http://search.msn.com/msnbot.htm)"
72.14.199.8 - - [23/Jun/2009:13:46:14 +0200] "GET / HTTP/1.1" 302 353 "-" "Feedfetcher-Google; (+http://www.google.com/feedfetcher.html; 1 subscribers; feed-id=5454548576667470243)"
72.14.199.85 - - [23/Jun/2009:13:46:15 +0200] "GET /zampa/ HTTP/1.1" 200 7153 "-" "Feedfetcher-Google; (+http://www.google.com/feedfetcher.html; 1 subscribers; feed-id=5454548576667470243)"
72.30.79.93 - - [23/Jun/2009:13:51:31 +0200] "GET /neon/channel.html HTTP/1.0" 200 1942 "-" "Mozilla/5.0 (compatible; Yahoo! Slurp/3.0; http://help.yahoo.com/help/us/ysearch/slurp)"
38.108.180.12 - - [23/Jun/2009:14:16:37 +0200] "GET /robots.txt HTTP/1.1" 200 64 "-" "Mozilla/5.0 (compatible; ScoutJet; +http://www.scoutjet.com/)"
38.108.180.12 - - [23/Jun/2009:14:16:40 +0200] "GET /frame-inhalt.html HTTP/1.1" 200 7688 "-" "Mozilla/5.0 (compatible; ScoutJet; +http://www.scoutjet.com/)"
38.108.180.12 - - [23/Jun/2009:14:16:59 +0200] "GET /frame-unten.html HTTP/1.1" 200 5308 "-" "Mozilla/5.0 (compatible; ScoutJet; +http://www.scoutjet.com/)"
38.108.180.12 - - [23/Jun/2009:14:17:23 +0200] "GET /frame-menu.html HTTP/1.1" 200 10500 "-" "Mozilla/5.0 (compatible; ScoutJet; +http://www.scoutjet.com/)"
38.108.180.12 - - [23/Jun/2009:14:20:29 +0200] "GET /f-rez.html HTTP/1.1" 200 9765 "-" "Mozilla/5.0 (compatible; ScoutJet; +http://www.scoutjet.com/)"
66.249.72.227 - - [23/Jun/2009:14:34:13 +0200] "GET /DgH/rampe/index.html HTTP/1.1" 200 2056 "-" "Mozilla/5.0 (compatible; Googlebot/2.1; +http://www.google.com/bot.html)"
220.181.7.103 - - [23/Jun/2009:15:30:33 +0200] "GET /robots.txt HTTP/1.1" 200 64 "-" "Baiduspider+(+http://www.baidu.com/search/spider.htm)"
38.99.44.105 - - [23/Jun/2009:15:32:45 +0200] "GET /robots.txt HTTP/1.0" 200 64 "-" "Mozilla/5.0 (Twiceler-0.9 http://www.cuil.com/twiceler/robot.html)"
84.63.159.203 - - [23/Jun/2009:15:39:04 +0200] "GET http://various-euro.com/awstats/awstats.pl HTTP/1.0" 404 2748 "http://various-euro.com/awstats/awstats.pl" "Mozilla/4.0 (compatible; MSIE 6.0; Windows NT 5.1)"
65.55.106.135 - - [23/Jun/2009:15:46:23 +0200] "GET /robots.txt HTTP/1.1" 200 64 "-" "msnbot/2.0b (+http://search.msn.com/msnbot.htm)"
65.55.211.167 - - [23/Jun/2009:16:20:05 +0200] "GET /robots.txt HTTP/1.1" 200 64 "-" "msnbot/1.1 (+http://search.msn.com/msnbot.htm)"
65.55.211.167 - - [23/Jun/2009:16:20:07 +0200] "GET /f-actions.html HTTP/1.1" 200 11686 "-" "msnbot/1.1 (+http://search.msn.com/msnbot.htm)"
145.12.10.1 - - [23/Jun/2009:16:20:28 +0200] "GET /restate_copy.html HTTP/1.1" 200 97631 "http://www.google.nl/search?hl=nl&q=vitjazdept&btnG=Zoeken&meta=" "Mozilla/4.0 (compatible; MSIE 6.0; Windows NT 5.0; LNV; .NET CLR 2.0.50727)"
145.12.10.1 - - [23/Jun/2009:16:20:29 +0200] "GET /menueleiste.js HTTP/1.1" 404 2748 "http://www.various-euro.com/restate_copy.html" "Mozilla/4.0 (compatible; MSIE 6.0; Windows NT 5.0; LNV; .NET CLR 2.0.50727)"
145.12.10.1 - - [23/Jun/2009:16:20:29 +0200] "GET /bannerz/rebelle.gif HTTP/1.1" 200 6986 "http://www.various-euro.com/restate_copy.html" "Mozilla/4.0 (compatible; MSIE 6.0; Windows NT 5.0; LNV; .NET CLR 2.0.50727)"
145.12.10.1 - - [23/Jun/2009:16:20:29 +0200] "GET /detonators.gif HTTP/1.1" 200 14892 "http://www.various-euro.com/restate_copy.html" "Mozilla/4.0 (compatible; MSIE 6.0; Windows NT 5.0; LNV; .NET CLR 2.0.50727)"
145.12.10.1 - - [23/Jun/2009:16:20:29 +0200] "GET /framez-restate.html HTTP/1.1" 200 4328 "-" "Mozilla/4.0 (compatible; MSIE 6.0; Windows NT 5.0; LNV; .NET CLR 2.0.50727)"
145.12.10.1 - - [23/Jun/2009:16:20:29 +0200] "GET /frame-menu.html HTTP/1.1" 200 10500 "http://www.various-euro.com/framez-restate.html" "Mozilla/4.0 (compatible; MSIE 6.0; Windows NT 5.0; LNV; .NET CLR 2.0.50727)"
145.12.10.1 - - [23/Jun/2009:16:20:29 +0200] "GET /frame-unten.html HTTP/1.1" 200 5308 "http://www.various-euro.com/framez-restate.html" "Mozilla/4.0 (compatible; MSIE 6.0; Windows NT 5.0; LNV; .NET CLR 2.0.50727)"
145.12.10.1 - - [23/Jun/2009:16:20:29 +0200] "GET /style/various-euro.css HTTP/1.1" 200 3437 "http://www.various-euro.com/frame-menu.html" "Mozilla/4.0 (compatible; MSIE 6.0; Windows NT 5.0; LNV; .NET CLR 2.0.50727)"
145.12.10.1 - - [23/Jun/2009:16:20:29 +0200] "GET /restate_copy.html HTTP/1.1" 200 97631 "http://www.various-euro.com/framez-restate.html" "Mozilla/4.0 (compatible; MSIE 6.0; Windows NT 5.0; LNV; .NET CLR 2.0.50727)"
145.12.10.1 - - [23/Jun/2009:16:20:29 +0200] "GET /bannerz/ve.jpg HTTP/1.1" 200 36912 "http://www.various-euro.com/frame-unten.html" "Mozilla/4.0 (compatible; MSIE 6.0; Windows NT 5.0; LNV; .NET CLR 2.0.50727)"
145.12.10.1 - - [23/Jun/2009:16:20:29 +0200] "GET /menueleiste.js HTTP/1.1" 404 2748 "http://www.various-euro.com/restate_copy.html" "Mozilla/4.0 (compatible; MSIE 6.0; Windows NT 5.0; LNV; .NET CLR 2.0.50727)"
145.12.10.1 - - [23/Jun/2009:16:20:29 +0200] "GET /bannerz/various-euro-girl.jpg HTTP/1.1" 200 91514 "http://www.various-euro.com/frame-unten.html" "Mozilla/4.0 (compatible; MSIE 6.0; Windows NT 5.0; LNV; .NET CLR 2.0.50727)"
145.12.10.1 - - [23/Jun/2009:16:20:41 +0200] "GET /menueleiste.js HTTP/1.1" 404 2748 "http://www.various-euro.com/restate_copy.html" "Mozilla/4.0 (compatible; MSIE 6.0; Windows NT 5.0; LNV; .NET CLR 2.0.50727)"
145.12.10.1 - - [23/Jun/2009:16:20:41 +0200] "GET /framez-restate.html HTTP/1.1" 200 4328 "-" "Mozilla/4.0 (compatible; MSIE 6.0; Windows NT 5.0; LNV; .NET CLR 2.0.50727)"
145.12.10.1 - - [23/Jun/2009:16:20:42 +0200] "GET /frame-menu.html HTTP/1.1" 200 10500 "http://www.various-euro.com/framez-restate.html" "Mozilla/4.0 (compatible; MSIE 6.0; Windows NT 5.0; LNV; .NET CLR 2.0.50727)"
145.12.10.1 - - [23/Jun/2009:16:20:42 +0200] "GET /frame-unten.html HTTP/1.1" 200 5308 "http://www.various-euro.com/framez-restate.html" "Mozilla/4.0 (compatible; MSIE 6.0; Windows NT 5.0; LNV; .NET CLR 2.0.50727)"
145.12.10.1 - - [23/Jun/2009:16:20:42 +0200] "GET /menueleiste.js HTTP/1.1" 404 2748 "http://www.various-euro.com/restate_copy.html" "Mozilla/4.0 (compatible; MSIE 6.0; Windows NT 5.0; LNV; .NET CLR 2.0.50727)"
65.55.106.211 - - [23/Jun/2009:16:34:44 +0200] "GET /robots.txt HTTP/1.1" 302 363 "-" "msnbot/2.0b (+http://search.msn.com/msnbot.htm)"
65.55.106.211 - - [23/Jun/2009:16:34:44 +0200] "GET /zampa/robots.txt HTTP/1.1" 404 2748 "-" "msnbot/2.0b (+http://search.msn.com/msnbot.htm)"
88.131.106.12 - - [23/Jun/2009:16:45:12 +0200] "GET /robots.txt HTTP/1.0" 200 64 "-" "Speedy Spider (http://www.entireweb.com/about/search_tech/speedy_spider/)"
88.131.106.12 - - [23/Jun/2009:16:45:13 +0200] "GET /framez.html HTTP/1.0" 200 3959 "-" "Speedy Spider (http://www.entireweb.com/about/search_tech/speedy_spider/)"
72.14.199.8 - - [23/Jun/2009:16:46:25 +0200] "GET / HTTP/1.1" 302 353 "-" "Feedfetcher-Google; (+http://www.google.com/feedfetcher.html; 1 subscribers; feed-id=5454548576667470243)"
72.14.199.85 - - [23/Jun/2009:16:46:26 +0200] "GET /zampa/ HTTP/1.1" 200 7153 "-" "Feedfetcher-Google; (+http://www.google.com/feedfetcher.html; 1 subscribers; feed-id=5454548576667470243)"
76.255.57.208 - - [23/Jun/2009:16:48:16 +0200] "GET / HTTP/1.1" 200 7869 "-" "Mozilla/5.0 (Windows; U; Windows NT 5.1; en-US; rv:1.9.0.11) Gecko/2009060215 Firefox/3.0.11"
76.255.57.208 - - [23/Jun/2009:16:48:16 +0200] "GET /style/various-euro.css HTTP/1.1" 200 3437 "http://www.various-euro.com/" "Mozilla/5.0 (Windows; U; Windows NT 5.1; en-US; rv:1.9.0.11) Gecko/2009060215 Firefox/3.0.11"
76.255.57.208 - - [23/Jun/2009:16:48:16 +0200] "GET /ve-icon-2.ico HTTP/1.1" 200 2238 "-" "Mozilla/5.0 (Windows; U; Windows NT 5.1; en-US; rv:1.9.0.11) Gecko/2009060215 Firefox/3.0.11"
76.255.57.208 - - [23/Jun/2009:16:48:17 +0200] "GET /framez_0.html HTTP/1.1" 200 12285 "http://www.various-euro.com/" "Mozilla/5.0 (Windows; U; Windows NT 5.1; en-US; rv:1.9.0.11) Gecko/2009060215 Firefox/3.0.11"
76.255.57.208 - - [23/Jun/2009:16:48:20 +0200] "GET /framez.html HTTP/1.1" 200 3959 "http://www.various-euro.com/framez_0.html" "Mozilla/5.0 (Windows; U; Windows NT 5.1; en-US; rv:1.9.0.11) Gecko/2009060215 Firefox/3.0.11"
76.255.57.208 - - [23/Jun/2009:16:48:21 +0200] "GET /frame-menu.html HTTP/1.1" 200 10500 "http://www.various-euro.com/framez.html" "Mozilla/5.0 (Windows; U; Windows NT 5.1; en-US; rv:1.9.0.11) Gecko/2009060215 Firefox/3.0.11"
76.255.57.208 - - [23/Jun/2009:16:48:21 +0200] "GET /frame-inhalt.html HTTP/1.1" 200 7688 "http://www.various-euro.com/framez.html" "Mozilla/5.0 (Windows; U; Windows NT 5.1; en-US; rv:1.9.0.11) Gecko/2009060215 Firefox/3.0.11"
76.255.57.208 - - [23/Jun/2009:16:48:21 +0200] "GET /frame-unten.html HTTP/1.1" 200 5308 "http://www.various-euro.com/framez.html" "Mozilla/5.0 (Windows; U; Windows NT 5.1; en-US; rv:1.9.0.11) Gecko/2009060215 Firefox/3.0.11"
76.255.57.208 - - [23/Jun/2009:16:48:21 +0200] "GET /bannerz/ve.jpg HTTP/1.1" 200 36912 "http://www.various-euro.com/frame-unten.html" "Mozilla/5.0 (Windows; U; Windows NT 5.1; en-US; rv:1.9.0.11) Gecko/2009060215 Firefox/3.0.11"
76.255.57.208 - - [23/Jun/2009:16:48:21 +0200] "GET /bannerz/neon_click_3.gif HTTP/1.1" 200 240 "http://www.various-euro.com/frame-inhalt.html" "Mozilla/5.0 (Windows; U; Windows NT 5.1; en-US; rv:1.9.0.11) Gecko/2009060215 Firefox/3.0.11"
76.255.57.208 - - [23/Jun/2009:16:48:21 +0200] "GET /eurosign3.gif HTTP/1.1" 200 7879 "http://www.various-euro.com/frame-inhalt.html" "Mozilla/5.0 (Windows; U; Windows NT 5.1; en-US; rv:1.9.0.11) Gecko/2009060215 Firefox/3.0.11"
76.255.57.208 - - [23/Jun/2009:16:48:21 +0200] "GET /bannerz/google/Logo_40blk.gif HTTP/1.1" 200 2308 "http://www.various-euro.com/frame-inhalt.html" "Mozilla/5.0 (Windows; U; Windows NT 5.1; en-US; rv:1.9.0.11) Gecko/2009060215 Firefox/3.0.11"
76.255.57.208 - - [23/Jun/2009:16:48:21 +0200] "GET /bannerz/neon_click_2.gif HTTP/1.1" 200 387 "http://www.various-euro.com/frame-inhalt.html" "Mozilla/5.0 (Windows; U; Windows NT 5.1; en-US; rv:1.9.0.11) Gecko/2009060215 Firefox/3.0.11"
76.255.57.208 - - [23/Jun/2009:16:48:21 +0200] "GET /bannerz/neon_click_1.gif HTTP/1.1" 200 890 "http://www.various-euro.com/frame-inhalt.html" "Mozilla/5.0 (Windows; U; Windows NT 5.1; en-US; rv:1.9.0.11) Gecko/2009060215 Firefox/3.0.11"
76.255.57.208 - - [23/Jun/2009:16:48:22 +0200] "GET /bannerz/douwil.gif HTTP/1.1" 200 528 "http://www.various-euro.com/frame-inhalt.html" "Mozilla/5.0 (Windows; U; Windows NT 5.1; en-US; rv:1.9.0.11) Gecko/2009060215 Firefox/3.0.11"
76.255.57.208 - - [23/Jun/2009:16:48:22 +0200] "GET /bannerz/copyleft_black_small.gif HTTP/1.1" 200 1231 "http://www.various-euro.com/frame-inhalt.html" "Mozilla/5.0 (Windows; U; Windows NT 5.1; en-US; rv:1.9.0.11) Gecko/2009060215 Firefox/3.0.11"
76.255.57.208 - - [23/Jun/2009:16:48:22 +0200] "GET /bannerz/anti_black_small.gif HTTP/1.1" 200 1009 "http://www.various-euro.com/frame-inhalt.html" "Mozilla/5.0 (Windows; U; Windows NT 5.1; en-US; rv:1.9.0.11) Gecko/2009060215 Firefox/3.0.11"
76.255.57.208 - - [23/Jun/2009:16:48:21 +0200] "GET /bannerz/various-euro-girl.jpg HTTP/1.1" 200 91514 "http://www.various-euro.com/frame-unten.html" "Mozilla/5.0 (Windows; U; Windows NT 5.1; en-US; rv:1.9.0.11) Gecko/2009060215 Firefox/3.0.11"
76.255.57.208 - - [23/Jun/2009:16:48:22 +0200] "GET /bannerz/wet.gif HTTP/1.1" 200 18561 "http://www.various-euro.com/frame-inhalt.html" "Mozilla/5.0 (Windows; U; Windows NT 5.1; en-US; rv:1.9.0.11) Gecko/2009060215 Firefox/3.0.11"
88.131.106.12 - - [23/Jun/2009:17:02:12 +0200] "GET / HTTP/1.0" 200 7869 "-" "Speedy Spider (http://www.entireweb.com/about/search_tech/speedy_spider/)"
71.49.242.98 - - [23/Jun/2009:17:02:25 +0200] "GET /framez.html HTTP/1.1" 200 3959 "http://www.google.com/search?hl=ko&q=euro+portal&btnG=Google+%EA%B2%80%EC%83%89&lr=&aq=f&oq=" "Mozilla/4.0 (compatible; MSIE 7.0; Windows NT 6.0; SLCC1; .NET CLR 2.0.50727; Media Center PC 5.0; .NET CLR 3.5.30729; .NET CLR 3.0.30618)"
71.49.242.98 - - [23/Jun/2009:17:02:25 +0200] "GET /style/various-euro.css HTTP/1.1" 200 3437 "http://www.various-euro.com/framez.html" "Mozilla/4.0 (compatible; MSIE 7.0; Windows NT 6.0; SLCC1; .NET CLR 2.0.50727; Media Center PC 5.0; .NET CLR 3.5.30729; .NET CLR 3.0.30618)"
71.49.242.98 - - [23/Jun/2009:17:02:26 +0200] "GET /frame-menu.html HTTP/1.1" 200 10500 "http://www.various-euro.com/framez.html" "Mozilla/4.0 (compatible; MSIE 7.0; Windows NT 6.0; SLCC1; .NET CLR 2.0.50727; Media Center PC 5.0; .NET CLR 3.5.30729; .NET CLR 3.0.30618)"
71.49.242.98 - - [23/Jun/2009:17:02:26 +0200] "GET /frame-inhalt.html HTTP/1.1" 200 7688 "http://www.various-euro.com/framez.html" "Mozilla/4.0 (compatible; MSIE 7.0; Windows NT 6.0; SLCC1; .NET CLR 2.0.50727; Media Center PC 5.0; .NET CLR 3.5.30729; .NET CLR 3.0.30618)"
71.49.242.98 - - [23/Jun/2009:17:02:26 +0200] "GET /frame-unten.html HTTP/1.1" 200 5308 "http://www.various-euro.com/framez.html" "Mozilla/4.0 (compatible; MSIE 7.0; Windows NT 6.0; SLCC1; .NET CLR 2.0.50727; Media Center PC 5.0; .NET CLR 3.5.30729; .NET CLR 3.0.30618)"
71.49.242.98 - - [23/Jun/2009:17:02:27 +0200] "GET /bannerz/neon_click_3.gif HTTP/1.1" 200 240 "http://www.various-euro.com/frame-inhalt.html" "Mozilla/4.0 (compatible; MSIE 7.0; Windows NT 6.0; SLCC1; .NET CLR 2.0.50727; Media Center PC 5.0; .NET CLR 3.5.30729; .NET CLR 3.0.30618)"
71.49.242.98 - - [23/Jun/2009:17:02:27 +0200] "GET /bannerz/copyleft_black_small.gif HTTP/1.1" 200 1231 "http://www.various-euro.com/frame-inhalt.html" "Mozilla/4.0 (compatible; MSIE 7.0; Windows NT 6.0; SLCC1; .NET CLR 2.0.50727; Media Center PC 5.0; .NET CLR 3.5.30729; .NET CLR 3.0.30618)"
71.49.242.98 - - [23/Jun/2009:17:02:27 +0200] "GET /bannerz/neon_click_1.gif HTTP/1.1" 200 890 "http://www.various-euro.com/frame-inhalt.html" "Mozilla/4.0 (compatible; MSIE 7.0; Windows NT 6.0; SLCC1; .NET CLR 2.0.50727; Media Center PC 5.0; .NET CLR 3.5.30729; .NET CLR 3.0.30618)"
71.49.242.98 - - [23/Jun/2009:17:02:27 +0200] "GET /bannerz/google/Logo_40blk.gif HTTP/1.1" 200 2308 "http://www.various-euro.com/frame-inhalt.html" "Mozilla/4.0 (compatible; MSIE 7.0; Windows NT 6.0; SLCC1; .NET CLR 2.0.50727; Media Center PC 5.0; .NET CLR 3.5.30729; .NET CLR 3.0.30618)"
71.49.242.98 - - [23/Jun/2009:17:02:27 +0200] "GET /bannerz/neon_click_2.gif HTTP/1.1" 200 387 "http://www.various-euro.com/frame-inhalt.html" "Mozilla/4.0 (compatible; MSIE 7.0; Windows NT 6.0; SLCC1; .NET CLR 2.0.50727; Media Center PC 5.0; .NET CLR 3.5.30729; .NET CLR 3.0.30618)"
71.49.242.98 - - [23/Jun/2009:17:02:27 +0200] "GET /eurosign3.gif HTTP/1.1" 200 7879 "http://www.various-euro.com/frame-inhalt.html" "Mozilla/4.0 (compatible; MSIE 7.0; Windows NT 6.0; SLCC1; .NET CLR 2.0.50727; Media Center PC 5.0; .NET CLR 3.5.30729; .NET CLR 3.0.30618)"
71.49.242.98 - - [23/Jun/2009:17:02:27 +0200] "GET /bannerz/douwil.gif HTTP/1.1" 200 528 "http://www.various-euro.com/frame-inhalt.html" "Mozilla/4.0 (compatible; MSIE 7.0; Windows NT 6.0; SLCC1; .NET CLR 2.0.50727; Media Center PC 5.0; .NET CLR 3.5.30729; .NET CLR 3.0.30618)"
71.49.242.98 - - [23/Jun/2009:17:02:27 +0200] "GET /bannerz/anti_black_small.gif HTTP/1.1" 200 1009 "http://www.various-euro.com/frame-inhalt.html" "Mozilla/4.0 (compatible; MSIE 7.0; Windows NT 6.0; SLCC1; .NET CLR 2.0.50727; Media Center PC 5.0; .NET CLR 3.5.30729; .NET CLR 3.0.30618)"
71.49.242.98 - - [23/Jun/2009:17:02:26 +0200] "GET /bannerz/ve.jpg HTTP/1.1" 200 36912 "http://www.various-euro.com/frame-unten.html" "Mozilla/4.0 (compatible; MSIE 7.0; Windows NT 6.0; SLCC1; .NET CLR 2.0.50727; Media Center PC 5.0; .NET CLR 3.5.30729; .NET CLR 3.0.30618)"
71.49.242.98 - - [23/Jun/2009:17:02:27 +0200] "GET /bannerz/wet.gif HTTP/1.1" 200 18561 "http://www.various-euro.com/frame-inhalt.html" "Mozilla/4.0 (compatible; MSIE 7.0; Windows NT 6.0; SLCC1; .NET CLR 2.0.50727; Media Center PC 5.0; .NET CLR 3.5.30729; .NET CLR 3.0.30618)"
71.49.242.98 - - [23/Jun/2009:17:02:26 +0200] "GET /bannerz/various-euro-girl.jpg HTTP/1.1" 200 91514 "http://www.various-euro.com/frame-unten.html" "Mozilla/4.0 (compatible; MSIE 7.0; Windows NT 6.0; SLCC1; .NET CLR 2.0.50727; Media Center PC 5.0; .NET CLR 3.5.30729; .NET CLR 3.0.30618)"
71.49.242.98 - - [23/Jun/2009:17:02:28 +0200] "GET /ve-icon-2.ico HTTP/1.1" 200 2238 "-" "Mozilla/4.0 (compatible; MSIE 7.0; Windows NT 6.0; SLCC1; .NET CLR 2.0.50727; Media Center PC 5.0; .NET CLR 3.5.30729; .NET CLR 3.0.30618)"
65.55.211.171 - - [23/Jun/2009:17:08:14 +0200] "GET /robots.txt HTTP/1.1" 200 64 "-" "msnbot/1.1 (+http://search.msn.com/msnbot.htm)"
65.55.211.171 - - [23/Jun/2009:17:08:16 +0200] "GET /logs/usage_200702.html HTTP/1.1" 404 2748 "-" "msnbot/1.1 (+http://search.msn.com/msnbot.htm)"
65.55.106.240 - - [23/Jun/2009:17:16:44 +0200] "GET /robots.txt HTTP/1.1" 200 64 "-" "msnbot/2.0b (+http://search.msn.com/msnbot.htm)"
66.249.72.227 - - [23/Jun/2009:17:21:48 +0200] "GET /DgH/watch/ HTTP/1.1" 200 2028 "-" "Mozilla/5.0 (compatible; Googlebot/2.1; +http://www.google.com/bot.html)"
65.55.106.116 - - [23/Jun/2009:17:29:55 +0200] "GET /robots.txt HTTP/1.1" 200 64 "-" "msnbot/2.0b (+http://search.msn.com/msnbot.htm)"
72.30.79.93 - - [23/Jun/2009:17:43:11 +0200] "GET /robots.txt HTTP/1.0" 200 64 "-" "Mozilla/5.0 (compatible; Yahoo! Slurp; http://help.yahoo.com/help/us/ysearch/slurp)"
72.30.79.93 - - [23/Jun/2009:17:43:11 +0200] "GET /bmpp/18_x.html HTTP/1.0" 200 1100 "-" "Mozilla/5.0 (compatible; Yahoo! Slurp/3.0; http://help.yahoo.com/help/us/ysearch/slurp)"
65.55.106.116 - - [23/Jun/2009:17:53:52 +0200] "GET / HTTP/1.1" 200 7869 "-" "msnbot/2.0b (+http://search.msn.com/msnbot.htm)"
81.252.105.153 - - [23/Jun/2009:17:59:49 +0200] "GET /logs/daily_usage_200806.png HTTP/1.1" 200 3985 "http://www.various-euro.com/logs/usage_200806.html" "Mozilla/4.0 (compatible; MSIE 8.0; Windows NT 5.1; Trident/4.0; GTB6; .NET CLR 1.0.3705; .NET CLR 2.0.50727; .NET CLR 3.0.4506.2152; .NET CLR 3.5.30729; .NET CLR 1.1.4322; OfficeLiveConnector.1.3; OfficeLivePatch.0.0; plan bleu Sophia Antipolis)"
81.252.105.153 - - [23/Jun/2009:17:59:49 +0200] "GET /logs/hourly_usage_200806.png HTTP/1.1" 200 2183 "http://www.various-euro.com/logs/usage_200806.html" "Mozilla/4.0 (compatible; MSIE 8.0; Windows NT 5.1; Trident/4.0; GTB6; .NET CLR 1.0.3705; .NET CLR 2.0.50727; .NET CLR 3.0.4506.2152; .NET CLR 3.5.30729; .NET CLR 1.1.4322; OfficeLiveConnector.1.3; OfficeLivePatch.0.0; plan bleu Sophia Antipolis)"
81.252.105.153 - - [23/Jun/2009:17:59:48 +0200] "GET /logs/usage_200806.html HTTP/1.1" 200 166379 "http://www.google.fr/search?hl=fr&rlz=1T4GGLR_frFR283FR283&q=andrew+keserue&meta=" "Mozilla/4.0 (compatible; MSIE 8.0; Windows NT 5.1; Trident/4.0; GTB6; .NET CLR 1.0.3705; .NET CLR 2.0.50727; .NET CLR 3.0.4506.2152; .NET CLR 3.5.30729; .NET CLR 1.1.4322; OfficeLiveConnector.1.3; OfficeLivePatch.0.0; plan bleu Sophia Antipolis)"
81.252.105.153 - - [23/Jun/2009:17:59:50 +0200] "GET /logs/ctry_usage_200806.png HTTP/1.1" 200 5451 "http://www.various-euro.com/logs/usage_200806.html" "Mozilla/4.0 (compatible; MSIE 8.0; Windows NT 5.1; Trident/4.0; GTB6; .NET CLR 1.0.3705; .NET CLR 2.0.50727; .NET CLR 3.0.4506.2152; .NET CLR 3.5.30729; .NET CLR 1.1.4322; OfficeLiveConnector.1.3; OfficeLivePatch.0.0; plan bleu Sophia Antipolis)"
81.252.105.153 - - [23/Jun/2009:17:59:50 +0200] "GET /favicon.ico HTTP/1.1" 404 2748 "-" "Mozilla/4.0 (compatible; MSIE 8.0; Windows NT 5.1; Trident/4.0; GTB6; .NET CLR 1.0.3705; .NET CLR 2.0.50727; .NET CLR 3.0.4506.2152; .NET CLR 3.5.30729; .NET CLR 1.1.4322; OfficeLiveConnector.1.3; OfficeLivePatch.0.0; plan bleu Sophia Antipolis)"
66.249.72.227 - - [23/Jun/2009:18:03:38 +0200] "GET /triple-double-u/robots.txt HTTP/1.1" 200 26 "-" "Mozilla/5.0 (compatible; Googlebot/2.1; +http://www.google.com/bot.html)"
65.55.106.141 - - [23/Jun/2009:18:04:48 +0200] "GET /robots.txt HTTP/1.1" 200 64 "-" "msnbot/2.0b (+http://search.msn.com/msnbot.htm)"
67.195.115.213 - - [23/Jun/2009:18:57:05 +0200] "GET /framez-rez.html HTTP/1.0" 200 4323 "-" "Mozilla/5.0 (compatible; Yahoo! Slurp/3.0; http://help.yahoo.com/help/us/ysearch/slurp)"
67.195.115.213 - - [23/Jun/2009:18:57:06 +0200] "GET /frame-unten.html HTTP/1.0" 200 5308 "http://www.various-euro.com/framez-rez.html" "Mozilla/5.0 (compatible; Yahoo! Slurp/3.0; http://help.yahoo.com/help/us/ysearch/slurp)"
67.195.115.213 - - [23/Jun/2009:18:57:06 +0200] "GET /frame-menu.html HTTP/1.0" 200 10500 "http://www.various-euro.com/framez-rez.html" "Mozilla/5.0 (compatible; Yahoo! Slurp/3.0; http://help.yahoo.com/help/us/ysearch/slurp)"
67.195.115.213 - - [23/Jun/2009:18:57:06 +0200] "GET /f-rez.html HTTP/1.0" 200 9765 "http://www.various-euro.com/framez-rez.html" "Mozilla/5.0 (compatible; Yahoo! Slurp/3.0; http://help.yahoo.com/help/us/ysearch/slurp)"
67.195.115.213 - - [23/Jun/2009:18:57:06 +0200] "GET /style/various-euro.css HTTP/1.0" 304 - "http://www.various-euro.com/frame-menu.html" "Mozilla/5.0 (compatible; Yahoo! Slurp/3.0; http://help.yahoo.com/help/us/ysearch/slurp)"
65.55.106.158 - - [23/Jun/2009:19:13:48 +0200] "GET /robots.txt HTTP/1.1" 200 64 "-" "msnbot/2.0b (+http://search.msn.com/msnbot.htm)"
193.252.118.174 - - [23/Jun/2009:19:37:44 +0200] "GET /f-channel1.html HTTP/1.1" 200 9329 "-" "Mozilla/5.0 (Windows; U; Windows NT 5.1; fr; rv:1.8.1) VoilaBot BETA 1.2 (support.voilabot@orange-ftgroup.com)"
65.55.211.167 - - [23/Jun/2009:20:01:33 +0200] "GET /robots.txt HTTP/1.1" 200 64 "-" "msnbot/1.1 (+http://search.msn.com/msnbot.htm)"
65.55.211.167 - - [23/Jun/2009:20:01:33 +0200] "GET /neon/large.html HTTP/1.1" 200 1547 "-" "msnbot/1.1 (+http://search.msn.com/msnbot.htm)"
65.55.211.171 - - [23/Jun/2009:20:19:18 +0200] "GET /robots.txt HTTP/1.1" 200 64 "-" "msnbot/1.1 (+http://search.msn.com/msnbot.htm)"
65.55.211.171 - - [23/Jun/2009:20:19:19 +0200] "GET /logs/usage_200702.html HTTP/1.1" 404 2748 "-" "msnbot/1.1 (+http://search.msn.com/msnbot.htm)"
65.55.106.208 - - [23/Jun/2009:20:20:51 +0200] "GET /robots.txt HTTP/1.1" 200 64 "-" "msnbot/2.0b (+http://search.msn.com/msnbot.htm)"
78.53.41.128 - - [23/Jun/2009:21:01:31 +0200] "GET /zampa/ HTTP/1.1" 200 7153 "http://www.angelfire.com/psy/zampa-di-leone-zampa/" "Mozilla/5.0 (Macintosh; U; Intel Mac OS X 10_4_11; de-de) AppleWebKit/525.27.1 (KHTML, like Gecko) Version/3.2.1 Safari/525.27.1"
78.53.41.128 - - [23/Jun/2009:21:01:31 +0200] "GET /zampa/montenegro/index.html HTTP/1.1" 200 2651 "http://www.angelfire.com/psy/zampa-di-leone-zampa/" "Mozilla/5.0 (Macintosh; U; Intel Mac OS X 10_4_11; de-de) AppleWebKit/525.27.1 (KHTML, like Gecko) Version/3.2.1 Safari/525.27.1"
78.53.41.128 - - [23/Jun/2009:21:01:31 +0200] "GET /zampa/slike/inthearse.gif HTTP/1.1" 200 4077 "http://www.various-euro.com/zampa/" "Mozilla/5.0 (Macintosh; U; Intel Mac OS X 10_4_11; de-de) AppleWebKit/525.27.1 (KHTML, like Gecko) Version/3.2.1 Safari/525.27.1"
78.53.41.128 - - [23/Jun/2009:21:01:31 +0200] "GET /zampa/slike/zampa.gif HTTP/1.1" 200 5310 "http://www.various-euro.com/zampa/" "Mozilla/5.0 (Macintosh; U; Intel Mac OS X 10_4_11; de-de) AppleWebKit/525.27.1 (KHTML, like Gecko) Version/3.2.1 Safari/525.27.1"
78.53.41.128 - - [23/Jun/2009:21:01:31 +0200] "GET /zampa/slike/udupetu.gif HTTP/1.1" 200 4138 "http://www.various-euro.com/zampa/" "Mozilla/5.0 (Macintosh; U; Intel Mac OS X 10_4_11; de-de) AppleWebKit/525.27.1 (KHTML, like Gecko) Version/3.2.1 Safari/525.27.1"
78.53.41.128 - - [23/Jun/2009:21:01:31 +0200] "GET /zampa/montenegro/slike/plakat.jpg HTTP/1.1" 200 47879 "http://www.various-euro.com/zampa/montenegro/index.html" "Mozilla/5.0 (Macintosh; U; Intel Mac OS X 10_4_11; de-de) AppleWebKit/525.27.1 (KHTML, like Gecko) Version/3.2.1 Safari/525.27.1"
78.53.41.128 - - [23/Jun/2009:21:02:37 +0200] "GET /framez-zampa-lovers.html HTTP/1.1" 200 4322 "http://www.angelfire.com/psy/zampa-di-leone-zampa/" "Mozilla/5.0 (Macintosh; U; Intel Mac OS X 10_4_11; de-de) AppleWebKit/525.27.1 (KHTML, like Gecko) Version/3.2.1 Safari/525.27.1"
78.53.41.128 - - [23/Jun/2009:21:02:38 +0200] "GET /frame-unten.html HTTP/1.1" 200 5308 "http://www.various-euro.com/framez-zampa-lovers.html" "Mozilla/5.0 (Macintosh; U; Intel Mac OS X 10_4_11; de-de) AppleWebKit/525.27.1 (KHTML, like Gecko) Version/3.2.1 Safari/525.27.1"
78.53.41.128 - - [23/Jun/2009:21:02:38 +0200] "GET /ve-icon-2.ico HTTP/1.1" 200 2238 "http://www.various-euro.com/framez-zampa-lovers.html" "Mozilla/5.0 (Macintosh; U; Intel Mac OS X 10_4_11; de-de) AppleWebKit/525.27.1 (KHTML, like Gecko) Version/3.2.1 Safari/525.27.1"
78.53.41.128 - - [23/Jun/2009:21:02:38 +0200] "GET /frame-menu.html HTTP/1.1" 200 10500 "http://www.various-euro.com/framez-zampa-lovers.html" "Mozilla/5.0 (Macintosh; U; Intel Mac OS X 10_4_11; de-de) AppleWebKit/525.27.1 (KHTML, like Gecko) Version/3.2.1 Safari/525.27.1"
78.53.41.128 - - [23/Jun/2009:21:02:38 +0200] "GET /style/various-euro.css HTTP/1.1" 200 3437 "http://www.various-euro.com/frame-menu.html" "Mozilla/5.0 (Macintosh; U; Intel Mac OS X 10_4_11; de-de) AppleWebKit/525.27.1 (KHTML, like Gecko) Version/3.2.1 Safari/525.27.1"
78.53.41.128 - - [23/Jun/2009:21:02:38 +0200] "GET /zampa-lovers/kralle.gif HTTP/1.1" 404 2748 "http://www.various-euro.com/zampa-lovers/index.html" "Mozilla/5.0 (Macintosh; U; Intel Mac OS X 10_4_11; de-de) AppleWebKit/525.27.1 (KHTML, like Gecko) Version/3.2.1 Safari/525.27.1"
78.53.41.128 - - [23/Jun/2009:21:02:38 +0200] "GET /zampa-lovers/DRAGAN_Z.JPG HTTP/1.1" 200 6850 "http://www.various-euro.com/zampa-lovers/index.html" "Mozilla/5.0 (Macintosh; U; Intel Mac OS X 10_4_11; de-de) AppleWebKit/525.27.1 (KHTML, like Gecko) Version/3.2.1 Safari/525.27.1"
78.53.41.128 - - [23/Jun/2009:21:02:38 +0200] "GET /zampa-lovers/index.html HTTP/1.1" 200 37790 "http://www.various-euro.com/framez-zampa-lovers.html" "Mozilla/5.0 (Macintosh; U; Intel Mac OS X 10_4_11; de-de) AppleWebKit/525.27.1 (KHTML, like Gecko) Version/3.2.1 Safari/525.27.1"
78.53.41.128 - - [23/Jun/2009:21:02:38 +0200] "GET /zampa-lovers/MILIZA_4.JPG HTTP/1.1" 200 9946 "http://www.various-euro.com/zampa-lovers/index.html" "Mozilla/5.0 (Macintosh; U; Intel Mac OS X 10_4_11; de-de) AppleWebKit/525.27.1 (KHTML, like Gecko) Version/3.2.1 Safari/525.27.1"
78.53.41.128 - - [23/Jun/2009:21:02:38 +0200] "GET /bannerz/ve.jpg HTTP/1.1" 200 36912 "http://www.various-euro.com/frame-unten.html" "Mozilla/5.0 (Macintosh; U; Intel Mac OS X 10_4_11; de-de) AppleWebKit/525.27.1 (KHTML, like Gecko) Version/3.2.1 Safari/525.27.1"
78.53.41.128 - - [23/Jun/2009:21:02:39 +0200] "GET /zampa-lovers/MILIZA_2.JPG HTTP/1.1" 200 22172 "http://www.various-euro.com/zampa-lovers/index.html" "Mozilla/5.0 (Macintosh; U; Intel Mac OS X 10_4_11; de-de) AppleWebKit/525.27.1 (KHTML, like Gecko) Version/3.2.1 Safari/525.27.1"
78.53.41.128 - - [23/Jun/2009:21:02:39 +0200] "GET /bannerz/various-euro-girl.jpg HTTP/1.1" 200 91514 "http://www.various-euro.com/frame-unten.html" "Mozilla/5.0 (Macintosh; U; Intel Mac OS X 10_4_11; de-de) AppleWebKit/525.27.1 (KHTML, like Gecko) Version/3.2.1 Safari/525.27.1"
78.53.41.128 - - [23/Jun/2009:21:02:39 +0200] "GET /zampa-lovers/MILIZA_3.JPG HTTP/1.1" 200 26924 "http://www.various-euro.com/zampa-lovers/index.html" "Mozilla/5.0 (Macintosh; U; Intel Mac OS X 10_4_11; de-de) AppleWebKit/525.27.1 (KHTML, like Gecko) Version/3.2.1 Safari/525.27.1"
78.53.41.128 - - [23/Jun/2009:21:02:39 +0200] "GET /zampa-lovers/1SEITEVE.GIF HTTP/1.1" 200 78726 "http://www.various-euro.com/zampa-lovers/index.html" "Mozilla/5.0 (Macintosh; U; Intel Mac OS X 10_4_11; de-de) AppleWebKit/525.27.1 (KHTML, like Gecko) Version/3.2.1 Safari/525.27.1"
78.53.41.128 - - [23/Jun/2009:21:02:39 +0200] "GET /zampa-lovers/DRAGANZA.JPG HTTP/1.1" 200 18560 "http://www.various-euro.com/zampa-lovers/index.html" "Mozilla/5.0 (Macintosh; U; Intel Mac OS X 10_4_11; de-de) AppleWebKit/525.27.1 (KHTML, like Gecko) Version/3.2.1 Safari/525.27.1"
78.53.41.128 - - [23/Jun/2009:21:02:40 +0200] "GET /zampa-lovers/Kralle.gif HTTP/1.1" 200 260 "http://www.various-euro.com/zampa-lovers/index.html" "Mozilla/5.0 (Macintosh; U; Intel Mac OS X 10_4_11; de-de) AppleWebKit/525.27.1 (KHTML, like Gecko) Version/3.2.1 Safari/525.27.1"
78.53.41.128 - - [23/Jun/2009:21:02:40 +0200] "GET /zampa-lovers/ZAMPAMA2.MPG HTTP/1.1" 200 63492 "-" "QuickTime.7.6 (qtver=7.6;cpu=IA32;os=Mac 10.4.9)."
78.53.41.128 - - [23/Jun/2009:21:02:40 +0200] "GET /zampa-lovers/zampa-2X2.gif HTTP/1.1" 200 6948 "http://www.various-euro.com/zampa-lovers/index.html" "Mozilla/5.0 (Macintosh; U; Intel Mac OS X 10_4_11; de-de) AppleWebKit/525.27.1 (KHTML, like Gecko) Version/3.2.1 Safari/525.27.1"
78.53.41.128 - - [23/Jun/2009:21:02:40 +0200] "GET /zampa-lovers/zampamali.gif HTTP/1.1" 200 2617 "http://www.various-euro.com/zampa-lovers/index.html" "Mozilla/5.0 (Macintosh; U; Intel Mac OS X 10_4_11; de-de) AppleWebKit/525.27.1 (KHTML, like Gecko) Version/3.2.1 Safari/525.27.1"
78.53.41.128 - - [23/Jun/2009:21:02:40 +0200] "GET /zampa-lovers/WASISTMI1.MPG HTTP/1.1" 200 271221 "-" "QuickTime.7.6 (qtver=7.6;cpu=IA32;os=Mac 10.4.9)."
78.53.41.128 - - [23/Jun/2009:21:02:38 +0200] "GET /zampa-lovers/zampa.gif HTTP/1.1" 200 460627 "http://www.various-euro.com/zampa-lovers/index.html" "Mozilla/5.0 (Macintosh; U; Intel Mac OS X 10_4_11; de-de) AppleWebKit/525.27.1 (KHTML, like Gecko) Version/3.2.1 Safari/525.27.1"
78.53.41.128 - - [23/Jun/2009:21:02:40 +0200] "GET /zampa-lovers/ZAMPAMAS.MPG HTTP/1.1" 200 520196 "-" "QuickTime.7.6 (qtver=7.6;cpu=IA32;os=Mac 10.4.9)."
78.53.41.128 - - [23/Jun/2009:21:02:43 +0200] "GET /zampa-lovers/MILIZA_B.JPG HTTP/1.1" 200 10947 "http://www.various-euro.com/zampa-lovers/index.html" "Mozilla/5.0 (Macintosh; U; Intel Mac OS X 10_4_11; de-de) AppleWebKit/525.27.1 (KHTML, like Gecko) Version/3.2.1 Safari/525.27.1"
78.53.41.128 - - [23/Jun/2009:21:02:43 +0200] "GET /zampa-lovers/2SEITEVE.GIF HTTP/1.1" 200 83466 "http://www.various-euro.com/zampa-lovers/index.html" "Mozilla/5.0 (Macintosh; U; Intel Mac OS X 10_4_11; de-de) AppleWebKit/525.27.1 (KHTML, like Gecko) Version/3.2.1 Safari/525.27.1"
78.53.41.128 - - [23/Jun/2009:21:07:42 +0200] "GET /zampa/ HTTP/1.1" 200 7153 "http://www.angelfire.com/psy/zampa-di-leone-zampa/" "Mozilla/5.0 (Macintosh; U; Intel Mac OS X 10_4_11; de-de) AppleWebKit/525.27.1 (KHTML, like Gecko) Version/3.2.1 Safari/525.27.1"
78.53.41.128 - - [23/Jun/2009:21:07:42 +0200] "GET /zampa/montenegro/index.html HTTP/1.1" 200 2651 "http://www.angelfire.com/psy/zampa-di-leone-zampa/" "Mozilla/5.0 (Macintosh; U; Intel Mac OS X 10_4_11; de-de) AppleWebKit/525.27.1 (KHTML, like Gecko) Version/3.2.1 Safari/525.27.1"
78.53.41.128 - - [23/Jun/2009:21:07:57 +0200] "GET /framez-zampa-lovers.html HTTP/1.1" 200 4322 "http://www.angelfire.com/psy/zampa-di-leone-zampa/" "Mozilla/5.0 (Macintosh; U; Intel Mac OS X 10_4_11; de-de) AppleWebKit/525.27.1 (KHTML, like Gecko) Version/3.2.1 Safari/525.27.1"
78.53.41.128 - - [23/Jun/2009:21:07:58 +0200] "GET /frame-menu.html HTTP/1.1" 200 10500 "http://www.various-euro.com/framez-zampa-lovers.html" "Mozilla/5.0 (Macintosh; U; Intel Mac OS X 10_4_11; de-de) AppleWebKit/525.27.1 (KHTML, like Gecko) Version/3.2.1 Safari/525.27.1"
78.53.41.128 - - [23/Jun/2009:21:07:58 +0200] "GET /frame-unten.html HTTP/1.1" 200 5308 "http://www.various-euro.com/framez-zampa-lovers.html" "Mozilla/5.0 (Macintosh; U; Intel Mac OS X 10_4_11; de-de) AppleWebKit/525.27.1 (KHTML, like Gecko) Version/3.2.1 Safari/525.27.1"
78.53.41.128 - - [23/Jun/2009:21:07:58 +0200] "GET /zampa-lovers/kralle.gif HTTP/1.1" 404 2748 "http://www.various-euro.com/zampa-lovers/index.html" "Mozilla/5.0 (Macintosh; U; Intel Mac OS X 10_4_11; de-de) AppleWebKit/525.27.1 (KHTML, like Gecko) Version/3.2.1 Safari/525.27.1"
78.53.41.128 - - [23/Jun/2009:21:07:58 +0200] "GET /zampa-lovers/index.html HTTP/1.1" 200 37790 "http://www.various-euro.com/framez-zampa-lovers.html" "Mozilla/5.0 (Macintosh; U; Intel Mac OS X 10_4_11; de-de) AppleWebKit/525.27.1 (KHTML, like Gecko) Version/3.2.1 Safari/525.27.1"
78.53.41.128 - - [23/Jun/2009:21:08:20 +0200] "GET /zampa/ HTTP/1.1" 200 7153 "http://www.angelfire.com/psy/zampa-di-leone-zampa/" "Mozilla/5.0 (Macintosh; U; Intel Mac OS X 10_4_11; de-de) AppleWebKit/525.27.1 (KHTML, like Gecko) Version/3.2.1 Safari/525.27.1"
78.53.41.128 - - [23/Jun/2009:21:08:20 +0200] "GET /zampa/montenegro/index.html HTTP/1.1" 200 2651 "http://www.angelfire.com/psy/zampa-di-leone-zampa/" "Mozilla/5.0 (Macintosh; U; Intel Mac OS X 10_4_11; de-de) AppleWebKit/525.27.1 (KHTML, like Gecko) Version/3.2.1 Safari/525.27.1"
78.53.41.128 - - [23/Jun/2009:21:08:20 +0200] "GET /zampa/montenegro/index.html HTTP/1.1" 200 2651 "http://www.angelfire.com/psy/zampa-di-leone-zampa/" "Mozilla/5.0 (Macintosh; U; Intel Mac OS X 10_4_11; de-de) AppleWebKit/525.27.1 (KHTML, like Gecko) Version/3.2.1 Safari/525.27.1"
66.249.72.227 - - [23/Jun/2009:21:23:40 +0200] "GET /robots.txt HTTP/1.1" 200 64 "-" "Mozilla/5.0 (compatible; Googlebot/2.1; +http://www.google.com/bot.html)"
72.30.79.93 - - [23/Jun/2009:21:26:16 +0200] "GET /zampa/montenegro/index.html HTTP/1.0" 200 2651 "http://www.angelfire.com/psy/zampa-di-leone-zampa/" "Mozilla/5.0 (compatible; Yahoo! Slurp/3.0; http://help.yahoo.com/help/us/ysearch/slurp)"
72.30.79.93 - - [23/Jun/2009:21:26:16 +0200] "GET /zampa/ HTTP/1.0" 200 7153 "http://www.angelfire.com/psy/zampa-di-leone-zampa/" "Mozilla/5.0 (compatible; Yahoo! Slurp/3.0; http://help.yahoo.com/help/us/ysearch/slurp)"
66.249.72.227 - - [23/Jun/2009:21:28:48 +0200] "GET /robots.txt HTTP/1.1" 302 363 "-" "Mozilla/5.0 (compatible; Googlebot/2.1; +http://www.google.com/bot.html)"
66.249.72.227 - - [23/Jun/2009:21:28:48 +0200] "GET /zampa/robots.txt HTTP/1.1" 404 2748 "-" "Mozilla/5.0 (compatible; Googlebot/2.1; +http://www.google.com/bot.html)"
66.249.72.227 - - [23/Jun/2009:21:28:53 +0200] "GET /zampa/ HTTP/1.1" 200 7153 "-" "Mozilla/5.0 (compatible; Googlebot/2.1; +http://www.google.com/bot.html)"
193.252.118.175 - - [23/Jun/2009:21:37:51 +0200] "GET /f-bannnerz.html HTTP/1.1" 200 12651 "-" "Mozilla/5.0 (Windows; U; Windows NT 5.1; fr; rv:1.8.1) VoilaBot BETA 1.2 (support.voilabot@orange-ftgroup.com)"
81.52.143.31 - - [23/Jun/2009:21:38:56 +0200] "GET /robots.txt HTTP/1.1" 200 64 "-" "Mozilla/5.0 (Windows; U; Windows NT 5.1; fr; rv:1.8.1) VoilaBot BETA 1.2 (support.voilabot@orange-ftgroup.com)"
81.52.143.31 - - [23/Jun/2009:21:38:58 +0200] "GET /warez.html HTTP/1.1" 200 9754 "-" "Mozilla/5.0 (Windows; U; Windows NT 5.1; fr; rv:1.8.1) VoilaBot BETA 1.2 (support.voilabot@orange-ftgroup.com)"
66.249.72.227 - - [23/Jun/2009:21:44:16 +0200] "GET /%3E HTTP/1.1" 302 356 "-" "Mozilla/5.0 (compatible; Googlebot/2.1; +http://www.google.com/bot.html)"
66.249.72.227 - - [23/Jun/2009:21:44:19 +0200] "GET /zampa/%3E HTTP/1.1" 404 2748 "-" "Mozilla/5.0 (compatible; Googlebot/2.1; +http://www.google.com/bot.html)"
65.55.106.113 - - [23/Jun/2009:21:46:07 +0200] "GET /robots.txt HTTP/1.1" 200 64 "-" "msnbot/2.0b (+http://search.msn.com/msnbot.htm)"
66.249.72.227 - - [23/Jun/2009:21:46:36 +0200] "GET /%3E) HTTP/1.1" 302 357 "-" "Mozilla/5.0 (compatible; Googlebot/2.1; +http://www.google.com/bot.html)"
66.249.72.227 - - [23/Jun/2009:21:46:38 +0200] "GET /zampa/%3E) HTTP/1.1" 404 2748 "-" "Mozilla/5.0 (compatible; Googlebot/2.1; +http://www.google.com/bot.html)"
66.249.72.227 - - [23/Jun/2009:21:47:51 +0200] "GET /%3E%5D HTTP/1.1" 302 359 "-" "Mozilla/5.0 (compatible; Googlebot/2.1; +http://www.google.com/bot.html)"
66.249.72.227 - - [23/Jun/2009:21:47:53 +0200] "GET /zampa/%3E%5D HTTP/1.1" 404 2748 "-" "Mozilla/5.0 (compatible; Googlebot/2.1; +http://www.google.com/bot.html)"
65.55.230.248 - - [23/Jun/2009:21:52:43 +0200] "GET /framez-rez.html HTTP/1.1" 200 4323 "-" "msnbot-media/1.1 (+http://search.msn.com/msnbot.htm)"
66.249.72.227 - - [23/Jun/2009:21:56:50 +0200] "GET /framez.html HTTP/1.1" 200 3959 "-" "Mozilla/5.0 (compatible; Googlebot/2.1; +http://www.google.com/bot.html)"
66.249.72.227 - - [23/Jun/2009:21:58:28 +0200] "GET /framez-rez.html HTTP/1.1" 200 4323 "-" "Mozilla/5.0 (compatible; Googlebot/2.1; +http://www.google.com/bot.html)"
72.30.79.93 - - [23/Jun/2009:21:59:56 +0200] "GET /f-zeug.html HTTP/1.0" 200 59462 "-" "Mozilla/5.0 (compatible; Yahoo! Slurp/3.0; http://help.yahoo.com/help/us/ysearch/slurp)"
72.14.199.8 - - [23/Jun/2009:22:07:45 +0200] "GET / HTTP/1.1" 302 353 "-" "Feedfetcher-Google; (+http://www.google.com/feedfetcher.html; 1 subscribers; feed-id=5454548576667470243)"
72.14.199.85 - - [23/Jun/2009:22:08:03 +0200] "GET /zampa/ HTTP/1.1" 200 7153 "-" "Feedfetcher-Google; (+http://www.google.com/feedfetcher.html; 1 subscribers; feed-id=5454548576667470243)"
72.30.79.93 - - [23/Jun/2009:22:16:56 +0200] "GET /f-rez.html HTTP/1.0" 200 9765 "-" "Mozilla/5.0 (compatible; Yahoo! Slurp/3.0; http://help.yahoo.com/help/us/ysearch/slurp)"
78.53.41.128 - - [23/Jun/2009:22:25:36 +0200] "GET /zampa/ HTTP/1.1" 200 7153 "http://www.angelfire.com/psy/zampa-di-leone-zampa/" "Mozilla/5.0 (Macintosh; U; Intel Mac OS X 10_4_11; de-de) AppleWebKit/525.27.1 (KHTML, like Gecko) Version/3.2.1 Safari/525.27.1"
78.53.41.128 - - [23/Jun/2009:22:25:36 +0200] "GET /zampa/montenegro/index.html HTTP/1.1" 200 2651 "http://www.angelfire.com/psy/zampa-di-leone-zampa/" "Mozilla/5.0 (Macintosh; U; Intel Mac OS X 10_4_11; de-de) AppleWebKit/525.27.1 (KHTML, like Gecko) Version/3.2.1 Safari/525.27.1"
189.137.147.107 - - [23/Jun/2009:22:26:31 +0200] "GET http://various-euro.com/image.php?path=../../../../../../../../../../../etc/passwd%00 HTTP/1.0" 404 2748 "http://various-euro.com/image.php?path=../../../../../../../../../../../etc/passwd%00" "Mozilla/4.0 (compatible; MSIE 6.0; Windows NT 5.1)"
189.137.147.107 - - [23/Jun/2009:22:26:31 +0200] "POST http://various-euro.com/cgi-bin/subpro/s.cgi HTTP/1.0" 404 2748 "http://various-euro.com/cgi-bin/subpro/s.cgi" "Mozilla/4.0 (compatible; MSIE 6.0; Windows NT 5.1)"
72.30.79.93 - - [23/Jun/2009:22:58:34 +0200] "GET / HTTP/1.0" 200 7869 "-" "Mozilla/5.0 (compatible; Yahoo! Slurp/3.0; http://help.yahoo.com/help/us/ysearch/slurp)"
