212.24.132.190 - - [03/Jun/2009:04:35:40 +0200] "GET / HTTP/1.1" 302 353 "http://www.google.cz/search?hl=en&client=firefox-a&rls=org.mozilla%3Acs%3Aofficial&hs=50L&q=zampa+di+leone&btnG=Search" "Mozilla/5.0 (Windows; U; Windows NT 6.0; cs; rv:1.9.0.10) Gecko/2009042316 Firefox/3.0.10 (.NET CLR 3.5.30729)"
212.24.132.190 - - [03/Jun/2009:04:35:40 +0200] "GET /zampa/ HTTP/1.1" 200 7153 "http://www.google.cz/search?hl=en&client=firefox-a&rls=org.mozilla%3Acs%3Aofficial&hs=50L&q=zampa+di+leone&btnG=Search" "Mozilla/5.0 (Windows; U; Windows NT 6.0; cs; rv:1.9.0.10) Gecko/2009042316 Firefox/3.0.10 (.NET CLR 3.5.30729)"
212.24.132.190 - - [03/Jun/2009:04:35:40 +0200] "GET /zampa/slike/zampa.gif HTTP/1.1" 200 5310 "http://www.various-euro.com/zampa/" "Mozilla/5.0 (Windows; U; Windows NT 6.0; cs; rv:1.9.0.10) Gecko/2009042316 Firefox/3.0.10 (.NET CLR 3.5.30729)"
212.24.132.190 - - [03/Jun/2009:04:35:40 +0200] "GET /zampa/slike/inthearse.gif HTTP/1.1" 200 4077 "http://www.various-euro.com/zampa/" "Mozilla/5.0 (Windows; U; Windows NT 6.0; cs; rv:1.9.0.10) Gecko/2009042316 Firefox/3.0.10 (.NET CLR 3.5.30729)"
212.24.132.190 - - [03/Jun/2009:04:35:40 +0200] "GET /zampa/slike/udupetu.gif HTTP/1.1" 200 4138 "http://www.various-euro.com/zampa/" "Mozilla/5.0 (Windows; U; Windows NT 6.0; cs; rv:1.9.0.10) Gecko/2009042316 Firefox/3.0.10 (.NET CLR 3.5.30729)"
212.24.132.190 - - [03/Jun/2009:04:35:40 +0200] "GET /favicon.ico HTTP/1.1" 404 2748 "-" "Mozilla/5.0 (Windows; U; Windows NT 6.0; cs; rv:1.9.0.10) Gecko/2009042316 Firefox/3.0.10 (.NET CLR 3.5.30729)"
212.24.132.190 - - [03/Jun/2009:04:35:43 +0200] "GET /favicon.ico HTTP/1.1" 404 2748 "-" "Mozilla/5.0 (Windows; U; Windows NT 6.0; cs; rv:1.9.0.10) Gecko/2009042316 Firefox/3.0.10 (.NET CLR 3.5.30729)"
123.125.64.38 - - [03/Jun/2009:05:12:59 +0200] "GET / HTTP/1.1" 200 7869 "-" "Baiduspider+(+http://www.baidu.com/search/spider.htm)"
72.30.79.25 - - [03/Jun/2009:05:28:18 +0200] "GET /neon/girl-tv.html HTTP/1.0" 200 1717 "-" "Mozilla/5.0 (compatible; Yahoo! Slurp/3.0; http://help.yahoo.com/help/us/ysearch/slurp)"
209.85.238.251 - - [03/Jun/2009:05:33:12 +0200] "GET / HTTP/1.1" 302 353 "-" "Feedfetcher-Google; (+http://www.google.com/feedfetcher.html; 1 subscribers; feed-id=5454548576667470243)"
209.85.238.240 - - [03/Jun/2009:05:33:14 +0200] "GET /zampa/ HTTP/1.1" 200 7153 "-" "Feedfetcher-Google; (+http://www.google.com/feedfetcher.html; 1 subscribers; feed-id=5454548576667470243)"
219.142.53.24 - - [03/Jun/2009:05:40:35 +0200] "GET /robots.txt HTTP/1.0" 200 64 "-" "renlifangbot/1.0 (+http://search.msn.com/msnbot.htm)"
219.142.53.22 - - [03/Jun/2009:05:40:35 +0200] "GET /zampa/montenegro/MILOW.html HTTP/1.0" 200 860 "-" "renlifangbot/1.0 (+http://search.msn.com/msnbot.htm)"
72.30.79.25 - - [03/Jun/2009:05:49:49 +0200] "GET /contact.html HTTP/1.0" 404 2748 "-" "Mozilla/5.0 (compatible; Yahoo! Slurp/3.0; http://help.yahoo.com/help/us/ysearch/slurp)"
65.55.106.146 - - [03/Jun/2009:05:58:25 +0200] "GET /robots.txt HTTP/1.1" 200 64 "-" "msnbot/2.0b (+http://search.msn.com/msnbot.htm)"
65.55.106.146 - - [03/Jun/2009:05:59:28 +0200] "GET /zampa/montenegro/MILOW.html HTTP/1.1" 200 860 "-" "msnbot/2.0b (+http://search.msn.com/msnbot.htm)"
65.55.106.140 - - [03/Jun/2009:06:08:10 +0200] "GET /robots.txt HTTP/1.1" 302 363 "-" "msnbot/2.0b (+http://search.msn.com/msnbot.htm)"
65.55.106.140 - - [03/Jun/2009:06:08:10 +0200] "GET /zampa/robots.txt HTTP/1.1" 404 2748 "-" "msnbot/2.0b (+http://search.msn.com/msnbot.htm)"
67.202.41.3 - - [03/Jun/2009:06:28:57 +0200] "GET /robots.txt HTTP/1.0" 200 64 "-" "ia_archiver (+http://www.alexa.com/site/help/webmasters; crawler@alexa.com)"
72.30.79.25 - - [03/Jun/2009:06:42:18 +0200] "GET /neon/girl-tv.html HTTP/1.0" 200 1717 "-" "Mozilla/5.0 (compatible; Yahoo! Slurp/3.0; http://help.yahoo.com/help/us/ysearch/slurp)"
38.99.44.105 - - [03/Jun/2009:07:06:17 +0200] "GET /framez-rez.html HTTP/1.0" 200 4323 "-" "Mozilla/5.0 (Twiceler-0.9 http://www.cuil.com/twiceler/robot.html)"
72.30.79.25 - - [03/Jun/2009:07:30:33 +0200] "GET /f-channel1.html HTTP/1.0" 200 9329 "-" "Mozilla/5.0 (compatible; Yahoo! Slurp/3.0; http://help.yahoo.com/help/us/ysearch/slurp)"
72.30.79.25 - - [03/Jun/2009:07:30:34 +0200] "GET /rss/ve-rss.php HTTP/1.0" 200 16107 "http://www.various-euro.com/f-channel1.html" "Mozilla/5.0 (compatible; Yahoo! Slurp/3.0; http://help.yahoo.com/help/us/ysearch/slurp)"
65.55.106.170 - - [03/Jun/2009:08:00:00 +0200] "GET /robots.txt HTTP/1.1" 200 64 "-" "msnbot/2.0b (+http://search.msn.com/msnbot.htm)"
65.55.106.170 - - [03/Jun/2009:08:00:45 +0200] "GET /logs/usage_200703.html HTTP/1.1" 404 2748 "-" "msnbot/2.0b (+http://search.msn.com/msnbot.htm)"
66.249.68.195 - - [03/Jun/2009:08:09:03 +0200] "GET /robots.txt HTTP/1.1" 200 64 "-" "Googlebot-Image/1.0"
209.85.238.251 - - [03/Jun/2009:08:33:31 +0200] "GET / HTTP/1.1" 302 353 "-" "Feedfetcher-Google; (+http://www.google.com/feedfetcher.html; 1 subscribers; feed-id=5454548576667470243)"
74.86.223.42 - - [03/Jun/2009:08:56:11 +0200] "GET / HTTP/1.1" 206 7869 "http://www.followsite.com/bot.html" "FollowSite Bot ( http://www.followsite.com/bot.html )"
220.181.61.234 - - [03/Jun/2009:09:16:01 +0200] "GET / HTTP/1.1" 200 7869 "-" "Sogou web spider/4.0(+http://www.sogou.com/docs/help/webmasters.htm#07)"
220.181.61.234 - - [03/Jun/2009:09:16:07 +0200] "GET /framez_0.html HTTP/1.1" 200 12285 "-" "Sogou web spider/4.0(+http://www.sogou.com/docs/help/webmasters.htm#07)"
66.249.68.195 - - [03/Jun/2009:09:17:14 +0200] "GET /partnergegenberlin.html HTTP/1.1" 200 5022 "-" "Mozilla/5.0 (compatible; Googlebot/2.1; +http://www.google.com/bot.html)"
209.85.238.240 - - [03/Jun/2009:09:24:45 +0200] "GET /zampa/ HTTP/1.1" 200 7153 "-" "Feedfetcher-Google; (+http://www.google.com/feedfetcher.html; 1 subscribers; feed-id=5454548576667470243)"
72.30.79.25 - - [03/Jun/2009:09:25:42 +0200] "GET /robots.txt HTTP/1.0" 200 64 "-" "Mozilla/5.0 (compatible; Yahoo! Slurp; http://help.yahoo.com/help/us/ysearch/slurp)"
72.30.79.25 - - [03/Jun/2009:09:25:42 +0200] "GET /framez-rez.html HTTP/1.0" 200 4323 "-" "Mozilla/5.0 (compatible; Yahoo! Slurp/3.0; http://help.yahoo.com/help/us/ysearch/slurp)"
72.30.79.25 - - [03/Jun/2009:09:25:43 +0200] "GET /frame-unten.html HTTP/1.0" 200 5308 "http://www.various-euro.com/framez-rez.html" "Mozilla/5.0 (compatible; Yahoo! Slurp/3.0; http://help.yahoo.com/help/us/ysearch/slurp)"
72.30.79.25 - - [03/Jun/2009:09:25:43 +0200] "GET /frame-menu.html HTTP/1.0" 200 10500 "http://www.various-euro.com/framez-rez.html" "Mozilla/5.0 (compatible; Yahoo! Slurp/3.0; http://help.yahoo.com/help/us/ysearch/slurp)"
72.30.79.25 - - [03/Jun/2009:09:25:43 +0200] "GET /f-rez.html HTTP/1.0" 200 9765 "http://www.various-euro.com/framez-rez.html" "Mozilla/5.0 (compatible; Yahoo! Slurp/3.0; http://help.yahoo.com/help/us/ysearch/slurp)"
72.30.79.25 - - [03/Jun/2009:09:25:44 +0200] "GET /style/various-euro.css HTTP/1.0" 304 - "http://www.various-euro.com/frame-menu.html" "Mozilla/5.0 (compatible; Yahoo! Slurp/3.0; http://help.yahoo.com/help/us/ysearch/slurp)"
38.99.13.116 - - [03/Jun/2009:09:28:36 +0200] "GET /robots.txt HTTP/1.0" 302 363 "-" "Mozilla/5.0 (Twiceler-0.9 http://www.cuil.com/twiceler/robot.html)"
65.55.106.211 - - [03/Jun/2009:09:47:48 +0200] "GET /robots.txt HTTP/1.1" 200 64 "-" "msnbot/2.0b (+http://search.msn.com/msnbot.htm)"
38.99.44.105 - - [03/Jun/2009:09:50:20 +0200] "GET /frame-menu.html HTTP/1.0" 200 10500 "-" "Mozilla/5.0 (Twiceler-0.9 http://www.cuil.com/twiceler/robot.html)"
89.216.30.219 - - [03/Jun/2009:10:03:00 +0200] "GET /framez-rez.html HTTP/1.1" 200 4323 "http://www.google.com/search?hl=en&q=evro+tours+beograd&aq=1s&oq=evrotours&aqi=g2" "Mozilla/4.0 (compatible; MSIE 6.0; Windows NT 5.1; SV1)"
89.216.30.219 - - [03/Jun/2009:10:03:00 +0200] "GET /f-rez.html HTTP/1.1" 200 9765 "http://www.various-euro.com/framez-rez.html" "Mozilla/4.0 (compatible; MSIE 6.0; Windows NT 5.1; SV1)"
89.216.30.219 - - [03/Jun/2009:10:03:00 +0200] "GET /frame-menu.html HTTP/1.1" 200 10500 "http://www.various-euro.com/framez-rez.html" "Mozilla/4.0 (compatible; MSIE 6.0; Windows NT 5.1; SV1)"
89.216.30.219 - - [03/Jun/2009:10:03:00 +0200] "GET /frame-unten.html HTTP/1.1" 200 5308 "http://www.various-euro.com/framez-rez.html" "Mozilla/4.0 (compatible; MSIE 6.0; Windows NT 5.1; SV1)"
89.216.30.219 - - [03/Jun/2009:10:03:00 +0200] "GET /rez/ma.jpg HTTP/1.1" 200 12893 "http://www.various-euro.com/f-rez.html" "Mozilla/4.0 (compatible; MSIE 6.0; Windows NT 5.1; SV1)"
89.216.30.219 - - [03/Jun/2009:10:03:00 +0200] "GET /style/various-euro.css HTTP/1.1" 200 3437 "http://www.various-euro.com/frame-menu.html" "Mozilla/4.0 (compatible; MSIE 6.0; Windows NT 5.1; SV1)"
89.216.30.219 - - [03/Jun/2009:10:03:00 +0200] "GET /rez/car.gif HTTP/1.1" 404 2748 "http://www.various-euro.com/f-rez.html" "Mozilla/4.0 (compatible; MSIE 6.0; Windows NT 5.1; SV1)"
89.216.30.219 - - [03/Jun/2009:10:03:00 +0200] "GET /rez/mb.jpg HTTP/1.1" 200 12467 "http://www.various-euro.com/f-rez.html" "Mozilla/4.0 (compatible; MSIE 6.0; Windows NT 5.1; SV1)"
89.216.30.219 - - [03/Jun/2009:10:03:01 +0200] "GET /rez/tec.gif HTTP/1.1" 200 732 "http://www.various-euro.com/f-rez.html" "Mozilla/4.0 (compatible; MSIE 6.0; Windows NT 5.1; SV1)"
89.216.30.219 - - [03/Jun/2009:10:03:00 +0200] "GET /bannerz/ve.jpg HTTP/1.1" 200 36912 "http://www.various-euro.com/frame-unten.html" "Mozilla/4.0 (compatible; MSIE 6.0; Windows NT 5.1; SV1)"
89.216.30.219 - - [03/Jun/2009:10:03:01 +0200] "GET /bannerz/various-euro-girl.jpg HTTP/1.1" 200 91514 "http://www.various-euro.com/frame-unten.html" "Mozilla/4.0 (compatible; MSIE 6.0; Windows NT 5.1; SV1)"
65.55.211.170 - - [03/Jun/2009:10:07:09 +0200] "GET /robots.txt HTTP/1.1" 200 64 "-" "msnbot/1.1 (+http://search.msn.com/msnbot.htm)"
65.55.211.170 - - [03/Jun/2009:10:07:12 +0200] "GET /neon/large.html HTTP/1.1" 200 1547 "-" "msnbot/1.1 (+http://search.msn.com/msnbot.htm)"
67.202.41.3 - - [03/Jun/2009:10:25:33 +0200] "GET /robots.txt HTTP/1.0" 200 64 "-" "ia_archiver (+http://www.alexa.com/site/help/webmasters; crawler@alexa.com)"
119.63.193.43 - - [03/Jun/2009:10:32:22 +0200] "GET / HTTP/1.1" 200 7869 "-" "Baiduspider+(+http://www.baidu.jp/spider/)"
216.129.119.49 - - [03/Jun/2009:11:02:51 +0200] "GET /robots.txt HTTP/1.0" 200 64 "-" "Mozilla/5.0 (Twiceler-0.9 http://www.cuil.com/twiceler/robot.html)"
123.125.64.38 - - [03/Jun/2009:11:14:09 +0200] "GET / HTTP/1.1" 200 7869 "-" "Baiduspider+(+http://www.baidu.com/search/spider.htm)"
65.55.51.69 - - [03/Jun/2009:11:26:51 +0200] "GET /robots.txt HTTP/1.1" 200 64 "-" "msnbot/2.0b (+http://search.msn.com/msnbot.htm)"
66.249.68.195 - - [03/Jun/2009:12:06:32 +0200] "GET /logs/usage_200906.html HTTP/1.1" 404 2748 "-" "Mozilla/5.0 (compatible; Googlebot/2.1; +http://www.google.com/bot.html)"
84.183.88.129 - - [03/Jun/2009:12:06:41 +0200] "GET /slike/E3VAMPIR.GIF HTTP/1.1" 302 371 "-" "Mozilla/5.0 (Windows; U; Windows NT 5.1; de; rv:1.9.0.10) Gecko/2009042316 Firefox/3.0.10"
84.183.88.129 - - [03/Jun/2009:12:06:42 +0200] "GET /zampa/slike/E3VAMPIR.GIF HTTP/1.1" 200 52553 "-" "Mozilla/5.0 (Windows; U; Windows NT 5.1; de; rv:1.9.0.10) Gecko/2009042316 Firefox/3.0.10"
84.183.88.129 - - [03/Jun/2009:12:06:49 +0200] "GET /zampa/ HTTP/1.1" 200 7153 "-" "Mozilla/5.0 (Windows; U; Windows NT 5.1; de; rv:1.9.0.10) Gecko/2009042316 Firefox/3.0.10"
84.183.88.129 - - [03/Jun/2009:12:07:05 +0200] "GET /zampa/montenegro/dajpare.html HTTP/1.1" 200 2503 "http://www.various-euro.com/zampa/" "Mozilla/5.0 (Windows; U; Windows NT 5.1; de; rv:1.9.0.10) Gecko/2009042316 Firefox/3.0.10"
84.183.88.129 - - [03/Jun/2009:12:07:05 +0200] "GET /zampa/montenegro/slike/BATAW.jpg HTTP/1.1" 200 2631 "http://www.various-euro.com/zampa/montenegro/dajpare.html" "Mozilla/5.0 (Windows; U; Windows NT 5.1; de; rv:1.9.0.10) Gecko/2009042316 Firefox/3.0.10"
84.183.88.129 - - [03/Jun/2009:12:07:05 +0200] "GET /zampa/montenegro/slike/TESLAW.jpg HTTP/1.1" 200 3770 "http://www.various-euro.com/zampa/montenegro/dajpare.html" "Mozilla/5.0 (Windows; U; Windows NT 5.1; de; rv:1.9.0.10) Gecko/2009042316 Firefox/3.0.10"
84.183.88.129 - - [03/Jun/2009:12:07:05 +0200] "GET /zampa/montenegro/slike/SEKAW.jpg HTTP/1.1" 200 2786 "http://www.various-euro.com/zampa/montenegro/dajpare.html" "Mozilla/5.0 (Windows; U; Windows NT 5.1; de; rv:1.9.0.10) Gecko/2009042316 Firefox/3.0.10"
84.183.88.129 - - [03/Jun/2009:12:07:05 +0200] "GET /zampa/montenegro/slike/ZMAJW.jpg HTTP/1.1" 200 4555 "http://www.various-euro.com/zampa/montenegro/dajpare.html" "Mozilla/5.0 (Windows; U; Windows NT 5.1; de; rv:1.9.0.10) Gecko/2009042316 Firefox/3.0.10"
84.183.88.129 - - [03/Jun/2009:12:07:05 +0200] "GET /zampa/montenegro/slike/MILOW.jpg HTTP/1.1" 200 3823 "http://www.various-euro.com/zampa/montenegro/dajpare.html" "Mozilla/5.0 (Windows; U; Windows NT 5.1; de; rv:1.9.0.10) Gecko/2009042316 Firefox/3.0.10"
84.183.88.129 - - [03/Jun/2009:12:07:16 +0200] "GET /zampa/montenegro/MILOW.html HTTP/1.1" 200 860 "http://www.various-euro.com/zampa/montenegro/dajpare.html" "Mozilla/5.0 (Windows; U; Windows NT 5.1; de; rv:1.9.0.10) Gecko/2009042316 Firefox/3.0.10"
84.183.88.129 - - [03/Jun/2009:12:07:16 +0200] "GET /zampa/montenegro/slike/grosse/MILOg.jpg HTTP/1.1" 200 16761 "http://www.various-euro.com/zampa/montenegro/MILOW.html" "Mozilla/5.0 (Windows; U; Windows NT 5.1; de; rv:1.9.0.10) Gecko/2009042316 Firefox/3.0.10"
66.249.68.195 - - [03/Jun/2009:12:13:53 +0200] "GET /bmpp/flyer_cut3TT.html HTTP/1.1" 200 20277 "-" "Mozilla/5.0 (compatible; Googlebot/2.1; +http://www.google.com/bot.html)"
209.85.238.251 - - [03/Jun/2009:12:24:47 +0200] "GET / HTTP/1.1" 302 353 "-" "Feedfetcher-Google; (+http://www.google.com/feedfetcher.html; 1 subscribers; feed-id=5454548576667470243)"
209.85.238.240 - - [03/Jun/2009:12:24:49 +0200] "GET /zampa/ HTTP/1.1" 200 7153 "-" "Feedfetcher-Google; (+http://www.google.com/feedfetcher.html; 1 subscribers; feed-id=5454548576667470243)"
38.99.44.105 - - [03/Jun/2009:12:30:30 +0200] "GET /robots.txt HTTP/1.0" 200 64 "-" "Mozilla/5.0 (Twiceler-0.9 http://www.cuil.com/twiceler/robot.html)"
66.249.68.195 - - [03/Jun/2009:12:41:03 +0200] "GET /neon/code.html HTTP/1.1" 200 1109 "-" "Mozilla/5.0 (compatible; Googlebot/2.1; +http://www.google.com/bot.html)"
38.99.44.105 - - [03/Jun/2009:13:18:38 +0200] "GET /frame-unten.html HTTP/1.0" 200 5308 "-" "Mozilla/5.0 (Twiceler-0.9 http://www.cuil.com/twiceler/robot.html)"
66.249.68.195 - - [03/Jun/2009:13:21:48 +0200] "GET /world.html HTTP/1.1" 200 16295 "-" "Mozilla/5.0 (compatible; Googlebot/2.1; +http://www.google.com/bot.html)"
65.55.106.115 - - [03/Jun/2009:13:26:48 +0200] "GET /robots.txt HTTP/1.1" 200 64 "-" "msnbot/2.0b (+http://search.msn.com/msnbot.htm)"
65.55.106.115 - - [03/Jun/2009:13:37:50 +0200] "GET /robots.txt HTTP/1.1" 302 363 "-" "msnbot/2.0b (+http://search.msn.com/msnbot.htm)"
65.55.106.115 - - [03/Jun/2009:13:37:51 +0200] "GET /zampa/robots.txt HTTP/1.1" 404 2748 "-" "msnbot/2.0b (+http://search.msn.com/msnbot.htm)"
38.99.44.105 - - [03/Jun/2009:14:07:24 +0200] "GET / HTTP/1.0" 200 7869 "-" "Mozilla/5.0 (Twiceler-0.9 http://www.cuil.com/twiceler/robot.html)"
65.55.51.110 - - [03/Jun/2009:15:09:23 +0200] "GET /robots.txt HTTP/1.1" 200 64 "-" "msnbot/2.0b (+http://search.msn.com/msnbot.htm)"
220.181.7.103 - - [03/Jun/2009:15:10:05 +0200] "GET /robots.txt HTTP/1.1" 200 64 "-" "Baiduspider+(+http://www.baidu.com/search/spider.htm)"
123.125.66.20 - - [03/Jun/2009:15:10:27 +0200] "GET / HTTP/1.1" 200 7869 "-" "Baiduspider+(+http://www.baidu.com/search/spider.htm)"
123.125.66.48 - - [03/Jun/2009:15:10:28 +0200] "GET /framez_0.html HTTP/1.1" 200 12285 "-" "Baiduspider+(+http://www.baidu.com/search/spider.htm)"
123.125.64.12 - - [03/Jun/2009:15:10:28 +0200] "GET /robots.txt HTTP/1.1" 200 64 "-" "Baiduspider+(+http://www.baidu.com/search/spider.htm)"
209.85.238.251 - - [03/Jun/2009:15:24:59 +0200] "GET / HTTP/1.1" 302 353 "-" "Feedfetcher-Google; (+http://www.google.com/feedfetcher.html; 1 subscribers; feed-id=5454548576667470243)"
209.85.238.240 - - [03/Jun/2009:15:25:05 +0200] "GET /zampa/ HTTP/1.1" 200 7153 "-" "Feedfetcher-Google; (+http://www.google.com/feedfetcher.html; 1 subscribers; feed-id=5454548576667470243)"
38.99.13.116 - - [03/Jun/2009:15:41:13 +0200] "GET / HTTP/1.0" 302 353 "-" "Mozilla/5.0 (Twiceler-0.9 http://www.cuil.com/twiceler/robot.html)"
65.55.211.161 - - [03/Jun/2009:15:55:17 +0200] "GET /robots.txt HTTP/1.1" 200 64 "-" "msnbot/1.1 (+http://search.msn.com/msnbot.htm)"
65.55.211.161 - - [03/Jun/2009:15:55:18 +0200] "GET /logs/ HTTP/1.1" 200 11511 "-" "msnbot/1.1 (+http://search.msn.com/msnbot.htm)"
65.55.106.165 - - [03/Jun/2009:16:05:39 +0200] "GET /robots.txt HTTP/1.1" 200 64 "-" "msnbot/2.0b (+http://search.msn.com/msnbot.htm)"
217.91.126.234 - - [03/Jun/2009:16:12:21 +0200] "GET /favicon.ico HTTP/1.1" 404 2748 "http://www.google.de/search?hl=de&safe=off&client=firefox-a&rls=org.mozilla%3Ade%3Aofficial&hs=MtW&num=100&newwindow=1&q=Vorwahl+00407&btnG=Suche&meta=&aq=f&oq=" "Mozilla/5.0 (Windows; U; Windows NT 5.1; de; rv:1.9.0.10) Gecko/2009042316 Firefox/3.0.10 (.NET CLR 3.5.30729)"
65.55.211.175 - - [03/Jun/2009:16:26:51 +0200] "GET /robots.txt HTTP/1.1" 200 64 "-" "msnbot/1.1 (+http://search.msn.com/msnbot.htm)"
65.55.211.175 - - [03/Jun/2009:16:26:55 +0200] "GET /frame-inhalt.html HTTP/1.1" 200 7688 "-" "msnbot/1.1 (+http://search.msn.com/msnbot.htm)"
65.55.110.141 - - [03/Jun/2009:16:28:33 +0200] "GET /frame-inhalt.html HTTP/1.0" 200 7688 "http://search.live.com/results.aspx?q=various" "Mozilla/4.0 (compatible; MSIE 6.0; Windows NT 5.2; SV1; .NET CLR 1.1.4322)"
65.55.110.141 - - [03/Jun/2009:16:28:36 +0200] "GET /style/various-euro.css HTTP/1.0" 200 3437 "http://www.various-euro.com/frame-inhalt.html" "Mozilla/4.0 (compatible; MSIE 6.0; Windows NT 5.2; SV1; .NET CLR 1.1.4322)"
65.55.110.141 - - [03/Jun/2009:16:28:59 +0200] "GET /framez.html HTTP/1.0" 200 3959 "-" "Mozilla/4.0 (compatible; MSIE 6.0; Windows NT 5.2; SV1; .NET CLR 1.1.4322)"
65.55.110.141 - - [03/Jun/2009:16:28:59 +0200] "GET /style/various-euro.css HTTP/1.0" 200 3437 "http://www.various-euro.com/framez.html" "Mozilla/4.0 (compatible; MSIE 6.0; Windows NT 5.2; SV1; .NET CLR 1.1.4322)"
65.55.110.141 - - [03/Jun/2009:16:29:03 +0200] "GET /frame-menu.html HTTP/1.0" 200 10500 "http://www.various-euro.com/framez.html" "Mozilla/4.0 (compatible; MSIE 6.0; Windows NT 5.2; SV1; .NET CLR 1.1.4322)"
66.235.124.132 - - [03/Jun/2009:16:43:24 +0200] "GET /robots.txt HTTP/1.1" 200 64 "-" "-"
66.235.124.132 - - [03/Jun/2009:16:43:24 +0200] "GET /f-world.html HTTP/1.1" 200 35590 "-" "Mozilla/5.0 (X11; U; Linux i686; en-US; rv:1.9a1) Gecko/20070308 Minefield/3.0a1"
66.235.124.132 - - [03/Jun/2009:16:43:34 +0200] "GET /framez-world.html HTTP/1.1" 200 4325 "http://www.various-euro.com/f-world.html" "Mozilla/5.0 (X11; U; Linux i686; en-US; rv:1.9a1) Gecko/20070308 Minefield/3.0a1"
66.235.124.132 - - [03/Jun/2009:16:43:35 +0200] "GET /frame-menu.html HTTP/1.1" 200 10500 "http://www.various-euro.com/framez-world.html" "Mozilla/5.0 (X11; U; Linux i686; en-US; rv:1.9a1) Gecko/20070308 Minefield/3.0a1"
66.235.124.132 - - [03/Jun/2009:16:43:35 +0200] "GET /frame-unten.html HTTP/1.1" 200 5308 "http://www.various-euro.com/framez-world.html" "Mozilla/5.0 (X11; U; Linux i686; en-US; rv:1.9a1) Gecko/20070308 Minefield/3.0a1"
66.235.124.132 - - [03/Jun/2009:16:43:35 +0200] "GET /style/various-euro.css HTTP/1.1" 200 3437 "http://www.various-euro.com/frame-menu.html" "Mozilla/5.0 (X11; U; Linux i686; en-US; rv:1.9a1) Gecko/20070308 Minefield/3.0a1"
66.235.124.132 - - [03/Jun/2009:16:43:35 +0200] "GET /f-world.html HTTP/1.1" 200 35590 "http://www.various-euro.com/framez-world.html" "Mozilla/5.0 (X11; U; Linux i686; en-US; rv:1.9a1) Gecko/20070308 Minefield/3.0a1"
66.235.124.132 - - [03/Jun/2009:16:43:36 +0200] "GET /bannerz/ve.jpg HTTP/1.1" 200 36912 "http://www.various-euro.com/frame-unten.html" "Mozilla/5.0 (X11; U; Linux i686; en-US; rv:1.9a1) Gecko/20070308 Minefield/3.0a1"
66.235.124.132 - - [03/Jun/2009:16:43:36 +0200] "GET /bannerz/various-euro-girl.jpg HTTP/1.1" 200 91514 "http://www.various-euro.com/frame-unten.html" "Mozilla/5.0 (X11; U; Linux i686; en-US; rv:1.9a1) Gecko/20070308 Minefield/3.0a1"
217.91.126.234 - - [03/Jun/2009:16:53:24 +0200] "GET /favicon.ico HTTP/1.1" 404 2748 "http://www.google.de/search?hl=de&safe=off&client=firefox-a&rls=org.mozilla%3Ade%3Aofficial&hs=lwW&num=100&newwindow=1&q=vorwahl+%0900407&btnG=Suche&meta=&aq=f&oq=" "Mozilla/5.0 (Windows; U; Windows NT 5.1; de; rv:1.9.0.10) Gecko/2009042316 Firefox/3.0.10 (.NET CLR 3.5.30729)"
65.55.106.111 - - [03/Jun/2009:17:08:55 +0200] "GET /robots.txt HTTP/1.1" 200 64 "-" "msnbot/2.0b (+http://search.msn.com/msnbot.htm)"
65.55.106.111 - - [03/Jun/2009:17:09:41 +0200] "GET /logs/usage_200701.html HTTP/1.1" 404 2748 "-" "msnbot/2.0b (+http://search.msn.com/msnbot.htm)"
72.30.79.25 - - [03/Jun/2009:17:14:47 +0200] "GET /framez.html HTTP/1.0" 200 3959 "-" "Mozilla/5.0 (compatible; Yahoo! Slurp/3.0; http://help.yahoo.com/help/us/ysearch/slurp)"
72.30.79.25 - - [03/Jun/2009:17:14:48 +0200] "GET /style/various-euro.css HTTP/1.0" 304 - "http://www.various-euro.com/framez.html" "Mozilla/5.0 (compatible; Yahoo! Slurp/3.0; http://help.yahoo.com/help/us/ysearch/slurp)"
72.30.79.25 - - [03/Jun/2009:17:14:48 +0200] "GET /frame-unten.html HTTP/1.0" 200 5308 "http://www.various-euro.com/framez.html" "Mozilla/5.0 (compatible; Yahoo! Slurp/3.0; http://help.yahoo.com/help/us/ysearch/slurp)"
72.30.79.25 - - [03/Jun/2009:17:14:48 +0200] "GET /frame-inhalt.html HTTP/1.0" 200 7688 "http://www.various-euro.com/framez.html" "Mozilla/5.0 (compatible; Yahoo! Slurp/3.0; http://help.yahoo.com/help/us/ysearch/slurp)"
72.30.79.25 - - [03/Jun/2009:17:14:48 +0200] "GET /frame-menu.html HTTP/1.0" 200 10500 "http://www.various-euro.com/framez.html" "Mozilla/5.0 (compatible; Yahoo! Slurp/3.0; http://help.yahoo.com/help/us/ysearch/slurp)"
208.80.195.39 - - [03/Jun/2009:17:48:44 +0200] "GET / HTTP/1.0" 200 7869 "-" "Mozilla/4.0 (compatible; MSIE 7.0; Windows NT 5.1; FunWebProducts; .NET CLR 1.1.4322; .NET CLR 2.0.50727; SpamBlockerUtility 4.8.0)"
208.80.195.39 - - [03/Jun/2009:17:48:44 +0200] "GET / HTTP/1.0" 200 7869 "-" "Mozilla/4.0 (compatible; MSIE 7.0; Windows NT 5.1; FunWebProducts; NN5.1.2.1; YPC 3.2.0; InfoPath.1; yplus 5.1.04b)"
209.85.238.251 - - [03/Jun/2009:18:27:03 +0200] "GET / HTTP/1.1" 302 353 "-" "Feedfetcher-Google; (+http://www.google.com/feedfetcher.html; 1 subscribers; feed-id=5454548576667470243)"
209.85.238.240 - - [03/Jun/2009:18:27:04 +0200] "GET /zampa/ HTTP/1.1" 200 7153 "-" "Feedfetcher-Google; (+http://www.google.com/feedfetcher.html; 1 subscribers; feed-id=5454548576667470243)"
38.99.44.105 - - [03/Jun/2009:18:38:23 +0200] "GET /f-rez.html HTTP/1.0" 200 9765 "-" "Mozilla/5.0 (Twiceler-0.9 http://www.cuil.com/twiceler/robot.html)"
72.30.79.25 - - [03/Jun/2009:19:07:47 +0200] "GET /biggtani.html HTTP/1.0" 404 2748 "-" "Mozilla/5.0 (compatible; Yahoo! Slurp/3.0; http://help.yahoo.com/help/us/ysearch/slurp)"
65.55.51.114 - - [03/Jun/2009:19:15:20 +0200] "GET /robots.txt HTTP/1.1" 200 64 "-" "msnbot/2.0b (+http://search.msn.com/msnbot.htm)"
77.208.170.117 - - [03/Jun/2009:19:16:57 +0200] "GET /restate_copy.html HTTP/1.1" 200 97631 "http://av.rds.yl-alvahoo.com/_ylt=A0geunfJpyZKrtkARRxVDqMX;_ylu=X3oDMTBzdXAxcThoBHBndANhdl93ZWJfYWR2X3Jlc3VsdARzZWMDc3I-/SIG=11no1hna7/EXP=1244133705/**http%3a//www.amazon.com/tag/franziska" "Mozilla/4.0 (compatible; MSIE 5.0; Windows NT; DigExt)"
80.130.45.113 - - [03/Jun/2009:19:27:13 +0200] "GET / HTTP/1.1" 200 7869 "http://www.askpeter.info/gosearch.php?q=various-euro" "Mozilla/5.0 (compatible; askpeter_bot/5.0; +http://www.askpeter.info)"
94.142.129.98 - - [03/Jun/2009:19:29:50 +0200] "GET /framez-schubb5.html HTTP/1.0" 200 4330 "http://www.various-euro.com/framez-schubb5.html" "Mozilla/4.0 (compatible; MSIE 6.0; Windows NT 5.1; SV1)"
94.142.129.98 - - [03/Jun/2009:19:29:50 +0200] "GET /frame-menu.html HTTP/1.0" 200 10500 "http://www.various-euro.com/frame-menu.html" "Mozilla/4.0 (compatible; MSIE 6.0; Windows NT 5.1; SV1)"
94.142.129.98 - - [03/Jun/2009:19:29:50 +0200] "GET /schubb/schubb-5.html HTTP/1.0" 200 72944 "http://www.various-euro.com/schubb/schubb-5.html" "Mozilla/4.0 (compatible; MSIE 6.0; Windows NT 5.1; SV1)"
94.142.129.98 - - [03/Jun/2009:19:29:50 +0200] "GET /frame-unten.html HTTP/1.0" 200 5308 "http://www.various-euro.com/frame-unten.html" "Mozilla/4.0 (compatible; MSIE 6.0; Windows NT 5.1; SV1)"
65.55.211.175 - - [03/Jun/2009:20:03:18 +0200] "GET /neon/girl-tv.html HTTP/1.1" 200 1717 "-" "msnbot/1.1 (+http://search.msn.com/msnbot.htm)"
209.85.238.251 - - [03/Jun/2009:21:27:14 +0200] "GET / HTTP/1.1" 302 353 "-" "Feedfetcher-Google; (+http://www.google.com/feedfetcher.html; 1 subscribers; feed-id=5454548576667470243)"
209.85.238.240 - - [03/Jun/2009:21:27:16 +0200] "GET /zampa/ HTTP/1.1" 200 7153 "-" "Feedfetcher-Google; (+http://www.google.com/feedfetcher.html; 1 subscribers; feed-id=5454548576667470243)"
64.71.175.209 - - [03/Jun/2009:21:28:50 +0200] "GET /bannerz/various-euro-girl.jpg HTTP/1.0" 200 91514 "-" "Mozilla/5.0 (X11; U; Linux i686; en-US; rv:1.9.0.3) Gecko/2008092416 Firefox/3.0.3"
65.55.106.135 - - [03/Jun/2009:21:31:55 +0200] "GET /robots.txt HTTP/1.1" 200 64 "-" "msnbot/2.0b (+http://search.msn.com/msnbot.htm)"
77.23.217.176 - - [03/Jun/2009:21:46:50 +0200] "GET /framez-schubb5.html HTTP/1.0" 200 4330 "http://www.various-euro.com/framez-schubb5.html" "Mozilla/4.0 (compatible; MSIE 6.0; Windows NT 5.0; .NET CLR 1.0.3705; .NET CLR 1.1.4322)"
77.23.217.176 - - [03/Jun/2009:21:46:50 +0200] "GET /frame-menu.html HTTP/1.0" 200 10500 "http://www.various-euro.com/frame-menu.html" "Mozilla/4.0 (compatible; MSIE 6.0; Windows NT 5.0; .NET CLR 1.0.3705; .NET CLR 1.1.4322)"
77.23.217.176 - - [03/Jun/2009:21:46:50 +0200] "GET /schubb/schubb-5.html HTTP/1.0" 200 72944 "http://www.various-euro.com/schubb/schubb-5.html" "Mozilla/4.0 (compatible; MSIE 6.0; Windows NT 5.0; .NET CLR 1.0.3705; .NET CLR 1.1.4322)"
77.23.217.176 - - [03/Jun/2009:21:46:51 +0200] "GET /frame-unten.html HTTP/1.0" 200 5308 "http://www.various-euro.com/frame-unten.html" "Mozilla/4.0 (compatible; MSIE 6.0; Windows NT 5.0; .NET CLR 1.0.3705; .NET CLR 1.1.4322)"
65.55.106.120 - - [03/Jun/2009:22:26:42 +0200] "GET /robots.txt HTTP/1.1" 200 64 "-" "msnbot/2.0b (+http://search.msn.com/msnbot.htm)"
65.55.51.115 - - [03/Jun/2009:22:29:16 +0200] "GET /robots.txt HTTP/1.1" 200 64 "-" "msnbot/2.0b (+http://search.msn.com/msnbot.htm)"
72.30.79.25 - - [03/Jun/2009:22:42:22 +0200] "GET /robots.txt HTTP/1.0" 200 64 "-" "Mozilla/5.0 (compatible; Yahoo! Slurp; http://help.yahoo.com/help/us/ysearch/slurp)"
72.30.79.25 - - [03/Jun/2009:22:42:22 +0200] "GET /bmpp/18.html HTTP/1.0" 200 4467 "-" "Mozilla/5.0 (compatible; Yahoo! Slurp/3.0; http://help.yahoo.com/help/us/ysearch/slurp)"
68.227.148.182 - - [03/Jun/2009:23:06:58 +0200] "GET /framez-zampa-lovers.html HTTP/1.1" 200 4322 "http://www.google.com/search?q=jugoslovenski+naivni+slikari+&ie=utf-8&oe=utf-8&aq=t&rls=org.mozilla:en-US:official&client=firefox-a" "Mozilla/5.0 (Windows; U; Windows NT 5.1; en-US; rv:1.9.0.10) Gecko/2009042316 Firefox/3.0.10"
68.227.148.182 - - [03/Jun/2009:23:06:59 +0200] "GET /frame-menu.html HTTP/1.1" 200 10500 "http://www.various-euro.com/framez-zampa-lovers.html" "Mozilla/5.0 (Windows; U; Windows NT 5.1; en-US; rv:1.9.0.10) Gecko/2009042316 Firefox/3.0.10"
68.227.148.182 - - [03/Jun/2009:23:06:59 +0200] "GET /ve-icon-2.ico HTTP/1.1" 200 2238 "-" "Mozilla/5.0 (Windows; U; Windows NT 5.1; en-US; rv:1.9.0.10) Gecko/2009042316 Firefox/3.0.10"
68.227.148.182 - - [03/Jun/2009:23:06:59 +0200] "GET /frame-unten.html HTTP/1.1" 200 5308 "http://www.various-euro.com/framez-zampa-lovers.html" "Mozilla/5.0 (Windows; U; Windows NT 5.1; en-US; rv:1.9.0.10) Gecko/2009042316 Firefox/3.0.10"
68.227.148.182 - - [03/Jun/2009:23:06:59 +0200] "GET /style/various-euro.css HTTP/1.1" 200 3437 "http://www.various-euro.com/frame-menu.html" "Mozilla/5.0 (Windows; U; Windows NT 5.1; en-US; rv:1.9.0.10) Gecko/2009042316 Firefox/3.0.10"
68.227.148.182 - - [03/Jun/2009:23:06:59 +0200] "GET /zampa-lovers/kralle.gif HTTP/1.1" 404 2748 "http://www.various-euro.com/zampa-lovers/index.html" "Mozilla/5.0 (Windows; U; Windows NT 5.1; en-US; rv:1.9.0.10) Gecko/2009042316 Firefox/3.0.10"
68.227.148.182 - - [03/Jun/2009:23:06:59 +0200] "GET /zampa-lovers/DRAGAN_Z.JPG HTTP/1.1" 200 6850 "http://www.various-euro.com/zampa-lovers/index.html" "Mozilla/5.0 (Windows; U; Windows NT 5.1; en-US; rv:1.9.0.10) Gecko/2009042316 Firefox/3.0.10"
68.227.148.182 - - [03/Jun/2009:23:06:59 +0200] "GET /zampa-lovers/index.html HTTP/1.1" 200 37790 "http://www.various-euro.com/framez-zampa-lovers.html" "Mozilla/5.0 (Windows; U; Windows NT 5.1; en-US; rv:1.9.0.10) Gecko/2009042316 Firefox/3.0.10"
68.227.148.182 - - [03/Jun/2009:23:06:59 +0200] "GET /zampa-lovers/MILIZA_2.JPG HTTP/1.1" 200 22172 "http://www.various-euro.com/zampa-lovers/index.html" "Mozilla/5.0 (Windows; U; Windows NT 5.1; en-US; rv:1.9.0.10) Gecko/2009042316 Firefox/3.0.10"
68.227.148.182 - - [03/Jun/2009:23:07:00 +0200] "GET /zampa-lovers/MILIZA_B.JPG HTTP/1.1" 200 10947 "http://www.various-euro.com/zampa-lovers/index.html" "Mozilla/5.0 (Windows; U; Windows NT 5.1; en-US; rv:1.9.0.10) Gecko/2009042316 Firefox/3.0.10"
68.227.148.182 - - [03/Jun/2009:23:06:59 +0200] "GET /zampa-lovers/MILIZA_3.JPG HTTP/1.1" 200 26924 "http://www.various-euro.com/zampa-lovers/index.html" "Mozilla/5.0 (Windows; U; Windows NT 5.1; en-US; rv:1.9.0.10) Gecko/2009042316 Firefox/3.0.10"
68.227.148.182 - - [03/Jun/2009:23:06:59 +0200] "GET /bannerz/ve.jpg HTTP/1.1" 200 36912 "http://www.various-euro.com/frame-unten.html" "Mozilla/5.0 (Windows; U; Windows NT 5.1; en-US; rv:1.9.0.10) Gecko/2009042316 Firefox/3.0.10"
68.227.148.182 - - [03/Jun/2009:23:07:00 +0200] "GET /zampa-lovers/MILIZA_4.JPG HTTP/1.1" 200 9946 "http://www.various-euro.com/zampa-lovers/index.html" "Mozilla/5.0 (Windows; U; Windows NT 5.1; en-US; rv:1.9.0.10) Gecko/2009042316 Firefox/3.0.10"
68.227.148.182 - - [03/Jun/2009:23:07:00 +0200] "GET /zampa-lovers/DRAGANZA.JPG HTTP/1.1" 200 18560 "http://www.various-euro.com/zampa-lovers/index.html" "Mozilla/5.0 (Windows; U; Windows NT 5.1; en-US; rv:1.9.0.10) Gecko/2009042316 Firefox/3.0.10"
68.227.148.182 - - [03/Jun/2009:23:06:59 +0200] "GET /bannerz/various-euro-girl.jpg HTTP/1.1" 200 91514 "http://www.various-euro.com/frame-unten.html" "Mozilla/5.0 (Windows; U; Windows NT 5.1; en-US; rv:1.9.0.10) Gecko/2009042316 Firefox/3.0.10"
68.227.148.182 - - [03/Jun/2009:23:07:00 +0200] "GET /zampa-lovers/Kralle.gif HTTP/1.1" 200 260 "http://www.various-euro.com/zampa-lovers/index.html" "Mozilla/5.0 (Windows; U; Windows NT 5.1; en-US; rv:1.9.0.10) Gecko/2009042316 Firefox/3.0.10"
68.227.148.182 - - [03/Jun/2009:23:07:00 +0200] "GET /zampa-lovers/2SEITEVE.GIF HTTP/1.1" 200 83466 "http://www.various-euro.com/zampa-lovers/index.html" "Mozilla/5.0 (Windows; U; Windows NT 5.1; en-US; rv:1.9.0.10) Gecko/2009042316 Firefox/3.0.10"
68.227.148.182 - - [03/Jun/2009:23:07:00 +0200] "GET /zampa-lovers/1SEITEVE.GIF HTTP/1.1" 200 78726 "http://www.various-euro.com/zampa-lovers/index.html" "Mozilla/5.0 (Windows; U; Windows NT 5.1; en-US; rv:1.9.0.10) Gecko/2009042316 Firefox/3.0.10"
68.227.148.182 - - [03/Jun/2009:23:07:03 +0200] "GET /zampa-lovers/zampa-2X2.gif HTTP/1.1" 200 6948 "http://www.various-euro.com/zampa-lovers/index.html" "Mozilla/5.0 (Windows; U; Windows NT 5.1; en-US; rv:1.9.0.10) Gecko/2009042316 Firefox/3.0.10"
68.227.148.182 - - [03/Jun/2009:23:07:03 +0200] "GET /zampa-lovers/zampamali.gif HTTP/1.1" 200 2617 "http://www.various-euro.com/zampa-lovers/index.html" "Mozilla/5.0 (Windows; U; Windows NT 5.1; en-US; rv:1.9.0.10) Gecko/2009042316 Firefox/3.0.10"
68.227.148.182 - - [03/Jun/2009:23:07:03 +0200] "GET /zampa-lovers/ZAMPAMA2.MPG HTTP/1.1" 200 63492 "http://www.various-euro.com/zampa-lovers/index.html" "Mozilla/5.0 (Windows; U; Windows NT 5.1; en-US; rv:1.9.0.10) Gecko/2009042316 Firefox/3.0.10"
68.227.148.182 - - [03/Jun/2009:23:07:03 +0200] "GET /zampa-lovers/WASISTMI1.MPG HTTP/1.1" 200 271221 "http://www.various-euro.com/zampa-lovers/index.html" "Mozilla/5.0 (Windows; U; Windows NT 5.1; en-US; rv:1.9.0.10) Gecko/2009042316 Firefox/3.0.10"
68.227.148.182 - - [03/Jun/2009:23:07:00 +0200] "GET /zampa-lovers/zampa.gif HTTP/1.1" 200 460627 "http://www.various-euro.com/zampa-lovers/index.html" "Mozilla/5.0 (Windows; U; Windows NT 5.1; en-US; rv:1.9.0.10) Gecko/2009042316 Firefox/3.0.10"
68.227.148.182 - - [03/Jun/2009:23:07:04 +0200] "GET /zampa-lovers/ZAMPAMAS.MPG HTTP/1.1" 200 520196 "http://www.various-euro.com/zampa-lovers/index.html" "Mozilla/5.0 (Windows; U; Windows NT 5.1; en-US; rv:1.9.0.10) Gecko/2009042316 Firefox/3.0.10"
65.55.106.170 - - [03/Jun/2009:23:11:19 +0200] "GET /robots.txt HTTP/1.1" 302 363 "-" "msnbot/2.0b (+http://search.msn.com/msnbot.htm)"
65.55.106.170 - - [03/Jun/2009:23:11:19 +0200] "GET /zampa/robots.txt HTTP/1.1" 404 2748 "-" "msnbot/2.0b (+http://search.msn.com/msnbot.htm)"
65.55.106.170 - - [03/Jun/2009:23:12:40 +0200] "GET / HTTP/1.1" 302 353 "-" "msnbot/2.0b (+http://search.msn.com/msnbot.htm)"
86.101.121.246 - - [03/Jun/2009:23:29:42 +0200] "GET / HTTP/1.1" 302 353 "http://www.google.hu/search?q=zampa+di+leone&ie=utf-8&oe=utf-8&aq=t&rls=org.mozilla:hu:official&client=firefox-a" "Mozilla/5.0 (Windows; U; Windows NT 5.1; hu; rv:1.9.0.10) Gecko/2009042316 Firefox/3.0.10"
86.101.121.246 - - [03/Jun/2009:23:29:42 +0200] "GET /zampa/ HTTP/1.1" 200 7153 "http://www.google.hu/search?q=zampa+di+leone&ie=utf-8&oe=utf-8&aq=t&rls=org.mozilla:hu:official&client=firefox-a" "Mozilla/5.0 (Windows; U; Windows NT 5.1; hu; rv:1.9.0.10) Gecko/2009042316 Firefox/3.0.10"
86.101.121.246 - - [03/Jun/2009:23:29:42 +0200] "GET /zampa/slike/udupetu.gif HTTP/1.1" 200 4138 "http://www.various-euro.com/zampa/" "Mozilla/5.0 (Windows; U; Windows NT 5.1; hu; rv:1.9.0.10) Gecko/2009042316 Firefox/3.0.10"
86.101.121.246 - - [03/Jun/2009:23:29:42 +0200] "GET /zampa/slike/zampa.gif HTTP/1.1" 200 5310 "http://www.various-euro.com/zampa/" "Mozilla/5.0 (Windows; U; Windows NT 5.1; hu; rv:1.9.0.10) Gecko/2009042316 Firefox/3.0.10"
86.101.121.246 - - [03/Jun/2009:23:29:42 +0200] "GET /zampa/slike/inthearse.gif HTTP/1.1" 200 4077 "http://www.various-euro.com/zampa/" "Mozilla/5.0 (Windows; U; Windows NT 5.1; hu; rv:1.9.0.10) Gecko/2009042316 Firefox/3.0.10"
86.101.121.246 - - [03/Jun/2009:23:29:42 +0200] "GET /favicon.ico HTTP/1.1" 404 2748 "-" "Mozilla/5.0 (Windows; U; Windows NT 5.1; hu; rv:1.9.0.10) Gecko/2009042316 Firefox/3.0.10"
86.101.121.246 - - [03/Jun/2009:23:29:45 +0200] "GET /favicon.ico HTTP/1.1" 404 2748 "-" "Mozilla/5.0 (Windows; U; Windows NT 5.1; hu; rv:1.9.0.10) Gecko/2009042316 Firefox/3.0.10"
86.101.121.246 - - [03/Jun/2009:23:30:01 +0200] "GET /zampa/montenegro/index.html HTTP/1.1" 200 2651 "http://www.various-euro.com/zampa/" "Mozilla/5.0 (Windows; U; Windows NT 5.1; hu; rv:1.9.0.10) Gecko/2009042316 Firefox/3.0.10"
86.101.121.246 - - [03/Jun/2009:23:30:01 +0200] "GET /zampa/montenegro/slike/plakat.jpg HTTP/1.1" 200 47879 "http://www.various-euro.com/zampa/montenegro/index.html" "Mozilla/5.0 (Windows; U; Windows NT 5.1; hu; rv:1.9.0.10) Gecko/2009042316 Firefox/3.0.10"
86.101.121.246 - - [03/Jun/2009:23:31:17 +0200] "GET /zampa/slike/E3VAMPIR.GIF HTTP/1.1" 200 52553 "http://www.various-euro.com/zampa/" "Mozilla/5.0 (Windows; U; Windows NT 5.1; hu; rv:1.9.0.10) Gecko/2009042316 Firefox/3.0.10"
209.59.214.79 - - [03/Jun/2009:23:32:26 +0200] "GET / HTTP/1.1" 200 7869 "-" "Mozilla/4.0 (compatible; MSIE 6.0; Windows NT 5.0; DigExt)"
86.101.121.246 - - [03/Jun/2009:23:34:08 +0200] "GET /zampa/slike/E4IRWIN.GIF HTTP/1.1" 200 53174 "http://www.various-euro.com/zampa/" "Mozilla/5.0 (Windows; U; Windows NT 5.1; hu; rv:1.9.0.10) Gecko/2009042316 Firefox/3.0.10"
86.101.121.246 - - [03/Jun/2009:23:35:32 +0200] "GET /zampa/slike/E5UROSTO.GIF HTTP/1.1" 200 42690 "http://www.various-euro.com/zampa/" "Mozilla/5.0 (Windows; U; Windows NT 5.1; hu; rv:1.9.0.10) Gecko/2009042316 Firefox/3.0.10"
65.55.106.170 - - [03/Jun/2009:23:35:40 +0200] "GET /zampa/ HTTP/1.1" 200 7153 "-" "msnbot/2.0b (+http://search.msn.com/msnbot.htm)"
86.101.121.246 - - [03/Jun/2009:23:39:06 +0200] "GET /zampa/slike/E6BIENNI.GIF HTTP/1.1" 200 33736 "http://www.various-euro.com/zampa/" "Mozilla/5.0 (Windows; U; Windows NT 5.1; hu; rv:1.9.0.10) Gecko/2009042316 Firefox/3.0.10"
91.56.187.104 - - [03/Jun/2009:23:54:29 +0200] "GET / HTTP/1.1" 200 7869 "-" "Mozilla/5.0 (Windows; U; Windows NT 5.1; de; rv:1.9.0.10) Gecko/2009042316 Firefox/3.0.10"
91.56.187.104 - - [03/Jun/2009:23:54:30 +0200] "GET /style/various-euro.css HTTP/1.1" 200 3437 "http://www.various-euro.com/" "Mozilla/5.0 (Windows; U; Windows NT 5.1; de; rv:1.9.0.10) Gecko/2009042316 Firefox/3.0.10"
91.56.187.104 - - [03/Jun/2009:23:54:30 +0200] "GET /favicon.ico HTTP/1.1" 404 2748 "-" "Mozilla/5.0 (Windows; U; Windows NT 5.1; de; rv:1.9.0.10) Gecko/2009042316 Firefox/3.0.10"
91.56.187.104 - - [03/Jun/2009:23:54:33 +0200] "GET /favicon.ico HTTP/1.1" 404 2748 "-" "Mozilla/5.0 (Windows; U; Windows NT 5.1; de; rv:1.9.0.10) Gecko/2009042316 Firefox/3.0.10"
72.30.79.25 - - [04/Jun/2009:00:20:51 +0200] "GET /bannnerz.html HTTP/1.0" 404 2748 "-" "Mozilla/5.0 (compatible; Yahoo! Slurp/3.0; http://help.yahoo.com/help/us/ysearch/slurp)"
209.85.238.251 - - [04/Jun/2009:00:27:20 +0200] "GET / HTTP/1.1" 302 353 "-" "Feedfetcher-Google; (+http://www.google.com/feedfetcher.html; 1 subscribers; feed-id=5454548576667470243)"
209.85.238.240 - - [04/Jun/2009:00:27:21 +0200] "GET /zampa/ HTTP/1.1" 200 7153 "-" "Feedfetcher-Google; (+http://www.google.com/feedfetcher.html; 1 subscribers; feed-id=5454548576667470243)"
66.235.124.57 - - [04/Jun/2009:00:44:52 +0200] "GET /robots.txt HTTP/1.0" 200 64 "-" "Mozilla/5.0 (compatible; Ask Jeeves/Teoma; +http://about.ask.com/en/docs/about/webmasters.shtml)"
66.235.124.57 - - [04/Jun/2009:00:44:52 +0200] "GET /framez-rez.html HTTP/1.0" 200 4323 "-" "Mozilla/5.0 (compatible; Ask Jeeves/Teoma; +http://about.ask.com/en/docs/about/webmasters.shtml)"
66.235.124.57 - - [04/Jun/2009:00:44:53 +0200] "GET /frame-menu.html HTTP/1.0" 200 10500 "-" "Mozilla/5.0 (compatible; Ask Jeeves/Teoma; +http://about.ask.com/en/docs/about/webmasters.shtml)"
66.235.124.57 - - [04/Jun/2009:00:44:53 +0200] "GET /f-rez.html HTTP/1.0" 200 9765 "-" "Mozilla/5.0 (compatible; Ask Jeeves/Teoma; +http://about.ask.com/en/docs/about/webmasters.shtml)"
66.235.124.57 - - [04/Jun/2009:00:44:53 +0200] "GET /frame-unten.html HTTP/1.0" 200 5308 "-" "Mozilla/5.0 (compatible; Ask Jeeves/Teoma; +http://about.ask.com/en/docs/about/webmasters.shtml)"
83.187.179.56 - - [04/Jun/2009:01:26:29 +0200] "GET / HTTP/1.1" 200 7869 "-" "Mozilla/5.0 (Windows; U; Windows NT 5.1; de; rv:1.9.0.10) Gecko/2009042316 Firefox/3.0.10 (.NET CLR 3.5.30729)"
83.187.179.56 - - [04/Jun/2009:01:26:29 +0200] "GET /style/various-euro.css HTTP/1.1" 200 3437 "http://www.various-euro.com/" "Mozilla/5.0 (Windows; U; Windows NT 5.1; de; rv:1.9.0.10) Gecko/2009042316 Firefox/3.0.10 (.NET CLR 3.5.30729)"
83.187.179.56 - - [04/Jun/2009:01:26:29 +0200] "GET /favicon.ico HTTP/1.1" 404 2748 "-" "Mozilla/5.0 (Windows; U; Windows NT 5.1; de; rv:1.9.0.10) Gecko/2009042316 Firefox/3.0.10 (.NET CLR 3.5.30729)"
83.187.179.56 - - [04/Jun/2009:01:26:29 +0200] "GET /framez_0.html HTTP/1.1" 200 12285 "http://www.various-euro.com/" "Mozilla/5.0 (Windows; U; Windows NT 5.1; de; rv:1.9.0.10) Gecko/2009042316 Firefox/3.0.10 (.NET CLR 3.5.30729)"
83.187.179.56 - - [04/Jun/2009:01:26:31 +0200] "GET /favicon.ico HTTP/1.1" 404 2748 "-" "Mozilla/5.0 (Windows; U; Windows NT 5.1; de; rv:1.9.0.10) Gecko/2009042316 Firefox/3.0.10 (.NET CLR 3.5.30729)"
83.187.179.56 - - [04/Jun/2009:01:26:31 +0200] "GET /favicon.ico HTTP/1.1" 404 2748 "-" "Mozilla/5.0 (Windows; U; Windows NT 5.1; de; rv:1.9.0.10) Gecko/2009042316 Firefox/3.0.10 (.NET CLR 3.5.30729)"
66.249.68.195 - - [04/Jun/2009:01:34:21 +0200] "GET /framez-schubb2.html HTTP/1.1" 200 4314 "-" "Mozilla/5.0 (compatible; Googlebot/2.1; +http://www.google.com/bot.html)"
206.207.80.173 - - [04/Jun/2009:01:51:25 +0200] "GET / HTTP/1.1" 200 7869 "-" "Mozilla/4.0 (compatible; MSIE 6.0; Windows NT 5.0; DigExt)"
65.55.51.115 - - [04/Jun/2009:01:56:12 +0200] "GET /robots.txt HTTP/1.1" 200 64 "-" "msnbot/2.0b (+http://search.msn.com/msnbot.htm)"
65.55.104.165 - - [04/Jun/2009:02:40:15 +0200] "GET /robots.txt HTTP/1.1" 200 64 "-" "msnbot/1.1 (+http://search.msn.com/msnbot.htm)"
65.55.104.165 - - [04/Jun/2009:02:40:16 +0200] "GET / HTTP/1.1" 200 7869 "-" "msnbot/1.1 (+http://search.msn.com/msnbot.htm)"
65.55.106.235 - - [04/Jun/2009:02:57:06 +0200] "GET /robots.txt HTTP/1.1" 200 64 "-" "msnbot/2.0b (+http://search.msn.com/msnbot.htm)"
65.55.106.235 - - [04/Jun/2009:02:59:55 +0200] "GET /zampa/montenegro/dajpare.html HTTP/1.1" 200 2503 "-" "msnbot/2.0b (+http://search.msn.com/msnbot.htm)"
72.30.79.93 - - [04/Jun/2009:03:06:26 +0200] "GET /robots.txt HTTP/1.0" 200 64 "-" "Mozilla/5.0 (compatible; Yahoo! Slurp; http://help.yahoo.com/help/us/ysearch/slurp)"
72.30.79.93 - - [04/Jun/2009:03:06:26 +0200] "GET /framez-rez.html HTTP/1.0" 200 4323 "-" "Mozilla/5.0 (compatible; Yahoo! Slurp/3.0; http://help.yahoo.com/help/us/ysearch/slurp)"
72.30.79.93 - - [04/Jun/2009:03:06:31 +0200] "GET /frame-unten.html HTTP/1.0" 200 5308 "http://www.various-euro.com/framez-rez.html" "Mozilla/5.0 (compatible; Yahoo! Slurp/3.0; http://help.yahoo.com/help/us/ysearch/slurp)"
72.30.79.93 - - [04/Jun/2009:03:06:31 +0200] "GET /f-rez.html HTTP/1.0" 200 9765 "http://www.various-euro.com/framez-rez.html" "Mozilla/5.0 (compatible; Yahoo! Slurp/3.0; http://help.yahoo.com/help/us/ysearch/slurp)"
72.30.79.93 - - [04/Jun/2009:03:06:31 +0200] "GET /frame-menu.html HTTP/1.0" 200 10500 "http://www.various-euro.com/framez-rez.html" "Mozilla/5.0 (compatible; Yahoo! Slurp/3.0; http://help.yahoo.com/help/us/ysearch/slurp)"
72.30.79.93 - - [04/Jun/2009:03:06:33 +0200] "GET /style/various-euro.css HTTP/1.0" 200 3437 "http://www.various-euro.com/frame-menu.html" "Mozilla/5.0 (compatible; Yahoo! Slurp/3.0; http://help.yahoo.com/help/us/ysearch/slurp)"
72.30.79.93 - - [04/Jun/2009:03:16:30 +0200] "GET /robots.txt HTTP/1.0" 200 64 "-" "Mozilla/5.0 (compatible; Yahoo! Slurp; http://help.yahoo.com/help/us/ysearch/slurp)"
72.30.79.93 - - [04/Jun/2009:03:16:30 +0200] "GET /3dsf3/sendi/utopia.html HTTP/1.0" 200 1295 "-" "Mozilla/5.0 (compatible; Yahoo! Slurp/3.0; http://help.yahoo.com/help/us/ysearch/slurp)"
72.30.79.93 - - [04/Jun/2009:03:16:34 +0200] "GET /3dsf3/sendi/formate.css HTTP/1.0" 200 474 "http://www.various-euro.com/3dsf3/sendi/utopia.html" "Mozilla/5.0 (compatible; Yahoo! Slurp/3.0; http://help.yahoo.com/help/us/ysearch/slurp)"
216.129.119.49 - - [04/Jun/2009:03:19:35 +0200] "GET / HTTP/1.0" 200 7869 "-" "Mozilla/5.0 (Twiceler-0.9 http://www.cuil.com/twiceler/robot.html)"
38.99.44.105 - - [04/Jun/2009:03:21:35 +0200] "GET /zampa/ HTTP/1.0" 200 7153 "-" "Mozilla/5.0 (Twiceler-0.9 http://www.cuil.com/twiceler/robot.html)"
38.99.44.105 - - [04/Jun/2009:03:26:00 +0200] "GET /framez.html HTTP/1.0" 200 3959 "-" "Mozilla/5.0 (Twiceler-0.9 http://www.cuil.com/twiceler/robot.html)"
209.85.238.251 - - [04/Jun/2009:03:27:30 +0200] "GET / HTTP/1.1" 302 353 "-" "Feedfetcher-Google; (+http://www.google.com/feedfetcher.html; 1 subscribers; feed-id=5454548576667470243)"
209.85.238.240 - - [04/Jun/2009:03:27:31 +0200] "GET /zampa/ HTTP/1.1" 200 7153 "-" "Feedfetcher-Google; (+http://www.google.com/feedfetcher.html; 1 subscribers; feed-id=5454548576667470243)"
65.55.106.109 - - [04/Jun/2009:03:30:18 +0200] "GET / HTTP/1.1" 200 7869 "-" "msnbot/2.0b (+http://search.msn.com/msnbot.htm)"
65.55.106.218 - - [04/Jun/2009:03:51:39 +0200] "GET /zampa/montenegro/MILOW.html HTTP/1.1" 200 860 "-" "msnbot/2.0b (+http://search.msn.com/msnbot.htm)"
72.30.79.93 - - [04/Jun/2009:04:23:09 +0200] "GET /bmpp/euro_pal_1.html HTTP/1.0" 200 18252 "-" "Mozilla/5.0 (compatible; Yahoo! Slurp/3.0; http://help.yahoo.com/help/us/ysearch/slurp)"
216.145.11.94 - - [04/Jun/2009:04:31:04 +0200] "GET /robots.txt HTTP/1.0" 200 64 "http://www.whois.sc/" "SurveyBot/2.3 (Whois Source)"
216.145.11.94 - - [04/Jun/2009:04:31:04 +0200] "GET / HTTP/1.1" 206 7869 "http://whois.domaintools.com/various-euro.com" "SurveyBot/2.3 (Whois Source)"
65.55.230.243 - - [04/Jun/2009:05:00:22 +0200] "GET /robots.txt HTTP/1.1" 200 64 "-" "msnbot-media/1.1 (+http://search.msn.com/msnbot.htm)"
65.55.230.243 - - [04/Jun/2009:05:00:22 +0200] "GET /framez.html HTTP/1.1" 200 3959 "-" "msnbot-media/1.1 (+http://search.msn.com/msnbot.htm)"
38.99.13.116 - - [04/Jun/2009:05:13:03 +0200] "GET /robots.txt HTTP/1.0" 302 363 "-" "Mozilla/5.0 (Twiceler-0.9 http://www.cuil.com/twiceler/robot.html)"
65.55.211.161 - - [04/Jun/2009:05:21:53 +0200] "GET /robots.txt HTTP/1.1" 200 64 "-" "msnbot/1.1 (+http://search.msn.com/msnbot.htm)"
65.55.211.161 - - [04/Jun/2009:05:21:53 +0200] "GET /bannnerz.html HTTP/1.1" 404 2748 "-" "msnbot/1.1 (+http://search.msn.com/msnbot.htm)"
65.55.211.162 - - [04/Jun/2009:05:29:12 +0200] "GET /robots.txt HTTP/1.1" 200 64 "-" "msnbot/1.1 (+http://search.msn.com/msnbot.htm)"
65.55.211.162 - - [04/Jun/2009:05:29:13 +0200] "GET /zampa-lovers/ HTTP/1.1" 200 37790 "-" "msnbot/1.1 (+http://search.msn.com/msnbot.htm)"
66.249.68.78 - - [04/Jun/2009:05:31:08 +0200] "GET /robots.txt HTTP/1.1" 302 363 "-" "Mozilla/5.0 (compatible; Googlebot/2.1; +http://www.google.com/bot.html)"
66.249.68.207 - - [04/Jun/2009:05:31:09 +0200] "GET /zampa/robots.txt HTTP/1.1" 404 2748 "-" "Mozilla/5.0 (compatible; Googlebot/2.1; +http://www.google.com/bot.html)"
66.249.68.78 - - [04/Jun/2009:05:31:09 +0200] "GET / HTTP/1.1" 302 353 "-" "Mozilla/5.0 (compatible; Googlebot/2.1; +http://www.google.com/bot.html)"
66.249.68.207 - - [04/Jun/2009:05:31:09 +0200] "GET /robots.txt HTTP/1.1" 200 64 "-" "Mozilla/5.0 (compatible; Googlebot/2.1; +http://www.google.com/bot.html)"
66.249.68.207 - - [04/Jun/2009:05:31:10 +0200] "GET /zampa/ HTTP/1.1" 200 7153 "-" "Mozilla/5.0 (compatible; Googlebot/2.1; +http://www.google.com/bot.html)"
123.125.64.38 - - [04/Jun/2009:06:15:22 +0200] "GET / HTTP/1.1" 200 7869 "-" "Baiduspider+(+http://www.baidu.com/search/spider.htm)"
216.129.119.49 - - [04/Jun/2009:06:16:50 +0200] "GET /robots.txt HTTP/1.0" 200 64 "-" "Mozilla/5.0 (Twiceler-0.9 http://www.cuil.com/twiceler/robot.html)"
72.30.79.93 - - [04/Jun/2009:06:26:46 +0200] "GET /f-other.html HTTP/1.0" 200 19851 "-" "Mozilla/5.0 (compatible; Yahoo! Slurp/3.0; http://help.yahoo.com/help/us/ysearch/slurp)"
209.85.238.251 - - [04/Jun/2009:06:27:38 +0200] "GET / HTTP/1.1" 302 353 "-" "Feedfetcher-Google; (+http://www.google.com/feedfetcher.html; 1 subscribers; feed-id=5454548576667470243)"
209.85.238.240 - - [04/Jun/2009:06:27:39 +0200] "GET /zampa/ HTTP/1.1" 200 7153 "-" "Feedfetcher-Google; (+http://www.google.com/feedfetcher.html; 1 subscribers; feed-id=5454548576667470243)"
72.30.79.93 - - [04/Jun/2009:07:12:09 +0200] "GET /warez.html HTTP/1.0" 200 9754 "-" "Mozilla/5.0 (compatible; Yahoo! Slurp/3.0; http://help.yahoo.com/help/us/ysearch/slurp)"
38.99.44.105 - - [04/Jun/2009:07:18:34 +0200] "GET /robots.txt HTTP/1.0" 200 64 "-" "Mozilla/5.0 (Twiceler-0.9 http://www.cuil.com/twiceler/robot.html)"
65.55.106.216 - - [04/Jun/2009:07:27:20 +0200] "GET /f-contact.html HTTP/1.1" 200 6804 "-" "msnbot/2.0b (+http://search.msn.com/msnbot.htm)"
216.129.119.49 - - [04/Jun/2009:07:36:39 +0200] "GET /framez.html HTTP/1.0" 200 3959 "-" "Mozilla/5.0 (Twiceler-0.9 http://www.cuil.com/twiceler/robot.html)"
72.30.79.93 - - [04/Jun/2009:08:10:14 +0200] "GET /frame-inhalt.html HTTP/1.0" 200 7688 "-" "Mozilla/5.0 (compatible; Yahoo! Slurp/3.0; http://help.yahoo.com/help/us/ysearch/slurp)"
72.30.79.93 - - [04/Jun/2009:08:10:14 +0200] "GET /style/various-euro.css HTTP/1.0" 304 - "http://www.various-euro.com/frame-inhalt.html" "Mozilla/5.0 (compatible; Yahoo! Slurp/3.0; http://help.yahoo.com/help/us/ysearch/slurp)"
38.99.44.105 - - [04/Jun/2009:08:36:38 +0200] "GET /frame-inhalt.html HTTP/1.0" 200 7688 "-" "Mozilla/5.0 (Twiceler-0.9 http://www.cuil.com/twiceler/robot.html)"
88.131.106.12 - - [04/Jun/2009:08:51:46 +0200] "GET /robots.txt HTTP/1.0" 200 64 "-" "Speedy Spider (http://www.entireweb.com/about/search_tech/speedy_spider/)"
88.131.106.12 - - [04/Jun/2009:08:51:46 +0200] "GET / HTTP/1.0" 200 7869 "-" "Speedy Spider (http://www.entireweb.com/about/search_tech/speedy_spider/)"
209.85.238.251 - - [04/Jun/2009:09:27:48 +0200] "GET / HTTP/1.1" 302 353 "-" "Feedfetcher-Google; (+http://www.google.com/feedfetcher.html; 1 subscribers; feed-id=5454548576667470243)"
209.85.238.240 - - [04/Jun/2009:09:27:49 +0200] "GET /zampa/ HTTP/1.1" 200 7153 "-" "Feedfetcher-Google; (+http://www.google.com/feedfetcher.html; 1 subscribers; feed-id=5454548576667470243)"
65.55.106.241 - - [04/Jun/2009:09:35:39 +0200] "GET /neon/channel.html HTTP/1.1" 200 1942 "-" "msnbot/2.0b (+http://search.msn.com/msnbot.htm)"
72.30.79.93 - - [04/Jun/2009:10:14:57 +0200] "GET /zampa-lovers/index.html HTTP/1.0" 200 37790 "-" "Mozilla/5.0 (compatible; Yahoo! Slurp/3.0; http://help.yahoo.com/help/us/ysearch/slurp)"
72.30.79.93 - - [04/Jun/2009:10:14:57 +0200] "GET /zampa-lovers/index.html HTTP/1.0" 200 37790 "-" "Mozilla/5.0 (compatible; Yahoo! Slurp/3.0; http://help.yahoo.com/help/us/ysearch/slurp)"
65.55.211.175 - - [04/Jun/2009:10:19:24 +0200] "GET /robots.txt HTTP/1.1" 200 64 "-" "msnbot/1.1 (+http://search.msn.com/msnbot.htm)"
65.55.211.175 - - [04/Jun/2009:10:19:25 +0200] "GET /bmpp/euro_pal_111.html HTTP/1.1" 200 2129 "-" "msnbot/1.1 (+http://search.msn.com/msnbot.htm)"
119.63.193.43 - - [04/Jun/2009:10:36:36 +0200] "GET / HTTP/1.1" 200 7869 "-" "Baiduspider+(+http://www.baidu.jp/spider/)"
