89.122.224.52 - - [01/Jun/2009:00:19:25 +0200] "GET / HTTP/1.1" 200 7869 "-" "Java/1.6.0_04"
89.122.224.52 - - [01/Jun/2009:00:19:26 +0200] "GET /framez.html HTTP/1.1" 200 3959 "-" "Java/1.6.0_04"
89.122.224.52 - - [01/Jun/2009:00:19:26 +0200] "GET /framez_0.html HTTP/1.1" 200 12285 "-" "Java/1.6.0_04"
89.122.224.52 - - [01/Jun/2009:00:19:26 +0200] "GET /frame-inhalt.html HTTP/1.1" 200 7688 "-" "Java/1.6.0_04"
89.122.224.52 - - [01/Jun/2009:00:19:27 +0200] "GET /frame-menu.html HTTP/1.1" 200 10500 "-" "Java/1.6.0_04"
89.122.224.52 - - [01/Jun/2009:00:19:28 +0200] "GET /frame-unten.html HTTP/1.1" 200 5308 "-" "Java/1.6.0_04"
89.122.224.52 - - [01/Jun/2009:00:19:28 +0200] "GET /f-maintitle.html HTTP/1.1" 200 5030 "-" "Java/1.6.0_04"
89.122.224.52 - - [01/Jun/2009:00:19:29 +0200] "GET /partnergegenberlin.html HTTP/1.1" 200 5022 "-" "Java/1.6.0_04"
89.122.224.52 - - [01/Jun/2009:00:19:29 +0200] "GET /f-actions.html HTTP/1.1" 200 11686 "-" "Java/1.6.0_04"
89.122.224.52 - - [01/Jun/2009:00:19:29 +0200] "GET /f-bannnerz.html HTTP/1.1" 200 12651 "-" "Java/1.6.0_04"
89.122.224.52 - - [01/Jun/2009:00:19:30 +0200] "GET /f-channel1.html HTTP/1.1" 200 9329 "-" "Java/1.6.0_04"
89.122.224.52 - - [01/Jun/2009:00:19:30 +0200] "GET /f-contact.html HTTP/1.1" 200 6804 "-" "Java/1.6.0_04"
89.122.224.52 - - [01/Jun/2009:00:19:30 +0200] "GET /f-doku-brau.html HTTP/1.1" 200 7152 "-" "Java/1.6.0_04"
89.122.224.52 - - [01/Jun/2009:00:19:30 +0200] "GET /f-euro.html HTTP/1.1" 200 12203 "-" "Java/1.6.0_04"
89.122.224.52 - - [01/Jun/2009:00:19:30 +0200] "GET /f-horrorkatze.html HTTP/1.1" 200 7865 "-" "Java/1.6.0_04"
89.122.224.52 - - [01/Jun/2009:00:19:30 +0200] "GET /f-net.html HTTP/1.1" 200 9913 "-" "Java/1.6.0_04"
89.122.224.52 - - [01/Jun/2009:00:19:31 +0200] "GET /f-other.html HTTP/1.1" 200 19851 "-" "Java/1.6.0_04"
89.122.224.52 - - [01/Jun/2009:00:19:31 +0200] "GET /f-rez.html HTTP/1.1" 200 9765 "-" "Java/1.6.0_04"
89.122.224.52 - - [01/Jun/2009:00:19:32 +0200] "GET /f-search.html HTTP/1.1" 200 11800 "-" "Java/1.6.0_04"
89.122.224.52 - - [01/Jun/2009:00:19:33 +0200] "GET /f-sponsor.html HTTP/1.1" 200 8578 "-" "Java/1.6.0_04"
89.122.224.52 - - [01/Jun/2009:00:19:34 +0200] "GET /f-warez.html HTTP/1.1" 200 10953 "-" "Java/1.6.0_04"
89.122.224.52 - - [01/Jun/2009:00:19:35 +0200] "GET /f-web.html HTTP/1.1" 200 13605 "-" "Java/1.6.0_04"
89.122.224.52 - - [01/Jun/2009:00:19:35 +0200] "GET /f-world.html HTTP/1.1" 200 35590 "-" "Java/1.6.0_04"
89.122.224.52 - - [01/Jun/2009:00:19:36 +0200] "GET /f-zeug.html HTTP/1.1" 200 59462 "-" "Java/1.6.0_04"
89.122.224.52 - - [01/Jun/2009:00:19:38 +0200] "GET /restate_copy.html HTTP/1.1" 200 97631 "-" "Java/1.6.0_04"
89.122.224.52 - - [01/Jun/2009:00:19:42 +0200] "GET /sendi_agent.html HTTP/1.1" 200 8791 "-" "Java/1.6.0_04"
89.122.224.52 - - [01/Jun/2009:00:19:42 +0200] "GET /snapshots.html HTTP/1.1" 200 4259 "-" "Java/1.6.0_04"
89.122.224.52 - - [01/Jun/2009:00:19:42 +0200] "GET /your_tour.html HTTP/1.1" 200 31666 "-" "Java/1.6.0_04"
89.122.224.52 - - [01/Jun/2009:00:19:45 +0200] "GET /framez-pgb.html HTTP/1.1" 200 4336 "-" "Java/1.6.0_04"
89.122.224.52 - - [01/Jun/2009:00:19:45 +0200] "GET /framez-actions.html HTTP/1.1" 200 4322 "-" "Java/1.6.0_04"
89.122.224.52 - - [01/Jun/2009:00:19:46 +0200] "GET /framez-contact.html HTTP/1.1" 200 4325 "-" "Java/1.6.0_04"
89.122.224.52 - - [01/Jun/2009:00:19:46 +0200] "GET /framez-dbrau.html HTTP/1.1" 200 4313 "-" "Java/1.6.0_04"
89.122.224.52 - - [01/Jun/2009:00:19:46 +0200] "GET /framez-euro.html HTTP/1.1" 200 4319 "-" "Java/1.6.0_04"
89.122.224.52 - - [01/Jun/2009:00:19:46 +0200] "GET /framez-net.html HTTP/1.1" 200 4319 "-" "Java/1.6.0_04"
89.122.224.52 - - [01/Jun/2009:00:19:46 +0200] "GET /'+veURL+advisories[i].name+' HTTP/1.1" 404 2748 "-" "Java/1.6.0_04"
89.122.224.52 - - [01/Jun/2009:00:19:47 +0200] "GET /.htm HTTP/1.1" 403 1223 "-" "Java/1.6.0_04"
89.122.224.52 - - [01/Jun/2009:00:19:48 +0200] "GET /framez-rez.html HTTP/1.1" 200 4323 "-" "Java/1.6.0_04"
89.122.224.52 - - [01/Jun/2009:00:19:48 +0200] "GET /framez-search.html HTTP/1.1" 200 4326 "-" "Java/1.6.0_04"
65.55.106.169 - - [01/Jun/2009:00:29:40 +0200] "GET /robots.txt HTTP/1.1" 200 64 "-" "msnbot/2.0b (+http://search.msn.com/msnbot.htm)"
66.249.68.195 - - [01/Jun/2009:00:38:34 +0200] "GET /framez-pal111.html HTTP/1.1" 200 4328 "-" "Mozilla/5.0 (compatible; Googlebot/2.1; +http://www.google.com/bot.html)"
81.52.143.30 - - [01/Jun/2009:00:54:31 +0200] "GET /f-maintitle.html HTTP/1.1" 200 5030 "-" "Mozilla/5.0 (Windows; U; Windows NT 5.1; fr; rv:1.8.1) VoilaBot BETA 1.2 (support.voilabot@orange-ftgroup.com)"
65.55.106.182 - - [01/Jun/2009:01:07:43 +0200] "GET /zampa/montenegro/index.html HTTP/1.1" 200 2651 "-" "msnbot/2.0b (+http://search.msn.com/msnbot.htm)"
74.6.18.254 - - [01/Jun/2009:01:23:50 +0200] "GET /f-web.html HTTP/1.0" 200 13605 "-" "Mozilla/5.0 (compatible; Yahoo! Slurp/3.0; http://help.yahoo.com/help/us/ysearch/slurp)"
66.249.68.195 - - [01/Jun/2009:01:26:49 +0200] "GET /3dsf3/sendi/sacrifice.html HTTP/1.1" 200 1309 "-" "Mozilla/5.0 (compatible; Googlebot/2.1; +http://www.google.com/bot.html)"
81.52.143.29 - - [01/Jun/2009:01:42:44 +0200] "GET /f-warez.html HTTP/1.1" 200 10953 "-" "Mozilla/5.0 (Windows; U; Windows NT 5.1; fr; rv:1.8.1) VoilaBot BETA 1.2 (support.voilabot@orange-ftgroup.com)"
65.55.106.187 - - [01/Jun/2009:02:02:45 +0200] "GET /zampa/montenegro/dajpare.html HTTP/1.1" 200 2503 "-" "msnbot/2.0b (+http://search.msn.com/msnbot.htm)"
193.252.149.13 - - [01/Jun/2009:02:09:01 +0200] "GET /robots.txt HTTP/1.1" 200 64 "-" "Mozilla/5.0 (Windows; U; Windows NT 5.1; fr; rv:1.8.1) VoilaBot BETA 1.2 (support.voilabot@orange-ftgroup.com)"
193.252.149.13 - - [01/Jun/2009:02:09:07 +0200] "GET /neon/code.html HTTP/1.1" 200 1109 "-" "Mozilla/5.0 (Windows; U; Windows NT 5.1; fr; rv:1.8.1) VoilaBot BETA 1.2 (support.voilabot@orange-ftgroup.com)"
193.252.149.15 - - [01/Jun/2009:02:13:28 +0200] "GET /robots.txt HTTP/1.1" 200 64 "-" "Mozilla/5.0 (Windows; U; Windows NT 5.1; fr; rv:1.8.1) VoilaBot BETA 1.2 (support.voilabot@orange-ftgroup.com)"
193.252.149.15 - - [01/Jun/2009:02:13:38 +0200] "GET / HTTP/1.1" 200 7869 "-" "Mozilla/5.0 (Windows; U; Windows NT 5.1; fr; rv:1.8.1) VoilaBot BETA 1.2 (support.voilabot@orange-ftgroup.com)"
210.149.120.127 - - [01/Jun/2009:02:21:47 +0200] "GET /neon/girl-tv.html HTTP/1.1" 200 1717 "http://search.msn.com/results.aspx?q=euro+girl&first=21&FORM=PORE" "Mozilla/4.0 (compatible; MSIE 7.0; Windows NT 5.1)"
210.149.120.127 - - [01/Jun/2009:02:21:48 +0200] "GET /neon/dollar-shadow.jpg HTTP/1.1" 200 3045 "http://www.various-euro.com/neon/girl-tv.html" "Mozilla/4.0 (compatible; MSIE 7.0; Windows NT 5.1)"
210.149.120.127 - - [01/Jun/2009:02:21:48 +0200] "GET /neon/girl-tv.gif HTTP/1.1" 200 15982 "http://www.various-euro.com/neon/girl-tv.html" "Mozilla/4.0 (compatible; MSIE 7.0; Windows NT 5.1)"
210.149.120.127 - - [01/Jun/2009:02:21:49 +0200] "GET /favicon.ico HTTP/1.1" 404 2748 "-" "Mozilla/4.0 (compatible; MSIE 7.0; Windows NT 5.1)"
210.149.120.127 - - [01/Jun/2009:02:21:51 +0200] "GET /neon/girlz2.html HTTP/1.1" 200 2937 "http://www.various-euro.com/neon/girl-tv.html" "Mozilla/4.0 (compatible; MSIE 7.0; Windows NT 5.1)"
210.149.120.127 - - [01/Jun/2009:02:21:51 +0200] "GET /vgirls/wm_02.gif HTTP/1.1" 200 36891 "http://www.various-euro.com/neon/girlz2.html" "Mozilla/4.0 (compatible; MSIE 7.0; Windows NT 5.1)"
210.149.120.127 - - [01/Jun/2009:02:21:52 +0200] "GET /vgirls/button10.gif HTTP/1.1" 200 15687 "http://www.various-euro.com/neon/girlz2.html" "Mozilla/4.0 (compatible; MSIE 7.0; Windows NT 5.1)"
210.149.120.127 - - [01/Jun/2009:02:21:53 +0200] "GET /vgirls/button1.gif HTTP/1.1" 200 9099 "http://www.various-euro.com/neon/girlz2.html" "Mozilla/4.0 (compatible; MSIE 7.0; Windows NT 5.1)"
210.149.120.127 - - [01/Jun/2009:02:21:53 +0200] "GET /vgirls/virtua4.gif HTTP/1.1" 200 12643 "http://www.various-euro.com/neon/girlz2.html" "Mozilla/4.0 (compatible; MSIE 7.0; Windows NT 5.1)"
210.149.120.127 - - [01/Jun/2009:02:21:53 +0200] "GET /vgirls/dora_01.gif HTTP/1.1" 200 15465 "http://www.various-euro.com/neon/girlz2.html" "Mozilla/4.0 (compatible; MSIE 7.0; Windows NT 5.1)"
210.149.120.127 - - [01/Jun/2009:02:21:53 +0200] "GET /vgirls/button3.gif HTTP/1.1" 200 9634 "http://www.various-euro.com/neon/girlz2.html" "Mozilla/4.0 (compatible; MSIE 7.0; Windows NT 5.1)"
210.149.120.127 - - [01/Jun/2009:02:21:53 +0200] "GET /vgirls/shaina_big.gif HTTP/1.1" 200 16169 "http://www.various-euro.com/neon/girlz2.html" "Mozilla/4.0 (compatible; MSIE 7.0; Windows NT 5.1)"
210.149.120.127 - - [01/Jun/2009:02:21:54 +0200] "GET /framez-girlz.html HTTP/1.1" 200 4271 "-" "Mozilla/4.0 (compatible; MSIE 7.0; Windows NT 5.1)"
210.149.120.127 - - [01/Jun/2009:02:21:54 +0200] "GET /neon/girlz2.html HTTP/1.1" 200 2937 "http://www.various-euro.com/framez-girlz.html" "Mozilla/4.0 (compatible; MSIE 7.0; Windows NT 5.1)"
210.149.120.127 - - [01/Jun/2009:02:21:54 +0200] "GET /frame-menu.html HTTP/1.1" 200 10500 "http://www.various-euro.com/framez-girlz.html" "Mozilla/4.0 (compatible; MSIE 7.0; Windows NT 5.1)"
210.149.120.127 - - [01/Jun/2009:02:21:55 +0200] "GET /frame-unten.html HTTP/1.1" 200 5308 "http://www.various-euro.com/framez-girlz.html" "Mozilla/4.0 (compatible; MSIE 7.0; Windows NT 5.1)"
210.149.120.127 - - [01/Jun/2009:02:21:55 +0200] "GET /style/various-euro.css HTTP/1.1" 200 3437 "http://www.various-euro.com/frame-menu.html" "Mozilla/4.0 (compatible; MSIE 7.0; Windows NT 5.1)"
210.149.120.127 - - [01/Jun/2009:02:21:55 +0200] "GET /bannerz/ve.jpg HTTP/1.1" 200 36912 "http://www.various-euro.com/frame-unten.html" "Mozilla/4.0 (compatible; MSIE 7.0; Windows NT 5.1)"
210.149.120.127 - - [01/Jun/2009:02:21:55 +0200] "GET /bannerz/various-euro-girl.jpg HTTP/1.1" 200 91514 "http://www.various-euro.com/frame-unten.html" "Mozilla/4.0 (compatible; MSIE 7.0; Windows NT 5.1)"
210.149.120.127 - - [01/Jun/2009:02:21:56 +0200] "GET /ve-icon-2.ico HTTP/1.1" 200 2238 "-" "Mozilla/4.0 (compatible; MSIE 7.0; Windows NT 5.1)"
210.149.120.127 - - [01/Jun/2009:02:21:58 +0200] "GET /framez-girlz.html HTTP/1.1" 200 4271 "-" "Mozilla/4.0 (compatible; MSIE 7.0; Windows NT 5.1)"
210.149.120.127 - - [01/Jun/2009:02:21:58 +0200] "GET /frame-menu.html HTTP/1.1" 200 10500 "http://www.various-euro.com/framez-girlz.html" "Mozilla/4.0 (compatible; MSIE 7.0; Windows NT 5.1)"
210.149.120.127 - - [01/Jun/2009:02:21:59 +0200] "GET /framez-girlz.html HTTP/1.1" 200 4271 "-" "Mozilla/4.0 (compatible; MSIE 7.0; Windows NT 5.1)"
77.46.190.105 - - [01/Jun/2009:02:41:34 +0200] "GET / HTTP/1.1" 302 353 "http://www.google.com/search?q=zampa+di+leone&ie=utf-8&oe=utf-8&aq=t&rls=org.mozilla:en-US:official&client=firefox-a" "Mozilla/5.0 (Windows; U; Windows NT 5.1; en-US; rv:1.9.0.10) Gecko/2009042316 Firefox/3.0.10 (.NET CLR 3.5.30729)"
77.46.190.105 - - [01/Jun/2009:02:41:35 +0200] "GET /zampa/ HTTP/1.1" 200 7153 "http://www.google.com/search?q=zampa+di+leone&ie=utf-8&oe=utf-8&aq=t&rls=org.mozilla:en-US:official&client=firefox-a" "Mozilla/5.0 (Windows; U; Windows NT 5.1; en-US; rv:1.9.0.10) Gecko/2009042316 Firefox/3.0.10 (.NET CLR 3.5.30729)"
77.46.190.105 - - [01/Jun/2009:02:41:41 +0200] "GET / HTTP/1.1" 302 353 "http://www.google.com/search?q=zampa+di+leone&ie=utf-8&oe=utf-8&aq=t&rls=org.mozilla:en-US:official&client=firefox-a" "Mozilla/5.0 (Windows; U; Windows NT 5.1; en-US; rv:1.9.0.10) Gecko/2009042316 Firefox/3.0.10 (.NET CLR 3.5.30729)"
77.46.190.105 - - [01/Jun/2009:02:41:41 +0200] "GET /zampa/ HTTP/1.1" 200 7153 "http://www.google.com/search?q=zampa+di+leone&ie=utf-8&oe=utf-8&aq=t&rls=org.mozilla:en-US:official&client=firefox-a" "Mozilla/5.0 (Windows; U; Windows NT 5.1; en-US; rv:1.9.0.10) Gecko/2009042316 Firefox/3.0.10 (.NET CLR 3.5.30729)"
77.46.190.105 - - [01/Jun/2009:02:41:42 +0200] "GET /zampa/slike/zampa.gif HTTP/1.1" 200 5310 "http://www.various-euro.com/zampa/" "Mozilla/5.0 (Windows; U; Windows NT 5.1; en-US; rv:1.9.0.10) Gecko/2009042316 Firefox/3.0.10 (.NET CLR 3.5.30729)"
77.46.190.105 - - [01/Jun/2009:02:41:42 +0200] "GET /zampa/slike/udupetu.gif HTTP/1.1" 200 4138 "http://www.various-euro.com/zampa/" "Mozilla/5.0 (Windows; U; Windows NT 5.1; en-US; rv:1.9.0.10) Gecko/2009042316 Firefox/3.0.10 (.NET CLR 3.5.30729)"
77.46.190.105 - - [01/Jun/2009:02:41:42 +0200] "GET /zampa/slike/inthearse.gif HTTP/1.1" 200 4077 "http://www.various-euro.com/zampa/" "Mozilla/5.0 (Windows; U; Windows NT 5.1; en-US; rv:1.9.0.10) Gecko/2009042316 Firefox/3.0.10 (.NET CLR 3.5.30729)"
77.46.190.105 - - [01/Jun/2009:02:41:42 +0200] "GET /favicon.ico HTTP/1.1" 404 2748 "-" "Mozilla/5.0 (Windows; U; Windows NT 5.1; en-US; rv:1.9.0.10) Gecko/2009042316 Firefox/3.0.10 (.NET CLR 3.5.30729)"
77.46.190.105 - - [01/Jun/2009:02:41:45 +0200] "GET /favicon.ico HTTP/1.1" 404 2748 "-" "Mozilla/5.0 (Windows; U; Windows NT 5.1; en-US; rv:1.9.0.10) Gecko/2009042316 Firefox/3.0.10 (.NET CLR 3.5.30729)"
77.46.190.105 - - [01/Jun/2009:02:41:49 +0200] "GET / HTTP/1.1" 302 353 "http://www.google.com/search?q=zampa+di+leone&ie=utf-8&oe=utf-8&aq=t&rls=org.mozilla:en-US:official&client=firefox-a" "Mozilla/5.0 (Windows; U; Windows NT 5.1; en-US; rv:1.9.0.10) Gecko/2009042316 Firefox/3.0.10 (.NET CLR 3.5.30729)"
77.46.190.105 - - [01/Jun/2009:02:41:50 +0200] "GET /zampa/ HTTP/1.1" 200 7153 "http://www.google.com/search?q=zampa+di+leone&ie=utf-8&oe=utf-8&aq=t&rls=org.mozilla:en-US:official&client=firefox-a" "Mozilla/5.0 (Windows; U; Windows NT 5.1; en-US; rv:1.9.0.10) Gecko/2009042316 Firefox/3.0.10 (.NET CLR 3.5.30729)"
77.46.190.105 - - [01/Jun/2009:02:42:45 +0200] "GET / HTTP/1.1" 302 353 "http://www.google.com/search?q=zampa+di+leone&ie=utf-8&oe=utf-8&aq=t&rls=org.mozilla:en-US:official&client=firefox-a" "Mozilla/5.0 (Windows; U; Windows NT 5.1; en-US; rv:1.9.0.10) Gecko/2009042316 Firefox/3.0.10 (.NET CLR 3.5.30729)"
77.46.190.105 - - [01/Jun/2009:02:42:45 +0200] "GET /zampa/ HTTP/1.1" 200 7153 "http://www.google.com/search?q=zampa+di+leone&ie=utf-8&oe=utf-8&aq=t&rls=org.mozilla:en-US:official&client=firefox-a" "Mozilla/5.0 (Windows; U; Windows NT 5.1; en-US; rv:1.9.0.10) Gecko/2009042316 Firefox/3.0.10 (.NET CLR 3.5.30729)"
74.86.223.42 - - [01/Jun/2009:02:49:33 +0200] "GET / HTTP/1.1" 206 7869 "http://www.followsite.com/bot.html" "FollowSite Bot ( http://www.followsite.com/bot.html )"
209.85.238.131 - - [01/Jun/2009:02:58:48 +0200] "GET / HTTP/1.1" 302 353 "-" "Feedfetcher-Google; (+http://www.google.com/feedfetcher.html; 1 subscribers; feed-id=5454548576667470243)"
209.85.238.202 - - [01/Jun/2009:02:58:49 +0200] "GET /zampa/ HTTP/1.1" 200 7153 "-" "Feedfetcher-Google; (+http://www.google.com/feedfetcher.html; 1 subscribers; feed-id=5454548576667470243)"
66.249.68.195 - - [01/Jun/2009:03:03:29 +0200] "GET /bmpp/flyer_cut3x.html HTTP/1.1" 200 15300 "-" "Mozilla/5.0 (compatible; Googlebot/2.1; +http://www.google.com/bot.html)"
66.235.124.7 - - [01/Jun/2009:03:19:52 +0200] "GET /robots.txt HTTP/1.1" 200 64 "-" "Mozilla/5.0 (compatible; Ask Jeeves/Teoma; +http://about.ask.com/en/docs/about/webmasters.shtml)"
66.235.124.7 - - [01/Jun/2009:03:20:07 +0200] "GET / HTTP/1.1" 200 7869 "-" "Mozilla/5.0 (compatible; Ask Jeeves/Teoma; +http://about.ask.com/en/docs/about/webmasters.shtml)"
66.235.124.61 - - [01/Jun/2009:03:20:26 +0200] "GET /framez_0.html HTTP/1.1" 200 12285 "-" "Mozilla/5.0 (compatible; Ask Jeeves/Teoma; +http://about.ask.com/en/docs/about/webmasters.shtml)"
82.141.43.165 - - [01/Jun/2009:03:47:16 +0200] "GET /restate_copy.html HTTP/1.1" 200 97631 "-" "Python-urllib/2.5"
64.79.207.11 - - [01/Jun/2009:03:52:04 +0200] "GET / HTTP/1.1" 200 7869 "-" "Mozilla/4.0 (compatible; MSIE 6.0; Windows NT 5.0; DigExt)"
65.55.106.136 - - [01/Jun/2009:04:07:40 +0200] "GET /robots.txt HTTP/1.1" 302 363 "-" "msnbot/2.0b (+http://search.msn.com/msnbot.htm)"
65.55.106.136 - - [01/Jun/2009:04:07:41 +0200] "GET /zampa/robots.txt HTTP/1.1" 404 2748 "-" "msnbot/2.0b (+http://search.msn.com/msnbot.htm)"
65.55.106.136 - - [01/Jun/2009:04:08:40 +0200] "GET / HTTP/1.1" 302 353 "-" "msnbot/2.0b (+http://search.msn.com/msnbot.htm)"
65.55.106.136 - - [01/Jun/2009:04:16:20 +0200] "GET /robots.txt HTTP/1.1" 200 64 "-" "msnbot/2.0b (+http://search.msn.com/msnbot.htm)"
220.181.61.234 - - [01/Jun/2009:04:17:00 +0200] "GET / HTTP/1.1" 200 7869 "-" "Sogou web spider/4.0(+http://www.sogou.com/docs/help/webmasters.htm#07)"
220.181.61.234 - - [01/Jun/2009:04:17:07 +0200] "GET /framez_0.html HTTP/1.1" 200 12285 "-" "Sogou web spider/4.0(+http://www.sogou.com/docs/help/webmasters.htm#07)"
65.55.106.136 - - [01/Jun/2009:04:17:08 +0200] "GET /zampa/ HTTP/1.1" 200 7153 "-" "msnbot/2.0b (+http://search.msn.com/msnbot.htm)"
66.249.68.195 - - [01/Jun/2009:04:23:59 +0200] "GET /f-logz_old.html HTTP/1.1" 200 43773 "-" "Mozilla/5.0 (compatible; Googlebot/2.1; +http://www.google.com/bot.html)"
65.55.211.160 - - [01/Jun/2009:04:26:22 +0200] "GET /robots.txt HTTP/1.1" 200 64 "-" "msnbot/1.1 (+http://search.msn.com/msnbot.htm)"
74.6.18.254 - - [01/Jun/2009:04:26:22 +0200] "GET /f-web.html HTTP/1.0" 200 13605 "-" "Mozilla/5.0 (compatible; Yahoo! Slurp/3.0; http://help.yahoo.com/help/us/ysearch/slurp)"
65.55.211.160 - - [01/Jun/2009:04:26:23 +0200] "GET /zampa/montenegro/MILOW.html HTTP/1.1" 200 860 "-" "msnbot/1.1 (+http://search.msn.com/msnbot.htm)"
66.249.68.195 - - [01/Jun/2009:04:40:09 +0200] "GET /framez-sponsor.html HTTP/1.1" 200 4325 "-" "Mozilla/5.0 (compatible; Googlebot/2.1; +http://www.google.com/bot.html)"
66.249.68.195 - - [01/Jun/2009:05:12:22 +0200] "GET /f-sponsor.html HTTP/1.1" 200 8578 "-" "Mozilla/5.0 (compatible; Googlebot/2.1; +http://www.google.com/bot.html)"
74.6.18.254 - - [01/Jun/2009:05:18:53 +0200] "GET /DgH/bull/index.html HTTP/1.0" 200 1915 "-" "Mozilla/5.0 (compatible; Yahoo! Slurp/3.0; http://help.yahoo.com/help/us/ysearch/slurp)"
94.189.226.233 - - [01/Jun/2009:05:21:58 +0200] "GET / HTTP/1.1" 200 7869 "-" "Java/1.6.0_13"
72.30.79.34 - - [01/Jun/2009:05:39:52 +0200] "GET /robots.txt HTTP/1.0" 302 363 "-" "Mozilla/5.0 (compatible; Yahoo! Slurp; http://help.yahoo.com/help/us/ysearch/slurp)"
72.30.79.34 - - [01/Jun/2009:05:39:52 +0200] "GET /zampa/robots.txt HTTP/1.0" 404 2748 "-" "Mozilla/5.0 (compatible; Yahoo! Slurp; http://help.yahoo.com/help/us/ysearch/slurp)"
72.30.79.34 - - [01/Jun/2009:05:39:53 +0200] "GET / HTTP/1.0" 302 353 "-" "Mozilla/5.0 (compatible; Yahoo! Slurp/3.0; http://help.yahoo.com/help/us/ysearch/slurp)"
74.6.18.254 - - [01/Jun/2009:05:39:54 +0200] "GET /zampa/ HTTP/1.0" 200 7153 "-" "Mozilla/5.0 (compatible; Yahoo! Slurp/3.0; http://help.yahoo.com/help/us/ysearch/slurp)"
66.249.68.195 - - [01/Jun/2009:05:49:00 +0200] "GET /zampa-lovers/ HTTP/1.1" 200 37790 "-" "Mozilla/5.0 (compatible; Googlebot/2.1; +http://www.google.com/bot.html)"
74.86.223.42 - - [01/Jun/2009:05:57:56 +0200] "GET / HTTP/1.1" 206 7869 "http://www.followsite.com/bot.html" "FollowSite Bot ( http://www.followsite.com/bot.html )"
209.85.238.131 - - [01/Jun/2009:05:58:55 +0200] "GET / HTTP/1.1" 302 353 "-" "Feedfetcher-Google; (+http://www.google.com/feedfetcher.html; 1 subscribers; feed-id=5454548576667470243)"
209.85.238.202 - - [01/Jun/2009:05:58:56 +0200] "GET /zampa/ HTTP/1.1" 200 7153 "-" "Feedfetcher-Google; (+http://www.google.com/feedfetcher.html; 1 subscribers; feed-id=5454548576667470243)"
66.249.68.195 - - [01/Jun/2009:06:12:01 +0200] "GET /framez.html HTTP/1.1" 200 3959 "-" "Mozilla/5.0 (compatible; Googlebot/2.1; +http://www.google.com/bot.html)"
66.249.68.195 - - [01/Jun/2009:06:16:48 +0200] "GET /bmpp/euro_pal_111.html HTTP/1.1" 200 2129 "-" "Mozilla/5.0 (compatible; Googlebot/2.1; +http://www.google.com/bot.html)"
173.21.212.122 - - [01/Jun/2009:06:42:41 +0200] "GET / HTTP/1.1" 200 7869 "http://www.randomwebsite.com/" "Mozilla/4.0 (compatible; MSIE 7.0; Windows NT 5.1; GTB6; .NET CLR 2.0.50727; .NET CLR 3.0.4506.2152; .NET CLR 3.5.30729)"
173.21.212.122 - - [01/Jun/2009:06:42:41 +0200] "GET /style/various-euro.css HTTP/1.1" 200 3437 "http://www.various-euro.com/" "Mozilla/4.0 (compatible; MSIE 7.0; Windows NT 5.1; GTB6; .NET CLR 2.0.50727; .NET CLR 3.0.4506.2152; .NET CLR 3.5.30729)"
173.21.212.122 - - [01/Jun/2009:06:42:42 +0200] "GET /framez_0.html HTTP/1.1" 200 12285 "-" "Mozilla/4.0 (compatible; MSIE 7.0; Windows NT 5.1; GTB6; .NET CLR 2.0.50727; .NET CLR 3.0.4506.2152; .NET CLR 3.5.30729)"
173.21.212.122 - - [01/Jun/2009:06:42:42 +0200] "GET /ve-icon-2.ico HTTP/1.1" 200 2238 "-" "Mozilla/4.0 (compatible; MSIE 7.0; Windows NT 5.1; GTB6; .NET CLR 2.0.50727; .NET CLR 3.0.4506.2152; .NET CLR 3.5.30729)"
173.21.212.122 - - [01/Jun/2009:06:42:46 +0200] "GET /framez.html HTTP/1.1" 200 3959 "-" "Mozilla/4.0 (compatible; MSIE 7.0; Windows NT 5.1; GTB6; .NET CLR 2.0.50727; .NET CLR 3.0.4506.2152; .NET CLR 3.5.30729)"
173.21.212.122 - - [01/Jun/2009:06:42:46 +0200] "GET /frame-menu.html HTTP/1.1" 200 10500 "http://www.various-euro.com/framez.html" "Mozilla/4.0 (compatible; MSIE 7.0; Windows NT 5.1; GTB6; .NET CLR 2.0.50727; .NET CLR 3.0.4506.2152; .NET CLR 3.5.30729)"
173.21.212.122 - - [01/Jun/2009:06:42:46 +0200] "GET /frame-inhalt.html HTTP/1.1" 200 7688 "http://www.various-euro.com/framez.html" "Mozilla/4.0 (compatible; MSIE 7.0; Windows NT 5.1; GTB6; .NET CLR 2.0.50727; .NET CLR 3.0.4506.2152; .NET CLR 3.5.30729)"
173.21.212.122 - - [01/Jun/2009:06:42:46 +0200] "GET /frame-unten.html HTTP/1.1" 200 5308 "http://www.various-euro.com/framez.html" "Mozilla/4.0 (compatible; MSIE 7.0; Windows NT 5.1; GTB6; .NET CLR 2.0.50727; .NET CLR 3.0.4506.2152; .NET CLR 3.5.30729)"
173.21.212.122 - - [01/Jun/2009:06:42:46 +0200] "GET /bannerz/ve.jpg HTTP/1.1" 200 36912 "http://www.various-euro.com/frame-unten.html" "Mozilla/4.0 (compatible; MSIE 7.0; Windows NT 5.1; GTB6; .NET CLR 2.0.50727; .NET CLR 3.0.4506.2152; .NET CLR 3.5.30729)"
173.21.212.122 - - [01/Jun/2009:06:42:47 +0200] "GET /bannerz/neon_click_3.gif HTTP/1.1" 200 240 "http://www.various-euro.com/frame-inhalt.html" "Mozilla/4.0 (compatible; MSIE 7.0; Windows NT 5.1; GTB6; .NET CLR 2.0.50727; .NET CLR 3.0.4506.2152; .NET CLR 3.5.30729)"
173.21.212.122 - - [01/Jun/2009:06:42:47 +0200] "GET /eurosign3.gif HTTP/1.1" 200 7879 "http://www.various-euro.com/frame-inhalt.html" "Mozilla/4.0 (compatible; MSIE 7.0; Windows NT 5.1; GTB6; .NET CLR 2.0.50727; .NET CLR 3.0.4506.2152; .NET CLR 3.5.30729)"
173.21.212.122 - - [01/Jun/2009:06:42:47 +0200] "GET /bannerz/various-euro-girl.jpg HTTP/1.1" 200 91514 "http://www.various-euro.com/frame-unten.html" "Mozilla/4.0 (compatible; MSIE 7.0; Windows NT 5.1; GTB6; .NET CLR 2.0.50727; .NET CLR 3.0.4506.2152; .NET CLR 3.5.30729)"
173.21.212.122 - - [01/Jun/2009:06:42:47 +0200] "GET /bannerz/neon_click_1.gif HTTP/1.1" 200 890 "http://www.various-euro.com/frame-inhalt.html" "Mozilla/4.0 (compatible; MSIE 7.0; Windows NT 5.1; GTB6; .NET CLR 2.0.50727; .NET CLR 3.0.4506.2152; .NET CLR 3.5.30729)"
173.21.212.122 - - [01/Jun/2009:06:42:47 +0200] "GET /bannerz/wet.gif HTTP/1.1" 200 18561 "http://www.various-euro.com/frame-inhalt.html" "Mozilla/4.0 (compatible; MSIE 7.0; Windows NT 5.1; GTB6; .NET CLR 2.0.50727; .NET CLR 3.0.4506.2152; .NET CLR 3.5.30729)"
173.21.212.122 - - [01/Jun/2009:06:42:47 +0200] "GET /bannerz/google/Logo_40blk.gif HTTP/1.1" 200 2308 "http://www.various-euro.com/frame-inhalt.html" "Mozilla/4.0 (compatible; MSIE 7.0; Windows NT 5.1; GTB6; .NET CLR 2.0.50727; .NET CLR 3.0.4506.2152; .NET CLR 3.5.30729)"
173.21.212.122 - - [01/Jun/2009:06:42:47 +0200] "GET /bannerz/neon_click_2.gif HTTP/1.1" 200 387 "http://www.various-euro.com/frame-inhalt.html" "Mozilla/4.0 (compatible; MSIE 7.0; Windows NT 5.1; GTB6; .NET CLR 2.0.50727; .NET CLR 3.0.4506.2152; .NET CLR 3.5.30729)"
173.21.212.122 - - [01/Jun/2009:06:42:48 +0200] "GET /bannerz/anti_black_small.gif HTTP/1.1" 200 1009 "http://www.various-euro.com/frame-inhalt.html" "Mozilla/4.0 (compatible; MSIE 7.0; Windows NT 5.1; GTB6; .NET CLR 2.0.50727; .NET CLR 3.0.4506.2152; .NET CLR 3.5.30729)"
173.21.212.122 - - [01/Jun/2009:06:42:48 +0200] "GET /bannerz/copyleft_black_small.gif HTTP/1.1" 200 1231 "http://www.various-euro.com/frame-inhalt.html" "Mozilla/4.0 (compatible; MSIE 7.0; Windows NT 5.1; GTB6; .NET CLR 2.0.50727; .NET CLR 3.0.4506.2152; .NET CLR 3.5.30729)"
173.21.212.122 - - [01/Jun/2009:06:42:48 +0200] "GET /bannerz/douwil.gif HTTP/1.1" 200 528 "http://www.various-euro.com/frame-inhalt.html" "Mozilla/4.0 (compatible; MSIE 7.0; Windows NT 5.1; GTB6; .NET CLR 2.0.50727; .NET CLR 3.0.4506.2152; .NET CLR 3.5.30729)"
66.249.68.83 - - [01/Jun/2009:07:07:28 +0200] "GET /robots.txt HTTP/1.1" 200 64 "-" "Mozilla/5.0 (compatible; Googlebot/2.1; +http://www.google.com/bot.html)"
66.249.68.83 - - [01/Jun/2009:07:07:28 +0200] "GET /net.html HTTP/1.1" 404 2748 "-" "Mozilla/5.0 (compatible; Googlebot/2.1; +http://www.google.com/bot.html)"
66.249.68.83 - - [01/Jun/2009:07:07:28 +0200] "GET /news.html HTTP/1.1" 404 2748 "-" "Mozilla/5.0 (compatible; Googlebot/2.1; +http://www.google.com/bot.html)"
66.249.68.83 - - [01/Jun/2009:07:07:29 +0200] "GET /ie_menue.html HTTP/1.1" 404 2748 "-" "Mozilla/5.0 (compatible; Googlebot/2.1; +http://www.google.com/bot.html)"
66.249.68.83 - - [01/Jun/2009:07:07:29 +0200] "GET /prog.html HTTP/1.1" 404 2748 "-" "Mozilla/5.0 (compatible; Googlebot/2.1; +http://www.google.com/bot.html)"
66.249.68.83 - - [01/Jun/2009:07:07:30 +0200] "GET /moz_menue.html HTTP/1.1" 404 2748 "-" "Mozilla/5.0 (compatible; Googlebot/2.1; +http://www.google.com/bot.html)"
193.252.149.15 - - [01/Jun/2009:07:09:30 +0200] "GET /neon/slow-walk.html HTTP/1.1" 200 1640 "-" "Mozilla/5.0 (Windows; U; Windows NT 5.1; fr; rv:1.8.1) VoilaBot BETA 1.2 (support.voilabot@orange-ftgroup.com)"
65.55.106.236 - - [01/Jun/2009:07:15:53 +0200] "GET /robots.txt HTTP/1.1" 200 64 "-" "msnbot/2.0b (+http://search.msn.com/msnbot.htm)"
65.55.106.236 - - [01/Jun/2009:07:16:42 +0200] "GET /neon/left-one-new.html HTTP/1.1" 200 1483 "-" "msnbot/2.0b (+http://search.msn.com/msnbot.htm)"
74.6.18.254 - - [01/Jun/2009:07:52:28 +0200] "GET /f-doku-brau.html HTTP/1.0" 200 7152 "-" "Mozilla/5.0 (compatible; Yahoo! Slurp/3.0; http://help.yahoo.com/help/us/ysearch/slurp)"
82.141.43.165 - - [01/Jun/2009:07:57:14 +0200] "GET /framez-restate.html HTTP/1.1" 200 4328 "-" "Python-urllib/2.5"
81.52.143.31 - - [01/Jun/2009:08:20:28 +0200] "GET /warez.html HTTP/1.1" 200 9754 "-" "Mozilla/5.0 (Windows; U; Windows NT 5.1; fr; rv:1.8.1) VoilaBot BETA 1.2 (support.voilabot@orange-ftgroup.com)"
65.55.106.207 - - [01/Jun/2009:08:52:28 +0200] "GET /robots.txt HTTP/1.1" 200 64 "-" "msnbot/2.0b (+http://search.msn.com/msnbot.htm)"
65.55.106.207 - - [01/Jun/2009:08:57:42 +0200] "GET /zampa/montenegro/MILOW.html HTTP/1.1" 200 860 "-" "msnbot/2.0b (+http://search.msn.com/msnbot.htm)"
209.85.238.131 - - [01/Jun/2009:08:59:05 +0200] "GET / HTTP/1.1" 302 353 "-" "Feedfetcher-Google; (+http://www.google.com/feedfetcher.html; 1 subscribers; feed-id=5454548576667470243)"
209.85.238.202 - - [01/Jun/2009:08:59:07 +0200] "GET /zampa/ HTTP/1.1" 200 7153 "-" "Feedfetcher-Google; (+http://www.google.com/feedfetcher.html; 1 subscribers; feed-id=5454548576667470243)"
38.99.13.116 - - [01/Jun/2009:09:08:24 +0200] "GET /robots.txt HTTP/1.0" 302 363 "-" "Mozilla/5.0 (Twiceler-0.9 http://www.cuil.com/twiceler/robot.html)"
65.55.211.168 - - [01/Jun/2009:09:09:35 +0200] "GET /robots.txt HTTP/1.1" 200 64 "-" "msnbot/1.1 (+http://search.msn.com/msnbot.htm)"
65.55.211.168 - - [01/Jun/2009:09:09:37 +0200] "GET /zampa/ HTTP/1.1" 200 7153 "-" "msnbot/1.1 (+http://search.msn.com/msnbot.htm)"
87.118.122.92 - - [01/Jun/2009:09:31:44 +0200] "GET /framez-schubb5.html HTTP/1.0" 200 4330 "http://www.various-euro.com/framez-schubb5.html" "Mozilla/4.7 (compatible; OffByOne; Windows 2000) Webster Pro V3.4"
87.118.122.92 - - [01/Jun/2009:09:31:44 +0200] "GET /frame-menu.html HTTP/1.0" 200 10500 "http://www.various-euro.com/frame-menu.html" "Mozilla/4.7 (compatible; OffByOne; Windows 2000) Webster Pro V3.4"
87.118.122.92 - - [01/Jun/2009:09:31:44 +0200] "GET /schubb/schubb-5.html HTTP/1.0" 200 72944 "http://www.various-euro.com/schubb/schubb-5.html" "Mozilla/4.7 (compatible; OffByOne; Windows 2000) Webster Pro V3.4"
87.118.122.92 - - [01/Jun/2009:09:31:44 +0200] "GET /frame-unten.html HTTP/1.0" 200 5308 "http://www.various-euro.com/frame-unten.html" "Mozilla/4.7 (compatible; OffByOne; Windows 2000) Webster Pro V3.4"
74.6.18.254 - - [01/Jun/2009:10:06:35 +0200] "GET /robots.txt HTTP/1.0" 200 64 "-" "Mozilla/5.0 (compatible; Yahoo! Slurp; http://help.yahoo.com/help/us/ysearch/slurp)"
74.6.18.254 - - [01/Jun/2009:10:07:03 +0200] "GET /schubb/schubb-4.html HTTP/1.0" 200 17746 "-" "Mozilla/5.0 (compatible; Yahoo! Slurp/3.0; http://help.yahoo.com/help/us/ysearch/slurp)"
81.52.143.37 - - [01/Jun/2009:10:13:12 +0200] "GET /neon/left-one-new.html HTTP/1.1" 200 1483 "-" "Mozilla/5.0 (Windows; U; Windows NT 5.1; fr; rv:1.8.1) VoilaBot BETA 1.2 (support.voilabot@orange-ftgroup.com)"
216.129.119.49 - - [01/Jun/2009:10:37:42 +0200] "GET /robots.txt HTTP/1.0" 200 64 "-" "Mozilla/5.0 (Twiceler-0.9 http://www.cuil.com/twiceler/robot.html)"
119.63.193.43 - - [01/Jun/2009:10:38:25 +0200] "GET / HTTP/1.1" 200 7869 "-" "Baiduspider+(+http://www.baidu.jp/spider/)"
193.47.80.51 - - [01/Jun/2009:11:01:15 +0200] "GET /robots.txt HTTP/1.1" 302 363 "-" "Mozilla/5.0 (compatible; Exabot/3.0; +http://www.exabot.com/go/robot)"
193.47.80.51 - - [01/Jun/2009:11:01:15 +0200] "GET /zampa/robots.txt HTTP/1.1" 404 2748 "-" "Mozilla/5.0 (compatible; Exabot/3.0; +http://www.exabot.com/go/robot)"
193.47.80.51 - - [01/Jun/2009:11:01:15 +0200] "GET / HTTP/1.1" 302 353 "-" "Mozilla/5.0 (compatible; Exabot/3.0; +http://www.exabot.com/go/robot)"
74.6.18.254 - - [01/Jun/2009:11:05:02 +0200] "GET /euro.html HTTP/1.0" 404 2748 "-" "Mozilla/5.0 (compatible; Yahoo! Slurp/3.0; http://help.yahoo.com/help/us/ysearch/slurp)"
65.55.106.210 - - [01/Jun/2009:11:09:14 +0200] "GET /bmpp/euro_pal_1.html HTTP/1.1" 200 18252 "-" "msnbot/2.0b (+http://search.msn.com/msnbot.htm)"
193.252.149.13 - - [01/Jun/2009:11:25:31 +0200] "GET /neon/euro.html HTTP/1.1" 200 2212 "-" "Mozilla/5.0 (Windows; U; Windows NT 5.1; fr; rv:1.8.1) VoilaBot BETA 1.2 (support.voilabot@orange-ftgroup.com)"
193.252.149.14 - - [01/Jun/2009:11:31:23 +0200] "GET /neon/channel.html HTTP/1.1" 200 1942 "-" "Mozilla/5.0 (Windows; U; Windows NT 5.1; fr; rv:1.8.1) VoilaBot BETA 1.2 (support.voilabot@orange-ftgroup.com)"
65.55.211.173 - - [01/Jun/2009:11:49:14 +0200] "GET /robots.txt HTTP/1.1" 200 64 "-" "msnbot/1.1 (+http://search.msn.com/msnbot.htm)"
65.55.211.173 - - [01/Jun/2009:11:49:18 +0200] "GET /neon/girlz3.html HTTP/1.1" 200 2479 "-" "msnbot/1.1 (+http://search.msn.com/msnbot.htm)"
74.6.18.254 - - [01/Jun/2009:11:54:24 +0200] "GET /neon/euro.html HTTP/1.0" 200 2212 "-" "Mozilla/5.0 (compatible; Yahoo! Slurp/3.0; http://help.yahoo.com/help/us/ysearch/slurp)"
209.85.238.131 - - [01/Jun/2009:11:59:19 +0200] "GET / HTTP/1.1" 302 353 "-" "Feedfetcher-Google; (+http://www.google.com/feedfetcher.html; 1 subscribers; feed-id=5454548576667470243)"
209.85.238.202 - - [01/Jun/2009:11:59:21 +0200] "GET /zampa/ HTTP/1.1" 200 7153 "-" "Feedfetcher-Google; (+http://www.google.com/feedfetcher.html; 1 subscribers; feed-id=5454548576667470243)"
38.99.44.105 - - [01/Jun/2009:12:00:12 +0200] "GET /robots.txt HTTP/1.0" 200 64 "-" "Mozilla/5.0 (Twiceler-0.9 http://www.cuil.com/twiceler/robot.html)"
74.6.18.254 - - [01/Jun/2009:12:04:51 +0200] "GET /f-zeug.html HTTP/1.0" 200 59462 "-" "Mozilla/5.0 (compatible; Yahoo! Slurp/3.0; http://help.yahoo.com/help/us/ysearch/slurp)"
98.197.192.227 - - [01/Jun/2009:12:05:40 +0200] "GET / HTTP/1.1" 200 7869 "-" "Mozilla/5.0 (Windows; U; Windows NT 5.1; en-US; rv:1.9.0.10) Gecko/2009042316 Firefox/3.0.10 (.NET CLR 3.5.30729)"
98.197.192.227 - - [01/Jun/2009:12:05:42 +0200] "GET /ve-icon-2.ico HTTP/1.1" 200 2238 "-" "Mozilla/5.0 (Windows; U; Windows NT 5.1; en-US; rv:1.9.0.10) Gecko/2009042316 Firefox/3.0.10 (.NET CLR 3.5.30729)"
98.197.192.227 - - [01/Jun/2009:12:05:42 +0200] "GET /style/various-euro.css HTTP/1.1" 200 3437 "http://www.various-euro.com/" "Mozilla/5.0 (Windows; U; Windows NT 5.1; en-US; rv:1.9.0.10) Gecko/2009042316 Firefox/3.0.10 (.NET CLR 3.5.30729)"
98.197.192.227 - - [01/Jun/2009:12:05:42 +0200] "GET /framez_0.html HTTP/1.1" 200 12285 "http://www.various-euro.com/" "Mozilla/5.0 (Windows; U; Windows NT 5.1; en-US; rv:1.9.0.10) Gecko/2009042316 Firefox/3.0.10 (.NET CLR 3.5.30729)"
66.249.68.195 - - [01/Jun/2009:12:06:28 +0200] "GET /logs/usage_200906.html HTTP/1.1" 404 2748 "-" "Mozilla/5.0 (compatible; Googlebot/2.1; +http://www.google.com/bot.html)"
65.55.211.166 - - [01/Jun/2009:12:34:12 +0200] "GET /robots.txt HTTP/1.1" 200 64 "-" "msnbot/1.1 (+http://search.msn.com/msnbot.htm)"
65.55.211.166 - - [01/Jun/2009:12:34:13 +0200] "GET /neon/warning2.html HTTP/1.1" 200 997 "-" "msnbot/1.1 (+http://search.msn.com/msnbot.htm)"
91.209.196.68 - - [01/Jun/2009:13:29:38 +0200] "GET /robots.txt HTTP/1.0" 200 64 "-" "PHPCrawl"
74.6.18.254 - - [01/Jun/2009:14:07:16 +0200] "GET /f-logz_old.html HTTP/1.0" 200 43773 "-" "Mozilla/5.0 (compatible; Yahoo! Slurp/3.0; http://help.yahoo.com/help/us/ysearch/slurp)"
65.55.106.186 - - [01/Jun/2009:14:16:38 +0200] "GET /robots.txt HTTP/1.1" 302 363 "-" "msnbot/2.0b (+http://search.msn.com/msnbot.htm)"
65.55.106.186 - - [01/Jun/2009:14:16:38 +0200] "GET /zampa/robots.txt HTTP/1.1" 404 2748 "-" "msnbot/2.0b (+http://search.msn.com/msnbot.htm)"
74.229.134.100 - - [01/Jun/2009:14:16:51 +0200] "GET / HTTP/1.1" 200 7869 "-" "Mozilla/5.0 (Windows; U; Windows NT 6.0; en-US; rv:1.9.0.10) Gecko/2009042316 Firefox/3.0.10 (.NET CLR 3.5.30729)"
74.229.134.100 - - [01/Jun/2009:14:16:52 +0200] "GET /style/various-euro.css HTTP/1.1" 200 3437 "http://www.various-euro.com/" "Mozilla/5.0 (Windows; U; Windows NT 6.0; en-US; rv:1.9.0.10) Gecko/2009042316 Firefox/3.0.10 (.NET CLR 3.5.30729)"
74.229.134.100 - - [01/Jun/2009:14:16:52 +0200] "GET /favicon.ico HTTP/1.1" 404 2748 "-" "Mozilla/5.0 (Windows; U; Windows NT 6.0; en-US; rv:1.9.0.10) Gecko/2009042316 Firefox/3.0.10 (.NET CLR 3.5.30729)"
74.229.134.100 - - [01/Jun/2009:14:16:54 +0200] "GET /favicon.ico HTTP/1.1" 404 2748 "-" "Mozilla/5.0 (Windows; U; Windows NT 6.0; en-US; rv:1.9.0.10) Gecko/2009042316 Firefox/3.0.10 (.NET CLR 3.5.30729)"
74.6.18.254 - - [01/Jun/2009:14:32:08 +0200] "GET /framez-rez.html HTTP/1.0" 200 4323 "-" "Mozilla/5.0 (compatible; Yahoo! Slurp/3.0; http://help.yahoo.com/help/us/ysearch/slurp)"
74.6.18.254 - - [01/Jun/2009:14:32:09 +0200] "GET /frame-menu.html HTTP/1.0" 200 10500 "http://www.various-euro.com/framez-rez.html" "Mozilla/5.0 (compatible; Yahoo! Slurp/3.0; http://help.yahoo.com/help/us/ysearch/slurp)"
74.6.18.254 - - [01/Jun/2009:14:32:09 +0200] "GET /frame-unten.html HTTP/1.0" 200 5308 "http://www.various-euro.com/framez-rez.html" "Mozilla/5.0 (compatible; Yahoo! Slurp/3.0; http://help.yahoo.com/help/us/ysearch/slurp)"
74.6.18.254 - - [01/Jun/2009:14:32:09 +0200] "GET /f-rez.html HTTP/1.0" 200 9765 "http://www.various-euro.com/framez-rez.html" "Mozilla/5.0 (compatible; Yahoo! Slurp/3.0; http://help.yahoo.com/help/us/ysearch/slurp)"
74.6.18.254 - - [01/Jun/2009:14:32:10 +0200] "GET /style/various-euro.css HTTP/1.0" 304 - "http://www.various-euro.com/frame-menu.html" "Mozilla/5.0 (compatible; Yahoo! Slurp/3.0; http://help.yahoo.com/help/us/ysearch/slurp)"
193.252.149.14 - - [01/Jun/2009:14:45:21 +0200] "GET /neon/biggtani.html HTTP/1.1" 200 1698 "-" "Mozilla/5.0 (Windows; U; Windows NT 5.1; fr; rv:1.8.1) VoilaBot BETA 1.2 (support.voilabot@orange-ftgroup.com)"
81.52.143.30 - - [01/Jun/2009:14:45:33 +0200] "GET /bmpp/euro_pal_1.html HTTP/1.1" 200 18252 "-" "Mozilla/5.0 (Windows; U; Windows NT 5.1; fr; rv:1.8.1) VoilaBot BETA 1.2 (support.voilabot@orange-ftgroup.com)"
209.85.238.131 - - [01/Jun/2009:14:59:34 +0200] "GET / HTTP/1.1" 302 353 "-" "Feedfetcher-Google; (+http://www.google.com/feedfetcher.html; 1 subscribers; feed-id=5454548576667470243)"
209.85.238.202 - - [01/Jun/2009:14:59:35 +0200] "GET /zampa/ HTTP/1.1" 200 7153 "-" "Feedfetcher-Google; (+http://www.google.com/feedfetcher.html; 1 subscribers; feed-id=5454548576667470243)"
65.55.106.145 - - [01/Jun/2009:15:11:39 +0200] "GET /robots.txt HTTP/1.1" 200 64 "-" "msnbot/2.0b (+http://search.msn.com/msnbot.htm)"
65.55.211.175 - - [01/Jun/2009:16:11:45 +0200] "GET /robots.txt HTTP/1.1" 200 64 "-" "msnbot/1.1 (+http://search.msn.com/msnbot.htm)"
65.55.211.175 - - [01/Jun/2009:16:11:46 +0200] "GET /logs/usage_200706.html HTTP/1.1" 404 2748 "-" "msnbot/1.1 (+http://search.msn.com/msnbot.htm)"
77.88.42.26 - - [01/Jun/2009:16:19:36 +0200] "GET /robots.txt HTTP/1.1" 200 64 "-" "Yandex/1.01.001 (compatible; Win16; I)"
77.88.42.26 - - [01/Jun/2009:16:19:36 +0200] "GET / HTTP/1.1" 200 7869 "-" "Yandex/1.01.001 (compatible; Win16; I)"
219.87.182.133 - - [01/Jun/2009:16:38:42 +0200] "GET /robots.txt HTTP/1.0" 200 64 "-" "Gaisbot/3.0+(robot06@gais.cs.ccu.edu.tw;+http://gais.cs.ccu.edu.tw/robot.php)"
85.92.222.254 - - [01/Jun/2009:16:56:11 +0200] "GET /framez.html HTTP/1.1" 200 3959 "-" "Mozilla/4.0"
193.113.57.161 - - [01/Jun/2009:16:56:11 +0200] "GET /framez.html HTTP/1.1" 200 3959 "http://www.google.co.uk/search?hl=en&q=EUROPORTAL&meta=&aq=f&oq=" "Mozilla/4.0 (compatible; MSIE 6.0; Windows NT 5.1; SV1; NGD_build; .NET CLR 1.1.4322; .NET CLR 2.0.50727; .NET CLR 3.0.04506.648; .NET CLR 3.5.21022; MS-RTC LM 8)"
193.113.57.161 - - [01/Jun/2009:16:56:11 +0200] "GET /frame-menu.html HTTP/1.1" 200 10500 "http://www.various-euro.com/framez.html" "Mozilla/4.0 (compatible; MSIE 6.0; Windows NT 5.1; SV1; NGD_build; .NET CLR 1.1.4322; .NET CLR 2.0.50727; .NET CLR 3.0.04506.648; .NET CLR 3.5.21022; MS-RTC LM 8)"
193.113.57.161 - - [01/Jun/2009:16:56:11 +0200] "GET /frame-unten.html HTTP/1.1" 200 5308 "http://www.various-euro.com/framez.html" "Mozilla/4.0 (compatible; MSIE 6.0; Windows NT 5.1; SV1; NGD_build; .NET CLR 1.1.4322; .NET CLR 2.0.50727; .NET CLR 3.0.04506.648; .NET CLR 3.5.21022; MS-RTC LM 8)"
193.113.57.161 - - [01/Jun/2009:16:56:11 +0200] "GET /frame-inhalt.html HTTP/1.1" 200 7688 "http://www.various-euro.com/framez.html" "Mozilla/4.0 (compatible; MSIE 6.0; Windows NT 5.1; SV1; NGD_build; .NET CLR 1.1.4322; .NET CLR 2.0.50727; .NET CLR 3.0.04506.648; .NET CLR 3.5.21022; MS-RTC LM 8)"
193.113.57.161 - - [01/Jun/2009:16:56:11 +0200] "GET /eurosign3.gif HTTP/1.1" 200 7879 "-" "Mozilla/4.0 (compatible;)"
193.113.57.161 - - [01/Jun/2009:16:56:11 +0200] "GET /bannerz/google/Logo_40blk.gif HTTP/1.1" 200 2308 "-" "Mozilla/4.0 (compatible;)"
193.113.57.161 - - [01/Jun/2009:16:56:11 +0200] "GET /bannerz/copyleft_black_small.gif HTTP/1.1" 200 1231 "-" "Mozilla/4.0 (compatible;)"
193.113.57.161 - - [01/Jun/2009:16:56:11 +0200] "GET /bannerz/anti_black_small.gif HTTP/1.1" 200 1009 "-" "Mozilla/4.0 (compatible;)"
193.113.57.161 - - [01/Jun/2009:16:56:11 +0200] "GET /bannerz/neon_click_3.gif HTTP/1.1" 200 240 "-" "Mozilla/4.0 (compatible;)"
193.113.57.161 - - [01/Jun/2009:16:56:11 +0200] "GET /bannerz/neon_click_2.gif HTTP/1.1" 200 387 "-" "Mozilla/4.0 (compatible;)"
193.113.57.161 - - [01/Jun/2009:16:56:11 +0200] "GET /style/various-euro.css HTTP/1.1" 200 3437 "http://www.various-euro.com/framez.html" "Mozilla/4.0 (compatible; MSIE 6.0; Windows NT 5.1; SV1; NGD_build; .NET CLR 1.1.4322; .NET CLR 2.0.50727; .NET CLR 3.0.04506.648; .NET CLR 3.5.21022; MS-RTC LM 8)"
193.113.57.161 - - [01/Jun/2009:16:56:11 +0200] "GET /bannerz/neon_click_1.gif HTTP/1.1" 200 890 "-" "Mozilla/4.0 (compatible;)"
193.113.57.161 - - [01/Jun/2009:16:56:11 +0200] "GET /bannerz/ve.jpg HTTP/1.1" 200 36912 "-" "Mozilla/4.0 (compatible;)"
193.113.57.161 - - [01/Jun/2009:16:56:11 +0200] "GET /bannerz/wet.gif HTTP/1.1" 200 18561 "-" "Mozilla/4.0 (compatible;)"
193.113.57.161 - - [01/Jun/2009:16:56:12 +0200] "GET /bannerz/douwil.gif HTTP/1.1" 200 528 "-" "Mozilla/4.0 (compatible;)"
193.113.57.161 - - [01/Jun/2009:16:56:11 +0200] "GET /bannerz/various-euro-girl.jpg HTTP/1.1" 200 91514 "-" "Mozilla/4.0 (compatible;)"
74.6.18.254 - - [01/Jun/2009:17:08:00 +0200] "GET /logs/usage_200604.html HTTP/1.0" 404 2748 "-" "Mozilla/5.0 (compatible; Yahoo! Slurp/3.0; http://help.yahoo.com/help/us/ysearch/slurp)"
208.80.195.32 - - [01/Jun/2009:17:15:39 +0200] "GET / HTTP/1.0" 200 7869 "-" "Mozilla/4.0 (compatible; MSIE 6.0; Windows NT 5.1; SV1; UMLib User; .NET CLR 1.1.4322; InfoPath.1; .NET CLR 2.0.50727)"
208.80.195.32 - - [01/Jun/2009:17:15:39 +0200] "GET / HTTP/1.0" 200 7869 "-" "Mozilla/4.0 (compatible; MSIE 6.0; Windows NT 5.1; SV1; YPC 3.2.0; .NET CLR 1.0.3705; .NET CLR 1.1.4322; Media Center PC 4.0; yplus 5.3.02b)"
38.100.41.102 - - [01/Jun/2009:17:32:10 +0200] "GET /framez-restate.html HTTP/1.1" 200 4328 "http://www.google.com/custom?cof=GALT%3A336600%3BVLC%3A000066%3BAH%3Acenter%3BBGC%3AFFFFFF%3BLH%3A81%3BLC%3A000066%3BGFNT%3A336600%3BL%3Ahttp%3A%2F%2Fcyveillance.allthesites.com%2Fimages%2Fats_logo.gif%3BALC%3A000066%3BLW%3A361%3BT%3A000066%3BGIMP%3A336600%3BAWFID%3A248cacfbbe0ae58f%3B&q=%22state%20farm%22%20yahoo%20%22previous%20message%22&num=100&hl=en&start=0&filter=0" "Mozilla/4.0 (compatible; MSIE 5.5; Windows NT 5.0)"
38.100.41.102 - - [01/Jun/2009:17:32:11 +0200] "GET /restate_copy.html HTTP/1.1" 200 97631 "http://www.google.com/custom?cof=GALT%3A336600%3BVLC%3A000066%3BAH%3Acenter%3BBGC%3AFFFFFF%3BLH%3A81%3BLC%3A000066%3BGFNT%3A336600%3BL%3Ahttp%3A%2F%2Fcyveillance.allthesites.com%2Fimages%2Fats_logo.gif%3BALC%3A000066%3BLW%3A361%3BT%3A000066%3BGIMP%3A336600%3BAWFID%3A248cacfbbe0ae58f%3B&q=%22state%20farm%22%20yahoo%20%22previous%20message%22&num=100&hl=en&start=0&filter=0" "Mozilla/4.0 (compatible; MSIE 5.5; Windows NT 5.0)"
81.52.143.29 - - [01/Jun/2009:17:33:25 +0200] "GET /DgH/orginal/index.html HTTP/1.1" 200 1727 "-" "Mozilla/5.0 (Windows; U; Windows NT 5.1; fr; rv:1.8.1) VoilaBot BETA 1.2 (support.voilabot@orange-ftgroup.com)"
202.96.51.145 - - [01/Jun/2009:17:48:07 +0200] "GET /robots.txt HTTP/1.0" 200 64 "-" "renlifangbot/1.0 (+http://search.msn.com/msnbot.htm)"
202.96.51.157 - - [01/Jun/2009:17:48:08 +0200] "GET /neon/girlz3.html HTTP/1.0" 200 2479 "-" "renlifangbot/1.0 (+http://search.msn.com/msnbot.htm)"
219.87.182.141 - - [01/Jun/2009:17:55:08 +0200] "GET /restate_copy.html HTTP/1.0" 200 97631 "-" "Gaisbot/3.0+(robot06@gais.cs.ccu.edu.tw;+http://gais.cs.ccu.edu.tw/robot.php)"
89.122.29.79 - - [01/Jun/2009:17:56:22 +0200] "GET / HTTP/1.1" 200 7869 "-" "Java/1.6.0_04"
89.122.29.79 - - [01/Jun/2009:17:56:23 +0200] "GET /framez.html HTTP/1.1" 200 3959 "-" "Java/1.6.0_04"
89.122.29.79 - - [01/Jun/2009:17:56:24 +0200] "GET /framez_0.html HTTP/1.1" 200 12285 "-" "Java/1.6.0_04"
89.122.29.79 - - [01/Jun/2009:17:56:24 +0200] "GET /frame-inhalt.html HTTP/1.1" 200 7688 "-" "Java/1.6.0_04"
89.122.29.79 - - [01/Jun/2009:17:56:25 +0200] "GET /frame-menu.html HTTP/1.1" 200 10500 "-" "Java/1.6.0_04"
89.122.29.79 - - [01/Jun/2009:17:56:25 +0200] "GET /frame-unten.html HTTP/1.1" 200 5308 "-" "Java/1.6.0_04"
89.122.29.79 - - [01/Jun/2009:17:56:25 +0200] "GET /f-maintitle.html HTTP/1.1" 200 5030 "-" "Java/1.6.0_04"
89.122.29.79 - - [01/Jun/2009:17:56:25 +0200] "GET /partnergegenberlin.html HTTP/1.1" 200 5022 "-" "Java/1.6.0_04"
89.122.29.79 - - [01/Jun/2009:17:56:25 +0200] "GET /f-actions.html HTTP/1.1" 200 11686 "-" "Java/1.6.0_04"
89.122.29.79 - - [01/Jun/2009:17:56:26 +0200] "GET /f-bannnerz.html HTTP/1.1" 200 12651 "-" "Java/1.6.0_04"
89.122.29.79 - - [01/Jun/2009:17:56:26 +0200] "GET /f-channel1.html HTTP/1.1" 200 9329 "-" "Java/1.6.0_04"
89.122.29.79 - - [01/Jun/2009:17:56:27 +0200] "GET /f-contact.html HTTP/1.1" 200 6804 "-" "Java/1.6.0_04"
89.122.29.79 - - [01/Jun/2009:17:56:27 +0200] "GET /f-doku-brau.html HTTP/1.1" 200 7152 "-" "Java/1.6.0_04"
89.122.29.79 - - [01/Jun/2009:17:56:28 +0200] "GET /f-euro.html HTTP/1.1" 200 12203 "-" "Java/1.6.0_04"
89.122.29.79 - - [01/Jun/2009:17:56:28 +0200] "GET /f-horrorkatze.html HTTP/1.1" 200 7865 "-" "Java/1.6.0_04"
89.122.29.79 - - [01/Jun/2009:17:56:29 +0200] "GET /f-net.html HTTP/1.1" 200 9913 "-" "Java/1.6.0_04"
89.122.29.79 - - [01/Jun/2009:17:56:29 +0200] "GET /f-other.html HTTP/1.1" 200 19851 "-" "Java/1.6.0_04"
89.122.29.79 - - [01/Jun/2009:17:56:30 +0200] "GET /f-rez.html HTTP/1.1" 200 9765 "-" "Java/1.6.0_04"
89.122.29.79 - - [01/Jun/2009:17:56:30 +0200] "GET /f-search.html HTTP/1.1" 200 11800 "-" "Java/1.6.0_04"
89.122.29.79 - - [01/Jun/2009:17:56:30 +0200] "GET /f-sponsor.html HTTP/1.1" 200 8578 "-" "Java/1.6.0_04"
89.122.29.79 - - [01/Jun/2009:17:56:31 +0200] "GET /f-warez.html HTTP/1.1" 200 10953 "-" "Java/1.6.0_04"
89.122.29.79 - - [01/Jun/2009:17:56:32 +0200] "GET /f-web.html HTTP/1.1" 200 13605 "-" "Java/1.6.0_04"
89.122.29.79 - - [01/Jun/2009:17:56:33 +0200] "GET /f-world.html HTTP/1.1" 200 35590 "-" "Java/1.6.0_04"
89.122.29.79 - - [01/Jun/2009:17:56:34 +0200] "GET /f-zeug.html HTTP/1.1" 200 59462 "-" "Java/1.6.0_04"
89.122.29.79 - - [01/Jun/2009:17:56:37 +0200] "GET /restate_copy.html HTTP/1.1" 200 97631 "-" "Java/1.6.0_04"
89.122.29.79 - - [01/Jun/2009:17:56:40 +0200] "GET /sendi_agent.html HTTP/1.1" 200 8791 "-" "Java/1.6.0_04"
89.122.29.79 - - [01/Jun/2009:17:56:40 +0200] "GET /snapshots.html HTTP/1.1" 200 4259 "-" "Java/1.6.0_04"
89.122.29.79 - - [01/Jun/2009:17:56:40 +0200] "GET /your_tour.html HTTP/1.1" 200 31664 "-" "Java/1.6.0_04"
89.122.29.79 - - [01/Jun/2009:17:56:41 +0200] "GET /framez-pgb.html HTTP/1.1" 200 4336 "-" "Java/1.6.0_04"
89.122.29.79 - - [01/Jun/2009:17:56:41 +0200] "GET /framez-actions.html HTTP/1.1" 200 4322 "-" "Java/1.6.0_04"
89.122.29.79 - - [01/Jun/2009:17:56:41 +0200] "GET /framez-contact.html HTTP/1.1" 200 4325 "-" "Java/1.6.0_04"
89.122.29.79 - - [01/Jun/2009:17:56:41 +0200] "GET /framez-dbrau.html HTTP/1.1" 200 4313 "-" "Java/1.6.0_04"
89.122.29.79 - - [01/Jun/2009:17:56:42 +0200] "GET /framez-euro.html HTTP/1.1" 200 4319 "-" "Java/1.6.0_04"
89.122.29.79 - - [01/Jun/2009:17:56:42 +0200] "GET /framez-net.html HTTP/1.1" 200 4319 "-" "Java/1.6.0_04"
89.122.29.79 - - [01/Jun/2009:17:56:42 +0200] "GET /'+veURL+advisories[i].name+' HTTP/1.1" 404 2748 "-" "Java/1.6.0_04"
89.122.29.79 - - [01/Jun/2009:17:56:42 +0200] "GET /.htm HTTP/1.1" 403 1223 "-" "Java/1.6.0_04"
89.122.29.79 - - [01/Jun/2009:17:56:43 +0200] "GET /framez-rez.html HTTP/1.1" 200 4323 "-" "Java/1.6.0_04"
89.122.29.79 - - [01/Jun/2009:17:56:43 +0200] "GET /framez-search.html HTTP/1.1" 200 4326 "-" "Java/1.6.0_04"
209.85.238.131 - - [01/Jun/2009:17:59:44 +0200] "GET / HTTP/1.1" 302 353 "-" "Feedfetcher-Google; (+http://www.google.com/feedfetcher.html; 1 subscribers; feed-id=5454548576667470243)"
209.85.238.202 - - [01/Jun/2009:17:59:45 +0200] "GET /zampa/ HTTP/1.1" 200 7153 "-" "Feedfetcher-Google; (+http://www.google.com/feedfetcher.html; 1 subscribers; feed-id=5454548576667470243)"
65.55.106.189 - - [01/Jun/2009:18:06:29 +0200] "GET /robots.txt HTTP/1.1" 200 64 "-" "msnbot/2.0b (+http://search.msn.com/msnbot.htm)"
65.55.211.174 - - [01/Jun/2009:18:24:02 +0200] "GET /robots.txt HTTP/1.1" 200 64 "-" "msnbot/1.1 (+http://search.msn.com/msnbot.htm)"
65.55.211.174 - - [01/Jun/2009:18:24:07 +0200] "GET /f-horrorkatze.html HTTP/1.1" 200 7865 "-" "msnbot/1.1 (+http://search.msn.com/msnbot.htm)"
74.6.18.254 - - [01/Jun/2009:18:44:35 +0200] "GET /neon/warning2.html HTTP/1.0" 200 997 "-" "Mozilla/5.0 (compatible; Yahoo! Slurp/3.0; http://help.yahoo.com/help/us/ysearch/slurp)"
74.6.18.254 - - [01/Jun/2009:19:14:16 +0200] "GET /robots.txt HTTP/1.0" 200 64 "-" "Mozilla/5.0 (compatible; Yahoo! Slurp; http://help.yahoo.com/help/us/ysearch/slurp)"
74.6.18.254 - - [01/Jun/2009:19:14:17 +0200] "GET /world.html HTTP/1.0" 200 16295 "-" "Mozilla/5.0 (compatible; Yahoo! Slurp/3.0; http://help.yahoo.com/help/us/ysearch/slurp)"
128.36.231.4 - - [01/Jun/2009:19:51:00 +0200] "GET / HTTP/1.1" 200 7869 "-" "Python-urllib/2.5"
66.235.124.109 - - [01/Jun/2009:19:57:54 +0200] "GET /robots.txt HTTP/1.1" 200 64 "-" "Mozilla/5.0 (compatible; Ask Jeeves/Teoma; +http://about.ask.com/en/docs/about/webmasters.shtml)"
66.235.124.109 - - [01/Jun/2009:19:58:09 +0200] "GET /restate_copy.html HTTP/1.1" 200 97631 "-" "Mozilla/5.0 (compatible; Ask Jeeves/Teoma; +http://about.ask.com/en/docs/about/webmasters.shtml)"
66.235.124.109 - - [01/Jun/2009:19:58:10 +0200] "GET /menueleiste.js HTTP/1.1" 404 2748 "-" "Mozilla/5.0 (compatible; Ask Jeeves/Teoma; +http://about.ask.com/en/docs/about/webmasters.shtml)"
206.80.114.180 - - [01/Jun/2009:20:00:36 +0200] "GET / HTTP/1.1" 200 7869 "-" "Mozilla/4.0 (compatible; MSIE 6.0; Windows NT 5.0; DigExt)"
66.235.124.89 - - [01/Jun/2009:20:04:12 +0200] "GET /framez-restate.html HTTP/1.1" 200 4328 "-" "Mozilla/5.0 (compatible; Ask Jeeves/Teoma; +http://about.ask.com/en/docs/about/webmasters.shtml)"
66.235.124.89 - - [01/Jun/2009:20:04:13 +0200] "GET /frame-menu.html HTTP/1.1" 200 10500 "-" "Mozilla/5.0 (compatible; Ask Jeeves/Teoma; +http://about.ask.com/en/docs/about/webmasters.shtml)"
66.235.124.89 - - [01/Jun/2009:20:04:13 +0200] "GET /restate_copy.html HTTP/1.1" 200 97631 "-" "Mozilla/5.0 (compatible; Ask Jeeves/Teoma; +http://about.ask.com/en/docs/about/webmasters.shtml)"
66.235.124.89 - - [01/Jun/2009:20:04:14 +0200] "GET /frame-unten.html HTTP/1.1" 200 5308 "-" "Mozilla/5.0 (compatible; Ask Jeeves/Teoma; +http://about.ask.com/en/docs/about/webmasters.shtml)"
66.235.124.89 - - [01/Jun/2009:20:07:50 +0200] "GET /framez.html HTTP/1.1" 200 3959 "-" "Mozilla/5.0 (compatible; Ask Jeeves/Teoma; +http://about.ask.com/en/docs/about/webmasters.shtml)"
66.235.124.89 - - [01/Jun/2009:20:07:50 +0200] "GET /framez.html HTTP/1.1" 200 3959 "-" "Mozilla/5.0 (compatible; Ask Jeeves/Teoma; +http://about.ask.com/en/docs/about/webmasters.shtml)"
66.235.124.89 - - [01/Jun/2009:20:07:50 +0200] "GET /frame-inhalt.html HTTP/1.1" 200 7688 "-" "Mozilla/5.0 (compatible; Ask Jeeves/Teoma; +http://about.ask.com/en/docs/about/webmasters.shtml)"
65.55.106.216 - - [01/Jun/2009:20:56:26 +0200] "GET /robots.txt HTTP/1.1" 200 64 "-" "msnbot/2.0b (+http://search.msn.com/msnbot.htm)"
