65.55.51.114 - - [04/Jun/2009:11:24:15 +0200] "GET /robots.txt HTTP/1.1" 200 64 "-" "msnbot/2.0b (+http://search.msn.com/msnbot.htm)"
72.30.78.230 - - [04/Jun/2009:11:28:39 +0200] "GET /robots.txt HTTP/1.0" 200 64 "-" "Mozilla/5.0 (compatible; Yahoo! Slurp; http://help.yahoo.com/help/us/ysearch/slurp)"
72.30.78.230 - - [04/Jun/2009:11:28:39 +0200] "GET / HTTP/1.0" 200 7869 "-" "Mozilla/5.0 (compatible; Yahoo! Slurp/3.0; http://help.yahoo.com/help/us/ysearch/slurp)"
72.30.78.230 - - [04/Jun/2009:11:28:41 +0200] "GET /style/various-euro.css HTTP/1.0" 200 3437 "http://various-euro.com/" "Mozilla/5.0 (compatible; Yahoo! Slurp/3.0; http://help.yahoo.com/help/us/ysearch/slurp)"
74.86.223.42 - - [04/Jun/2009:11:31:03 +0200] "GET / HTTP/1.1" 206 7869 "http://www.followsite.com/bot.html" "FollowSite Bot ( http://www.followsite.com/bot.html )"
193.47.80.51 - - [04/Jun/2009:11:38:32 +0200] "GET /robots.txt HTTP/1.1" 200 64 "-" "Mozilla/5.0 (compatible; Exabot/3.0; +http://www.exabot.com/go/robot)"
193.47.80.51 - - [04/Jun/2009:11:38:32 +0200] "GET / HTTP/1.1" 200 7869 "-" "Mozilla/5.0 (compatible; Exabot/3.0; +http://www.exabot.com/go/robot)"
66.249.68.207 - - [04/Jun/2009:12:07:13 +0200] "GET /logs/usage_200906.html HTTP/1.1" 404 2748 "-" "Mozilla/5.0 (compatible; Googlebot/2.1; +http://www.google.com/bot.html)"
65.55.230.248 - - [04/Jun/2009:12:25:34 +0200] "GET /robots.txt HTTP/1.1" 200 64 "-" "msnbot-media/1.1 (+http://search.msn.com/msnbot.htm)"
65.55.230.248 - - [04/Jun/2009:12:25:35 +0200] "GET /partnergegenberlin.html HTTP/1.1" 200 5022 "-" "msnbot-media/1.1 (+http://search.msn.com/msnbot.htm)"
209.85.238.251 - - [04/Jun/2009:12:27:57 +0200] "GET / HTTP/1.1" 302 353 "-" "Feedfetcher-Google; (+http://www.google.com/feedfetcher.html; 1 subscribers; feed-id=5454548576667470243)"
209.85.238.240 - - [04/Jun/2009:12:28:00 +0200] "GET /zampa/ HTTP/1.1" 200 7153 "-" "Feedfetcher-Google; (+http://www.google.com/feedfetcher.html; 1 subscribers; feed-id=5454548576667470243)"
66.249.68.78 - - [04/Jun/2009:12:32:51 +0200] "GET /%3E%5D HTTP/1.1" 302 359 "-" "Mozilla/5.0 (compatible; Googlebot/2.1; +http://www.google.com/bot.html)"
66.249.68.78 - - [04/Jun/2009:12:32:52 +0200] "GET /%3E HTTP/1.1" 302 356 "-" "Mozilla/5.0 (compatible; Googlebot/2.1; +http://www.google.com/bot.html)"
66.249.68.78 - - [04/Jun/2009:12:32:53 +0200] "GET /%3E) HTTP/1.1" 302 357 "-" "Mozilla/5.0 (compatible; Googlebot/2.1; +http://www.google.com/bot.html)"
66.249.68.207 - - [04/Jun/2009:12:32:54 +0200] "GET /zampa/%3E%5D HTTP/1.1" 404 2748 "-" "Mozilla/5.0 (compatible; Googlebot/2.1; +http://www.google.com/bot.html)"
66.249.68.207 - - [04/Jun/2009:12:32:55 +0200] "GET /zampa/%3E HTTP/1.1" 404 2748 "-" "Mozilla/5.0 (compatible; Googlebot/2.1; +http://www.google.com/bot.html)"
66.249.68.207 - - [04/Jun/2009:12:32:56 +0200] "GET /zampa/%3E) HTTP/1.1" 404 2748 "-" "Mozilla/5.0 (compatible; Googlebot/2.1; +http://www.google.com/bot.html)"
66.235.124.7 - - [04/Jun/2009:12:48:18 +0200] "GET /robots.txt HTTP/1.1" 200 64 "-" "Mozilla/5.0 (compatible; Ask Jeeves/Teoma; +http://about.ask.com/en/docs/about/webmasters.shtml)"
66.235.124.7 - - [04/Jun/2009:12:48:33 +0200] "GET /restate_copy.html HTTP/1.1" 200 97631 "-" "Mozilla/5.0 (compatible; Ask Jeeves/Teoma; +http://about.ask.com/en/docs/about/webmasters.shtml)"
66.235.124.7 - - [04/Jun/2009:12:48:34 +0200] "GET /menueleiste.js HTTP/1.1" 404 2748 "-" "Mozilla/5.0 (compatible; Ask Jeeves/Teoma; +http://about.ask.com/en/docs/about/webmasters.shtml)"
195.210.57.83 - - [04/Jun/2009:12:53:47 +0200] "GET /robots.txt HTTP/1.0" 200 64 "-" "Mozilla/5.0 (compatible; KaloogaBot; http://www.kalooga.com/info.html?page=crawler)"
195.210.57.83 - - [04/Jun/2009:12:53:47 +0200] "GET /menue.html HTTP/1.0" 404 2748 "-" "Mozilla/5.0 (compatible; KaloogaBot; http://www.kalooga.com/info.html?page=crawler)"
72.20.109.62 - - [04/Jun/2009:13:07:06 +0200] "GET /robots.txt HTTP/1.1" 200 64 "-" "Mozilla/5.0 (compatible; GurujiBot/1.0; +http://www.guruji.com/en/WebmasterFAQ.html)"
72.20.109.62 - - [04/Jun/2009:13:07:07 +0200] "GET / HTTP/1.1" 200 7869 "-" "Mozilla/5.0 (compatible; GurujiBot/1.0; +http://www.guruji.com/en/WebmasterFAQ.html)"
72.20.109.62 - - [04/Jun/2009:13:07:08 +0200] "GET /framez.html HTTP/1.1" 200 3959 "-" "Mozilla/5.0 (compatible; GurujiBot/1.0; +http://www.guruji.com/en/WebmasterFAQ.html)"
72.20.109.62 - - [04/Jun/2009:13:07:20 +0200] "GET /frame-menu.html HTTP/1.1" 200 10500 "-" "Mozilla/5.0 (compatible; GurujiBot/1.0; +http://www.guruji.com/en/WebmasterFAQ.html)"
72.20.109.62 - - [04/Jun/2009:13:07:23 +0200] "GET /frame-inhalt.html HTTP/1.1" 200 7688 "-" "Mozilla/5.0 (compatible; GurujiBot/1.0; +http://www.guruji.com/en/WebmasterFAQ.html)"
72.20.109.62 - - [04/Jun/2009:13:07:35 +0200] "GET /frame-unten.html HTTP/1.1" 200 5308 "-" "Mozilla/5.0 (compatible; GurujiBot/1.0; +http://www.guruji.com/en/WebmasterFAQ.html)"
72.20.109.62 - - [04/Jun/2009:13:07:36 +0200] "GET /f-contact.html HTTP/1.1" 200 6804 "-" "Mozilla/5.0 (compatible; GurujiBot/1.0; +http://www.guruji.com/en/WebmasterFAQ.html)"
72.30.79.93 - - [04/Jun/2009:13:27:55 +0200] "GET /robots.txt HTTP/1.0" 200 64 "-" "Mozilla/5.0 (compatible; Yahoo! Slurp; http://help.yahoo.com/help/us/ysearch/slurp)"
72.30.79.93 - - [04/Jun/2009:13:27:56 +0200] "GET /f-bannnerz.html HTTP/1.0" 200 12651 "-" "Mozilla/5.0 (compatible; Yahoo! Slurp/3.0; http://help.yahoo.com/help/us/ysearch/slurp)"
67.55.72.165 - - [04/Jun/2009:13:45:04 +0200] "HEAD / HTTP/1.1" 200 - "-" "swish-e http://swish-e.org/"
67.55.72.165 - - [04/Jun/2009:13:45:05 +0200] "GET / HTTP/1.1" 200 7869 "-" "swish-e http://swish-e.org/"
67.55.72.165 - - [04/Jun/2009:13:45:05 +0200] "HEAD /framez.html HTTP/1.1" 200 - "http://www.various-euro.com" "swish-e http://swish-e.org/"
67.55.72.165 - - [04/Jun/2009:13:45:05 +0200] "GET /framez.html HTTP/1.1" 200 3959 "http://www.various-euro.com" "swish-e http://swish-e.org/"
67.55.72.165 - - [04/Jun/2009:13:45:05 +0200] "HEAD /frame-menu.html HTTP/1.1" 200 - "http://www.various-euro.com/framez.html" "swish-e http://swish-e.org/"
67.55.72.165 - - [04/Jun/2009:13:45:05 +0200] "GET /frame-menu.html HTTP/1.1" 200 10500 "http://www.various-euro.com/framez.html" "swish-e http://swish-e.org/"
67.55.72.165 - - [04/Jun/2009:13:45:05 +0200] "HEAD /frame-inhalt.html HTTP/1.1" 200 - "http://www.various-euro.com/framez.html" "swish-e http://swish-e.org/"
67.55.72.165 - - [04/Jun/2009:13:45:05 +0200] "GET /frame-inhalt.html HTTP/1.1" 200 7688 "http://www.various-euro.com/framez.html" "swish-e http://swish-e.org/"
67.55.72.165 - - [04/Jun/2009:13:45:06 +0200] "HEAD /frame-unten.html HTTP/1.1" 200 - "http://www.various-euro.com/framez.html" "swish-e http://swish-e.org/"
67.55.72.165 - - [04/Jun/2009:13:45:06 +0200] "GET /frame-unten.html HTTP/1.1" 200 5308 "http://www.various-euro.com/framez.html" "swish-e http://swish-e.org/"
67.55.72.165 - - [04/Jun/2009:13:45:06 +0200] "HEAD /f-search.html HTTP/1.1" 200 - "http://www.various-euro.com/frame-menu.html" "swish-e http://swish-e.org/"
67.55.72.165 - - [04/Jun/2009:13:45:06 +0200] "GET /f-search.html HTTP/1.1" 200 11800 "http://www.various-euro.com/frame-menu.html" "swish-e http://swish-e.org/"
67.55.72.165 - - [04/Jun/2009:13:45:06 +0200] "HEAD /f-contact.html HTTP/1.1" 200 - "http://www.various-euro.com/frame-menu.html" "swish-e http://swish-e.org/"
67.55.72.165 - - [04/Jun/2009:13:45:06 +0200] "GET /f-contact.html HTTP/1.1" 200 6804 "http://www.various-euro.com/frame-menu.html" "swish-e http://swish-e.org/"
67.55.72.165 - - [04/Jun/2009:13:45:06 +0200] "HEAD /f-sponsor.html HTTP/1.1" 200 - "http://www.various-euro.com/frame-menu.html" "swish-e http://swish-e.org/"
67.55.72.165 - - [04/Jun/2009:13:45:06 +0200] "GET /f-sponsor.html HTTP/1.1" 200 8578 "http://www.various-euro.com/frame-menu.html" "swish-e http://swish-e.org/"
67.55.72.165 - - [04/Jun/2009:13:45:06 +0200] "HEAD /f-warez.html HTTP/1.1" 200 - "http://www.various-euro.com/frame-menu.html" "swish-e http://swish-e.org/"
67.55.72.165 - - [04/Jun/2009:13:45:07 +0200] "GET /f-warez.html HTTP/1.1" 200 10953 "http://www.various-euro.com/frame-menu.html" "swish-e http://swish-e.org/"
67.55.72.165 - - [04/Jun/2009:13:45:07 +0200] "HEAD /f-web.html HTTP/1.1" 200 - "http://www.various-euro.com/frame-menu.html" "swish-e http://swish-e.org/"
67.55.72.165 - - [04/Jun/2009:13:45:07 +0200] "GET /f-web.html HTTP/1.1" 200 13605 "http://www.various-euro.com/frame-menu.html" "swish-e http://swish-e.org/"
67.55.72.165 - - [04/Jun/2009:13:45:07 +0200] "HEAD /f-net.html HTTP/1.1" 200 - "http://www.various-euro.com/frame-menu.html" "swish-e http://swish-e.org/"
67.55.72.165 - - [04/Jun/2009:13:45:07 +0200] "GET /f-net.html HTTP/1.1" 200 9913 "http://www.various-euro.com/frame-menu.html" "swish-e http://swish-e.org/"
67.55.72.165 - - [04/Jun/2009:13:45:07 +0200] "HEAD /f-euro.html HTTP/1.1" 200 - "http://www.various-euro.com/frame-menu.html" "swish-e http://swish-e.org/"
67.55.72.165 - - [04/Jun/2009:13:45:07 +0200] "GET /f-euro.html HTTP/1.1" 200 12203 "http://www.various-euro.com/frame-menu.html" "swish-e http://swish-e.org/"
67.55.72.165 - - [04/Jun/2009:13:45:07 +0200] "HEAD /f-zeug.html HTTP/1.1" 200 - "http://www.various-euro.com/frame-menu.html" "swish-e http://swish-e.org/"
67.55.72.165 - - [04/Jun/2009:13:45:07 +0200] "GET /f-zeug.html HTTP/1.1" 200 59462 "http://www.various-euro.com/frame-menu.html" "swish-e http://swish-e.org/"
67.55.72.165 - - [04/Jun/2009:13:45:08 +0200] "HEAD /f-other.html HTTP/1.1" 200 - "http://www.various-euro.com/frame-menu.html" "swish-e http://swish-e.org/"
67.55.72.165 - - [04/Jun/2009:13:45:08 +0200] "GET /f-other.html HTTP/1.1" 200 19851 "http://www.various-euro.com/frame-menu.html" "swish-e http://swish-e.org/"
67.55.72.165 - - [04/Jun/2009:13:45:08 +0200] "HEAD /f-world.html HTTP/1.1" 200 - "http://www.various-euro.com/frame-menu.html" "swish-e http://swish-e.org/"
67.55.72.165 - - [04/Jun/2009:13:45:08 +0200] "GET /f-world.html HTTP/1.1" 200 35590 "http://www.various-euro.com/frame-menu.html" "swish-e http://swish-e.org/"
67.55.72.165 - - [04/Jun/2009:13:45:08 +0200] "HEAD /f-channel1.html HTTP/1.1" 200 - "http://www.various-euro.com/frame-menu.html" "swish-e http://swish-e.org/"
67.55.72.165 - - [04/Jun/2009:13:45:08 +0200] "GET /f-channel1.html HTTP/1.1" 200 9329 "http://www.various-euro.com/frame-menu.html" "swish-e http://swish-e.org/"
67.55.72.165 - - [04/Jun/2009:13:45:09 +0200] "HEAD /snapshots.html HTTP/1.1" 200 - "http://www.various-euro.com/frame-menu.html" "swish-e http://swish-e.org/"
67.55.72.165 - - [04/Jun/2009:13:45:09 +0200] "GET /snapshots.html HTTP/1.1" 200 4259 "http://www.various-euro.com/frame-menu.html" "swish-e http://swish-e.org/"
67.55.72.165 - - [04/Jun/2009:13:45:09 +0200] "HEAD /your_tour.html HTTP/1.1" 200 - "http://www.various-euro.com/frame-menu.html" "swish-e http://swish-e.org/"
67.55.72.165 - - [04/Jun/2009:13:45:09 +0200] "GET /your_tour.html HTTP/1.1" 200 31727 "http://www.various-euro.com/frame-menu.html" "swish-e http://swish-e.org/"
67.55.72.165 - - [04/Jun/2009:13:45:10 +0200] "HEAD /logs/ HTTP/1.1" 200 - "http://www.various-euro.com/frame-menu.html" "swish-e http://swish-e.org/"
67.55.72.165 - - [04/Jun/2009:13:45:10 +0200] "GET /logs/ HTTP/1.1" 200 11511 "http://www.various-euro.com/frame-menu.html" "swish-e http://swish-e.org/"
67.55.72.165 - - [04/Jun/2009:13:45:10 +0200] "HEAD /f-bannnerz.html HTTP/1.1" 200 - "http://www.various-euro.com/frame-menu.html" "swish-e http://swish-e.org/"
67.55.72.165 - - [04/Jun/2009:13:45:10 +0200] "GET /f-bannnerz.html HTTP/1.1" 200 12651 "http://www.various-euro.com/frame-menu.html" "swish-e http://swish-e.org/"
67.55.72.165 - - [04/Jun/2009:13:45:10 +0200] "HEAD /f-doku-brau.html HTTP/1.1" 200 - "http://www.various-euro.com/frame-menu.html" "swish-e http://swish-e.org/"
67.55.72.165 - - [04/Jun/2009:13:45:10 +0200] "GET /f-doku-brau.html HTTP/1.1" 200 7152 "http://www.various-euro.com/frame-menu.html" "swish-e http://swish-e.org/"
67.55.72.165 - - [04/Jun/2009:13:45:10 +0200] "HEAD /restate_copy.html HTTP/1.1" 200 - "http://www.various-euro.com/frame-menu.html" "swish-e http://swish-e.org/"
67.55.72.165 - - [04/Jun/2009:13:45:10 +0200] "GET /restate_copy.html HTTP/1.1" 200 97631 "http://www.various-euro.com/frame-menu.html" "swish-e http://swish-e.org/"
67.55.72.165 - - [04/Jun/2009:13:45:11 +0200] "HEAD /f-rez.html HTTP/1.1" 200 - "http://www.various-euro.com/frame-menu.html" "swish-e http://swish-e.org/"
67.55.72.165 - - [04/Jun/2009:13:45:11 +0200] "GET /f-rez.html HTTP/1.1" 200 9765 "http://www.various-euro.com/frame-menu.html" "swish-e http://swish-e.org/"
67.55.72.165 - - [04/Jun/2009:13:45:11 +0200] "HEAD /f-horrorkatze.html HTTP/1.1" 200 - "http://www.various-euro.com/frame-menu.html" "swish-e http://swish-e.org/"
67.55.72.165 - - [04/Jun/2009:13:45:11 +0200] "GET /f-horrorkatze.html HTTP/1.1" 200 7865 "http://www.various-euro.com/frame-menu.html" "swish-e http://swish-e.org/"
67.55.72.165 - - [04/Jun/2009:13:45:11 +0200] "HEAD /sendi_agent.html HTTP/1.1" 200 - "http://www.various-euro.com/frame-menu.html" "swish-e http://swish-e.org/"
67.55.72.165 - - [04/Jun/2009:13:45:11 +0200] "GET /sendi_agent.html HTTP/1.1" 200 8791 "http://www.various-euro.com/frame-menu.html" "swish-e http://swish-e.org/"
67.55.72.165 - - [04/Jun/2009:13:45:12 +0200] "HEAD /zampa-lovers/index.html HTTP/1.1" 200 - "http://www.various-euro.com/frame-menu.html" "swish-e http://swish-e.org/"
67.55.72.165 - - [04/Jun/2009:13:45:12 +0200] "GET /zampa-lovers/index.html HTTP/1.1" 200 37790 "http://www.various-euro.com/frame-menu.html" "swish-e http://swish-e.org/"
67.55.72.165 - - [04/Jun/2009:13:45:12 +0200] "HEAD /f-actions.html HTTP/1.1" 200 - "http://www.various-euro.com/frame-menu.html" "swish-e http://swish-e.org/"
67.55.72.165 - - [04/Jun/2009:13:45:12 +0200] "GET /f-actions.html HTTP/1.1" 200 11686 "http://www.various-euro.com/frame-menu.html" "swish-e http://swish-e.org/"
67.55.72.165 - - [04/Jun/2009:13:45:12 +0200] "HEAD /bmpp/euro_pal_1.html HTTP/1.1" 200 - "http://www.various-euro.com/frame-inhalt.html" "swish-e http://swish-e.org/"
67.55.72.165 - - [04/Jun/2009:13:45:12 +0200] "GET /bmpp/euro_pal_1.html HTTP/1.1" 200 18252 "http://www.various-euro.com/frame-inhalt.html" "swish-e http://swish-e.org/"
67.55.72.165 - - [04/Jun/2009:13:45:12 +0200] "HEAD /neon/euro.html HTTP/1.1" 200 - "http://www.various-euro.com/frame-inhalt.html" "swish-e http://swish-e.org/"
67.55.72.165 - - [04/Jun/2009:13:45:13 +0200] "GET /neon/euro.html HTTP/1.1" 200 2212 "http://www.various-euro.com/frame-inhalt.html" "swish-e http://swish-e.org/"
67.55.72.165 - - [04/Jun/2009:13:45:13 +0200] "HEAD /schubb/schubb-1.html HTTP/1.1" 200 - "http://www.various-euro.com/frame-inhalt.html" "swish-e http://swish-e.org/"
67.55.72.165 - - [04/Jun/2009:13:45:13 +0200] "GET /schubb/schubb-1.html HTTP/1.1" 200 9070 "http://www.various-euro.com/frame-inhalt.html" "swish-e http://swish-e.org/"
67.55.72.165 - - [04/Jun/2009:13:45:13 +0200] "HEAD /f-maintitle.html HTTP/1.1" 200 - "http://www.various-euro.com/frame-inhalt.html" "swish-e http://swish-e.org/"
67.55.72.165 - - [04/Jun/2009:13:45:13 +0200] "GET /f-maintitle.html HTTP/1.1" 200 5030 "http://www.various-euro.com/frame-inhalt.html" "swish-e http://swish-e.org/"
67.55.72.165 - - [04/Jun/2009:13:45:13 +0200] "HEAD /bmpp/euro_pal_111.html HTTP/1.1" 200 - "http://www.various-euro.com/frame-inhalt.html" "swish-e http://swish-e.org/"
67.55.72.165 - - [04/Jun/2009:13:45:13 +0200] "GET /bmpp/euro_pal_111.html HTTP/1.1" 200 2129 "http://www.various-euro.com/frame-inhalt.html" "swish-e http://swish-e.org/"
67.55.72.165 - - [04/Jun/2009:13:45:13 +0200] "HEAD /partnergegenberlin.html HTTP/1.1" 200 - "http://www.various-euro.com/frame-inhalt.html" "swish-e http://swish-e.org/"
67.55.72.165 - - [04/Jun/2009:13:45:14 +0200] "GET /partnergegenberlin.html HTTP/1.1" 200 5022 "http://www.various-euro.com/frame-inhalt.html" "swish-e http://swish-e.org/"
72.30.79.93 - - [04/Jun/2009:15:09:46 +0200] "GET /restate_copy.html HTTP/1.0" 200 97631 "-" "Mozilla/5.0 (compatible; Yahoo! Slurp/3.0; http://help.yahoo.com/help/us/ysearch/slurp)"
61.247.222.45 - - [04/Jun/2009:15:11:19 +0200] "GET /robots.txt HTTP/1.1" 200 64 "-" "Yeti/1.0 (NHN Corp.; http://help.naver.com/robots/)"
61.247.222.45 - - [04/Jun/2009:15:11:20 +0200] "GET / HTTP/1.1" 200 7869 "-" "Yeti/1.0 (NHN Corp.; http://help.naver.com/robots/)"
61.247.222.47 - - [04/Jun/2009:15:11:25 +0200] "GET /robots.txt HTTP/1.1" 200 64 "-" "Yeti/1.0 (NHN Corp.; http://help.naver.com/robots/)"
61.247.222.47 - - [04/Jun/2009:15:11:25 +0200] "GET /style/various-euro.css HTTP/1.1" 200 3437 "-" "Yeti/1.0 (NHN Corp.; http://help.naver.com/robots/)"
193.47.80.51 - - [04/Jun/2009:15:12:53 +0200] "GET /robots.txt HTTP/1.1" 302 363 "-" "Mozilla/5.0 (compatible; Exabot/3.0; +http://www.exabot.com/go/robot)"
193.47.80.51 - - [04/Jun/2009:15:12:53 +0200] "GET /zampa/robots.txt HTTP/1.1" 404 2748 "-" "Mozilla/5.0 (compatible; Exabot/3.0; +http://www.exabot.com/go/robot)"
193.47.80.51 - - [04/Jun/2009:15:12:54 +0200] "GET / HTTP/1.1" 302 353 "-" "Mozilla/5.0 (compatible; Exabot/3.0; +http://www.exabot.com/go/robot)"
65.55.106.180 - - [04/Jun/2009:15:46:32 +0200] "GET /robots.txt HTTP/1.1" 200 64 "-" "msnbot/2.0b (+http://search.msn.com/msnbot.htm)"
65.55.106.180 - - [04/Jun/2009:15:47:50 +0200] "GET /frame-unten.html HTTP/1.1" 200 5308 "-" "msnbot/2.0b (+http://search.msn.com/msnbot.htm)"
209.85.238.251 - - [04/Jun/2009:16:11:21 +0200] "GET / HTTP/1.1" 302 353 "-" "Feedfetcher-Google; (+http://www.google.com/feedfetcher.html; 1 subscribers; feed-id=5454548576667470243)"
209.85.238.240 - - [04/Jun/2009:16:11:22 +0200] "GET /zampa/ HTTP/1.1" 200 7153 "-" "Feedfetcher-Google; (+http://www.google.com/feedfetcher.html; 1 subscribers; feed-id=5454548576667470243)"
72.30.79.93 - - [04/Jun/2009:16:14:16 +0200] "GET /zampa/montenegro/BATAW.html HTTP/1.0" 200 860 "-" "Mozilla/5.0 (compatible; Yahoo! Slurp/3.0; http://help.yahoo.com/help/us/ysearch/slurp)"
65.55.211.165 - - [04/Jun/2009:16:16:57 +0200] "GET /robots.txt HTTP/1.1" 200 64 "-" "msnbot/1.1 (+http://search.msn.com/msnbot.htm)"
65.55.211.165 - - [04/Jun/2009:16:16:57 +0200] "GET /zampa/montenegro/dajpare.html HTTP/1.1" 200 2503 "-" "msnbot/1.1 (+http://search.msn.com/msnbot.htm)"
93.86.167.204 - - [04/Jun/2009:16:51:44 +0200] "GET / HTTP/1.1" 302 353 "-" "Mozilla/5.0 (Windows; U; Windows NT 5.1; en-US; rv:1.9.0.10) Gecko/2009042316 Firefox/3.0.10, Ant.com Toolbar 1.3"
93.86.167.204 - - [04/Jun/2009:16:51:45 +0200] "GET /zampa/ HTTP/1.1" 200 7153 "-" "Mozilla/5.0 (Windows; U; Windows NT 5.1; en-US; rv:1.9.0.10) Gecko/2009042316 Firefox/3.0.10, Ant.com Toolbar 1.3"
93.86.167.204 - - [04/Jun/2009:16:51:45 +0200] "GET /zampa/slike/zampa.gif HTTP/1.1" 200 5310 "http://www.various-euro.com/zampa/" "Mozilla/5.0 (Windows; U; Windows NT 5.1; en-US; rv:1.9.0.10) Gecko/2009042316 Firefox/3.0.10, Ant.com Toolbar 1.3"
93.86.167.204 - - [04/Jun/2009:16:51:45 +0200] "GET /zampa/slike/udupetu.gif HTTP/1.1" 200 4138 "http://www.various-euro.com/zampa/" "Mozilla/5.0 (Windows; U; Windows NT 5.1; en-US; rv:1.9.0.10) Gecko/2009042316 Firefox/3.0.10, Ant.com Toolbar 1.3"
93.86.167.204 - - [04/Jun/2009:16:51:45 +0200] "GET /zampa/slike/inthearse.gif HTTP/1.1" 200 4077 "http://www.various-euro.com/zampa/" "Mozilla/5.0 (Windows; U; Windows NT 5.1; en-US; rv:1.9.0.10) Gecko/2009042316 Firefox/3.0.10, Ant.com Toolbar 1.3"
93.86.167.204 - - [04/Jun/2009:16:51:46 +0200] "GET /favicon.ico HTTP/1.1" 404 2748 "-" "Mozilla/5.0 (Windows; U; Windows NT 5.1; en-US; rv:1.9.0.10) Gecko/2009042316 Firefox/3.0.10, Ant.com Toolbar 1.3"
93.86.167.204 - - [04/Jun/2009:16:51:49 +0200] "GET /favicon.ico HTTP/1.1" 404 2748 "-" "Mozilla/5.0 (Windows; U; Windows NT 5.1; en-US; rv:1.9.0.10) Gecko/2009042316 Firefox/3.0.10, Ant.com Toolbar 1.3"
93.86.167.204 - - [04/Jun/2009:16:51:55 +0200] "GET /zampa/slike/S1TITEL.GIF HTTP/1.1" 200 15244 "http://www.various-euro.com/zampa/" "Mozilla/5.0 (Windows; U; Windows NT 5.1; en-US; rv:1.9.0.10) Gecko/2009042316 Firefox/3.0.10, Ant.com Toolbar 1.3"
93.86.167.204 - - [04/Jun/2009:16:52:08 +0200] "GET /zampa/slike/S2COPY.GIF HTTP/1.1" 200 12771 "http://www.various-euro.com/zampa/" "Mozilla/5.0 (Windows; U; Windows NT 5.1; en-US; rv:1.9.0.10) Gecko/2009042316 Firefox/3.0.10, Ant.com Toolbar 1.3"
93.86.167.204 - - [04/Jun/2009:16:53:13 +0200] "GET / HTTP/1.1" 302 353 "-" "Mozilla/5.0 (Windows; U; Windows NT 5.1; en-US; rv:1.9.0.10) Gecko/2009042316 Firefox/3.0.10, Ant.com Toolbar 1.3"
93.86.167.204 - - [04/Jun/2009:16:53:13 +0200] "GET /zampa/ HTTP/1.1" 200 7153 "-" "Mozilla/5.0 (Windows; U; Windows NT 5.1; en-US; rv:1.9.0.10) Gecko/2009042316 Firefox/3.0.10, Ant.com Toolbar 1.3"
93.86.167.204 - - [04/Jun/2009:16:53:20 +0200] "GET /zampa/slike/S3VAMPIR.GIF HTTP/1.1" 200 55504 "http://www.various-euro.com/zampa/" "Mozilla/5.0 (Windows; U; Windows NT 5.1; en-US; rv:1.9.0.10) Gecko/2009042316 Firefox/3.0.10, Ant.com Toolbar 1.3"
123.125.66.23 - - [04/Jun/2009:17:00:23 +0200] "GET / HTTP/1.1" 200 7869 "-" "Baiduspider+(+http://www.baidu.com/search/spider.htm)"
123.125.66.34 - - [04/Jun/2009:17:00:24 +0200] "GET /framez_0.html HTTP/1.1" 200 12285 "-" "Baiduspider+(+http://www.baidu.com/search/spider.htm)"
38.99.44.105 - - [04/Jun/2009:17:28:30 +0200] "GET /zampa/wonderland/index.html HTTP/1.0" 200 2084 "-" "Mozilla/5.0 (Twiceler-0.9 http://www.cuil.com/twiceler/robot.html)"
66.249.68.166 - - [04/Jun/2009:17:30:00 +0200] "GET /neon/euro.html HTTP/1.1" 200 2212 "-" "Mozilla/5.0 (compatible; Googlebot/2.1; +http://www.google.com/bot.html)"
72.30.79.93 - - [04/Jun/2009:17:36:02 +0200] "GET /logs/usage_200508.html HTTP/1.0" 404 2748 "-" "Mozilla/5.0 (compatible; Yahoo! Slurp/3.0; http://help.yahoo.com/help/us/ysearch/slurp)"
66.249.68.166 - - [04/Jun/2009:17:47:52 +0200] "GET /f-maintitle.html HTTP/1.1" 200 5030 "-" "Mozilla/5.0 (compatible; Googlebot/2.1; +http://www.google.com/bot.html)"
217.167.188.209 - - [04/Jun/2009:17:50:17 +0200] "GET /framez-schubb2.html HTTP/1.1" 200 4314 "http://www.google.fr/search?hl=fr&q=flip+flop+schalter&btnG=Recherche+Google&meta=lr%3Dlang_en&aq=f&oq=" "Mozilla/4.0 (compatible; MSIE 7.0; Windows NT 5.1)"
217.167.188.209 - - [04/Jun/2009:17:50:17 +0200] "GET /frame-menu.html HTTP/1.1" 200 10500 "http://www.various-euro.com/framez-schubb2.html" "Mozilla/4.0 (compatible; MSIE 7.0; Windows NT 5.1)"
217.167.188.209 - - [04/Jun/2009:17:50:17 +0200] "GET /frame-unten.html HTTP/1.1" 200 5308 "http://www.various-euro.com/framez-schubb2.html" "Mozilla/4.0 (compatible; MSIE 7.0; Windows NT 5.1)"
217.167.188.209 - - [04/Jun/2009:17:50:17 +0200] "GET /schubb/schubb-2.html HTTP/1.1" 200 16660 "http://www.various-euro.com/framez-schubb2.html" "Mozilla/4.0 (compatible; MSIE 7.0; Windows NT 5.1)"
217.167.188.209 - - [04/Jun/2009:17:50:17 +0200] "GET /style/various-euro.css HTTP/1.1" 200 3437 "http://www.various-euro.com/frame-menu.html" "Mozilla/4.0 (compatible; MSIE 7.0; Windows NT 5.1)"
217.167.188.209 - - [04/Jun/2009:17:50:17 +0200] "GET /bannerz/ve.jpg HTTP/1.1" 200 36912 "http://www.various-euro.com/frame-unten.html" "Mozilla/4.0 (compatible; MSIE 7.0; Windows NT 5.1)"
217.167.188.209 - - [04/Jun/2009:17:50:18 +0200] "GET /schubb/schubb-2.gif HTTP/1.1" 200 6460 "http://www.various-euro.com/schubb/schubb-2.html" "Mozilla/4.0 (compatible; MSIE 7.0; Windows NT 5.1)"
217.167.188.209 - - [04/Jun/2009:17:50:17 +0200] "GET /bannerz/various-euro-girl.jpg HTTP/1.1" 200 91514 "http://www.various-euro.com/frame-unten.html" "Mozilla/4.0 (compatible; MSIE 7.0; Windows NT 5.1)"
217.167.188.209 - - [04/Jun/2009:17:50:19 +0200] "GET /ve-icon-2.ico HTTP/1.1" 200 2238 "-" "Mozilla/4.0 (compatible; MSIE 7.0; Windows NT 5.1)"
217.167.188.209 - - [04/Jun/2009:17:50:28 +0200] "GET /framez-schubb2.html HTTP/1.1" 200 4314 "http://www.google.fr/search?hl=fr&q=flip+flop+schalter&btnG=Recherche+Google&meta=lr%3Dlang_en&aq=f&oq=" "Mozilla/4.0 (compatible; MSIE 7.0; Windows NT 5.1)"
217.167.188.209 - - [04/Jun/2009:17:50:29 +0200] "GET /frame-menu.html HTTP/1.1" 200 10500 "http://www.various-euro.com/framez-schubb2.html" "Mozilla/4.0 (compatible; MSIE 7.0; Windows NT 5.1)"
217.167.188.209 - - [04/Jun/2009:17:50:29 +0200] "GET /schubb/schubb-2.html HTTP/1.1" 200 16660 "http://www.various-euro.com/framez-schubb2.html" "Mozilla/4.0 (compatible; MSIE 7.0; Windows NT 5.1)"
217.167.188.209 - - [04/Jun/2009:17:50:29 +0200] "GET /frame-unten.html HTTP/1.1" 200 5308 "http://www.various-euro.com/framez-schubb2.html" "Mozilla/4.0 (compatible; MSIE 7.0; Windows NT 5.1)"
72.30.79.93 - - [04/Jun/2009:18:25:53 +0200] "GET /restate_copy.html HTTP/1.0" 200 97631 "-" "Mozilla/5.0 (compatible; Yahoo! Slurp/3.0; http://help.yahoo.com/help/us/ysearch/slurp)"
209.85.238.251 - - [04/Jun/2009:19:11:25 +0200] "GET / HTTP/1.1" 302 353 "-" "Feedfetcher-Google; (+http://www.google.com/feedfetcher.html; 1 subscribers; feed-id=5454548576667470243)"
209.85.238.240 - - [04/Jun/2009:19:11:26 +0200] "GET /zampa/ HTTP/1.1" 200 7153 "-" "Feedfetcher-Google; (+http://www.google.com/feedfetcher.html; 1 subscribers; feed-id=5454548576667470243)"
72.30.79.93 - - [04/Jun/2009:19:14:54 +0200] "GET /f-maintitle.html HTTP/1.0" 200 5030 "-" "Mozilla/5.0 (compatible; Yahoo! Slurp/3.0; http://help.yahoo.com/help/us/ysearch/slurp)"
66.249.68.161 - - [04/Jun/2009:19:30:38 +0200] "GET / HTTP/1.1" 200 7869 "-" "Mozilla/5.0 (compatible; Googlebot/2.1; +http://www.google.com/bot.html)"
72.30.79.93 - - [04/Jun/2009:19:32:43 +0200] "GET /logz.html HTTP/1.0" 404 2748 "-" "Mozilla/5.0 (compatible; Yahoo! Slurp/3.0; http://help.yahoo.com/help/us/ysearch/slurp)"
38.99.44.105 - - [04/Jun/2009:19:54:50 +0200] "GET /zampa/montenegro/dajpare.html HTTP/1.0" 200 2503 "-" "Mozilla/5.0 (Twiceler-0.9 http://www.cuil.com/twiceler/robot.html)"
72.30.79.93 - - [04/Jun/2009:19:55:58 +0200] "GET /games/virtualcop/virtualcop.html HTTP/1.0" 200 4487 "-" "Mozilla/5.0 (compatible; Yahoo! Slurp/3.0; http://help.yahoo.com/help/us/ysearch/slurp)"
38.99.44.105 - - [04/Jun/2009:20:21:30 +0200] "GET /zampa/lybia/index.html HTTP/1.0" 200 3036 "-" "Mozilla/5.0 (Twiceler-0.9 http://www.cuil.com/twiceler/robot.html)"
83.133.125.202 - - [04/Jun/2009:20:37:10 +0200] "GET / HTTP/1.0" 200 7869 "-" "-"
83.133.125.202 - - [04/Jun/2009:20:37:10 +0200] "GET / HTTP/1.0" 200 7869 "-" "-"
123.125.64.49 - - [04/Jun/2009:21:20:28 +0200] "GET / HTTP/1.1" 200 7869 "-" "Baiduspider+(+http://www.baidu.com/search/spider.htm)"
123.125.64.51 - - [04/Jun/2009:21:22:03 +0200] "GET / HTTP/1.1" 200 7869 "-" "Baiduspider+(+http://www.baidu.com/search/spider.htm)"
77.88.42.26 - - [04/Jun/2009:21:25:56 +0200] "GET /robots.txt HTTP/1.1" 302 363 "-" "Yandex/1.01.001 (compatible; Win16; I)"
77.88.42.26 - - [04/Jun/2009:21:25:56 +0200] "GET / HTTP/1.1" 302 353 "-" "Yandex/1.01.001 (compatible; Win16; I)"
72.30.79.93 - - [04/Jun/2009:21:29:00 +0200] "GET /framez-girlz-neon.html HTTP/1.0" 200 4388 "-" "Mozilla/5.0 (compatible; Yahoo! Slurp/3.0; http://help.yahoo.com/help/us/ysearch/slurp)"
72.30.79.93 - - [04/Jun/2009:21:29:03 +0200] "GET /frame-menu.html HTTP/1.0" 200 10500 "http://www.various-euro.com/framez-girlz-neon.html" "Mozilla/5.0 (compatible; Yahoo! Slurp/3.0; http://help.yahoo.com/help/us/ysearch/slurp)"
72.30.79.93 - - [04/Jun/2009:21:29:03 +0200] "GET /neon/girlz2.html HTTP/1.0" 200 2937 "http://www.various-euro.com/framez-girlz-neon.html" "Mozilla/5.0 (compatible; Yahoo! Slurp/3.0; http://help.yahoo.com/help/us/ysearch/slurp)"
72.30.79.93 - - [04/Jun/2009:21:29:03 +0200] "GET /frame-unten.html HTTP/1.0" 200 5308 "http://www.various-euro.com/framez-girlz-neon.html" "Mozilla/5.0 (compatible; Yahoo! Slurp/3.0; http://help.yahoo.com/help/us/ysearch/slurp)"
72.30.79.93 - - [04/Jun/2009:21:29:05 +0200] "GET /style/various-euro.css HTTP/1.0" 304 - "http://www.various-euro.com/frame-menu.html" "Mozilla/5.0 (compatible; Yahoo! Slurp/3.0; http://help.yahoo.com/help/us/ysearch/slurp)"
72.30.78.230 - - [04/Jun/2009:21:47:15 +0200] "GET /f-euro.html HTTP/1.0" 200 12203 "-" "Mozilla/5.0 (compatible; Yahoo! Slurp/3.0; http://help.yahoo.com/help/us/ysearch/slurp)"
65.55.230.248 - - [04/Jun/2009:21:47:27 +0200] "GET /robots.txt HTTP/1.1" 200 64 "-" "msnbot-media/1.1 (+http://search.msn.com/msnbot.htm)"
65.55.230.248 - - [04/Jun/2009:21:47:27 +0200] "GET /zampa-lovers/index.html HTTP/1.1" 200 37790 "-" "msnbot-media/1.1 (+http://search.msn.com/msnbot.htm)"
209.85.238.251 - - [04/Jun/2009:22:11:38 +0200] "GET / HTTP/1.1" 302 353 "-" "Feedfetcher-Google; (+http://www.google.com/feedfetcher.html; 1 subscribers; feed-id=5454548576667470243)"
66.249.68.161 - - [04/Jun/2009:22:34:26 +0200] "GET /zampa/montenegro/SEKAW.html HTTP/1.1" 200 860 "-" "Mozilla/5.0 (compatible; Googlebot/2.1; +http://www.google.com/bot.html)"
65.55.106.185 - - [04/Jun/2009:22:40:09 +0200] "GET /robots.txt HTTP/1.1" 200 64 "-" "msnbot/2.0b (+http://search.msn.com/msnbot.htm)"
65.55.106.185 - - [04/Jun/2009:22:41:02 +0200] "GET /menue.html HTTP/1.1" 404 2748 "-" "msnbot/2.0b (+http://search.msn.com/msnbot.htm)"
67.202.41.3 - - [04/Jun/2009:23:14:39 +0200] "GET /robots.txt HTTP/1.0" 200 64 "-" "ia_archiver (+http://www.alexa.com/site/help/webmasters; crawler@alexa.com)"
209.85.238.240 - - [04/Jun/2009:23:19:14 +0200] "GET /zampa/ HTTP/1.1" 200 7153 "-" "Feedfetcher-Google; (+http://www.google.com/feedfetcher.html; 1 subscribers; feed-id=5454548576667470243)"
72.30.79.93 - - [04/Jun/2009:23:22:32 +0200] "GET /zampa/montenegro/index.html HTTP/1.0" 200 2651 "-" "Mozilla/5.0 (compatible; Yahoo! Slurp/3.0; http://help.yahoo.com/help/us/ysearch/slurp)"
71.247.4.252 - - [04/Jun/2009:23:43:43 +0200] "GET / HTTP/1.1" 200 7869 "-" "Mozilla/5.0 (Windows; U; Windows NT 6.0; en-US; rv:1.9.0.10) Gecko/2009042316 Firefox/3.0.10 (.NET CLR 3.5.30729)"
71.247.4.252 - - [04/Jun/2009:23:43:44 +0200] "GET /ve-icon-2.ico HTTP/1.1" 200 2238 "-" "Mozilla/5.0 (Windows; U; Windows NT 6.0; en-US; rv:1.9.0.10) Gecko/2009042316 Firefox/3.0.10 (.NET CLR 3.5.30729)"
71.247.4.252 - - [04/Jun/2009:23:43:44 +0200] "GET /style/various-euro.css HTTP/1.1" 200 3437 "http://www.various-euro.com/" "Mozilla/5.0 (Windows; U; Windows NT 6.0; en-US; rv:1.9.0.10) Gecko/2009042316 Firefox/3.0.10 (.NET CLR 3.5.30729)"
66.249.68.161 - - [04/Jun/2009:23:44:46 +0200] "GET /schubb/schubb-2.html HTTP/1.1" 200 16660 "-" "Mozilla/5.0 (compatible; Googlebot/2.1; +http://www.google.com/bot.html)"
72.30.79.93 - - [05/Jun/2009:00:03:54 +0200] "GET / HTTP/1.0" 200 7869 "-" "Mozilla/5.0 (compatible; Yahoo! Slurp/3.0; http://help.yahoo.com/help/us/ysearch/slurp)"
72.30.79.93 - - [05/Jun/2009:00:03:54 +0200] "GET /style/various-euro.css HTTP/1.0" 304 - "http://www.various-euro.com/" "Mozilla/5.0 (compatible; Yahoo! Slurp/3.0; http://help.yahoo.com/help/us/ysearch/slurp)"
65.55.211.160 - - [05/Jun/2009:00:43:42 +0200] "GET /robots.txt HTTP/1.1" 200 64 "-" "msnbot/1.1 (+http://search.msn.com/msnbot.htm)"
65.55.211.160 - - [05/Jun/2009:00:43:42 +0200] "GET /euro.html HTTP/1.1" 404 2748 "-" "msnbot/1.1 (+http://search.msn.com/msnbot.htm)"
76.254.9.104 - - [05/Jun/2009:01:21:51 +0200] "GET /zampa/montenegro/contributions.html HTTP/1.0" 200 18843 "-" "Mozilla/4.0 (compatible; MSIE 6.0; Windows NT 5.1)"
72.30.79.93 - - [05/Jun/2009:01:27:12 +0200] "GET /your_tour.html HTTP/1.0" 200 29760 "-" "Mozilla/5.0 (compatible; Yahoo! Slurp/3.0; http://help.yahoo.com/help/us/ysearch/slurp)"
72.30.79.93 - - [05/Jun/2009:01:27:17 +0200] "GET /anon.css HTTP/1.0" 404 2748 "http://www.various-euro.com/your_tour.html" "Mozilla/5.0 (compatible; Yahoo! Slurp/3.0; http://help.yahoo.com/help/us/ysearch/slurp)"
38.99.44.105 - - [05/Jun/2009:01:27:22 +0200] "GET /zampa/montenegro/index.html HTTP/1.0" 200 2651 "-" "Mozilla/5.0 (Twiceler-0.9 http://www.cuil.com/twiceler/robot.html)"
72.30.79.93 - - [05/Jun/2009:01:30:58 +0200] "GET /neon/girlz3.html HTTP/1.0" 200 2479 "-" "Mozilla/5.0 (compatible; Yahoo! Slurp/3.0; http://help.yahoo.com/help/us/ysearch/slurp)"
65.55.106.186 - - [05/Jun/2009:01:32:01 +0200] "GET /zampa/montenegro/MILOW.html HTTP/1.1" 200 860 "-" "msnbot/2.0b (+http://search.msn.com/msnbot.htm)"
65.55.51.114 - - [05/Jun/2009:01:54:00 +0200] "GET /robots.txt HTTP/1.1" 302 363 "-" "msnbot/2.0b (+http://search.msn.com/msnbot.htm)"
65.55.51.114 - - [05/Jun/2009:01:54:01 +0200] "GET /zampa/robots.txt HTTP/1.1" 404 2748 "-" "msnbot/2.0b (+http://search.msn.com/msnbot.htm)"
66.249.68.161 - - [05/Jun/2009:02:05:17 +0200] "GET /neon/girl-tv.html HTTP/1.1" 200 1717 "-" "Mozilla/5.0 (compatible; Googlebot/2.1; +http://www.google.com/bot.html)"
209.85.238.251 - - [05/Jun/2009:02:19:18 +0200] "GET / HTTP/1.1" 302 353 "-" "Feedfetcher-Google; (+http://www.google.com/feedfetcher.html; 1 subscribers; feed-id=5454548576667470243)"
209.85.238.240 - - [05/Jun/2009:02:19:21 +0200] "GET /zampa/ HTTP/1.1" 200 7153 "-" "Feedfetcher-Google; (+http://www.google.com/feedfetcher.html; 1 subscribers; feed-id=5454548576667470243)"
72.30.79.93 - - [05/Jun/2009:02:44:30 +0200] "GET /robots.txt HTTP/1.0" 200 64 "-" "Mozilla/5.0 (compatible; Yahoo! Slurp; http://help.yahoo.com/help/us/ysearch/slurp)"
72.30.79.93 - - [05/Jun/2009:02:44:31 +0200] "GET /neon/gigant.html HTTP/1.0" 200 408 "-" "Mozilla/5.0 (compatible; Yahoo! Slurp/3.0; http://help.yahoo.com/help/us/ysearch/slurp)"
67.16.94.2 - - [05/Jun/2009:03:18:37 +0200] "GET /robots.txt HTTP/1.0" 200 64 "-" "Gigabot/3.0 (http://www.gigablast.com/spider.html)"
67.16.94.2 - - [05/Jun/2009:03:18:38 +0200] "GET / HTTP/1.0" 200 7869 "-" "Gigabot/3.0 (http://www.gigablast.com/spider.html)"
114.111.36.31 - - [05/Jun/2009:03:20:55 +0200] "GET /robots.txt HTTP/1.1" 200 64 "-" "Mozilla/4.0 (compatible; NaverBot/1.0; http://help.naver.com/customer_webtxt_02.jsp)"
114.111.36.31 - - [05/Jun/2009:03:20:55 +0200] "GET /f-search.html HTTP/1.1" 200 11800 "-" "Mozilla/4.0 (compatible; NaverBot/1.0; http://help.naver.com/customer_webtxt_02.jsp)"
220.181.61.234 - - [05/Jun/2009:03:36:31 +0200] "GET / HTTP/1.1" 200 7869 "-" "Sogou web spider/4.0(+http://www.sogou.com/docs/help/webmasters.htm#07)"
220.181.61.234 - - [05/Jun/2009:03:36:37 +0200] "GET /framez_0.html HTTP/1.1" 200 12285 "-" "Sogou web spider/4.0(+http://www.sogou.com/docs/help/webmasters.htm#07)"
72.30.78.230 - - [05/Jun/2009:03:42:29 +0200] "GET /robots.txt HTTP/1.0" 200 64 "-" "Mozilla/5.0 (compatible; Yahoo! Slurp; http://help.yahoo.com/help/us/ysearch/slurp)"
72.30.78.230 - - [05/Jun/2009:03:42:30 +0200] "GET /framez-girlz-neon.html HTTP/1.0" 200 4388 "-" "Mozilla/5.0 (compatible; Yahoo! Slurp/3.0; http://help.yahoo.com/help/us/ysearch/slurp)"
72.30.78.230 - - [05/Jun/2009:03:42:35 +0200] "GET /frame-unten.html HTTP/1.0" 200 5308 "http://various-euro.com/framez-girlz-neon.html" "Mozilla/5.0 (compatible; Yahoo! Slurp/3.0; http://help.yahoo.com/help/us/ysearch/slurp)"
72.30.78.230 - - [05/Jun/2009:03:42:35 +0200] "GET /frame-menu.html HTTP/1.0" 200 10500 "http://various-euro.com/framez-girlz-neon.html" "Mozilla/5.0 (compatible; Yahoo! Slurp/3.0; http://help.yahoo.com/help/us/ysearch/slurp)"
72.30.78.230 - - [05/Jun/2009:03:42:35 +0200] "GET /neon/girlz2.html HTTP/1.0" 200 2937 "http://various-euro.com/framez-girlz-neon.html" "Mozilla/5.0 (compatible; Yahoo! Slurp/3.0; http://help.yahoo.com/help/us/ysearch/slurp)"
72.30.78.230 - - [05/Jun/2009:03:42:37 +0200] "GET /style/various-euro.css HTTP/1.0" 304 - "http://various-euro.com/frame-menu.html" "Mozilla/5.0 (compatible; Yahoo! Slurp/3.0; http://help.yahoo.com/help/us/ysearch/slurp)"
83.243.71.154 - - [05/Jun/2009:04:00:44 +0200] "GET / HTTP/1.1" 200 7869 "-" "Mozilla/5.0 (Windows; U; Windows NT 5.1; ru; rv:1.9.0.10) Gecko/2009042316 Firefox/3.0.10 (.NET CLR 3.5.30729)"
83.243.71.154 - - [05/Jun/2009:04:00:44 +0200] "GET /ve-icon-2.ico HTTP/1.1" 200 2238 "-" "Mozilla/5.0 (Windows; U; Windows NT 5.1; ru; rv:1.9.0.10) Gecko/2009042316 Firefox/3.0.10 (.NET CLR 3.5.30729)"
83.243.71.154 - - [05/Jun/2009:04:00:44 +0200] "GET /style/various-euro.css HTTP/1.1" 200 3437 "http://www.various-euro.com/" "Mozilla/5.0 (Windows; U; Windows NT 5.1; ru; rv:1.9.0.10) Gecko/2009042316 Firefox/3.0.10 (.NET CLR 3.5.30729)"
83.243.71.154 - - [05/Jun/2009:04:00:44 +0200] "GET /framez_0.html HTTP/1.1" 200 12285 "http://www.various-euro.com/" "Mozilla/5.0 (Windows; U; Windows NT 5.1; ru; rv:1.9.0.10) Gecko/2009042316 Firefox/3.0.10 (.NET CLR 3.5.30729)"
83.243.71.154 - - [05/Jun/2009:04:00:46 +0200] "GET /framez.html HTTP/1.1" 200 3959 "http://www.various-euro.com/framez_0.html" "Mozilla/5.0 (Windows; U; Windows NT 5.1; ru; rv:1.9.0.10) Gecko/2009042316 Firefox/3.0.10 (.NET CLR 3.5.30729)"
83.243.71.154 - - [05/Jun/2009:04:00:46 +0200] "GET /frame-menu.html HTTP/1.1" 200 10500 "http://www.various-euro.com/framez.html" "Mozilla/5.0 (Windows; U; Windows NT 5.1; ru; rv:1.9.0.10) Gecko/2009042316 Firefox/3.0.10 (.NET CLR 3.5.30729)"
83.243.71.154 - - [05/Jun/2009:04:00:46 +0200] "GET /frame-unten.html HTTP/1.1" 200 5308 "http://www.various-euro.com/framez.html" "Mozilla/5.0 (Windows; U; Windows NT 5.1; ru; rv:1.9.0.10) Gecko/2009042316 Firefox/3.0.10 (.NET CLR 3.5.30729)"
83.243.71.154 - - [05/Jun/2009:04:00:46 +0200] "GET /frame-inhalt.html HTTP/1.1" 200 7688 "http://www.various-euro.com/framez.html" "Mozilla/5.0 (Windows; U; Windows NT 5.1; ru; rv:1.9.0.10) Gecko/2009042316 Firefox/3.0.10 (.NET CLR 3.5.30729)"
83.243.71.154 - - [05/Jun/2009:04:00:47 +0200] "GET /eurosign3.gif HTTP/1.1" 200 7879 "http://www.various-euro.com/frame-inhalt.html" "Mozilla/5.0 (Windows; U; Windows NT 5.1; ru; rv:1.9.0.10) Gecko/2009042316 Firefox/3.0.10 (.NET CLR 3.5.30729)"
83.243.71.154 - - [05/Jun/2009:04:00:47 +0200] "GET /bannerz/neon_click_3.gif HTTP/1.1" 200 240 "http://www.various-euro.com/frame-inhalt.html" "Mozilla/5.0 (Windows; U; Windows NT 5.1; ru; rv:1.9.0.10) Gecko/2009042316 Firefox/3.0.10 (.NET CLR 3.5.30729)"
83.243.71.154 - - [05/Jun/2009:04:00:47 +0200] "GET /bannerz/neon_click_1.gif HTTP/1.1" 200 890 "http://www.various-euro.com/frame-inhalt.html" "Mozilla/5.0 (Windows; U; Windows NT 5.1; ru; rv:1.9.0.10) Gecko/2009042316 Firefox/3.0.10 (.NET CLR 3.5.30729)"
83.243.71.154 - - [05/Jun/2009:04:00:47 +0200] "GET /bannerz/neon_click_2.gif HTTP/1.1" 200 387 "http://www.various-euro.com/frame-inhalt.html" "Mozilla/5.0 (Windows; U; Windows NT 5.1; ru; rv:1.9.0.10) Gecko/2009042316 Firefox/3.0.10 (.NET CLR 3.5.30729)"
83.243.71.154 - - [05/Jun/2009:04:00:47 +0200] "GET /bannerz/douwil.gif HTTP/1.1" 200 528 "http://www.various-euro.com/frame-inhalt.html" "Mozilla/5.0 (Windows; U; Windows NT 5.1; ru; rv:1.9.0.10) Gecko/2009042316 Firefox/3.0.10 (.NET CLR 3.5.30729)"
83.243.71.154 - - [05/Jun/2009:04:00:47 +0200] "GET /bannerz/wet.gif HTTP/1.1" 200 18561 "http://www.various-euro.com/frame-inhalt.html" "Mozilla/5.0 (Windows; U; Windows NT 5.1; ru; rv:1.9.0.10) Gecko/2009042316 Firefox/3.0.10 (.NET CLR 3.5.30729)"
83.243.71.154 - - [05/Jun/2009:04:00:47 +0200] "GET /bannerz/copyleft_black_small.gif HTTP/1.1" 200 1231 "http://www.various-euro.com/frame-inhalt.html" "Mozilla/5.0 (Windows; U; Windows NT 5.1; ru; rv:1.9.0.10) Gecko/2009042316 Firefox/3.0.10 (.NET CLR 3.5.30729)"
83.243.71.154 - - [05/Jun/2009:04:00:47 +0200] "GET /bannerz/anti_black_small.gif HTTP/1.1" 200 1009 "http://www.various-euro.com/frame-inhalt.html" "Mozilla/5.0 (Windows; U; Windows NT 5.1; ru; rv:1.9.0.10) Gecko/2009042316 Firefox/3.0.10 (.NET CLR 3.5.30729)"
83.243.71.154 - - [05/Jun/2009:04:00:47 +0200] "GET /bannerz/ve.jpg HTTP/1.1" 200 36912 "http://www.various-euro.com/frame-unten.html" "Mozilla/5.0 (Windows; U; Windows NT 5.1; ru; rv:1.9.0.10) Gecko/2009042316 Firefox/3.0.10 (.NET CLR 3.5.30729)"
83.243.71.154 - - [05/Jun/2009:04:00:47 +0200] "GET /bannerz/google/Logo_40blk.gif HTTP/1.1" 200 2308 "http://www.various-euro.com/frame-inhalt.html" "Mozilla/5.0 (Windows; U; Windows NT 5.1; ru; rv:1.9.0.10) Gecko/2009042316 Firefox/3.0.10 (.NET CLR 3.5.30729)"
83.243.71.154 - - [05/Jun/2009:04:00:47 +0200] "GET /bannerz/various-euro-girl.jpg HTTP/1.1" 200 91514 "http://www.various-euro.com/frame-unten.html" "Mozilla/5.0 (Windows; U; Windows NT 5.1; ru; rv:1.9.0.10) Gecko/2009042316 Firefox/3.0.10 (.NET CLR 3.5.30729)"
83.243.71.154 - - [05/Jun/2009:04:01:58 +0200] "GET /neon/euro.html HTTP/1.1" 200 2212 "http://www.various-euro.com/frame-inhalt.html" "Mozilla/5.0 (Windows; U; Windows NT 5.1; ru; rv:1.9.0.10) Gecko/2009042316 Firefox/3.0.10 (.NET CLR 3.5.30729)"
83.243.71.154 - - [05/Jun/2009:04:01:58 +0200] "GET /neon/euross.gif HTTP/1.1" 200 9949 "http://www.various-euro.com/neon/euro.html" "Mozilla/5.0 (Windows; U; Windows NT 5.1; ru; rv:1.9.0.10) Gecko/2009042316 Firefox/3.0.10 (.NET CLR 3.5.30729)"
83.243.71.154 - - [05/Jun/2009:04:01:58 +0200] "GET /neon/EURO23a.gif HTTP/1.1" 200 33058 "http://www.various-euro.com/neon/euro.html" "Mozilla/5.0 (Windows; U; Windows NT 5.1; ru; rv:1.9.0.10) Gecko/2009042316 Firefox/3.0.10 (.NET CLR 3.5.30729)"
83.243.71.154 - - [05/Jun/2009:04:01:58 +0200] "GET /neon/EURO2gif.gif HTTP/1.1" 200 28944 "http://www.various-euro.com/neon/euro.html" "Mozilla/5.0 (Windows; U; Windows NT 5.1; ru; rv:1.9.0.10) Gecko/2009042316 Firefox/3.0.10 (.NET CLR 3.5.30729)"
83.243.71.154 - - [05/Jun/2009:04:01:58 +0200] "GET /neon/EURO23b.gif HTTP/1.1" 200 37153 "http://www.various-euro.com/neon/euro.html" "Mozilla/5.0 (Windows; U; Windows NT 5.1; ru; rv:1.9.0.10) Gecko/2009042316 Firefox/3.0.10 (.NET CLR 3.5.30729)"
83.243.71.154 - - [05/Jun/2009:04:01:58 +0200] "GET /neon/EURO23.gif HTTP/1.1" 200 28963 "http://www.various-euro.com/neon/euro.html" "Mozilla/5.0 (Windows; U; Windows NT 5.1; ru; rv:1.9.0.10) Gecko/2009042316 Firefox/3.0.10 (.NET CLR 3.5.30729)"
83.243.71.154 - - [05/Jun/2009:04:01:58 +0200] "GET /neon/EURO23c.gif HTTP/1.1" 200 41248 "http://www.various-euro.com/neon/euro.html" "Mozilla/5.0 (Windows; U; Windows NT 5.1; ru; rv:1.9.0.10) Gecko/2009042316 Firefox/3.0.10 (.NET CLR 3.5.30729)"
83.243.71.154 - - [05/Jun/2009:04:01:58 +0200] "GET /favicon.ico HTTP/1.1" 404 2748 "-" "Mozilla/5.0 (Windows; U; Windows NT 5.1; ru; rv:1.9.0.10) Gecko/2009042316 Firefox/3.0.10 (.NET CLR 3.5.30729)"
83.243.71.154 - - [05/Jun/2009:04:02:02 +0200] "GET /favicon.ico HTTP/1.1" 404 2748 "-" "Mozilla/5.0 (Windows; U; Windows NT 5.1; ru; rv:1.9.0.10) Gecko/2009042316 Firefox/3.0.10 (.NET CLR 3.5.30729)"
83.243.71.154 - - [05/Jun/2009:04:02:05 +0200] "GET /neon/warning2.html HTTP/1.1" 200 997 "http://www.various-euro.com/neon/euro.html" "Mozilla/5.0 (Windows; U; Windows NT 5.1; ru; rv:1.9.0.10) Gecko/2009042316 Firefox/3.0.10 (.NET CLR 3.5.30729)"
83.243.71.154 - - [05/Jun/2009:04:02:06 +0200] "GET /bannerz/drugs-pillz.jpg HTTP/1.1" 200 7060 "http://www.various-euro.com/neon/warning2.html" "Mozilla/5.0 (Windows; U; Windows NT 5.1; ru; rv:1.9.0.10) Gecko/2009042316 Firefox/3.0.10 (.NET CLR 3.5.30729)"
83.243.71.154 - - [05/Jun/2009:04:02:06 +0200] "GET /bannerz/warning.gif HTTP/1.1" 200 3352 "http://www.various-euro.com/neon/warning2.html" "Mozilla/5.0 (Windows; U; Windows NT 5.1; ru; rv:1.9.0.10) Gecko/2009042316 Firefox/3.0.10 (.NET CLR 3.5.30729)"
83.243.71.154 - - [05/Jun/2009:04:02:06 +0200] "GET /bannerz/moneys.gif HTTP/1.1" 200 13192 "http://www.various-euro.com/neon/warning2.html" "Mozilla/5.0 (Windows; U; Windows NT 5.1; ru; rv:1.9.0.10) Gecko/2009042316 Firefox/3.0.10 (.NET CLR 3.5.30729)"
83.243.71.154 - - [05/Jun/2009:04:02:11 +0200] "GET /neon/large.html HTTP/1.1" 200 1547 "http://www.various-euro.com/neon/warning2.html" "Mozilla/5.0 (Windows; U; Windows NT 5.1; ru; rv:1.9.0.10) Gecko/2009042316 Firefox/3.0.10 (.NET CLR 3.5.30729)"
83.243.71.154 - - [05/Jun/2009:04:02:11 +0200] "GET /bannerz/hand.gif HTTP/1.1" 200 14150 "http://www.various-euro.com/neon/large.html" "Mozilla/5.0 (Windows; U; Windows NT 5.1; ru; rv:1.9.0.10) Gecko/2009042316 Firefox/3.0.10 (.NET CLR 3.5.30729)"
83.243.71.154 - - [05/Jun/2009:04:02:11 +0200] "GET /vgirls/penilesecrets2.gif HTTP/1.1" 200 9531 "http://www.various-euro.com/neon/large.html" "Mozilla/5.0 (Windows; U; Windows NT 5.1; ru; rv:1.9.0.10) Gecko/2009042316 Firefox/3.0.10 (.NET CLR 3.5.30729)"
83.243.71.154 - - [05/Jun/2009:04:02:11 +0200] "GET /vgirls/penis_ban4.gif HTTP/1.1" 200 9108 "http://www.various-euro.com/neon/large.html" "Mozilla/5.0 (Windows; U; Windows NT 5.1; ru; rv:1.9.0.10) Gecko/2009042316 Firefox/3.0.10 (.NET CLR 3.5.30729)"
83.243.71.154 - - [05/Jun/2009:04:02:11 +0200] "GET /vgirls/huge.gif HTTP/1.1" 200 6046 "http://www.various-euro.com/neon/large.html" "Mozilla/5.0 (Windows; U; Windows NT 5.1; ru; rv:1.9.0.10) Gecko/2009042316 Firefox/3.0.10 (.NET CLR 3.5.30729)"
83.243.71.154 - - [05/Jun/2009:04:02:11 +0200] "GET /vgirls/huge2.gif HTTP/1.1" 200 7715 "http://www.various-euro.com/neon/large.html" "Mozilla/5.0 (Windows; U; Windows NT 5.1; ru; rv:1.9.0.10) Gecko/2009042316 Firefox/3.0.10 (.NET CLR 3.5.30729)"
83.243.71.154 - - [05/Jun/2009:04:02:11 +0200] "GET /vgirls/penilefitnessrec.jpg HTTP/1.1" 200 4077 "http://www.various-euro.com/neon/large.html" "Mozilla/5.0 (Windows; U; Windows NT 5.1; ru; rv:1.9.0.10) Gecko/2009042316 Firefox/3.0.10 (.NET CLR 3.5.30729)"
83.243.71.154 - - [05/Jun/2009:04:02:11 +0200] "GET /vgirls/inches2.gif HTTP/1.1" 200 16085 "http://www.various-euro.com/neon/large.html" "Mozilla/5.0 (Windows; U; Windows NT 5.1; ru; rv:1.9.0.10) Gecko/2009042316 Firefox/3.0.10 (.NET CLR 3.5.30729)"
83.243.71.154 - - [05/Jun/2009:04:02:19 +0200] "GET /neon/annniiii.html HTTP/1.1" 200 686 "http://www.various-euro.com/neon/large.html" "Mozilla/5.0 (Windows; U; Windows NT 5.1; ru; rv:1.9.0.10) Gecko/2009042316 Firefox/3.0.10 (.NET CLR 3.5.30729)"
83.243.71.154 - - [05/Jun/2009:04:02:19 +0200] "GET /neon/blacksatin.jpg HTTP/1.1" 200 5695 "http://www.various-euro.com/neon/annniiii.html" "Mozilla/5.0 (Windows; U; Windows NT 5.1; ru; rv:1.9.0.10) Gecko/2009042316 Firefox/3.0.10 (.NET CLR 3.5.30729)"
83.243.71.154 - - [05/Jun/2009:04:02:19 +0200] "GET /neon/pam.gif HTTP/1.1" 200 17268 "http://www.various-euro.com/neon/annniiii.html" "Mozilla/5.0 (Windows; U; Windows NT 5.1; ru; rv:1.9.0.10) Gecko/2009042316 Firefox/3.0.10 (.NET CLR 3.5.30729)"
83.243.71.154 - - [05/Jun/2009:04:02:19 +0200] "GET /neon/pamtv.gif HTTP/1.1" 200 9732 "http://www.various-euro.com/neon/annniiii.html" "Mozilla/5.0 (Windows; U; Windows NT 5.1; ru; rv:1.9.0.10) Gecko/2009042316 Firefox/3.0.10 (.NET CLR 3.5.30729)"
83.243.71.154 - - [05/Jun/2009:04:02:24 +0200] "GET /neon/euro.html HTTP/1.1" 200 2212 "http://www.various-euro.com/neon/annniiii.html" "Mozilla/5.0 (Windows; U; Windows NT 5.1; ru; rv:1.9.0.10) Gecko/2009042316 Firefox/3.0.10 (.NET CLR 3.5.30729)"
83.243.71.154 - - [05/Jun/2009:04:02:26 +0200] "GET /neon/channel.html HTTP/1.1" 200 1942 "http://www.various-euro.com/neon/euro.html" "Mozilla/5.0 (Windows; U; Windows NT 5.1; ru; rv:1.9.0.10) Gecko/2009042316 Firefox/3.0.10 (.NET CLR 3.5.30729)"
83.243.71.154 - - [05/Jun/2009:04:02:27 +0200] "GET /neon/channelbanner.gif HTTP/1.1" 200 9980 "http://www.various-euro.com/neon/channel.html" "Mozilla/5.0 (Windows; U; Windows NT 5.1; ru; rv:1.9.0.10) Gecko/2009042316 Firefox/3.0.10 (.NET CLR 3.5.30729)"
83.243.71.154 - - [05/Jun/2009:04:02:27 +0200] "GET /neon/channelbanner3.gif HTTP/1.1" 200 3047 "http://www.various-euro.com/neon/channel.html" "Mozilla/5.0 (Windows; U; Windows NT 5.1; ru; rv:1.9.0.10) Gecko/2009042316 Firefox/3.0.10 (.NET CLR 3.5.30729)"
83.243.71.154 - - [05/Jun/2009:04:02:36 +0200] "GET /neon/warning.html HTTP/1.1" 200 5134 "http://www.various-euro.com/neon/channel.html" "Mozilla/5.0 (Windows; U; Windows NT 5.1; ru; rv:1.9.0.10) Gecko/2009042316 Firefox/3.0.10 (.NET CLR 3.5.30729)"
83.243.71.154 - - [05/Jun/2009:04:02:36 +0200] "GET /bannerz/hand-of-doom.jpg HTTP/1.1" 200 10971 "http://www.various-euro.com/neon/warning.html" "Mozilla/5.0 (Windows; U; Windows NT 5.1; ru; rv:1.9.0.10) Gecko/2009042316 Firefox/3.0.10 (.NET CLR 3.5.30729)"
83.243.71.154 - - [05/Jun/2009:04:02:36 +0200] "GET /bannerz/exit.gif HTTP/1.1" 200 2988 "http://www.various-euro.com/neon/warning.html" "Mozilla/5.0 (Windows; U; Windows NT 5.1; ru; rv:1.9.0.10) Gecko/2009042316 Firefox/3.0.10 (.NET CLR 3.5.30729)"
83.243.71.154 - - [05/Jun/2009:04:02:36 +0200] "GET /bannerz/enter.gif HTTP/1.1" 200 4003 "http://www.various-euro.com/neon/warning.html" "Mozilla/5.0 (Windows; U; Windows NT 5.1; ru; rv:1.9.0.10) Gecko/2009042316 Firefox/3.0.10 (.NET CLR 3.5.30729)"
83.243.71.154 - - [05/Jun/2009:04:02:36 +0200] "GET /bannerz/warning-black.gif HTTP/1.1" 200 18176 "http://www.various-euro.com/neon/warning.html" "Mozilla/5.0 (Windows; U; Windows NT 5.1; ru; rv:1.9.0.10) Gecko/2009042316 Firefox/3.0.10 (.NET CLR 3.5.30729)"
83.243.71.154 - - [05/Jun/2009:04:02:49 +0200] "GET /neon/warning2.html HTTP/1.1" 200 997 "http://www.various-euro.com/neon/warning.html" "Mozilla/5.0 (Windows; U; Windows NT 5.1; ru; rv:1.9.0.10) Gecko/2009042316 Firefox/3.0.10 (.NET CLR 3.5.30729)"
77.88.42.26 - - [05/Jun/2009:04:21:31 +0200] "GET /robots.txt HTTP/1.1" 302 363 "-" "Yandex/1.01.001 (compatible; Win16; I)"
77.88.42.26 - - [05/Jun/2009:04:21:31 +0200] "GET / HTTP/1.1" 302 353 "-" "Yandex/1.01.001 (compatible; Win16; I)"
65.55.106.210 - - [05/Jun/2009:04:34:07 +0200] "GET /robots.txt HTTP/1.1" 200 64 "-" "msnbot/2.0b (+http://search.msn.com/msnbot.htm)"
38.99.13.116 - - [05/Jun/2009:05:16:48 +0200] "GET /robots.txt HTTP/1.0" 302 363 "-" "Mozilla/5.0 (Twiceler-0.9 http://www.cuil.com/twiceler/robot.html)"
209.85.238.251 - - [05/Jun/2009:05:48:21 +0200] "GET / HTTP/1.1" 302 353 "-" "Feedfetcher-Google; (+http://www.google.com/feedfetcher.html; 1 subscribers; feed-id=5454548576667470243)"
61.247.222.44 - - [05/Jun/2009:06:09:42 +0200] "GET /robots.txt HTTP/1.1" 200 64 "-" "Yeti/1.0 (NHN Corp.; http://help.naver.com/robots/)"
61.247.222.44 - - [05/Jun/2009:06:09:43 +0200] "GET /framez-zampa-lovers.html HTTP/1.1" 200 4322 "-" "Yeti/1.0 (NHN Corp.; http://help.naver.com/robots/)"
