67.195.115.213 - - [25/Jun/2009:15:24:04 +0200] "GET /frame-menu.html HTTP/1.0" 200 10500 "http://www.various-euro.com/framez-rez.html" "Mozilla/5.0 (compatible; Yahoo! Slurp/3.0; http://help.yahoo.com/help/us/ysearch/slurp)"
67.195.115.213 - - [25/Jun/2009:15:24:06 +0200] "GET /style/various-euro.css HTTP/1.0" 304 - "http://www.various-euro.com/frame-menu.html" "Mozilla/5.0 (compatible; Yahoo! Slurp/3.0; http://help.yahoo.com/help/us/ysearch/slurp)"
65.55.106.147 - - [25/Jun/2009:15:37:10 +0200] "GET /robots.txt HTTP/1.1" 302 363 "-" "msnbot/2.0b (+http://search.msn.com/msnbot.htm)"
65.55.106.147 - - [25/Jun/2009:15:37:10 +0200] "GET /zampa/robots.txt HTTP/1.1" 404 2748 "-" "msnbot/2.0b (+http://search.msn.com/msnbot.htm)"
38.99.44.105 - - [25/Jun/2009:15:38:40 +0200] "GET /robots.txt HTTP/1.0" 200 64 "-" "Mozilla/5.0 (Twiceler-0.9 http://www.cuil.com/twiceler/robot.html)"
95.86.34.194 - - [25/Jun/2009:15:40:44 +0200] "GET /logs/daily_usage_200905.png HTTP/1.1" 200 3791 "http://www.various-euro.com/logs/usage_200905.html" "Mozilla/5.0 (Windows; U; Windows NT 5.1; mk; rv:1.9.0.11) Gecko/2009060215 Firefox/3.0.11"
95.86.34.194 - - [25/Jun/2009:15:40:44 +0200] "GET /logs/hourly_usage_200905.png HTTP/1.1" 200 2180 "http://www.various-euro.com/logs/usage_200905.html" "Mozilla/5.0 (Windows; U; Windows NT 5.1; mk; rv:1.9.0.11) Gecko/2009060215 Firefox/3.0.11"
95.86.34.194 - - [25/Jun/2009:15:40:44 +0200] "GET /logs/usage_200905.html HTTP/1.1" 200 161148 "http://www.google.com/search?hl=mk&q=EURO+TURS+SIMULATOR&btnG=%D0%91%D0%B0%D1%80%D0%B0%D1%98" "Mozilla/5.0 (Windows; U; Windows NT 5.1; mk; rv:1.9.0.11) Gecko/2009060215 Firefox/3.0.11"
95.86.34.194 - - [25/Jun/2009:15:40:45 +0200] "GET /logs/ctry_usage_200905.png HTTP/1.1" 200 5326 "http://www.various-euro.com/logs/usage_200905.html" "Mozilla/5.0 (Windows; U; Windows NT 5.1; mk; rv:1.9.0.11) Gecko/2009060215 Firefox/3.0.11"
95.86.34.194 - - [25/Jun/2009:15:40:45 +0200] "GET /favicon.ico HTTP/1.1" 404 2748 "-" "Mozilla/5.0 (Windows; U; Windows NT 5.1; mk; rv:1.9.0.11) Gecko/2009060215 Firefox/3.0.11"
95.86.34.194 - - [25/Jun/2009:15:40:47 +0200] "GET /favicon.ico HTTP/1.1" 404 2748 "-" "Mozilla/5.0 (Windows; U; Windows NT 5.1; mk; rv:1.9.0.11) Gecko/2009060215 Firefox/3.0.11"
82.234.176.232 - - [25/Jun/2009:15:44:10 +0200] "GET / HTTP/1.1" 200 7869 "-" "Mozilla/5.0 (Macintosh; U; Intel Mac OS X 10_5_7; en-us) AppleWebKit/525.28.3 (KHTML, like Gecko)"
82.234.176.232 - - [25/Jun/2009:15:44:10 +0200] "GET /framez_0.html HTTP/1.1" 200 12285 "http://www.various-euro.com/" "Mozilla/5.0 (Macintosh; U; Intel Mac OS X 10_5_7; en-us) AppleWebKit/525.28.3 (KHTML, like Gecko)"
66.249.72.227 - - [25/Jun/2009:15:57:16 +0200] "GET / HTTP/1.1" 200 7869 "-" "Mozilla/5.0 (compatible; Googlebot/2.1; +http://www.google.com/bot.html)"
72.14.199.8 - - [25/Jun/2009:16:15:23 +0200] "GET / HTTP/1.1" 302 353 "-" "Feedfetcher-Google; (+http://www.google.com/feedfetcher.html; 1 subscribers; feed-id=5454548576667470243)"
72.14.199.85 - - [25/Jun/2009:16:15:24 +0200] "GET /zampa/ HTTP/1.1" 200 7153 "-" "Feedfetcher-Google; (+http://www.google.com/feedfetcher.html; 1 subscribers; feed-id=5454548576667470243)"
65.55.106.203 - - [25/Jun/2009:16:30:41 +0200] "GET /robots.txt HTTP/1.1" 200 64 "-" "msnbot/2.0b (+http://search.msn.com/msnbot.htm)"
66.249.72.227 - - [25/Jun/2009:16:32:30 +0200] "GET /logs/usage_200710.html HTTP/1.1" 404 2748 "-" "Mozilla/5.0 (compatible; Googlebot/2.1; +http://www.google.com/bot.html)"
65.55.211.164 - - [25/Jun/2009:16:33:39 +0200] "GET /robots.txt HTTP/1.1" 200 64 "-" "msnbot/1.1 (+http://search.msn.com/msnbot.htm)"
65.55.211.164 - - [25/Jun/2009:16:33:42 +0200] "GET /zampa/montenegro/index.html HTTP/1.1" 200 2651 "-" "msnbot/1.1 (+http://search.msn.com/msnbot.htm)"
66.249.72.227 - - [25/Jun/2009:16:36:45 +0200] "GET /f-rez.html HTTP/1.1" 200 9765 "-" "Mozilla/5.0 (compatible; Googlebot/2.1; +http://www.google.com/bot.html)"
65.55.211.167 - - [25/Jun/2009:16:43:07 +0200] "GET /robots.txt HTTP/1.1" 200 64 "-" "msnbot/1.1 (+http://search.msn.com/msnbot.htm)"
65.55.211.167 - - [25/Jun/2009:16:43:07 +0200] "GET /prog.html HTTP/1.1" 404 2748 "-" "msnbot/1.1 (+http://search.msn.com/msnbot.htm)"
66.249.72.227 - - [25/Jun/2009:16:45:21 +0200] "GET /frame-menu.html HTTP/1.1" 200 10500 "-" "Mozilla/5.0 (compatible; Googlebot/2.1; +http://www.google.com/bot.html)"
66.249.72.227 - - [25/Jun/2009:16:48:09 +0200] "GET /frame-unten.html HTTP/1.1" 200 5308 "-" "Mozilla/5.0 (compatible; Googlebot/2.1; +http://www.google.com/bot.html)"
92.76.74.116 - - [25/Jun/2009:17:03:27 +0200] "GET http://various-euro.com/sitedepth HTTP/1.0" 404 2748 "http://various-euro.com/sitedepth" "Mozilla/4.0 (compatible; MSIE 6.0; Windows NT 5.1)"
66.249.72.227 - - [25/Jun/2009:17:22:26 +0200] "GET /e-counter.html HTTP/1.1" 200 4047 "-" "Mozilla/5.0 (compatible; Googlebot/2.1; +http://www.google.com/bot.html)"
78.145.224.236 - - [25/Jun/2009:17:57:08 +0200] "GET /zampa/slike/E5UROSTO.GIF HTTP/1.1" 200 42690 "-" "Mozilla/5.0 (Macintosh; U; Intel Mac OS X 10.5; en-US; rv:1.9.0.11) Gecko/2009060214 Firefox/3.0.11"
74.6.18.240 - - [25/Jun/2009:18:11:02 +0200] "GET /robots.txt HTTP/1.0" 200 64 "-" "Mozilla/5.0 (compatible; Yahoo! Slurp; http://help.yahoo.com/help/us/ysearch/slurp)"
74.6.18.240 - - [25/Jun/2009:18:11:03 +0200] "GET /framez_0.html HTTP/1.0" 200 12285 "-" "Mozilla/5.0 (compatible; Yahoo! Slurp/3.0; http://help.yahoo.com/help/us/ysearch/slurp)"
193.252.118.174 - - [25/Jun/2009:18:28:31 +0200] "GET /neon/europa.html HTTP/1.1" 200 389 "-" "Mozilla/5.0 (Windows; U; Windows NT 5.1; fr; rv:1.8.1) VoilaBot BETA 1.2 (support.voilabot@orange-ftgroup.com)"
216.129.119.49 - - [25/Jun/2009:18:32:15 +0200] "GET /euro.html HTTP/1.0" 404 2748 "-" "Mozilla/5.0 (Twiceler-0.9 http://www.cuil.com/twiceler/robot.html)"
95.135.195.118 - - [25/Jun/2009:18:36:24 +0200] "GET / HTTP/1.0" 200 7869 "http://www.various-euro.com/" "Mozilla/4.0 (compatible; MSIE 6.0; Windows NT 5.0; .NET CLR 1.0.3705; .NET CLR 1.1.4322)"
74.6.18.240 - - [25/Jun/2009:18:41:42 +0200] "GET /restate_copy.html HTTP/1.0" 200 97631 "-" "Mozilla/5.0 (compatible; Yahoo! Slurp/3.0; http://help.yahoo.com/help/us/ysearch/slurp)"
38.99.44.105 - - [25/Jun/2009:18:43:48 +0200] "GET /f-actions.html HTTP/1.0" 200 11686 "-" "Mozilla/5.0 (Twiceler-0.9 http://www.cuil.com/twiceler/robot.html)"
65.55.106.132 - - [25/Jun/2009:18:45:58 +0200] "GET /robots.txt HTTP/1.1" 200 64 "-" "msnbot/2.0b (+http://search.msn.com/msnbot.htm)"
38.99.44.105 - - [25/Jun/2009:18:47:14 +0200] "GET /tour1_new.html HTTP/1.0" 404 2748 "-" "Mozilla/5.0 (Twiceler-0.9 http://www.cuil.com/twiceler/robot.html)"
216.129.119.49 - - [25/Jun/2009:19:10:18 +0200] "GET /schubb/ HTTP/1.0" 403 1223 "-" "Mozilla/5.0 (Twiceler-0.9 http://www.cuil.com/twiceler/robot.html)"
72.14.199.8 - - [25/Jun/2009:19:16:29 +0200] "GET / HTTP/1.1" 302 353 "-" "Feedfetcher-Google; (+http://www.google.com/feedfetcher.html; 1 subscribers; feed-id=5454548576667470243)"
72.14.199.85 - - [25/Jun/2009:19:16:31 +0200] "GET /zampa/ HTTP/1.1" 200 7153 "-" "Feedfetcher-Google; (+http://www.google.com/feedfetcher.html; 1 subscribers; feed-id=5454548576667470243)"
65.55.51.112 - - [25/Jun/2009:19:21:47 +0200] "GET /robots.txt HTTP/1.1" 200 64 "-" "msnbot/2.0b (+http://search.msn.com/msnbot.htm)"
193.252.118.174 - - [25/Jun/2009:19:32:11 +0200] "GET /neon/girlz3.html HTTP/1.1" 200 2479 "-" "Mozilla/5.0 (Windows; U; Windows NT 5.1; fr; rv:1.8.1) VoilaBot BETA 1.2 (support.voilabot@orange-ftgroup.com)"
65.55.106.119 - - [25/Jun/2009:19:45:43 +0200] "GET /robots.txt HTTP/1.1" 302 363 "-" "msnbot/2.0b (+http://search.msn.com/msnbot.htm)"
65.55.106.119 - - [25/Jun/2009:19:45:43 +0200] "GET /zampa/robots.txt HTTP/1.1" 404 2748 "-" "msnbot/2.0b (+http://search.msn.com/msnbot.htm)"
66.249.72.227 - - [25/Jun/2009:19:59:27 +0200] "GET /framez-rez.html HTTP/1.1" 200 4323 "-" "SAMSUNG-SGH-E250/1.0 Profile/MIDP-2.0 Configuration/CLDC-1.1 UP.Browser/6.2.3.3.c.1.101 (GUI) MMP/2.0 (compatible; Googlebot-Mobile/2.1; +http://www.google.com/bot.html)"
65.55.211.158 - - [25/Jun/2009:20:27:28 +0200] "GET /robots.txt HTTP/1.1" 200 64 "-" "msnbot/1.1 (+http://search.msn.com/msnbot.htm)"
65.55.211.158 - - [25/Jun/2009:20:27:29 +0200] "GET /bmpp/18.html HTTP/1.1" 200 4467 "-" "msnbot/1.1 (+http://search.msn.com/msnbot.htm)"
74.6.18.240 - - [25/Jun/2009:20:31:36 +0200] "GET /web.html HTTP/1.0" 404 2748 "-" "Mozilla/5.0 (compatible; Yahoo! Slurp/3.0; http://help.yahoo.com/help/us/ysearch/slurp)"
193.252.118.175 - - [25/Jun/2009:20:32:27 +0200] "GET /bmpp/euro_pal_111.html HTTP/1.1" 200 2129 "-" "Mozilla/5.0 (Windows; U; Windows NT 5.1; fr; rv:1.8.1) VoilaBot BETA 1.2 (support.voilabot@orange-ftgroup.com)"
81.52.143.33 - - [25/Jun/2009:20:35:01 +0200] "GET /bmpp/18.html HTTP/1.1" 200 4467 "-" "Mozilla/5.0 (Windows; U; Windows NT 5.1; fr; rv:1.8.1) VoilaBot BETA 1.2 (support.voilabot@orange-ftgroup.com)"
38.108.180.25 - - [25/Jun/2009:20:35:28 +0200] "GET /robots.txt HTTP/1.1" 200 64 "-" "Mozilla/5.0 (compatible; ScoutJet; +http://www.scoutjet.com/)"
38.108.180.25 - - [25/Jun/2009:20:35:53 +0200] "GET /frame-inhalt.html HTTP/1.1" 200 7688 "-" "Mozilla/5.0 (compatible; ScoutJet; +http://www.scoutjet.com/)"
38.108.180.25 - - [25/Jun/2009:20:36:38 +0200] "GET /f-euro.html HTTP/1.1" 200 12203 "-" "Mozilla/5.0 (compatible; ScoutJet; +http://www.scoutjet.com/)"
65.55.106.119 - - [25/Jun/2009:20:46:00 +0200] "GET /robots.txt HTTP/1.1" 200 64 "-" "msnbot/2.0b (+http://search.msn.com/msnbot.htm)"
65.55.106.119 - - [25/Jun/2009:20:55:25 +0200] "GET / HTTP/1.1" 200 7869 "-" "msnbot/2.0b (+http://search.msn.com/msnbot.htm)"
65.55.106.187 - - [25/Jun/2009:21:08:33 +0200] "GET /robots.txt HTTP/1.1" 200 64 "-" "msnbot/2.0b (+http://search.msn.com/msnbot.htm)"
38.99.44.105 - - [25/Jun/2009:21:17:40 +0200] "GET /warez.html HTTP/1.0" 200 9754 "-" "Mozilla/5.0 (Twiceler-0.9 http://www.cuil.com/twiceler/robot.html)"
66.249.72.227 - - [25/Jun/2009:21:25:44 +0200] "GET /robots.txt HTTP/1.1" 302 363 "-" "Mozilla/5.0 (compatible; Googlebot/2.1; +http://www.google.com/bot.html)"
66.249.72.227 - - [25/Jun/2009:21:25:44 +0200] "GET /zampa/robots.txt HTTP/1.1" 404 2748 "-" "Mozilla/5.0 (compatible; Googlebot/2.1; +http://www.google.com/bot.html)"
72.30.142.152 - - [25/Jun/2009:21:46:11 +0200] "GET /robots.txt HTTP/1.0" 200 64 "-" "Mozilla/5.0 (compatible; Yahoo! Slurp; http://help.yahoo.com/help/us/ysearch/slurp)"
72.30.142.152 - - [25/Jun/2009:21:46:12 +0200] "GET /framez.html HTTP/1.0" 200 3959 "-" "Mozilla/5.0 (compatible; Yahoo! Slurp/3.0; http://help.yahoo.com/help/us/ysearch/slurp)"
72.30.142.152 - - [25/Jun/2009:21:46:12 +0200] "GET /style/various-euro.css HTTP/1.0" 200 3437 "http://various-euro.com/framez.html" "Mozilla/5.0 (compatible; Yahoo! Slurp/3.0; http://help.yahoo.com/help/us/ysearch/slurp)"
72.30.142.152 - - [25/Jun/2009:21:46:13 +0200] "GET /frame-menu.html HTTP/1.0" 200 10500 "http://various-euro.com/framez.html" "Mozilla/5.0 (compatible; Yahoo! Slurp/3.0; http://help.yahoo.com/help/us/ysearch/slurp)"
72.30.142.152 - - [25/Jun/2009:21:46:13 +0200] "GET /frame-inhalt.html HTTP/1.0" 200 7688 "http://various-euro.com/framez.html" "Mozilla/5.0 (compatible; Yahoo! Slurp/3.0; http://help.yahoo.com/help/us/ysearch/slurp)"
72.30.142.152 - - [25/Jun/2009:21:46:13 +0200] "GET /frame-unten.html HTTP/1.0" 200 5308 "http://various-euro.com/framez.html" "Mozilla/5.0 (compatible; Yahoo! Slurp/3.0; http://help.yahoo.com/help/us/ysearch/slurp)"
193.252.118.176 - - [25/Jun/2009:22:28:37 +0200] "GET /neon/click.html HTTP/1.1" 200 521 "-" "Mozilla/5.0 (Windows; U; Windows NT 5.1; fr; rv:1.8.1) VoilaBot BETA 1.2 (support.voilabot@orange-ftgroup.com)"
65.55.211.167 - - [25/Jun/2009:22:36:28 +0200] "GET /robots.txt HTTP/1.1" 200 64 "-" "msnbot/1.1 (+http://search.msn.com/msnbot.htm)"
65.55.211.167 - - [25/Jun/2009:22:36:29 +0200] "GET /schubb/schubb-3.html HTTP/1.1" 200 17546 "-" "msnbot/1.1 (+http://search.msn.com/msnbot.htm)"
66.249.72.227 - - [25/Jun/2009:22:47:50 +0200] "GET /schubb/schubb-2.html HTTP/1.1" 200 16660 "-" "Mozilla/5.0 (compatible; Googlebot/2.1; +http://www.google.com/bot.html)"
193.252.118.173 - - [25/Jun/2009:22:56:33 +0200] "GET /robots.txt HTTP/1.1" 200 64 "-" "Mozilla/5.0 (Windows; U; Windows NT 5.1; fr; rv:1.8.1) VoilaBot BETA 1.2 (support.voilabot@orange-ftgroup.com)"
193.252.118.173 - - [25/Jun/2009:22:56:43 +0200] "GET /neon/euro.html HTTP/1.1" 200 2212 "-" "Mozilla/5.0 (Windows; U; Windows NT 5.1; fr; rv:1.8.1) VoilaBot BETA 1.2 (support.voilabot@orange-ftgroup.com)"
61.247.221.83 - - [25/Jun/2009:23:00:32 +0200] "GET /robots.txt HTTP/1.1" 200 64 "-" "Mozilla/4.0 (compatible; NaverBot/1.0; http://help.naver.com/customer_webtxt_02.jsp)"
61.247.221.83 - - [25/Jun/2009:23:00:44 +0200] "GET / HTTP/1.1" 200 7869 "-" "Mozilla/4.0 (compatible; NaverBot/1.0; http://help.naver.com/customer_webtxt_02.jsp)"
203.82.66.201 - - [25/Jun/2009:23:01:59 +0200] "GET / HTTP/1.1" 200 7869 "-" "Mozilla/5.0 (Windows; U; Windows NT 5.1; en-US; rv:1.9.1) Gecko/20090624 Firefox/3.5"
203.82.66.206 - - [25/Jun/2009:23:02:03 +0200] "GET /favicon.ico HTTP/1.1" 404 2748 "-" "Mozilla/5.0 (Windows; U; Windows NT 5.1; en-US; rv:1.9.1) Gecko/20090624 Firefox/3.5"
65.55.51.70 - - [25/Jun/2009:23:02:43 +0200] "GET /robots.txt HTTP/1.1" 200 64 "-" "msnbot/2.0b (+http://search.msn.com/msnbot.htm)"
83.42.33.85 - - [25/Jun/2009:23:21:23 +0200] "GET / HTTP/1.1" 200 7869 "-" "Java/1.6.0_13"
83.42.33.85 - - [25/Jun/2009:23:21:24 +0200] "GET /framez.html HTTP/1.1" 200 3959 "-" "Java/1.6.0_13"
83.42.33.85 - - [25/Jun/2009:23:21:24 +0200] "GET /framez_0.html HTTP/1.1" 200 12285 "-" "Java/1.6.0_13"
83.42.33.85 - - [25/Jun/2009:23:21:25 +0200] "GET /frame-inhalt.html HTTP/1.1" 200 7688 "-" "Java/1.6.0_13"
83.42.33.85 - - [25/Jun/2009:23:21:25 +0200] "GET /frame-menu.html HTTP/1.1" 200 10500 "-" "Java/1.6.0_13"
83.42.33.85 - - [25/Jun/2009:23:21:25 +0200] "GET /frame-unten.html HTTP/1.1" 200 5308 "-" "Java/1.6.0_13"
83.42.33.85 - - [25/Jun/2009:23:21:25 +0200] "GET /f-maintitle.html HTTP/1.1" 200 5030 "-" "Java/1.6.0_13"
83.42.33.85 - - [25/Jun/2009:23:21:26 +0200] "GET /partnergegenberlin.html HTTP/1.1" 200 5022 "-" "Java/1.6.0_13"
83.42.33.85 - - [25/Jun/2009:23:21:26 +0200] "GET /f-actions.html HTTP/1.1" 200 11686 "-" "Java/1.6.0_13"
83.42.33.85 - - [25/Jun/2009:23:21:26 +0200] "GET /f-bannnerz.html HTTP/1.1" 200 12651 "-" "Java/1.6.0_13"
83.42.33.85 - - [25/Jun/2009:23:21:26 +0200] "GET /f-channel1.html HTTP/1.1" 200 9329 "-" "Java/1.6.0_13"
83.42.33.85 - - [25/Jun/2009:23:21:27 +0200] "GET /f-contact.html HTTP/1.1" 200 6804 "-" "Java/1.6.0_13"
83.42.33.85 - - [25/Jun/2009:23:21:27 +0200] "GET /f-doku-brau.html HTTP/1.1" 200 7152 "-" "Java/1.6.0_13"
83.42.33.85 - - [25/Jun/2009:23:21:27 +0200] "GET /f-euro.html HTTP/1.1" 200 12203 "-" "Java/1.6.0_13"
83.42.33.85 - - [25/Jun/2009:23:21:27 +0200] "GET /f-horrorkatze.html HTTP/1.1" 200 7865 "-" "Java/1.6.0_13"
83.42.33.85 - - [25/Jun/2009:23:21:28 +0200] "GET /f-net.html HTTP/1.1" 200 9913 "-" "Java/1.6.0_13"
83.42.33.85 - - [25/Jun/2009:23:21:28 +0200] "GET /f-other.html HTTP/1.1" 200 19851 "-" "Java/1.6.0_13"
83.42.33.85 - - [25/Jun/2009:23:21:28 +0200] "GET /f-rez.html HTTP/1.1" 200 9765 "-" "Java/1.6.0_13"
83.42.33.85 - - [25/Jun/2009:23:21:29 +0200] "GET /f-search.html HTTP/1.1" 200 11800 "-" "Java/1.6.0_13"
83.42.33.85 - - [25/Jun/2009:23:21:30 +0200] "GET /f-sponsor.html HTTP/1.1" 200 8578 "-" "Java/1.6.0_13"
83.42.33.85 - - [25/Jun/2009:23:21:30 +0200] "GET /f-warez.html HTTP/1.1" 200 10953 "-" "Java/1.6.0_13"
83.42.33.85 - - [25/Jun/2009:23:21:30 +0200] "GET /f-web.html HTTP/1.1" 200 13605 "-" "Java/1.6.0_13"
83.42.33.85 - - [25/Jun/2009:23:21:31 +0200] "GET /f-world.html HTTP/1.1" 200 35590 "-" "Java/1.6.0_13"
83.42.33.85 - - [25/Jun/2009:23:21:31 +0200] "GET /f-zeug.html HTTP/1.1" 200 59462 "-" "Java/1.6.0_13"
83.42.33.85 - - [25/Jun/2009:23:21:33 +0200] "GET /restate_copy.html HTTP/1.1" 200 97631 "-" "Java/1.6.0_13"
83.42.33.85 - - [25/Jun/2009:23:21:34 +0200] "GET /sendi_agent.html HTTP/1.1" 200 8791 "-" "Java/1.6.0_13"
83.42.33.85 - - [25/Jun/2009:23:21:34 +0200] "GET /snapshots.html HTTP/1.1" 200 4259 "-" "Java/1.6.0_13"
83.42.33.85 - - [25/Jun/2009:23:21:35 +0200] "GET /your_tour.html HTTP/1.1" 200 31687 "-" "Java/1.6.0_13"
83.42.33.85 - - [25/Jun/2009:23:21:36 +0200] "GET /framez-pgb.html HTTP/1.1" 200 4336 "-" "Java/1.6.0_13"
83.42.33.85 - - [25/Jun/2009:23:21:36 +0200] "GET /framez-actions.html HTTP/1.1" 200 4322 "-" "Java/1.6.0_13"
83.42.33.85 - - [25/Jun/2009:23:21:37 +0200] "GET /framez-contact.html HTTP/1.1" 200 4325 "-" "Java/1.6.0_13"
83.42.33.85 - - [25/Jun/2009:23:21:37 +0200] "GET /framez-dbrau.html HTTP/1.1" 200 4313 "-" "Java/1.6.0_13"
83.42.33.85 - - [25/Jun/2009:23:21:37 +0200] "GET /framez-euro.html HTTP/1.1" 200 4319 "-" "Java/1.6.0_13"
83.42.33.85 - - [25/Jun/2009:23:21:37 +0200] "GET /framez-net.html HTTP/1.1" 200 4319 "-" "Java/1.6.0_13"
83.42.33.85 - - [25/Jun/2009:23:21:37 +0200] "GET /'+veURL+advisories[i].name+' HTTP/1.1" 404 2748 "-" "Java/1.6.0_13"
83.42.33.85 - - [25/Jun/2009:23:21:37 +0200] "GET /.htm HTTP/1.1" 403 1223 "-" "Java/1.6.0_13"
83.42.33.85 - - [25/Jun/2009:23:21:38 +0200] "GET /framez-rez.html HTTP/1.1" 200 4323 "-" "Java/1.6.0_13"
83.42.33.85 - - [25/Jun/2009:23:21:38 +0200] "GET /framez-search.html HTTP/1.1" 200 4326 "-" "Java/1.6.0_13"
83.42.33.85 - - [25/Jun/2009:23:21:38 +0200] "GET /framez-sponsor.html HTTP/1.1" 200 4325 "-" "Java/1.6.0_13"
83.42.33.85 - - [25/Jun/2009:23:21:38 +0200] "GET /framez-warez.html HTTP/1.1" 200 4322 "-" "Java/1.6.0_13"
83.42.33.85 - - [25/Jun/2009:23:21:38 +0200] "GET /framez-web.html HTTP/1.1" 200 4322 "-" "Java/1.6.0_13"
83.42.33.85 - - [25/Jun/2009:23:21:39 +0200] "GET /framez-world.html HTTP/1.1" 200 4325 "-" "Java/1.6.0_13"
83.42.33.85 - - [25/Jun/2009:23:21:39 +0200] "GET /framez-zeug.html HTTP/1.1" 200 4311 "-" "Java/1.6.0_13"
83.42.33.85 - - [25/Jun/2009:23:21:39 +0200] "GET /bannnerz.html HTTP/1.1" 404 2748 "-" "Java/1.6.0_13"
83.42.33.85 - - [25/Jun/2009:23:21:39 +0200] "GET /channel1.html HTTP/1.1" 404 2748 "-" "Java/1.6.0_13"
83.42.33.85 - - [25/Jun/2009:23:21:39 +0200] "GET /contact.html HTTP/1.1" 404 2748 "-" "Java/1.6.0_13"
83.42.33.85 - - [25/Jun/2009:23:21:40 +0200] "GET /euro.html HTTP/1.1" 404 2748 "-" "Java/1.6.0_13"
83.42.33.85 - - [25/Jun/2009:23:21:40 +0200] "GET /framez-restate.html HTTP/1.1" 200 4328 "-" "Java/1.6.0_13"
83.42.33.85 - - [25/Jun/2009:23:21:40 +0200] "GET /logz.html HTTP/1.1" 404 2748 "-" "Java/1.6.0_13"
83.42.33.85 - - [25/Jun/2009:23:21:41 +0200] "GET /logz_old.html HTTP/1.1" 404 2748 "-" "Java/1.6.0_13"
83.42.33.85 - - [25/Jun/2009:23:21:41 +0200] "GET /menue.html HTTP/1.1" 404 2748 "-" "Java/1.6.0_13"
83.42.33.85 - - [25/Jun/2009:23:21:41 +0200] "GET /menueleiste.js HTTP/1.1" 404 2748 "-" "Java/1.6.0_13"
83.42.33.85 - - [25/Jun/2009:23:21:41 +0200] "GET /net.html HTTP/1.1" 404 2748 "-" "Java/1.6.0_13"
83.42.33.85 - - [25/Jun/2009:23:21:42 +0200] "GET /search.html HTTP/1.1" 200 1440 "-" "Java/1.6.0_13"
83.42.33.85 - - [25/Jun/2009:23:21:42 +0200] "GET /tour1_new.html HTTP/1.1" 404 2748 "-" "Java/1.6.0_13"
83.42.33.85 - - [25/Jun/2009:23:21:42 +0200] "GET /warez.html HTTP/1.1" 200 9754 "-" "Java/1.6.0_13"
83.42.33.85 - - [25/Jun/2009:23:21:43 +0200] "GET /web.html HTTP/1.1" 404 2748 "-" "Java/1.6.0_13"
83.42.33.85 - - [25/Jun/2009:23:21:43 +0200] "GET /world.html HTTP/1.1" 200 16295 "-" "Java/1.6.0_13"
65.55.106.213 - - [25/Jun/2009:23:28:39 +0200] "GET /robots.txt HTTP/1.1" 200 64 "-" "msnbot/2.0b (+http://search.msn.com/msnbot.htm)"
65.55.106.213 - - [25/Jun/2009:23:37:25 +0200] "GET /zampa/montenegro/MILOW.html HTTP/1.1" 200 860 "-" "msnbot/2.0b (+http://search.msn.com/msnbot.htm)"
193.252.149.14 - - [25/Jun/2009:23:59:31 +0200] "GET /DgH/ HTTP/1.1" 200 5024 "-" "Mozilla/5.0 (Windows; U; Windows NT 5.1; fr; rv:1.8.1) VoilaBot BETA 1.2 (support.voilabot@orange-ftgroup.com)"
219.234.81.33 - - [26/Jun/2009:00:05:19 +0200] "GET /robots.txt HTTP/1.1" 200 64 "-" "-"
219.234.81.33 - - [26/Jun/2009:00:05:19 +0200] "GET / HTTP/1.1" 200 7869 "-" "Mozilla/4.0 (compatible; MSIE 6.0; Windows NT 5.1; SV1; Avant Browser; InfoPath.1; .NET CLR 2.0.50727; .NET CLR1.1.4322)"
65.55.106.229 - - [26/Jun/2009:00:32:19 +0200] "GET /robots.txt HTTP/1.1" 200 64 "-" "msnbot/2.0b (+http://search.msn.com/msnbot.htm)"
193.252.149.13 - - [26/Jun/2009:00:35:51 +0200] "GET /framez.html HTTP/1.1" 200 3959 "-" "Mozilla/5.0 (Windows; U; Windows NT 5.1; fr; rv:1.8.1) VoilaBot BETA 1.2 (support.voilabot@orange-ftgroup.com)"
193.252.149.13 - - [26/Jun/2009:00:36:05 +0200] "GET /frame-unten.html HTTP/1.1" 200 5308 "-" "Mozilla/5.0 (Windows; U; Windows NT 5.1; fr; rv:1.8.1) VoilaBot BETA 1.2 (support.voilabot@orange-ftgroup.com)"
193.252.149.13 - - [26/Jun/2009:00:36:05 +0200] "GET /frame-inhalt.html HTTP/1.1" 200 7688 "-" "Mozilla/5.0 (Windows; U; Windows NT 5.1; fr; rv:1.8.1) VoilaBot BETA 1.2 (support.voilabot@orange-ftgroup.com)"
193.252.149.13 - - [26/Jun/2009:00:36:06 +0200] "GET /frame-menu.html HTTP/1.1" 200 10500 "-" "Mozilla/5.0 (Windows; U; Windows NT 5.1; fr; rv:1.8.1) VoilaBot BETA 1.2 (support.voilabot@orange-ftgroup.com)"
91.150.111.38 - - [26/Jun/2009:00:50:39 +0200] "GET /framez-zampa-lovers.html HTTP/1.1" 200 4322 "http://www.google.com/search?hl=en&q=masine+za+rad+u+sumi&btnG=Google+Search&aq=f&oq=&aqi=" "Mozilla/4.0 (compatible; MSIE 6.0; Windows NT 5.1; GTB6)"
91.150.111.38 - - [26/Jun/2009:00:50:39 +0200] "GET /frame-menu.html HTTP/1.1" 200 10500 "http://www.various-euro.com/framez-zampa-lovers.html" "Mozilla/4.0 (compatible; MSIE 6.0; Windows NT 5.1; GTB6)"
91.150.111.38 - - [26/Jun/2009:00:50:40 +0200] "GET /favicon.ico HTTP/1.1" 404 2748 "-" "Mozilla/4.0 (compatible; MSIE 6.0; Windows NT 5.1; GTB6)"
91.150.111.38 - - [26/Jun/2009:00:50:40 +0200] "GET /frame-unten.html HTTP/1.1" 200 5308 "http://www.various-euro.com/framez-zampa-lovers.html" "Mozilla/4.0 (compatible; MSIE 6.0; Windows NT 5.1; GTB6)"
91.150.111.38 - - [26/Jun/2009:00:50:40 +0200] "GET /style/various-euro.css HTTP/1.1" 200 3437 "http://www.various-euro.com/frame-menu.html" "Mozilla/4.0 (compatible; MSIE 6.0; Windows NT 5.1; GTB6)"
91.150.111.38 - - [26/Jun/2009:00:50:40 +0200] "GET /zampa-lovers/index.html HTTP/1.1" 200 37790 "http://www.various-euro.com/framez-zampa-lovers.html" "Mozilla/4.0 (compatible; MSIE 6.0; Windows NT 5.1; GTB6)"
91.150.111.38 - - [26/Jun/2009:00:50:40 +0200] "GET /bannerz/ve.jpg HTTP/1.1" 200 36912 "http://www.various-euro.com/frame-unten.html" "Mozilla/4.0 (compatible; MSIE 6.0; Windows NT 5.1; GTB6)"
91.150.111.38 - - [26/Jun/2009:00:50:41 +0200] "GET /bannerz/various-euro-girl.jpg HTTP/1.1" 200 91514 "http://www.various-euro.com/frame-unten.html" "Mozilla/4.0 (compatible; MSIE 6.0; Windows NT 5.1; GTB6)"
91.150.111.38 - - [26/Jun/2009:00:50:42 +0200] "GET /zampa-lovers/kralle.gif HTTP/1.1" 404 2748 "http://www.various-euro.com/zampa-lovers/index.html" "Mozilla/4.0 (compatible; MSIE 6.0; Windows NT 5.1; GTB6)"
91.150.111.38 - - [26/Jun/2009:00:50:43 +0200] "GET /zampa-lovers/DRAGAN_Z.JPG HTTP/1.1" 200 6850 "http://www.various-euro.com/zampa-lovers/index.html" "Mozilla/4.0 (compatible; MSIE 6.0; Windows NT 5.1; GTB6)"
91.150.111.38 - - [26/Jun/2009:00:50:43 +0200] "GET /zampa-lovers/MILIZA_2.JPG HTTP/1.1" 200 22172 "http://www.various-euro.com/zampa-lovers/index.html" "Mozilla/4.0 (compatible; MSIE 6.0; Windows NT 5.1; GTB6)"
91.150.111.38 - - [26/Jun/2009:00:50:44 +0200] "GET /zampa-lovers/MILIZA_3.JPG HTTP/1.1" 200 26924 "http://www.various-euro.com/zampa-lovers/index.html" "Mozilla/4.0 (compatible; MSIE 6.0; Windows NT 5.1; GTB6)"
91.150.111.38 - - [26/Jun/2009:00:50:44 +0200] "GET /zampa-lovers/MILIZA_B.JPG HTTP/1.1" 200 10947 "http://www.various-euro.com/zampa-lovers/index.html" "Mozilla/4.0 (compatible; MSIE 6.0; Windows NT 5.1; GTB6)"
91.150.111.38 - - [26/Jun/2009:00:50:44 +0200] "GET /zampa-lovers/MILIZA_4.JPG HTTP/1.1" 200 9946 "http://www.various-euro.com/zampa-lovers/index.html" "Mozilla/4.0 (compatible; MSIE 6.0; Windows NT 5.1; GTB6)"
91.150.111.38 - - [26/Jun/2009:00:50:44 +0200] "GET /zampa-lovers/DRAGANZA.JPG HTTP/1.1" 200 18560 "http://www.various-euro.com/zampa-lovers/index.html" "Mozilla/4.0 (compatible; MSIE 6.0; Windows NT 5.1; GTB6)"
91.150.111.38 - - [26/Jun/2009:00:50:45 +0200] "GET /zampa-lovers/1SEITEVE.GIF HTTP/1.1" 200 78726 "http://www.various-euro.com/zampa-lovers/index.html" "Mozilla/4.0 (compatible; MSIE 6.0; Windows NT 5.1; GTB6)"
91.150.111.38 - - [26/Jun/2009:00:50:46 +0200] "GET /zampa-lovers/2SEITEVE.GIF HTTP/1.1" 200 83466 "http://www.various-euro.com/zampa-lovers/index.html" "Mozilla/4.0 (compatible; MSIE 6.0; Windows NT 5.1; GTB6)"
91.150.111.38 - - [26/Jun/2009:00:50:47 +0200] "GET /zampa-lovers/Kralle.gif HTTP/1.1" 200 260 "http://www.various-euro.com/zampa-lovers/index.html" "Mozilla/4.0 (compatible; MSIE 6.0; Windows NT 5.1; GTB6)"
91.150.111.38 - - [26/Jun/2009:00:50:47 +0200] "GET /zampa-lovers/zampa-2X2.gif HTTP/1.1" 200 6948 "http://www.various-euro.com/zampa-lovers/index.html" "Mozilla/4.0 (compatible; MSIE 6.0; Windows NT 5.1; GTB6)"
91.150.111.38 - - [26/Jun/2009:00:50:47 +0200] "GET /zampa-lovers/zampamali.gif HTTP/1.1" 200 2617 "http://www.various-euro.com/zampa-lovers/index.html" "Mozilla/4.0 (compatible; MSIE 6.0; Windows NT 5.1; GTB6)"
91.150.111.38 - - [26/Jun/2009:00:50:42 +0200] "GET /zampa-lovers/zampa.gif HTTP/1.1" 200 460627 "http://www.various-euro.com/zampa-lovers/index.html" "Mozilla/4.0 (compatible; MSIE 6.0; Windows NT 5.1; GTB6)"
193.47.80.51 - - [26/Jun/2009:00:51:01 +0200] "GET /robots.txt HTTP/1.1" 302 363 "-" "Mozilla/5.0 (compatible; Exabot/3.0; +http://www.exabot.com/go/robot)"
193.47.80.51 - - [26/Jun/2009:00:51:01 +0200] "GET /zampa/robots.txt HTTP/1.1" 404 2748 "-" "Mozilla/5.0 (compatible; Exabot/3.0; +http://www.exabot.com/go/robot)"
193.47.80.51 - - [26/Jun/2009:00:51:01 +0200] "GET / HTTP/1.1" 302 353 "-" "Mozilla/5.0 (compatible; Exabot/3.0; +http://www.exabot.com/go/robot)"
91.150.111.38 - - [26/Jun/2009:00:51:05 +0200] "GET /zampa-lovers/ZAMPAMA2.MPG HTTP/1.1" 200 63492 "-" "Mozilla/4.0 (compatible; MSIE 6.0; Windows NT 5.1; GTB6)"
91.150.111.38 - - [26/Jun/2009:00:51:05 +0200] "GET /zampa-lovers/WASISTMI1.MPG HTTP/1.1" 200 271221 "-" "Mozilla/4.0 (compatible; MSIE 6.0; Windows NT 5.1; GTB6)"
91.150.111.38 - - [26/Jun/2009:00:51:14 +0200] "GET /zampa-lovers/ZAMPAMAS.MPG HTTP/1.1" 200 520196 "-" "Mozilla/4.0 (compatible; MSIE 6.0; Windows NT 5.1; GTB6)"
193.252.118.175 - - [26/Jun/2009:01:13:50 +0200] "GET /robots.txt HTTP/1.1" 200 64 "-" "Mozilla/5.0 (Windows; U; Windows NT 5.1; fr; rv:1.8.1) VoilaBot BETA 1.2 (support.voilabot@orange-ftgroup.com)"
193.252.118.175 - - [26/Jun/2009:01:13:55 +0200] "GET / HTTP/1.1" 200 7869 "-" "Mozilla/5.0 (Windows; U; Windows NT 5.1; fr; rv:1.8.1) VoilaBot BETA 1.2 (support.voilabot@orange-ftgroup.com)"
94.246.126.97 - - [26/Jun/2009:01:46:53 +0200] "GET /zampa-lovers/zampa.ICO HTTP/1.1" 200 7134 "http://www.various-euro.com/zampa-lovers/index.html" "Opera/9.60 (J2ME/MIDP; Opera Mini/4.2.13337/432; U; sr) Presto/2.2.0"
94.246.126.97 - - [26/Jun/2009:01:46:53 +0200] "GET /zampa-lovers/MILIZA_4.JPG HTTP/1.1" 200 9946 "http://www.various-euro.com/zampa-lovers/index.html" "Opera/9.60 (J2ME/MIDP; Opera Mini/4.2.13337/432; U; sr) Presto/2.2.0"
94.246.126.97 - - [26/Jun/2009:01:46:52 +0200] "GET /zampa-lovers/index.html HTTP/1.1" 200 37790 "-" "Opera/9.60 (J2ME/MIDP; Opera Mini/4.2.13337/432; U; sr) Presto/2.2.0"
94.246.126.97 - - [26/Jun/2009:01:46:53 +0200] "GET /zampa-lovers/DRAGAN_Z.JPG HTTP/1.1" 200 6850 "http://www.various-euro.com/zampa-lovers/index.html" "Opera/9.60 (J2ME/MIDP; Opera Mini/4.2.13337/432; U; sr) Presto/2.2.0"
94.246.126.97 - - [26/Jun/2009:01:46:53 +0200] "GET /zampa-lovers/MILIZA_B.JPG HTTP/1.1" 200 10947 "http://www.various-euro.com/zampa-lovers/index.html" "Opera/9.60 (J2ME/MIDP; Opera Mini/4.2.13337/432; U; sr) Presto/2.2.0"
94.246.126.97 - - [26/Jun/2009:01:46:53 +0200] "GET /zampa-lovers/zampama2.mpg HTTP/1.1" 404 2748 "http://www.various-euro.com/zampa-lovers/index.html" "Opera/9.60 (J2ME/MIDP; Opera Mini/4.2.13337/432; U; sr) Presto/2.2.0"
94.246.126.97 - - [26/Jun/2009:01:46:53 +0200] "GET /zampa-lovers/DRAGANZA.JPG HTTP/1.1" 200 18560 "http://www.various-euro.com/zampa-lovers/index.html" "Opera/9.60 (J2ME/MIDP; Opera Mini/4.2.13337/432; U; sr) Presto/2.2.0"
94.246.126.97 - - [26/Jun/2009:01:46:53 +0200] "GET /zampa-lovers/MILIZA_2.JPG HTTP/1.1" 200 22172 "http://www.various-euro.com/zampa-lovers/index.html" "Opera/9.60 (J2ME/MIDP; Opera Mini/4.2.13337/432; U; sr) Presto/2.2.0"
94.246.126.97 - - [26/Jun/2009:01:46:53 +0200] "GET /zampa-lovers/Kralle.gif HTTP/1.1" 200 260 "http://www.various-euro.com/zampa-lovers/index.html" "Opera/9.60 (J2ME/MIDP; Opera Mini/4.2.13337/432; U; sr) Presto/2.2.0"
94.246.126.97 - - [26/Jun/2009:01:46:53 +0200] "GET /zampa-lovers/zampamali.gif HTTP/1.1" 200 2617 "http://www.various-euro.com/zampa-lovers/index.html" "Opera/9.60 (J2ME/MIDP; Opera Mini/4.2.13337/432; U; sr) Presto/2.2.0"
94.246.126.97 - - [26/Jun/2009:01:46:53 +0200] "GET /zampa-lovers/Kralle.gif HTTP/1.1" 200 260 "http://www.various-euro.com/zampa-lovers/index.html" "Opera/9.60 (J2ME/MIDP; Opera Mini/4.2.13337/432; U; sr) Presto/2.2.0"
94.246.126.97 - - [26/Jun/2009:01:46:53 +0200] "GET /zampa-lovers/MILIZA_3.JPG HTTP/1.1" 200 26924 "http://www.various-euro.com/zampa-lovers/index.html" "Opera/9.60 (J2ME/MIDP; Opera Mini/4.2.13337/432; U; sr) Presto/2.2.0"
94.246.126.97 - - [26/Jun/2009:01:46:53 +0200] "GET /zampa-lovers/zampa-2X2.gif HTTP/1.1" 200 6948 "http://www.various-euro.com/zampa-lovers/index.html" "Opera/9.60 (J2ME/MIDP; Opera Mini/4.2.13337/432; U; sr) Presto/2.2.0"
94.246.126.97 - - [26/Jun/2009:01:46:53 +0200] "GET /zampa-lovers/zampa-2X2.gif HTTP/1.1" 200 6948 "http://www.various-euro.com/zampa-lovers/index.html" "Opera/9.60 (J2ME/MIDP; Opera Mini/4.2.13337/432; U; sr) Presto/2.2.0"
94.246.126.97 - - [26/Jun/2009:01:46:53 +0200] "GET /zampa-lovers/1SEITEVE.GIF HTTP/1.1" 200 78726 "http://www.various-euro.com/zampa-lovers/index.html" "Opera/9.60 (J2ME/MIDP; Opera Mini/4.2.13337/432; U; sr) Presto/2.2.0"
94.246.126.97 - - [26/Jun/2009:01:46:53 +0200] "GET /zampa-lovers/2SEITEVE.GIF HTTP/1.1" 200 83466 "http://www.various-euro.com/zampa-lovers/index.html" "Opera/9.60 (J2ME/MIDP; Opera Mini/4.2.13337/432; U; sr) Presto/2.2.0"
94.246.126.97 - - [26/Jun/2009:01:46:53 +0200] "GET /zampa-lovers/ZAMPAMA2.MPG HTTP/1.1" 200 63492 "http://www.various-euro.com/zampa-lovers/index.html" "Opera/9.60 (J2ME/MIDP; Opera Mini/4.2.13337/432; U; sr) Presto/2.2.0"
94.246.126.97 - - [26/Jun/2009:01:46:53 +0200] "GET /zampa-lovers/WASISTMI1.MPG HTTP/1.1" 200 271221 "http://www.various-euro.com/zampa-lovers/index.html" "Opera/9.60 (J2ME/MIDP; Opera Mini/4.2.13337/432; U; sr) Presto/2.2.0"
94.246.126.97 - - [26/Jun/2009:01:46:53 +0200] "GET /zampa-lovers/WASISTMI1.MPG HTTP/1.1" 200 271221 "http://www.various-euro.com/zampa-lovers/index.html" "Opera/9.60 (J2ME/MIDP; Opera Mini/4.2.13337/432; U; sr) Presto/2.2.0"
94.246.126.97 - - [26/Jun/2009:01:46:53 +0200] "GET /zampa-lovers/ZAMPAMAS.MPG HTTP/1.1" 200 520196 "http://www.various-euro.com/zampa-lovers/index.html" "Opera/9.60 (J2ME/MIDP; Opera Mini/4.2.13337/432; U; sr) Presto/2.2.0"
94.246.126.97 - - [26/Jun/2009:01:46:53 +0200] "GET /framez-zampa-lovers.html HTTP/1.1" 200 4322 "http://www.various-euro.com/zampa-lovers/index.html" "Opera/9.60 (J2ME/MIDP; Opera Mini/4.2.13337/432; U; sr) Presto/2.2.0"
94.246.126.97 - - [26/Jun/2009:01:46:53 +0200] "GET /frame-menu.html HTTP/1.1" 200 10500 "http://www.various-euro.com/framez-zampa-lovers.html" "Opera/9.60 (J2ME/MIDP; Opera Mini/4.2.13337/432; U; sr) Presto/2.2.0"
94.246.126.97 - - [26/Jun/2009:01:46:53 +0200] "GET /frame-unten.html HTTP/1.1" 200 5308 "http://www.various-euro.com/framez-zampa-lovers.html" "Opera/9.60 (J2ME/MIDP; Opera Mini/4.2.13337/432; U; sr) Presto/2.2.0"
94.246.126.97 - - [26/Jun/2009:01:46:53 +0200] "GET /zampa-lovers/index.html HTTP/1.1" 200 37790 "http://www.various-euro.com/framez-zampa-lovers.html" "Opera/9.60 (J2ME/MIDP; Opera Mini/4.2.13337/432; U; sr) Presto/2.2.0"
94.246.126.97 - - [26/Jun/2009:01:46:53 +0200] "GET /ve-icon-2.ico HTTP/1.1" 200 2238 "http://www.various-euro.com/framez-zampa-lovers.html" "Opera/9.60 (J2ME/MIDP; Opera Mini/4.2.13337/432; U; sr) Presto/2.2.0"
94.246.126.97 - - [26/Jun/2009:01:46:53 +0200] "GET /style/various-euro.css HTTP/1.1" 200 3437 "http://www.various-euro.com/frame-menu.html" "Opera/9.60 (J2ME/MIDP; Opera Mini/4.2.13337/432; U; sr) Presto/2.2.0"
94.246.126.97 - - [26/Jun/2009:01:46:53 +0200] "GET /bannerz/ve.jpg HTTP/1.1" 200 36912 "http://www.various-euro.com/frame-unten.html" "Opera/9.60 (J2ME/MIDP; Opera Mini/4.2.13337/432; U; sr) Presto/2.2.0"
94.246.126.97 - - [26/Jun/2009:01:46:53 +0200] "GET /zampa-lovers/zampama2.mpg HTTP/1.1" 404 2748 "http://www.various-euro.com/zampa-lovers/index.html" "Opera/9.60 (J2ME/MIDP; Opera Mini/4.2.13337/432; U; sr) Presto/2.2.0"
94.246.126.97 - - [26/Jun/2009:01:46:53 +0200] "GET /bannerz/various-euro-girl.jpg HTTP/1.1" 200 91514 "http://www.various-euro.com/frame-unten.html" "Opera/9.60 (J2ME/MIDP; Opera Mini/4.2.13337/432; U; sr) Presto/2.2.0"
74.6.18.240 - - [26/Jun/2009:02:03:53 +0200] "GET /robots.txt HTTP/1.0" 200 64 "-" "Mozilla/5.0 (compatible; Yahoo! Slurp; http://help.yahoo.com/help/us/ysearch/slurp)"
74.6.18.240 - - [26/Jun/2009:02:03:53 +0200] "GET /framez-zampa-lovers.html HTTP/1.0" 200 4322 "-" "Mozilla/5.0 (compatible; Yahoo! Slurp/3.0; http://help.yahoo.com/help/us/ysearch/slurp)"
74.6.18.240 - - [26/Jun/2009:02:03:57 +0200] "GET /frame-menu.html HTTP/1.0" 200 10500 "http://www.various-euro.com/framez-zampa-lovers.html" "Mozilla/5.0 (compatible; Yahoo! Slurp/3.0; http://help.yahoo.com/help/us/ysearch/slurp)"
74.6.18.240 - - [26/Jun/2009:02:03:57 +0200] "GET /frame-unten.html HTTP/1.0" 200 5308 "http://www.various-euro.com/framez-zampa-lovers.html" "Mozilla/5.0 (compatible; Yahoo! Slurp/3.0; http://help.yahoo.com/help/us/ysearch/slurp)"
74.6.18.240 - - [26/Jun/2009:02:03:57 +0200] "GET /zampa-lovers/index.html HTTP/1.0" 200 37790 "http://www.various-euro.com/framez-zampa-lovers.html" "Mozilla/5.0 (compatible; Yahoo! Slurp/3.0; http://help.yahoo.com/help/us/ysearch/slurp)"
74.6.18.240 - - [26/Jun/2009:02:04:05 +0200] "GET /style/various-euro.css HTTP/1.0" 304 - "http://www.various-euro.com/frame-menu.html" "Mozilla/5.0 (compatible; Yahoo! Slurp/3.0; http://help.yahoo.com/help/us/ysearch/slurp)"
65.55.106.107 - - [26/Jun/2009:02:12:38 +0200] "GET /robots.txt HTTP/1.1" 200 64 "-" "msnbot/2.0b (+http://search.msn.com/msnbot.htm)"
81.52.143.37 - - [26/Jun/2009:02:13:18 +0200] "GET /robots.txt HTTP/1.1" 200 64 "-" "Mozilla/5.0 (Windows; U; Windows NT 5.1; fr; rv:1.8.1) VoilaBot BETA 1.2 (support.voilabot@orange-ftgroup.com)"
81.52.143.37 - - [26/Jun/2009:02:13:26 +0200] "GET /warez.html HTTP/1.1" 200 9754 "-" "Mozilla/5.0 (Windows; U; Windows NT 5.1; fr; rv:1.8.1) VoilaBot BETA 1.2 (support.voilabot@orange-ftgroup.com)"
216.145.24.86 - - [26/Jun/2009:02:53:47 +0200] "GET / HTTP/1.1" 200 7869 "-" "Mozilla/4.0 (compatible; MSIE 6.0; Windows NT 5.0; DigExt)"
74.6.18.240 - - [26/Jun/2009:02:56:16 +0200] "GET /neon/left-one.html HTTP/1.0" 200 1712 "-" "Mozilla/5.0 (compatible; Yahoo! Slurp/3.0; http://help.yahoo.com/help/us/ysearch/slurp)"
72.14.199.8 - - [26/Jun/2009:03:07:04 +0200] "GET / HTTP/1.1" 302 353 "-" "Feedfetcher-Google; (+http://www.google.com/feedfetcher.html; 1 subscribers; feed-id=5454548576667470243)"
72.14.199.85 - - [26/Jun/2009:03:07:53 +0200] "GET /zampa/ HTTP/1.1" 200 7153 "-" "Feedfetcher-Google; (+http://www.google.com/feedfetcher.html; 1 subscribers; feed-id=5454548576667470243)"
66.249.72.227 - - [26/Jun/2009:03:09:32 +0200] "GET /robots.txt HTTP/1.1" 200 64 "-" "Googlebot-Image/1.0"
81.52.143.30 - - [26/Jun/2009:03:29:21 +0200] "GET /robots.txt HTTP/1.1" 200 64 "-" "Mozilla/5.0 (Windows; U; Windows NT 5.1; fr; rv:1.8.1) VoilaBot BETA 1.2 (support.voilabot@orange-ftgroup.com)"
81.52.143.30 - - [26/Jun/2009:03:29:29 +0200] "GET /f-maintitle.html HTTP/1.1" 200 5030 "-" "Mozilla/5.0 (Windows; U; Windows NT 5.1; fr; rv:1.8.1) VoilaBot BETA 1.2 (support.voilabot@orange-ftgroup.com)"
65.55.51.112 - - [26/Jun/2009:03:51:42 +0200] "GET /robots.txt HTTP/1.1" 200 64 "-" "msnbot/2.0b (+http://search.msn.com/msnbot.htm)"
220.181.61.234 - - [26/Jun/2009:03:53:39 +0200] "GET / HTTP/1.1" 200 7869 "-" "Sogou web spider/4.0(+http://www.sogou.com/docs/help/webmasters.htm#07)"
220.181.61.234 - - [26/Jun/2009:03:53:45 +0200] "GET /framez_0.html HTTP/1.1" 200 12285 "-" "Sogou web spider/4.0(+http://www.sogou.com/docs/help/webmasters.htm#07)"
38.108.180.12 - - [26/Jun/2009:04:00:03 +0200] "GET /robots.txt HTTP/1.1" 200 64 "-" "Mozilla/5.0 (compatible; ScoutJet; +http://www.scoutjet.com/)"
38.108.180.12 - - [26/Jun/2009:04:00:30 +0200] "GET /f-world.html HTTP/1.1" 200 35590 "-" "Mozilla/5.0 (compatible; ScoutJet; +http://www.scoutjet.com/)"
38.108.180.12 - - [26/Jun/2009:04:01:29 +0200] "GET /f-net.html HTTP/1.1" 200 9913 "-" "Mozilla/5.0 (compatible; ScoutJet; +http://www.scoutjet.com/)"
38.108.180.12 - - [26/Jun/2009:04:02:07 +0200] "GET /restate_copy.html HTTP/1.1" 200 97631 "-" "Mozilla/5.0 (compatible; ScoutJet; +http://www.scoutjet.com/)"
38.108.180.12 - - [26/Jun/2009:04:03:50 +0200] "GET /f-sponsor.html HTTP/1.1" 200 8578 "-" "Mozilla/5.0 (compatible; ScoutJet; +http://www.scoutjet.com/)"
38.108.180.12 - - [26/Jun/2009:04:04:41 +0200] "GET /f-zeug.html HTTP/1.1" 200 59462 "-" "Mozilla/5.0 (compatible; ScoutJet; +http://www.scoutjet.com/)"
38.108.180.12 - - [26/Jun/2009:04:05:57 +0200] "GET /f-warez.html HTTP/1.1" 200 10953 "-" "Mozilla/5.0 (compatible; ScoutJet; +http://www.scoutjet.com/)"
65.55.106.141 - - [26/Jun/2009:04:30:40 +0200] "GET /robots.txt HTTP/1.1" 200 64 "-" "msnbot/2.0b (+http://search.msn.com/msnbot.htm)"
65.55.106.113 - - [26/Jun/2009:04:43:27 +0200] "GET /framez-girlz-neon.html HTTP/1.1" 200 4388 "-" "msnbot/2.0b (+http://search.msn.com/msnbot.htm)"
81.52.143.29 - - [26/Jun/2009:04:58:11 +0200] "GET /f-warez.html HTTP/1.1" 200 10953 "-" "Mozilla/5.0 (Windows; U; Windows NT 5.1; fr; rv:1.8.1) VoilaBot BETA 1.2 (support.voilabot@orange-ftgroup.com)"
71.205.54.55 - - [26/Jun/2009:05:15:49 +0200] "GET / HTTP/1.1" 200 7869 "http://www.randomwebsite.com/" "Mozilla/5.0 (Windows; U; Windows NT 5.1; en-US; rv:1.9.0.11) Gecko/2009060215 Firefox/3.0.11"
71.205.54.55 - - [26/Jun/2009:05:15:49 +0200] "GET /style/various-euro.css HTTP/1.1" 200 3437 "http://www.various-euro.com/" "Mozilla/5.0 (Windows; U; Windows NT 5.1; en-US; rv:1.9.0.11) Gecko/2009060215 Firefox/3.0.11"
71.205.54.55 - - [26/Jun/2009:05:15:50 +0200] "GET /ve-icon-2.ico HTTP/1.1" 200 2238 "-" "Mozilla/5.0 (Windows; U; Windows NT 5.1; en-US; rv:1.9.0.11) Gecko/2009060215 Firefox/3.0.11"
71.205.54.55 - - [26/Jun/2009:05:15:50 +0200] "GET /framez_0.html HTTP/1.1" 200 12285 "http://www.various-euro.com/" "Mozilla/5.0 (Windows; U; Windows NT 5.1; en-US; rv:1.9.0.11) Gecko/2009060215 Firefox/3.0.11"
71.205.54.55 - - [26/Jun/2009:05:15:52 +0200] "GET /ve-icon-2.ico HTTP/1.1" 200 2238 "-" "Mozilla/5.0 (Windows; U; Windows NT 5.1; en-US; rv:1.9.0.11) Gecko/2009060215 Firefox/3.0.11"
193.252.149.15 - - [26/Jun/2009:05:16:03 +0200] "GET / HTTP/1.1" 200 7869 "-" "Mozilla/5.0 (Windows; U; Windows NT 5.1; fr; rv:1.8.1) VoilaBot BETA 1.2 (support.voilabot@orange-ftgroup.com)"
65.55.51.112 - - [26/Jun/2009:05:27:22 +0200] "GET /robots.txt HTTP/1.1" 200 64 "-" "msnbot/2.0b (+http://search.msn.com/msnbot.htm)"
65.55.106.182 - - [26/Jun/2009:05:50:58 +0200] "GET /robots.txt HTTP/1.1" 302 363 "-" "msnbot/2.0b (+http://search.msn.com/msnbot.htm)"
65.55.106.182 - - [26/Jun/2009:05:50:59 +0200] "GET /zampa/robots.txt HTTP/1.1" 404 2748 "-" "msnbot/2.0b (+http://search.msn.com/msnbot.htm)"
65.55.106.209 - - [26/Jun/2009:05:59:17 +0200] "GET /robots.txt HTTP/1.1" 200 64 "-" "msnbot/2.0b (+http://search.msn.com/msnbot.htm)"
72.14.199.8 - - [26/Jun/2009:06:09:44 +0200] "GET / HTTP/1.1" 302 353 "-" "Feedfetcher-Google; (+http://www.google.com/feedfetcher.html; 1 subscribers; feed-id=5454548576667470243)"
72.14.199.85 - - [26/Jun/2009:06:09:44 +0200] "GET /zampa/ HTTP/1.1" 200 7153 "-" "Feedfetcher-Google; (+http://www.google.com/feedfetcher.html; 1 subscribers; feed-id=5454548576667470243)"
67.202.41.3 - - [26/Jun/2009:06:17:22 +0200] "GET /robots.txt HTTP/1.0" 302 363 "-" "ia_archiver (+http://www.alexa.com/site/help/webmasters; crawler@alexa.com)"
67.202.41.3 - - [26/Jun/2009:06:17:22 +0200] "GET / HTTP/1.0" 302 353 "-" "ia_archiver (+http://www.alexa.com/site/help/webmasters; crawler@alexa.com)"
67.202.41.3 - - [26/Jun/2009:06:17:22 +0200] "GET /robots.txt HTTP/1.0" 200 64 "-" "ia_archiver (+http://www.alexa.com/site/help/webmasters; crawler@alexa.com)"
66.235.124.58 - - [26/Jun/2009:06:54:16 +0200] "GET /robots.txt HTTP/1.0" 200 64 "-" "Mozilla/5.0 (compatible; Ask Jeeves/Teoma; +http://about.ask.com/en/docs/about/webmasters.shtml)"
66.235.124.58 - - [26/Jun/2009:06:54:16 +0200] "GET /framez-rez.html HTTP/1.0" 200 4323 "-" "Mozilla/5.0 (compatible; Ask Jeeves/Teoma; +http://about.ask.com/en/docs/about/webmasters.shtml)"
66.235.124.58 - - [26/Jun/2009:06:54:17 +0200] "GET /frame-menu.html HTTP/1.0" 200 10500 "-" "Mozilla/5.0 (compatible; Ask Jeeves/Teoma; +http://about.ask.com/en/docs/about/webmasters.shtml)"
66.235.124.58 - - [26/Jun/2009:06:54:17 +0200] "GET /f-rez.html HTTP/1.0" 200 9765 "-" "Mozilla/5.0 (compatible; Ask Jeeves/Teoma; +http://about.ask.com/en/docs/about/webmasters.shtml)"
66.235.124.58 - - [26/Jun/2009:06:54:18 +0200] "GET /frame-unten.html HTTP/1.0" 200 5308 "-" "Mozilla/5.0 (compatible; Ask Jeeves/Teoma; +http://about.ask.com/en/docs/about/webmasters.shtml)"
66.249.72.227 - - [26/Jun/2009:07:02:00 +0200] "GET / HTTP/1.1" 200 7869 "-" "Mozilla/5.0 (compatible; Googlebot/2.1; +http://www.google.com/bot.html)"
208.78.121.11 - - [26/Jun/2009:07:04:12 +0200] "POST /cgi-bin/smpro/s.pl HTTP/1.0" 404 2748 "http://various-euro.com/cgi-bin/smpro/s.pl" "Mozilla/4.0 (compatible; MSIE 6.0; Windows NT 5.1)"
202.84.127.9 - - [26/Jun/2009:07:04:25 +0200] "POST /cgi-bin/smpro/s.pl HTTP/1.0" 404 2748 "http://various-euro.com/cgi-bin/smpro/s.pl" "Mozilla/4.0 (compatible; MSIE 6.0; Windows NT 5.1)"
201.47.123.178 - - [26/Jun/2009:07:04:37 +0200] "POST /cgi-bin/smpro/s.pl HTTP/1.0" 404 2748 "http://various-euro.com/cgi-bin/smpro/s.pl" "Mozilla/4.0 (compatible; MSIE 6.0; Windows NT 5.1)"
202.84.127.9 - - [26/Jun/2009:07:05:03 +0200] "POST /cgi-bin/smpro/s.pl HTTP/1.0" 404 2748 "http://various-euro.com/cgi-bin/smpro/s.pl" "Mozilla/4.0 (compatible; MSIE 6.0; Windows NT 5.1)"
66.249.72.227 - - [26/Jun/2009:07:17:33 +0200] "GET / HTTP/1.1" 302 353 "-" "Mozilla/5.0 (compatible; Googlebot/2.1; +http://www.google.com/bot.html)"
66.249.72.227 - - [26/Jun/2009:07:17:34 +0200] "GET /zampa/ HTTP/1.1" 200 7153 "-" "Mozilla/5.0 (compatible; Googlebot/2.1; +http://www.google.com/bot.html)"
81.52.143.37 - - [26/Jun/2009:07:27:21 +0200] "GET /neon/left-one-new.html HTTP/1.1" 200 1483 "-" "Mozilla/5.0 (Windows; U; Windows NT 5.1; fr; rv:1.8.1) VoilaBot BETA 1.2 (support.voilabot@orange-ftgroup.com)"
66.249.72.227 - - [26/Jun/2009:07:40:04 +0200] "GET /%3E HTTP/1.1" 302 356 "-" "Mozilla/5.0 (compatible; Googlebot/2.1; +http://www.google.com/bot.html)"
66.249.72.227 - - [26/Jun/2009:07:40:05 +0200] "GET /zampa/%3E HTTP/1.1" 404 2748 "-" "Mozilla/5.0 (compatible; Googlebot/2.1; +http://www.google.com/bot.html)"
65.55.106.233 - - [26/Jun/2009:07:46:15 +0200] "GET /robots.txt HTTP/1.1" 302 363 "-" "msnbot/2.0b (+http://search.msn.com/msnbot.htm)"
65.55.106.233 - - [26/Jun/2009:07:46:15 +0200] "GET /zampa/robots.txt HTTP/1.1" 404 2748 "-" "msnbot/2.0b (+http://search.msn.com/msnbot.htm)"
66.249.72.227 - - [26/Jun/2009:07:49:46 +0200] "GET /%3E) HTTP/1.1" 302 357 "-" "Mozilla/5.0 (compatible; Googlebot/2.1; +http://www.google.com/bot.html)"
66.249.72.227 - - [26/Jun/2009:07:49:46 +0200] "GET /zampa/%3E) HTTP/1.1" 404 2748 "-" "Mozilla/5.0 (compatible; Googlebot/2.1; +http://www.google.com/bot.html)"
66.249.72.227 - - [26/Jun/2009:07:57:28 +0200] "GET /%3E%5D HTTP/1.1" 302 359 "-" "Mozilla/5.0 (compatible; Googlebot/2.1; +http://www.google.com/bot.html)"
66.249.72.227 - - [26/Jun/2009:07:57:29 +0200] "GET /zampa/%3E%5D HTTP/1.1" 404 2748 "-" "Mozilla/5.0 (compatible; Googlebot/2.1; +http://www.google.com/bot.html)"
74.6.18.240 - - [26/Jun/2009:08:00:53 +0200] "GET /zampa-lovers/index.html HTTP/1.0" 200 37790 "-" "Mozilla/5.0 (compatible; Yahoo! Slurp/3.0; http://help.yahoo.com/help/us/ysearch/slurp)"
65.55.230.248 - - [26/Jun/2009:08:07:29 +0200] "GET /robots.txt HTTP/1.1" 200 64 "-" "msnbot-media/1.1 (+http://search.msn.com/msnbot.htm)"
65.55.230.248 - - [26/Jun/2009:08:07:29 +0200] "GET /framez-zampa-lovers.html HTTP/1.1" 200 4322 "-" "msnbot-media/1.1 (+http://search.msn.com/msnbot.htm)"
66.249.72.227 - - [26/Jun/2009:08:09:47 +0200] "GET /framez.html HTTP/1.1" 200 3959 "-" "Mozilla/5.0 (compatible; Googlebot/2.1; +http://www.google.com/bot.html)"
66.249.72.227 - - [26/Jun/2009:08:19:26 +0200] "GET /framez-rez.html HTTP/1.1" 200 4323 "-" "Mozilla/5.0 (compatible; Googlebot/2.1; +http://www.google.com/bot.html)"
65.55.106.210 - - [26/Jun/2009:08:26:59 +0200] "GET /robots.txt HTTP/1.1" 200 64 "-" "msnbot/2.0b (+http://search.msn.com/msnbot.htm)"
74.6.18.240 - - [26/Jun/2009:08:50:38 +0200] "GET /your_tour.html HTTP/1.0" 200 29760 "-" "Mozilla/5.0 (compatible; Yahoo! Slurp/3.0; http://help.yahoo.com/help/us/ysearch/slurp)"
74.6.18.240 - - [26/Jun/2009:08:50:39 +0200] "GET /anon.css HTTP/1.0" 404 2748 "http://www.various-euro.com/your_tour.html" "Mozilla/5.0 (compatible; Yahoo! Slurp/3.0; http://help.yahoo.com/help/us/ysearch/slurp)"
84.38.74.223 - - [26/Jun/2009:08:54:13 +0200] "GET /robots.txt HTTP/1.1" 200 64 "http://www.various-euro.com/" "yacybot (amd64 Linux 2.6.24-16-server; java 1.6.0_07; Europe/en) http://yacy.net/bot.html"
84.38.74.223 - - [26/Jun/2009:08:54:14 +0200] "GET /framez-rez.html HTTP/1.1" 200 4323 "http://www.technart.net/" "yacybot (amd64 Linux 2.6.24-16-server; java 1.6.0_07; Europe/en) http://yacy.net/bot.html"
84.38.74.223 - - [26/Jun/2009:08:54:57 +0200] "GET / HTTP/1.1" 200 7869 "http://www.modukit.com/" "yacybot (amd64 Linux 2.6.24-16-server; java 1.6.0_07; Europe/en) http://yacy.net/bot.html"
65.55.211.167 - - [26/Jun/2009:09:06:07 +0200] "GET /zampa/montenegro/BATAW.html HTTP/1.1" 200 860 "-" "msnbot/1.1 (+http://search.msn.com/msnbot.htm)"
193.252.118.174 - - [26/Jun/2009:09:22:45 +0200] "GET /f-channel1.html HTTP/1.1" 200 9329 "-" "Mozilla/5.0 (Windows; U; Windows NT 5.1; fr; rv:1.8.1) VoilaBot BETA 1.2 (support.voilabot@orange-ftgroup.com)"
65.55.51.115 - - [26/Jun/2009:09:42:09 +0200] "GET /robots.txt HTTP/1.1" 200 64 "-" "msnbot/2.0b (+http://search.msn.com/msnbot.htm)"
74.6.18.240 - - [26/Jun/2009:09:47:00 +0200] "GET /DgH/watch/index.html HTTP/1.0" 200 2028 "-" "Mozilla/5.0 (compatible; Yahoo! Slurp/3.0; http://help.yahoo.com/help/us/ysearch/slurp)"
74.6.18.240 - - [26/Jun/2009:09:47:07 +0200] "GET /DgH/watch/pict/Watch.mp3 HTTP/1.0" 200 29938 "http://www.various-euro.com/DgH/watch/index.html" "Mozilla/5.0 (compatible; Yahoo! Slurp/3.0; http://help.yahoo.com/help/us/ysearch/slurp)"
65.55.106.207 - - [26/Jun/2009:09:49:02 +0200] "GET /robots.txt HTTP/1.1" 200 64 "-" "msnbot/2.0b (+http://search.msn.com/msnbot.htm)"
92.225.137.251 - - [26/Jun/2009:09:58:43 +0200] "GET / HTTP/1.1" 302 353 "http://www.google.com/search?client=safari&rls=de-de&q=zampa+di+leaone&ie=UTF-8&oe=UTF-8" "Mozilla/5.0 (Macintosh; U; Intel Mac OS X 10_4_11; de-de) AppleWebKit/525.27.1 (KHTML, like Gecko) Version/3.2.1 Safari/525.27.1"
92.225.137.251 - - [26/Jun/2009:09:58:43 +0200] "GET /zampa/ HTTP/1.1" 200 7153 "http://www.google.com/search?client=safari&rls=de-de&q=zampa+di+leaone&ie=UTF-8&oe=UTF-8" "Mozilla/5.0 (Macintosh; U; Intel Mac OS X 10_4_11; de-de) AppleWebKit/525.27.1 (KHTML, like Gecko) Version/3.2.1 Safari/525.27.1"
92.225.137.251 - - [26/Jun/2009:09:58:43 +0200] "GET /zampa/slike/zampa.gif HTTP/1.1" 200 5310 "http://www.various-euro.com/zampa/" "Mozilla/5.0 (Macintosh; U; Intel Mac OS X 10_4_11; de-de) AppleWebKit/525.27.1 (KHTML, like Gecko) Version/3.2.1 Safari/525.27.1"
92.225.137.251 - - [26/Jun/2009:09:58:43 +0200] "GET /zampa/slike/udupetu.gif HTTP/1.1" 200 4138 "http://www.various-euro.com/zampa/" "Mozilla/5.0 (Macintosh; U; Intel Mac OS X 10_4_11; de-de) AppleWebKit/525.27.1 (KHTML, like Gecko) Version/3.2.1 Safari/525.27.1"
92.225.137.251 - - [26/Jun/2009:09:58:43 +0200] "GET /zampa/slike/inthearse.gif HTTP/1.1" 200 4077 "http://www.various-euro.com/zampa/" "Mozilla/5.0 (Macintosh; U; Intel Mac OS X 10_4_11; de-de) AppleWebKit/525.27.1 (KHTML, like Gecko) Version/3.2.1 Safari/525.27.1"
92.225.137.251 - - [26/Jun/2009:09:58:43 +0200] "GET /favicon.ico HTTP/1.1" 404 2748 "http://www.various-euro.com/zampa/" "Mozilla/5.0 (Macintosh; U; Intel Mac OS X 10_4_11; de-de) AppleWebKit/525.27.1 (KHTML, like Gecko) Version/3.2.1 Safari/525.27.1"
92.225.137.251 - - [26/Jun/2009:09:59:04 +0200] "GET / HTTP/1.1" 200 7869 "-" "Mozilla/5.0 (Macintosh; U; Intel Mac OS X 10_4_11; de-de) AppleWebKit/525.27.1 (KHTML, like Gecko) Version/3.2.1 Safari/525.27.1"
92.225.137.251 - - [26/Jun/2009:09:59:04 +0200] "GET /framez_0.html HTTP/1.1" 200 12285 "http://www.various-euro.com/" "Mozilla/5.0 (Macintosh; U; Intel Mac OS X 10_4_11; de-de) AppleWebKit/525.27.1 (KHTML, like Gecko) Version/3.2.1 Safari/525.27.1"
92.225.137.251 - - [26/Jun/2009:09:59:04 +0200] "GET /ve-icon-2.ico HTTP/1.1" 200 2238 "http://www.various-euro.com/framez_0.html" "Mozilla/5.0 (Macintosh; U; Intel Mac OS X 10_4_11; de-de) AppleWebKit/525.27.1 (KHTML, like Gecko) Version/3.2.1 Safari/525.27.1"
