89.216.22.238 - - [30/Jul/2009:10:20:53 +0200] "GET /zampa/slike/inthearse.gif HTTP/1.1" 200 4077 "http://www.various-euro.com/zampa/" "Mozilla/5.0 (Macintosh; U; Intel Mac OS X 10.5; en-US; rv:1.9.0.12) Gecko/2009070609 Firefox/3.0.12"
89.216.22.238 - - [30/Jul/2009:10:20:53 +0200] "GET /favicon.ico HTTP/1.1" 404 2748 "-" "Mozilla/5.0 (Macintosh; U; Intel Mac OS X 10.5; en-US; rv:1.9.0.12) Gecko/2009070609 Firefox/3.0.12"
89.216.22.238 - - [30/Jul/2009:10:21:01 +0200] "GET /favicon.ico HTTP/1.1" 404 2748 "-" "Mozilla/5.0 (Macintosh; U; Intel Mac OS X 10.5; en-US; rv:1.9.0.12) Gecko/2009070609 Firefox/3.0.12"
89.216.22.238 - - [30/Jul/2009:10:21:48 +0200] "GET /favicon.ico HTTP/1.1" 404 2748 "-" "Mozilla/5.0 (Macintosh; U; Intel Mac OS X 10.5; en-US; rv:1.9.0.12) Gecko/2009070609 Firefox/3.0.12"
89.216.22.238 - - [30/Jul/2009:10:21:58 +0200] "GET /zampa/wonderland/index.html HTTP/1.1" 200 2084 "http://www.various-euro.com/zampa/" "Mozilla/5.0 (Macintosh; U; Intel Mac OS X 10.5; en-US; rv:1.9.0.12) Gecko/2009070609 Firefox/3.0.12"
89.216.22.238 - - [30/Jul/2009:10:21:59 +0200] "GET /zampa/wonderland/TWonder.gif HTTP/1.1" 200 76757 "http://www.various-euro.com/zampa/wonderland/index.html" "Mozilla/5.0 (Macintosh; U; Intel Mac OS X 10.5; en-US; rv:1.9.0.12) Gecko/2009070609 Firefox/3.0.12"
89.216.22.238 - - [30/Jul/2009:10:21:59 +0200] "GET /favicon.ico HTTP/1.1" 404 2748 "-" "Mozilla/5.0 (Macintosh; U; Intel Mac OS X 10.5; en-US; rv:1.9.0.12) Gecko/2009070609 Firefox/3.0.12"
89.216.22.238 - - [30/Jul/2009:10:22:16 +0200] "GET /favicon.ico HTTP/1.1" 404 2748 "-" "Mozilla/5.0 (Macintosh; U; Intel Mac OS X 10.5; en-US; rv:1.9.0.12) Gecko/2009070609 Firefox/3.0.12"
89.216.22.238 - - [30/Jul/2009:10:22:54 +0200] "GET /favicon.ico HTTP/1.1" 404 2748 "-" "Mozilla/5.0 (Macintosh; U; Intel Mac OS X 10.5; en-US; rv:1.9.0.12) Gecko/2009070609 Firefox/3.0.12"
193.252.118.174 - - [30/Jul/2009:10:24:55 +0200] "GET /robots.txt HTTP/1.1" 200 64 "-" "Mozilla/5.0 (Windows; U; Windows NT 5.1; fr; rv:1.8.1) VoilaBot BETA 1.2 (support.voilabot@orange-ftgroup.com)"
193.252.118.174 - - [30/Jul/2009:10:25:13 +0200] "GET /neon/europa.html HTTP/1.1" 200 389 "-" "Mozilla/5.0 (Windows; U; Windows NT 5.1; fr; rv:1.8.1) VoilaBot BETA 1.2 (support.voilabot@orange-ftgroup.com)"
65.55.104.165 - - [30/Jul/2009:10:25:33 +0200] "GET /robots.txt HTTP/1.1" 200 64 "-" "msnbot/1.1 (+http://search.msn.com/msnbot.htm)"
65.55.104.165 - - [30/Jul/2009:10:25:33 +0200] "GET / HTTP/1.1" 200 7869 "-" "msnbot/1.1 (+http://search.msn.com/msnbot.htm)"
89.216.22.238 - - [30/Jul/2009:10:28:06 +0200] "GET /favicon.ico HTTP/1.1" 404 2748 "-" "Mozilla/5.0 (Macintosh; U; Intel Mac OS X 10.5; en-US; rv:1.9.0.12) Gecko/2009070609 Firefox/3.0.12"
70.38.37.132 - - [30/Jul/2009:10:37:40 +0200] "GET /logs/ HTTP/1.1" 200 11511 "-" "Mozilla 4/0"
70.38.37.132 - - [30/Jul/2009:10:37:40 +0200] "GET /logs/ HTTP/1.1" 200 11511 "http://www.various-euro.com/logs/" "Mozilla 4/0"
70.38.37.132 - - [30/Jul/2009:10:37:40 +0200] "GET /logs/ HTTP/1.1" 200 11511 "http://www.various-euro.com/logs/" "Mozilla 4/0"
70.38.37.132 - - [30/Jul/2009:10:37:40 +0200] "GET /logs/ HTTP/1.1" 200 11511 "http://www.various-euro.com/logs/" "Mozilla 4/0"
70.38.37.132 - - [30/Jul/2009:10:37:41 +0200] "GET /logs/ HTTP/1.1" 200 11511 "http://www.various-euro.com/logs/" "Mozilla 4/0"
70.38.37.132 - - [30/Jul/2009:10:37:41 +0200] "GET /logs/ HTTP/1.1" 200 11511 "http://www.various-euro.com/logs/" "Mozilla 4/0"
79.175.81.23 - - [30/Jul/2009:10:58:26 +0200] "GET / HTTP/1.1" 302 353 "http://www.google.com/search?source=ig&hl=en&rlz=1G1GGLQ_ENZZ269&=&q=zampa+di+leone&aq=0p&oq=zampa&aqi=g%3Ap1g6g%3As1g1g%3As1" "Mozilla/5.0 (Windows; U; Windows NT 5.1; en-US; rv:1.9.0.12) Gecko/2009070611 Firefox/3.0.12"
79.175.81.23 - - [30/Jul/2009:10:58:26 +0200] "GET /zampa/ HTTP/1.1" 200 7153 "http://www.google.com/search?source=ig&hl=en&rlz=1G1GGLQ_ENZZ269&=&q=zampa+di+leone&aq=0p&oq=zampa&aqi=g%3Ap1g6g%3As1g1g%3As1" "Mozilla/5.0 (Windows; U; Windows NT 5.1; en-US; rv:1.9.0.12) Gecko/2009070611 Firefox/3.0.12"
79.175.81.23 - - [30/Jul/2009:10:58:33 +0200] "GET / HTTP/1.1" 302 353 "http://www.google.com/search?source=ig&hl=en&rlz=1G1GGLQ_ENZZ269&=&q=zampa+di+leone&aq=0p&oq=zampa&aqi=g%3Ap1g6g%3As1g1g%3As1" "Mozilla/5.0 (Windows; U; Windows NT 5.1; en-US; rv:1.9.0.12) Gecko/2009070611 Firefox/3.0.12"
79.175.81.23 - - [30/Jul/2009:10:58:33 +0200] "GET /zampa/ HTTP/1.1" 200 7153 "http://www.google.com/search?source=ig&hl=en&rlz=1G1GGLQ_ENZZ269&=&q=zampa+di+leone&aq=0p&oq=zampa&aqi=g%3Ap1g6g%3As1g1g%3As1" "Mozilla/5.0 (Windows; U; Windows NT 5.1; en-US; rv:1.9.0.12) Gecko/2009070611 Firefox/3.0.12"
79.175.81.23 - - [30/Jul/2009:10:58:34 +0200] "GET /zampa/slike/zampa.gif HTTP/1.1" 200 5310 "http://www.various-euro.com/zampa/" "Mozilla/5.0 (Windows; U; Windows NT 5.1; en-US; rv:1.9.0.12) Gecko/2009070611 Firefox/3.0.12"
79.175.81.23 - - [30/Jul/2009:10:58:34 +0200] "GET /zampa/slike/inthearse.gif HTTP/1.1" 200 4077 "http://www.various-euro.com/zampa/" "Mozilla/5.0 (Windows; U; Windows NT 5.1; en-US; rv:1.9.0.12) Gecko/2009070611 Firefox/3.0.12"
79.175.81.23 - - [30/Jul/2009:10:58:34 +0200] "GET /zampa/slike/udupetu.gif HTTP/1.1" 200 4138 "http://www.various-euro.com/zampa/" "Mozilla/5.0 (Windows; U; Windows NT 5.1; en-US; rv:1.9.0.12) Gecko/2009070611 Firefox/3.0.12"
79.175.81.23 - - [30/Jul/2009:10:58:34 +0200] "GET /favicon.ico HTTP/1.1" 404 2748 "-" "Mozilla/5.0 (Windows; U; Windows NT 5.1; en-US; rv:1.9.0.12) Gecko/2009070611 Firefox/3.0.12"
79.175.81.23 - - [30/Jul/2009:10:58:36 +0200] "GET /zampa/slike/S6BIENNI.GIF HTTP/1.1" 200 35877 "http://www.various-euro.com/zampa/" "Mozilla/5.0 (Windows; U; Windows NT 5.1; en-US; rv:1.9.0.12) Gecko/2009070611 Firefox/3.0.12"
79.175.81.23 - - [30/Jul/2009:10:58:37 +0200] "GET /favicon.ico HTTP/1.1" 404 2748 "-" "Mozilla/5.0 (Windows; U; Windows NT 5.1; en-US; rv:1.9.0.12) Gecko/2009070611 Firefox/3.0.12"
79.175.81.23 - - [30/Jul/2009:10:59:05 +0200] "GET /zampa/slike/S7MEDIAA.GIF HTTP/1.1" 200 45793 "http://www.various-euro.com/zampa/" "Mozilla/5.0 (Windows; U; Windows NT 5.1; en-US; rv:1.9.0.12) Gecko/2009070611 Firefox/3.0.12"
79.175.81.23 - - [30/Jul/2009:10:59:49 +0200] "GET /zampa/slike/S8CURATO.GIF HTTP/1.1" 200 16968 "http://www.various-euro.com/zampa/" "Mozilla/5.0 (Windows; U; Windows NT 5.1; en-US; rv:1.9.0.12) Gecko/2009070611 Firefox/3.0.12"
79.175.81.23 - - [30/Jul/2009:11:00:00 +0200] "GET /zampa/slike/S5UROSTO.GIF HTTP/1.1" 200 45220 "http://www.various-euro.com/zampa/" "Mozilla/5.0 (Windows; U; Windows NT 5.1; en-US; rv:1.9.0.12) Gecko/2009070611 Firefox/3.0.12"
79.175.81.23 - - [30/Jul/2009:11:00:28 +0200] "GET /zampa/slike/S4IRWIN.GIF HTTP/1.1" 200 54718 "http://www.various-euro.com/zampa/" "Mozilla/5.0 (Windows; U; Windows NT 5.1; en-US; rv:1.9.0.12) Gecko/2009070611 Firefox/3.0.12"
79.175.81.23 - - [30/Jul/2009:11:01:22 +0200] "GET /zampa/slike/S3VAMPIR.GIF HTTP/1.1" 200 55504 "http://www.various-euro.com/zampa/" "Mozilla/5.0 (Windows; U; Windows NT 5.1; en-US; rv:1.9.0.12) Gecko/2009070611 Firefox/3.0.12"
79.175.81.23 - - [30/Jul/2009:11:02:10 +0200] "GET /zampa/slike/S2COPY.GIF HTTP/1.1" 200 12771 "http://www.various-euro.com/zampa/" "Mozilla/5.0 (Windows; U; Windows NT 5.1; en-US; rv:1.9.0.12) Gecko/2009070611 Firefox/3.0.12"
79.175.81.23 - - [30/Jul/2009:11:02:26 +0200] "GET /zampa/slike/S1TITEL.GIF HTTP/1.1" 200 15244 "http://www.various-euro.com/zampa/" "Mozilla/5.0 (Windows; U; Windows NT 5.1; en-US; rv:1.9.0.12) Gecko/2009070611 Firefox/3.0.12"
72.30.142.254 - - [30/Jul/2009:11:13:52 +0200] "GET /logs/usage_200809.html HTTP/1.0" 200 167981 "-" "Mozilla/5.0 (compatible; Yahoo! Slurp/3.0; http://help.yahoo.com/help/us/ysearch/slurp)"
72.14.199.85 - - [30/Jul/2009:11:22:56 +0200] "GET /zampa/ HTTP/1.1" 200 7153 "-" "Feedfetcher-Google; (+http://www.google.com/feedfetcher.html; 1 subscribers; feed-id=5454548576667470243)"
66.249.65.82 - - [30/Jul/2009:12:06:50 +0200] "GET /logs/usage_200907.html HTTP/1.1" 404 2748 "-" "Mozilla/5.0 (compatible; Googlebot/2.1; +http://www.google.com/bot.html)"
89.149.212.94 - - [30/Jul/2009:12:07:28 +0200] "GET /logs/usage_200907.html HTTP/1.0" 404 2748 "-" "-"
66.197.167.99 - - [30/Jul/2009:12:28:56 +0200] "GET / HTTP/1.1" 200 7869 "www.drugpricegrabber.net" "Mozilla/4.0 (compatible; MSIE 5.5; Windows 98)"
66.197.167.99 - - [30/Jul/2009:12:28:56 +0200] "GET / HTTP/1.1" 200 7869 "www.drugpricegrabber.net" "Mozilla/4.0 (compatible; MSIE 5.5; Windows 98)"
193.252.118.174 - - [30/Jul/2009:12:37:40 +0200] "GET /neon/code.html HTTP/1.1" 200 1109 "-" "Mozilla/5.0 (Windows; U; Windows NT 5.1; fr; rv:1.8.1) VoilaBot BETA 1.2 (support.voilabot@orange-ftgroup.com)"
67.218.116.162 - - [30/Jul/2009:12:41:58 +0200] "GET /robots.txt HTTP/1.0" 302 363 "-" "Mozilla/5.0 (Twiceler-0.9 http://www.cuil.com/twiceler/robot.html)"
66.249.65.82 - - [30/Jul/2009:12:54:40 +0200] "GET /framez-pal111.html HTTP/1.1" 200 4328 "-" "Mozilla/5.0 (compatible; Googlebot/2.1; +http://www.google.com/bot.html)"
66.249.65.82 - - [30/Jul/2009:13:11:36 +0200] "GET /bmpp/flyer_cut3x.html HTTP/1.1" 200 15300 "-" "Mozilla/5.0 (compatible; Googlebot/2.1; +http://www.google.com/bot.html)"
89.149.212.94 - - [30/Jul/2009:13:59:27 +0200] "GET /logs/usage_200907.html HTTP/1.0" 404 2748 "-" "-"
72.14.199.8 - - [30/Jul/2009:14:23:16 +0200] "GET / HTTP/1.1" 302 353 "-" "Feedfetcher-Google; (+http://www.google.com/feedfetcher.html; 1 subscribers; feed-id=5454548576667470243)"
72.14.199.85 - - [30/Jul/2009:14:23:17 +0200] "GET /zampa/ HTTP/1.1" 200 7153 "-" "Feedfetcher-Google; (+http://www.google.com/feedfetcher.html; 1 subscribers; feed-id=5454548576667470243)"
67.218.116.166 - - [30/Jul/2009:14:37:07 +0200] "GET /robots.txt HTTP/1.0" 200 64 "-" "Mozilla/5.0 (Twiceler-0.9 http://www.cuil.com/twiceler/robot.html)"
72.30.142.254 - - [30/Jul/2009:14:40:36 +0200] "GET /bmpp/euro_pal_1.html HTTP/1.0" 200 18252 "-" "Mozilla/5.0 (compatible; Yahoo! Slurp/3.0; http://help.yahoo.com/help/us/ysearch/slurp)"
89.149.212.94 - - [30/Jul/2009:14:54:30 +0200] "GET /logs/usage_200907.html HTTP/1.0" 404 2748 "-" "-"
77.105.42.128 - - [30/Jul/2009:15:08:21 +0200] "GET /zampa-lovers/index.html HTTP/1.0" 200 37790 "http://www.google.com/search?q=cejeni+brando&hl=sr&lr=lang_sr&start=10&sa=N" "Mozilla/4.0 (compatible; MSIE 6.0; Windows NT 5.1)"
77.105.42.128 - - [30/Jul/2009:15:08:22 +0200] "GET /zampa-lovers/kralle.gif HTTP/1.0" 404 2748 "http://www.various-euro.com/zampa-lovers/index.html" "Mozilla/4.0 (compatible; MSIE 6.0; Windows NT 5.1)"
77.105.42.128 - - [30/Jul/2009:15:08:22 +0200] "GET /zampa-lovers/DRAGAN_Z.JPG HTTP/1.0" 200 6850 "http://www.various-euro.com/zampa-lovers/index.html" "Mozilla/4.0 (compatible; MSIE 6.0; Windows NT 5.1)"
77.105.42.128 - - [30/Jul/2009:15:08:23 +0200] "GET /zampa-lovers/MILIZA_3.JPG HTTP/1.0" 200 26924 "http://www.various-euro.com/zampa-lovers/index.html" "Mozilla/4.0 (compatible; MSIE 6.0; Windows NT 5.1)"
77.105.42.128 - - [30/Jul/2009:15:08:23 +0200] "GET /zampa-lovers/MILIZA_2.JPG HTTP/1.0" 200 22172 "http://www.various-euro.com/zampa-lovers/index.html" "Mozilla/4.0 (compatible; MSIE 6.0; Windows NT 5.1)"
77.105.42.128 - - [30/Jul/2009:15:08:23 +0200] "GET /zampa-lovers/MILIZA_B.JPG HTTP/1.0" 200 10947 "http://www.various-euro.com/zampa-lovers/index.html" "Mozilla/4.0 (compatible; MSIE 6.0; Windows NT 5.1)"
77.105.42.128 - - [30/Jul/2009:15:08:23 +0200] "GET /zampa-lovers/MILIZA_4.JPG HTTP/1.0" 200 9946 "http://www.various-euro.com/zampa-lovers/index.html" "Mozilla/4.0 (compatible; MSIE 6.0; Windows NT 5.1)"
77.105.42.128 - - [30/Jul/2009:15:08:23 +0200] "GET /zampa-lovers/DRAGANZA.JPG HTTP/1.0" 200 18560 "http://www.various-euro.com/zampa-lovers/index.html" "Mozilla/4.0 (compatible; MSIE 6.0; Windows NT 5.1)"
77.105.42.128 - - [30/Jul/2009:15:08:24 +0200] "GET /zampa-lovers/Kralle.gif HTTP/1.0" 200 260 "http://www.various-euro.com/zampa-lovers/index.html" "Mozilla/4.0 (compatible; MSIE 6.0; Windows NT 5.1)"
77.105.42.128 - - [30/Jul/2009:15:08:23 +0200] "GET /zampa-lovers/1SEITEVE.GIF HTTP/1.0" 200 78726 "http://www.various-euro.com/zampa-lovers/index.html" "Mozilla/4.0 (compatible; MSIE 6.0; Windows NT 5.1)"
77.105.42.128 - - [30/Jul/2009:15:08:24 +0200] "GET /zampa-lovers/zampa-2X2.gif HTTP/1.0" 200 6948 "http://www.various-euro.com/zampa-lovers/index.html" "Mozilla/4.0 (compatible; MSIE 6.0; Windows NT 5.1)"
77.105.42.128 - - [30/Jul/2009:15:08:25 +0200] "GET /zampa-lovers/zampamali.gif HTTP/1.0" 200 2617 "http://www.various-euro.com/zampa-lovers/index.html" "Mozilla/4.0 (compatible; MSIE 6.0; Windows NT 5.1)"
77.105.42.128 - - [30/Jul/2009:15:08:24 +0200] "GET /zampa-lovers/2SEITEVE.GIF HTTP/1.0" 200 83466 "http://www.various-euro.com/zampa-lovers/index.html" "Mozilla/4.0 (compatible; MSIE 6.0; Windows NT 5.1)"
77.105.42.128 - - [30/Jul/2009:15:08:22 +0200] "GET /zampa-lovers/zampa.gif HTTP/1.0" 200 460627 "http://www.various-euro.com/zampa-lovers/index.html" "Mozilla/4.0 (compatible; MSIE 6.0; Windows NT 5.1)"
77.105.42.128 - - [30/Jul/2009:15:08:27 +0200] "GET /zampa-lovers/zampama2.mpg HTTP/1.0" 404 2748 "-" "Mozilla/4.0 (compatible; MSIE 6.0; Windows NT 5.1)"
77.105.42.128 - - [30/Jul/2009:15:08:27 +0200] "GET /zampa-lovers/ZAMPAMA2.MPG HTTP/1.0" 200 63492 "-" "Mozilla/4.0 (compatible; MSIE 6.0; Windows NT 5.1)"
77.105.42.128 - - [30/Jul/2009:15:08:27 +0200] "GET /zampa-lovers/WASISTMI1.MPG HTTP/1.0" 200 271221 "-" "Mozilla/4.0 (compatible; MSIE 6.0; Windows NT 5.1)"
77.105.42.128 - - [30/Jul/2009:15:08:27 +0200] "GET /zampa-lovers/WASISTMI1.MPG HTTP/1.0" 200 271221 "-" "Mozilla/4.0 (compatible; MSIE 6.0; Windows NT 5.1)"
77.105.42.128 - - [30/Jul/2009:15:08:27 +0200] "GET /zampa-lovers/ZAMPAMAS.MPG HTTP/1.0" 200 520196 "-" "Mozilla/4.0 (compatible; MSIE 6.0; Windows NT 5.1)"
77.105.42.128 - - [30/Jul/2009:15:08:28 +0200] "GET /zampa-lovers/ZAMPAMAS.MPG HTTP/1.0" 200 520196 "-" "Mozilla/4.0 (compatible; MSIE 6.0; Windows NT 5.1)"
77.105.42.128 - - [30/Jul/2009:15:08:41 +0200] "GET /framez-zampa-lovers.html HTTP/1.0" 200 4322 "-" "Mozilla/4.0 (compatible; MSIE 6.0; Windows NT 5.1)"
77.105.42.128 - - [30/Jul/2009:15:08:41 +0200] "GET /frame-menu.html HTTP/1.0" 200 10500 "http://www.various-euro.com/framez-zampa-lovers.html" "Mozilla/4.0 (compatible; MSIE 6.0; Windows NT 5.1)"
77.105.42.128 - - [30/Jul/2009:15:08:41 +0200] "GET /zampa-lovers/index.html HTTP/1.0" 200 37790 "http://www.various-euro.com/framez-zampa-lovers.html" "Mozilla/4.0 (compatible; MSIE 6.0; Windows NT 5.1)"
77.105.42.128 - - [30/Jul/2009:15:08:41 +0200] "GET /frame-unten.html HTTP/1.0" 200 5308 "http://www.various-euro.com/framez-zampa-lovers.html" "Mozilla/4.0 (compatible; MSIE 6.0; Windows NT 5.1)"
77.105.42.128 - - [30/Jul/2009:15:08:42 +0200] "GET /style/various-euro.css HTTP/1.0" 200 3437 "http://www.various-euro.com/frame-menu.html" "Mozilla/4.0 (compatible; MSIE 6.0; Windows NT 5.1)"
77.105.42.128 - - [30/Jul/2009:15:08:42 +0200] "GET /zampa-lovers/kralle.gif HTTP/1.0" 404 2748 "http://www.various-euro.com/zampa-lovers/index.html" "Mozilla/4.0 (compatible; MSIE 6.0; Windows NT 5.1)"
77.105.42.128 - - [30/Jul/2009:15:08:42 +0200] "GET /bannerz/ve.jpg HTTP/1.0" 200 36912 "http://www.various-euro.com/frame-unten.html" "Mozilla/4.0 (compatible; MSIE 6.0; Windows NT 5.1)"
77.105.42.128 - - [30/Jul/2009:15:08:43 +0200] "GET /bannerz/various-euro-girl.jpg HTTP/1.0" 200 91514 "http://www.various-euro.com/frame-unten.html" "Mozilla/4.0 (compatible; MSIE 6.0; Windows NT 5.1)"
77.105.42.128 - - [30/Jul/2009:15:08:49 +0200] "GET /zampa-lovers/zampama2.mpg HTTP/1.0" 404 2748 "-" "Mozilla/4.0 (compatible; MSIE 6.0; Windows NT 5.1)"
65.55.106.208 - - [30/Jul/2009:15:15:11 +0200] "GET /robots.txt HTTP/1.1" 200 64 "-" "msnbot/2.0b (+http://search.msn.com/msnbot.htm)"
65.55.106.208 - - [30/Jul/2009:15:35:00 +0200] "GET /zampa-lovers/index.html HTTP/1.1" 200 37790 "-" "msnbot/2.0b (+http://search.msn.com/msnbot.htm)"
66.235.124.4 - - [30/Jul/2009:15:35:08 +0200] "GET /robots.txt HTTP/1.1" 200 64 "-" "Mozilla/5.0 (compatible; Ask Jeeves/Teoma; +http://about.ask.com/en/docs/about/webmasters.shtml)"
66.235.124.4 - - [30/Jul/2009:15:35:23 +0200] "GET /schubb/schubb-5.html HTTP/1.1" 200 72944 "-" "Mozilla/5.0 (compatible; Ask Jeeves/Teoma; +http://about.ask.com/en/docs/about/webmasters.shtml)"
65.55.211.164 - - [30/Jul/2009:15:41:00 +0200] "GET /neon/channel.html HTTP/1.1" 200 1942 "-" "msnbot/1.1 (+http://search.msn.com/msnbot.htm)"
66.249.65.82 - - [30/Jul/2009:15:43:14 +0200] "GET /f-web.html HTTP/1.1" 200 13605 "-" "Mozilla/5.0 (compatible; Googlebot/2.1; +http://www.google.com/bot.html)"
72.30.65.54 - - [30/Jul/2009:16:00:12 +0200] "GET /robots.txt HTTP/1.0" 200 64 "-" "Mozilla/5.0 (compatible; Yahoo! Slurp; http://help.yahoo.com/help/us/ysearch/slurp)"
72.30.65.54 - - [30/Jul/2009:16:00:12 +0200] "GET /partnergegenberlin.html HTTP/1.0" 200 5022 "-" "Mozilla/5.0 (compatible; Yahoo! Slurp/3.0; http://help.yahoo.com/help/us/ysearch/slurp)"
65.55.51.110 - - [30/Jul/2009:16:01:10 +0200] "GET /robots.txt HTTP/1.1" 200 64 "-" "msnbot/2.0b (+http://search.msn.com/msnbot.htm)"
67.195.115.117 - - [30/Jul/2009:16:18:53 +0200] "GET /robots.txt HTTP/1.0" 200 64 "-" "Mozilla/5.0 (compatible; Yahoo! Slurp; http://help.yahoo.com/help/us/ysearch/slurp)"
67.195.115.117 - - [30/Jul/2009:16:18:54 +0200] "GET /zampa-lovers/index.html HTTP/1.0" 200 37790 "-" "Mozilla/5.0 (compatible; Yahoo! Slurp/3.0; http://help.yahoo.com/help/us/ysearch/slurp)"
66.249.65.82 - - [30/Jul/2009:16:33:44 +0200] "GET /3dsf3/sendi/sacrifice.html HTTP/1.1" 200 1309 "-" "Mozilla/5.0 (compatible; Googlebot/2.1; +http://www.google.com/bot.html)"
64.218.48.82 - - [30/Jul/2009:16:35:16 +0200] "GET /logs/ HTTP/1.1" 200 11511 "-" "Mozilla 4/0"
64.218.48.82 - - [30/Jul/2009:16:35:17 +0200] "GET /logs/ HTTP/1.1" 200 11511 "http://www.various-euro.com/logs/" "Mozilla 4/0"
64.218.48.82 - - [30/Jul/2009:16:35:17 +0200] "GET /logs/ HTTP/1.1" 200 11511 "http://www.various-euro.com/logs/" "Mozilla 4/0"
64.218.48.82 - - [30/Jul/2009:16:35:17 +0200] "GET /logs/ HTTP/1.1" 200 11511 "http://www.various-euro.com/logs/" "Mozilla 4/0"
64.218.48.82 - - [30/Jul/2009:16:35:17 +0200] "GET /logs/ HTTP/1.1" 200 11511 "http://www.various-euro.com/logs/" "Mozilla 4/0"
64.218.48.82 - - [30/Jul/2009:16:35:17 +0200] "GET /logs/ HTTP/1.1" 200 11511 "http://www.various-euro.com/logs/" "Mozilla 4/0"
65.55.106.131 - - [30/Jul/2009:16:40:04 +0200] "GET /robots.txt HTTP/1.1" 200 64 "-" "msnbot/2.0b (+http://search.msn.com/msnbot.htm)"
65.55.106.131 - - [30/Jul/2009:16:49:45 +0200] "GET /zampa-lovers/ HTTP/1.1" 200 37790 "-" "msnbot/2.0b (+http://search.msn.com/msnbot.htm)"
66.249.65.82 - - [30/Jul/2009:16:50:34 +0200] "GET /framez-sponsor.html HTTP/1.1" 200 4325 "-" "Mozilla/5.0 (compatible; Googlebot/2.1; +http://www.google.com/bot.html)"
208.80.195.34 - - [30/Jul/2009:16:56:00 +0200] "GET / HTTP/1.0" 200 7869 "-" "Mozilla/4.0 (compatible; MSIE 6.0; Windows NT 5.1; {858A0095-4506-41F0-D26D-65F87DE885E2}; .NET CLR 1.1.4322)"
208.80.195.34 - - [30/Jul/2009:16:56:00 +0200] "GET / HTTP/1.0" 200 7869 "-" "Mozilla/4.0 (compatible; MSIE 6.0; Windows NT 5.1; SV1; INFOAVE5; FunWebProducts; .NET CLR 1.1.4322)"
65.55.106.108 - - [30/Jul/2009:17:04:20 +0200] "GET /f-world.html HTTP/1.1" 200 35590 "-" "msnbot/2.0b (+http://search.msn.com/msnbot.htm)"
74.6.149.132 - - [30/Jul/2009:17:06:09 +0200] "GET /robots.txt HTTP/1.0" 200 64 "-" "Mozilla/5.0 (Yahoo-MMCrawler/4.0; mailto:vertical-crawl-support@yahoo-inc.com)"
74.6.149.132 - - [30/Jul/2009:17:06:09 +0200] "GET /zampa/slike/S6BIENNI.GIF HTTP/1.0" 200 35877 "-" "Mozilla/5.0 (Yahoo-MMCrawler/4.0; mailto:vertical-crawl-support@yahoo-inc.com)"
72.30.65.54 - - [30/Jul/2009:17:06:32 +0200] "GET /f-net.html HTTP/1.0" 200 9913 "-" "Mozilla/5.0 (compatible; Yahoo! Slurp/3.0; http://help.yahoo.com/help/us/ysearch/slurp)"
74.6.149.132 - - [30/Jul/2009:17:18:10 +0200] "GET /bannerz/ve-campaign-strip-2.jpg HTTP/1.0" 200 54302 "-" "Mozilla/5.0 (Yahoo-MMCrawler/4.0; mailto:vertical-crawl-support@yahoo-inc.com)"
72.14.199.8 - - [30/Jul/2009:17:23:22 +0200] "GET / HTTP/1.1" 302 353 "-" "Feedfetcher-Google; (+http://www.google.com/feedfetcher.html; 1 subscribers; feed-id=5454548576667470243)"
72.14.199.85 - - [30/Jul/2009:17:23:25 +0200] "GET /zampa/ HTTP/1.1" 200 7153 "-" "Feedfetcher-Google; (+http://www.google.com/feedfetcher.html; 1 subscribers; feed-id=5454548576667470243)"
67.218.116.134 - - [30/Jul/2009:17:38:25 +0200] "GET /robots.txt HTTP/1.0" 200 64 "-" "Mozilla/5.0 (Twiceler-0.9 http://www.cuil.com/twiceler/robot.html)"
66.249.65.82 - - [30/Jul/2009:17:57:58 +0200] "GET /f-sponsor.html HTTP/1.1" 200 8578 "-" "Mozilla/5.0 (compatible; Googlebot/2.1; +http://www.google.com/bot.html)"
89.149.212.94 - - [30/Jul/2009:17:58:48 +0200] "GET /logs/usage_200907.html HTTP/1.0" 404 2748 "-" "-"
74.6.149.132 - - [30/Jul/2009:18:01:50 +0200] "GET /zampa/slike/E8CURATO.GIF HTTP/1.0" 200 15386 "-" "Mozilla/5.0 (Yahoo-MMCrawler/4.0; mailto:vertical-crawl-support@yahoo-inc.com)"
65.55.211.161 - - [30/Jul/2009:18:02:52 +0200] "GET /robots.txt HTTP/1.1" 302 363 "-" "msnbot/1.1 (+http://search.msn.com/msnbot.htm)"
65.55.211.161 - - [30/Jul/2009:18:02:52 +0200] "GET /zampa/robots.txt HTTP/1.1" 404 2748 "-" "msnbot/1.1 (+http://search.msn.com/msnbot.htm)"
65.55.211.161 - - [30/Jul/2009:18:02:53 +0200] "GET / HTTP/1.1" 302 353 "-" "msnbot/1.1 (+http://search.msn.com/msnbot.htm)"
65.55.211.161 - - [30/Jul/2009:18:04:28 +0200] "GET /robots.txt HTTP/1.1" 200 64 "-" "msnbot/1.1 (+http://search.msn.com/msnbot.htm)"
65.55.211.161 - - [30/Jul/2009:18:04:28 +0200] "GET /zampa/ HTTP/1.1" 200 7153 "-" "msnbot/1.1 (+http://search.msn.com/msnbot.htm)"
65.55.109.155 - - [30/Jul/2009:18:05:19 +0200] "GET / HTTP/1.1" 302 353 "http://www.bing.com/search?q=zampa" "Mozilla/4.0 (compatible; MSIE 6.0; Windows NT 5.1; SV1; .NET CLR 1.1.4322; .NET CLR 2.0.40607; .NET CLR 3.0.30729; .NET CLR 3.5.30707; InfoPath.2)"
65.55.109.155 - - [30/Jul/2009:18:05:22 +0200] "GET /zampa/ HTTP/1.1" 200 7153 "http://www.bing.com/search?q=zampa" "Mozilla/4.0 (compatible; MSIE 6.0; Windows NT 5.1; SV1; .NET CLR 1.1.4322; .NET CLR 2.0.40607; .NET CLR 3.0.30729; .NET CLR 3.5.30707; InfoPath.2)"
65.55.106.193 - - [30/Jul/2009:18:22:27 +0200] "GET /robots.txt HTTP/1.1" 200 64 "-" "msnbot/2.0b (+http://search.msn.com/msnbot.htm)"
65.55.106.193 - - [30/Jul/2009:18:28:29 +0200] "GET /schubb/schubb-2.html HTTP/1.1" 200 16660 "-" "msnbot/2.0b (+http://search.msn.com/msnbot.htm)"
193.252.149.16 - - [30/Jul/2009:18:28:36 +0200] "GET /DgH/rampe/index.html HTTP/1.1" 200 2056 "-" "Mozilla/5.0 (Windows; U; Windows NT 5.1; fr; rv:1.8.1) VoilaBot BETA 1.2 (support.voilabot@orange-ftgroup.com)"
77.126.37.63 - - [30/Jul/2009:18:31:34 +0200] "GET /f-contact.html HTTP/1.0" 200 6804 "http://www.various-euro.com/f-contact.html" "Mozilla/4.0 (compatible; MSIE 6.0; Windows NT 5.2; WOW64; SV1; .NET CLR 2.0.50727)"
66.249.65.82 - - [30/Jul/2009:18:48:32 +0200] "GET /bmpp/euro_pal_111.html HTTP/1.1" 200 2129 "-" "Mozilla/5.0 (compatible; Googlebot/2.1; +http://www.google.com/bot.html)"
74.6.149.132 - - [30/Jul/2009:18:49:27 +0200] "GET /zampa/slike/E2COPY.GIF HTTP/1.0" 200 10416 "-" "Mozilla/5.0 (Yahoo-MMCrawler/4.0; mailto:vertical-crawl-support@yahoo-inc.com)"
74.6.149.132 - - [30/Jul/2009:18:51:17 +0200] "GET /rez/mb.jpg HTTP/1.0" 200 12467 "-" "Mozilla/5.0 (Yahoo-MMCrawler/4.0; mailto:vertical-crawl-support@yahoo-inc.com)"
220.181.7.118 - - [30/Jul/2009:19:21:17 +0200] "GET / HTTP/1.1" 200 7869 "-" "Baiduspider+(+http://www.baidu.com/search/spider.htm)"
123.125.66.129 - - [30/Jul/2009:19:25:08 +0200] "GET / HTTP/1.1" 200 7869 "-" "Baiduspider+(+http://www.baidu.com/search/spider.htm)"
74.6.149.132 - - [30/Jul/2009:19:30:44 +0200] "GET /zampa/slike/E4IRWIN.GIF HTTP/1.0" 200 53174 "-" "Mozilla/5.0 (Yahoo-MMCrawler/4.0; mailto:vertical-crawl-support@yahoo-inc.com)"
66.235.124.4 - - [30/Jul/2009:19:31:34 +0200] "GET /framez-rez.html HTTP/1.1" 200 4323 "-" "Mozilla/5.0 (compatible; Ask Jeeves/Teoma; +http://about.ask.com/en/docs/about/webmasters.shtml)"
66.235.124.4 - - [30/Jul/2009:19:31:34 +0200] "GET /frame-menu.html HTTP/1.1" 200 10500 "-" "Mozilla/5.0 (compatible; Ask Jeeves/Teoma; +http://about.ask.com/en/docs/about/webmasters.shtml)"
66.235.124.4 - - [30/Jul/2009:19:31:35 +0200] "GET /f-rez.html HTTP/1.1" 200 9765 "-" "Mozilla/5.0 (compatible; Ask Jeeves/Teoma; +http://about.ask.com/en/docs/about/webmasters.shtml)"
66.235.124.4 - - [30/Jul/2009:19:31:35 +0200] "GET /frame-unten.html HTTP/1.1" 200 5308 "-" "Mozilla/5.0 (compatible; Ask Jeeves/Teoma; +http://about.ask.com/en/docs/about/webmasters.shtml)"
209.85.238.155 - - [30/Jul/2009:20:23:35 +0200] "GET / HTTP/1.1" 302 353 "-" "Feedfetcher-Google; (+http://www.google.com/feedfetcher.html; 1 subscribers; feed-id=5454548576667470243)"
209.85.238.234 - - [30/Jul/2009:20:23:37 +0200] "GET /zampa/ HTTP/1.1" 200 7153 "-" "Feedfetcher-Google; (+http://www.google.com/feedfetcher.html; 1 subscribers; feed-id=5454548576667470243)"
72.30.65.54 - - [30/Jul/2009:20:24:12 +0200] "GET /logz_old.html HTTP/1.0" 404 2748 "-" "Mozilla/5.0 (compatible; Yahoo! Slurp/3.0; http://help.yahoo.com/help/us/ysearch/slurp)"
65.55.115.153 - - [30/Jul/2009:20:24:55 +0200] "GET /robots.txt HTTP/1.1" 200 64 "-" "msnbot/2.0b (+http://search.msn.com/msnbot.htm)"
65.55.51.115 - - [30/Jul/2009:20:50:17 +0200] "GET /robots.txt HTTP/1.1" 200 64 "-" "msnbot/2.0b (+http://search.msn.com/msnbot.htm)"
74.6.149.132 - - [30/Jul/2009:20:56:08 +0200] "GET /bannerz/Rena-Raedle-Vladan-Jeremic-various-euro-SENDI-Paris.jpg HTTP/1.0" 200 224132 "-" "Mozilla/5.0 (Yahoo-MMCrawler/4.0; mailto:vertical-crawl-support@yahoo-inc.com)"
74.6.149.132 - - [30/Jul/2009:21:05:33 +0200] "GET /zampa/slike/E3VAMPIR.GIF HTTP/1.0" 200 52553 "-" "Mozilla/5.0 (Yahoo-MMCrawler/4.0; mailto:vertical-crawl-support@yahoo-inc.com)"
65.55.115.150 - - [30/Jul/2009:21:13:18 +0200] "GET /robots.txt HTTP/1.1" 200 64 "-" "msnbot/2.0b (+http://search.msn.com/msnbot.htm)"
65.55.211.159 - - [30/Jul/2009:21:18:06 +0200] "GET /robots.txt HTTP/1.1" 200 64 "-" "msnbot/1.1 (+http://search.msn.com/msnbot.htm)"
65.55.211.159 - - [30/Jul/2009:21:18:06 +0200] "GET /bmpp/18start.html HTTP/1.1" 200 320 "-" "msnbot/1.1 (+http://search.msn.com/msnbot.htm)"
123.125.66.128 - - [30/Jul/2009:21:24:50 +0200] "GET / HTTP/1.1" 200 7869 "-" "Baiduspider+(+http://www.baidu.com/search/spider.htm)"
220.181.7.123 - - [30/Jul/2009:21:26:13 +0200] "GET / HTTP/1.1" 200 7869 "-" "Baiduspider+(+http://www.baidu.com/search/spider.htm)"
74.6.149.132 - - [30/Jul/2009:21:34:31 +0200] "GET /zampa/slike/E1TITEL.GIF HTTP/1.0" 200 16284 "-" "Mozilla/5.0 (Yahoo-MMCrawler/4.0; mailto:vertical-crawl-support@yahoo-inc.com)"
85.66.137.215 - - [30/Jul/2009:21:38:18 +0200] "GET /php.php HTTP/1.1" 404 2748 "http://www.various-euro.com/php.php" "Mozilla/4.0 (compatible; MSIE 6.0; Windows NT 5.1)"
72.30.65.54 - - [30/Jul/2009:22:07:38 +0200] "GET /girl-tv.html HTTP/1.0" 404 2748 "-" "Mozilla/5.0 (compatible; Yahoo! Slurp/3.0; http://help.yahoo.com/help/us/ysearch/slurp)"
72.30.65.54 - - [30/Jul/2009:22:12:32 +0200] "GET /slow-walk2.html HTTP/1.0" 404 2748 "-" "Mozilla/5.0 (compatible; Yahoo! Slurp/3.0; http://help.yahoo.com/help/us/ysearch/slurp)"
74.6.149.132 - - [30/Jul/2009:22:19:00 +0200] "GET /bannerz/various-euro-girl.jpg HTTP/1.0" 200 91514 "-" "Mozilla/5.0 (Yahoo-MMCrawler/4.0; mailto:vertical-crawl-support@yahoo-inc.com)"
74.6.149.132 - - [30/Jul/2009:22:35:37 +0200] "GET /bannerz/displaced-dilemma.jpg HTTP/1.0" 200 10530 "-" "Mozilla/5.0 (Yahoo-MMCrawler/4.0; mailto:vertical-crawl-support@yahoo-inc.com)"
72.167.255.41 - - [30/Jul/2009:22:40:43 +0200] "GET / HTTP/1.1" 200 7869 "-" "Mozilla/4.0 (compatible; MSIE 7.0; Windows NT 5.1; .NET CLR 1.1.4322; .NET CLR 2.0.50727; .NET CLR 3.0.04506.30; .NET CLR 3.0.04506.648; .NET CLR 3.5.21022)"
72.167.36.46 - - [30/Jul/2009:22:40:45 +0200] "GET / HTTP/1.0" 200 7869 "-" "Mozilla/4.0 (compatible; MSIE 7.0; Windows NT 5.2; .NET CLR 1.1.4322; .NET CLR 2.0.50727; .NET CLR 3.0.04506.30; .NET CLR 3.0.04506.648; .NET CLR 3.5.21022; .NET CLR 3.0.4506.2152; .NET CLR 3.5.30729)"
72.167.36.46 - - [30/Jul/2009:22:40:45 +0200] "GET /style/various-euro.css HTTP/1.0" 200 3437 "http://various-euro.com/" "Mozilla/4.0 (compatible; MSIE 7.0; Windows NT 5.2; .NET CLR 1.1.4322; .NET CLR 2.0.50727; .NET CLR 3.0.04506.30; .NET CLR 3.0.04506.648; .NET CLR 3.5.21022; .NET CLR 3.0.4506.2152; .NET CLR 3.5.30729)"
72.167.36.46 - - [30/Jul/2009:22:40:45 +0200] "GET /framez_0.html HTTP/1.0" 200 12285 "-" "Mozilla/4.0 (compatible; MSIE 7.0; Windows NT 5.2; .NET CLR 1.1.4322; .NET CLR 2.0.50727; .NET CLR 3.0.04506.30; .NET CLR 3.0.04506.648; .NET CLR 3.5.21022; .NET CLR 3.0.4506.2152; .NET CLR 3.5.30729)"
72.167.36.46 - - [30/Jul/2009:22:40:50 +0200] "GET /framez.html HTTP/1.0" 200 3959 "-" "Mozilla/4.0 (compatible; MSIE 7.0; Windows NT 5.2; .NET CLR 1.1.4322; .NET CLR 2.0.50727; .NET CLR 3.0.04506.30; .NET CLR 3.0.04506.648; .NET CLR 3.5.21022; .NET CLR 3.0.4506.2152; .NET CLR 3.5.30729)"
72.167.36.46 - - [30/Jul/2009:22:40:50 +0200] "GET /frame-menu.html HTTP/1.0" 200 10500 "http://various-euro.com/framez.html" "Mozilla/4.0 (compatible; MSIE 7.0; Windows NT 5.2; .NET CLR 1.1.4322; .NET CLR 2.0.50727; .NET CLR 3.0.04506.30; .NET CLR 3.0.04506.648; .NET CLR 3.5.21022; .NET CLR 3.0.4506.2152; .NET CLR 3.5.30729)"
72.167.36.46 - - [30/Jul/2009:22:40:50 +0200] "GET /frame-inhalt.html HTTP/1.0" 200 7688 "http://various-euro.com/framez.html" "Mozilla/4.0 (compatible; MSIE 7.0; Windows NT 5.2; .NET CLR 1.1.4322; .NET CLR 2.0.50727; .NET CLR 3.0.04506.30; .NET CLR 3.0.04506.648; .NET CLR 3.5.21022; .NET CLR 3.0.4506.2152; .NET CLR 3.5.30729)"
72.167.36.46 - - [30/Jul/2009:22:40:50 +0200] "GET /frame-unten.html HTTP/1.0" 200 5308 "http://various-euro.com/framez.html" "Mozilla/4.0 (compatible; MSIE 7.0; Windows NT 5.2; .NET CLR 1.1.4322; .NET CLR 2.0.50727; .NET CLR 3.0.04506.30; .NET CLR 3.0.04506.648; .NET CLR 3.5.21022; .NET CLR 3.0.4506.2152; .NET CLR 3.5.30729)"
72.167.36.46 - - [30/Jul/2009:22:40:51 +0200] "GET /eurosign3.gif HTTP/1.0" 200 7879 "http://various-euro.com/frame-inhalt.html" "Mozilla/4.0 (compatible; MSIE 7.0; Windows NT 5.2; .NET CLR 1.1.4322; .NET CLR 2.0.50727; .NET CLR 3.0.04506.30; .NET CLR 3.0.04506.648; .NET CLR 3.5.21022; .NET CLR 3.0.4506.2152; .NET CLR 3.5.30729)"
72.167.36.46 - - [30/Jul/2009:22:40:51 +0200] "GET /bannerz/neon_click_3.gif HTTP/1.0" 200 240 "http://various-euro.com/frame-inhalt.html" "Mozilla/4.0 (compatible; MSIE 7.0; Windows NT 5.2; .NET CLR 1.1.4322; .NET CLR 2.0.50727; .NET CLR 3.0.04506.30; .NET CLR 3.0.04506.648; .NET CLR 3.5.21022; .NET CLR 3.0.4506.2152; .NET CLR 3.5.30729)"
72.167.36.46 - - [30/Jul/2009:22:40:51 +0200] "GET /bannerz/neon_click_1.gif HTTP/1.0" 200 890 "http://various-euro.com/frame-inhalt.html" "Mozilla/4.0 (compatible; MSIE 7.0; Windows NT 5.2; .NET CLR 1.1.4322; .NET CLR 2.0.50727; .NET CLR 3.0.04506.30; .NET CLR 3.0.04506.648; .NET CLR 3.5.21022; .NET CLR 3.0.4506.2152; .NET CLR 3.5.30729)"
72.167.36.46 - - [30/Jul/2009:22:40:51 +0200] "GET /bannerz/google/Logo_40blk.gif HTTP/1.0" 200 2308 "http://various-euro.com/frame-inhalt.html" "Mozilla/4.0 (compatible; MSIE 7.0; Windows NT 5.2; .NET CLR 1.1.4322; .NET CLR 2.0.50727; .NET CLR 3.0.04506.30; .NET CLR 3.0.04506.648; .NET CLR 3.5.21022; .NET CLR 3.0.4506.2152; .NET CLR 3.5.30729)"
72.167.36.46 - - [30/Jul/2009:22:40:51 +0200] "GET /bannerz/wet.gif HTTP/1.0" 200 18561 "http://various-euro.com/frame-inhalt.html" "Mozilla/4.0 (compatible; MSIE 7.0; Windows NT 5.2; .NET CLR 1.1.4322; .NET CLR 2.0.50727; .NET CLR 3.0.04506.30; .NET CLR 3.0.04506.648; .NET CLR 3.5.21022; .NET CLR 3.0.4506.2152; .NET CLR 3.5.30729)"
72.167.36.46 - - [30/Jul/2009:22:40:51 +0200] "GET /bannerz/neon_click_2.gif HTTP/1.0" 200 387 "http://various-euro.com/frame-inhalt.html" "Mozilla/4.0 (compatible; MSIE 7.0; Windows NT 5.2; .NET CLR 1.1.4322; .NET CLR 2.0.50727; .NET CLR 3.0.04506.30; .NET CLR 3.0.04506.648; .NET CLR 3.5.21022; .NET CLR 3.0.4506.2152; .NET CLR 3.5.30729)"
72.167.36.46 - - [30/Jul/2009:22:40:51 +0200] "GET /bannerz/douwil.gif HTTP/1.0" 200 528 "http://various-euro.com/frame-inhalt.html" "Mozilla/4.0 (compatible; MSIE 7.0; Windows NT 5.2; .NET CLR 1.1.4322; .NET CLR 2.0.50727; .NET CLR 3.0.04506.30; .NET CLR 3.0.04506.648; .NET CLR 3.5.21022; .NET CLR 3.0.4506.2152; .NET CLR 3.5.30729)"
72.167.36.46 - - [30/Jul/2009:22:40:51 +0200] "GET /bannerz/anti_black_small.gif HTTP/1.0" 200 1009 "http://various-euro.com/frame-inhalt.html" "Mozilla/4.0 (compatible; MSIE 7.0; Windows NT 5.2; .NET CLR 1.1.4322; .NET CLR 2.0.50727; .NET CLR 3.0.04506.30; .NET CLR 3.0.04506.648; .NET CLR 3.5.21022; .NET CLR 3.0.4506.2152; .NET CLR 3.5.30729)"
72.167.36.46 - - [30/Jul/2009:22:40:52 +0200] "GET /bannerz/copyleft_black_small.gif HTTP/1.0" 200 1231 "http://various-euro.com/frame-inhalt.html" "Mozilla/4.0 (compatible; MSIE 7.0; Windows NT 5.2; .NET CLR 1.1.4322; .NET CLR 2.0.50727; .NET CLR 3.0.04506.30; .NET CLR 3.0.04506.648; .NET CLR 3.5.21022; .NET CLR 3.0.4506.2152; .NET CLR 3.5.30729)"
72.167.36.46 - - [30/Jul/2009:22:40:52 +0200] "GET /bannerz/ve.jpg HTTP/1.0" 200 36912 "http://various-euro.com/frame-unten.html" "Mozilla/4.0 (compatible; MSIE 7.0; Windows NT 5.2; .NET CLR 1.1.4322; .NET CLR 2.0.50727; .NET CLR 3.0.04506.30; .NET CLR 3.0.04506.648; .NET CLR 3.5.21022; .NET CLR 3.0.4506.2152; .NET CLR 3.5.30729)"
72.167.36.46 - - [30/Jul/2009:22:40:52 +0200] "GET /bannerz/various-euro-girl.jpg HTTP/1.0" 200 91514 "http://various-euro.com/frame-unten.html" "Mozilla/4.0 (compatible; MSIE 7.0; Windows NT 5.2; .NET CLR 1.1.4322; .NET CLR 2.0.50727; .NET CLR 3.0.04506.30; .NET CLR 3.0.04506.648; .NET CLR 3.5.21022; .NET CLR 3.0.4506.2152; .NET CLR 3.5.30729)"
193.252.149.16 - - [30/Jul/2009:23:02:44 +0200] "GET /neon/girl-tv.html HTTP/1.1" 200 1717 "-" "Mozilla/5.0 (Windows; U; Windows NT 5.1; fr; rv:1.8.1) VoilaBot BETA 1.2 (support.voilabot@orange-ftgroup.com)"
65.55.211.171 - - [30/Jul/2009:23:02:58 +0200] "GET /robots.txt HTTP/1.1" 200 64 "-" "msnbot/1.1 (+http://search.msn.com/msnbot.htm)"
65.55.211.171 - - [30/Jul/2009:23:02:58 +0200] "GET /zampa/montenegro/ HTTP/1.1" 200 2651 "-" "msnbot/1.1 (+http://search.msn.com/msnbot.htm)"
74.6.149.132 - - [30/Jul/2009:23:11:09 +0200] "GET /warezcrawler.jpg HTTP/1.0" 200 15588 "-" "Mozilla/5.0 (Yahoo-MMCrawler/4.0; mailto:vertical-crawl-support@yahoo-inc.com)"
85.66.137.215 - - [30/Jul/2009:23:23:19 +0200] "GET /php.php HTTP/1.1" 404 2748 "http://www.various-euro.com/php.php" "Mozilla/4.0 (compatible; MSIE 6.0; Windows NT 5.1)"
209.85.238.155 - - [30/Jul/2009:23:23:45 +0200] "GET / HTTP/1.1" 302 353 "-" "Feedfetcher-Google; (+http://www.google.com/feedfetcher.html; 1 subscribers; feed-id=5454548576667470243)"
209.85.238.234 - - [30/Jul/2009:23:23:46 +0200] "GET /zampa/ HTTP/1.1" 200 7153 "-" "Feedfetcher-Google; (+http://www.google.com/feedfetcher.html; 1 subscribers; feed-id=5454548576667470243)"
123.125.66.119 - - [30/Jul/2009:23:24:06 +0200] "GET / HTTP/1.1" 200 7869 "-" "Baiduspider+(+http://www.baidu.com/search/spider.htm)"
220.181.7.119 - - [30/Jul/2009:23:24:25 +0200] "GET / HTTP/1.1" 200 7869 "-" "Baiduspider+(+http://www.baidu.com/search/spider.htm)"
74.6.149.132 - - [30/Jul/2009:23:52:48 +0200] "GET /zampa/montenegro/slike/grosse/BATAg.jpg HTTP/1.0" 200 13940 "-" "Mozilla/5.0 (Yahoo-MMCrawler/4.0; mailto:vertical-crawl-support@yahoo-inc.com)"
64.246.165.200 - - [30/Jul/2009:23:54:33 +0200] "GET /robots.txt HTTP/1.0" 200 64 "http://www.whois.sc/" "SurveyBot/2.3 (Whois Source)"
64.246.165.200 - - [30/Jul/2009:23:54:33 +0200] "GET / HTTP/1.1" 206 7869 "http://whois.domaintools.com/various-euro.com" "SurveyBot/2.3 (Whois Source)"
65.55.51.111 - - [31/Jul/2009:00:09:29 +0200] "GET /robots.txt HTTP/1.1" 200 64 "-" "msnbot/2.0b (+http://search.msn.com/msnbot.htm)"
78.21.58.183 - - [31/Jul/2009:00:12:30 +0200] "GET /framez-rez.html HTTP/1.0" 200 4323 "-" "Mozilla/3.0"
85.66.137.215 - - [31/Jul/2009:01:05:21 +0200] "GET /php.php HTTP/1.1" 404 2748 "http://www.various-euro.com/php.php" "Mozilla/4.0 (compatible; MSIE 6.0; Windows NT 5.1)"
74.6.149.132 - - [31/Jul/2009:01:09:04 +0200] "GET /bannerz/flyer-front.jpg HTTP/1.0" 200 49246 "-" "Mozilla/5.0 (Yahoo-MMCrawler/4.0; mailto:vertical-crawl-support@yahoo-inc.com)"
123.125.66.121 - - [31/Jul/2009:01:20:48 +0200] "GET / HTTP/1.1" 200 7869 "-" "Baiduspider+(+http://www.baidu.com/search/spider.htm)"
220.181.7.119 - - [31/Jul/2009:01:22:23 +0200] "GET / HTTP/1.1" 200 7869 "-" "Baiduspider+(+http://www.baidu.com/search/spider.htm)"
98.134.152.96 - - [31/Jul/2009:01:23:22 +0200] "GET /logs/ HTTP/1.1" 200 11511 "-" "Mozilla 4/0"
98.134.152.96 - - [31/Jul/2009:01:23:23 +0200] "GET /logs/ HTTP/1.1" 200 11511 "http://www.various-euro.com/logs/" "Mozilla 4/0"
98.134.152.96 - - [31/Jul/2009:01:23:24 +0200] "GET /logs/ HTTP/1.1" 200 11511 "http://www.various-euro.com/logs/" "Mozilla 4/0"
98.134.152.96 - - [31/Jul/2009:01:23:28 +0200] "GET /logs/ HTTP/1.1" 200 11511 "http://www.various-euro.com/logs/" "Mozilla 4/0"
98.134.152.96 - - [31/Jul/2009:01:23:28 +0200] "GET /logs/ HTTP/1.1" 200 11511 "http://www.various-euro.com/logs/" "Mozilla 4/0"
98.134.152.96 - - [31/Jul/2009:01:23:29 +0200] "GET /logs/ HTTP/1.1" 200 11511 "http://www.various-euro.com/logs/" "Mozilla 4/0"
65.55.106.139 - - [31/Jul/2009:01:44:17 +0200] "GET /robots.txt HTTP/1.1" 200 64 "-" "msnbot/2.0b (+http://search.msn.com/msnbot.htm)"
74.6.149.132 - - [31/Jul/2009:01:46:02 +0200] "GET /bannerz/overgarden-toplogo.jpg HTTP/1.0" 200 28153 "-" "Mozilla/5.0 (Yahoo-MMCrawler/4.0; mailto:vertical-crawl-support@yahoo-inc.com)"
65.55.106.139 - - [31/Jul/2009:01:48:26 +0200] "GET /search.html HTTP/1.1" 200 1440 "-" "msnbot/2.0b (+http://search.msn.com/msnbot.htm)"
193.252.118.175 - - [31/Jul/2009:01:53:58 +0200] "GET / HTTP/1.1" 200 7869 "-" "Mozilla/5.0 (Windows; U; Windows NT 5.1; fr; rv:1.8.1) VoilaBot BETA 1.2 (support.voilabot@orange-ftgroup.com)"
65.55.51.110 - - [31/Jul/2009:02:15:13 +0200] "GET /robots.txt HTTP/1.1" 200 64 "-" "msnbot/2.0b (+http://search.msn.com/msnbot.htm)"
66.249.67.213 - - [31/Jul/2009:02:20:43 +0200] "GET /robots.txt HTTP/1.1" 200 64 "-" "Mozilla/5.0 (compatible; Googlebot/2.1; +http://www.google.com/bot.html)"
66.249.67.213 - - [31/Jul/2009:02:20:44 +0200] "GET /logs/usage_200809.html HTTP/1.1" 200 167981 "-" "Mozilla/5.0 (compatible; Googlebot/2.1; +http://www.google.com/bot.html)"
209.85.238.155 - - [31/Jul/2009:02:23:59 +0200] "GET / HTTP/1.1" 302 353 "-" "Feedfetcher-Google; (+http://www.google.com/feedfetcher.html; 1 subscribers; feed-id=5454548576667470243)"
209.85.238.234 - - [31/Jul/2009:02:24:00 +0200] "GET /zampa/ HTTP/1.1" 200 7153 "-" "Feedfetcher-Google; (+http://www.google.com/feedfetcher.html; 1 subscribers; feed-id=5454548576667470243)"
193.252.118.174 - - [31/Jul/2009:02:34:40 +0200] "GET /f-channel1.html HTTP/1.1" 200 9329 "-" "Mozilla/5.0 (Windows; U; Windows NT 5.1; fr; rv:1.8.1) VoilaBot BETA 1.2 (support.voilabot@orange-ftgroup.com)"
85.66.137.215 - - [31/Jul/2009:02:49:00 +0200] "GET /php.php HTTP/1.1" 404 2748 "http://www.various-euro.com/php.php" "Mozilla/4.0 (compatible; MSIE 6.0; Windows NT 5.1)"
220.181.7.121 - - [31/Jul/2009:03:21:02 +0200] "GET / HTTP/1.1" 200 7869 "-" "Baiduspider+(+http://www.baidu.com/search/spider.htm)"
123.125.66.123 - - [31/Jul/2009:03:21:07 +0200] "GET / HTTP/1.1" 200 7869 "-" "Baiduspider+(+http://www.baidu.com/search/spider.htm)"
81.52.143.33 - - [31/Jul/2009:03:23:28 +0200] "GET /neon/girlz2.html HTTP/1.1" 200 2937 "-" "Mozilla/5.0 (Windows; U; Windows NT 5.1; fr; rv:1.8.1) VoilaBot BETA 1.2 (support.voilabot@orange-ftgroup.com)"
74.6.149.132 - - [31/Jul/2009:04:03:16 +0200] "GET /robots.txt HTTP/1.0" 200 64 "-" "Mozilla/5.0 (Yahoo-MMCrawler/4.0; mailto:vertical-crawl-support@yahoo-inc.com)"
74.6.149.132 - - [31/Jul/2009:04:03:16 +0200] "GET /zampa/slike/S5UROSTO.GIF HTTP/1.0" 200 45220 "-" "Mozilla/5.0 (Yahoo-MMCrawler/4.0; mailto:vertical-crawl-support@yahoo-inc.com)"
65.55.51.111 - - [31/Jul/2009:04:20:08 +0200] "GET /robots.txt HTTP/1.1" 200 64 "-" "msnbot/2.0b (+http://search.msn.com/msnbot.htm)"
74.6.149.132 - - [31/Jul/2009:04:31:31 +0200] "GET /bannerz/ve-girl.gif HTTP/1.0" 200 61791 "-" "Mozilla/5.0 (Yahoo-MMCrawler/4.0; mailto:vertical-crawl-support@yahoo-inc.com)"
85.66.137.215 - - [31/Jul/2009:04:38:03 +0200] "GET /php.php HTTP/1.1" 404 2748 "http://www.various-euro.com/php.php" "Mozilla/4.0 (compatible; MSIE 6.0; Windows NT 5.1)"
65.55.211.162 - - [31/Jul/2009:04:40:14 +0200] "GET /robots.txt HTTP/1.1" 200 64 "-" "msnbot/1.1 (+http://search.msn.com/msnbot.htm)"
65.55.211.162 - - [31/Jul/2009:04:40:14 +0200] "GET /f-euro.html HTTP/1.1" 200 12203 "-" "msnbot/1.1 (+http://search.msn.com/msnbot.htm)"
74.6.149.132 - - [31/Jul/2009:04:54:05 +0200] "GET /bannerz/superfactory-volksbuehne.jpg HTTP/1.0" 200 5445 "-" "Mozilla/5.0 (Yahoo-MMCrawler/4.0; mailto:vertical-crawl-support@yahoo-inc.com)"
193.252.118.175 - - [31/Jul/2009:04:54:36 +0200] "GET /f-bannnerz.html HTTP/1.1" 200 12651 "-" "Mozilla/5.0 (Windows; U; Windows NT 5.1; fr; rv:1.8.1) VoilaBot BETA 1.2 (support.voilabot@orange-ftgroup.com)"
66.235.124.4 - - [31/Jul/2009:05:15:38 +0200] "GET /robots.txt HTTP/1.1" 200 64 "-" "Mozilla/5.0 (compatible; Ask Jeeves/Teoma; +http://about.ask.com/en/docs/about/webmasters.shtml)"
66.235.124.4 - - [31/Jul/2009:05:15:53 +0200] "GET /zampa/lybia/index.html HTTP/1.1" 200 3036 "-" "Mozilla/5.0 (compatible; Ask Jeeves/Teoma; +http://about.ask.com/en/docs/about/webmasters.shtml)"
74.6.149.132 - - [31/Jul/2009:05:17:28 +0200] "GET /zampa/slike/S8CURATO.GIF HTTP/1.0" 200 16968 "-" "Mozilla/5.0 (Yahoo-MMCrawler/4.0; mailto:vertical-crawl-support@yahoo-inc.com)"
74.6.149.132 - - [31/Jul/2009:05:17:48 +0200] "GET /zampa/slike/E7MEDIAA.GIF HTTP/1.0" 200 44716 "-" "Mozilla/5.0 (Yahoo-MMCrawler/4.0; mailto:vertical-crawl-support@yahoo-inc.com)"
123.125.66.132 - - [31/Jul/2009:05:18:58 +0200] "GET / HTTP/1.1" 200 7869 "-" "Baiduspider+(+http://www.baidu.com/search/spider.htm)"
220.181.7.118 - - [31/Jul/2009:05:21:05 +0200] "GET / HTTP/1.1" 200 7869 "-" "Baiduspider+(+http://www.baidu.com/search/spider.htm)"
209.85.238.155 - - [31/Jul/2009:05:24:03 +0200] "GET / HTTP/1.1" 302 353 "-" "Feedfetcher-Google; (+http://www.google.com/feedfetcher.html; 1 subscribers; feed-id=5454548576667470243)"
209.85.238.234 - - [31/Jul/2009:05:24:06 +0200] "GET /zampa/ HTTP/1.1" 200 7153 "-" "Feedfetcher-Google; (+http://www.google.com/feedfetcher.html; 1 subscribers; feed-id=5454548576667470243)"
75.101.197.15 - - [31/Jul/2009:05:49:17 +0200] "GET / HTTP/1.0" 200 7869 "-" "Mozilla/5.0 (iPhone; U; CPU like Mac OS X; en) AppleWebKit/420+ (KHTML, like Gecko) Version/3.0 Mobile/1A543a Safari/419.3"
75.101.197.15 - - [31/Jul/2009:05:49:17 +0200] "GET /style/various-euro.css HTTP/1.0" 200 3437 "http://www.various-euro.com/" "Mozilla/5.0 (iPhone; U; CPU like Mac OS X; en) AppleWebKit/420+ (KHTML, like Gecko) Version/3.0 Mobile/1A543a Safari/419.3"
75.101.197.15 - - [31/Jul/2009:05:49:18 +0200] "GET /apple-touch-icon.png HTTP/1.0" 404 2748 "-" "Mozilla/5.0 (iPhone; U; CPU like Mac OS X; en) AppleWebKit/420+ (KHTML, like Gecko) Version/3.0 Mobile/1A543a Safari/419.3"
75.101.197.15 - - [31/Jul/2009:05:49:43 +0200] "GET / HTTP/1.0" 200 7869 "-" "Mozilla/5.0 (iPhone; U; CPU like Mac OS X; en) AppleWebKit/420+ (KHTML, like Gecko) Version/3.0 Mobile/1A543a Safari/419.3"
75.101.197.15 - - [31/Jul/2009:05:49:44 +0200] "GET /style/various-euro.css HTTP/1.0" 200 3437 "http://various-euro.com/" "Mozilla/5.0 (iPhone; U; CPU like Mac OS X; en) AppleWebKit/420+ (KHTML, like Gecko) Version/3.0 Mobile/1A543a Safari/419.3"
75.101.197.15 - - [31/Jul/2009:05:49:44 +0200] "GET /apple-touch-icon.png HTTP/1.0" 404 2748 "-" "Mozilla/5.0 (iPhone; U; CPU like Mac OS X; en) AppleWebKit/420+ (KHTML, like Gecko) Version/3.0 Mobile/1A543a Safari/419.3"
75.101.197.15 - - [31/Jul/2009:05:49:45 +0200] "GET /m/ HTTP/1.0" 404 2748 "-" "Mozilla/5.0 (iPhone; U; CPU like Mac OS X; en) AppleWebKit/420+ (KHTML, like Gecko) Version/3.0 Mobile/1A543a Safari/419.3"
75.101.197.15 - - [31/Jul/2009:05:49:45 +0200] "GET /mobile/ HTTP/1.0" 404 2748 "-" "Mozilla/5.0 (iPhone; U; CPU like Mac OS X; en) AppleWebKit/420+ (KHTML, like Gecko) Version/3.0 Mobile/1A543a Safari/419.3"
75.101.197.15 - - [31/Jul/2009:05:49:46 +0200] "GET /mobi/ HTTP/1.0" 404 2748 "-" "Mozilla/5.0 (iPhone; U; CPU like Mac OS X; en) AppleWebKit/420+ (KHTML, like Gecko) Version/3.0 Mobile/1A543a Safari/419.3"
75.101.197.15 - - [31/Jul/2009:05:49:46 +0200] "GET /iphone/ HTTP/1.0" 404 2748 "-" "Mozilla/5.0 (iPhone; U; CPU like Mac OS X; en) AppleWebKit/420+ (KHTML, like Gecko) Version/3.0 Mobile/1A543a Safari/419.3"
75.101.197.15 - - [31/Jul/2009:05:49:46 +0200] "GET /pda/ HTTP/1.0" 404 2748 "-" "Mozilla/5.0 (iPhone; U; CPU like Mac OS X; en) AppleWebKit/420+ (KHTML, like Gecko) Version/3.0 Mobile/1A543a Safari/419.3"
75.101.197.15 - - [31/Jul/2009:05:50:15 +0200] "GET /m/ HTTP/1.0" 404 2748 "-" "Mozilla/5.0 (iPhone; U; CPU like Mac OS X; en) AppleWebKit/420+ (KHTML, like Gecko) Version/3.0 Mobile/1A543a Safari/419.3"
75.101.197.15 - - [31/Jul/2009:05:50:15 +0200] "GET /mobile/ HTTP/1.0" 404 2748 "-" "Mozilla/5.0 (iPhone; U; CPU like Mac OS X; en) AppleWebKit/420+ (KHTML, like Gecko) Version/3.0 Mobile/1A543a Safari/419.3"
75.101.197.15 - - [31/Jul/2009:05:50:17 +0200] "GET /mobi/ HTTP/1.0" 404 2748 "-" "Mozilla/5.0 (iPhone; U; CPU like Mac OS X; en) AppleWebKit/420+ (KHTML, like Gecko) Version/3.0 Mobile/1A543a Safari/419.3"
75.101.197.15 - - [31/Jul/2009:05:50:36 +0200] "GET /iphone/ HTTP/1.0" 404 2748 "-" "Mozilla/5.0 (iPhone; U; CPU like Mac OS X; en) AppleWebKit/420+ (KHTML, like Gecko) Version/3.0 Mobile/1A543a Safari/419.3"
75.101.197.15 - - [31/Jul/2009:05:50:40 +0200] "GET /pda/ HTTP/1.0" 404 2748 "-" "Mozilla/5.0 (iPhone; U; CPU like Mac OS X; en) AppleWebKit/420+ (KHTML, like Gecko) Version/3.0 Mobile/1A543a Safari/419.3"
65.55.106.122 - - [31/Jul/2009:05:51:28 +0200] "GET /robots.txt HTTP/1.1" 302 363 "-" "msnbot/2.0b (+http://search.msn.com/msnbot.htm)"
65.55.106.122 - - [31/Jul/2009:05:51:28 +0200] "GET /zampa/robots.txt HTTP/1.1" 404 2748 "-" "msnbot/2.0b (+http://search.msn.com/msnbot.htm)"
65.55.106.122 - - [31/Jul/2009:05:53:27 +0200] "GET / HTTP/1.1" 302 353 "-" "msnbot/2.0b (+http://search.msn.com/msnbot.htm)"
65.55.106.122 - - [31/Jul/2009:05:55:42 +0200] "GET /robots.txt HTTP/1.1" 200 64 "-" "msnbot/2.0b (+http://search.msn.com/msnbot.htm)"
65.55.106.122 - - [31/Jul/2009:05:57:26 +0200] "GET /zampa/ HTTP/1.1" 200 7153 "-" "msnbot/2.0b (+http://search.msn.com/msnbot.htm)"
65.55.106.167 - - [31/Jul/2009:06:25:36 +0200] "GET /DgH/ HTTP/1.1" 200 5024 "-" "msnbot/2.0b (+http://search.msn.com/msnbot.htm)"
81.52.143.33 - - [31/Jul/2009:06:37:08 +0200] "GET /schubb/schubb-1.html HTTP/1.1" 200 9070 "-" "Mozilla/5.0 (Windows; U; Windows NT 5.1; fr; rv:1.8.1) VoilaBot BETA 1.2 (support.voilabot@orange-ftgroup.com)"
220.181.61.234 - - [31/Jul/2009:06:47:33 +0200] "GET / HTTP/1.1" 200 7869 "-" "Sogou web spider/4.0(+http://www.sogou.com/docs/help/webmasters.htm#07)"
220.181.61.234 - - [31/Jul/2009:06:47:39 +0200] "GET /framez_0.html HTTP/1.1" 200 12285 "-" "Sogou web spider/4.0(+http://www.sogou.com/docs/help/webmasters.htm#07)"
85.66.137.215 - - [31/Jul/2009:07:02:14 +0200] "GET /php.php HTTP/1.1" 404 2748 "http://www.various-euro.com/php.php" "Mozilla/4.0 (compatible; MSIE 6.0; Windows NT 5.1)"
65.55.107.182 - - [31/Jul/2009:07:14:01 +0200] "GET /f-channel1.html HTTP/1.1" 200 9329 "-" "msnbot/2.0b (+http://search.msn.com/msnbot.htm)"
193.252.149.14 - - [31/Jul/2009:07:16:18 +0200] "GET /neon/sushi.html HTTP/1.1" 200 687 "-" "Mozilla/5.0 (Windows; U; Windows NT 5.1; fr; rv:1.8.1) VoilaBot BETA 1.2 (support.voilabot@orange-ftgroup.com)"
74.6.149.132 - - [31/Jul/2009:07:17:51 +0200] "GET /zampa/slike/E6BIENNI.GIF HTTP/1.0" 200 33736 "-" "Mozilla/5.0 (Yahoo-MMCrawler/4.0; mailto:vertical-crawl-support@yahoo-inc.com)"
81.52.143.37 - - [31/Jul/2009:07:38:28 +0200] "GET /neon/left-one-new.html HTTP/1.1" 200 1483 "-" "Mozilla/5.0 (Windows; U; Windows NT 5.1; fr; rv:1.8.1) VoilaBot BETA 1.2 (support.voilabot@orange-ftgroup.com)"
72.30.142.177 - - [31/Jul/2009:07:43:56 +0200] "GET /robots.txt HTTP/1.0" 200 64 "-" "Mozilla/5.0 (compatible; Yahoo! Slurp; http://help.yahoo.com/help/us/ysearch/slurp)"
72.30.142.177 - - [31/Jul/2009:07:43:56 +0200] "GET /bmpp/euro_pal_111.html HTTP/1.0" 200 2129 "-" "Mozilla/5.0 (compatible; Yahoo! Slurp/3.0; http://help.yahoo.com/help/us/ysearch/slurp)"
74.6.149.132 - - [31/Jul/2009:07:46:29 +0200] "GET /ve-icon-2.ico HTTP/1.0" 200 2238 "-" "Mozilla/5.0 (Yahoo-MMCrawler/4.0; mailto:vertical-crawl-support@yahoo-inc.com)"
65.55.211.169 - - [31/Jul/2009:08:02:34 +0200] "GET /robots.txt HTTP/1.1" 200 64 "-" "msnbot/1.1 (+http://search.msn.com/msnbot.htm)"
65.55.211.169 - - [31/Jul/2009:08:02:34 +0200] "GET /framez-girlz-neon.html HTTP/1.1" 200 4388 "-" "msnbot/1.1 (+http://search.msn.com/msnbot.htm)"
65.55.106.170 - - [31/Jul/2009:08:04:29 +0200] "GET /f-logz_old.html HTTP/1.1" 200 43773 "-" "msnbot/2.0b (+http://search.msn.com/msnbot.htm)"
65.55.211.169 - - [31/Jul/2009:08:04:47 +0200] "GET /robots.txt HTTP/1.1" 200 64 "-" "msnbot/1.0 (+http://search.msn.com/msnbot.htm)"
65.55.211.169 - - [31/Jul/2009:08:04:47 +0200] "GET /frame-menu.html HTTP/1.1" 200 10500 "-" "msnbot/1.0 (+http://search.msn.com/msnbot.htm)"
65.55.211.169 - - [31/Jul/2009:08:04:48 +0200] "GET /neon/girlz2.html HTTP/1.1" 200 2937 "-" "msnbot/1.0 (+http://search.msn.com/msnbot.htm)"
65.55.211.169 - - [31/Jul/2009:08:04:48 +0200] "GET /frame-unten.html HTTP/1.1" 200 5308 "-" "msnbot/1.0 (+http://search.msn.com/msnbot.htm)"
92.61.240.22 - - [31/Jul/2009:08:04:52 +0200] "POST /cgi-bin/mail3/subscribe_eng.pl HTTP/1.0" 404 2748 "http://various-euro.com/cgi-bin/mail3/subscribe_eng.pl" "Mozilla/4.0 (compatible; MSIE 6.0; Windows NT 5.1)"
