83.167.62.185 - - [11/Jul/2009:06:03:21 +0200] "GET /zampa/slike/E4IRWIN.GIF HTTP/1.1" 200 53174 "http://www.exalead.com/" "Mozilla/5.0 (compatible; Exabot-Images/3.0; +http://www.exabot.com/go/robot)"
77.232.66.102 - - [11/Jul/2009:06:27:24 +0200] "GET / HTTP/1.0" 200 7869 "http://www.servage.net/page/robot/" "Servage Robot ( http://www.servage.net/page/robot/ )"
65.55.106.209 - - [11/Jul/2009:07:37:42 +0200] "GET /robots.txt HTTP/1.1" 200 64 "-" "msnbot/2.0b (+http://search.msn.com/msnbot.htm)"
72.14.199.8 - - [11/Jul/2009:07:42:07 +0200] "GET / HTTP/1.1" 302 353 "-" "Feedfetcher-Google; (+http://www.google.com/feedfetcher.html; 1 subscribers; feed-id=5454548576667470243)"
72.14.199.85 - - [11/Jul/2009:07:42:08 +0200] "GET /zampa/ HTTP/1.1" 200 7153 "-" "Feedfetcher-Google; (+http://www.google.com/feedfetcher.html; 1 subscribers; feed-id=5454548576667470243)"
67.195.111.185 - - [11/Jul/2009:07:50:10 +0200] "GET /robots.txt HTTP/1.0" 200 64 "-" "Mozilla/5.0 (compatible; Yahoo! Slurp; http://help.yahoo.com/help/us/ysearch/slurp)"
67.195.111.185 - - [11/Jul/2009:07:50:11 +0200] "GET /framez-rez.html HTTP/1.0" 200 4323 "-" "Mozilla/5.0 (compatible; Yahoo! Slurp/3.0; http://help.yahoo.com/help/us/ysearch/slurp)"
67.195.111.185 - - [11/Jul/2009:07:50:11 +0200] "GET /frame-menu.html HTTP/1.0" 200 10500 "http://www.various-euro.com/framez-rez.html" "Mozilla/5.0 (compatible; Yahoo! Slurp/3.0; http://help.yahoo.com/help/us/ysearch/slurp)"
67.195.111.185 - - [11/Jul/2009:07:50:11 +0200] "GET /frame-unten.html HTTP/1.0" 200 5308 "http://www.various-euro.com/framez-rez.html" "Mozilla/5.0 (compatible; Yahoo! Slurp/3.0; http://help.yahoo.com/help/us/ysearch/slurp)"
67.195.111.185 - - [11/Jul/2009:07:50:11 +0200] "GET /f-rez.html HTTP/1.0" 200 9765 "http://www.various-euro.com/framez-rez.html" "Mozilla/5.0 (compatible; Yahoo! Slurp/3.0; http://help.yahoo.com/help/us/ysearch/slurp)"
67.195.111.185 - - [11/Jul/2009:07:50:12 +0200] "GET /style/various-euro.css HTTP/1.0" 304 - "http://www.various-euro.com/frame-menu.html" "Mozilla/5.0 (compatible; Yahoo! Slurp/3.0; http://help.yahoo.com/help/us/ysearch/slurp)"
66.249.72.227 - - [11/Jul/2009:07:52:10 +0200] "GET /framez-pgb.html HTTP/1.1" 200 4336 "-" "Mozilla/5.0 (compatible; Googlebot/2.1; +http://www.google.com/bot.html)"
62.163.113.199 - - [11/Jul/2009:07:52:22 +0200] "GET / HTTP/1.1" 200 7869 "-" "Java/1.6.0_13"
62.163.113.199 - - [11/Jul/2009:07:52:22 +0200] "GET /framez.html HTTP/1.1" 200 3959 "-" "Java/1.6.0_13"
62.163.113.199 - - [11/Jul/2009:07:52:22 +0200] "GET /framez_0.html HTTP/1.1" 200 12285 "-" "Java/1.6.0_13"
62.163.113.199 - - [11/Jul/2009:07:52:22 +0200] "GET /frame-inhalt.html HTTP/1.1" 200 7688 "-" "Java/1.6.0_13"
62.163.113.199 - - [11/Jul/2009:07:52:22 +0200] "GET /frame-menu.html HTTP/1.1" 200 10500 "-" "Java/1.6.0_13"
62.163.113.199 - - [11/Jul/2009:07:52:22 +0200] "GET /frame-unten.html HTTP/1.1" 200 5308 "-" "Java/1.6.0_13"
62.163.113.199 - - [11/Jul/2009:07:52:22 +0200] "GET /f-maintitle.html HTTP/1.1" 200 5030 "-" "Java/1.6.0_13"
62.163.113.199 - - [11/Jul/2009:07:52:22 +0200] "GET /partnergegenberlin.html HTTP/1.1" 200 5022 "-" "Java/1.6.0_13"
62.163.113.199 - - [11/Jul/2009:07:52:22 +0200] "GET /f-actions.html HTTP/1.1" 200 11686 "-" "Java/1.6.0_13"
62.163.113.199 - - [11/Jul/2009:07:52:22 +0200] "GET /f-bannnerz.html HTTP/1.1" 200 12651 "-" "Java/1.6.0_13"
62.163.113.199 - - [11/Jul/2009:07:52:23 +0200] "GET /f-channel1.html HTTP/1.1" 200 9329 "-" "Java/1.6.0_13"
62.163.113.199 - - [11/Jul/2009:07:52:23 +0200] "GET /f-contact.html HTTP/1.1" 200 6804 "-" "Java/1.6.0_13"
62.163.113.199 - - [11/Jul/2009:07:52:23 +0200] "GET /f-doku-brau.html HTTP/1.1" 200 7152 "-" "Java/1.6.0_13"
62.163.113.199 - - [11/Jul/2009:07:52:23 +0200] "GET /f-euro.html HTTP/1.1" 200 12203 "-" "Java/1.6.0_13"
62.163.113.199 - - [11/Jul/2009:07:52:23 +0200] "GET /f-horrorkatze.html HTTP/1.1" 200 7865 "-" "Java/1.6.0_13"
62.163.113.199 - - [11/Jul/2009:07:52:23 +0200] "GET /f-net.html HTTP/1.1" 200 9913 "-" "Java/1.6.0_13"
62.163.113.199 - - [11/Jul/2009:07:52:23 +0200] "GET /f-other.html HTTP/1.1" 200 19851 "-" "Java/1.6.0_13"
62.163.113.199 - - [11/Jul/2009:07:52:23 +0200] "GET /f-rez.html HTTP/1.1" 200 9765 "-" "Java/1.6.0_13"
62.163.113.199 - - [11/Jul/2009:07:52:23 +0200] "GET /f-search.html HTTP/1.1" 200 11800 "-" "Java/1.6.0_13"
62.163.113.199 - - [11/Jul/2009:07:52:24 +0200] "GET /f-sponsor.html HTTP/1.1" 200 8578 "-" "Java/1.6.0_13"
62.163.113.199 - - [11/Jul/2009:07:52:24 +0200] "GET /f-warez.html HTTP/1.1" 200 10953 "-" "Java/1.6.0_13"
62.163.113.199 - - [11/Jul/2009:07:52:24 +0200] "GET /f-web.html HTTP/1.1" 200 13605 "-" "Java/1.6.0_13"
62.163.113.199 - - [11/Jul/2009:07:52:24 +0200] "GET /f-world.html HTTP/1.1" 200 35590 "-" "Java/1.6.0_13"
62.163.113.199 - - [11/Jul/2009:07:52:24 +0200] "GET /f-zeug.html HTTP/1.1" 200 59462 "-" "Java/1.6.0_13"
62.163.113.199 - - [11/Jul/2009:07:52:25 +0200] "GET /restate_copy.html HTTP/1.1" 200 97631 "-" "Java/1.6.0_13"
62.163.113.199 - - [11/Jul/2009:07:52:25 +0200] "GET /sendi_agent.html HTTP/1.1" 200 8791 "-" "Java/1.6.0_13"
62.163.113.199 - - [11/Jul/2009:07:52:25 +0200] "GET /snapshots.html HTTP/1.1" 200 4259 "-" "Java/1.6.0_13"
62.163.113.199 - - [11/Jul/2009:07:52:25 +0200] "GET /your_tour.html HTTP/1.1" 200 31681 "-" "Java/1.6.0_13"
62.163.113.199 - - [11/Jul/2009:07:52:27 +0200] "GET /framez-pgb.html HTTP/1.1" 200 4336 "-" "Java/1.6.0_13"
62.163.113.199 - - [11/Jul/2009:07:52:27 +0200] "GET /framez-actions.html HTTP/1.1" 200 4322 "-" "Java/1.6.0_13"
62.163.113.199 - - [11/Jul/2009:07:52:27 +0200] "GET /framez-contact.html HTTP/1.1" 200 4325 "-" "Java/1.6.0_13"
62.163.113.199 - - [11/Jul/2009:07:52:27 +0200] "GET /framez-dbrau.html HTTP/1.1" 200 4313 "-" "Java/1.6.0_13"
62.163.113.199 - - [11/Jul/2009:07:52:27 +0200] "GET /framez-euro.html HTTP/1.1" 200 4319 "-" "Java/1.6.0_13"
62.163.113.199 - - [11/Jul/2009:07:52:27 +0200] "GET /framez-net.html HTTP/1.1" 200 4319 "-" "Java/1.6.0_13"
62.163.113.199 - - [11/Jul/2009:07:52:27 +0200] "GET /'+veURL+advisories[i].name+' HTTP/1.1" 404 2748 "-" "Java/1.6.0_13"
62.163.113.199 - - [11/Jul/2009:07:52:27 +0200] "GET /.htm HTTP/1.1" 403 1223 "-" "Java/1.6.0_13"
62.163.113.199 - - [11/Jul/2009:07:52:28 +0200] "GET /framez-rez.html HTTP/1.1" 200 4323 "-" "Java/1.6.0_13"
62.163.113.199 - - [11/Jul/2009:07:52:28 +0200] "GET /framez-search.html HTTP/1.1" 200 4326 "-" "Java/1.6.0_13"
62.163.113.199 - - [11/Jul/2009:07:52:28 +0200] "GET /framez-sponsor.html HTTP/1.1" 200 4325 "-" "Java/1.6.0_13"
62.163.113.199 - - [11/Jul/2009:07:52:28 +0200] "GET /framez-warez.html HTTP/1.1" 200 4322 "-" "Java/1.6.0_13"
62.163.113.199 - - [11/Jul/2009:07:52:28 +0200] "GET /framez-web.html HTTP/1.1" 200 4322 "-" "Java/1.6.0_13"
62.163.113.199 - - [11/Jul/2009:07:52:28 +0200] "GET /framez-world.html HTTP/1.1" 200 4325 "-" "Java/1.6.0_13"
62.163.113.199 - - [11/Jul/2009:07:52:28 +0200] "GET /framez-zeug.html HTTP/1.1" 200 4311 "-" "Java/1.6.0_13"
62.163.113.199 - - [11/Jul/2009:07:52:28 +0200] "GET /bannnerz.html HTTP/1.1" 404 2748 "-" "Java/1.6.0_13"
62.163.113.199 - - [11/Jul/2009:07:52:28 +0200] "GET /channel1.html HTTP/1.1" 404 2748 "-" "Java/1.6.0_13"
62.163.113.199 - - [11/Jul/2009:07:52:28 +0200] "GET /contact.html HTTP/1.1" 404 2748 "-" "Java/1.6.0_13"
62.163.113.199 - - [11/Jul/2009:07:52:28 +0200] "GET /euro.html HTTP/1.1" 404 2748 "-" "Java/1.6.0_13"
62.163.113.199 - - [11/Jul/2009:07:52:28 +0200] "GET /framez-restate.html HTTP/1.1" 200 4328 "-" "Java/1.6.0_13"
62.163.113.199 - - [11/Jul/2009:07:52:28 +0200] "GET /logz.html HTTP/1.1" 404 2748 "-" "Java/1.6.0_13"
62.163.113.199 - - [11/Jul/2009:07:52:28 +0200] "GET /logz_old.html HTTP/1.1" 404 2748 "-" "Java/1.6.0_13"
62.163.113.199 - - [11/Jul/2009:07:52:29 +0200] "GET /menue.html HTTP/1.1" 404 2748 "-" "Java/1.6.0_13"
62.163.113.199 - - [11/Jul/2009:07:52:29 +0200] "GET /menueleiste.js HTTP/1.1" 404 2748 "-" "Java/1.6.0_13"
62.163.113.199 - - [11/Jul/2009:07:52:29 +0200] "GET /net.html HTTP/1.1" 404 2748 "-" "Java/1.6.0_13"
62.163.113.199 - - [11/Jul/2009:07:52:29 +0200] "GET /search.html HTTP/1.1" 200 1440 "-" "Java/1.6.0_13"
62.163.113.199 - - [11/Jul/2009:07:52:29 +0200] "GET /tour1_new.html HTTP/1.1" 404 2748 "-" "Java/1.6.0_13"
62.163.113.199 - - [11/Jul/2009:07:52:29 +0200] "GET /warez.html HTTP/1.1" 200 9754 "-" "Java/1.6.0_13"
62.163.113.199 - - [11/Jul/2009:07:52:29 +0200] "GET /web.html HTTP/1.1" 404 2748 "-" "Java/1.6.0_13"
62.163.113.199 - - [11/Jul/2009:07:52:29 +0200] "GET /world.html HTTP/1.1" 200 16295 "-" "Java/1.6.0_13"
66.235.124.132 - - [11/Jul/2009:08:09:04 +0200] "GET /robots.txt HTTP/1.1" 200 64 "-" "-"
66.235.124.132 - - [11/Jul/2009:08:09:05 +0200] "GET /menueleiste.js HTTP/1.1" 404 2748 "http://www.various-euro.com/restate_copy.html" "Mozilla/5.0 (X11; U; Linux i686; en-US; rv:1.9a1) Gecko/20070308 Minefield/3.0a1"
66.235.124.132 - - [11/Jul/2009:08:09:05 +0200] "GET /restate_copy.html HTTP/1.1" 200 97631 "-" "Mozilla/5.0 (X11; U; Linux i686; en-US; rv:1.9a1) Gecko/20070308 Minefield/3.0a1"
66.235.124.132 - - [11/Jul/2009:08:09:05 +0200] "GET /bannerz/rebelle.gif HTTP/1.1" 200 6986 "http://www.various-euro.com/restate_copy.html" "Mozilla/5.0 (X11; U; Linux i686; en-US; rv:1.9a1) Gecko/20070308 Minefield/3.0a1"
66.235.124.132 - - [11/Jul/2009:08:09:05 +0200] "GET /detonators.gif HTTP/1.1" 200 14892 "http://www.various-euro.com/restate_copy.html" "Mozilla/5.0 (X11; U; Linux i686; en-US; rv:1.9a1) Gecko/20070308 Minefield/3.0a1"
66.235.124.132 - - [11/Jul/2009:08:09:20 +0200] "GET /framez-restate.html HTTP/1.1" 200 4328 "http://www.various-euro.com/restate_copy.html" "Mozilla/5.0 (X11; U; Linux i686; en-US; rv:1.9a1) Gecko/20070308 Minefield/3.0a1"
66.235.124.132 - - [11/Jul/2009:08:09:20 +0200] "GET /frame-menu.html HTTP/1.1" 200 10500 "http://www.various-euro.com/framez-restate.html" "Mozilla/5.0 (X11; U; Linux i686; en-US; rv:1.9a1) Gecko/20070308 Minefield/3.0a1"
66.235.124.132 - - [11/Jul/2009:08:09:20 +0200] "GET /frame-unten.html HTTP/1.1" 200 5308 "http://www.various-euro.com/framez-restate.html" "Mozilla/5.0 (X11; U; Linux i686; en-US; rv:1.9a1) Gecko/20070308 Minefield/3.0a1"
66.235.124.132 - - [11/Jul/2009:08:09:20 +0200] "GET /style/various-euro.css HTTP/1.1" 200 3437 "http://www.various-euro.com/frame-menu.html" "Mozilla/5.0 (X11; U; Linux i686; en-US; rv:1.9a1) Gecko/20070308 Minefield/3.0a1"
66.235.124.132 - - [11/Jul/2009:08:09:21 +0200] "GET /menueleiste.js HTTP/1.1" 404 2748 "http://www.various-euro.com/restate_copy.html" "Mozilla/5.0 (X11; U; Linux i686; en-US; rv:1.9a1) Gecko/20070308 Minefield/3.0a1"
66.235.124.132 - - [11/Jul/2009:08:09:20 +0200] "GET /restate_copy.html HTTP/1.1" 200 97631 "http://www.various-euro.com/framez-restate.html" "Mozilla/5.0 (X11; U; Linux i686; en-US; rv:1.9a1) Gecko/20070308 Minefield/3.0a1"
66.235.124.132 - - [11/Jul/2009:08:09:21 +0200] "GET /bannerz/ve.jpg HTTP/1.1" 200 36912 "http://www.various-euro.com/frame-unten.html" "Mozilla/5.0 (X11; U; Linux i686; en-US; rv:1.9a1) Gecko/20070308 Minefield/3.0a1"
66.235.124.132 - - [11/Jul/2009:08:09:21 +0200] "GET /bannerz/various-euro-girl.jpg HTTP/1.1" 200 91514 "http://www.various-euro.com/frame-unten.html" "Mozilla/5.0 (X11; U; Linux i686; en-US; rv:1.9a1) Gecko/20070308 Minefield/3.0a1"
66.249.72.227 - - [11/Jul/2009:08:51:10 +0200] "GET /framez-girlz-neon.html HTTP/1.1" 200 4388 "-" "Mozilla/5.0 (compatible; Googlebot/2.1; +http://www.google.com/bot.html)"
65.55.106.134 - - [11/Jul/2009:08:53:16 +0200] "GET /zampa/montenegro/dajpare.html HTTP/1.1" 200 2503 "-" "msnbot/2.0b (+http://search.msn.com/msnbot.htm)"
66.249.72.227 - - [11/Jul/2009:08:57:44 +0200] "GET /framez-net.html HTTP/1.1" 200 4319 "-" "Mozilla/5.0 (compatible; Googlebot/2.1; +http://www.google.com/bot.html)"
65.55.211.166 - - [11/Jul/2009:09:32:09 +0200] "GET /robots.txt HTTP/1.1" 200 64 "-" "msnbot/1.1 (+http://search.msn.com/msnbot.htm)"
65.55.211.166 - - [11/Jul/2009:09:32:10 +0200] "GET / HTTP/1.1" 200 7869 "-" "msnbot/1.1 (+http://search.msn.com/msnbot.htm)"
66.249.72.227 - - [11/Jul/2009:09:44:04 +0200] "GET /zampa/montenegro/MILOW.html HTTP/1.1" 200 860 "-" "Mozilla/5.0 (compatible; Googlebot/2.1; +http://www.google.com/bot.html)"
208.80.195.41 - - [11/Jul/2009:10:19:07 +0200] "GET / HTTP/1.0" 200 7869 "-" "Mozilla/4.0 (compatible; MSIE 6.0; Windows NT 5.1; {0A27BDD1-6D56-F60A-86F6-5AA61FC30087})"
208.80.195.41 - - [11/Jul/2009:10:19:07 +0200] "GET / HTTP/1.0" 200 7869 "-" "Mozilla/4.0 (compatible; MSIE 6.0; Windows NT 5.1; SV1; .NET CLR 1.1.4322; ZangoToolbar 4.8.2; SpamBlockerUtility 4.8.0)"
72.14.199.8 - - [11/Jul/2009:10:42:19 +0200] "GET / HTTP/1.1" 302 353 "-" "Feedfetcher-Google; (+http://www.google.com/feedfetcher.html; 1 subscribers; feed-id=5454548576667470243)"
72.14.199.85 - - [11/Jul/2009:10:42:20 +0200] "GET /zampa/ HTTP/1.1" 200 7153 "-" "Feedfetcher-Google; (+http://www.google.com/feedfetcher.html; 1 subscribers; feed-id=5454548576667470243)"
87.162.37.219 - - [11/Jul/2009:10:47:38 +0200] "GET / HTTP/1.1" 200 7869 "-" "Mozilla/5.0 (X11; U; Linux i686; de; rv:1.9.0.11) Gecko/2009060308 Ubuntu/9.04 (jaunty) Firefox/3.0.11"
87.162.37.219 - - [11/Jul/2009:10:47:38 +0200] "GET /style/various-euro.css HTTP/1.1" 200 3437 "http://various-euro.com/" "Mozilla/5.0 (X11; U; Linux i686; de; rv:1.9.0.11) Gecko/2009060308 Ubuntu/9.04 (jaunty) Firefox/3.0.11"
87.162.37.219 - - [11/Jul/2009:10:47:38 +0200] "GET /ve-icon-2.ico HTTP/1.1" 200 2238 "-" "Mozilla/5.0 (X11; U; Linux i686; de; rv:1.9.0.11) Gecko/2009060308 Ubuntu/9.04 (jaunty) Firefox/3.0.11"
87.162.37.219 - - [11/Jul/2009:10:47:38 +0200] "GET /framez_0.html HTTP/1.1" 200 12285 "http://various-euro.com/" "Mozilla/5.0 (X11; U; Linux i686; de; rv:1.9.0.11) Gecko/2009060308 Ubuntu/9.04 (jaunty) Firefox/3.0.11"
87.162.37.219 - - [11/Jul/2009:10:47:40 +0200] "GET /framez.html HTTP/1.1" 200 3959 "http://various-euro.com/framez_0.html" "Mozilla/5.0 (X11; U; Linux i686; de; rv:1.9.0.11) Gecko/2009060308 Ubuntu/9.04 (jaunty) Firefox/3.0.11"
87.162.37.219 - - [11/Jul/2009:10:47:40 +0200] "GET /frame-menu.html HTTP/1.1" 200 10500 "http://various-euro.com/framez.html" "Mozilla/5.0 (X11; U; Linux i686; de; rv:1.9.0.11) Gecko/2009060308 Ubuntu/9.04 (jaunty) Firefox/3.0.11"
87.162.37.219 - - [11/Jul/2009:10:47:40 +0200] "GET /frame-inhalt.html HTTP/1.1" 200 7688 "http://various-euro.com/framez.html" "Mozilla/5.0 (X11; U; Linux i686; de; rv:1.9.0.11) Gecko/2009060308 Ubuntu/9.04 (jaunty) Firefox/3.0.11"
87.162.37.219 - - [11/Jul/2009:10:47:40 +0200] "GET /frame-unten.html HTTP/1.1" 200 5308 "http://various-euro.com/framez.html" "Mozilla/5.0 (X11; U; Linux i686; de; rv:1.9.0.11) Gecko/2009060308 Ubuntu/9.04 (jaunty) Firefox/3.0.11"
87.162.37.219 - - [11/Jul/2009:10:47:40 +0200] "GET /bannerz/neon_click_3.gif HTTP/1.1" 200 240 "http://various-euro.com/frame-inhalt.html" "Mozilla/5.0 (X11; U; Linux i686; de; rv:1.9.0.11) Gecko/2009060308 Ubuntu/9.04 (jaunty) Firefox/3.0.11"
87.162.37.219 - - [11/Jul/2009:10:47:40 +0200] "GET /bannerz/neon_click_2.gif HTTP/1.1" 200 387 "http://various-euro.com/frame-inhalt.html" "Mozilla/5.0 (X11; U; Linux i686; de; rv:1.9.0.11) Gecko/2009060308 Ubuntu/9.04 (jaunty) Firefox/3.0.11"
87.162.37.219 - - [11/Jul/2009:10:47:40 +0200] "GET /eurosign3.gif HTTP/1.1" 200 7879 "http://various-euro.com/frame-inhalt.html" "Mozilla/5.0 (X11; U; Linux i686; de; rv:1.9.0.11) Gecko/2009060308 Ubuntu/9.04 (jaunty) Firefox/3.0.11"
87.162.37.219 - - [11/Jul/2009:10:47:40 +0200] "GET /bannerz/neon_click_1.gif HTTP/1.1" 200 890 "http://various-euro.com/frame-inhalt.html" "Mozilla/5.0 (X11; U; Linux i686; de; rv:1.9.0.11) Gecko/2009060308 Ubuntu/9.04 (jaunty) Firefox/3.0.11"
87.162.37.219 - - [11/Jul/2009:10:47:40 +0200] "GET /bannerz/google/Logo_40blk.gif HTTP/1.1" 200 2308 "http://various-euro.com/frame-inhalt.html" "Mozilla/5.0 (X11; U; Linux i686; de; rv:1.9.0.11) Gecko/2009060308 Ubuntu/9.04 (jaunty) Firefox/3.0.11"
87.162.37.219 - - [11/Jul/2009:10:47:40 +0200] "GET /bannerz/wet.gif HTTP/1.1" 200 18561 "http://various-euro.com/frame-inhalt.html" "Mozilla/5.0 (X11; U; Linux i686; de; rv:1.9.0.11) Gecko/2009060308 Ubuntu/9.04 (jaunty) Firefox/3.0.11"
87.162.37.219 - - [11/Jul/2009:10:47:40 +0200] "GET /bannerz/douwil.gif HTTP/1.1" 200 528 "http://various-euro.com/frame-inhalt.html" "Mozilla/5.0 (X11; U; Linux i686; de; rv:1.9.0.11) Gecko/2009060308 Ubuntu/9.04 (jaunty) Firefox/3.0.11"
87.162.37.219 - - [11/Jul/2009:10:47:40 +0200] "GET /bannerz/anti_black_small.gif HTTP/1.1" 200 1009 "http://various-euro.com/frame-inhalt.html" "Mozilla/5.0 (X11; U; Linux i686; de; rv:1.9.0.11) Gecko/2009060308 Ubuntu/9.04 (jaunty) Firefox/3.0.11"
87.162.37.219 - - [11/Jul/2009:10:47:40 +0200] "GET /bannerz/copyleft_black_small.gif HTTP/1.1" 200 1231 "http://various-euro.com/frame-inhalt.html" "Mozilla/5.0 (X11; U; Linux i686; de; rv:1.9.0.11) Gecko/2009060308 Ubuntu/9.04 (jaunty) Firefox/3.0.11"
87.162.37.219 - - [11/Jul/2009:10:47:40 +0200] "GET /bannerz/ve.jpg HTTP/1.1" 200 36912 "http://various-euro.com/frame-unten.html" "Mozilla/5.0 (X11; U; Linux i686; de; rv:1.9.0.11) Gecko/2009060308 Ubuntu/9.04 (jaunty) Firefox/3.0.11"
87.162.37.219 - - [11/Jul/2009:10:47:40 +0200] "GET /bannerz/various-euro-girl.jpg HTTP/1.1" 200 91514 "http://various-euro.com/frame-unten.html" "Mozilla/5.0 (X11; U; Linux i686; de; rv:1.9.0.11) Gecko/2009060308 Ubuntu/9.04 (jaunty) Firefox/3.0.11"
65.55.106.109 - - [11/Jul/2009:10:55:16 +0200] "GET /robots.txt HTTP/1.1" 200 64 "-" "msnbot/2.0b (+http://search.msn.com/msnbot.htm)"
66.249.72.227 - - [11/Jul/2009:11:29:58 +0200] "GET /games/virtualcop/virtualcop.swf HTTP/1.1" 200 2563562 "-" "Mozilla/5.0 (compatible; Googlebot/2.1; +http://www.google.com/bot.html)"
74.6.18.253 - - [11/Jul/2009:11:53:24 +0200] "GET /robots.txt HTTP/1.0" 200 64 "-" "Mozilla/5.0 (compatible; Yahoo! Slurp; http://help.yahoo.com/help/us/ysearch/slurp)"
74.6.18.253 - - [11/Jul/2009:11:53:32 +0200] "GET /schubb/schubb-3.html HTTP/1.0" 200 17546 "-" "Mozilla/5.0 (compatible; Yahoo! Slurp/3.0; http://help.yahoo.com/help/us/ysearch/slurp)"
65.55.51.70 - - [11/Jul/2009:11:59:16 +0200] "GET /robots.txt HTTP/1.1" 200 64 "-" "msnbot/2.0b (+http://search.msn.com/msnbot.htm)"
66.249.72.227 - - [11/Jul/2009:12:05:11 +0200] "GET /logs/usage_200907.html HTTP/1.1" 404 2748 "-" "Mozilla/5.0 (compatible; Googlebot/2.1; +http://www.google.com/bot.html)"
65.55.106.110 - - [11/Jul/2009:12:05:15 +0200] "GET /robots.txt HTTP/1.1" 302 363 "-" "msnbot/2.0b (+http://search.msn.com/msnbot.htm)"
65.55.106.110 - - [11/Jul/2009:12:05:15 +0200] "GET /zampa/robots.txt HTTP/1.1" 404 2748 "-" "msnbot/2.0b (+http://search.msn.com/msnbot.htm)"
174.123.235.130 - - [11/Jul/2009:12:12:23 +0200] "GET / HTTP/1.1" 200 7869 "-" "Mozilla/4.0 (compatible; MSIE 6.0; Windows NT 5.1; SV1)"
174.123.235.130 - - [11/Jul/2009:12:12:23 +0200] "GET /framez.html HTTP/1.1" 200 3959 "-" "Mozilla/4.0 (compatible; MSIE 6.0; Windows NT 5.1; SV1)"
64.71.175.209 - - [11/Jul/2009:12:44:12 +0200] "GET /bannerz/various-euro-girl.jpg HTTP/1.0" 200 91514 "-" "Mozilla/5.0 (X11; U; Linux i686; en-US; rv:1.9.0.3) Gecko/2008092416 Firefox/3.0.3"
66.249.72.227 - - [11/Jul/2009:12:49:23 +0200] "GET /f-net.html HTTP/1.1" 200 9913 "-" "Mozilla/5.0 (compatible; Googlebot/2.1; +http://www.google.com/bot.html)"
65.55.106.122 - - [11/Jul/2009:13:09:09 +0200] "GET /robots.txt HTTP/1.1" 200 64 "-" "msnbot/2.0b (+http://search.msn.com/msnbot.htm)"
72.14.199.8 - - [11/Jul/2009:13:42:29 +0200] "GET / HTTP/1.1" 302 353 "-" "Feedfetcher-Google; (+http://www.google.com/feedfetcher.html; 1 subscribers; feed-id=5454548576667470243)"
72.14.199.85 - - [11/Jul/2009:13:42:30 +0200] "GET /zampa/ HTTP/1.1" 200 7153 "-" "Feedfetcher-Google; (+http://www.google.com/feedfetcher.html; 1 subscribers; feed-id=5454548576667470243)"
65.55.211.171 - - [11/Jul/2009:13:48:56 +0200] "GET /robots.txt HTTP/1.1" 200 64 "-" "msnbot/1.1 (+http://search.msn.com/msnbot.htm)"
65.55.211.171 - - [11/Jul/2009:13:48:58 +0200] "GET /style/various-euro.css HTTP/1.1" 200 3437 "-" "msnbot/1.1 (+http://search.msn.com/msnbot.htm)"
66.249.72.227 - - [11/Jul/2009:13:49:47 +0200] "GET /partnergegenberlin.html HTTP/1.1" 200 5022 "-" "Mozilla/5.0 (compatible; Googlebot/2.1; +http://www.google.com/bot.html)"
72.30.161.223 - - [11/Jul/2009:14:09:33 +0200] "GET /robots.txt HTTP/1.0" 200 64 "-" "Mozilla/5.0 (compatible; Yahoo! Slurp; http://help.yahoo.com/help/us/ysearch/slurp)"
72.30.161.223 - - [11/Jul/2009:14:09:33 +0200] "GET /net.html HTTP/1.0" 404 2748 "-" "Mozilla/5.0 (compatible; Yahoo! Slurp/3.0; http://help.yahoo.com/help/us/ysearch/slurp)"
67.195.111.185 - - [11/Jul/2009:14:17:25 +0200] "GET /robots.txt HTTP/1.0" 200 64 "-" "Mozilla/5.0 (compatible; Yahoo! Slurp; http://help.yahoo.com/help/us/ysearch/slurp)"
67.195.111.185 - - [11/Jul/2009:14:17:26 +0200] "GET /framez-rez.html HTTP/1.0" 200 4323 "-" "Mozilla/5.0 (compatible; Yahoo! Slurp/3.0; http://help.yahoo.com/help/us/ysearch/slurp)"
67.195.111.185 - - [11/Jul/2009:14:17:26 +0200] "GET /frame-unten.html HTTP/1.0" 200 5308 "http://www.various-euro.com/framez-rez.html" "Mozilla/5.0 (compatible; Yahoo! Slurp/3.0; http://help.yahoo.com/help/us/ysearch/slurp)"
67.195.111.185 - - [11/Jul/2009:14:17:26 +0200] "GET /frame-menu.html HTTP/1.0" 200 10500 "http://www.various-euro.com/framez-rez.html" "Mozilla/5.0 (compatible; Yahoo! Slurp/3.0; http://help.yahoo.com/help/us/ysearch/slurp)"
67.195.111.185 - - [11/Jul/2009:14:17:26 +0200] "GET /f-rez.html HTTP/1.0" 200 9765 "http://www.various-euro.com/framez-rez.html" "Mozilla/5.0 (compatible; Yahoo! Slurp/3.0; http://help.yahoo.com/help/us/ysearch/slurp)"
67.195.111.185 - - [11/Jul/2009:14:17:27 +0200] "GET /style/various-euro.css HTTP/1.0" 304 - "http://www.various-euro.com/frame-menu.html" "Mozilla/5.0 (compatible; Yahoo! Slurp/3.0; http://help.yahoo.com/help/us/ysearch/slurp)"
216.129.119.49 - - [11/Jul/2009:14:19:54 +0200] "GET /robots.txt HTTP/1.0" 200 64 "-" "Mozilla/5.0 (Twiceler-0.9 http://www.cuil.com/twiceler/robot.html)"
207.46.92.17 - - [11/Jul/2009:14:24:27 +0200] "GET /zampa/slike/E5UROSTO.GIF HTTP/1.1" 200 42690 "-" "-"
66.249.72.227 - - [11/Jul/2009:14:40:39 +0200] "GET / HTTP/1.1" 200 7869 "-" "SAMSUNG-SGH-E250/1.0 Profile/MIDP-2.0 Configuration/CLDC-1.1 UP.Browser/6.2.3.3.c.1.101 (GUI) MMP/2.0 (compatible; Googlebot-Mobile/2.1; +http://www.google.com/bot.html)"
65.55.106.219 - - [11/Jul/2009:14:42:57 +0200] "GET /robots.txt HTTP/1.1" 200 64 "-" "msnbot/2.0b (+http://search.msn.com/msnbot.htm)"
65.55.106.219 - - [11/Jul/2009:14:48:10 +0200] "GET /schubb/schubb-3.html HTTP/1.1" 200 17546 "-" "msnbot/2.0b (+http://search.msn.com/msnbot.htm)"
67.202.41.3 - - [11/Jul/2009:14:49:02 +0200] "GET /robots.txt HTTP/1.0" 200 64 "-" "ia_archiver (+http://www.alexa.com/site/help/webmasters; crawler@alexa.com)"
65.55.106.188 - - [11/Jul/2009:15:24:46 +0200] "GET /tour1_new.html HTTP/1.1" 404 2748 "-" "msnbot/2.0b (+http://search.msn.com/msnbot.htm)"
72.30.161.223 - - [11/Jul/2009:16:02:44 +0200] "GET /framez.html HTTP/1.0" 200 3959 "-" "Mozilla/5.0 (compatible; Yahoo! Slurp/3.0; http://help.yahoo.com/help/us/ysearch/slurp)"
72.30.161.223 - - [11/Jul/2009:16:02:46 +0200] "GET /style/various-euro.css HTTP/1.0" 200 3437 "http://various-euro.com/framez.html" "Mozilla/5.0 (compatible; Yahoo! Slurp/3.0; http://help.yahoo.com/help/us/ysearch/slurp)"
72.30.161.223 - - [11/Jul/2009:16:02:49 +0200] "GET /frame-menu.html HTTP/1.0" 200 10500 "http://various-euro.com/framez.html" "Mozilla/5.0 (compatible; Yahoo! Slurp/3.0; http://help.yahoo.com/help/us/ysearch/slurp)"
72.30.161.223 - - [11/Jul/2009:16:02:49 +0200] "GET /frame-unten.html HTTP/1.0" 200 5308 "http://various-euro.com/framez.html" "Mozilla/5.0 (compatible; Yahoo! Slurp/3.0; http://help.yahoo.com/help/us/ysearch/slurp)"
72.30.161.223 - - [11/Jul/2009:16:02:49 +0200] "GET /frame-inhalt.html HTTP/1.0" 200 7688 "http://various-euro.com/framez.html" "Mozilla/5.0 (compatible; Yahoo! Slurp/3.0; http://help.yahoo.com/help/us/ysearch/slurp)"
38.99.44.105 - - [11/Jul/2009:16:14:58 +0200] "GET /robots.txt HTTP/1.0" 200 64 "-" "Mozilla/5.0 (Twiceler-0.9 http://www.cuil.com/twiceler/robot.html)"
74.6.18.253 - - [11/Jul/2009:16:18:58 +0200] "GET /snapshots.html HTTP/1.0" 200 4259 "-" "Mozilla/5.0 (compatible; Yahoo! Slurp/3.0; http://help.yahoo.com/help/us/ysearch/slurp)"
82.141.43.165 - - [11/Jul/2009:16:20:04 +0200] "GET /framez-restate.html HTTP/1.1" 200 4328 "-" "Java/1.6.0_13"
65.55.106.140 - - [11/Jul/2009:16:21:36 +0200] "GET /robots.txt HTTP/1.1" 200 64 "-" "msnbot/2.0b (+http://search.msn.com/msnbot.htm)"
65.55.106.140 - - [11/Jul/2009:16:31:16 +0200] "GET / HTTP/1.1" 200 7869 "-" "msnbot/2.0b (+http://search.msn.com/msnbot.htm)"
66.249.72.227 - - [11/Jul/2009:16:37:37 +0200] "GET /robots.txt HTTP/1.1" 200 64 "-" "Googlebot-Image/1.0"
72.14.199.8 - - [11/Jul/2009:16:42:41 +0200] "GET / HTTP/1.1" 302 353 "-" "Feedfetcher-Google; (+http://www.google.com/feedfetcher.html; 1 subscribers; feed-id=5454548576667470243)"
72.14.199.85 - - [11/Jul/2009:16:42:44 +0200] "GET /zampa/ HTTP/1.1" 200 7153 "-" "Feedfetcher-Google; (+http://www.google.com/feedfetcher.html; 1 subscribers; feed-id=5454548576667470243)"
74.6.18.253 - - [11/Jul/2009:17:06:29 +0200] "GET /f-maintitle.html HTTP/1.0" 200 5030 "-" "Mozilla/5.0 (compatible; Yahoo! Slurp/3.0; http://help.yahoo.com/help/us/ysearch/slurp)"
220.181.7.103 - - [11/Jul/2009:17:12:09 +0200] "GET /robots.txt HTTP/1.1" 200 64 "-" "Baiduspider+(+http://www.baidu.com/search/spider.htm)"
123.125.66.20 - - [11/Jul/2009:17:14:53 +0200] "GET / HTTP/1.1" 200 7869 "-" "Baiduspider+(+http://www.baidu.com/search/spider.htm)"
123.125.66.49 - - [11/Jul/2009:17:14:54 +0200] "GET /framez_0.html HTTP/1.1" 200 12285 "-" "Baiduspider+(+http://www.baidu.com/search/spider.htm)"
123.125.64.12 - - [11/Jul/2009:17:14:54 +0200] "GET /robots.txt HTTP/1.1" 200 64 "-" "Baiduspider+(+http://www.baidu.com/search/spider.htm)"
67.195.111.185 - - [11/Jul/2009:18:28:35 +0200] "GET / HTTP/1.0" 200 7869 "-" "Mozilla/5.0 (compatible; Yahoo! Slurp/3.0; http://help.yahoo.com/help/us/ysearch/slurp)"
67.195.111.185 - - [11/Jul/2009:18:28:35 +0200] "GET /style/various-euro.css HTTP/1.0" 304 - "http://www.various-euro.com/" "Mozilla/5.0 (compatible; Yahoo! Slurp/3.0; http://help.yahoo.com/help/us/ysearch/slurp)"
83.167.62.185 - - [11/Jul/2009:18:29:33 +0200] "GET /zampa/slike/S8CURATO.GIF HTTP/1.1" 200 16968 "http://www.exalead.com/" "Mozilla/5.0 (compatible; Exabot-Images/3.0; +http://www.exabot.com/go/robot)"
65.55.108.146 - - [11/Jul/2009:18:47:08 +0200] "GET /robots.txt HTTP/1.1" 200 64 "-" "msnbot-media/1.1 (+http://search.msn.com/msnbot.htm)"
65.55.108.146 - - [11/Jul/2009:18:47:09 +0200] "GET /zampa/slike/S1TITEL.GIF HTTP/1.1" 200 15244 "-" "msnbot-media/1.1 (+http://search.msn.com/msnbot.htm)"
65.55.108.146 - - [11/Jul/2009:18:47:17 +0200] "GET /zampa/ HTTP/1.1" 200 7153 "-" "msnbot-media/1.1 (+http://search.msn.com/msnbot.htm)"
72.14.199.8 - - [11/Jul/2009:20:01:36 +0200] "GET / HTTP/1.1" 302 353 "-" "Feedfetcher-Google; (+http://www.google.com/feedfetcher.html; 1 subscribers; feed-id=5454548576667470243)"
72.14.199.85 - - [11/Jul/2009:20:01:37 +0200] "GET /zampa/ HTTP/1.1" 200 7153 "-" "Feedfetcher-Google; (+http://www.google.com/feedfetcher.html; 1 subscribers; feed-id=5454548576667470243)"
88.131.106.12 - - [11/Jul/2009:20:13:12 +0200] "GET /robots.txt HTTP/1.0" 200 64 "-" "Speedy Spider (http://www.entireweb.com/about/search_tech/speedy_spider/)"
88.131.106.12 - - [11/Jul/2009:20:13:12 +0200] "GET / HTTP/1.0" 200 7869 "-" "Speedy Spider (http://www.entireweb.com/about/search_tech/speedy_spider/)"
74.6.18.253 - - [11/Jul/2009:20:37:12 +0200] "GET /DgH/bull/index.html HTTP/1.0" 200 1915 "-" "Mozilla/5.0 (compatible; Yahoo! Slurp/3.0; http://help.yahoo.com/help/us/ysearch/slurp)"
208.115.111.243 - - [11/Jul/2009:20:39:42 +0200] "GET /robots.txt HTTP/1.1" 200 64 "-" "Mozilla/5.0 (compatible; DotBot/1.1; http://www.dotnetdotcom.org/, crawler@dotnetdotcom.org)"
208.115.111.243 - - [11/Jul/2009:20:39:42 +0200] "GET /robots.txt HTTP/1.1" 200 64 "-" "Mozilla/5.0 (compatible; DotBot/1.1; http://www.dotnetdotcom.org/, crawler@dotnetdotcom.org)"
67.195.111.185 - - [11/Jul/2009:21:04:16 +0200] "GET /framez-rez.html HTTP/1.0" 200 4323 "-" "Mozilla/5.0 (compatible; Yahoo! Slurp/3.0; http://help.yahoo.com/help/us/ysearch/slurp)"
67.195.111.185 - - [11/Jul/2009:21:04:19 +0200] "GET /frame-menu.html HTTP/1.0" 200 10500 "http://www.various-euro.com/framez-rez.html" "Mozilla/5.0 (compatible; Yahoo! Slurp/3.0; http://help.yahoo.com/help/us/ysearch/slurp)"
67.195.111.185 - - [11/Jul/2009:21:04:19 +0200] "GET /f-rez.html HTTP/1.0" 200 9765 "http://www.various-euro.com/framez-rez.html" "Mozilla/5.0 (compatible; Yahoo! Slurp/3.0; http://help.yahoo.com/help/us/ysearch/slurp)"
67.195.111.185 - - [11/Jul/2009:21:04:19 +0200] "GET /frame-unten.html HTTP/1.0" 200 5308 "http://www.various-euro.com/framez-rez.html" "Mozilla/5.0 (compatible; Yahoo! Slurp/3.0; http://help.yahoo.com/help/us/ysearch/slurp)"
67.195.111.185 - - [11/Jul/2009:21:04:20 +0200] "GET /style/various-euro.css HTTP/1.0" 304 - "http://www.various-euro.com/frame-menu.html" "Mozilla/5.0 (compatible; Yahoo! Slurp/3.0; http://help.yahoo.com/help/us/ysearch/slurp)"
74.6.18.253 - - [11/Jul/2009:21:25:13 +0200] "GET /robots.txt HTTP/1.0" 200 64 "-" "Mozilla/5.0 (compatible; Yahoo! Slurp; http://help.yahoo.com/help/us/ysearch/slurp)"
74.6.18.253 - - [11/Jul/2009:21:25:14 +0200] "GET /style/various-euro.css HTTP/1.0" 304 - "-" "Mozilla/5.0 (compatible; Yahoo! Slurp/3.0; http://help.yahoo.com/help/us/ysearch/slurp)"
66.249.72.227 - - [11/Jul/2009:21:56:46 +0200] "GET /framez-zampa-lovers.html HTTP/1.1" 200 4322 "-" "Mozilla/5.0 (compatible; Googlebot/2.1; +http://www.google.com/bot.html)"
208.115.111.243 - - [11/Jul/2009:22:43:40 +0200] "GET /robots.txt HTTP/1.1" 200 64 "-" "Mozilla/5.0 (compatible; DotBot/1.1; http://www.dotnetdotcom.org/, crawler@dotnetdotcom.org)"
61.247.221.90 - - [11/Jul/2009:22:46:01 +0200] "GET /robots.txt HTTP/1.1" 200 64 "-" "Mozilla/4.0 (compatible; NaverBot/1.0; http://help.naver.com/customer_webtxt_02.jsp)"
61.247.221.90 - - [11/Jul/2009:22:46:01 +0200] "GET / HTTP/1.1" 200 7869 "-" "Mozilla/4.0 (compatible; NaverBot/1.0; http://help.naver.com/customer_webtxt_02.jsp)"
67.202.41.3 - - [11/Jul/2009:22:47:25 +0200] "GET /robots.txt HTTP/1.0" 200 64 "-" "ia_archiver (+http://www.alexa.com/site/help/webmasters; crawler@alexa.com)"
72.14.199.8 - - [11/Jul/2009:23:01:47 +0200] "GET / HTTP/1.1" 302 353 "-" "Feedfetcher-Google; (+http://www.google.com/feedfetcher.html; 1 subscribers; feed-id=5454548576667470243)"
72.14.199.85 - - [11/Jul/2009:23:01:48 +0200] "GET /zampa/ HTTP/1.1" 200 7153 "-" "Feedfetcher-Google; (+http://www.google.com/feedfetcher.html; 1 subscribers; feed-id=5454548576667470243)"
65.55.106.210 - - [11/Jul/2009:23:13:56 +0200] "GET /robots.txt HTTP/1.1" 200 64 "-" "msnbot/2.0b (+http://search.msn.com/msnbot.htm)"
208.115.111.243 - - [11/Jul/2009:23:16:02 +0200] "GET /DgH/bull/index.html HTTP/1.1" 200 1915 "-" "Mozilla/5.0 (compatible; DotBot/1.1; http://www.dotnetdotcom.org/, crawler@dotnetdotcom.org)"
208.115.111.243 - - [11/Jul/2009:23:16:07 +0200] "GET /DgH/orginal/index.html HTTP/1.1" 200 1727 "-" "Mozilla/5.0 (compatible; DotBot/1.1; http://www.dotnetdotcom.org/, crawler@dotnetdotcom.org)"
208.115.111.243 - - [11/Jul/2009:23:16:12 +0200] "GET /DgH/rampe/index.html HTTP/1.1" 200 2056 "-" "Mozilla/5.0 (compatible; DotBot/1.1; http://www.dotnetdotcom.org/, crawler@dotnetdotcom.org)"
208.115.111.243 - - [11/Jul/2009:23:16:17 +0200] "GET /DgH/watch/index.html HTTP/1.1" 200 2028 "-" "Mozilla/5.0 (compatible; DotBot/1.1; http://www.dotnetdotcom.org/, crawler@dotnetdotcom.org)"
208.115.111.243 - - [11/Jul/2009:23:16:22 +0200] "GET /zampa/montenegro/TESLAW.html HTTP/1.1" 200 861 "-" "Mozilla/5.0 (compatible; DotBot/1.1; http://www.dotnetdotcom.org/, crawler@dotnetdotcom.org)"
208.115.111.243 - - [11/Jul/2009:23:16:27 +0200] "GET /framez.html HTTP/1.1" 200 3959 "-" "Mozilla/5.0 (compatible; DotBot/1.1; http://www.dotnetdotcom.org/, crawler@dotnetdotcom.org)"
82.141.43.165 - - [11/Jul/2009:23:16:27 +0200] "GET /restate_copy.html HTTP/1.1" 200 97631 "-" "Java/1.6.0_13"
66.249.72.227 - - [11/Jul/2009:23:20:22 +0200] "GET /schubb/schubb-1.html HTTP/1.1" 200 9070 "-" "Mozilla/5.0 (compatible; Googlebot/2.1; +http://www.google.com/bot.html)"
66.235.124.58 - - [11/Jul/2009:23:29:23 +0200] "GET /robots.txt HTTP/1.0" 200 64 "-" "Mozilla/5.0 (compatible; Ask Jeeves/Teoma; +http://about.ask.com/en/docs/about/webmasters.shtml)"
66.235.124.58 - - [11/Jul/2009:23:29:23 +0200] "GET /framez-schubb2.html HTTP/1.0" 200 4314 "-" "Mozilla/5.0 (compatible; Ask Jeeves/Teoma; +http://about.ask.com/en/docs/about/webmasters.shtml)"
66.235.124.58 - - [11/Jul/2009:23:29:24 +0200] "GET /frame-menu.html HTTP/1.0" 200 10500 "-" "Mozilla/5.0 (compatible; Ask Jeeves/Teoma; +http://about.ask.com/en/docs/about/webmasters.shtml)"
66.235.124.58 - - [11/Jul/2009:23:29:24 +0200] "GET /schubb/schubb-2.html HTTP/1.0" 200 16660 "-" "Mozilla/5.0 (compatible; Ask Jeeves/Teoma; +http://about.ask.com/en/docs/about/webmasters.shtml)"
66.235.124.58 - - [11/Jul/2009:23:29:25 +0200] "GET /frame-unten.html HTTP/1.0" 200 5308 "-" "Mozilla/5.0 (compatible; Ask Jeeves/Teoma; +http://about.ask.com/en/docs/about/webmasters.shtml)"
66.249.72.227 - - [11/Jul/2009:23:38:35 +0200] "GET /framez-schubb3.html HTTP/1.1" 200 4317 "-" "Mozilla/5.0 (compatible; Googlebot/2.1; +http://www.google.com/bot.html)"
66.249.72.227 - - [12/Jul/2009:00:43:41 +0200] "GET /f-net.html HTTP/1.1" 200 9913 "-" "Mozilla/5.0 (compatible; Googlebot/2.1; +http://www.google.com/bot.html)"
208.115.111.243 - - [12/Jul/2009:00:47:39 +0200] "GET /robots.txt HTTP/1.1" 200 64 "-" "Mozilla/5.0 (compatible; DotBot/1.1; http://www.dotnetdotcom.org/, crawler@dotnetdotcom.org)"
208.115.111.243 - - [12/Jul/2009:00:47:39 +0200] "GET /robots.txt HTTP/1.1" 200 64 "-" "Mozilla/5.0 (compatible; DotBot/1.1; http://www.dotnetdotcom.org/, crawler@dotnetdotcom.org)"
208.115.111.243 - - [12/Jul/2009:00:47:39 +0200] "GET /robots.txt HTTP/1.1" 302 363 "-" "Mozilla/5.0 (compatible; DotBot/1.1; http://www.dotnetdotcom.org/, crawler@dotnetdotcom.org)"
208.115.111.243 - - [12/Jul/2009:00:47:39 +0200] "GET /zampa/robots.txt HTTP/1.1" 404 2748 "-" "Mozilla/5.0 (compatible; DotBot/1.1; http://www.dotnetdotcom.org/, crawler@dotnetdotcom.org)"
65.55.106.144 - - [12/Jul/2009:01:16:41 +0200] "GET /robots.txt HTTP/1.1" 200 64 "-" "msnbot/2.0b (+http://search.msn.com/msnbot.htm)"
208.115.111.243 - - [12/Jul/2009:01:20:09 +0200] "GET /DgH/ HTTP/1.1" 200 5024 "-" "Mozilla/5.0 (compatible; DotBot/1.1; http://www.dotnetdotcom.org/, crawler@dotnetdotcom.org)"
208.115.111.243 - - [12/Jul/2009:01:20:19 +0200] "GET /framez.html HTTP/1.1" 200 3959 "-" "Mozilla/5.0 (compatible; DotBot/1.1; http://www.dotnetdotcom.org/, crawler@dotnetdotcom.org)"
208.115.111.243 - - [12/Jul/2009:01:20:37 +0200] "GET /zampa/lybia/index.html HTTP/1.1" 200 3036 "-" "Mozilla/5.0 (compatible; DotBot/1.1; http://www.dotnetdotcom.org/, crawler@dotnetdotcom.org)"
208.115.111.243 - - [12/Jul/2009:01:20:41 +0200] "GET /zampa/montenegro/BATAW.html HTTP/1.1" 200 860 "-" "Mozilla/5.0 (compatible; DotBot/1.1; http://www.dotnetdotcom.org/, crawler@dotnetdotcom.org)"
208.115.111.243 - - [12/Jul/2009:01:20:47 +0200] "GET /zampa/montenegro/MILOW.html HTTP/1.1" 200 860 "-" "Mozilla/5.0 (compatible; DotBot/1.1; http://www.dotnetdotcom.org/, crawler@dotnetdotcom.org)"
208.115.111.243 - - [12/Jul/2009:01:20:52 +0200] "GET /zampa/montenegro/SEKAW.html HTTP/1.1" 200 860 "-" "Mozilla/5.0 (compatible; DotBot/1.1; http://www.dotnetdotcom.org/, crawler@dotnetdotcom.org)"
208.115.111.243 - - [12/Jul/2009:01:20:58 +0200] "GET /zampa/montenegro/ZMAJW.html HTTP/1.1" 200 860 "-" "Mozilla/5.0 (compatible; DotBot/1.1; http://www.dotnetdotcom.org/, crawler@dotnetdotcom.org)"
208.115.111.243 - - [12/Jul/2009:01:21:04 +0200] "GET /zampa/montenegro/contributions.html HTTP/1.1" 200 18843 "-" "Mozilla/5.0 (compatible; DotBot/1.1; http://www.dotnetdotcom.org/, crawler@dotnetdotcom.org)"
208.115.111.243 - - [12/Jul/2009:01:21:10 +0200] "GET /zampa/montenegro/dajpare.html HTTP/1.1" 200 2503 "-" "Mozilla/5.0 (compatible; DotBot/1.1; http://www.dotnetdotcom.org/, crawler@dotnetdotcom.org)"
208.115.111.243 - - [12/Jul/2009:01:21:15 +0200] "GET /zampa/montenegro/index.html HTTP/1.1" 200 2651 "-" "Mozilla/5.0 (compatible; DotBot/1.1; http://www.dotnetdotcom.org/, crawler@dotnetdotcom.org)"
72.14.199.8 - - [12/Jul/2009:02:01:52 +0200] "GET / HTTP/1.1" 302 353 "-" "Feedfetcher-Google; (+http://www.google.com/feedfetcher.html; 1 subscribers; feed-id=5454548576667470243)"
72.14.199.85 - - [12/Jul/2009:02:01:53 +0200] "GET /zampa/ HTTP/1.1" 200 7153 "-" "Feedfetcher-Google; (+http://www.google.com/feedfetcher.html; 1 subscribers; feed-id=5454548576667470243)"
66.249.72.227 - - [12/Jul/2009:02:23:44 +0200] "GET /logs/usage_200811.html HTTP/1.1" 200 166396 "-" "Mozilla/5.0 (compatible; Googlebot/2.1; +http://www.google.com/bot.html)"
65.55.106.203 - - [12/Jul/2009:02:35:06 +0200] "GET /logs/usage_200704.html HTTP/1.1" 404 2748 "-" "msnbot/2.0b (+http://search.msn.com/msnbot.htm)"
72.30.161.250 - - [12/Jul/2009:02:36:15 +0200] "GET /robots.txt HTTP/1.0" 200 64 "-" "Mozilla/5.0 (compatible; Yahoo! Slurp; http://help.yahoo.com/help/us/ysearch/slurp)"
72.30.161.250 - - [12/Jul/2009:02:36:15 +0200] "GET /f-channel1.html HTTP/1.0" 200 9329 "-" "Mozilla/5.0 (compatible; Yahoo! Slurp/3.0; http://help.yahoo.com/help/us/ysearch/slurp)"
72.30.161.250 - - [12/Jul/2009:02:36:17 +0200] "GET /rss/ve-rss.php HTTP/1.0" 200 15781 "http://www.various-euro.com/f-channel1.html" "Mozilla/5.0 (compatible; Yahoo! Slurp/3.0; http://help.yahoo.com/help/us/ysearch/slurp)"
72.30.161.223 - - [12/Jul/2009:03:13:05 +0200] "GET /robots.txt HTTP/1.0" 200 64 "-" "Mozilla/5.0 (compatible; Yahoo! Slurp; http://help.yahoo.com/help/us/ysearch/slurp)"
72.30.161.223 - - [12/Jul/2009:03:13:06 +0200] "GET / HTTP/1.0" 200 7869 "-" "Mozilla/5.0 (compatible; Yahoo! Slurp/3.0; http://help.yahoo.com/help/us/ysearch/slurp)"
72.30.161.223 - - [12/Jul/2009:03:13:09 +0200] "GET /style/various-euro.css HTTP/1.0" 304 - "http://various-euro.com/" "Mozilla/5.0 (compatible; Yahoo! Slurp/3.0; http://help.yahoo.com/help/us/ysearch/slurp)"
66.249.72.227 - - [12/Jul/2009:03:13:23 +0200] "GET /logs/usage_200903.html HTTP/1.1" 200 167061 "-" "Mozilla/5.0 (compatible; Googlebot/2.1; +http://www.google.com/bot.html)"
208.115.111.243 - - [12/Jul/2009:03:25:13 +0200] "GET / HTTP/1.1" 200 7869 "-" "Mozilla/5.0 (compatible; DotBot/1.1; http://www.dotnetdotcom.org/, crawler@dotnetdotcom.org)"
208.115.111.243 - - [12/Jul/2009:03:25:18 +0200] "GET /framez-rez.html HTTP/1.1" 200 4323 "-" "Mozilla/5.0 (compatible; DotBot/1.1; http://www.dotnetdotcom.org/, crawler@dotnetdotcom.org)"
208.115.111.243 - - [12/Jul/2009:03:25:24 +0200] "GET / HTTP/1.1" 200 7869 "-" "Mozilla/5.0 (compatible; DotBot/1.1; http://www.dotnetdotcom.org/, crawler@dotnetdotcom.org)"
208.115.111.243 - - [12/Jul/2009:03:25:30 +0200] "GET / HTTP/1.1" 302 353 "-" "Mozilla/5.0 (compatible; DotBot/1.1; http://www.dotnetdotcom.org/, crawler@dotnetdotcom.org)"
72.30.161.250 - - [12/Jul/2009:04:01:25 +0200] "GET /f-euro.html HTTP/1.0" 200 12203 "-" "Mozilla/5.0 (compatible; Yahoo! Slurp/3.0; http://help.yahoo.com/help/us/ysearch/slurp)"
193.47.80.51 - - [12/Jul/2009:04:23:26 +0200] "GET /robots.txt HTTP/1.1" 200 64 "-" "Mozilla/5.0 (compatible; Exabot/3.0; +http://www.exabot.com/go/robot)"
193.47.80.51 - - [12/Jul/2009:04:23:26 +0200] "GET / HTTP/1.1" 200 7869 "-" "Mozilla/5.0 (compatible; Exabot/3.0; +http://www.exabot.com/go/robot)"
66.249.72.227 - - [12/Jul/2009:04:24:19 +0200] "GET /your_tour.html HTTP/1.1" 200 29760 "-" "Mozilla/5.0 (compatible; Googlebot/2.1; +http://www.google.com/bot.html)"
66.249.72.227 - - [12/Jul/2009:04:38:30 +0200] "GET /sendi_agent.html HTTP/1.1" 200 8791 "-" "Mozilla/5.0 (compatible; Googlebot/2.1; +http://www.google.com/bot.html)"
72.30.161.250 - - [12/Jul/2009:04:43:41 +0200] "GET /logs/ HTTP/1.0" 200 11511 "-" "Mozilla/5.0 (compatible; Yahoo! Slurp/3.0; http://help.yahoo.com/help/us/ysearch/slurp)"
65.55.106.147 - - [12/Jul/2009:04:56:00 +0200] "GET /robots.txt HTTP/1.1" 302 363 "-" "msnbot/2.0b (+http://search.msn.com/msnbot.htm)"
65.55.106.147 - - [12/Jul/2009:04:56:01 +0200] "GET /zampa/robots.txt HTTP/1.1" 404 2748 "-" "msnbot/2.0b (+http://search.msn.com/msnbot.htm)"
65.55.211.160 - - [12/Jul/2009:05:01:11 +0200] "GET /robots.txt HTTP/1.1" 200 64 "-" "msnbot/1.1 (+http://search.msn.com/msnbot.htm)"
65.55.211.160 - - [12/Jul/2009:05:01:11 +0200] "GET /tour1_new.html HTTP/1.1" 404 2748 "-" "msnbot/1.1 (+http://search.msn.com/msnbot.htm)"
72.14.199.8 - - [12/Jul/2009:05:02:04 +0200] "GET / HTTP/1.1" 302 353 "-" "Feedfetcher-Google; (+http://www.google.com/feedfetcher.html; 1 subscribers; feed-id=5454548576667470243)"
72.14.199.85 - - [12/Jul/2009:05:02:04 +0200] "GET /zampa/ HTTP/1.1" 200 7153 "-" "Feedfetcher-Google; (+http://www.google.com/feedfetcher.html; 1 subscribers; feed-id=5454548576667470243)"
66.249.72.227 - - [12/Jul/2009:05:49:27 +0200] "GET /neon/girl-tv.html HTTP/1.1" 200 1717 "-" "Mozilla/5.0 (compatible; Googlebot/2.1; +http://www.google.com/bot.html)"
72.30.161.250 - - [12/Jul/2009:05:50:27 +0200] "GET /robots.txt HTTP/1.0" 200 64 "-" "Mozilla/5.0 (compatible; Yahoo! Slurp; http://help.yahoo.com/help/us/ysearch/slurp)"
72.30.161.250 - - [12/Jul/2009:05:50:28 +0200] "GET /logs/usage_200807.html HTTP/1.0" 200 169348 "-" "Mozilla/5.0 (compatible; Yahoo! Slurp/3.0; http://help.yahoo.com/help/us/ysearch/slurp)"
66.249.72.227 - - [12/Jul/2009:05:56:31 +0200] "GET /search.html HTTP/1.1" 200 1440 "-" "Mozilla/5.0 (compatible; Googlebot/2.1; +http://www.google.com/bot.html)"
72.30.161.250 - - [12/Jul/2009:06:13:06 +0200] "GET /logs/usage_200806.html HTTP/1.0" 200 166379 "-" "Mozilla/5.0 (compatible; Yahoo! Slurp/3.0; http://help.yahoo.com/help/us/ysearch/slurp)"
66.249.72.227 - - [12/Jul/2009:06:17:48 +0200] "GET /bmpp/euro_pal_11.html HTTP/1.1" 200 1815 "-" "Mozilla/5.0 (compatible; Googlebot/2.1; +http://www.google.com/bot.html)"
208.80.195.55 - - [12/Jul/2009:06:40:17 +0200] "GET / HTTP/1.0" 200 7869 "-" "Mozilla/4.0 (compatible; MSIE 7.0; Windows NT 5.1; .NET CLR 1.0.3705; .NET CLR 1.1.4322; Media Center PC 3.1; SpamBlockerUtility 4.8.4)"
208.80.195.55 - - [12/Jul/2009:06:40:17 +0200] "GET / HTTP/1.0" 200 7869 "-" "Mozilla/4.0 (compatible; MSIE 6.0; Windows NT 5.1; MSN 9.0;MSN 9.1; MSNbMSNI; MSNmen-us; MSNcOTH)"
66.249.72.227 - - [12/Jul/2009:06:46:09 +0200] "GET /framez-pal1.html HTTP/1.1" 200 4326 "-" "Mozilla/5.0 (compatible; Googlebot/2.1; +http://www.google.com/bot.html)"
65.55.106.113 - - [12/Jul/2009:07:54:02 +0200] "GET /robots.txt HTTP/1.1" 200 64 "-" "msnbot/2.0b (+http://search.msn.com/msnbot.htm)"
213.239.237.21 - - [12/Jul/2009:08:01:26 +0200] "GET / HTTP/1.0" 200 7869 "-" "-"
72.14.199.8 - - [12/Jul/2009:08:02:47 +0200] "GET / HTTP/1.1" 302 353 "-" "Feedfetcher-Google; (+http://www.google.com/feedfetcher.html; 1 subscribers; feed-id=5454548576667470243)"
72.14.199.85 - - [12/Jul/2009:08:02:57 +0200] "GET /zampa/ HTTP/1.1" 200 7153 "-" "Feedfetcher-Google; (+http://www.google.com/feedfetcher.html; 1 subscribers; feed-id=5454548576667470243)"
65.55.231.68 - - [12/Jul/2009:08:06:41 +0200] "GET /robots.txt HTTP/1.1" 200 64 "-" "msnbot-media/1.1 (+http://search.msn.com/msnbot.htm)"
65.55.231.68 - - [12/Jul/2009:08:06:41 +0200] "GET /bannerz/wet.gif HTTP/1.1" 200 18561 "-" "msnbot-media/1.1 (+http://search.msn.com/msnbot.htm)"
65.55.231.68 - - [12/Jul/2009:08:06:42 +0200] "GET /frame-inhalt.html HTTP/1.1" 200 7688 "-" "msnbot-media/1.1 (+http://search.msn.com/msnbot.htm)"
67.195.111.185 - - [12/Jul/2009:08:40:21 +0200] "GET /robots.txt HTTP/1.0" 200 64 "-" "Mozilla/5.0 (compatible; Yahoo! Slurp; http://help.yahoo.com/help/us/ysearch/slurp)"
67.195.111.185 - - [12/Jul/2009:08:40:22 +0200] "GET /framez-rez.html HTTP/1.0" 200 4323 "-" "Mozilla/5.0 (compatible; Yahoo! Slurp/3.0; http://help.yahoo.com/help/us/ysearch/slurp)"
67.195.111.185 - - [12/Jul/2009:08:40:23 +0200] "GET /frame-menu.html HTTP/1.0" 200 10500 "http://www.various-euro.com/framez-rez.html" "Mozilla/5.0 (compatible; Yahoo! Slurp/3.0; http://help.yahoo.com/help/us/ysearch/slurp)"
67.195.111.185 - - [12/Jul/2009:08:40:23 +0200] "GET /frame-unten.html HTTP/1.0" 200 5308 "http://www.various-euro.com/framez-rez.html" "Mozilla/5.0 (compatible; Yahoo! Slurp/3.0; http://help.yahoo.com/help/us/ysearch/slurp)"
67.195.111.185 - - [12/Jul/2009:08:40:23 +0200] "GET /f-rez.html HTTP/1.0" 200 9765 "http://www.various-euro.com/framez-rez.html" "Mozilla/5.0 (compatible; Yahoo! Slurp/3.0; http://help.yahoo.com/help/us/ysearch/slurp)"
67.195.111.185 - - [12/Jul/2009:08:40:23 +0200] "GET /style/various-euro.css HTTP/1.0" 304 - "http://www.various-euro.com/frame-menu.html" "Mozilla/5.0 (compatible; Yahoo! Slurp/3.0; http://help.yahoo.com/help/us/ysearch/slurp)"
66.197.241.12 - - [12/Jul/2009:08:43:57 +0200] "GET /framez-schubb5.html HTTP/1.0" 200 4330 "http://www.various-euro.com/framez-schubb5.html" "Mozilla/4.0 (compatible; MSIE 6.0; Windows NT 5.1; SV1; InfoPath.1)"
66.197.241.12 - - [12/Jul/2009:08:43:57 +0200] "GET /frame-menu.html HTTP/1.0" 200 10500 "http://www.various-euro.com/frame-menu.html" "Mozilla/4.0 (compatible; MSIE 6.0; Windows NT 5.1; SV1; InfoPath.1)"
66.197.241.12 - - [12/Jul/2009:08:43:58 +0200] "GET /schubb/schubb-5.html HTTP/1.0" 200 72944 "http://www.various-euro.com/schubb/schubb-5.html" "Mozilla/4.0 (compatible; MSIE 6.0; Windows NT 5.1; SV1; InfoPath.1)"
66.197.241.12 - - [12/Jul/2009:08:43:59 +0200] "GET /frame-unten.html HTTP/1.0" 200 5308 "http://www.various-euro.com/frame-unten.html" "Mozilla/4.0 (compatible; MSIE 6.0; Windows NT 5.1; SV1; InfoPath.1)"
66.249.72.227 - - [12/Jul/2009:08:46:45 +0200] "GET /bmpp/euro_pal_4.html HTTP/1.1" 200 5673 "-" "Mozilla/5.0 (compatible; Googlebot/2.1; +http://www.google.com/bot.html)"
72.30.161.250 - - [12/Jul/2009:09:12:18 +0200] "GET /schubb/schubb-5.html HTTP/1.0" 200 72944 "-" "Mozilla/5.0 (compatible; Yahoo! Slurp/3.0; http://help.yahoo.com/help/us/ysearch/slurp)"
81.182.149.93 - - [12/Jul/2009:09:58:31 +0200] "GET /framez_0.html HTTP/1.1" 200 12285 "-" "Mozilla/5.0 (Windows; U; Windows NT 5.1; hu; rv:1.9.0.11) Gecko/2009060215 Firefox/3.0.11"
81.182.149.93 - - [12/Jul/2009:09:58:31 +0200] "GET /ve-icon-2.ico HTTP/1.1" 200 2238 "-" "Mozilla/5.0 (Windows; U; Windows NT 5.1; hu; rv:1.9.0.11) Gecko/2009060215 Firefox/3.0.11"
81.182.149.93 - - [12/Jul/2009:09:58:33 +0200] "GET /framez.html HTTP/1.1" 200 3959 "http://www.various-euro.com/framez_0.html" "Mozilla/5.0 (Windows; U; Windows NT 5.1; hu; rv:1.9.0.11) Gecko/2009060215 Firefox/3.0.11"
81.182.149.93 - - [12/Jul/2009:09:58:33 +0200] "GET /style/various-euro.css HTTP/1.1" 200 3437 "http://www.various-euro.com/framez.html" "Mozilla/5.0 (Windows; U; Windows NT 5.1; hu; rv:1.9.0.11) Gecko/2009060215 Firefox/3.0.11"
81.182.149.93 - - [12/Jul/2009:09:58:33 +0200] "GET /frame-menu.html HTTP/1.1" 200 10500 "http://www.various-euro.com/framez.html" "Mozilla/5.0 (Windows; U; Windows NT 5.1; hu; rv:1.9.0.11) Gecko/2009060215 Firefox/3.0.11"
81.182.149.93 - - [12/Jul/2009:09:58:33 +0200] "GET /frame-unten.html HTTP/1.1" 200 5308 "http://www.various-euro.com/framez.html" "Mozilla/5.0 (Windows; U; Windows NT 5.1; hu; rv:1.9.0.11) Gecko/2009060215 Firefox/3.0.11"
81.182.149.93 - - [12/Jul/2009:09:58:33 +0200] "GET /frame-inhalt.html HTTP/1.1" 200 7688 "http://www.various-euro.com/framez.html" "Mozilla/5.0 (Windows; U; Windows NT 5.1; hu; rv:1.9.0.11) Gecko/2009060215 Firefox/3.0.11"
81.182.149.93 - - [12/Jul/2009:09:58:34 +0200] "GET /bannerz/neon_click_3.gif HTTP/1.1" 200 240 "http://www.various-euro.com/frame-inhalt.html" "Mozilla/5.0 (Windows; U; Windows NT 5.1; hu; rv:1.9.0.11) Gecko/2009060215 Firefox/3.0.11"
81.182.149.93 - - [12/Jul/2009:09:58:34 +0200] "GET /eurosign3.gif HTTP/1.1" 200 7879 "http://www.various-euro.com/frame-inhalt.html" "Mozilla/5.0 (Windows; U; Windows NT 5.1; hu; rv:1.9.0.11) Gecko/2009060215 Firefox/3.0.11"
81.182.149.93 - - [12/Jul/2009:09:58:34 +0200] "GET /bannerz/neon_click_2.gif HTTP/1.1" 200 387 "http://www.various-euro.com/frame-inhalt.html" "Mozilla/5.0 (Windows; U; Windows NT 5.1; hu; rv:1.9.0.11) Gecko/2009060215 Firefox/3.0.11"
81.182.149.93 - - [12/Jul/2009:09:58:34 +0200] "GET /bannerz/neon_click_1.gif HTTP/1.1" 200 890 "http://www.various-euro.com/frame-inhalt.html" "Mozilla/5.0 (Windows; U; Windows NT 5.1; hu; rv:1.9.0.11) Gecko/2009060215 Firefox/3.0.11"
81.182.149.93 - - [12/Jul/2009:09:58:34 +0200] "GET /bannerz/copyleft_black_small.gif HTTP/1.1" 200 1231 "http://www.various-euro.com/frame-inhalt.html" "Mozilla/5.0 (Windows; U; Windows NT 5.1; hu; rv:1.9.0.11) Gecko/2009060215 Firefox/3.0.11"
81.182.149.93 - - [12/Jul/2009:09:58:34 +0200] "GET /bannerz/various-euro-girl.jpg HTTP/1.1" 200 91514 "http://www.various-euro.com/frame-unten.html" "Mozilla/5.0 (Windows; U; Windows NT 5.1; hu; rv:1.9.0.11) Gecko/2009060215 Firefox/3.0.11"
81.182.149.93 - - [12/Jul/2009:09:58:34 +0200] "GET /bannerz/google/Logo_40blk.gif HTTP/1.1" 200 2308 "http://www.various-euro.com/frame-inhalt.html" "Mozilla/5.0 (Windows; U; Windows NT 5.1; hu; rv:1.9.0.11) Gecko/2009060215 Firefox/3.0.11"
81.182.149.93 - - [12/Jul/2009:09:58:34 +0200] "GET /bannerz/wet.gif HTTP/1.1" 200 18561 "http://www.various-euro.com/frame-inhalt.html" "Mozilla/5.0 (Windows; U; Windows NT 5.1; hu; rv:1.9.0.11) Gecko/2009060215 Firefox/3.0.11"
81.182.149.93 - - [12/Jul/2009:09:58:34 +0200] "GET /bannerz/ve.jpg HTTP/1.1" 200 36912 "http://www.various-euro.com/frame-unten.html" "Mozilla/5.0 (Windows; U; Windows NT 5.1; hu; rv:1.9.0.11) Gecko/2009060215 Firefox/3.0.11"
