94.250.82.238 - - [26/Jul/2009:14:23:05 +0200] "GET /zampa-lovers/ZAMPAMAS.MPG HTTP/1.1" 200 520196 "http://www.various-euro.com/zampa-lovers/index.html" "Opera/9.63 (Windows NT 5.1; U; en) Presto/2.1.1"
94.250.82.238 - - [26/Jul/2009:14:23:26 +0200] "GET /framez-zampa-lovers.html HTTP/1.1" 200 4322 "http://www.various-euro.com/zampa-lovers/index.html" "Opera/9.63 (Windows NT 5.1; U; en) Presto/2.1.1"
94.250.82.238 - - [26/Jul/2009:14:23:27 +0200] "GET /ve-icon-2.ico HTTP/1.1" 200 2238 "http://www.various-euro.com/framez-zampa-lovers.html" "Opera/9.63 (Windows NT 5.1; U; en) Presto/2.1.1"
94.250.82.238 - - [26/Jul/2009:14:23:27 +0200] "GET /frame-menu.html HTTP/1.1" 200 10500 "http://www.various-euro.com/framez-zampa-lovers.html" "Opera/9.63 (Windows NT 5.1; U; en) Presto/2.1.1"
94.250.82.238 - - [26/Jul/2009:14:23:27 +0200] "GET /style/various-euro.css HTTP/1.1" 200 3437 "http://www.various-euro.com/frame-menu.html" "Opera/9.63 (Windows NT 5.1; U; en) Presto/2.1.1"
94.250.82.238 - - [26/Jul/2009:14:23:28 +0200] "GET /frame-unten.html HTTP/1.1" 200 5308 "http://www.various-euro.com/framez-zampa-lovers.html" "Opera/9.63 (Windows NT 5.1; U; en) Presto/2.1.1"
94.250.82.238 - - [26/Jul/2009:14:23:29 +0200] "GET /zampa-lovers/kralle.gif HTTP/1.1" 404 2748 "http://www.various-euro.com/zampa-lovers/index.html" "Opera/9.63 (Windows NT 5.1; U; en) Presto/2.1.1"
94.250.82.238 - - [26/Jul/2009:14:23:29 +0200] "GET /zampa-lovers/zampama2.mpg HTTP/1.1" 404 2748 "http://www.various-euro.com/zampa-lovers/index.html" "Opera/9.63 (Windows NT 5.1; U; en) Presto/2.1.1"
94.250.82.238 - - [26/Jul/2009:14:23:28 +0200] "GET /zampa-lovers/index.html HTTP/1.1" 200 37790 "http://www.various-euro.com/framez-zampa-lovers.html" "Opera/9.63 (Windows NT 5.1; U; en) Presto/2.1.1"
94.250.82.238 - - [26/Jul/2009:14:23:31 +0200] "GET /bannerz/various-euro-girl.jpg HTTP/1.1" 200 91514 "http://www.various-euro.com/frame-unten.html" "Opera/9.63 (Windows NT 5.1; U; en) Presto/2.1.1"
94.250.82.238 - - [26/Jul/2009:14:23:31 +0200] "GET /bannerz/various-euro-girl.jpg HTTP/1.1" 200 91514 "http://www.various-euro.com/frame-unten.html" "Opera/9.63 (Windows NT 5.1; U; en) Presto/2.1.1"
94.250.82.238 - - [26/Jul/2009:14:23:30 +0200] "GET /bannerz/ve.jpg HTTP/1.1" 200 36912 "http://www.various-euro.com/frame-unten.html" "Opera/9.63 (Windows NT 5.1; U; en) Presto/2.1.1"
65.55.106.140 - - [26/Jul/2009:15:05:50 +0200] "GET /robots.txt HTTP/1.1" 200 64 "-" "msnbot/2.0b (+http://search.msn.com/msnbot.htm)"
65.55.106.140 - - [26/Jul/2009:15:07:09 +0200] "GET /frame-menu.html HTTP/1.1" 200 10500 "-" "msnbot/2.0b (+http://search.msn.com/msnbot.htm)"
65.55.211.164 - - [26/Jul/2009:15:11:27 +0200] "GET /robots.txt HTTP/1.1" 200 64 "-" "msnbot/1.1 (+http://search.msn.com/msnbot.htm)"
65.55.211.164 - - [26/Jul/2009:15:11:27 +0200] "GET /zampa/montenegro/index.html HTTP/1.1" 200 2651 "-" "msnbot/1.1 (+http://search.msn.com/msnbot.htm)"
72.14.199.8 - - [26/Jul/2009:15:28:38 +0200] "GET / HTTP/1.1" 302 353 "-" "Feedfetcher-Google; (+http://www.google.com/feedfetcher.html; 1 subscribers; feed-id=5454548576667470243)"
72.14.199.85 - - [26/Jul/2009:15:28:39 +0200] "GET /zampa/ HTTP/1.1" 200 7153 "-" "Feedfetcher-Google; (+http://www.google.com/feedfetcher.html; 1 subscribers; feed-id=5454548576667470243)"
72.30.142.254 - - [26/Jul/2009:15:37:51 +0200] "GET /robots.txt HTTP/1.0" 200 64 "-" "Mozilla/5.0 (compatible; Yahoo! Slurp; http://help.yahoo.com/help/us/ysearch/slurp)"
72.30.142.254 - - [26/Jul/2009:15:37:52 +0200] "GET /framez-rez.html HTTP/1.0" 200 4323 "-" "Mozilla/5.0 (compatible; Yahoo! Slurp/3.0; http://help.yahoo.com/help/us/ysearch/slurp)"
72.30.142.254 - - [26/Jul/2009:15:37:55 +0200] "GET /frame-unten.html HTTP/1.0" 200 5308 "http://www.various-euro.com/framez-rez.html" "Mozilla/5.0 (compatible; Yahoo! Slurp/3.0; http://help.yahoo.com/help/us/ysearch/slurp)"
72.30.142.254 - - [26/Jul/2009:15:37:55 +0200] "GET /frame-menu.html HTTP/1.0" 200 10500 "http://www.various-euro.com/framez-rez.html" "Mozilla/5.0 (compatible; Yahoo! Slurp/3.0; http://help.yahoo.com/help/us/ysearch/slurp)"
72.30.142.254 - - [26/Jul/2009:15:37:55 +0200] "GET /f-rez.html HTTP/1.0" 200 9765 "http://www.various-euro.com/framez-rez.html" "Mozilla/5.0 (compatible; Yahoo! Slurp/3.0; http://help.yahoo.com/help/us/ysearch/slurp)"
72.30.142.254 - - [26/Jul/2009:15:37:56 +0200] "GET /style/various-euro.css HTTP/1.0" 200 3437 "http://www.various-euro.com/frame-menu.html" "Mozilla/5.0 (compatible; Yahoo! Slurp/3.0; http://help.yahoo.com/help/us/ysearch/slurp)"
193.47.80.51 - - [26/Jul/2009:15:56:17 +0200] "GET /robots.txt HTTP/1.1" 200 64 "-" "Mozilla/5.0 (compatible; Exabot/3.0; +http://www.exabot.com/go/robot)"
193.47.80.51 - - [26/Jul/2009:15:56:17 +0200] "GET / HTTP/1.1" 200 7869 "-" "Mozilla/5.0 (compatible; Exabot/3.0; +http://www.exabot.com/go/robot)"
81.52.143.31 - - [26/Jul/2009:16:07:40 +0200] "GET /warez.html HTTP/1.1" 200 9754 "-" "Mozilla/5.0 (Windows; U; Windows NT 5.1; fr; rv:1.8.1) VoilaBot BETA 1.2 (support.voilabot@orange-ftgroup.com)"
65.55.106.159 - - [26/Jul/2009:16:36:04 +0200] "GET /schubb/schubb-3.html HTTP/1.1" 200 17546 "-" "msnbot/2.0b (+http://search.msn.com/msnbot.htm)"
66.249.65.204 - - [26/Jul/2009:16:40:29 +0200] "GET /neon/large.html HTTP/1.1" 200 1547 "-" "Mozilla/5.0 (compatible; Googlebot/2.1; +http://www.google.com/bot.html)"
81.52.143.35 - - [26/Jul/2009:16:54:37 +0200] "GET /bmpp/18asi_2.html HTTP/1.1" 200 8674 "-" "Mozilla/5.0 (Windows; U; Windows NT 5.1; fr; rv:1.8.1) VoilaBot BETA 1.2 (support.voilabot@orange-ftgroup.com)"
66.235.124.4 - - [26/Jul/2009:17:19:56 +0200] "GET /robots.txt HTTP/1.1" 200 64 "-" "Mozilla/5.0 (compatible; Ask Jeeves/Teoma; +http://about.ask.com/en/docs/about/webmasters.shtml)"
66.235.124.4 - - [26/Jul/2009:17:20:11 +0200] "GET /zampa/montenegro/contributions.html HTTP/1.1" 200 18843 "-" "Mozilla/5.0 (compatible; Ask Jeeves/Teoma; +http://about.ask.com/en/docs/about/webmasters.shtml)"
65.55.106.190 - - [26/Jul/2009:17:52:07 +0200] "GET /robots.txt HTTP/1.1" 200 64 "-" "msnbot/2.0b (+http://search.msn.com/msnbot.htm)"
65.55.106.190 - - [26/Jul/2009:17:53:01 +0200] "GET /3dsf3/sendi/sacrifice.html HTTP/1.1" 200 1309 "-" "msnbot/2.0b (+http://search.msn.com/msnbot.htm)"
65.55.107.179 - - [26/Jul/2009:17:54:35 +0200] "GET /neon/code.html HTTP/1.1" 200 1109 "-" "msnbot/2.0b (+http://search.msn.com/msnbot.htm)"
81.52.143.30 - - [26/Jul/2009:18:04:22 +0200] "GET /bmpp/euro_pal_1.html HTTP/1.1" 200 18252 "-" "Mozilla/5.0 (Windows; U; Windows NT 5.1; fr; rv:1.8.1) VoilaBot BETA 1.2 (support.voilabot@orange-ftgroup.com)"
72.30.142.254 - - [26/Jul/2009:18:24:56 +0200] "GET / HTTP/1.0" 200 7869 "-" "Mozilla/5.0 (compatible; Yahoo! Slurp/3.0; http://help.yahoo.com/help/us/ysearch/slurp)"
72.30.142.254 - - [26/Jul/2009:18:25:00 +0200] "GET /style/various-euro.css HTTP/1.0" 304 - "http://www.various-euro.com/" "Mozilla/5.0 (compatible; Yahoo! Slurp/3.0; http://help.yahoo.com/help/us/ysearch/slurp)"
72.14.199.8 - - [26/Jul/2009:18:29:28 +0200] "GET / HTTP/1.1" 302 353 "-" "Feedfetcher-Google; (+http://www.google.com/feedfetcher.html; 1 subscribers; feed-id=5454548576667470243)"
72.14.199.85 - - [26/Jul/2009:18:29:29 +0200] "GET /zampa/ HTTP/1.1" 200 7153 "-" "Feedfetcher-Google; (+http://www.google.com/feedfetcher.html; 1 subscribers; feed-id=5454548576667470243)"
65.55.106.113 - - [26/Jul/2009:18:48:28 +0200] "GET /neon/left-one-new.html HTTP/1.1" 200 1483 "-" "msnbot/2.0b (+http://search.msn.com/msnbot.htm)"
72.30.142.254 - - [26/Jul/2009:18:49:14 +0200] "GET /logs/ HTTP/1.0" 200 11511 "-" "Mozilla/5.0 (compatible; Yahoo! Slurp/3.0; http://help.yahoo.com/help/us/ysearch/slurp)"
65.55.106.164 - - [26/Jul/2009:19:18:29 +0200] "GET /tour1_new.html HTTP/1.1" 404 2748 "-" "msnbot/2.0b (+http://search.msn.com/msnbot.htm)"
92.241.182.25 - - [26/Jul/2009:19:49:17 +0200] "GET /robots.txt HTTP/1.1" 200 64 "-" "Mozilla/5.0 (compatible; Tagoobot/3.0; +http://www.tagoo.ru)"
92.241.182.25 - - [26/Jul/2009:19:49:21 +0200] "GET / HTTP/1.1" 200 7869 "-" "Mozilla/5.0 (compatible; Tagoobot/3.0; +http://www.tagoo.ru)"
92.241.182.25 - - [26/Jul/2009:19:49:30 +0200] "GET / HTTP/1.1" 200 7869 "-" "Mozilla/5.0 (compatible; Tagoobot/3.0; +http://www.tagoo.ru)"
65.55.106.215 - - [26/Jul/2009:19:57:38 +0200] "GET /f-other.html HTTP/1.1" 200 19851 "-" "msnbot/2.0b (+http://search.msn.com/msnbot.htm)"
72.30.142.254 - - [26/Jul/2009:20:13:53 +0200] "GET /f-actions.html HTTP/1.0" 200 11686 "-" "Mozilla/5.0 (compatible; Yahoo! Slurp/3.0; http://help.yahoo.com/help/us/ysearch/slurp)"
72.30.142.254 - - [26/Jul/2009:20:48:40 +0200] "GET /robots.txt HTTP/1.0" 200 64 "-" "Mozilla/5.0 (compatible; Yahoo! Slurp; http://help.yahoo.com/help/us/ysearch/slurp)"
72.30.142.254 - - [26/Jul/2009:20:48:41 +0200] "GET /f-channel1.html HTTP/1.0" 200 9329 "-" "Mozilla/5.0 (compatible; Yahoo! Slurp/3.0; http://help.yahoo.com/help/us/ysearch/slurp)"
72.30.142.254 - - [26/Jul/2009:20:48:46 +0200] "GET /rss/ve-rss.php HTTP/1.0" 200 14155 "http://www.various-euro.com/f-channel1.html" "Mozilla/5.0 (compatible; Yahoo! Slurp/3.0; http://help.yahoo.com/help/us/ysearch/slurp)"
65.55.211.167 - - [26/Jul/2009:21:09:02 +0200] "GET /robots.txt HTTP/1.1" 200 64 "-" "msnbot/1.1 (+http://search.msn.com/msnbot.htm)"
65.55.211.167 - - [26/Jul/2009:21:09:03 +0200] "GET /schubb/schubb-3.html HTTP/1.1" 200 17546 "-" "msnbot/1.1 (+http://search.msn.com/msnbot.htm)"
91.107.237.79 - - [26/Jul/2009:21:41:38 +0200] "GET /logs/ HTTP/1.1" 200 11511 "-" "Mozilla 4/0"
91.107.237.79 - - [26/Jul/2009:21:41:39 +0200] "GET /logs/ HTTP/1.1" 200 11511 "http://www.various-euro.com/logs/" "Mozilla 4/0"
91.107.237.79 - - [26/Jul/2009:21:41:40 +0200] "GET /logs/ HTTP/1.1" 200 11511 "http://www.various-euro.com/logs/" "Mozilla 4/0"
91.107.237.79 - - [26/Jul/2009:21:41:41 +0200] "GET /logs/ HTTP/1.1" 200 11511 "http://www.various-euro.com/logs/" "Mozilla 4/0"
91.107.237.79 - - [26/Jul/2009:21:41:41 +0200] "GET /logs/ HTTP/1.1" 200 11511 "http://www.various-euro.com/logs/" "Mozilla 4/0"
91.107.237.79 - - [26/Jul/2009:21:41:42 +0200] "GET /logs/ HTTP/1.1" 200 11511 "http://www.various-euro.com/logs/" "Mozilla 4/0"
72.14.199.8 - - [26/Jul/2009:21:41:49 +0200] "GET / HTTP/1.1" 302 353 "-" "Feedfetcher-Google; (+http://www.google.com/feedfetcher.html; 1 subscribers; feed-id=5454548576667470243)"
72.14.199.85 - - [26/Jul/2009:21:42:46 +0200] "GET /zampa/ HTTP/1.1" 200 7153 "-" "Feedfetcher-Google; (+http://www.google.com/feedfetcher.html; 1 subscribers; feed-id=5454548576667470243)"
64.17.2.164 - - [26/Jul/2009:21:44:34 +0200] "GET /robots.txt HTTP/1.1" 200 64 "-" "MLBot (www.metadatalabs.com/mlbot)"
64.17.2.164 - - [26/Jul/2009:21:44:35 +0200] "GET /rez/ HTTP/1.1" 403 1223 "-" "MLBot (www.metadatalabs.com/mlbot)"
193.252.149.15 - - [26/Jul/2009:22:25:00 +0200] "GET /neon/large.html HTTP/1.1" 200 1547 "-" "Mozilla/5.0 (Windows; U; Windows NT 5.1; fr; rv:1.8.1) VoilaBot BETA 1.2 (support.voilabot@orange-ftgroup.com)"
61.247.221.92 - - [26/Jul/2009:22:41:12 +0200] "GET /robots.txt HTTP/1.1" 200 64 "-" "Mozilla/4.0 (compatible; NaverBot/1.0; http://help.naver.com/customer_webtxt_02.jsp)"
61.247.221.92 - - [26/Jul/2009:22:41:13 +0200] "GET /f-net.html HTTP/1.1" 200 9913 "-" "Mozilla/4.0 (compatible; NaverBot/1.0; http://help.naver.com/customer_webtxt_02.jsp)"
61.247.221.92 - - [26/Jul/2009:22:41:26 +0200] "GET / HTTP/1.1" 200 7869 "-" "Mozilla/4.0 (compatible; NaverBot/1.0; http://help.naver.com/customer_webtxt_02.jsp)"
72.30.142.254 - - [26/Jul/2009:23:53:25 +0200] "GET /f-horrorkatze.html HTTP/1.0" 200 7865 "-" "Mozilla/5.0 (compatible; Yahoo! Slurp/3.0; http://help.yahoo.com/help/us/ysearch/slurp)"
72.30.142.254 - - [27/Jul/2009:00:00:17 +0200] "GET /frame-menu.html HTTP/1.0" 200 10500 "-" "Mozilla/5.0 (compatible; Yahoo! Slurp/3.0; http://help.yahoo.com/help/us/ysearch/slurp)"
72.30.142.254 - - [27/Jul/2009:00:00:18 +0200] "GET /style/various-euro.css HTTP/1.0" 304 - "http://www.various-euro.com/frame-menu.html" "Mozilla/5.0 (compatible; Yahoo! Slurp/3.0; http://help.yahoo.com/help/us/ysearch/slurp)"
72.14.199.8 - - [27/Jul/2009:00:42:57 +0200] "GET / HTTP/1.1" 302 353 "-" "Feedfetcher-Google; (+http://www.google.com/feedfetcher.html; 1 subscribers; feed-id=5454548576667470243)"
72.14.199.85 - - [27/Jul/2009:00:42:58 +0200] "GET /zampa/ HTTP/1.1" 200 7153 "-" "Feedfetcher-Google; (+http://www.google.com/feedfetcher.html; 1 subscribers; feed-id=5454548576667470243)"
193.252.149.16 - - [27/Jul/2009:00:58:11 +0200] "GET /DgH/rampe/index.html HTTP/1.1" 200 2056 "-" "Mozilla/5.0 (Windows; U; Windows NT 5.1; fr; rv:1.8.1) VoilaBot BETA 1.2 (support.voilabot@orange-ftgroup.com)"
79.175.72.85 - - [27/Jul/2009:01:00:40 +0200] "GET / HTTP/1.1" 302 353 "http://koracnikola.blogspot.com/search/label/CGD" "Mozilla/5.0 (Windows; U; Windows NT 5.1; en-GB; rv:1.9.0.12) Gecko/2009070611 Firefox/3.0.12"
79.175.72.85 - - [27/Jul/2009:01:00:40 +0200] "GET /zampa/ HTTP/1.1" 200 7153 "http://koracnikola.blogspot.com/search/label/CGD" "Mozilla/5.0 (Windows; U; Windows NT 5.1; en-GB; rv:1.9.0.12) Gecko/2009070611 Firefox/3.0.12"
79.175.72.85 - - [27/Jul/2009:01:00:41 +0200] "GET /zampa/slike/inthearse.gif HTTP/1.1" 200 4077 "http://www.various-euro.com/zampa/" "Mozilla/5.0 (Windows; U; Windows NT 5.1; en-GB; rv:1.9.0.12) Gecko/2009070611 Firefox/3.0.12"
79.175.72.85 - - [27/Jul/2009:01:00:41 +0200] "GET /zampa/slike/zampa.gif HTTP/1.1" 200 5310 "http://www.various-euro.com/zampa/" "Mozilla/5.0 (Windows; U; Windows NT 5.1; en-GB; rv:1.9.0.12) Gecko/2009070611 Firefox/3.0.12"
79.175.72.85 - - [27/Jul/2009:01:00:41 +0200] "GET /zampa/slike/udupetu.gif HTTP/1.1" 200 4138 "http://www.various-euro.com/zampa/" "Mozilla/5.0 (Windows; U; Windows NT 5.1; en-GB; rv:1.9.0.12) Gecko/2009070611 Firefox/3.0.12"
79.175.72.85 - - [27/Jul/2009:01:00:41 +0200] "GET /favicon.ico HTTP/1.1" 404 2748 "-" "Mozilla/5.0 (Windows; U; Windows NT 5.1; en-GB; rv:1.9.0.12) Gecko/2009070611 Firefox/3.0.12"
79.175.72.85 - - [27/Jul/2009:01:00:44 +0200] "GET /favicon.ico HTTP/1.1" 404 2748 "-" "Mozilla/5.0 (Windows; U; Windows NT 5.1; en-GB; rv:1.9.0.12) Gecko/2009070611 Firefox/3.0.12"
193.252.149.14 - - [27/Jul/2009:01:08:02 +0200] "GET /neon/channel.html HTTP/1.1" 200 1942 "-" "Mozilla/5.0 (Windows; U; Windows NT 5.1; fr; rv:1.8.1) VoilaBot BETA 1.2 (support.voilabot@orange-ftgroup.com)"
193.252.149.14 - - [27/Jul/2009:01:53:22 +0200] "GET /DgH/ HTTP/1.1" 200 5024 "-" "Mozilla/5.0 (Windows; U; Windows NT 5.1; fr; rv:1.8.1) VoilaBot BETA 1.2 (support.voilabot@orange-ftgroup.com)"
66.235.124.4 - - [27/Jul/2009:01:54:48 +0200] "GET / HTTP/1.1" 200 7869 "-" "Mozilla/5.0 (compatible; Ask Jeeves/Teoma; +http://about.ask.com/en/docs/about/webmasters.shtml)"
66.235.124.61 - - [27/Jul/2009:01:54:50 +0200] "GET /framez_0.html HTTP/1.1" 200 12285 "-" "Mozilla/5.0 (compatible; Ask Jeeves/Teoma; +http://about.ask.com/en/docs/about/webmasters.shtml)"
193.252.149.16 - - [27/Jul/2009:02:21:16 +0200] "GET /neon/girl-tv.html HTTP/1.1" 200 1717 "-" "Mozilla/5.0 (Windows; U; Windows NT 5.1; fr; rv:1.8.1) VoilaBot BETA 1.2 (support.voilabot@orange-ftgroup.com)"
38.99.44.105 - - [27/Jul/2009:02:42:55 +0200] "GET /zampa/montenegro/slike/ZMAJW.jpg HTTP/1.0" 200 4555 "-" "Mozilla/5.0 (Twiceler-0.9 http://www.cuil.com/twiceler/robot.html)"
38.99.44.105 - - [27/Jul/2009:03:06:39 +0200] "GET /bannerz/neon_click_3.gif HTTP/1.0" 200 240 "-" "Mozilla/5.0 (Twiceler-0.9 http://www.cuil.com/twiceler/robot.html)"
66.249.65.204 - - [27/Jul/2009:03:34:54 +0200] "GET /f-doku-brau.html HTTP/1.1" 200 7152 "-" "Mozilla/5.0 (compatible; Googlebot/2.1; +http://www.google.com/bot.html)"
38.99.44.105 - - [27/Jul/2009:03:35:11 +0200] "GET /zampa/montenegro/slike/TESLAW.jpg HTTP/1.0" 200 3770 "-" "Mozilla/5.0 (Twiceler-0.9 http://www.cuil.com/twiceler/robot.html)"
72.51.37.147 - - [27/Jul/2009:03:36:51 +0200] "GET /robots.txt HTTP/1.1" 200 64 "-" "Mozilla/4.0 (compatible; MSIE 5.01; Windows NT)"
72.51.37.147 - - [27/Jul/2009:03:36:58 +0200] "GET / HTTP/1.1" 200 7869 "-" "Mozilla/4.0 (compatible; MSIE 5.01; Windows NT)"
72.51.37.147 - - [27/Jul/2009:03:37:06 +0200] "GET /framez.html HTTP/1.1" 200 3959 "-" "Mozilla/4.0 (compatible; MSIE 5.01; Windows NT)"
72.14.199.8 - - [27/Jul/2009:03:43:11 +0200] "GET / HTTP/1.1" 302 353 "-" "Feedfetcher-Google; (+http://www.google.com/feedfetcher.html; 1 subscribers; feed-id=5454548576667470243)"
72.14.199.85 - - [27/Jul/2009:03:43:12 +0200] "GET /zampa/ HTTP/1.1" 200 7153 "-" "Feedfetcher-Google; (+http://www.google.com/feedfetcher.html; 1 subscribers; feed-id=5454548576667470243)"
208.80.195.33 - - [27/Jul/2009:03:44:52 +0200] "GET / HTTP/1.0" 200 7869 "-" "Mozilla/4.0 (compatible; MSIE 6.0; Windows NT 5.1; SV1; YPC 3.2.0; .NET CLR 1.1.4322; ZangoToolbar 4.8.2)"
208.80.195.33 - - [27/Jul/2009:03:44:52 +0200] "GET / HTTP/1.0" 200 7869 "-" "Mozilla/4.0 (compatible; MSIE 7.0; Windows NT 5.1; Tablet PC 1.7; .NET CLR 1.0.3705; .NET CLR 1.1.4322; .NET CLR 2.0.50727; .NET CLR 3.0.04506.30)"
38.99.44.105 - - [27/Jul/2009:03:55:43 +0200] "GET /zampa/montenegro/slike/BATAW.jpg HTTP/1.0" 200 2631 "-" "Mozilla/5.0 (Twiceler-0.9 http://www.cuil.com/twiceler/robot.html)"
66.249.65.204 - - [27/Jul/2009:03:57:42 +0200] "GET /snapshots.html HTTP/1.1" 200 4259 "-" "Mozilla/5.0 (compatible; Googlebot/2.1; +http://www.google.com/bot.html)"
38.99.44.105 - - [27/Jul/2009:04:17:29 +0200] "GET /bannerz/ve.jpg HTTP/1.0" 200 36912 "-" "Mozilla/5.0 (Twiceler-0.9 http://www.cuil.com/twiceler/robot.html)"
65.55.220.224 - - [27/Jul/2009:04:23:13 +0200] "GET /robots.txt HTTP/1.1" 200 64 "-" "Mozilla/4.0"
65.55.220.224 - - [27/Jul/2009:04:23:13 +0200] "GET /neon/sw-girl.gif HTTP/1.1" 200 86668 "-" "Mozilla/4.0"
38.99.44.105 - - [27/Jul/2009:04:36:44 +0200] "GET /zampa/slike/udupetu.gif HTTP/1.0" 200 4138 "-" "Mozilla/5.0 (Twiceler-0.9 http://www.cuil.com/twiceler/robot.html)"
66.197.167.99 - - [27/Jul/2009:04:49:53 +0200] "GET / HTTP/1.1" 200 7869 "www.drugpricegrabber.info" "Mozilla/4.0 (compatible; MSIE 5.5; Windows 98)"
66.197.167.99 - - [27/Jul/2009:04:49:53 +0200] "GET / HTTP/1.1" 200 7869 "www.drugpricegrabber.info" "Mozilla/4.0 (compatible; MSIE 5.5; Windows 98)"
65.55.106.164 - - [27/Jul/2009:04:51:14 +0200] "GET /robots.txt HTTP/1.1" 200 64 "-" "msnbot/2.0b (+http://search.msn.com/msnbot.htm)"
65.55.106.164 - - [27/Jul/2009:04:52:26 +0200] "GET /3dsf3/sendi/communication.html HTTP/1.1" 200 1331 "-" "msnbot/2.0b (+http://search.msn.com/msnbot.htm)"
65.55.106.213 - - [27/Jul/2009:05:01:26 +0200] "GET /logs/usage_200704.html HTTP/1.1" 404 2748 "-" "msnbot/2.0b (+http://search.msn.com/msnbot.htm)"
38.99.13.116 - - [27/Jul/2009:05:12:58 +0200] "GET /robots.txt HTTP/1.0" 302 363 "-" "Mozilla/5.0 (Twiceler-0.9 http://www.cuil.com/twiceler/robot.html)"
72.30.142.254 - - [27/Jul/2009:05:15:39 +0200] "GET /logz.html HTTP/1.0" 404 2748 "-" "Mozilla/5.0 (compatible; Yahoo! Slurp/3.0; http://help.yahoo.com/help/us/ysearch/slurp)"
72.30.142.254 - - [27/Jul/2009:05:29:56 +0200] "GET /bannnerz.html HTTP/1.0" 404 2748 "-" "Mozilla/5.0 (compatible; Yahoo! Slurp/3.0; http://help.yahoo.com/help/us/ysearch/slurp)"
66.249.65.204 - - [27/Jul/2009:05:37:33 +0200] "GET /f-horrorkatze.html HTTP/1.1" 200 7865 "-" "Mozilla/5.0 (compatible; Googlebot/2.1; +http://www.google.com/bot.html)"
72.30.142.254 - - [27/Jul/2009:05:46:36 +0200] "GET /f-euro.html HTTP/1.0" 200 12203 "-" "Mozilla/5.0 (compatible; Yahoo! Slurp/3.0; http://help.yahoo.com/help/us/ysearch/slurp)"
38.99.44.105 - - [27/Jul/2009:06:02:48 +0200] "GET /bannerz/google/Logo_40blk.gif HTTP/1.0" 200 2308 "-" "Mozilla/5.0 (Twiceler-0.9 http://www.cuil.com/twiceler/robot.html)"
216.129.119.49 - - [27/Jul/2009:06:17:08 +0200] "GET /robots.txt HTTP/1.0" 200 64 "-" "Mozilla/5.0 (Twiceler-0.9 http://www.cuil.com/twiceler/robot.html)"
66.249.65.204 - - [27/Jul/2009:06:27:31 +0200] "GET /f-contact.html HTTP/1.1" 200 6804 "-" "Mozilla/5.0 (compatible; Googlebot/2.1; +http://www.google.com/bot.html)"
72.14.199.8 - - [27/Jul/2009:06:43:15 +0200] "GET / HTTP/1.1" 302 353 "-" "Feedfetcher-Google; (+http://www.google.com/feedfetcher.html; 1 subscribers; feed-id=5454548576667470243)"
72.14.199.85 - - [27/Jul/2009:06:43:18 +0200] "GET /zampa/ HTTP/1.1" 200 7153 "-" "Feedfetcher-Google; (+http://www.google.com/feedfetcher.html; 1 subscribers; feed-id=5454548576667470243)"
65.55.230.249 - - [27/Jul/2009:06:54:38 +0200] "GET /robots.txt HTTP/1.1" 200 64 "-" "Mozilla/4.0"
65.55.230.249 - - [27/Jul/2009:06:54:38 +0200] "GET / HTTP/1.1" 200 7869 "-" "Mozilla/4.0"
89.122.29.80 - - [27/Jul/2009:07:17:11 +0200] "GET / HTTP/1.1" 200 7869 "-" "Java/1.6.0_04"
89.122.29.80 - - [27/Jul/2009:07:17:11 +0200] "GET /framez.html HTTP/1.1" 200 3959 "-" "Java/1.6.0_04"
89.122.29.80 - - [27/Jul/2009:07:17:11 +0200] "GET /framez_0.html HTTP/1.1" 200 12285 "-" "Java/1.6.0_04"
89.122.29.80 - - [27/Jul/2009:07:17:11 +0200] "GET /frame-inhalt.html HTTP/1.1" 200 7688 "-" "Java/1.6.0_04"
89.122.29.80 - - [27/Jul/2009:07:17:11 +0200] "GET /frame-menu.html HTTP/1.1" 200 10500 "-" "Java/1.6.0_04"
89.122.29.80 - - [27/Jul/2009:07:17:12 +0200] "GET /frame-unten.html HTTP/1.1" 200 5308 "-" "Java/1.6.0_04"
89.122.29.80 - - [27/Jul/2009:07:17:12 +0200] "GET /f-maintitle.html HTTP/1.1" 200 5030 "-" "Java/1.6.0_04"
89.122.29.80 - - [27/Jul/2009:07:17:12 +0200] "GET /partnergegenberlin.html HTTP/1.1" 200 5022 "-" "Java/1.6.0_04"
89.122.29.80 - - [27/Jul/2009:07:17:12 +0200] "GET /f-actions.html HTTP/1.1" 200 11686 "-" "Java/1.6.0_04"
89.122.29.80 - - [27/Jul/2009:07:17:12 +0200] "GET /f-bannnerz.html HTTP/1.1" 200 12651 "-" "Java/1.6.0_04"
89.122.29.80 - - [27/Jul/2009:07:17:12 +0200] "GET /f-channel1.html HTTP/1.1" 200 9329 "-" "Java/1.6.0_04"
89.122.29.80 - - [27/Jul/2009:07:17:13 +0200] "GET /f-contact.html HTTP/1.1" 200 6804 "-" "Java/1.6.0_04"
89.122.29.80 - - [27/Jul/2009:07:17:13 +0200] "GET /f-doku-brau.html HTTP/1.1" 200 7152 "-" "Java/1.6.0_04"
89.122.29.80 - - [27/Jul/2009:07:17:13 +0200] "GET /f-euro.html HTTP/1.1" 200 12203 "-" "Java/1.6.0_04"
89.122.29.80 - - [27/Jul/2009:07:17:13 +0200] "GET /f-horrorkatze.html HTTP/1.1" 200 7865 "-" "Java/1.6.0_04"
89.122.29.80 - - [27/Jul/2009:07:17:13 +0200] "GET /f-net.html HTTP/1.1" 200 9913 "-" "Java/1.6.0_04"
89.122.29.80 - - [27/Jul/2009:07:17:14 +0200] "GET /f-other.html HTTP/1.1" 200 19851 "-" "Java/1.6.0_04"
89.122.29.80 - - [27/Jul/2009:07:17:14 +0200] "GET /f-rez.html HTTP/1.1" 200 9765 "-" "Java/1.6.0_04"
89.122.29.80 - - [27/Jul/2009:07:17:15 +0200] "GET /f-search.html HTTP/1.1" 200 11800 "-" "Java/1.6.0_04"
89.122.29.80 - - [27/Jul/2009:07:17:15 +0200] "GET /f-sponsor.html HTTP/1.1" 200 8578 "-" "Java/1.6.0_04"
89.122.29.80 - - [27/Jul/2009:07:17:15 +0200] "GET /f-warez.html HTTP/1.1" 200 10953 "-" "Java/1.6.0_04"
89.122.29.80 - - [27/Jul/2009:07:17:15 +0200] "GET /f-web.html HTTP/1.1" 200 13605 "-" "Java/1.6.0_04"
89.122.29.80 - - [27/Jul/2009:07:17:15 +0200] "GET /f-world.html HTTP/1.1" 200 35590 "-" "Java/1.6.0_04"
89.122.29.80 - - [27/Jul/2009:07:17:16 +0200] "GET /f-zeug.html HTTP/1.1" 200 59462 "-" "Java/1.6.0_04"
89.122.29.80 - - [27/Jul/2009:07:17:16 +0200] "GET /restate_copy.html HTTP/1.1" 200 97631 "-" "Java/1.6.0_04"
89.122.29.80 - - [27/Jul/2009:07:17:16 +0200] "GET /sendi_agent.html HTTP/1.1" 200 8791 "-" "Java/1.6.0_04"
89.122.29.80 - - [27/Jul/2009:07:17:17 +0200] "GET /snapshots.html HTTP/1.1" 200 4259 "-" "Java/1.6.0_04"
89.122.29.80 - - [27/Jul/2009:07:17:17 +0200] "GET /your_tour.html HTTP/1.1" 200 31664 "-" "Java/1.6.0_04"
89.122.29.80 - - [27/Jul/2009:07:17:17 +0200] "GET /framez-pgb.html HTTP/1.1" 200 4336 "-" "Java/1.6.0_04"
89.122.29.80 - - [27/Jul/2009:07:17:17 +0200] "GET /framez-actions.html HTTP/1.1" 200 4322 "-" "Java/1.6.0_04"
89.122.29.80 - - [27/Jul/2009:07:17:17 +0200] "GET /framez-contact.html HTTP/1.1" 200 4325 "-" "Java/1.6.0_04"
89.122.29.80 - - [27/Jul/2009:07:17:17 +0200] "GET /framez-dbrau.html HTTP/1.1" 200 4313 "-" "Java/1.6.0_04"
89.122.29.80 - - [27/Jul/2009:07:17:18 +0200] "GET /framez-euro.html HTTP/1.1" 200 4319 "-" "Java/1.6.0_04"
89.122.29.80 - - [27/Jul/2009:07:17:18 +0200] "GET /framez-net.html HTTP/1.1" 200 4319 "-" "Java/1.6.0_04"
89.122.29.80 - - [27/Jul/2009:07:17:18 +0200] "GET /'+veURL+advisories[i].name+' HTTP/1.1" 404 2748 "-" "Java/1.6.0_04"
89.122.29.80 - - [27/Jul/2009:07:17:18 +0200] "GET /.htm HTTP/1.1" 403 1223 "-" "Java/1.6.0_04"
89.122.29.80 - - [27/Jul/2009:07:17:18 +0200] "GET /framez-rez.html HTTP/1.1" 200 4323 "-" "Java/1.6.0_04"
89.122.29.80 - - [27/Jul/2009:07:17:19 +0200] "GET /framez-search.html HTTP/1.1" 200 4326 "-" "Java/1.6.0_04"
38.99.44.105 - - [27/Jul/2009:07:19:38 +0200] "GET /robots.txt HTTP/1.0" 200 64 "-" "Mozilla/5.0 (Twiceler-0.9 http://www.cuil.com/twiceler/robot.html)"
66.249.65.204 - - [27/Jul/2009:07:27:26 +0200] "GET /bmpp/flyer_cut3.html HTTP/1.1" 200 13727 "-" "Mozilla/5.0 (compatible; Googlebot/2.1; +http://www.google.com/bot.html)"
38.99.44.105 - - [27/Jul/2009:07:38:14 +0200] "GET /bannerz/various-euro-girl.jpg HTTP/1.0" 200 91514 "-" "Mozilla/5.0 (Twiceler-0.9 http://www.cuil.com/twiceler/robot.html)"
38.99.44.105 - - [27/Jul/2009:08:42:49 +0200] "GET /eurosign3.gif HTTP/1.0" 200 7879 "-" "Mozilla/5.0 (Twiceler-0.9 http://www.cuil.com/twiceler/robot.html)"
60.191.241.38 - - [27/Jul/2009:09:02:54 +0200] "GET /logs/ HTTP/1.0" 200 11511 "-" "Mozilla 4/0"
60.191.241.38 - - [27/Jul/2009:09:02:57 +0200] "GET /logs/ HTTP/1.0" 200 11511 "http://www.various-euro.com/logs/" "Mozilla 4/0"
60.191.241.38 - - [27/Jul/2009:09:03:02 +0200] "GET /logs/ HTTP/1.0" 200 11511 "http://www.various-euro.com/logs/" "Mozilla 4/0"
60.191.241.38 - - [27/Jul/2009:09:03:07 +0200] "GET /logs/ HTTP/1.0" 200 11511 "http://www.various-euro.com/logs/" "Mozilla 4/0"
60.191.241.38 - - [27/Jul/2009:09:03:10 +0200] "GET /logs/ HTTP/1.0" 200 11511 "http://www.various-euro.com/logs/" "Mozilla 4/0"
60.191.241.38 - - [27/Jul/2009:09:03:15 +0200] "GET /logs/ HTTP/1.0" 200 11511 "http://www.various-euro.com/logs/" "Mozilla 4/0"
72.30.142.254 - - [27/Jul/2009:09:14:53 +0200] "GET /robots.txt HTTP/1.0" 200 64 "-" "Mozilla/5.0 (compatible; Yahoo! Slurp; http://help.yahoo.com/help/us/ysearch/slurp)"
72.30.142.254 - - [27/Jul/2009:09:15:03 +0200] "GET /f-euro.html HTTP/1.0" 200 12203 "-" "Mozilla/5.0 (compatible; Yahoo! Slurp/3.0; http://help.yahoo.com/help/us/ysearch/slurp)"
66.249.65.204 - - [27/Jul/2009:09:27:17 +0200] "GET /robots.txt HTTP/1.1" 200 64 "-" "Mozilla/5.0 (compatible; Googlebot/2.1; +http://www.google.com/bot.html)"
66.249.65.204 - - [27/Jul/2009:09:27:17 +0200] "GET /3dsf3/sendi/catastrophe.html HTTP/1.1" 200 1322 "-" "Mozilla/5.0 (compatible; Googlebot/2.1; +http://www.google.com/bot.html)"
38.99.44.105 - - [27/Jul/2009:09:27:57 +0200] "GET /zampa/lybia/slike/tele.jpg HTTP/1.0" 200 28022 "-" "Mozilla/5.0 (Twiceler-0.9 http://www.cuil.com/twiceler/robot.html)"
65.55.211.167 - - [27/Jul/2009:09:28:40 +0200] "GET /zampa/montenegro/BATAW.html HTTP/1.1" 200 860 "-" "msnbot/1.1 (+http://search.msn.com/msnbot.htm)"
38.99.44.105 - - [27/Jul/2009:09:36:08 +0200] "GET /zampa/slike/zampa.gif HTTP/1.0" 200 5310 "-" "Mozilla/5.0 (Twiceler-0.9 http://www.cuil.com/twiceler/robot.html)"
38.99.44.105 - - [27/Jul/2009:09:40:14 +0200] "GET /bannerz/neon_click_1.gif HTTP/1.0" 200 890 "-" "Mozilla/5.0 (Twiceler-0.9 http://www.cuil.com/twiceler/robot.html)"
72.14.199.8 - - [27/Jul/2009:09:43:31 +0200] "GET / HTTP/1.1" 302 353 "-" "Feedfetcher-Google; (+http://www.google.com/feedfetcher.html; 1 subscribers; feed-id=5454548576667470243)"
38.99.44.105 - - [27/Jul/2009:09:44:19 +0200] "GET /zampa/slike/inthearse.gif HTTP/1.0" 200 4077 "-" "Mozilla/5.0 (Twiceler-0.9 http://www.cuil.com/twiceler/robot.html)"
38.99.44.105 - - [27/Jul/2009:09:45:25 +0200] "GET /zampa/montenegro/slike/SEKAW.jpg HTTP/1.0" 200 2786 "-" "Mozilla/5.0 (Twiceler-0.9 http://www.cuil.com/twiceler/robot.html)"
66.235.124.4 - - [27/Jul/2009:09:46:34 +0200] "GET /robots.txt HTTP/1.1" 200 64 "-" "Mozilla/5.0 (compatible; Ask Jeeves/Teoma; +http://about.ask.com/en/docs/about/webmasters.shtml)"
66.235.124.4 - - [27/Jul/2009:09:46:49 +0200] "GET /framez.html HTTP/1.1" 200 3959 "-" "Mozilla/5.0 (compatible; Ask Jeeves/Teoma; +http://about.ask.com/en/docs/about/webmasters.shtml)"
66.235.124.4 - - [27/Jul/2009:09:46:49 +0200] "GET /frame-menu.html HTTP/1.1" 200 10500 "-" "Mozilla/5.0 (compatible; Ask Jeeves/Teoma; +http://about.ask.com/en/docs/about/webmasters.shtml)"
66.235.124.4 - - [27/Jul/2009:09:46:50 +0200] "GET /frame-inhalt.html HTTP/1.1" 200 7688 "-" "Mozilla/5.0 (compatible; Ask Jeeves/Teoma; +http://about.ask.com/en/docs/about/webmasters.shtml)"
66.235.124.4 - - [27/Jul/2009:09:46:50 +0200] "GET /frame-unten.html HTTP/1.1" 200 5308 "-" "Mozilla/5.0 (compatible; Ask Jeeves/Teoma; +http://about.ask.com/en/docs/about/webmasters.shtml)"
72.14.199.85 - - [27/Jul/2009:09:52:42 +0200] "GET /zampa/ HTTP/1.1" 200 7153 "-" "Feedfetcher-Google; (+http://www.google.com/feedfetcher.html; 1 subscribers; feed-id=5454548576667470243)"
66.249.65.204 - - [27/Jul/2009:10:37:14 +0200] "GET /bmpp/18start.html HTTP/1.1" 200 320 "-" "Mozilla/5.0 (compatible; Googlebot/2.1; +http://www.google.com/bot.html)"
81.52.143.35 - - [27/Jul/2009:10:59:03 +0200] "GET /neon/warning2.html HTTP/1.1" 200 997 "-" "Mozilla/5.0 (Windows; U; Windows NT 5.1; fr; rv:1.8.1) VoilaBot BETA 1.2 (support.voilabot@orange-ftgroup.com)"
38.99.44.105 - - [27/Jul/2009:11:06:21 +0200] "GET /rez/mb.jpg HTTP/1.0" 200 12467 "-" "Mozilla/5.0 (Twiceler-0.9 http://www.cuil.com/twiceler/robot.html)"
66.235.124.72 - - [27/Jul/2009:11:13:05 +0200] "GET /robots.txt HTTP/1.0" 200 64 "-" "Mozilla/5.0 (compatible; Ask Jeeves/Teoma; +http://about.ask.com/en/docs/about/webmasters.shtml)"
66.235.124.72 - - [27/Jul/2009:11:13:05 +0200] "GET /DgH/orginal/pict/DgH001.jpg HTTP/1.0" 200 6960 "-" "Mozilla/5.0 (compatible; Ask Jeeves/Teoma; +http://about.ask.com/en/docs/about/webmasters.shtml)"
38.99.44.105 - - [27/Jul/2009:11:14:35 +0200] "GET /rez/tec.gif HTTP/1.0" 200 732 "-" "Mozilla/5.0 (Twiceler-0.9 http://www.cuil.com/twiceler/robot.html)"
195.210.57.83 - - [27/Jul/2009:11:46:59 +0200] "GET /robots.txt HTTP/1.0" 200 64 "-" "Mozilla/5.0 (compatible; KaloogaBot; http://www.kalooga.com/info.html?page=crawler)"
195.210.57.83 - - [27/Jul/2009:11:46:59 +0200] "GET /menue.html HTTP/1.0" 404 2748 "-" "Mozilla/5.0 (compatible; KaloogaBot; http://www.kalooga.com/info.html?page=crawler)"
38.109.37.42 - - [27/Jul/2009:11:57:07 +0200] "GET /robots.txt HTTP/1.0" 200 64 "-" "baypup/1.1 (Baypup; http://www.baypup.com/; jason@baypup.com)"
77.102.181.182 - - [27/Jul/2009:12:01:23 +0200] "GET /logs/ HTTP/1.1" 200 11511 "-" "Mozilla 4/0"
77.102.181.182 - - [27/Jul/2009:12:01:24 +0200] "GET /logs/ HTTP/1.1" 200 11511 "http://www.various-euro.com/logs/" "Mozilla 4/0"
77.102.181.182 - - [27/Jul/2009:12:01:24 +0200] "GET /logs/ HTTP/1.1" 200 11511 "http://www.various-euro.com/logs/" "Mozilla 4/0"
77.102.181.182 - - [27/Jul/2009:12:01:24 +0200] "GET /logs/ HTTP/1.1" 200 11511 "http://www.various-euro.com/logs/" "Mozilla 4/0"
77.102.181.182 - - [27/Jul/2009:12:01:24 +0200] "GET /logs/ HTTP/1.1" 200 11511 "http://www.various-euro.com/logs/" "Mozilla 4/0"
77.102.181.182 - - [27/Jul/2009:12:01:24 +0200] "GET /logs/ HTTP/1.1" 200 11511 "http://www.various-euro.com/logs/" "Mozilla 4/0"
81.52.143.26 - - [27/Jul/2009:12:02:55 +0200] "GET /neon/annniiii.html HTTP/1.1" 200 686 "-" "Mozilla/5.0 (Windows; U; Windows NT 5.1; fr; rv:1.8.1) VoilaBot BETA 1.2 (support.voilabot@orange-ftgroup.com)"
66.235.124.54 - - [27/Jul/2009:12:02:56 +0200] "GET /robots.txt HTTP/1.0" 200 64 "-" "Mozilla/5.0 (compatible; Ask Jeeves/Teoma; +http://about.ask.com/en/docs/about/webmasters.shtml)"
66.235.124.54 - - [27/Jul/2009:12:02:56 +0200] "GET /framez-euro.html HTTP/1.0" 200 4319 "-" "Mozilla/5.0 (compatible; Ask Jeeves/Teoma; +http://about.ask.com/en/docs/about/webmasters.shtml)"
66.235.124.54 - - [27/Jul/2009:12:02:57 +0200] "GET /frame-menu.html HTTP/1.0" 200 10500 "-" "Mozilla/5.0 (compatible; Ask Jeeves/Teoma; +http://about.ask.com/en/docs/about/webmasters.shtml)"
66.235.124.54 - - [27/Jul/2009:12:02:58 +0200] "GET /f-euro.html HTTP/1.0" 200 12203 "-" "Mozilla/5.0 (compatible; Ask Jeeves/Teoma; +http://about.ask.com/en/docs/about/webmasters.shtml)"
66.235.124.54 - - [27/Jul/2009:12:02:59 +0200] "GET /frame-unten.html HTTP/1.0" 200 5308 "-" "Mozilla/5.0 (compatible; Ask Jeeves/Teoma; +http://about.ask.com/en/docs/about/webmasters.shtml)"
66.249.65.204 - - [27/Jul/2009:12:05:18 +0200] "GET /logs/usage_200907.html HTTP/1.1" 404 2748 "-" "Mozilla/5.0 (compatible; Googlebot/2.1; +http://www.google.com/bot.html)"
65.55.211.172 - - [27/Jul/2009:12:19:49 +0200] "GET /robots.txt HTTP/1.1" 200 64 "-" "msnbot/1.1 (+http://search.msn.com/msnbot.htm)"
65.55.211.172 - - [27/Jul/2009:12:19:49 +0200] "GET /frame-inhalt.html HTTP/1.1" 200 7688 "-" "msnbot/1.1 (+http://search.msn.com/msnbot.htm)"
38.99.44.105 - - [27/Jul/2009:12:28:21 +0200] "GET /rez/car.gif HTTP/1.0" 404 2748 "-" "Mozilla/5.0 (Twiceler-0.9 http://www.cuil.com/twiceler/robot.html)"
38.99.44.105 - - [27/Jul/2009:12:32:26 +0200] "GET /countries01102_files/t_s.gif HTTP/1.0" 404 2748 "-" "Mozilla/5.0 (Twiceler-0.9 http://www.cuil.com/twiceler/robot.html)"
72.14.199.8 - - [27/Jul/2009:12:52:46 +0200] "GET / HTTP/1.1" 302 353 "-" "Feedfetcher-Google; (+http://www.google.com/feedfetcher.html; 1 subscribers; feed-id=5454548576667470243)"
72.14.199.85 - - [27/Jul/2009:12:52:51 +0200] "GET /zampa/ HTTP/1.1" 200 7153 "-" "Feedfetcher-Google; (+http://www.google.com/feedfetcher.html; 1 subscribers; feed-id=5454548576667470243)"
38.99.44.105 - - [27/Jul/2009:13:01:11 +0200] "GET /bannerz/douwil.gif HTTP/1.0" 200 528 "-" "Mozilla/5.0 (Twiceler-0.9 http://www.cuil.com/twiceler/robot.html)"
66.249.65.204 - - [27/Jul/2009:13:17:05 +0200] "GET /warez.html HTTP/1.1" 200 9754 "-" "Mozilla/5.0 (compatible; Googlebot/2.1; +http://www.google.com/bot.html)"
138.47.102.92 - - [27/Jul/2009:13:20:32 +0200] "GET /robots.txt HTTP/1.0" 200 64 "http://majestic12.co.uk/bot.php?I=9E3110A14A-DA4EFA38FE4165D2-www_various-euro_com" "Mozilla/5.0 (compatible; MJ12bot/v1.2.4; http://www.majestic12.co.uk/bot.php?+)"
138.47.102.92 - - [27/Jul/2009:13:20:32 +0200] "GET /f-logz_old.html HTTP/1.1" 200 43773 "-" "Mozilla/5.0 (compatible; MJ12bot/v1.2.4; http://www.majestic12.co.uk/bot.php?+)"
65.55.106.116 - - [27/Jul/2009:13:47:01 +0200] "GET /robots.txt HTTP/1.1" 200 64 "-" "msnbot/2.0b (+http://search.msn.com/msnbot.htm)"
65.55.106.116 - - [27/Jul/2009:13:48:00 +0200] "GET /3dsf3/sendi/catastrophe.html HTTP/1.1" 200 1322 "-" "msnbot/2.0b (+http://search.msn.com/msnbot.htm)"
65.55.106.184 - - [27/Jul/2009:14:03:51 +0200] "GET /snapshots.html HTTP/1.1" 200 4259 "-" "msnbot/2.0b (+http://search.msn.com/msnbot.htm)"
38.99.44.105 - - [27/Jul/2009:14:27:21 +0200] "GET /bannerz/wet.gif HTTP/1.0" 200 18561 "-" "Mozilla/5.0 (Twiceler-0.9 http://www.cuil.com/twiceler/robot.html)"
66.249.65.204 - - [27/Jul/2009:14:54:47 +0200] "GET /menue.html HTTP/1.1" 404 2748 "-" "Mozilla/5.0 (compatible; Googlebot/2.1; +http://www.google.com/bot.html)"
65.55.106.214 - - [27/Jul/2009:15:03:58 +0200] "GET /menue.html HTTP/1.1" 404 2748 "-" "msnbot/2.0b (+http://search.msn.com/msnbot.htm)"
38.99.44.105 - - [27/Jul/2009:15:12:28 +0200] "GET /bannerz/neon_click_2.gif HTTP/1.0" 200 387 "-" "Mozilla/5.0 (Twiceler-0.9 http://www.cuil.com/twiceler/robot.html)"
65.55.106.124 - - [27/Jul/2009:15:33:32 +0200] "GET /robots.txt HTTP/1.1" 200 64 "-" "msnbot/2.0b (+http://search.msn.com/msnbot.htm)"
65.55.106.124 - - [27/Jul/2009:15:34:28 +0200] "GET /zampa/wonderland/index.html HTTP/1.1" 200 2084 "-" "msnbot/2.0b (+http://search.msn.com/msnbot.htm)"
72.30.79.40 - - [27/Jul/2009:15:57:27 +0200] "GET /robots.txt HTTP/1.0" 200 64 "-" "Mozilla/5.0 (compatible; Yahoo! Slurp; http://help.yahoo.com/help/us/ysearch/slurp)"
72.30.79.40 - - [27/Jul/2009:15:57:28 +0200] "GET / HTTP/1.0" 200 7869 "-" "Mozilla/5.0 (compatible; Yahoo! Slurp/3.0; http://help.yahoo.com/help/us/ysearch/slurp)"
72.30.79.40 - - [27/Jul/2009:15:57:30 +0200] "GET /style/various-euro.css HTTP/1.0" 200 3437 "http://various-euro.com/" "Mozilla/5.0 (compatible; Yahoo! Slurp/3.0; http://help.yahoo.com/help/us/ysearch/slurp)"
87.160.224.109 - - [27/Jul/2009:15:57:58 +0200] "GET /logs/ HTTP/1.1" 200 11511 "-" "Mozilla 4/0"
87.160.224.109 - - [27/Jul/2009:15:57:58 +0200] "GET /logs/ HTTP/1.1" 200 11511 "http://www.various-euro.com/logs/" "Mozilla 4/0"
87.160.224.109 - - [27/Jul/2009:15:57:58 +0200] "GET /logs/ HTTP/1.1" 200 11511 "http://www.various-euro.com/logs/" "Mozilla 4/0"
87.160.224.109 - - [27/Jul/2009:15:57:58 +0200] "GET /logs/ HTTP/1.1" 200 11511 "http://www.various-euro.com/logs/" "Mozilla 4/0"
87.160.224.109 - - [27/Jul/2009:15:57:58 +0200] "GET /logs/ HTTP/1.1" 200 11511 "http://www.various-euro.com/logs/" "Mozilla 4/0"
87.160.224.109 - - [27/Jul/2009:15:57:58 +0200] "GET /logs/ HTTP/1.1" 200 11511 "http://www.various-euro.com/logs/" "Mozilla 4/0"
72.14.199.8 - - [27/Jul/2009:16:03:42 +0200] "GET / HTTP/1.1" 302 353 "-" "Feedfetcher-Google; (+http://www.google.com/feedfetcher.html; 1 subscribers; feed-id=5454548576667470243)"
72.14.199.85 - - [27/Jul/2009:16:03:43 +0200] "GET /zampa/ HTTP/1.1" 200 7153 "-" "Feedfetcher-Google; (+http://www.google.com/feedfetcher.html; 1 subscribers; feed-id=5454548576667470243)"
72.30.142.254 - - [27/Jul/2009:16:30:51 +0200] "GET /logs/usage_200905.html HTTP/1.0" 200 161148 "-" "Mozilla/5.0 (compatible; Yahoo! Slurp/3.0; http://help.yahoo.com/help/us/ysearch/slurp)"
38.99.44.105 - - [27/Jul/2009:16:34:30 +0200] "GET /zampa/montenegro/slike/plakat.jpg HTTP/1.0" 200 47879 "-" "Mozilla/5.0 (Twiceler-0.9 http://www.cuil.com/twiceler/robot.html)"
38.99.44.105 - - [27/Jul/2009:16:42:44 +0200] "GET /system01102_files/t_s.gif HTTP/1.0" 404 2748 "-" "Mozilla/5.0 (Twiceler-0.9 http://www.cuil.com/twiceler/robot.html)"
193.252.149.13 - - [27/Jul/2009:16:48:58 +0200] "GET /DgH/watch/index.html HTTP/1.1" 200 2028 "-" "Mozilla/5.0 (Windows; U; Windows NT 5.1; fr; rv:1.8.1) VoilaBot BETA 1.2 (support.voilabot@orange-ftgroup.com)"
38.99.44.105 - - [27/Jul/2009:17:07:22 +0200] "GET /bannerz/anti_black_small.gif HTTP/1.0" 200 1009 "-" "Mozilla/5.0 (Twiceler-0.9 http://www.cuil.com/twiceler/robot.html)"
193.252.149.13 - - [27/Jul/2009:17:15:05 +0200] "GET /neon/biggtani.html HTTP/1.1" 200 1698 "-" "Mozilla/5.0 (Windows; U; Windows NT 5.1; fr; rv:1.8.1) VoilaBot BETA 1.2 (support.voilabot@orange-ftgroup.com)"
38.99.44.105 - - [27/Jul/2009:17:20:02 +0200] "GET /bannerz/copyleft_black_small.gif HTTP/1.0" 200 1231 "-" "Mozilla/5.0 (Twiceler-0.9 http://www.cuil.com/twiceler/robot.html)"
65.55.106.166 - - [27/Jul/2009:17:26:38 +0200] "GET /robots.txt HTTP/1.1" 200 64 "-" "msnbot/2.0b (+http://search.msn.com/msnbot.htm)"
65.55.106.166 - - [27/Jul/2009:17:27:27 +0200] "GET /contact.html HTTP/1.1" 404 2748 "-" "msnbot/2.0b (+http://search.msn.com/msnbot.htm)"
38.99.44.105 - - [27/Jul/2009:17:56:34 +0200] "GET /rez/ma.jpg HTTP/1.0" 200 12893 "-" "Mozilla/5.0 (Twiceler-0.9 http://www.cuil.com/twiceler/robot.html)"
72.30.79.40 - - [27/Jul/2009:18:00:31 +0200] "GET / HTTP/1.0" 200 7869 "-" "Mozilla/5.0 (compatible; Yahoo! Slurp/3.0; http://help.yahoo.com/help/us/ysearch/slurp)"
72.30.79.40 - - [27/Jul/2009:18:00:33 +0200] "GET /style/various-euro.css HTTP/1.0" 304 - "http://various-euro.com/" "Mozilla/5.0 (compatible; Yahoo! Slurp/3.0; http://help.yahoo.com/help/us/ysearch/slurp)"
72.30.142.254 - - [27/Jul/2009:18:05:17 +0200] "GET /robots.txt HTTP/1.0" 200 64 "-" "Mozilla/5.0 (compatible; Yahoo! Slurp; http://help.yahoo.com/help/us/ysearch/slurp)"
81.52.143.32 - - [27/Jul/2009:18:19:46 +0200] "GET /schubb/schubb-2.html HTTP/1.1" 200 16660 "-" "Mozilla/5.0 (Windows; U; Windows NT 5.1; fr; rv:1.8.1) VoilaBot BETA 1.2 (support.voilabot@orange-ftgroup.com)"
65.55.106.231 - - [27/Jul/2009:18:19:57 +0200] "GET /sendi_agent.html HTTP/1.1" 200 8791 "-" "msnbot/2.0b (+http://search.msn.com/msnbot.htm)"
202.160.188.230 - - [27/Jul/2009:18:24:16 +0200] "GET /robots.txt HTTP/1.0" 200 64 "-" "Mozilla/5.0 (compatible; Yahoo! Slurp China; http://misc.yahoo.com.cn/help.html)"
202.160.180.118 - - [27/Jul/2009:18:25:16 +0200] "GET / HTTP/1.0" 200 7869 "-" "Mozilla/5.0 (compatible; Yahoo! Slurp China; http://misc.yahoo.com.cn/help.html)"
38.99.44.105 - - [27/Jul/2009:18:29:23 +0200] "GET /zampa/wonderland/TWonder.gif HTTP/1.0" 200 76757 "-" "Mozilla/5.0 (Twiceler-0.9 http://www.cuil.com/twiceler/robot.html)"
72.30.142.254 - - [27/Jul/2009:18:31:41 +0200] "GET /framez.html HTTP/1.0" 200 3959 "-" "Mozilla/5.0 (compatible; Yahoo! Slurp/3.0; http://help.yahoo.com/help/us/ysearch/slurp)"
72.30.142.254 - - [27/Jul/2009:18:31:41 +0200] "GET /style/various-euro.css HTTP/1.0" 304 - "http://www.various-euro.com/framez.html" "Mozilla/5.0 (compatible; Yahoo! Slurp/3.0; http://help.yahoo.com/help/us/ysearch/slurp)"
72.30.142.254 - - [27/Jul/2009:18:31:42 +0200] "GET /frame-inhalt.html HTTP/1.0" 200 7688 "http://www.various-euro.com/framez.html" "Mozilla/5.0 (compatible; Yahoo! Slurp/3.0; http://help.yahoo.com/help/us/ysearch/slurp)"
72.30.142.254 - - [27/Jul/2009:18:31:42 +0200] "GET /frame-menu.html HTTP/1.0" 200 10500 "http://www.various-euro.com/framez.html" "Mozilla/5.0 (compatible; Yahoo! Slurp/3.0; http://help.yahoo.com/help/us/ysearch/slurp)"
72.30.142.254 - - [27/Jul/2009:18:31:42 +0200] "GET /frame-unten.html HTTP/1.0" 200 5308 "http://www.various-euro.com/framez.html" "Mozilla/5.0 (compatible; Yahoo! Slurp/3.0; http://help.yahoo.com/help/us/ysearch/slurp)"
65.55.106.147 - - [27/Jul/2009:18:51:51 +0200] "GET /DgH/watch/ HTTP/1.1" 200 2028 "-" "msnbot/2.0b (+http://search.msn.com/msnbot.htm)"
66.235.124.4 - - [27/Jul/2009:18:57:47 +0200] "GET /restate_copy.html HTTP/1.1" 200 97631 "-" "Mozilla/5.0 (compatible; Ask Jeeves/Teoma; +http://about.ask.com/en/docs/about/webmasters.shtml)"
66.235.124.4 - - [27/Jul/2009:18:57:48 +0200] "GET /menueleiste.js HTTP/1.1" 404 2748 "-" "Mozilla/5.0 (compatible; Ask Jeeves/Teoma; +http://about.ask.com/en/docs/about/webmasters.shtml)"
66.235.124.61 - - [27/Jul/2009:18:57:53 +0200] "GET /framez-restate.html HTTP/1.1" 200 4328 "-" "Mozilla/5.0 (compatible; Ask Jeeves/Teoma; +http://about.ask.com/en/docs/about/webmasters.shtml)"
66.235.124.61 - - [27/Jul/2009:18:57:53 +0200] "GET /frame-menu.html HTTP/1.1" 200 10500 "-" "Mozilla/5.0 (compatible; Ask Jeeves/Teoma; +http://about.ask.com/en/docs/about/webmasters.shtml)"
66.235.124.61 - - [27/Jul/2009:18:57:53 +0200] "GET /restate_copy.html HTTP/1.1" 200 97631 "-" "Mozilla/5.0 (compatible; Ask Jeeves/Teoma; +http://about.ask.com/en/docs/about/webmasters.shtml)"
66.235.124.61 - - [27/Jul/2009:18:57:54 +0200] "GET /frame-unten.html HTTP/1.1" 200 5308 "-" "Mozilla/5.0 (compatible; Ask Jeeves/Teoma; +http://about.ask.com/en/docs/about/webmasters.shtml)"
66.235.124.61 - - [27/Jul/2009:18:57:56 +0200] "GET /framez.html HTTP/1.1" 200 3959 "-" "Mozilla/5.0 (compatible; Ask Jeeves/Teoma; +http://about.ask.com/en/docs/about/webmasters.shtml)"
66.235.124.61 - - [27/Jul/2009:18:57:56 +0200] "GET /framez.html HTTP/1.1" 200 3959 "-" "Mozilla/5.0 (compatible; Ask Jeeves/Teoma; +http://about.ask.com/en/docs/about/webmasters.shtml)"
66.235.124.61 - - [27/Jul/2009:18:57:56 +0200] "GET /frame-inhalt.html HTTP/1.1" 200 7688 "-" "Mozilla/5.0 (compatible; Ask Jeeves/Teoma; +http://about.ask.com/en/docs/about/webmasters.shtml)"
65.55.211.172 - - [27/Jul/2009:19:08:13 +0200] "GET /neon/girl-tv.html HTTP/1.1" 200 1717 "-" "msnbot/1.1 (+http://search.msn.com/msnbot.htm)"
38.99.44.105 - - [27/Jul/2009:19:22:42 +0200] "GET /zampa/montenegro/slike/MILOW.jpg HTTP/1.0" 200 3823 "-" "Mozilla/5.0 (Twiceler-0.9 http://www.cuil.com/twiceler/robot.html)"
72.14.199.8 - - [27/Jul/2009:19:47:05 +0200] "GET / HTTP/1.1" 302 353 "-" "Feedfetcher-Google; (+http://www.google.com/feedfetcher.html; 1 subscribers; feed-id=5454548576667470243)"
72.14.199.85 - - [27/Jul/2009:19:47:08 +0200] "GET /zampa/ HTTP/1.1" 200 7153 "-" "Feedfetcher-Google; (+http://www.google.com/feedfetcher.html; 1 subscribers; feed-id=5454548576667470243)"
72.30.142.254 - - [27/Jul/2009:20:13:55 +0200] "GET /neon/slow-walk-old.html HTTP/1.0" 200 1647 "-" "Mozilla/5.0 (compatible; Yahoo! Slurp/3.0; http://help.yahoo.com/help/us/ysearch/slurp)"
66.249.65.204 - - [27/Jul/2009:20:32:40 +0200] "GET /zampa/ HTTP/1.1" 200 7153 "-" "SAMSUNG-SGH-E250/1.0 Profile/MIDP-2.0 Configuration/CLDC-1.1 UP.Browser/6.2.3.3.c.1.101 (GUI) MMP/2.0 (compatible; Googlebot-Mobile/2.1; +http://www.google.com/bot.html)"
65.55.106.159 - - [27/Jul/2009:20:38:28 +0200] "GET /robots.txt HTTP/1.1" 200 64 "-" "msnbot/2.0b (+http://search.msn.com/msnbot.htm)"
65.55.106.159 - - [27/Jul/2009:20:39:27 +0200] "GET /zampa/lybia/index.html HTTP/1.1" 200 3036 "-" "msnbot/2.0b (+http://search.msn.com/msnbot.htm)"
193.252.149.14 - - [27/Jul/2009:21:03:24 +0200] "GET /neon/sushi.html HTTP/1.1" 200 687 "-" "Mozilla/5.0 (Windows; U; Windows NT 5.1; fr; rv:1.8.1) VoilaBot BETA 1.2 (support.voilabot@orange-ftgroup.com)"
74.6.22.181 - - [27/Jul/2009:21:11:22 +0200] "GET /robots.txt HTTP/1.0" 302 363 "-" "Mozilla/5.0 (compatible; Yahoo! Slurp; http://help.yahoo.com/help/us/ysearch/slurp)"
74.6.22.181 - - [27/Jul/2009:21:11:23 +0200] "GET /zampa/robots.txt HTTP/1.0" 404 2748 "-" "Mozilla/5.0 (compatible; Yahoo! Slurp; http://help.yahoo.com/help/us/ysearch/slurp)"
74.6.22.181 - - [27/Jul/2009:21:11:23 +0200] "GET / HTTP/1.0" 302 353 "-" "Mozilla/5.0 (compatible; Yahoo! Slurp/3.0; http://help.yahoo.com/help/us/ysearch/slurp)"
72.30.142.254 - - [27/Jul/2009:21:11:25 +0200] "GET /zampa/ HTTP/1.0" 200 7153 "-" "Mozilla/5.0 (compatible; Yahoo! Slurp/3.0; http://help.yahoo.com/help/us/ysearch/slurp)"
81.52.143.33 - - [27/Jul/2009:21:39:19 +0200] "GET /neon/girlz2.html HTTP/1.1" 200 2937 "-" "Mozilla/5.0 (Windows; U; Windows NT 5.1; fr; rv:1.8.1) VoilaBot BETA 1.2 (support.voilabot@orange-ftgroup.com)"
72.30.142.254 - - [27/Jul/2009:21:41:02 +0200] "GET /f-sponsor.html HTTP/1.0" 200 8578 "-" "Mozilla/5.0 (compatible; Yahoo! Slurp/3.0; http://help.yahoo.com/help/us/ysearch/slurp)"
72.30.142.254 - - [27/Jul/2009:21:46:37 +0200] "GET /schubb/schubb-2.html HTTP/1.0" 200 16660 "-" "Mozilla/5.0 (compatible; Yahoo! Slurp/3.0; http://help.yahoo.com/help/us/ysearch/slurp)"
38.109.37.42 - - [27/Jul/2009:22:26:09 +0200] "GET /robots.txt HTTP/1.1" 200 64 "-" "baypup/1.1 (Baypup; http://www.baypup.com/; jason@baypup.com)"
38.109.37.42 - - [27/Jul/2009:22:26:09 +0200] "GET / HTTP/1.1" 200 7869 "-" "baypup/1.1 (Baypup; http://www.baypup.com/; jason@baypup.com)"
81.52.143.33 - - [27/Jul/2009:22:26:53 +0200] "GET /schubb/schubb-1.html HTTP/1.1" 200 9070 "-" "Mozilla/5.0 (Windows; U; Windows NT 5.1; fr; rv:1.8.1) VoilaBot BETA 1.2 (support.voilabot@orange-ftgroup.com)"
72.14.199.8 - - [27/Jul/2009:22:47:18 +0200] "GET / HTTP/1.1" 302 353 "-" "Feedfetcher-Google; (+http://www.google.com/feedfetcher.html; 1 subscribers; feed-id=5454548576667470243)"
72.14.199.85 - - [27/Jul/2009:22:47:27 +0200] "GET /zampa/ HTTP/1.1" 200 7153 "-" "Feedfetcher-Google; (+http://www.google.com/feedfetcher.html; 1 subscribers; feed-id=5454548576667470243)"
72.30.142.254 - - [27/Jul/2009:23:13:03 +0200] "GET /3dsf3/sendi/rituals.html HTTP/1.0" 200 1411 "-" "Mozilla/5.0 (compatible; Yahoo! Slurp/3.0; http://help.yahoo.com/help/us/ysearch/slurp)"
72.30.142.254 - - [27/Jul/2009:23:13:07 +0200] "GET /3dsf3/sendi/formate.css HTTP/1.0" 200 474 "http://www.various-euro.com/3dsf3/sendi/rituals.html" "Mozilla/5.0 (compatible; Yahoo! Slurp/3.0; http://help.yahoo.com/help/us/ysearch/slurp)"
96.15.140.207 - - [27/Jul/2009:23:27:16 +0200] "GET /logs/ HTTP/1.1" 200 11511 "-" "Mozilla 4/0"
96.15.140.207 - - [27/Jul/2009:23:27:21 +0200] "GET /logs/ HTTP/1.1" 200 11511 "http://www.various-euro.com/logs/" "Mozilla 4/0"
96.15.140.207 - - [27/Jul/2009:23:27:23 +0200] "GET /logs/ HTTP/1.1" 200 11511 "http://www.various-euro.com/logs/" "Mozilla 4/0"
96.15.140.207 - - [27/Jul/2009:23:27:25 +0200] "GET /logs/ HTTP/1.1" 200 11511 "http://www.various-euro.com/logs/" "Mozilla 4/0"
96.15.140.207 - - [27/Jul/2009:23:27:27 +0200] "GET /logs/ HTTP/1.1" 200 11511 "http://www.various-euro.com/logs/" "Mozilla 4/0"
96.15.140.207 - - [27/Jul/2009:23:27:29 +0200] "GET /logs/ HTTP/1.1" 200 11511 "http://www.various-euro.com/logs/" "Mozilla 4/0"
208.96.54.72 - - [27/Jul/2009:23:30:23 +0200] "GET /robots.txt HTTP/1.1" 200 64 "-" "Mozilla/5.0 (compatible; discobot/1.1; +http://discoveryengine.com/discobot.html)"
208.96.54.72 - - [27/Jul/2009:23:30:40 +0200] "GET /framez.html HTTP/1.1" 200 3959 "-" "Mozilla/5.0 (compatible; discobot/1.1; +http://discoveryengine.com/discobot.html)"
81.52.143.33 - - [27/Jul/2009:23:35:28 +0200] "GET /bmpp/18.html HTTP/1.1" 200 4467 "-" "Mozilla/5.0 (Windows; U; Windows NT 5.1; fr; rv:1.8.1) VoilaBot BETA 1.2 (support.voilabot@orange-ftgroup.com)"
81.25.58.23 - - [28/Jul/2009:00:02:23 +0200] "GET / HTTP/1.1" 200 7869 "http://www.ovale.ru" "ovale_total/0.1"
193.252.118.175 - - [28/Jul/2009:00:41:07 +0200] "GET /robots.txt HTTP/1.1" 200 64 "-" "Mozilla/5.0 (Windows; U; Windows NT 5.1; fr; rv:1.8.1) VoilaBot BETA 1.2 (support.voilabot@orange-ftgroup.com)"
193.252.118.175 - - [28/Jul/2009:00:41:09 +0200] "GET / HTTP/1.1" 200 7869 "-" "Mozilla/5.0 (Windows; U; Windows NT 5.1; fr; rv:1.8.1) VoilaBot BETA 1.2 (support.voilabot@orange-ftgroup.com)"
208.80.195.39 - - [28/Jul/2009:00:44:14 +0200] "GET / HTTP/1.0" 200 7869 "-" "Mozilla/4.0 (compatible; MSIE 6.0; Windows NT 5.1; SV1; elertz 2.4.022)"
208.80.195.39 - - [28/Jul/2009:00:44:14 +0200] "GET / HTTP/1.0" 200 7869 "-" "Mozilla/4.0 (compatible; MSIE 6.0; Windows NT 5.1; {395B57BF-CD9F-EC36-AAA2-8E38131074D8}; .NET CLR 2.0.50727)"
65.55.106.158 - - [28/Jul/2009:00:56:03 +0200] "GET /robots.txt HTTP/1.1" 200 64 "-" "msnbot/2.0b (+http://search.msn.com/msnbot.htm)"
