87.116.153.225 - - [20/Jul/2009:22:11:17 +0200] "GET /bannerz/displaced-dilemma.jpg HTTP/1.1" 200 10530 "http://www.various-euro.com/f-actions.html" "Mozilla/5.0 (Windows; U; Windows NT 5.1; en-US; rv:1.9.1.1) Gecko/20090715 Firefox/3.5.1"
87.116.153.225 - - [20/Jul/2009:22:11:17 +0200] "GET /bannerz/flyer-front.jpg HTTP/1.1" 200 49246 "http://www.various-euro.com/f-actions.html" "Mozilla/5.0 (Windows; U; Windows NT 5.1; en-US; rv:1.9.1.1) Gecko/20090715 Firefox/3.5.1"
87.116.153.225 - - [20/Jul/2009:22:11:17 +0200] "GET /bannerz/doom-ph.jpg HTTP/1.1" 200 69650 "http://www.various-euro.com/f-actions.html" "Mozilla/5.0 (Windows; U; Windows NT 5.1; en-US; rv:1.9.1.1) Gecko/20090715 Firefox/3.5.1"
87.116.153.225 - - [20/Jul/2009:22:11:17 +0200] "GET /bannerz/canalbleu.gif HTTP/1.1" 200 2319 "http://www.various-euro.com/f-actions.html" "Mozilla/5.0 (Windows; U; Windows NT 5.1; en-US; rv:1.9.1.1) Gecko/20090715 Firefox/3.5.1"
87.116.153.225 - - [20/Jul/2009:22:11:17 +0200] "GET /bannerz/invite.gif HTTP/1.1" 200 23929 "http://www.various-euro.com/f-actions.html" "Mozilla/5.0 (Windows; U; Windows NT 5.1; en-US; rv:1.9.1.1) Gecko/20090715 Firefox/3.5.1"
87.116.153.225 - - [20/Jul/2009:22:11:17 +0200] "GET /bannerz/vszenarien1.gif HTTP/1.1" 200 8659 "http://www.various-euro.com/f-actions.html" "Mozilla/5.0 (Windows; U; Windows NT 5.1; en-US; rv:1.9.1.1) Gecko/20090715 Firefox/3.5.1"
87.116.153.225 - - [20/Jul/2009:22:11:17 +0200] "GET /bannerz/list2.gif HTTP/1.1" 200 17776 "http://www.various-euro.com/f-actions.html" "Mozilla/5.0 (Windows; U; Windows NT 5.1; en-US; rv:1.9.1.1) Gecko/20090715 Firefox/3.5.1"
87.116.153.225 - - [20/Jul/2009:22:11:17 +0200] "GET /bannerz/superfactory-lt.gif HTTP/1.1" 200 1951 "http://www.various-euro.com/f-actions.html" "Mozilla/5.0 (Windows; U; Windows NT 5.1; en-US; rv:1.9.1.1) Gecko/20090715 Firefox/3.5.1"
87.116.153.225 - - [20/Jul/2009:22:11:18 +0200] "GET /bannerz/superfactory-volksbuehne.jpg HTTP/1.1" 200 5445 "http://www.various-euro.com/f-actions.html" "Mozilla/5.0 (Windows; U; Windows NT 5.1; en-US; rv:1.9.1.1) Gecko/20090715 Firefox/3.5.1"
87.116.153.225 - - [20/Jul/2009:22:11:18 +0200] "GET /bannerz/overgarden-toplogo.jpg HTTP/1.1" 200 28153 "http://www.various-euro.com/f-actions.html" "Mozilla/5.0 (Windows; U; Windows NT 5.1; en-US; rv:1.9.1.1) Gecko/20090715 Firefox/3.5.1"
87.116.153.225 - - [20/Jul/2009:22:11:17 +0200] "GET /bannerz/pseudo.gif HTTP/1.1" 200 202305 "http://www.various-euro.com/f-actions.html" "Mozilla/5.0 (Windows; U; Windows NT 5.1; en-US; rv:1.9.1.1) Gecko/20090715 Firefox/3.5.1"
87.116.153.225 - - [20/Jul/2009:22:11:16 +0200] "GET /bannerz/joerggruneberg_VARIOUS-EURO.gif HTTP/1.1" 200 231267 "http://www.various-euro.com/f-actions.html" "Mozilla/5.0 (Windows; U; Windows NT 5.1; en-US; rv:1.9.1.1) Gecko/20090715 Firefox/3.5.1"
87.116.153.225 - - [20/Jul/2009:22:11:16 +0200] "GET /bannerz/SoupSunday-19-04-09.jpg HTTP/1.1" 200 335176 "http://www.various-euro.com/f-actions.html" "Mozilla/5.0 (Windows; U; Windows NT 5.1; en-US; rv:1.9.1.1) Gecko/20090715 Firefox/3.5.1"
87.116.153.225 - - [20/Jul/2009:22:11:16 +0200] "GET /bannerz/SoupSunday-29-03-09.jpg HTTP/1.1" 200 515841 "http://www.various-euro.com/f-actions.html" "Mozilla/5.0 (Windows; U; Windows NT 5.1; en-US; rv:1.9.1.1) Gecko/20090715 Firefox/3.5.1"
87.116.153.225 - - [20/Jul/2009:22:11:21 +0200] "GET /f-rez.html HTTP/1.1" 200 9765 "http://www.various-euro.com/frame-menu.html" "Mozilla/5.0 (Windows; U; Windows NT 5.1; en-US; rv:1.9.1.1) Gecko/20090715 Firefox/3.5.1"
87.116.153.225 - - [20/Jul/2009:22:11:22 +0200] "GET /rez/car.gif HTTP/1.1" 404 2748 "http://www.various-euro.com/f-rez.html" "Mozilla/5.0 (Windows; U; Windows NT 5.1; en-US; rv:1.9.1.1) Gecko/20090715 Firefox/3.5.1"
87.116.153.225 - - [20/Jul/2009:22:11:22 +0200] "GET /rez/ma.jpg HTTP/1.1" 200 12893 "http://www.various-euro.com/f-rez.html" "Mozilla/5.0 (Windows; U; Windows NT 5.1; en-US; rv:1.9.1.1) Gecko/20090715 Firefox/3.5.1"
87.116.153.225 - - [20/Jul/2009:22:11:22 +0200] "GET /rez/mb.jpg HTTP/1.1" 200 12467 "http://www.various-euro.com/f-rez.html" "Mozilla/5.0 (Windows; U; Windows NT 5.1; en-US; rv:1.9.1.1) Gecko/20090715 Firefox/3.5.1"
87.116.153.225 - - [20/Jul/2009:22:11:22 +0200] "GET /rez/tec.gif HTTP/1.1" 200 732 "http://www.various-euro.com/f-rez.html" "Mozilla/5.0 (Windows; U; Windows NT 5.1; en-US; rv:1.9.1.1) Gecko/20090715 Firefox/3.5.1"
87.116.153.225 - - [20/Jul/2009:22:11:46 +0200] "GET /zampa HTTP/1.1" 301 375 "-" "Mozilla/5.0 (Windows; U; Windows NT 5.1; en-US; rv:1.9.1.1) Gecko/20090715 Firefox/3.5.1"
87.116.153.225 - - [20/Jul/2009:22:11:46 +0200] "GET /zampa/ HTTP/1.1" 200 7153 "-" "Mozilla/5.0 (Windows; U; Windows NT 5.1; en-US; rv:1.9.1.1) Gecko/20090715 Firefox/3.5.1"
87.116.153.225 - - [20/Jul/2009:22:11:46 +0200] "GET /favicon.ico HTTP/1.1" 404 2748 "-" "Mozilla/5.0 (Windows; U; Windows NT 5.1; en-US; rv:1.9.1.1) Gecko/20090715 Firefox/3.5.1"
38.98.19.111 - - [20/Jul/2009:22:28:13 +0200] "GET /robots.txt HTTP/1.0" 302 363 "-" "Snapbot/1.0 (Snap Shots, +http://www.snap.com)"
38.98.19.111 - - [20/Jul/2009:22:28:13 +0200] "GET / HTTP/1.0" 302 353 "-" "Snapbot/1.0 (Snap Shots, +http://www.snap.com)"
38.98.19.67 - - [20/Jul/2009:22:28:13 +0200] "GET / HTTP/1.1" 302 353 "-" "Mozilla/5.0 (SnapPreviewBot) Gecko/20061206 Firefox/1.5.0.9"
38.98.19.111 - - [20/Jul/2009:22:28:14 +0200] "GET /robots.txt HTTP/1.0" 200 64 "-" "Snapbot/1.0 (Snap Shots, +http://www.snap.com)"
38.98.19.68 - - [20/Jul/2009:22:28:14 +0200] "GET /zampa/ HTTP/1.1" 200 7153 "-" "Mozilla/5.0 (SnapPreviewBot) Gecko/20061206 Firefox/1.5.0.9"
38.98.19.111 - - [20/Jul/2009:22:28:14 +0200] "GET /zampa/ HTTP/1.0" 200 7153 "-" "Snapbot/1.0 (Snap Shots, +http://www.snap.com)"
38.98.19.68 - - [20/Jul/2009:22:28:15 +0200] "GET /zampa/slike/zampa.gif HTTP/1.1" 200 5310 "http://www.various-euro.com/zampa/" "Mozilla/5.0 (SnapPreviewBot) Gecko/20061206 Firefox/1.5.0.9"
38.98.19.66 - - [20/Jul/2009:22:28:15 +0200] "GET /zampa/slike/udupetu.gif HTTP/1.1" 200 4138 "http://www.various-euro.com/zampa/" "Mozilla/5.0 (SnapPreviewBot) Gecko/20061206 Firefox/1.5.0.9"
38.98.19.66 - - [20/Jul/2009:22:28:15 +0200] "GET /zampa/slike/inthearse.gif HTTP/1.1" 200 4077 "http://www.various-euro.com/zampa/" "Mozilla/5.0 (SnapPreviewBot) Gecko/20061206 Firefox/1.5.0.9"
38.98.19.68 - - [20/Jul/2009:22:28:15 +0200] "GET /favicon.ico HTTP/1.1" 404 2748 "-" "Mozilla/5.0 (SnapPreviewBot) Gecko/20061206 Firefox/1.5.0.9"
65.55.231.46 - - [20/Jul/2009:22:32:53 +0200] "GET /robots.txt HTTP/1.1" 200 64 "-" "Mozilla/4.0"
65.55.231.46 - - [20/Jul/2009:22:32:53 +0200] "GET /3dsf3/sendi/slike/SHEMA.JPG HTTP/1.1" 200 24378 "-" "Mozilla/4.0"
65.55.106.193 - - [20/Jul/2009:22:44:28 +0200] "GET /robots.txt HTTP/1.1" 200 64 "-" "msnbot/2.0b (+http://search.msn.com/msnbot.htm)"
66.249.72.227 - - [20/Jul/2009:22:48:09 +0200] "GET /robots.txt HTTP/1.1" 302 363 "-" "SAMSUNG-SGH-E250/1.0 Profile/MIDP-2.0 Configuration/CLDC-1.1 UP.Browser/6.2.3.3.c.1.101 (GUI) MMP/2.0 (compatible; Googlebot-Mobile/2.1; +http://www.google.com/bot.html)"
66.249.72.227 - - [20/Jul/2009:22:48:09 +0200] "GET /zampa/robots.txt HTTP/1.1" 404 2748 "-" "SAMSUNG-SGH-E250/1.0 Profile/MIDP-2.0 Configuration/CLDC-1.1 UP.Browser/6.2.3.3.c.1.101 (GUI) MMP/2.0 (compatible; Googlebot-Mobile/2.1; +http://www.google.com/bot.html)"
66.249.72.227 - - [20/Jul/2009:22:48:10 +0200] "GET / HTTP/1.1" 302 353 "-" "SAMSUNG-SGH-E250/1.0 Profile/MIDP-2.0 Configuration/CLDC-1.1 UP.Browser/6.2.3.3.c.1.101 (GUI) MMP/2.0 (compatible; Googlebot-Mobile/2.1; +http://www.google.com/bot.html)"
66.249.72.227 - - [20/Jul/2009:22:48:10 +0200] "GET /zampa/ HTTP/1.1" 200 7153 "-" "SAMSUNG-SGH-E250/1.0 Profile/MIDP-2.0 Configuration/CLDC-1.1 UP.Browser/6.2.3.3.c.1.101 (GUI) MMP/2.0 (compatible; Googlebot-Mobile/2.1; +http://www.google.com/bot.html)"
65.55.106.230 - - [20/Jul/2009:23:05:58 +0200] "GET /logs/usage_200706.html HTTP/1.1" 404 2748 "-" "msnbot/2.0b (+http://search.msn.com/msnbot.htm)"
193.252.118.174 - - [20/Jul/2009:23:16:18 +0200] "GET /neon/slow-walk2.html HTTP/1.1" 200 1777 "-" "Mozilla/5.0 (Windows; U; Windows NT 5.1; fr; rv:1.8.1) VoilaBot BETA 1.2 (support.voilabot@orange-ftgroup.com)"
194.232.72.121 - - [20/Jul/2009:23:16:34 +0200] "GET /zampa/montenegro/contributions.html HTTP/1.1" 200 18843 "http://www.google.at/search?hl=de&q=misko+bilbija&meta=&aq=f&oq=" "Mozilla/4.0 (compatible; MSIE 7.0; Windows NT 5.1; .NET CLR 2.0.50727; InfoPath.2; .NET CLR 3.0.04506.30; .NET CLR 3.0.04506.648; .NET CLR 3.0.4506.2152; .NET CLR 3.5.30729)"
194.232.72.121 - - [20/Jul/2009:23:16:34 +0200] "GET /favicon.ico HTTP/1.1" 404 2748 "-" "Mozilla/4.0 (compatible; MSIE 7.0; Windows NT 5.1; .NET CLR 2.0.50727; InfoPath.2; .NET CLR 3.0.04506.30; .NET CLR 3.0.04506.648; .NET CLR 3.0.4506.2152; .NET CLR 3.5.30729)"
87.116.153.225 - - [20/Jul/2009:23:21:51 +0200] "GET / HTTP/1.1" 302 353 "http://www.google.com/search?client=firefox-a&rls=org.mozilla%3Aen-US%3Aofficial&channel=s&hl=en&q=zapa+di+leone&btnG=Google+Search" "Mozilla/5.0 (Windows; U; Windows NT 5.1; en-US; rv:1.9.1.1) Gecko/20090715 Firefox/3.5.1"
87.116.153.225 - - [20/Jul/2009:23:21:51 +0200] "GET /zampa/ HTTP/1.1" 200 7153 "http://www.google.com/search?client=firefox-a&rls=org.mozilla%3Aen-US%3Aofficial&channel=s&hl=en&q=zapa+di+leone&btnG=Google+Search" "Mozilla/5.0 (Windows; U; Windows NT 5.1; en-US; rv:1.9.1.1) Gecko/20090715 Firefox/3.5.1"
87.116.153.225 - - [20/Jul/2009:23:21:52 +0200] "GET / HTTP/1.1" 302 353 "http://www.google.com/search?client=firefox-a&rls=org.mozilla%3Aen-US%3Aofficial&channel=s&hl=en&q=zapa+di+leone&btnG=Google+Search" "Mozilla/5.0 (Windows; U; Windows NT 5.1; en-US; rv:1.9.1.1) Gecko/20090715 Firefox/3.5.1"
87.116.153.225 - - [20/Jul/2009:23:21:52 +0200] "GET /zampa/ HTTP/1.1" 200 7153 "http://www.google.com/search?client=firefox-a&rls=org.mozilla%3Aen-US%3Aofficial&channel=s&hl=en&q=zapa+di+leone&btnG=Google+Search" "Mozilla/5.0 (Windows; U; Windows NT 5.1; en-US; rv:1.9.1.1) Gecko/20090715 Firefox/3.5.1"
87.116.153.225 - - [20/Jul/2009:23:21:53 +0200] "GET /zampa/slike/zampa.gif HTTP/1.1" 200 5310 "http://www.various-euro.com/zampa/" "Mozilla/5.0 (Windows; U; Windows NT 5.1; en-US; rv:1.9.1.1) Gecko/20090715 Firefox/3.5.1"
87.116.153.225 - - [20/Jul/2009:23:21:53 +0200] "GET /zampa/slike/inthearse.gif HTTP/1.1" 200 4077 "http://www.various-euro.com/zampa/" "Mozilla/5.0 (Windows; U; Windows NT 5.1; en-US; rv:1.9.1.1) Gecko/20090715 Firefox/3.5.1"
87.116.153.225 - - [20/Jul/2009:23:21:53 +0200] "GET /zampa/slike/udupetu.gif HTTP/1.1" 200 4138 "http://www.various-euro.com/zampa/" "Mozilla/5.0 (Windows; U; Windows NT 5.1; en-US; rv:1.9.1.1) Gecko/20090715 Firefox/3.5.1"
87.116.153.225 - - [20/Jul/2009:23:21:53 +0200] "GET /favicon.ico HTTP/1.1" 404 2748 "-" "Mozilla/5.0 (Windows; U; Windows NT 5.1; en-US; rv:1.9.1.1) Gecko/20090715 Firefox/3.5.1"
87.116.153.225 - - [20/Jul/2009:23:21:57 +0200] "GET /zampa/slike/S3VAMPIR.GIF HTTP/1.1" 200 55504 "http://www.various-euro.com/zampa/" "Mozilla/5.0 (Windows; U; Windows NT 5.1; en-US; rv:1.9.1.1) Gecko/20090715 Firefox/3.5.1"
87.116.153.225 - - [20/Jul/2009:23:24:14 +0200] "GET /favicon.ico HTTP/1.1" 404 2748 "-" "Mozilla/5.0 (Windows; U; Windows NT 5.1; en-US; rv:1.9.1.1) Gecko/20090715 Firefox/3.5.1"
87.116.153.225 - - [20/Jul/2009:23:24:16 +0200] "GET /zampa/slike/S4IRWIN.GIF HTTP/1.1" 200 54718 "http://www.various-euro.com/zampa/" "Mozilla/5.0 (Windows; U; Windows NT 5.1; en-US; rv:1.9.1.1) Gecko/20090715 Firefox/3.5.1"
87.116.153.225 - - [20/Jul/2009:23:24:50 +0200] "GET /favicon.ico HTTP/1.1" 404 2748 "-" "Mozilla/5.0 (Windows; U; Windows NT 5.1; en-US; rv:1.9.1.1) Gecko/20090715 Firefox/3.5.1"
87.116.153.225 - - [20/Jul/2009:23:24:54 +0200] "GET /zampa/slike/S5UROSTO.GIF HTTP/1.1" 200 45220 "http://www.various-euro.com/zampa/" "Mozilla/5.0 (Windows; U; Windows NT 5.1; en-US; rv:1.9.1.1) Gecko/20090715 Firefox/3.5.1"
87.116.153.225 - - [20/Jul/2009:23:25:21 +0200] "GET /favicon.ico HTTP/1.1" 404 2748 "-" "Mozilla/5.0 (Windows; U; Windows NT 5.1; en-US; rv:1.9.1.1) Gecko/20090715 Firefox/3.5.1"
87.116.153.225 - - [20/Jul/2009:23:25:31 +0200] "GET /zampa/slike/S1TITEL.GIF HTTP/1.1" 200 15244 "http://www.various-euro.com/zampa/" "Mozilla/5.0 (Windows; U; Windows NT 5.1; en-US; rv:1.9.1.1) Gecko/20090715 Firefox/3.5.1"
87.116.153.225 - - [20/Jul/2009:23:25:35 +0200] "GET /zampa/slike/S2COPY.GIF HTTP/1.1" 200 12771 "http://www.various-euro.com/zampa/" "Mozilla/5.0 (Windows; U; Windows NT 5.1; en-US; rv:1.9.1.1) Gecko/20090715 Firefox/3.5.1"
87.116.153.225 - - [20/Jul/2009:23:26:01 +0200] "GET /zampa/slike/S6BIENNI.GIF HTTP/1.1" 200 35877 "http://www.various-euro.com/zampa/" "Mozilla/5.0 (Windows; U; Windows NT 5.1; en-US; rv:1.9.1.1) Gecko/20090715 Firefox/3.5.1"
87.116.153.225 - - [20/Jul/2009:23:26:25 +0200] "GET /favicon.ico HTTP/1.1" 404 2748 "-" "Mozilla/5.0 (Windows; U; Windows NT 5.1; en-US; rv:1.9.1.1) Gecko/20090715 Firefox/3.5.1"
87.116.153.225 - - [20/Jul/2009:23:26:27 +0200] "GET /zampa/slike/S7MEDIAA.GIF HTTP/1.1" 200 45793 "http://www.various-euro.com/zampa/" "Mozilla/5.0 (Windows; U; Windows NT 5.1; en-US; rv:1.9.1.1) Gecko/20090715 Firefox/3.5.1"
87.116.153.225 - - [20/Jul/2009:23:26:38 +0200] "GET /zampa/slike/S8CURATO.GIF HTTP/1.1" 200 16968 "http://www.various-euro.com/zampa/" "Mozilla/5.0 (Windows; U; Windows NT 5.1; en-US; rv:1.9.1.1) Gecko/20090715 Firefox/3.5.1"
87.116.153.225 - - [20/Jul/2009:23:31:16 +0200] "GET /zampa/montenegro/index.html HTTP/1.1" 200 2651 "http://www.various-euro.com/zampa/" "Mozilla/5.0 (Windows; U; Windows NT 5.1; en-US; rv:1.9.1.1) Gecko/20090715 Firefox/3.5.1"
87.116.153.225 - - [20/Jul/2009:23:31:16 +0200] "GET /zampa/montenegro/slike/plakat.jpg HTTP/1.1" 200 47879 "http://www.various-euro.com/zampa/montenegro/index.html" "Mozilla/5.0 (Windows; U; Windows NT 5.1; en-US; rv:1.9.1.1) Gecko/20090715 Firefox/3.5.1"
87.116.153.225 - - [20/Jul/2009:23:31:17 +0200] "GET /favicon.ico HTTP/1.1" 404 2748 "-" "Mozilla/5.0 (Windows; U; Windows NT 5.1; en-US; rv:1.9.1.1) Gecko/20090715 Firefox/3.5.1"
87.116.153.225 - - [20/Jul/2009:23:31:23 +0200] "GET /zampa/lybia/index.html HTTP/1.1" 200 3036 "http://www.various-euro.com/zampa/" "Mozilla/5.0 (Windows; U; Windows NT 5.1; en-US; rv:1.9.1.1) Gecko/20090715 Firefox/3.5.1"
87.116.153.225 - - [20/Jul/2009:23:31:23 +0200] "GET /zampa/lybia/slike/tele.jpg HTTP/1.1" 200 28022 "http://www.various-euro.com/zampa/lybia/index.html" "Mozilla/5.0 (Windows; U; Windows NT 5.1; en-US; rv:1.9.1.1) Gecko/20090715 Firefox/3.5.1"
87.116.153.225 - - [20/Jul/2009:23:31:26 +0200] "GET /zampa/wonderland/index.html HTTP/1.1" 200 2084 "http://www.various-euro.com/zampa/" "Mozilla/5.0 (Windows; U; Windows NT 5.1; en-US; rv:1.9.1.1) Gecko/20090715 Firefox/3.5.1"
87.116.153.225 - - [20/Jul/2009:23:31:26 +0200] "GET /zampa/wonderland/TWonder.gif HTTP/1.1" 200 76757 "http://www.various-euro.com/zampa/wonderland/index.html" "Mozilla/5.0 (Windows; U; Windows NT 5.1; en-US; rv:1.9.1.1) Gecko/20090715 Firefox/3.5.1"
87.116.153.225 - - [20/Jul/2009:23:33:27 +0200] "GET /favicon.ico HTTP/1.1" 404 2748 "-" "Mozilla/5.0 (Windows; U; Windows NT 5.1; en-US; rv:1.9.1.1) Gecko/20090715 Firefox/3.5.1"
87.116.153.225 - - [20/Jul/2009:23:33:29 +0200] "GET /zampa/montenegro/dajpare.html HTTP/1.1" 200 2503 "http://www.various-euro.com/zampa/" "Mozilla/5.0 (Windows; U; Windows NT 5.1; en-US; rv:1.9.1.1) Gecko/20090715 Firefox/3.5.1"
87.116.153.225 - - [20/Jul/2009:23:33:29 +0200] "GET /zampa/montenegro/slike/BATAW.jpg HTTP/1.1" 200 2631 "http://www.various-euro.com/zampa/montenegro/dajpare.html" "Mozilla/5.0 (Windows; U; Windows NT 5.1; en-US; rv:1.9.1.1) Gecko/20090715 Firefox/3.5.1"
87.116.153.225 - - [20/Jul/2009:23:33:29 +0200] "GET /zampa/montenegro/slike/MILOW.jpg HTTP/1.1" 200 3823 "http://www.various-euro.com/zampa/montenegro/dajpare.html" "Mozilla/5.0 (Windows; U; Windows NT 5.1; en-US; rv:1.9.1.1) Gecko/20090715 Firefox/3.5.1"
87.116.153.225 - - [20/Jul/2009:23:33:29 +0200] "GET /zampa/montenegro/slike/ZMAJW.jpg HTTP/1.1" 200 4555 "http://www.various-euro.com/zampa/montenegro/dajpare.html" "Mozilla/5.0 (Windows; U; Windows NT 5.1; en-US; rv:1.9.1.1) Gecko/20090715 Firefox/3.5.1"
87.116.153.225 - - [20/Jul/2009:23:33:29 +0200] "GET /zampa/montenegro/slike/SEKAW.jpg HTTP/1.1" 200 2786 "http://www.various-euro.com/zampa/montenegro/dajpare.html" "Mozilla/5.0 (Windows; U; Windows NT 5.1; en-US; rv:1.9.1.1) Gecko/20090715 Firefox/3.5.1"
87.116.153.225 - - [20/Jul/2009:23:33:29 +0200] "GET /zampa/montenegro/slike/TESLAW.jpg HTTP/1.1" 200 3770 "http://www.various-euro.com/zampa/montenegro/dajpare.html" "Mozilla/5.0 (Windows; U; Windows NT 5.1; en-US; rv:1.9.1.1) Gecko/20090715 Firefox/3.5.1"
65.55.106.134 - - [20/Jul/2009:23:41:01 +0200] "GET /robots.txt HTTP/1.1" 200 64 "-" "msnbot/2.0b (+http://search.msn.com/msnbot.htm)"
65.55.106.144 - - [20/Jul/2009:23:41:24 +0200] "GET /robots.txt HTTP/1.1" 200 64 "-" "msnbot/2.0b (+http://search.msn.com/msnbot.htm)"
193.252.118.174 - - [21/Jul/2009:00:03:12 +0200] "GET /neon/europa.html HTTP/1.1" 200 389 "-" "Mozilla/5.0 (Windows; U; Windows NT 5.1; fr; rv:1.8.1) VoilaBot BETA 1.2 (support.voilabot@orange-ftgroup.com)"
65.55.106.203 - - [21/Jul/2009:00:03:27 +0200] "GET /robots.txt HTTP/1.1" 200 64 "-" "msnbot/2.0b (+http://search.msn.com/msnbot.htm)"
65.55.51.70 - - [21/Jul/2009:00:12:44 +0200] "GET /robots.txt HTTP/1.1" 200 64 "-" "msnbot/2.0b (+http://search.msn.com/msnbot.htm)"
65.55.106.162 - - [21/Jul/2009:00:20:27 +0200] "GET /neon/girlz2.html HTTP/1.1" 200 2937 "-" "msnbot/2.0b (+http://search.msn.com/msnbot.htm)"
79.101.250.192 - - [21/Jul/2009:00:20:32 +0200] "GET /favicon.ico HTTP/1.1" 404 2748 "-" "Mozilla/5.0 (Windows; U; Windows NT 6.0; en-US; rv:1.9.0.11) Gecko/2009060215 Firefox/3.0.11"
79.101.250.192 - - [21/Jul/2009:00:20:32 +0200] "GET /favicon.ico HTTP/1.1" 302 364 "-" "Mozilla/5.0 (Windows; U; Windows NT 6.0; en-US; rv:1.9.0.11) Gecko/2009060215 Firefox/3.0.11"
79.101.250.192 - - [21/Jul/2009:00:20:33 +0200] "GET /zampa/favicon.ico HTTP/1.1" 404 2748 "-" "Mozilla/5.0 (Windows; U; Windows NT 6.0; en-US; rv:1.9.0.11) Gecko/2009060215 Firefox/3.0.11"
148.233.239.23 - - [21/Jul/2009:00:43:38 +0200] "POST /cgi-bin/adduser.cgi HTTP/1.1" 404 2748 "http://various-euro.com/cgi-bin/adduser.cgi" "Mozilla/4.0 (compatible; MSIE 6.0; Windows NT 5.1)"
65.55.106.184 - - [21/Jul/2009:00:56:26 +0200] "GET /robots.txt HTTP/1.1" 200 64 "-" "msnbot/2.0b (+http://search.msn.com/msnbot.htm)"
72.14.199.8 - - [21/Jul/2009:00:56:46 +0200] "GET / HTTP/1.1" 302 353 "-" "Feedfetcher-Google; (+http://www.google.com/feedfetcher.html; 1 subscribers; feed-id=5454548576667470243)"
72.14.199.85 - - [21/Jul/2009:00:56:46 +0200] "GET /zampa/ HTTP/1.1" 200 7153 "-" "Feedfetcher-Google; (+http://www.google.com/feedfetcher.html; 1 subscribers; feed-id=5454548576667470243)"
65.55.106.233 - - [21/Jul/2009:01:04:21 +0200] "GET /robots.txt HTTP/1.1" 200 64 "-" "msnbot/2.0b (+http://search.msn.com/msnbot.htm)"
65.55.106.230 - - [21/Jul/2009:01:12:04 +0200] "GET /zampa-lovers/index.html HTTP/1.1" 200 37790 "-" "msnbot/2.0b (+http://search.msn.com/msnbot.htm)"
208.80.195.33 - - [21/Jul/2009:01:18:57 +0200] "GET / HTTP/1.0" 200 7869 "-" "Mozilla/4.0 (compatible; MSIE 7.0; Windows NT 5.1; ga=MDAxMWQ4MzY4ZDk2; .NET CLR 1.1.4322; .NET CLR 2.0.50727)"
208.80.195.33 - - [21/Jul/2009:01:18:57 +0200] "GET / HTTP/1.0" 200 7869 "-" "Mozilla/4.0 (compatible; MSIE 6.0; Windows NT 5.1; {BAF69F98-DC7A-42C5-AB91-1BB1C75C9546}; SV1; .NET CLR 1.1.4322)"
65.55.106.117 - - [21/Jul/2009:01:37:36 +0200] "GET /robots.txt HTTP/1.1" 200 64 "-" "msnbot/2.0b (+http://search.msn.com/msnbot.htm)"
72.30.79.24 - - [21/Jul/2009:01:46:19 +0200] "GET /robots.txt HTTP/1.0" 200 64 "-" "Mozilla/5.0 (compatible; Yahoo! Slurp; http://help.yahoo.com/help/us/ysearch/slurp)"
72.30.79.24 - - [21/Jul/2009:01:46:19 +0200] "GET /prog.html HTTP/1.0" 404 2748 "-" "Mozilla/5.0 (compatible; Yahoo! Slurp/3.0; http://help.yahoo.com/help/us/ysearch/slurp)"
66.249.72.227 - - [21/Jul/2009:01:54:27 +0200] "GET /robots.txt HTTP/1.1" 200 64 "-" "Googlebot-Image/1.0"
72.30.79.60 - - [21/Jul/2009:01:57:38 +0200] "GET /robots.txt HTTP/1.0" 200 64 "-" "Mozilla/5.0 (compatible; Yahoo! Slurp; http://help.yahoo.com/help/us/ysearch/slurp)"
72.30.79.60 - - [21/Jul/2009:01:57:38 +0200] "GET /framez_0.html HTTP/1.0" 200 12285 "-" "Mozilla/5.0 (compatible; Yahoo! Slurp/3.0; http://help.yahoo.com/help/us/ysearch/slurp)"
82.237.212.168 - - [21/Jul/2009:02:50:01 +0200] "POST http://various-euro.com/phpinfo.php HTTP/1.0" 404 2748 "http://various-euro.com/phpinfo.php" "Mozilla/4.0 (compatible; MSIE 6.0; Windows NT 5.1)"
82.237.212.168 - - [21/Jul/2009:02:50:01 +0200] "POST http://various-euro.com/cgi-bin/redir.cgi HTTP/1.0" 404 2748 "http://various-euro.com/cgi-bin/redir.cgi" "Mozilla/4.0 (compatible; MSIE 6.0; Windows NT 5.1)"
82.237.212.168 - - [21/Jul/2009:02:50:01 +0200] "POST http://various-euro.com/ccbill/ccbill.php HTTP/1.0" 404 2748 "http://various-euro.com/ccbill/ccbill.php" "Mozilla/4.0 (compatible; MSIE 6.0; Windows NT 5.1)"
82.237.212.168 - - [21/Jul/2009:02:50:01 +0200] "POST http://various-euro.com/subscribe.php HTTP/1.0" 404 2748 "http://various-euro.com/subscribe.php" "Mozilla/4.0 (compatible; MSIE 6.0; Windows NT 5.1)"
82.237.212.168 - - [21/Jul/2009:02:50:01 +0200] "POST http://various-euro.com/settings.php HTTP/1.0" 404 2748 "http://various-euro.com/settings.php" "Mozilla/4.0 (compatible; MSIE 6.0; Windows NT 5.1)"
65.55.106.117 - - [21/Jul/2009:03:55:27 +0200] "GET /robots.txt HTTP/1.1" 200 64 "-" "msnbot/2.0b (+http://search.msn.com/msnbot.htm)"
72.14.199.8 - - [21/Jul/2009:03:57:00 +0200] "GET / HTTP/1.1" 302 353 "-" "Feedfetcher-Google; (+http://www.google.com/feedfetcher.html; 1 subscribers; feed-id=5454548576667470243)"
72.14.199.85 - - [21/Jul/2009:03:57:01 +0200] "GET /zampa/ HTTP/1.1" 200 7153 "-" "Feedfetcher-Google; (+http://www.google.com/feedfetcher.html; 1 subscribers; feed-id=5454548576667470243)"
123.125.66.56 - - [21/Jul/2009:03:58:26 +0200] "GET /robots.txt HTTP/1.1" 200 64 "-" "Baiduspider+(+http://www.baidu.com/search/spider.htm)"
72.30.79.60 - - [21/Jul/2009:03:59:51 +0200] "GET /f-restate_copy.html HTTP/1.0" 200 96087 "-" "Mozilla/5.0 (compatible; Yahoo! Slurp/3.0; http://help.yahoo.com/help/us/ysearch/slurp)"
66.249.72.227 - - [21/Jul/2009:04:04:15 +0200] "GET /bmpp/crashh3.html HTTP/1.1" 200 9689 "-" "Mozilla/5.0 (compatible; Googlebot/2.1; +http://www.google.com/bot.html)"
65.55.106.157 - - [21/Jul/2009:04:44:03 +0200] "GET /robots.txt HTTP/1.1" 302 363 "-" "msnbot/2.0b (+http://search.msn.com/msnbot.htm)"
65.55.106.157 - - [21/Jul/2009:04:44:12 +0200] "GET /zampa/robots.txt HTTP/1.1" 404 2748 "-" "msnbot/2.0b (+http://search.msn.com/msnbot.htm)"
65.55.211.168 - - [21/Jul/2009:04:44:29 +0200] "GET /robots.txt HTTP/1.1" 200 64 "-" "msnbot/1.1 (+http://search.msn.com/msnbot.htm)"
65.55.211.168 - - [21/Jul/2009:04:44:29 +0200] "GET /logs/usage_200901.html HTTP/1.1" 200 167238 "-" "msnbot/1.1 (+http://search.msn.com/msnbot.htm)"
65.55.106.233 - - [21/Jul/2009:04:51:32 +0200] "GET /robots.txt HTTP/1.1" 200 64 "-" "msnbot/2.0b (+http://search.msn.com/msnbot.htm)"
98.213.34.148 - - [21/Jul/2009:05:06:31 +0200] "POST /cgi-bin/sblogin/report/usermanage.cgi? HTTP/1.1" 404 2748 "http://various-euro.com/cgi-bin/sblogin/report/usermanage.cgi?" "Mozilla/4.0 (compatible; MSIE 6.0; Windows NT 5.1)"
38.99.13.116 - - [21/Jul/2009:05:11:43 +0200] "GET /robots.txt HTTP/1.0" 302 363 "-" "Mozilla/5.0 (Twiceler-0.9 http://www.cuil.com/twiceler/robot.html)"
65.55.106.123 - - [21/Jul/2009:05:20:36 +0200] "GET /robots.txt HTTP/1.1" 200 64 "-" "msnbot/2.0b (+http://search.msn.com/msnbot.htm)"
65.55.106.123 - - [21/Jul/2009:05:24:22 +0200] "GET /zampa/montenegro/MILOW.html HTTP/1.1" 200 860 "-" "msnbot/2.0b (+http://search.msn.com/msnbot.htm)"
65.55.107.182 - - [21/Jul/2009:05:29:28 +0200] "GET /euro.html HTTP/1.1" 404 2748 "-" "msnbot/2.0b (+http://search.msn.com/msnbot.htm)"
65.55.106.211 - - [21/Jul/2009:05:33:05 +0200] "GET /robots.txt HTTP/1.1" 302 363 "-" "msnbot/2.0b (+http://search.msn.com/msnbot.htm)"
65.55.106.211 - - [21/Jul/2009:05:33:09 +0200] "GET /zampa/robots.txt HTTP/1.1" 404 2748 "-" "msnbot/2.0b (+http://search.msn.com/msnbot.htm)"
62.195.94.3 - - [21/Jul/2009:05:38:45 +0200] "GET /logs/usage_200704.html HTTP/1.1" 404 2748 "http://www.kantoorruimte-alkmaar.com/" "Mozilla/4.0 (compatible; MSIE 5.5; Windows 98)"
62.195.94.3 - - [21/Jul/2009:05:38:45 +0200] "GET /logs/usage_200704.html HTTP/1.1" 404 2748 "http://www.kantoorruimte-alkmaar.com/" "Mozilla/4.0 (compatible; MSIE 5.5; Windows 98)"
62.195.94.3 - - [21/Jul/2009:05:38:45 +0200] "GET /logs/usage_200704.html HTTP/1.1" 404 2748 "http://www.kantoorruimte-alkmaar.com/" "Mozilla/4.0 (compatible; MSIE 5.5; Windows 98)"
62.195.94.3 - - [21/Jul/2009:05:38:45 +0200] "GET /logs/usage_200704.html HTTP/1.1" 404 2748 "http://www.kantoorruimte-alkmaar.com/" "Mozilla/4.0 (compatible; MSIE 5.5; Windows 98)"
62.195.94.3 - - [21/Jul/2009:05:38:45 +0200] "GET /logs/usage_200704.html HTTP/1.1" 404 2748 "http://www.kantoorruimte-alkmaar.com/" "Mozilla/4.0 (compatible; MSIE 5.5; Windows 98)"
62.195.94.3 - - [21/Jul/2009:05:38:45 +0200] "GET /logs/usage_200704.html HTTP/1.1" 404 2748 "http://www.kantoorruimte-alkmaar.com/" "Mozilla/4.0 (compatible; MSIE 5.5; Windows 98)"
62.195.94.3 - - [21/Jul/2009:05:38:45 +0200] "GET /logs/usage_200704.html HTTP/1.1" 404 2748 "http://www.kantoorruimte-alkmaar.com/" "Mozilla/4.0 (compatible; MSIE 5.5; Windows 98)"
62.195.94.3 - - [21/Jul/2009:05:38:45 +0200] "GET /logs/usage_200704.html HTTP/1.1" 404 2748 "http://www.kantoorruimte-alkmaar.com/" "Mozilla/4.0 (compatible; MSIE 5.5; Windows 98)"
62.195.94.3 - - [21/Jul/2009:05:38:46 +0200] "GET /logs/usage_200704.html HTTP/1.1" 404 2748 "http://www.kantoorruimte-alkmaar.com/" "Mozilla/4.0 (compatible; MSIE 5.5; Windows 98)"
62.195.94.3 - - [21/Jul/2009:05:38:46 +0200] "GET /logs/usage_200704.html HTTP/1.1" 404 2748 "http://www.kantoorruimte-alkmaar.com/" "Mozilla/4.0 (compatible; MSIE 5.5; Windows 98)"
62.195.94.3 - - [21/Jul/2009:05:38:46 +0200] "GET /logs/usage_200704.html HTTP/1.1" 404 2748 "http://www.kantoorruimte-alkmaar.com/" "Mozilla/4.0 (compatible; MSIE 5.5; Windows 98)"
62.195.94.3 - - [21/Jul/2009:05:38:46 +0200] "GET /logs/usage_200704.html HTTP/1.1" 404 2748 "http://www.kantoorruimte-alkmaar.com/" "Mozilla/4.0 (compatible; MSIE 5.5; Windows 98)"
62.195.94.3 - - [21/Jul/2009:05:38:46 +0200] "GET /logs/usage_200704.html HTTP/1.1" 404 2748 "http://www.kantoorruimte-alkmaar.com/" "Mozilla/4.0 (compatible; MSIE 5.5; Windows 98)"
62.195.94.3 - - [21/Jul/2009:05:38:47 +0200] "GET /logs/usage_200704.html HTTP/1.1" 404 2748 "http://www.kantoorruimte-alkmaar.com/" "Mozilla/4.0 (compatible; MSIE 5.5; Windows 98)"
62.195.94.3 - - [21/Jul/2009:05:38:47 +0200] "GET /logs/usage_200704.html HTTP/1.1" 404 2748 "http://www.kantoorruimte-alkmaar.com/" "Mozilla/4.0 (compatible; MSIE 5.5; Windows 98)"
62.195.94.3 - - [21/Jul/2009:05:38:47 +0200] "GET /logs/usage_200704.html HTTP/1.1" 404 2748 "http://www.kantoorruimte-alkmaar.com/" "Mozilla/4.0 (compatible; MSIE 5.5; Windows 98)"
62.195.94.3 - - [21/Jul/2009:05:38:47 +0200] "GET /logs/usage_200704.html HTTP/1.1" 404 2748 "http://www.kantoorruimte-alkmaar.com/" "Mozilla/4.0 (compatible; MSIE 5.5; Windows 98)"
62.195.94.3 - - [21/Jul/2009:05:38:47 +0200] "GET /logs/usage_200704.html HTTP/1.1" 404 2748 "http://www.kantoorruimte-alkmaar.com/" "Mozilla/4.0 (compatible; MSIE 5.5; Windows 98)"
62.195.94.3 - - [21/Jul/2009:05:38:47 +0200] "GET /logs/usage_200704.html HTTP/1.1" 404 2748 "http://www.kantoorruimte-alkmaar.com/" "Mozilla/4.0 (compatible; MSIE 5.5; Windows 98)"
62.195.94.3 - - [21/Jul/2009:05:38:47 +0200] "GET /logs/usage_200704.html HTTP/1.1" 404 2748 "http://www.kantoorruimte-alkmaar.com/" "Mozilla/4.0 (compatible; MSIE 5.5; Windows 98)"
62.195.94.3 - - [21/Jul/2009:05:38:47 +0200] "GET /logs/usage_200704.html HTTP/1.1" 404 2748 "http://www.kantoorruimte-alkmaar.com/" "Mozilla/4.0 (compatible; MSIE 5.5; Windows 98)"
62.195.94.3 - - [21/Jul/2009:05:38:47 +0200] "GET /logs/usage_200704.html HTTP/1.1" 404 2748 "http://www.kantoorruimte-alkmaar.com/" "Mozilla/4.0 (compatible; MSIE 5.5; Windows 98)"
62.195.94.3 - - [21/Jul/2009:05:38:47 +0200] "GET /logs/usage_200704.html HTTP/1.1" 404 2748 "http://www.kantoorruimte-alkmaar.com/" "Mozilla/4.0 (compatible; MSIE 5.5; Windows 98)"
62.195.94.3 - - [21/Jul/2009:05:38:47 +0200] "GET /logs/usage_200704.html HTTP/1.1" 404 2748 "http://www.kantoorruimte-alkmaar.com/" "Mozilla/4.0 (compatible; MSIE 5.5; Windows 98)"
62.195.94.3 - - [21/Jul/2009:05:38:47 +0200] "GET /logs/usage_200704.html HTTP/1.1" 404 2748 "http://www.kantoorruimte-alkmaar.com/" "Mozilla/4.0 (compatible; MSIE 5.5; Windows 98)"
62.195.94.3 - - [21/Jul/2009:05:38:48 +0200] "GET /logs/usage_200704.html HTTP/1.1" 404 2748 "http://www.kantoorruimte-alkmaar.com/" "Mozilla/4.0 (compatible; MSIE 5.5; Windows 98)"
62.195.94.3 - - [21/Jul/2009:05:38:48 +0200] "GET /logs/usage_200704.html HTTP/1.1" 404 2748 "http://www.kantoorruimte-alkmaar.com/" "Mozilla/4.0 (compatible; MSIE 5.5; Windows 98)"
62.195.94.3 - - [21/Jul/2009:05:38:48 +0200] "GET /logs/usage_200704.html HTTP/1.1" 404 2748 "http://www.kantoorruimte-alkmaar.com/" "Mozilla/4.0 (compatible; MSIE 5.5; Windows 98)"
62.195.94.3 - - [21/Jul/2009:05:38:48 +0200] "GET /logs/usage_200704.html HTTP/1.1" 404 2748 "http://www.kantoorruimte-alkmaar.com/" "Mozilla/4.0 (compatible; MSIE 5.5; Windows 98)"
62.195.94.3 - - [21/Jul/2009:05:38:48 +0200] "GET /logs/usage_200704.html HTTP/1.1" 404 2748 "http://www.kantoorruimte-alkmaar.com/" "Mozilla/4.0 (compatible; MSIE 5.5; Windows 98)"
62.195.94.3 - - [21/Jul/2009:05:38:48 +0200] "GET /logs/usage_200704.html HTTP/1.1" 404 2748 "http://www.kantoorruimte-alkmaar.com/" "Mozilla/4.0 (compatible; MSIE 5.5; Windows 98)"
62.195.94.3 - - [21/Jul/2009:05:38:49 +0200] "GET /logs/usage_200704.html HTTP/1.1" 404 2748 "http://www.kantoorruimte-alkmaar.com/" "Mozilla/4.0 (compatible; MSIE 5.5; Windows 98)"
62.195.94.3 - - [21/Jul/2009:05:38:49 +0200] "GET /logs/usage_200704.html HTTP/1.1" 404 2748 "http://www.kantoorruimte-alkmaar.com/" "Mozilla/4.0 (compatible; MSIE 5.5; Windows 98)"
62.195.94.3 - - [21/Jul/2009:05:38:49 +0200] "GET /logs/usage_200704.html HTTP/1.1" 404 2748 "http://www.kantoorruimte-alkmaar.com/" "Mozilla/4.0 (compatible; MSIE 5.5; Windows 98)"
62.195.94.3 - - [21/Jul/2009:05:38:49 +0200] "GET /logs/usage_200704.html HTTP/1.1" 404 2748 "http://www.kantoorruimte-alkmaar.com/" "Mozilla/4.0 (compatible; MSIE 5.5; Windows 98)"
62.195.94.3 - - [21/Jul/2009:05:38:49 +0200] "GET /logs/usage_200704.html HTTP/1.1" 404 2748 "http://www.kantoorruimte-alkmaar.com/" "Mozilla/4.0 (compatible; MSIE 5.5; Windows 98)"
62.195.94.3 - - [21/Jul/2009:05:38:49 +0200] "GET /logs/usage_200704.html HTTP/1.1" 404 2748 "http://www.kantoorruimte-alkmaar.com/" "Mozilla/4.0 (compatible; MSIE 5.5; Windows 98)"
62.195.94.3 - - [21/Jul/2009:05:38:50 +0200] "GET /logs/usage_200704.html HTTP/1.1" 404 2748 "http://www.kantoorruimte-alkmaar.com/" "Mozilla/4.0 (compatible; MSIE 5.5; Windows 98)"
62.195.94.3 - - [21/Jul/2009:05:38:50 +0200] "GET /logs/usage_200704.html HTTP/1.1" 404 2748 "http://www.kantoorruimte-alkmaar.com/" "Mozilla/4.0 (compatible; MSIE 5.5; Windows 98)"
62.195.94.3 - - [21/Jul/2009:05:38:50 +0200] "GET /logs/usage_200704.html HTTP/1.1" 404 2748 "http://www.kantoorruimte-alkmaar.com/" "Mozilla/4.0 (compatible; MSIE 5.5; Windows 98)"
65.55.106.196 - - [21/Jul/2009:06:10:57 +0200] "GET /robots.txt HTTP/1.1" 200 64 "-" "msnbot/2.0b (+http://search.msn.com/msnbot.htm)"
98.213.34.148 - - [21/Jul/2009:06:11:59 +0200] "POST /cgi-bin/sblogin/report/usermanage.cgi? HTTP/1.1" 404 2748 "http://various-euro.com/cgi-bin/sblogin/report/usermanage.cgi?" "Mozilla/4.0 (compatible; MSIE 6.0; Windows NT 5.1)"
216.129.119.49 - - [21/Jul/2009:06:20:17 +0200] "GET /robots.txt HTTP/1.0" 200 64 "-" "Mozilla/5.0 (Twiceler-0.9 http://www.cuil.com/twiceler/robot.html)"
72.14.199.8 - - [21/Jul/2009:06:57:08 +0200] "GET / HTTP/1.1" 302 353 "-" "Feedfetcher-Google; (+http://www.google.com/feedfetcher.html; 1 subscribers; feed-id=5454548576667470243)"
72.14.199.85 - - [21/Jul/2009:06:57:12 +0200] "GET /zampa/ HTTP/1.1" 200 7153 "-" "Feedfetcher-Google; (+http://www.google.com/feedfetcher.html; 1 subscribers; feed-id=5454548576667470243)"
65.55.106.146 - - [21/Jul/2009:06:59:28 +0200] "GET /robots.txt HTTP/1.1" 200 64 "-" "msnbot/2.0b (+http://search.msn.com/msnbot.htm)"
66.249.72.227 - - [21/Jul/2009:07:00:29 +0200] "GET /neon/slow-walk.html HTTP/1.1" 200 1640 "-" "Mozilla/5.0 (compatible; Googlebot/2.1; +http://www.google.com/bot.html)"
65.55.106.120 - - [21/Jul/2009:07:06:44 +0200] "GET /logs/usage_200705.html HTTP/1.1" 404 2748 "-" "msnbot/2.0b (+http://search.msn.com/msnbot.htm)"
38.99.44.105 - - [21/Jul/2009:07:22:39 +0200] "GET /robots.txt HTTP/1.0" 200 64 "-" "Mozilla/5.0 (Twiceler-0.9 http://www.cuil.com/twiceler/robot.html)"
65.55.106.227 - - [21/Jul/2009:07:26:22 +0200] "GET /robots.txt HTTP/1.1" 200 64 "-" "msnbot/2.0b (+http://search.msn.com/msnbot.htm)"
65.55.211.166 - - [21/Jul/2009:07:26:23 +0200] "GET /robots.txt HTTP/1.1" 200 64 "-" "msnbot/1.1 (+http://search.msn.com/msnbot.htm)"
65.55.211.166 - - [21/Jul/2009:07:26:24 +0200] "GET /f-contact.html HTTP/1.1" 200 6804 "-" "msnbot/1.1 (+http://search.msn.com/msnbot.htm)"
81.52.143.35 - - [21/Jul/2009:07:58:24 +0200] "GET /neon/warning2.html HTTP/1.1" 200 997 "-" "Mozilla/5.0 (Windows; U; Windows NT 5.1; fr; rv:1.8.1) VoilaBot BETA 1.2 (support.voilabot@orange-ftgroup.com)"
65.55.230.248 - - [21/Jul/2009:08:43:17 +0200] "GET /robots.txt HTTP/1.1" 200 64 "-" "Mozilla/4.0"
65.55.230.248 - - [21/Jul/2009:08:43:17 +0200] "GET /framez-zampa-lovers.html HTTP/1.1" 200 4322 "-" "Mozilla/4.0"
65.55.106.180 - - [21/Jul/2009:08:59:45 +0200] "GET /robots.txt HTTP/1.1" 200 64 "-" "msnbot/2.0b (+http://search.msn.com/msnbot.htm)"
66.249.72.227 - - [21/Jul/2009:09:08:11 +0200] "GET /3dsf3/sendi/animals.html HTTP/1.1" 200 1422 "-" "Mozilla/5.0 (compatible; Googlebot/2.1; +http://www.google.com/bot.html)"
81.52.143.26 - - [21/Jul/2009:09:09:26 +0200] "GET /neon/annniiii.html HTTP/1.1" 200 686 "-" "Mozilla/5.0 (Windows; U; Windows NT 5.1; fr; rv:1.8.1) VoilaBot BETA 1.2 (support.voilabot@orange-ftgroup.com)"
74.52.43.10 - - [21/Jul/2009:09:17:25 +0200] "GET /robots.txt HTTP/1.0" 200 64 "-" "gh-index-bot/Nutch-1.0 (GH Web Search.; lucene.apache.org; gh_email at someplace dot com)"
74.52.43.10 - - [21/Jul/2009:09:17:25 +0200] "GET / HTTP/1.0" 200 7869 "-" "gh-index-bot/Nutch-1.0 (GH Web Search.; lucene.apache.org; gh_email at someplace dot com)"
72.30.79.60 - - [21/Jul/2009:09:41:12 +0200] "GET /schubb/schubb-4.html HTTP/1.0" 200 17746 "-" "Mozilla/5.0 (compatible; Yahoo! Slurp/3.0; http://help.yahoo.com/help/us/ysearch/slurp)"
65.55.106.139 - - [21/Jul/2009:10:17:29 +0200] "GET /robots.txt HTTP/1.1" 200 64 "-" "msnbot/2.0b (+http://search.msn.com/msnbot.htm)"
195.3.113.13 - - [21/Jul/2009:10:17:49 +0200] "GET /framez-euro.html HTTP/1.0" 200 4319 "http://www.google.at/search?hl=en&q=%C3%B6sterreichischer+schilling+in+euro+umrechnen" "Mozilla/4.0 (compatible; MSIE 7.0; Windows NT 5.1; Mozilla/4.0 (compatible; MSIE 6.0; Windows NT 5.1; SV1) ; .NET CLR 2.0.50727)"
195.3.113.13 - - [21/Jul/2009:10:17:49 +0200] "GET /frame-unten.html HTTP/1.0" 200 5308 "http://www.various-euro.com/framez-euro.html" "Mozilla/4.0 (compatible; MSIE 7.0; Windows NT 5.1; Mozilla/4.0 (compatible; MSIE 6.0; Windows NT 5.1; SV1) ; .NET CLR 2.0.50727)"
195.3.113.12 - - [21/Jul/2009:10:17:50 +0200] "GET /frame-menu.html HTTP/1.0" 200 10500 "http://www.various-euro.com/framez-euro.html" "Mozilla/4.0 (compatible; MSIE 7.0; Windows NT 5.1; Mozilla/4.0 (compatible; MSIE 6.0; Windows NT 5.1; SV1) ; .NET CLR 2.0.50727)"
195.3.113.12 - - [21/Jul/2009:10:17:50 +0200] "GET /f-euro.html HTTP/1.0" 200 12203 "http://www.various-euro.com/framez-euro.html" "Mozilla/4.0 (compatible; MSIE 7.0; Windows NT 5.1; Mozilla/4.0 (compatible; MSIE 6.0; Windows NT 5.1; SV1) ; .NET CLR 2.0.50727)"
195.3.113.13 - - [21/Jul/2009:10:17:50 +0200] "GET /bannerz/ve.jpg HTTP/1.0" 200 36912 "http://www.various-euro.com/frame-unten.html" "Mozilla/4.0 (compatible; MSIE 7.0; Windows NT 5.1; Mozilla/4.0 (compatible; MSIE 6.0; Windows NT 5.1; SV1) ; .NET CLR 2.0.50727)"
195.3.113.12 - - [21/Jul/2009:10:17:50 +0200] "GET /bannerz/various-euro-girl.jpg HTTP/1.0" 200 91514 "http://www.various-euro.com/frame-unten.html" "Mozilla/4.0 (compatible; MSIE 7.0; Windows NT 5.1; Mozilla/4.0 (compatible; MSIE 6.0; Windows NT 5.1; SV1) ; .NET CLR 2.0.50727)"
195.3.113.13 - - [21/Jul/2009:10:17:50 +0200] "GET /style/various-euro.css HTTP/1.0" 200 3437 "http://www.various-euro.com/frame-menu.html" "Mozilla/4.0 (compatible; MSIE 7.0; Windows NT 5.1; Mozilla/4.0 (compatible; MSIE 6.0; Windows NT 5.1; SV1) ; .NET CLR 2.0.50727)"
195.3.113.13 - - [21/Jul/2009:10:17:50 +0200] "GET /WLlabel.gif HTTP/1.0" 200 1834 "http://www.various-euro.com/f-euro.html" "Mozilla/4.0 (compatible; MSIE 7.0; Windows NT 5.1; Mozilla/4.0 (compatible; MSIE 6.0; Windows NT 5.1; SV1) ; .NET CLR 2.0.50727)"
195.3.113.13 - - [21/Jul/2009:10:17:50 +0200] "GET /naziline468_60.gif HTTP/1.0" 200 16867 "http://www.various-euro.com/f-euro.html" "Mozilla/4.0 (compatible; MSIE 7.0; Windows NT 5.1; Mozilla/4.0 (compatible; MSIE 6.0; Windows NT 5.1; SV1) ; .NET CLR 2.0.50727)"
195.3.113.13 - - [21/Jul/2009:10:17:50 +0200] "GET /etxtreme_breakfast.gif HTTP/1.0" 200 14204 "http://www.various-euro.com/f-euro.html" "Mozilla/4.0 (compatible; MSIE 7.0; Windows NT 5.1; Mozilla/4.0 (compatible; MSIE 6.0; Windows NT 5.1; SV1) ; .NET CLR 2.0.50727)"
195.3.113.12 - - [21/Jul/2009:10:17:50 +0200] "GET /Rampe-DgH.jpg HTTP/1.0" 200 12044 "http://www.various-euro.com/f-euro.html" "Mozilla/4.0 (compatible; MSIE 7.0; Windows NT 5.1; Mozilla/4.0 (compatible; MSIE 6.0; Windows NT 5.1; SV1) ; .NET CLR 2.0.50727)"
195.3.113.13 - - [21/Jul/2009:10:17:50 +0200] "GET /Bull-DgH01.jpg HTTP/1.0" 200 9010 "http://www.various-euro.com/f-euro.html" "Mozilla/4.0 (compatible; MSIE 7.0; Windows NT 5.1; Mozilla/4.0 (compatible; MSIE 6.0; Windows NT 5.1; SV1) ; .NET CLR 2.0.50727)"
195.3.113.12 - - [21/Jul/2009:10:17:50 +0200] "GET /DgH001.jpg HTTP/1.0" 200 6960 "http://www.various-euro.com/f-euro.html" "Mozilla/4.0 (compatible; MSIE 7.0; Windows NT 5.1; Mozilla/4.0 (compatible; MSIE 6.0; Windows NT 5.1; SV1) ; .NET CLR 2.0.50727)"
195.3.113.13 - - [21/Jul/2009:10:17:50 +0200] "GET /Watch-DgH.jpg HTTP/1.0" 200 12152 "http://www.various-euro.com/f-euro.html" "Mozilla/4.0 (compatible; MSIE 7.0; Windows NT 5.1; Mozilla/4.0 (compatible; MSIE 6.0; Windows NT 5.1; SV1) ; .NET CLR 2.0.50727)"
195.3.113.13 - - [21/Jul/2009:10:17:50 +0200] "GET /bannerz/whosafraid-banner.gif HTTP/1.0" 200 3866 "http://www.various-euro.com/f-euro.html" "Mozilla/4.0 (compatible; MSIE 7.0; Windows NT 5.1; Mozilla/4.0 (compatible; MSIE 6.0; Windows NT 5.1; SV1) ; .NET CLR 2.0.50727)"
195.3.113.12 - - [21/Jul/2009:10:17:50 +0200] "GET /bannerz/ugs-b.gif HTTP/1.0" 200 3128 "http://www.various-euro.com/f-euro.html" "Mozilla/4.0 (compatible; MSIE 7.0; Windows NT 5.1; Mozilla/4.0 (compatible; MSIE 6.0; Windows NT 5.1; SV1) ; .NET CLR 2.0.50727)"
195.3.113.12 - - [21/Jul/2009:10:17:50 +0200] "GET /bannerz/raf-logo02_tn.gif HTTP/1.0" 200 11804 "http://www.various-euro.com/f-euro.html" "Mozilla/4.0 (compatible; MSIE 7.0; Windows NT 5.1; Mozilla/4.0 (compatible; MSIE 6.0; Windows NT 5.1; SV1) ; .NET CLR 2.0.50727)"
195.3.113.13 - - [21/Jul/2009:10:17:55 +0200] "GET /ve-icon-2.ico HTTP/1.0" 200 2238 "-" "Mozilla/4.0 (compatible; MSIE 7.0; Windows NT 5.1; Mozilla/4.0 (compatible; MSIE 6.0; Windows NT 5.1; SV1) ; .NET CLR 2.0.50727)"
65.55.106.233 - - [21/Jul/2009:10:21:56 +0200] "GET /robots.txt HTTP/1.1" 302 363 "-" "msnbot/2.0b (+http://search.msn.com/msnbot.htm)"
65.55.106.233 - - [21/Jul/2009:10:22:03 +0200] "GET /zampa/robots.txt HTTP/1.1" 404 2748 "-" "msnbot/2.0b (+http://search.msn.com/msnbot.htm)"
65.55.106.139 - - [21/Jul/2009:10:24:09 +0200] "GET /bannnerz.html HTTP/1.1" 404 2748 "-" "msnbot/2.0b (+http://search.msn.com/msnbot.htm)"
66.235.124.4 - - [21/Jul/2009:10:27:59 +0200] "GET /robots.txt HTTP/1.1" 200 64 "-" "Mozilla/5.0 (compatible; Ask Jeeves/Teoma; +http://about.ask.com/en/docs/about/webmasters.shtml)"
66.235.124.4 - - [21/Jul/2009:10:28:14 +0200] "GET / HTTP/1.1" 200 7869 "-" "Mozilla/5.0 (compatible; Ask Jeeves/Teoma; +http://about.ask.com/en/docs/about/webmasters.shtml)"
65.55.106.233 - - [21/Jul/2009:10:28:48 +0200] "GET / HTTP/1.1" 302 353 "-" "msnbot/2.0b (+http://search.msn.com/msnbot.htm)"
72.30.79.60 - - [21/Jul/2009:10:33:32 +0200] "GET /f-contact.html HTTP/1.0" 200 6804 "-" "Mozilla/5.0 (compatible; Yahoo! Slurp/3.0; http://help.yahoo.com/help/us/ysearch/slurp)"
66.249.72.227 - - [21/Jul/2009:10:46:15 +0200] "GET / HTTP/1.1" 302 353 "-" "Mozilla/5.0 (compatible; Googlebot/2.1; +http://www.google.com/bot.html)"
66.249.72.227 - - [21/Jul/2009:10:46:16 +0200] "GET /zampa/ HTTP/1.1" 200 7153 "-" "Mozilla/5.0 (compatible; Googlebot/2.1; +http://www.google.com/bot.html)"
65.55.106.233 - - [21/Jul/2009:10:51:23 +0200] "GET /robots.txt HTTP/1.1" 200 64 "-" "msnbot/2.0b (+http://search.msn.com/msnbot.htm)"
66.249.72.227 - - [21/Jul/2009:10:54:50 +0200] "GET /bmpp/euro_pal_3a.html HTTP/1.1" 200 330 "-" "Mozilla/5.0 (compatible; Googlebot/2.1; +http://www.google.com/bot.html)"
65.55.106.233 - - [21/Jul/2009:10:58:05 +0200] "GET /zampa/ HTTP/1.1" 200 7153 "-" "msnbot/2.0b (+http://search.msn.com/msnbot.htm)"
66.249.72.227 - - [21/Jul/2009:11:01:56 +0200] "GET /3dsf3/sendi/connection.html HTTP/1.1" 200 1336 "-" "Mozilla/5.0 (compatible; Googlebot/2.1; +http://www.google.com/bot.html)"
77.88.28.248 - - [21/Jul/2009:11:02:03 +0200] "GET /robots.txt HTTP/1.1" 302 363 "-" "Yandex/1.01.001 (compatible; Win16; I)"
65.55.106.158 - - [21/Jul/2009:11:13:50 +0200] "GET /robots.txt HTTP/1.1" 200 64 "-" "msnbot/2.0b (+http://search.msn.com/msnbot.htm)"
65.55.106.158 - - [21/Jul/2009:11:20:06 +0200] "GET /schubb/schubb-4.html HTTP/1.1" 200 17746 "-" "msnbot/2.0b (+http://search.msn.com/msnbot.htm)"
62.2.78.194 - - [21/Jul/2009:11:28:37 +0200] "GET /logs/ HTTP/1.1" 200 11511 "-" "Mozilla 4/0"
62.2.78.194 - - [21/Jul/2009:11:28:40 +0200] "GET /logs/ HTTP/1.1" 200 11511 "http://www.various-euro.com/logs/" "Mozilla 4/0"
62.2.78.194 - - [21/Jul/2009:11:28:41 +0200] "GET /logs/ HTTP/1.1" 200 11511 "http://www.various-euro.com/logs/" "Mozilla 4/0"
62.2.78.194 - - [21/Jul/2009:11:28:41 +0200] "GET /logs/ HTTP/1.1" 200 11511 "http://www.various-euro.com/logs/" "Mozilla 4/0"
62.2.78.194 - - [21/Jul/2009:11:28:42 +0200] "GET /logs/ HTTP/1.1" 200 11511 "http://www.various-euro.com/logs/" "Mozilla 4/0"
62.2.78.194 - - [21/Jul/2009:11:28:42 +0200] "GET /logs/ HTTP/1.1" 200 11511 "http://www.various-euro.com/logs/" "Mozilla 4/0"
72.14.199.8 - - [21/Jul/2009:11:31:49 +0200] "GET / HTTP/1.1" 302 353 "-" "Feedfetcher-Google; (+http://www.google.com/feedfetcher.html; 1 subscribers; feed-id=5454548576667470243)"
66.235.124.61 - - [21/Jul/2009:11:41:29 +0200] "GET /framez_0.html HTTP/1.1" 200 12285 "-" "Mozilla/5.0 (compatible; Ask Jeeves/Teoma; +http://about.ask.com/en/docs/about/webmasters.shtml)"
65.55.106.120 - - [21/Jul/2009:11:48:56 +0200] "GET /robots.txt HTTP/1.1" 200 64 "-" "msnbot/2.0b (+http://search.msn.com/msnbot.htm)"
89.97.180.86 - - [21/Jul/2009:11:49:39 +0200] "GET / HTTP/1.1" 302 353 "http://www.google.it/search?hl=it&rlz=1T4HPND_it___IT277&ei=845lSv-cKY6D_Aahr4Vn&sa=X&oi=spell&resnum=0&ct=result&cd=1&q=zampa+di+leone+pianta&spell=1" "Mozilla/4.0 (compatible; MSIE 7.0; Windows NT 5.1; .NET CLR 1.1.4322; .NET CLR 2.0.50727)"
89.97.180.86 - - [21/Jul/2009:11:49:42 +0200] "GET /zampa/ HTTP/1.1" 200 7153 "http://www.google.it/search?hl=it&rlz=1T4HPND_it___IT277&ei=845lSv-cKY6D_Aahr4Vn&sa=X&oi=spell&resnum=0&ct=result&cd=1&q=zampa+di+leone+pianta&spell=1" "Mozilla/4.0 (compatible; MSIE 7.0; Windows NT 5.1; .NET CLR 1.1.4322; .NET CLR 2.0.50727)"
89.97.180.86 - - [21/Jul/2009:11:49:43 +0200] "GET /zampa/slike/zampa.gif HTTP/1.1" 200 5310 "http://www.various-euro.com/zampa/" "Mozilla/4.0 (compatible; MSIE 7.0; Windows NT 5.1; .NET CLR 1.1.4322; .NET CLR 2.0.50727)"
89.97.180.86 - - [21/Jul/2009:11:49:44 +0200] "GET /zampa/slike/inthearse.gif HTTP/1.1" 200 4077 "http://www.various-euro.com/zampa/" "Mozilla/4.0 (compatible; MSIE 7.0; Windows NT 5.1; .NET CLR 1.1.4322; .NET CLR 2.0.50727)"
89.97.180.86 - - [21/Jul/2009:11:49:47 +0200] "GET /zampa/slike/udupetu.gif HTTP/1.1" 200 4138 "http://www.various-euro.com/zampa/" "Mozilla/4.0 (compatible; MSIE 7.0; Windows NT 5.1; .NET CLR 1.1.4322; .NET CLR 2.0.50727)"
72.14.199.85 - - [21/Jul/2009:11:50:27 +0200] "GET /zampa/ HTTP/1.1" 200 7153 "-" "Feedfetcher-Google; (+http://www.google.com/feedfetcher.html; 1 subscribers; feed-id=5454548576667470243)"
66.249.72.227 - - [21/Jul/2009:12:04:57 +0200] "GET /logs/usage_200907.html HTTP/1.1" 404 2748 "-" "Mozilla/5.0 (compatible; Googlebot/2.1; +http://www.google.com/bot.html)"
65.55.106.193 - - [21/Jul/2009:12:17:59 +0200] "GET /robots.txt HTTP/1.1" 200 64 "-" "msnbot/2.0b (+http://search.msn.com/msnbot.htm)"
65.55.106.193 - - [21/Jul/2009:12:26:46 +0200] "GET /neon/channel.html HTTP/1.1" 200 1942 "-" "msnbot/2.0b (+http://search.msn.com/msnbot.htm)"
65.55.211.166 - - [21/Jul/2009:12:47:33 +0200] "GET / HTTP/1.1" 200 7869 "-" "msnbot/1.1 (+http://search.msn.com/msnbot.htm)"
65.55.106.185 - - [21/Jul/2009:12:51:49 +0200] "GET /robots.txt HTTP/1.1" 200 64 "-" "msnbot/2.0b (+http://search.msn.com/msnbot.htm)"
65.55.106.185 - - [21/Jul/2009:13:00:34 +0200] "GET /zampa/montenegro/MILOW.html HTTP/1.1" 200 860 "-" "msnbot/2.0b (+http://search.msn.com/msnbot.htm)"
65.55.211.167 - - [21/Jul/2009:13:05:46 +0200] "GET /robots.txt HTTP/1.1" 200 64 "-" "msnbot/1.1 (+http://search.msn.com/msnbot.htm)"
65.55.211.167 - - [21/Jul/2009:13:05:47 +0200] "GET /f-web.html HTTP/1.1" 200 13605 "-" "msnbot/1.1 (+http://search.msn.com/msnbot.htm)"
65.55.106.118 - - [21/Jul/2009:13:08:16 +0200] "GET /neon/click.html HTTP/1.1" 200 521 "-" "msnbot/2.0b (+http://search.msn.com/msnbot.htm)"
77.88.28.248 - - [21/Jul/2009:14:13:31 +0200] "GET /robots.txt HTTP/1.1" 200 64 "-" "Yandex/1.01.001 (compatible; Win16; I)"
62.195.94.3 - - [21/Jul/2009:14:15:25 +0200] "GET /logs/usage_200704.html HTTP/1.1" 404 2748 "http://www.kantoorruimte-alkmaar.com/" "Mozilla/4.0 (compatible; MSIE 5.5; Windows 98)"
62.195.94.3 - - [21/Jul/2009:14:15:25 +0200] "GET /logs/usage_200704.html HTTP/1.1" 404 2748 "http://www.kantoorruimte-alkmaar.com/" "Mozilla/4.0 (compatible; MSIE 5.5; Windows 98)"
62.195.94.3 - - [21/Jul/2009:14:15:26 +0200] "GET /logs/usage_200704.html HTTP/1.1" 404 2748 "http://www.kantoorruimte-alkmaar.com/" "Mozilla/4.0 (compatible; MSIE 5.5; Windows 98)"
62.195.94.3 - - [21/Jul/2009:14:15:26 +0200] "GET /logs/usage_200704.html HTTP/1.1" 404 2748 "http://www.kantoorruimte-alkmaar.com/" "Mozilla/4.0 (compatible; MSIE 5.5; Windows 98)"
62.195.94.3 - - [21/Jul/2009:14:15:26 +0200] "GET /logs/usage_200704.html HTTP/1.1" 404 2748 "http://www.kantoorruimte-alkmaar.com/" "Mozilla/4.0 (compatible; MSIE 5.5; Windows 98)"
62.195.94.3 - - [21/Jul/2009:14:15:26 +0200] "GET /logs/usage_200704.html HTTP/1.1" 404 2748 "http://www.kantoorruimte-alkmaar.com/" "Mozilla/4.0 (compatible; MSIE 5.5; Windows 98)"
62.195.94.3 - - [21/Jul/2009:14:15:26 +0200] "GET /logs/usage_200704.html HTTP/1.1" 404 2748 "http://www.kantoorruimte-alkmaar.com/" "Mozilla/4.0 (compatible; MSIE 5.5; Windows 98)"
62.195.94.3 - - [21/Jul/2009:14:15:27 +0200] "GET /logs/usage_200704.html HTTP/1.1" 404 2748 "http://www.kantoorruimte-alkmaar.com/" "Mozilla/4.0 (compatible; MSIE 5.5; Windows 98)"
62.195.94.3 - - [21/Jul/2009:14:15:27 +0200] "GET /logs/usage_200704.html HTTP/1.1" 404 2748 "http://www.kantoorruimte-alkmaar.com/" "Mozilla/4.0 (compatible; MSIE 5.5; Windows 98)"
62.195.94.3 - - [21/Jul/2009:14:15:27 +0200] "GET /logs/usage_200704.html HTTP/1.1" 404 2748 "http://www.kantoorruimte-alkmaar.com/" "Mozilla/4.0 (compatible; MSIE 5.5; Windows 98)"
62.195.94.3 - - [21/Jul/2009:14:15:27 +0200] "GET /logs/usage_200704.html HTTP/1.1" 404 2748 "http://www.kantoorruimte-alkmaar.com/" "Mozilla/4.0 (compatible; MSIE 5.5; Windows 98)"
62.195.94.3 - - [21/Jul/2009:14:15:27 +0200] "GET /logs/usage_200704.html HTTP/1.1" 404 2748 "http://www.kantoorruimte-alkmaar.com/" "Mozilla/4.0 (compatible; MSIE 5.5; Windows 98)"
62.195.94.3 - - [21/Jul/2009:14:15:28 +0200] "GET /logs/usage_200704.html HTTP/1.1" 404 2748 "http://www.kantoorruimte-alkmaar.com/" "Mozilla/4.0 (compatible; MSIE 5.5; Windows 98)"
62.195.94.3 - - [21/Jul/2009:14:15:28 +0200] "GET /logs/usage_200704.html HTTP/1.1" 404 2748 "http://www.kantoorruimte-alkmaar.com/" "Mozilla/4.0 (compatible; MSIE 5.5; Windows 98)"
62.195.94.3 - - [21/Jul/2009:14:15:28 +0200] "GET /logs/usage_200704.html HTTP/1.1" 404 2748 "http://www.kantoorruimte-alkmaar.com/" "Mozilla/4.0 (compatible; MSIE 5.5; Windows 98)"
62.195.94.3 - - [21/Jul/2009:14:15:28 +0200] "GET /logs/usage_200704.html HTTP/1.1" 404 2748 "http://www.kantoorruimte-alkmaar.com/" "Mozilla/4.0 (compatible; MSIE 5.5; Windows 98)"
62.195.94.3 - - [21/Jul/2009:14:15:28 +0200] "GET /logs/usage_200704.html HTTP/1.1" 404 2748 "http://www.kantoorruimte-alkmaar.com/" "Mozilla/4.0 (compatible; MSIE 5.5; Windows 98)"
62.195.94.3 - - [21/Jul/2009:14:15:28 +0200] "GET /logs/usage_200704.html HTTP/1.1" 404 2748 "http://www.kantoorruimte-alkmaar.com/" "Mozilla/4.0 (compatible; MSIE 5.5; Windows 98)"
62.195.94.3 - - [21/Jul/2009:14:15:28 +0200] "GET /logs/usage_200704.html HTTP/1.1" 404 2748 "http://www.kantoorruimte-alkmaar.com/" "Mozilla/4.0 (compatible; MSIE 5.5; Windows 98)"
