66.249.72.227 - - [08/Jul/2009:22:09:23 +0200] "GET /framez-sponsor.html HTTP/1.1" 200 4325 "-" "Mozilla/5.0 (compatible; Googlebot/2.1; +http://www.google.com/bot.html)"
66.249.72.227 - - [08/Jul/2009:22:52:05 +0200] "GET /framez-actions.html HTTP/1.1" 200 4322 "-" "Mozilla/5.0 (compatible; Googlebot/2.1; +http://www.google.com/bot.html)"
65.55.109.141 - - [08/Jul/2009:23:07:35 +0200] "GET /f-logz_old.html HTTP/1.1" 200 43773 "http://search.live.com/results.aspx?q=various" "Mozilla/4.0 (compatible; MSIE 6.0; Windows NT 5.1; SLCC1; .NET CLR 1.1.4325; .NET CLR 2.0.50727; .NET CLR 3.0.04506.648)"
66.249.72.227 - - [08/Jul/2009:23:09:16 +0200] "GET /logs/usage_200904.html HTTP/1.1" 200 166595 "-" "Mozilla/5.0 (compatible; Googlebot/2.1; +http://www.google.com/bot.html)"
66.249.72.227 - - [08/Jul/2009:23:17:48 +0200] "GET /zampa/wonderland/ HTTP/1.1" 200 2084 "-" "Mozilla/5.0 (compatible; Googlebot/2.1; +http://www.google.com/bot.html)"
66.249.72.227 - - [08/Jul/2009:23:34:52 +0200] "GET /bmpp/euro_pal_111.html HTTP/1.1" 200 2129 "-" "Mozilla/5.0 (compatible; Googlebot/2.1; +http://www.google.com/bot.html)"
65.55.107.180 - - [08/Jul/2009:23:47:55 +0200] "GET /robots.txt HTTP/1.1" 302 363 "-" "msnbot/2.0b (+http://search.msn.com/msnbot.htm)"
65.55.107.180 - - [08/Jul/2009:23:47:55 +0200] "GET /zampa/robots.txt HTTP/1.1" 404 2748 "-" "msnbot/2.0b (+http://search.msn.com/msnbot.htm)"
66.249.72.227 - - [08/Jul/2009:23:52:03 +0200] "GET /schubb/schubb-1.html HTTP/1.1" 200 9070 "-" "Mozilla/5.0 (compatible; Googlebot/2.1; +http://www.google.com/bot.html)"
174.37.196.178 - - [09/Jul/2009:00:02:32 +0200] "GET /schubb/schubb-5.html HTTP/1.0" 200 72944 "http://www.various-euro.com/schubb/schubb-5.html" "Mozilla/4.0 (compatible; MSIE 6.0; Windows NT 5.2; Win64; AMD64)"
62.87.227.190 - - [09/Jul/2009:00:08:14 +0200] "GET / HTTP/1.1" 200 7869 "http://carmanuals.0fees.net/" "Mozilla/4.0 (compatible; MSIE 5.5; Windows 98)"
66.249.72.227 - - [09/Jul/2009:00:09:07 +0200] "GET /f-sponsor.html HTTP/1.1" 200 8578 "-" "Mozilla/5.0 (compatible; Googlebot/2.1; +http://www.google.com/bot.html)"
72.14.199.8 - - [09/Jul/2009:00:28:12 +0200] "GET / HTTP/1.1" 302 353 "-" "Feedfetcher-Google; (+http://www.google.com/feedfetcher.html; 1 subscribers; feed-id=5454548576667470243)"
72.14.199.85 - - [09/Jul/2009:00:28:12 +0200] "GET /zampa/ HTTP/1.1" 200 7153 "-" "Feedfetcher-Google; (+http://www.google.com/feedfetcher.html; 1 subscribers; feed-id=5454548576667470243)"
74.6.18.253 - - [09/Jul/2009:00:43:23 +0200] "GET /robots.txt HTTP/1.0" 200 64 "-" "Mozilla/5.0 (compatible; Yahoo! Slurp; http://help.yahoo.com/help/us/ysearch/slurp)"
74.6.18.253 - - [09/Jul/2009:00:43:23 +0200] "GET /bmpp/18_x.html HTTP/1.0" 200 1100 "-" "Mozilla/5.0 (compatible; Yahoo! Slurp/3.0; http://help.yahoo.com/help/us/ysearch/slurp)"
79.101.201.190 - - [09/Jul/2009:00:52:49 +0200] "GET / HTTP/1.1" 302 353 "http://www.google.com/search?hl=en&q=zampa+dileone&aq=f&oq=&aqi=&fp=_HUdW9kY9Oc" "Mozilla/5.0 (Windows; U; Windows NT 5.1; en-GB; rv:1.9.0.11) Gecko/2009060215 Firefox/3.0.11"
79.101.201.190 - - [09/Jul/2009:00:52:50 +0200] "GET /zampa/ HTTP/1.1" 200 7153 "http://www.google.com/search?hl=en&q=zampa+dileone&aq=f&oq=&aqi=&fp=_HUdW9kY9Oc" "Mozilla/5.0 (Windows; U; Windows NT 5.1; en-GB; rv:1.9.0.11) Gecko/2009060215 Firefox/3.0.11"
79.101.201.190 - - [09/Jul/2009:00:52:53 +0200] "GET / HTTP/1.1" 302 353 "http://www.google.com/search?hl=en&ei=QCNVSsCBIZjcmgO40MCyBw&sa=X&oi=spell&resnum=0&ct=result&cd=1&q=zampa+di+leone&spell=1&fp=RI_jJwIhkws" "Mozilla/5.0 (Windows; U; Windows NT 5.1; en-GB; rv:1.9.0.11) Gecko/2009060215 Firefox/3.0.11"
79.101.201.190 - - [09/Jul/2009:00:52:53 +0200] "GET /zampa/ HTTP/1.1" 200 7153 "http://www.google.com/search?hl=en&ei=QCNVSsCBIZjcmgO40MCyBw&sa=X&oi=spell&resnum=0&ct=result&cd=1&q=zampa+di+leone&spell=1&fp=RI_jJwIhkws" "Mozilla/5.0 (Windows; U; Windows NT 5.1; en-GB; rv:1.9.0.11) Gecko/2009060215 Firefox/3.0.11"
79.101.201.190 - - [09/Jul/2009:00:52:54 +0200] "GET / HTTP/1.1" 302 353 "http://www.google.com/url?sa=t&source=web&ct=res&cd=1&url=http%3A%2F%2Fzampa.various-euro.com%2F&ei=RCNVSvBtmqSdA-_g_aQN&rct=j&q=zampa+di+leone&usg=AFQjCNFG8lnSpgFHWkUVI0gdy1QBO70aGw&sig2=GuViaQOGExCpcLfmMvWJyA" "Mozilla/5.0 (Windows; U; Windows NT 5.1; en-GB; rv:1.9.0.11) Gecko/2009060215 Firefox/3.0.11"
79.101.201.190 - - [09/Jul/2009:00:52:54 +0200] "GET /zampa/ HTTP/1.1" 200 7153 "http://www.google.com/url?sa=t&source=web&ct=res&cd=1&url=http%3A%2F%2Fzampa.various-euro.com%2F&ei=RCNVSvBtmqSdA-_g_aQN&rct=j&q=zampa+di+leone&usg=AFQjCNFG8lnSpgFHWkUVI0gdy1QBO70aGw&sig2=GuViaQOGExCpcLfmMvWJyA" "Mozilla/5.0 (Windows; U; Windows NT 5.1; en-GB; rv:1.9.0.11) Gecko/2009060215 Firefox/3.0.11"
79.101.201.190 - - [09/Jul/2009:00:52:55 +0200] "GET /zampa/slike/zampa.gif HTTP/1.1" 200 5310 "http://www.various-euro.com/zampa/" "Mozilla/5.0 (Windows; U; Windows NT 5.1; en-GB; rv:1.9.0.11) Gecko/2009060215 Firefox/3.0.11"
79.101.201.190 - - [09/Jul/2009:00:52:55 +0200] "GET /zampa/slike/udupetu.gif HTTP/1.1" 200 4138 "http://www.various-euro.com/zampa/" "Mozilla/5.0 (Windows; U; Windows NT 5.1; en-GB; rv:1.9.0.11) Gecko/2009060215 Firefox/3.0.11"
79.101.201.190 - - [09/Jul/2009:00:52:55 +0200] "GET /zampa/slike/inthearse.gif HTTP/1.1" 200 4077 "http://www.various-euro.com/zampa/" "Mozilla/5.0 (Windows; U; Windows NT 5.1; en-GB; rv:1.9.0.11) Gecko/2009060215 Firefox/3.0.11"
79.101.201.190 - - [09/Jul/2009:00:52:56 +0200] "GET /favicon.ico HTTP/1.1" 404 2748 "-" "Mozilla/5.0 (Windows; U; Windows NT 5.1; en-GB; rv:1.9.0.11) Gecko/2009060215 Firefox/3.0.11"
79.101.201.190 - - [09/Jul/2009:00:52:59 +0200] "GET /favicon.ico HTTP/1.1" 404 2748 "-" "Mozilla/5.0 (Windows; U; Windows NT 5.1; en-GB; rv:1.9.0.11) Gecko/2009060215 Firefox/3.0.11"
75.33.201.14 - - [09/Jul/2009:01:29:56 +0200] "GET / HTTP/1.1" 200 7869 "-" "Mozilla/4.0 (compatible; MSIE 7.0b; Windows NT 5.1; .NET CLR 1.1.4322; .NET CLR 2.0.40607)"
65.55.51.70 - - [09/Jul/2009:02:04:32 +0200] "GET /robots.txt HTTP/1.1" 302 363 "-" "msnbot/2.0b (+http://search.msn.com/msnbot.htm)"
65.55.51.70 - - [09/Jul/2009:02:04:33 +0200] "GET /zampa/robots.txt HTTP/1.1" 404 2748 "-" "msnbot/2.0b (+http://search.msn.com/msnbot.htm)"
193.252.149.16 - - [09/Jul/2009:02:19:28 +0200] "GET /neon/girl-tv.html HTTP/1.1" 200 1717 "-" "Mozilla/5.0 (Windows; U; Windows NT 5.1; fr; rv:1.8.1) VoilaBot BETA 1.2 (support.voilabot@orange-ftgroup.com)"
74.75.216.61 - - [09/Jul/2009:02:24:08 +0200] "GET / HTTP/1.1" 200 7869 "http://www.randomwebsite.com/" "Mozilla/5.0 (Windows; U; Windows NT 5.1; en-US; rv:1.9.0.11) Gecko/2009060215 Firefox/3.0.11"
64.88.164.198 - - [09/Jul/2009:02:30:49 +0200] "GET /robots.txt HTTP/1.1" 200 64 "-" "SapphireWebCrawler/1.0 (Sapphire Web Crawler using Nutch; http://boston.lti.cs.cmu.edu/crawler/; mhoy@cs.cmu.edu)"
64.88.164.198 - - [09/Jul/2009:02:30:49 +0200] "GET /DgH/bull/pict/Bull-DgH01.jpg HTTP/1.1" 200 9010 "-" "SapphireWebCrawler/1.0 (Sapphire Web Crawler using Nutch; http://boston.lti.cs.cmu.edu/crawler/; mhoy@cs.cmu.edu)"
123.125.66.20 - - [09/Jul/2009:02:44:53 +0200] "GET /robots.txt HTTP/1.1" 200 64 "-" "Baiduspider+(+http://www.baidu.com/search/spider.htm)"
65.55.106.170 - - [09/Jul/2009:02:58:28 +0200] "GET /robots.txt HTTP/1.1" 200 64 "-" "msnbot/2.0b (+http://search.msn.com/msnbot.htm)"
98.213.34.148 - - [09/Jul/2009:03:03:02 +0200] "POST /cgi-bin/sblogin/report/usermanage.cgi? HTTP/1.1" 404 2748 "http://various-euro.com/cgi-bin/sblogin/report/usermanage.cgi?" "Mozilla/4.0 (compatible; MSIE 6.0; Windows NT 5.1)"
65.55.106.137 - - [09/Jul/2009:03:05:58 +0200] "GET /f-web.html HTTP/1.1" 200 13605 "-" "msnbot/2.0b (+http://search.msn.com/msnbot.htm)"
66.249.72.227 - - [09/Jul/2009:03:08:40 +0200] "GET /f-actions.html HTTP/1.1" 200 11686 "-" "Mozilla/5.0 (compatible; Googlebot/2.1; +http://www.google.com/bot.html)"
65.55.106.135 - - [09/Jul/2009:03:11:59 +0200] "GET /frame-inhalt.html HTTP/1.1" 200 7688 "-" "msnbot/2.0b (+http://search.msn.com/msnbot.htm)"
77.23.217.176 - - [09/Jul/2009:03:26:38 +0200] "GET /framez-schubb5.html HTTP/1.0" 200 4330 "http://www.various-euro.com/framez-schubb5.html" "Mozilla/4.0 (compatible; MSIE 6.0; Windows NT 5.1) Opera 7.54 [en]"
77.23.217.176 - - [09/Jul/2009:03:26:40 +0200] "GET /frame-menu.html HTTP/1.0" 200 10500 "http://www.various-euro.com/frame-menu.html" "Mozilla/4.0 (compatible; MSIE 6.0; Windows NT 5.1) Opera 7.54 [en]"
77.23.217.176 - - [09/Jul/2009:03:26:42 +0200] "GET /schubb/schubb-5.html HTTP/1.0" 200 72944 "http://www.various-euro.com/schubb/schubb-5.html" "Mozilla/4.0 (compatible; MSIE 6.0; Windows NT 5.1) Opera 7.54 [en]"
77.23.217.176 - - [09/Jul/2009:03:26:43 +0200] "GET /frame-unten.html HTTP/1.0" 200 5308 "http://www.various-euro.com/frame-unten.html" "Mozilla/4.0 (compatible; MSIE 6.0; Windows NT 5.1) Opera 7.54 [en]"
72.14.199.8 - - [09/Jul/2009:03:28:22 +0200] "GET / HTTP/1.1" 302 353 "-" "Feedfetcher-Google; (+http://www.google.com/feedfetcher.html; 1 subscribers; feed-id=5454548576667470243)"
65.55.106.210 - - [09/Jul/2009:03:31:34 +0200] "GET /robots.txt HTTP/1.1" 200 64 "-" "msnbot/2.0b (+http://search.msn.com/msnbot.htm)"
65.55.106.210 - - [09/Jul/2009:03:38:28 +0200] "GET / HTTP/1.1" 200 7869 "-" "msnbot/2.0b (+http://search.msn.com/msnbot.htm)"
66.235.124.132 - - [09/Jul/2009:03:55:56 +0200] "GET /robots.txt HTTP/1.1" 200 64 "-" "-"
66.235.124.132 - - [09/Jul/2009:03:55:57 +0200] "GET /f-world.html HTTP/1.1" 200 35590 "-" "Mozilla/5.0 (X11; U; Linux i686; en-US; rv:1.9a1) Gecko/20070308 Minefield/3.0a1"
66.235.124.132 - - [09/Jul/2009:03:56:04 +0200] "GET /framez-world.html HTTP/1.1" 200 4325 "http://www.various-euro.com/f-world.html" "Mozilla/5.0 (X11; U; Linux i686; en-US; rv:1.9a1) Gecko/20070308 Minefield/3.0a1"
66.235.124.132 - - [09/Jul/2009:03:56:05 +0200] "GET /frame-menu.html HTTP/1.1" 200 10500 "http://www.various-euro.com/framez-world.html" "Mozilla/5.0 (X11; U; Linux i686; en-US; rv:1.9a1) Gecko/20070308 Minefield/3.0a1"
66.235.124.132 - - [09/Jul/2009:03:56:05 +0200] "GET /f-world.html HTTP/1.1" 200 35590 "http://www.various-euro.com/framez-world.html" "Mozilla/5.0 (X11; U; Linux i686; en-US; rv:1.9a1) Gecko/20070308 Minefield/3.0a1"
66.235.124.132 - - [09/Jul/2009:03:56:05 +0200] "GET /frame-unten.html HTTP/1.1" 200 5308 "http://www.various-euro.com/framez-world.html" "Mozilla/5.0 (X11; U; Linux i686; en-US; rv:1.9a1) Gecko/20070308 Minefield/3.0a1"
66.235.124.132 - - [09/Jul/2009:03:56:05 +0200] "GET /style/various-euro.css HTTP/1.1" 200 3437 "http://www.various-euro.com/frame-menu.html" "Mozilla/5.0 (X11; U; Linux i686; en-US; rv:1.9a1) Gecko/20070308 Minefield/3.0a1"
66.235.124.132 - - [09/Jul/2009:03:56:05 +0200] "GET /bannerz/ve.jpg HTTP/1.1" 200 36912 "http://www.various-euro.com/frame-unten.html" "Mozilla/5.0 (X11; U; Linux i686; en-US; rv:1.9a1) Gecko/20070308 Minefield/3.0a1"
66.235.124.132 - - [09/Jul/2009:03:56:05 +0200] "GET /bannerz/various-euro-girl.jpg HTTP/1.1" 200 91514 "http://www.various-euro.com/frame-unten.html" "Mozilla/5.0 (X11; U; Linux i686; en-US; rv:1.9a1) Gecko/20070308 Minefield/3.0a1"
74.6.18.253 - - [09/Jul/2009:04:00:38 +0200] "GET /frame-unten.html HTTP/1.0" 200 5308 "-" "Mozilla/5.0 (compatible; Yahoo! Slurp/3.0; http://help.yahoo.com/help/us/ysearch/slurp)"
65.55.106.213 - - [09/Jul/2009:04:01:08 +0200] "GET /framez.html HTTP/1.1" 200 3959 "-" "msnbot/2.0b (+http://search.msn.com/msnbot.htm)"
81.52.143.32 - - [09/Jul/2009:04:24:27 +0200] "GET /schubb/schubb-2.html HTTP/1.1" 200 16660 "-" "Mozilla/5.0 (Windows; U; Windows NT 5.1; fr; rv:1.8.1) VoilaBot BETA 1.2 (support.voilabot@orange-ftgroup.com)"
193.252.149.15 - - [09/Jul/2009:04:52:41 +0200] "GET /bmpp/18start.html HTTP/1.1" 200 320 "-" "Mozilla/5.0 (Windows; U; Windows NT 5.1; fr; rv:1.8.1) VoilaBot BETA 1.2 (support.voilabot@orange-ftgroup.com)"
74.6.18.253 - - [09/Jul/2009:04:58:20 +0200] "GET /f-search.html HTTP/1.0" 200 11800 "-" "Mozilla/5.0 (compatible; Yahoo! Slurp/3.0; http://help.yahoo.com/help/us/ysearch/slurp)"
66.235.124.4 - - [09/Jul/2009:05:36:12 +0200] "GET /framez.html HTTP/1.1" 200 3959 "-" "Mozilla/5.0 (compatible; Ask Jeeves/Teoma; +http://about.ask.com/en/docs/about/webmasters.shtml)"
66.235.124.4 - - [09/Jul/2009:05:36:12 +0200] "GET /frame-menu.html HTTP/1.1" 200 10500 "-" "Mozilla/5.0 (compatible; Ask Jeeves/Teoma; +http://about.ask.com/en/docs/about/webmasters.shtml)"
66.235.124.4 - - [09/Jul/2009:05:36:12 +0200] "GET /frame-inhalt.html HTTP/1.1" 200 7688 "-" "Mozilla/5.0 (compatible; Ask Jeeves/Teoma; +http://about.ask.com/en/docs/about/webmasters.shtml)"
66.235.124.4 - - [09/Jul/2009:05:36:13 +0200] "GET /frame-unten.html HTTP/1.1" 200 5308 "-" "Mozilla/5.0 (compatible; Ask Jeeves/Teoma; +http://about.ask.com/en/docs/about/webmasters.shtml)"
193.252.149.16 - - [09/Jul/2009:05:39:17 +0200] "GET /DgH/rampe/index.html HTTP/1.1" 200 2056 "-" "Mozilla/5.0 (Windows; U; Windows NT 5.1; fr; rv:1.8.1) VoilaBot BETA 1.2 (support.voilabot@orange-ftgroup.com)"
66.235.124.4 - - [09/Jul/2009:05:39:44 +0200] "GET / HTTP/1.1" 200 7869 "-" "Mozilla/5.0 (compatible; Ask Jeeves/Teoma; +http://about.ask.com/en/docs/about/webmasters.shtml)"
66.235.124.61 - - [09/Jul/2009:05:39:48 +0200] "GET /framez_0.html HTTP/1.1" 200 12285 "-" "Mozilla/5.0 (compatible; Ask Jeeves/Teoma; +http://about.ask.com/en/docs/about/webmasters.shtml)"
193.252.149.14 - - [09/Jul/2009:05:56:46 +0200] "GET /DgH/ HTTP/1.1" 200 5024 "-" "Mozilla/5.0 (Windows; U; Windows NT 5.1; fr; rv:1.8.1) VoilaBot BETA 1.2 (support.voilabot@orange-ftgroup.com)"
72.14.199.85 - - [09/Jul/2009:06:28:03 +0200] "GET /zampa/ HTTP/1.1" 200 7153 "-" "Feedfetcher-Google; (+http://www.google.com/feedfetcher.html; 1 subscribers; feed-id=5454548576667470243)"
74.6.18.253 - - [09/Jul/2009:06:53:26 +0200] "GET /bmpp/euro_pal_111.html HTTP/1.0" 200 2129 "-" "Mozilla/5.0 (compatible; Yahoo! Slurp/3.0; http://help.yahoo.com/help/us/ysearch/slurp)"
66.249.72.227 - - [09/Jul/2009:07:11:18 +0200] "GET /bmpp/euro_pal_1.html HTTP/1.1" 200 18252 "-" "Mozilla/5.0 (compatible; Googlebot/2.1; +http://www.google.com/bot.html)"
65.55.106.234 - - [09/Jul/2009:07:26:41 +0200] "GET /robots.txt HTTP/1.1" 200 64 "-" "msnbot/2.0b (+http://search.msn.com/msnbot.htm)"
84.173.109.95 - - [09/Jul/2009:07:27:27 +0200] "GET /framez-zampa-lovers.html HTTP/1.0" 200 4322 "-" "Mozilla/3.0 (compatible)"
65.55.106.173 - - [09/Jul/2009:07:42:46 +0200] "GET /framez-girlz.html HTTP/1.1" 200 4271 "-" "msnbot/2.0b (+http://search.msn.com/msnbot.htm)"
65.55.106.167 - - [09/Jul/2009:07:43:54 +0200] "GET /robots.txt HTTP/1.1" 302 363 "-" "msnbot/2.0b (+http://search.msn.com/msnbot.htm)"
65.55.106.167 - - [09/Jul/2009:07:43:54 +0200] "GET /zampa/robots.txt HTTP/1.1" 404 2748 "-" "msnbot/2.0b (+http://search.msn.com/msnbot.htm)"
193.252.149.14 - - [09/Jul/2009:07:53:07 +0200] "GET /neon/sushi.html HTTP/1.1" 200 687 "-" "Mozilla/5.0 (Windows; U; Windows NT 5.1; fr; rv:1.8.1) VoilaBot BETA 1.2 (support.voilabot@orange-ftgroup.com)"
98.213.34.148 - - [09/Jul/2009:07:56:17 +0200] "POST /cgi-bin/adduser.cgi HTTP/1.1" 404 2748 "http://various-euro.com/cgi-bin/adduser.cgi" "Mozilla/4.0 (compatible; MSIE 6.0; Windows NT 5.1)"
71.41.201.38 - - [09/Jul/2009:08:13:11 +0200] "GET /robots.txt HTTP/1.1" 200 64 "-" "MLBot (www.metadatalabs.com/mlbot)"
71.41.201.38 - - [09/Jul/2009:08:13:11 +0200] "GET / HTTP/1.1" 200 7869 "-" "MLBot (www.metadatalabs.com/mlbot)"
193.252.118.175 - - [09/Jul/2009:08:17:01 +0200] "GET /bmpp/euro_pal_111.html HTTP/1.1" 200 2129 "-" "Mozilla/5.0 (Windows; U; Windows NT 5.1; fr; rv:1.8.1) VoilaBot BETA 1.2 (support.voilabot@orange-ftgroup.com)"
81.52.143.33 - - [09/Jul/2009:08:33:21 +0200] "GET /neon/girlz2.html HTTP/1.1" 200 2937 "-" "Mozilla/5.0 (Windows; U; Windows NT 5.1; fr; rv:1.8.1) VoilaBot BETA 1.2 (support.voilabot@orange-ftgroup.com)"
81.52.143.33 - - [09/Jul/2009:08:39:07 +0200] "GET /schubb/schubb-1.html HTTP/1.1" 200 9070 "-" "Mozilla/5.0 (Windows; U; Windows NT 5.1; fr; rv:1.8.1) VoilaBot BETA 1.2 (support.voilabot@orange-ftgroup.com)"
65.55.106.171 - - [09/Jul/2009:08:49:47 +0200] "GET /robots.txt HTTP/1.1" 302 363 "-" "msnbot/2.0b (+http://search.msn.com/msnbot.htm)"
65.55.106.171 - - [09/Jul/2009:08:49:47 +0200] "GET /zampa/robots.txt HTTP/1.1" 404 2748 "-" "msnbot/2.0b (+http://search.msn.com/msnbot.htm)"
66.249.72.227 - - [09/Jul/2009:09:22:03 +0200] "GET /partnergegenberlin.html HTTP/1.1" 200 5022 "-" "Mozilla/5.0 (compatible; Googlebot/2.1; +http://www.google.com/bot.html)"
72.14.199.8 - - [09/Jul/2009:09:28:07 +0200] "GET / HTTP/1.1" 302 353 "-" "Feedfetcher-Google; (+http://www.google.com/feedfetcher.html; 1 subscribers; feed-id=5454548576667470243)"
72.14.199.85 - - [09/Jul/2009:09:28:09 +0200] "GET /zampa/ HTTP/1.1" 200 7153 "-" "Feedfetcher-Google; (+http://www.google.com/feedfetcher.html; 1 subscribers; feed-id=5454548576667470243)"
64.246.165.210 - - [09/Jul/2009:09:31:06 +0200] "GET /robots.txt HTTP/1.0" 200 64 "http://www.whois.sc/" "SurveyBot/2.3 (Whois Source)"
64.246.165.210 - - [09/Jul/2009:09:31:06 +0200] "GET / HTTP/1.1" 206 7869 "http://whois.domaintools.com/various-euro.com" "SurveyBot/2.3 (Whois Source)"
193.252.118.173 - - [09/Jul/2009:09:37:39 +0200] "GET /neon/euro.html HTTP/1.1" 200 2212 "-" "Mozilla/5.0 (Windows; U; Windows NT 5.1; fr; rv:1.8.1) VoilaBot BETA 1.2 (support.voilabot@orange-ftgroup.com)"
81.52.143.16 - - [09/Jul/2009:09:42:26 +0200] "GET /bmpp/18_x.html HTTP/1.1" 200 1100 "-" "Mozilla/5.0 (Windows; U; Windows NT 5.1; fr; rv:1.8.1) VoilaBot BETA 1.2 (support.voilabot@orange-ftgroup.com)"
65.55.106.240 - - [09/Jul/2009:09:47:16 +0200] "GET /robots.txt HTTP/1.1" 200 64 "-" "msnbot/2.0b (+http://search.msn.com/msnbot.htm)"
65.55.211.163 - - [09/Jul/2009:10:11:36 +0200] "GET /robots.txt HTTP/1.1" 200 64 "-" "msnbot/1.1 (+http://search.msn.com/msnbot.htm)"
65.55.211.163 - - [09/Jul/2009:10:11:36 +0200] "GET /schubb/schubb-2.html HTTP/1.1" 200 16660 "-" "msnbot/1.1 (+http://search.msn.com/msnbot.htm)"
66.249.72.227 - - [09/Jul/2009:10:19:15 +0200] "GET /robots.txt HTTP/1.1" 302 363 "-" "Mozilla/5.0 (compatible; Googlebot/2.1; +http://www.google.com/bot.html)"
66.249.72.227 - - [09/Jul/2009:10:19:15 +0200] "GET /zampa/robots.txt HTTP/1.1" 404 2748 "-" "Mozilla/5.0 (compatible; Googlebot/2.1; +http://www.google.com/bot.html)"
66.249.72.227 - - [09/Jul/2009:10:19:15 +0200] "GET /lybia/index.html HTTP/1.1" 302 369 "-" "Mozilla/5.0 (compatible; Googlebot/2.1; +http://www.google.com/bot.html)"
66.249.72.227 - - [09/Jul/2009:10:19:15 +0200] "GET /zampa/lybia/index.html HTTP/1.1" 200 3036 "-" "Mozilla/5.0 (compatible; Googlebot/2.1; +http://www.google.com/bot.html)"
74.6.18.253 - - [09/Jul/2009:10:42:08 +0200] "GET /robots.txt HTTP/1.0" 200 64 "-" "Mozilla/5.0 (compatible; Yahoo! Slurp; http://help.yahoo.com/help/us/ysearch/slurp)"
74.6.18.253 - - [09/Jul/2009:10:42:08 +0200] "GET /frame-inhalt.html HTTP/1.0" 200 7688 "-" "Mozilla/5.0 (compatible; Yahoo! Slurp/3.0; http://help.yahoo.com/help/us/ysearch/slurp)"
74.6.18.253 - - [09/Jul/2009:10:42:09 +0200] "GET /style/various-euro.css HTTP/1.0" 304 - "http://www.various-euro.com/frame-inhalt.html" "Mozilla/5.0 (compatible; Yahoo! Slurp/3.0; http://help.yahoo.com/help/us/ysearch/slurp)"
66.249.72.227 - - [09/Jul/2009:10:43:44 +0200] "GET /bmpp/flyer_cut3TT.html HTTP/1.1" 200 20277 "-" "Mozilla/5.0 (compatible; Googlebot/2.1; +http://www.google.com/bot.html)"
74.6.18.253 - - [09/Jul/2009:10:53:10 +0200] "GET /framez.html HTTP/1.0" 200 3959 "-" "Mozilla/5.0 (compatible; Yahoo! Slurp/3.0; http://help.yahoo.com/help/us/ysearch/slurp)"
74.6.18.253 - - [09/Jul/2009:10:53:19 +0200] "GET /frame-unten.html HTTP/1.0" 200 5308 "http://www.various-euro.com/framez.html" "Mozilla/5.0 (compatible; Yahoo! Slurp/3.0; http://help.yahoo.com/help/us/ysearch/slurp)"
74.6.18.253 - - [09/Jul/2009:10:53:19 +0200] "GET /frame-menu.html HTTP/1.0" 200 10500 "http://www.various-euro.com/framez.html" "Mozilla/5.0 (compatible; Yahoo! Slurp/3.0; http://help.yahoo.com/help/us/ysearch/slurp)"
74.6.18.253 - - [09/Jul/2009:11:02:48 +0200] "GET /partnergegenberlin.html HTTP/1.0" 200 5022 "-" "Mozilla/5.0 (compatible; Yahoo! Slurp/3.0; http://help.yahoo.com/help/us/ysearch/slurp)"
65.55.106.117 - - [09/Jul/2009:11:03:44 +0200] "GET /robots.txt HTTP/1.1" 200 64 "-" "msnbot/2.0b (+http://search.msn.com/msnbot.htm)"
65.55.106.117 - - [09/Jul/2009:11:06:06 +0200] "GET /neon/euro.html HTTP/1.1" 200 2212 "-" "msnbot/2.0b (+http://search.msn.com/msnbot.htm)"
65.55.106.194 - - [09/Jul/2009:11:12:41 +0200] "GET /robots.txt HTTP/1.1" 200 64 "-" "msnbot/2.0b (+http://search.msn.com/msnbot.htm)"
81.52.143.34 - - [09/Jul/2009:11:13:44 +0200] "GET /neon/warning.html HTTP/1.1" 200 5134 "-" "Mozilla/5.0 (Windows; U; Windows NT 5.1; fr; rv:1.8.1) VoilaBot BETA 1.2 (support.voilabot@orange-ftgroup.com)"
65.55.106.194 - - [09/Jul/2009:11:15:01 +0200] "GET /zampa/montenegro/contributions.html HTTP/1.1" 200 18843 "-" "msnbot/2.0b (+http://search.msn.com/msnbot.htm)"
66.249.72.227 - - [09/Jul/2009:11:24:37 +0200] "GET /neon/code.html HTTP/1.1" 200 1109 "-" "Mozilla/5.0 (compatible; Googlebot/2.1; +http://www.google.com/bot.html)"
65.55.106.211 - - [09/Jul/2009:11:46:50 +0200] "GET /robots.txt HTTP/1.1" 200 64 "-" "msnbot/2.0b (+http://search.msn.com/msnbot.htm)"
66.249.72.227 - - [09/Jul/2009:12:04:04 +0200] "GET /logs/usage_200907.html HTTP/1.1" 404 2748 "-" "Mozilla/5.0 (compatible; Googlebot/2.1; +http://www.google.com/bot.html)"
66.249.72.227 - - [09/Jul/2009:12:21:48 +0200] "GET /f-net.html HTTP/1.1" 200 9913 "-" "Mozilla/5.0 (compatible; Googlebot/2.1; +http://www.google.com/bot.html)"
84.113.202.199 - - [09/Jul/2009:12:22:49 +0200] "GET /framez-zampa-lovers.html HTTP/1.1" 200 4322 "http://www.google.at/search?hl=de&client=firefox-a&rls=org.mozilla%3Ade%3Aofficial&hs=P8q&q=pop+kultura+pojam&btnG=Suche&meta=" "Mozilla/5.0 (Windows; U; Windows NT 5.1; de; rv:1.9.0.11) Gecko/2009060215 Firefox/3.0.11"
84.113.202.199 - - [09/Jul/2009:12:22:49 +0200] "GET /ve-icon-2.ico HTTP/1.1" 200 2238 "-" "Mozilla/5.0 (Windows; U; Windows NT 5.1; de; rv:1.9.0.11) Gecko/2009060215 Firefox/3.0.11"
84.113.202.199 - - [09/Jul/2009:12:22:49 +0200] "GET /frame-menu.html HTTP/1.1" 200 10500 "http://www.various-euro.com/framez-zampa-lovers.html" "Mozilla/5.0 (Windows; U; Windows NT 5.1; de; rv:1.9.0.11) Gecko/2009060215 Firefox/3.0.11"
84.113.202.199 - - [09/Jul/2009:12:22:49 +0200] "GET /frame-unten.html HTTP/1.1" 200 5308 "http://www.various-euro.com/framez-zampa-lovers.html" "Mozilla/5.0 (Windows; U; Windows NT 5.1; de; rv:1.9.0.11) Gecko/2009060215 Firefox/3.0.11"
84.113.202.199 - - [09/Jul/2009:12:22:49 +0200] "GET /style/various-euro.css HTTP/1.1" 200 3437 "http://www.various-euro.com/frame-menu.html" "Mozilla/5.0 (Windows; U; Windows NT 5.1; de; rv:1.9.0.11) Gecko/2009060215 Firefox/3.0.11"
84.113.202.199 - - [09/Jul/2009:12:22:49 +0200] "GET /zampa-lovers/index.html HTTP/1.1" 200 37790 "http://www.various-euro.com/framez-zampa-lovers.html" "Mozilla/5.0 (Windows; U; Windows NT 5.1; de; rv:1.9.0.11) Gecko/2009060215 Firefox/3.0.11"
84.113.202.199 - - [09/Jul/2009:12:22:49 +0200] "GET /zampa-lovers/kralle.gif HTTP/1.1" 404 2748 "http://www.various-euro.com/zampa-lovers/index.html" "Mozilla/5.0 (Windows; U; Windows NT 5.1; de; rv:1.9.0.11) Gecko/2009060215 Firefox/3.0.11"
84.113.202.199 - - [09/Jul/2009:12:22:49 +0200] "GET /zampa-lovers/DRAGAN_Z.JPG HTTP/1.1" 200 6850 "http://www.various-euro.com/zampa-lovers/index.html" "Mozilla/5.0 (Windows; U; Windows NT 5.1; de; rv:1.9.0.11) Gecko/2009060215 Firefox/3.0.11"
84.113.202.199 - - [09/Jul/2009:12:22:49 +0200] "GET /bannerz/ve.jpg HTTP/1.1" 200 36912 "http://www.various-euro.com/frame-unten.html" "Mozilla/5.0 (Windows; U; Windows NT 5.1; de; rv:1.9.0.11) Gecko/2009060215 Firefox/3.0.11"
84.113.202.199 - - [09/Jul/2009:12:22:49 +0200] "GET /zampa-lovers/MILIZA_B.JPG HTTP/1.1" 200 10947 "http://www.various-euro.com/zampa-lovers/index.html" "Mozilla/5.0 (Windows; U; Windows NT 5.1; de; rv:1.9.0.11) Gecko/2009060215 Firefox/3.0.11"
84.113.202.199 - - [09/Jul/2009:12:22:49 +0200] "GET /zampa-lovers/MILIZA_4.JPG HTTP/1.1" 200 9946 "http://www.various-euro.com/zampa-lovers/index.html" "Mozilla/5.0 (Windows; U; Windows NT 5.1; de; rv:1.9.0.11) Gecko/2009060215 Firefox/3.0.11"
84.113.202.199 - - [09/Jul/2009:12:22:49 +0200] "GET /zampa-lovers/DRAGANZA.JPG HTTP/1.1" 200 18560 "http://www.various-euro.com/zampa-lovers/index.html" "Mozilla/5.0 (Windows; U; Windows NT 5.1; de; rv:1.9.0.11) Gecko/2009060215 Firefox/3.0.11"
84.113.202.199 - - [09/Jul/2009:12:22:50 +0200] "GET /zampa-lovers/Kralle.gif HTTP/1.1" 200 260 "http://www.various-euro.com/zampa-lovers/index.html" "Mozilla/5.0 (Windows; U; Windows NT 5.1; de; rv:1.9.0.11) Gecko/2009060215 Firefox/3.0.11"
84.113.202.199 - - [09/Jul/2009:12:22:50 +0200] "GET /zampa-lovers/zampa-2X2.gif HTTP/1.1" 200 6948 "http://www.various-euro.com/zampa-lovers/index.html" "Mozilla/5.0 (Windows; U; Windows NT 5.1; de; rv:1.9.0.11) Gecko/2009060215 Firefox/3.0.11"
84.113.202.199 - - [09/Jul/2009:12:22:49 +0200] "GET /zampa-lovers/MILIZA_2.JPG HTTP/1.1" 200 22172 "http://www.various-euro.com/zampa-lovers/index.html" "Mozilla/5.0 (Windows; U; Windows NT 5.1; de; rv:1.9.0.11) Gecko/2009060215 Firefox/3.0.11"
84.113.202.199 - - [09/Jul/2009:12:22:49 +0200] "GET /bannerz/various-euro-girl.jpg HTTP/1.1" 200 91514 "http://www.various-euro.com/frame-unten.html" "Mozilla/5.0 (Windows; U; Windows NT 5.1; de; rv:1.9.0.11) Gecko/2009060215 Firefox/3.0.11"
84.113.202.199 - - [09/Jul/2009:12:22:50 +0200] "GET /zampa-lovers/1SEITEVE.GIF HTTP/1.1" 200 78726 "http://www.various-euro.com/zampa-lovers/index.html" "Mozilla/5.0 (Windows; U; Windows NT 5.1; de; rv:1.9.0.11) Gecko/2009060215 Firefox/3.0.11"
84.113.202.199 - - [09/Jul/2009:12:22:50 +0200] "GET /zampa-lovers/zampamali.gif HTTP/1.1" 200 2617 "http://www.various-euro.com/zampa-lovers/index.html" "Mozilla/5.0 (Windows; U; Windows NT 5.1; de; rv:1.9.0.11) Gecko/2009060215 Firefox/3.0.11"
84.113.202.199 - - [09/Jul/2009:12:22:50 +0200] "GET /zampa-lovers/2SEITEVE.GIF HTTP/1.1" 200 83466 "http://www.various-euro.com/zampa-lovers/index.html" "Mozilla/5.0 (Windows; U; Windows NT 5.1; de; rv:1.9.0.11) Gecko/2009060215 Firefox/3.0.11"
84.113.202.199 - - [09/Jul/2009:12:22:52 +0200] "GET /zampa-lovers/MILIZA_3.JPG HTTP/1.1" 200 26924 "http://www.various-euro.com/zampa-lovers/index.html" "Mozilla/5.0 (Windows; U; Windows NT 5.1; de; rv:1.9.0.11) Gecko/2009060215 Firefox/3.0.11"
84.113.202.199 - - [09/Jul/2009:12:22:53 +0200] "GET /zampa-lovers/ZAMPAMA2.MPG HTTP/1.1" 200 63492 "http://www.various-euro.com/zampa-lovers/index.html" "Mozilla/5.0 (Windows; U; Windows NT 5.1; de; rv:1.9.0.11) Gecko/2009060215 Firefox/3.0.11"
84.113.202.199 - - [09/Jul/2009:12:22:53 +0200] "GET /zampa-lovers/WASISTMI1.MPG HTTP/1.1" 200 271221 "http://www.various-euro.com/zampa-lovers/index.html" "Mozilla/5.0 (Windows; U; Windows NT 5.1; de; rv:1.9.0.11) Gecko/2009060215 Firefox/3.0.11"
84.113.202.199 - - [09/Jul/2009:12:22:50 +0200] "GET /zampa-lovers/zampa.gif HTTP/1.1" 200 460627 "http://www.various-euro.com/zampa-lovers/index.html" "Mozilla/5.0 (Windows; U; Windows NT 5.1; de; rv:1.9.0.11) Gecko/2009060215 Firefox/3.0.11"
84.113.202.199 - - [09/Jul/2009:12:22:54 +0200] "GET /zampa-lovers/ZAMPAMAS.MPG HTTP/1.1" 200 520196 "http://www.various-euro.com/zampa-lovers/index.html" "Mozilla/5.0 (Windows; U; Windows NT 5.1; de; rv:1.9.0.11) Gecko/2009060215 Firefox/3.0.11"
65.55.106.122 - - [09/Jul/2009:12:25:50 +0200] "GET /robots.txt HTTP/1.1" 302 363 "-" "msnbot/2.0b (+http://search.msn.com/msnbot.htm)"
65.55.106.122 - - [09/Jul/2009:12:25:54 +0200] "GET /zampa/robots.txt HTTP/1.1" 404 2748 "-" "msnbot/2.0b (+http://search.msn.com/msnbot.htm)"
66.249.72.227 - - [09/Jul/2009:12:31:12 +0200] "GET /logs/usage_200812.html HTTP/1.1" 200 168932 "-" "Mozilla/5.0 (compatible; Googlebot/2.1; +http://www.google.com/bot.html)"
72.14.199.8 - - [09/Jul/2009:13:14:51 +0200] "GET / HTTP/1.1" 302 353 "-" "Feedfetcher-Google; (+http://www.google.com/feedfetcher.html; 1 subscribers; feed-id=5454548576667470243)"
72.14.199.85 - - [09/Jul/2009:13:14:53 +0200] "GET /zampa/ HTTP/1.1" 200 7153 "-" "Feedfetcher-Google; (+http://www.google.com/feedfetcher.html; 1 subscribers; feed-id=5454548576667470243)"
65.55.211.164 - - [09/Jul/2009:13:17:01 +0200] "GET /robots.txt HTTP/1.1" 200 64 "-" "msnbot/1.1 (+http://search.msn.com/msnbot.htm)"
65.55.211.164 - - [09/Jul/2009:13:17:02 +0200] "GET /schubb/schubb-4.html HTTP/1.1" 200 17746 "-" "msnbot/1.1 (+http://search.msn.com/msnbot.htm)"
216.129.119.49 - - [09/Jul/2009:13:33:21 +0200] "GET /robots.txt HTTP/1.0" 200 64 "-" "Mozilla/5.0 (Twiceler-0.9 http://www.cuil.com/twiceler/robot.html)"
66.249.72.227 - - [09/Jul/2009:13:35:19 +0200] "GET / HTTP/1.1" 200 7869 "-" "Mozilla/5.0 (compatible; Googlebot/2.1; +http://www.google.com/bot.html)"
89.132.120.94 - - [09/Jul/2009:13:47:45 +0200] "GET / HTTP/1.1" 200 7869 "http://www.modukit.com/play/" "Mozilla/4.0 (compatible; MSIE 8.0; Windows NT 5.1; Trident/4.0)"
89.132.120.94 - - [09/Jul/2009:13:47:46 +0200] "GET /style/various-euro.css HTTP/1.1" 200 3437 "http://www.various-euro.com/" "Mozilla/4.0 (compatible; MSIE 8.0; Windows NT 5.1; Trident/4.0)"
89.132.120.94 - - [09/Jul/2009:13:47:46 +0200] "GET /framez_0.html HTTP/1.1" 200 12285 "-" "Mozilla/4.0 (compatible; MSIE 8.0; Windows NT 5.1; Trident/4.0)"
89.132.120.94 - - [09/Jul/2009:13:47:47 +0200] "GET /ve-icon-2.ico HTTP/1.1" 200 2238 "-" "Mozilla/4.0 (compatible; MSIE 8.0; Windows NT 5.1; Trident/4.0)"
66.249.72.227 - - [09/Jul/2009:13:51:40 +0200] "GET /neon/channel.html HTTP/1.1" 200 1942 "-" "Mozilla/5.0 (compatible; Googlebot/2.1; +http://www.google.com/bot.html)"
74.6.18.253 - - [09/Jul/2009:13:59:39 +0200] "GET /f-net.html HTTP/1.0" 200 9913 "-" "Mozilla/5.0 (compatible; Yahoo! Slurp/3.0; http://help.yahoo.com/help/us/ysearch/slurp)"
65.55.106.232 - - [09/Jul/2009:13:59:42 +0200] "GET /robots.txt HTTP/1.1" 200 64 "-" "msnbot/2.0b (+http://search.msn.com/msnbot.htm)"
66.249.72.227 - - [09/Jul/2009:13:59:52 +0200] "GET /zampa/lybia/ HTTP/1.1" 200 3036 "-" "Mozilla/5.0 (compatible; Googlebot/2.1; +http://www.google.com/bot.html)"
98.213.34.148 - - [09/Jul/2009:14:07:10 +0200] "GET /smpro/s.pl HTTP/1.1" 404 2748 "http://various-euro.com/smpro/s.pl" "Mozilla/4.0 (compatible; MSIE 6.0; Windows NT 5.1)"
65.55.106.232 - - [09/Jul/2009:14:07:17 +0200] "GET /logs/usage_200708.html HTTP/1.1" 404 2748 "-" "msnbot/2.0b (+http://search.msn.com/msnbot.htm)"
61.247.222.44 - - [09/Jul/2009:14:11:00 +0200] "GET /robots.txt HTTP/1.1" 200 64 "-" "Yeti/1.0 (NHN Corp.; http://help.naver.com/robots/)"
61.247.222.44 - - [09/Jul/2009:14:11:01 +0200] "GET / HTTP/1.1" 200 7869 "-" "Yeti/1.0 (NHN Corp.; http://help.naver.com/robots/)"
61.247.222.49 - - [09/Jul/2009:14:12:44 +0200] "GET /style/various-euro.css HTTP/1.1" 200 3437 "-" "Yeti/1.0 (NHN Corp.; http://help.naver.com/robots/)"
74.6.18.253 - - [09/Jul/2009:14:13:13 +0200] "GET /bmpp/euro_pal_1.html HTTP/1.0" 200 18252 "-" "Mozilla/5.0 (compatible; Yahoo! Slurp/3.0; http://help.yahoo.com/help/us/ysearch/slurp)"
74.6.18.253 - - [09/Jul/2009:14:14:55 +0200] "GET /f-bannnerz.html HTTP/1.0" 200 12651 "-" "Mozilla/5.0 (compatible; Yahoo! Slurp/3.0; http://help.yahoo.com/help/us/ysearch/slurp)"
81.52.143.33 - - [09/Jul/2009:14:21:51 +0200] "GET /bmpp/18.html HTTP/1.1" 200 4467 "-" "Mozilla/5.0 (Windows; U; Windows NT 5.1; fr; rv:1.8.1) VoilaBot BETA 1.2 (support.voilabot@orange-ftgroup.com)"
74.6.18.253 - - [09/Jul/2009:14:29:27 +0200] "GET /framez.html HTTP/1.0" 200 3959 "-" "Mozilla/5.0 (compatible; Yahoo! Slurp/3.0; http://help.yahoo.com/help/us/ysearch/slurp)"
74.6.18.253 - - [09/Jul/2009:14:29:29 +0200] "GET /style/various-euro.css HTTP/1.0" 304 - "http://www.various-euro.com/framez.html" "Mozilla/5.0 (compatible; Yahoo! Slurp/3.0; http://help.yahoo.com/help/us/ysearch/slurp)"
74.6.18.253 - - [09/Jul/2009:14:29:31 +0200] "GET /frame-unten.html HTTP/1.0" 200 5308 "http://www.various-euro.com/framez.html" "Mozilla/5.0 (compatible; Yahoo! Slurp/3.0; http://help.yahoo.com/help/us/ysearch/slurp)"
74.6.18.253 - - [09/Jul/2009:14:29:31 +0200] "GET /frame-menu.html HTTP/1.0" 200 10500 "http://www.various-euro.com/framez.html" "Mozilla/5.0 (compatible; Yahoo! Slurp/3.0; http://help.yahoo.com/help/us/ysearch/slurp)"
74.6.18.253 - - [09/Jul/2009:14:29:31 +0200] "GET /frame-inhalt.html HTTP/1.0" 200 7688 "http://www.various-euro.com/framez.html" "Mozilla/5.0 (compatible; Yahoo! Slurp/3.0; http://help.yahoo.com/help/us/ysearch/slurp)"
74.6.18.253 - - [09/Jul/2009:15:11:59 +0200] "GET / HTTP/1.0" 200 7869 "-" "Mozilla/5.0 (compatible; Yahoo! Slurp/3.0; http://help.yahoo.com/help/us/ysearch/slurp)"
38.99.44.105 - - [09/Jul/2009:15:21:04 +0200] "GET /robots.txt HTTP/1.0" 200 64 "-" "Mozilla/5.0 (Twiceler-0.9 http://www.cuil.com/twiceler/robot.html)"
66.249.72.227 - - [09/Jul/2009:15:21:59 +0200] "GET /robots.txt HTTP/1.1" 200 64 "-" "Mozilla/5.0 (compatible; Googlebot/2.1; +http://www.google.com/bot.html)"
66.249.72.227 - - [09/Jul/2009:15:21:59 +0200] "GET /logs/usage_200902.html HTTP/1.1" 200 164604 "-" "Mozilla/5.0 (compatible; Googlebot/2.1; +http://www.google.com/bot.html)"
65.55.211.166 - - [09/Jul/2009:15:33:33 +0200] "GET /robots.txt HTTP/1.1" 200 64 "-" "msnbot/1.1 (+http://search.msn.com/msnbot.htm)"
65.55.211.166 - - [09/Jul/2009:15:33:34 +0200] "GET /neon/sushi.html HTTP/1.1" 200 687 "-" "msnbot/1.1 (+http://search.msn.com/msnbot.htm)"
66.249.72.227 - - [09/Jul/2009:16:03:21 +0200] "GET /neon/click.html HTTP/1.1" 200 521 "-" "Mozilla/5.0 (compatible; Googlebot/2.1; +http://www.google.com/bot.html)"
87.162.22.204 - - [09/Jul/2009:16:07:32 +0200] "GET / HTTP/1.1" 200 7869 "-" "Mozilla/5.0 (X11; U; Linux i686; de; rv:1.9.0.11) Gecko/2009060308 Ubuntu/9.04 (jaunty) Firefox/3.0.11"
87.162.22.204 - - [09/Jul/2009:16:07:32 +0200] "GET /style/various-euro.css HTTP/1.1" 200 3437 "http://various-euro.com/" "Mozilla/5.0 (X11; U; Linux i686; de; rv:1.9.0.11) Gecko/2009060308 Ubuntu/9.04 (jaunty) Firefox/3.0.11"
87.162.22.204 - - [09/Jul/2009:16:07:32 +0200] "GET /ve-icon-2.ico HTTP/1.1" 200 2238 "-" "Mozilla/5.0 (X11; U; Linux i686; de; rv:1.9.0.11) Gecko/2009060308 Ubuntu/9.04 (jaunty) Firefox/3.0.11"
87.162.22.204 - - [09/Jul/2009:16:07:32 +0200] "GET /framez_0.html HTTP/1.1" 200 12285 "http://various-euro.com/" "Mozilla/5.0 (X11; U; Linux i686; de; rv:1.9.0.11) Gecko/2009060308 Ubuntu/9.04 (jaunty) Firefox/3.0.11"
79.175.80.109 - - [09/Jul/2009:16:12:14 +0200] "GET /framez-zampa-lovers.html HTTP/1.1" 200 4322 "http://www.google.com/search?hl=en&client=firefox-a&channel=s&rls=org.mozilla:en-US:official&hs=b2Z&ei=MfpVSoCoLYKInQPVv7jdCQ&sa=X&oi=spell&resnum=0&ct=result&cd=1&q=KAKVU+MOC+IMA+BOGA&spell=1" "Mozilla/5.0 (Windows; U; Windows NT 5.1; en-US; rv:1.9.0.11) Gecko/2009060215 Firefox/3.0.11"
79.175.80.109 - - [09/Jul/2009:16:12:14 +0200] "GET /ve-icon-2.ico HTTP/1.1" 200 2238 "-" "Mozilla/5.0 (Windows; U; Windows NT 5.1; en-US; rv:1.9.0.11) Gecko/2009060215 Firefox/3.0.11"
79.175.80.109 - - [09/Jul/2009:16:12:14 +0200] "GET /frame-menu.html HTTP/1.1" 200 10500 "http://www.various-euro.com/framez-zampa-lovers.html" "Mozilla/5.0 (Windows; U; Windows NT 5.1; en-US; rv:1.9.0.11) Gecko/2009060215 Firefox/3.0.11"
79.175.80.109 - - [09/Jul/2009:16:12:14 +0200] "GET /frame-unten.html HTTP/1.1" 200 5308 "http://www.various-euro.com/framez-zampa-lovers.html" "Mozilla/5.0 (Windows; U; Windows NT 5.1; en-US; rv:1.9.0.11) Gecko/2009060215 Firefox/3.0.11"
79.175.80.109 - - [09/Jul/2009:16:12:14 +0200] "GET /zampa-lovers/index.html HTTP/1.1" 200 37790 "http://www.various-euro.com/framez-zampa-lovers.html" "Mozilla/5.0 (Windows; U; Windows NT 5.1; en-US; rv:1.9.0.11) Gecko/2009060215 Firefox/3.0.11"
79.175.80.109 - - [09/Jul/2009:16:12:15 +0200] "GET /style/various-euro.css HTTP/1.1" 200 3437 "http://www.various-euro.com/frame-menu.html" "Mozilla/5.0 (Windows; U; Windows NT 5.1; en-US; rv:1.9.0.11) Gecko/2009060215 Firefox/3.0.11"
79.175.80.109 - - [09/Jul/2009:16:12:15 +0200] "GET /zampa-lovers/kralle.gif HTTP/1.1" 404 2748 "http://www.various-euro.com/zampa-lovers/index.html" "Mozilla/5.0 (Windows; U; Windows NT 5.1; en-US; rv:1.9.0.11) Gecko/2009060215 Firefox/3.0.11"
79.175.80.109 - - [09/Jul/2009:16:12:15 +0200] "GET /zampa-lovers/DRAGAN_Z.JPG HTTP/1.1" 200 6850 "http://www.various-euro.com/zampa-lovers/index.html" "Mozilla/5.0 (Windows; U; Windows NT 5.1; en-US; rv:1.9.0.11) Gecko/2009060215 Firefox/3.0.11"
79.175.80.109 - - [09/Jul/2009:16:12:15 +0200] "GET /zampa-lovers/MILIZA_4.JPG HTTP/1.1" 200 9946 "http://www.various-euro.com/zampa-lovers/index.html" "Mozilla/5.0 (Windows; U; Windows NT 5.1; en-US; rv:1.9.0.11) Gecko/2009060215 Firefox/3.0.11"
79.175.80.109 - - [09/Jul/2009:16:12:15 +0200] "GET /zampa-lovers/MILIZA_B.JPG HTTP/1.1" 200 10947 "http://www.various-euro.com/zampa-lovers/index.html" "Mozilla/5.0 (Windows; U; Windows NT 5.1; en-US; rv:1.9.0.11) Gecko/2009060215 Firefox/3.0.11"
79.175.80.109 - - [09/Jul/2009:16:12:15 +0200] "GET /zampa-lovers/DRAGANZA.JPG HTTP/1.1" 200 18560 "http://www.various-euro.com/zampa-lovers/index.html" "Mozilla/5.0 (Windows; U; Windows NT 5.1; en-US; rv:1.9.0.11) Gecko/2009060215 Firefox/3.0.11"
79.175.80.109 - - [09/Jul/2009:16:12:15 +0200] "GET /zampa-lovers/MILIZA_3.JPG HTTP/1.1" 200 26924 "http://www.various-euro.com/zampa-lovers/index.html" "Mozilla/5.0 (Windows; U; Windows NT 5.1; en-US; rv:1.9.0.11) Gecko/2009060215 Firefox/3.0.11"
79.175.80.109 - - [09/Jul/2009:16:12:15 +0200] "GET /zampa-lovers/MILIZA_2.JPG HTTP/1.1" 200 22172 "http://www.various-euro.com/zampa-lovers/index.html" "Mozilla/5.0 (Windows; U; Windows NT 5.1; en-US; rv:1.9.0.11) Gecko/2009060215 Firefox/3.0.11"
79.175.80.109 - - [09/Jul/2009:16:12:16 +0200] "GET /zampa-lovers/Kralle.gif HTTP/1.1" 200 260 "http://www.various-euro.com/zampa-lovers/index.html" "Mozilla/5.0 (Windows; U; Windows NT 5.1; en-US; rv:1.9.0.11) Gecko/2009060215 Firefox/3.0.11"
79.175.80.109 - - [09/Jul/2009:16:12:17 +0200] "GET /zampa-lovers/zampa-2X2.gif HTTP/1.1" 200 6948 "http://www.various-euro.com/zampa-lovers/index.html" "Mozilla/5.0 (Windows; U; Windows NT 5.1; en-US; rv:1.9.0.11) Gecko/2009060215 Firefox/3.0.11"
79.175.80.109 - - [09/Jul/2009:16:12:17 +0200] "GET /zampa-lovers/zampamali.gif HTTP/1.1" 200 2617 "http://www.various-euro.com/zampa-lovers/index.html" "Mozilla/5.0 (Windows; U; Windows NT 5.1; en-US; rv:1.9.0.11) Gecko/2009060215 Firefox/3.0.11"
79.175.80.109 - - [09/Jul/2009:16:12:16 +0200] "GET /zampa-lovers/1SEITEVE.GIF HTTP/1.1" 200 78726 "http://www.various-euro.com/zampa-lovers/index.html" "Mozilla/5.0 (Windows; U; Windows NT 5.1; en-US; rv:1.9.0.11) Gecko/2009060215 Firefox/3.0.11"
79.175.80.109 - - [09/Jul/2009:16:12:16 +0200] "GET /zampa-lovers/2SEITEVE.GIF HTTP/1.1" 200 83466 "http://www.various-euro.com/zampa-lovers/index.html" "Mozilla/5.0 (Windows; U; Windows NT 5.1; en-US; rv:1.9.0.11) Gecko/2009060215 Firefox/3.0.11"
79.175.80.109 - - [09/Jul/2009:16:12:17 +0200] "GET /bannerz/ve.jpg HTTP/1.1" 200 36912 "http://www.various-euro.com/frame-unten.html" "Mozilla/5.0 (Windows; U; Windows NT 5.1; en-US; rv:1.9.0.11) Gecko/2009060215 Firefox/3.0.11"
79.175.80.109 - - [09/Jul/2009:16:12:17 +0200] "GET /bannerz/various-euro-girl.jpg HTTP/1.1" 200 91514 "http://www.various-euro.com/frame-unten.html" "Mozilla/5.0 (Windows; U; Windows NT 5.1; en-US; rv:1.9.0.11) Gecko/2009060215 Firefox/3.0.11"
79.175.80.109 - - [09/Jul/2009:16:12:26 +0200] "GET /zampa-lovers/ZAMPAMA2.MPG HTTP/1.1" 200 63492 "http://www.various-euro.com/zampa-lovers/index.html" "Mozilla/5.0 (Windows; U; Windows NT 5.1; en-US; rv:1.9.0.11) Gecko/2009060215 Firefox/3.0.11"
79.175.80.109 - - [09/Jul/2009:16:12:26 +0200] "GET /zampa-lovers/WASISTMI1.MPG HTTP/1.1" 200 271221 "http://www.various-euro.com/zampa-lovers/index.html" "Mozilla/5.0 (Windows; U; Windows NT 5.1; en-US; rv:1.9.0.11) Gecko/2009060215 Firefox/3.0.11"
79.175.80.109 - - [09/Jul/2009:16:12:27 +0200] "GET /zampa-lovers/ZAMPAMAS.MPG HTTP/1.1" 200 520196 "http://www.various-euro.com/zampa-lovers/index.html" "Mozilla/5.0 (Windows; U; Windows NT 5.1; en-US; rv:1.9.0.11) Gecko/2009060215 Firefox/3.0.11"
79.175.80.109 - - [09/Jul/2009:16:12:17 +0200] "GET /zampa-lovers/zampa.gif HTTP/1.1" 200 460627 "http://www.various-euro.com/zampa-lovers/index.html" "Mozilla/5.0 (Windows; U; Windows NT 5.1; en-US; rv:1.9.0.11) Gecko/2009060215 Firefox/3.0.11"
94.100.51.69 - - [09/Jul/2009:16:27:56 +0200] "GET / HTTP/1.1" 302 353 "http://www.google.com/search?hl=en&q=zampa+di+leone&btnG=Google+Search&aq=f&oq=&aqi=" "Mozilla/4.0 (compatible; MSIE 6.0; Windows NT 5.1; SV1; GTB6; Mozilla/4.0 (compatible; MSIE 6.0; Windows NT 5.1; SV1) )"
94.100.51.69 - - [09/Jul/2009:16:27:56 +0200] "GET /zampa/ HTTP/1.1" 200 7153 "http://www.google.com/search?hl=en&q=zampa+di+leone&btnG=Google+Search&aq=f&oq=&aqi=" "Mozilla/4.0 (compatible; MSIE 6.0; Windows NT 5.1; SV1; GTB6; Mozilla/4.0 (compatible; MSIE 6.0; Windows NT 5.1; SV1) )"
94.100.51.69 - - [09/Jul/2009:16:27:57 +0200] "GET /zampa/slike/zampa.gif HTTP/1.1" 200 5310 "http://www.various-euro.com/zampa/" "Mozilla/4.0 (compatible; MSIE 6.0; Windows NT 5.1; SV1; GTB6; Mozilla/4.0 (compatible; MSIE 6.0; Windows NT 5.1; SV1) )"
94.100.51.69 - - [09/Jul/2009:16:27:57 +0200] "GET /zampa/slike/udupetu.gif HTTP/1.1" 200 4138 "http://www.various-euro.com/zampa/" "Mozilla/4.0 (compatible; MSIE 6.0; Windows NT 5.1; SV1; GTB6; Mozilla/4.0 (compatible; MSIE 6.0; Windows NT 5.1; SV1) )"
94.100.51.69 - - [09/Jul/2009:16:27:57 +0200] "GET /zampa/slike/inthearse.gif HTTP/1.1" 200 4077 "http://www.various-euro.com/zampa/" "Mozilla/4.0 (compatible; MSIE 6.0; Windows NT 5.1; SV1; GTB6; Mozilla/4.0 (compatible; MSIE 6.0; Windows NT 5.1; SV1) )"
66.249.72.227 - - [09/Jul/2009:16:28:10 +0200] "GET /world.html HTTP/1.1" 200 16295 "-" "Mozilla/5.0 (compatible; Googlebot/2.1; +http://www.google.com/bot.html)"
65.55.108.156 - - [09/Jul/2009:16:30:30 +0200] "GET /robots.txt HTTP/1.1" 200 64 "-" "msnbot-media/1.1 (+http://search.msn.com/msnbot.htm)"
65.55.108.156 - - [09/Jul/2009:16:30:30 +0200] "GET /DgH/rampe/pict/Rampe-DgH01.jpg HTTP/1.1" 200 12044 "-" "msnbot-media/1.1 (+http://search.msn.com/msnbot.htm)"
65.55.108.156 - - [09/Jul/2009:16:30:32 +0200] "GET /DgH/ HTTP/1.1" 200 5024 "-" "msnbot-media/1.1 (+http://search.msn.com/msnbot.htm)"
72.14.199.8 - - [09/Jul/2009:16:36:30 +0200] "GET / HTTP/1.1" 302 353 "-" "Feedfetcher-Google; (+http://www.google.com/feedfetcher.html; 1 subscribers; feed-id=5454548576667470243)"
72.14.199.85 - - [09/Jul/2009:16:36:35 +0200] "GET /zampa/ HTTP/1.1" 200 7153 "-" "Feedfetcher-Google; (+http://www.google.com/feedfetcher.html; 1 subscribers; feed-id=5454548576667470243)"
66.249.72.227 - - [09/Jul/2009:17:01:24 +0200] "GET /logs/usage_200704.html HTTP/1.1" 404 2748 "-" "Mozilla/5.0 (compatible; Googlebot/2.1; +http://www.google.com/bot.html)"
66.249.72.227 - - [09/Jul/2009:17:09:11 +0200] "GET /style/various-euro.css HTTP/1.1" 200 3437 "-" "Mozilla/5.0 (compatible; Googlebot/2.1; +http://www.google.com/bot.html)"
66.249.72.227 - - [09/Jul/2009:17:09:45 +0200] "GET /bmpp/euro_pal_1.html HTTP/1.1" 200 18252 "-" "Mozilla/5.0 (compatible; Googlebot/2.1; +http://www.google.com/bot.html)"
66.249.72.227 - - [09/Jul/2009:17:42:37 +0200] "GET /logs/usage_200811.html HTTP/1.1" 200 166396 "-" "Mozilla/5.0 (compatible; Googlebot/2.1; +http://www.google.com/bot.html)"
66.249.72.227 - - [09/Jul/2009:17:59:07 +0200] "GET /neon/slow-walk2.html HTTP/1.1" 200 1777 "-" "Mozilla/5.0 (compatible; Googlebot/2.1; +http://www.google.com/bot.html)"
195.229.150.7 - - [09/Jul/2009:18:04:28 +0200] "GET /cgi-bin/ HTTP/1.1" 404 2748 "http://various-euro.com/cgi-bin/" "Mozilla/4.0 (compatible; MSIE 6.0; Windows NT 5.1)"
208.80.195.54 - - [09/Jul/2009:18:12:45 +0200] "GET / HTTP/1.0" 200 7869 "-" "Mozilla/4.0 (compatible; MSIE 7.0; Windows NT 5.1; iebar; acc=; SV1; FunWebProducts; .NET CLR 1.1.4322; .NET CLR 2.0.50727; InfoPath.1)"
208.80.195.54 - - [09/Jul/2009:18:12:45 +0200] "GET / HTTP/1.0" 200 7869 "-" "Mozilla/4.0 (compatible; MSIE 7.0; Windows NT 5.1; .NET CLR 1.0.3705; .NET CLR 1.1.4322; MSN 6.1; MSNbMSFT; MSNmen-us; MSNc00; MSNc00)"
82.93.152.253 - - [09/Jul/2009:18:17:28 +0200] "GET /framez-zampa-lovers.html HTTP/1.1" 200 4322 "http://www.google.com/search?q=o+jagodama+i+krvi&ie=utf-8&oe=utf-8&aq=t&rls=org.mozilla:en-US:official&client=firefox-a" "Mozilla/5.0 (Windows; U; Windows NT 5.1; en-US; rv:1.9.0.11) Gecko/2009060215 Firefox/3.0.11"
82.93.152.253 - - [09/Jul/2009:18:17:28 +0200] "GET /ve-icon-2.ico HTTP/1.1" 200 2238 "-" "Mozilla/5.0 (Windows; U; Windows NT 5.1; en-US; rv:1.9.0.11) Gecko/2009060215 Firefox/3.0.11"
82.93.152.253 - - [09/Jul/2009:18:17:28 +0200] "GET /frame-menu.html HTTP/1.1" 200 10500 "http://www.various-euro.com/framez-zampa-lovers.html" "Mozilla/5.0 (Windows; U; Windows NT 5.1; en-US; rv:1.9.0.11) Gecko/2009060215 Firefox/3.0.11"
82.93.152.253 - - [09/Jul/2009:18:17:28 +0200] "GET /frame-unten.html HTTP/1.1" 200 5308 "http://www.various-euro.com/framez-zampa-lovers.html" "Mozilla/5.0 (Windows; U; Windows NT 5.1; en-US; rv:1.9.0.11) Gecko/2009060215 Firefox/3.0.11"
82.93.152.253 - - [09/Jul/2009:18:17:28 +0200] "GET /zampa-lovers/index.html HTTP/1.1" 200 37790 "http://www.various-euro.com/framez-zampa-lovers.html" "Mozilla/5.0 (Windows; U; Windows NT 5.1; en-US; rv:1.9.0.11) Gecko/2009060215 Firefox/3.0.11"
82.93.152.253 - - [09/Jul/2009:18:17:28 +0200] "GET /style/various-euro.css HTTP/1.1" 200 3437 "http://www.various-euro.com/frame-menu.html" "Mozilla/5.0 (Windows; U; Windows NT 5.1; en-US; rv:1.9.0.11) Gecko/2009060215 Firefox/3.0.11"
82.93.152.253 - - [09/Jul/2009:18:17:28 +0200] "GET /bannerz/ve.jpg HTTP/1.1" 200 36912 "http://www.various-euro.com/frame-unten.html" "Mozilla/5.0 (Windows; U; Windows NT 5.1; en-US; rv:1.9.0.11) Gecko/2009060215 Firefox/3.0.11"
82.93.152.253 - - [09/Jul/2009:18:17:28 +0200] "GET /zampa-lovers/kralle.gif HTTP/1.1" 404 2748 "http://www.various-euro.com/zampa-lovers/index.html" "Mozilla/5.0 (Windows; U; Windows NT 5.1; en-US; rv:1.9.0.11) Gecko/2009060215 Firefox/3.0.11"
82.93.152.253 - - [09/Jul/2009:18:17:28 +0200] "GET /zampa-lovers/DRAGAN_Z.JPG HTTP/1.1" 200 6850 "http://www.various-euro.com/zampa-lovers/index.html" "Mozilla/5.0 (Windows; U; Windows NT 5.1; en-US; rv:1.9.0.11) Gecko/2009060215 Firefox/3.0.11"
82.93.152.253 - - [09/Jul/2009:18:17:28 +0200] "GET /bannerz/various-euro-girl.jpg HTTP/1.1" 200 91514 "http://www.various-euro.com/frame-unten.html" "Mozilla/5.0 (Windows; U; Windows NT 5.1; en-US; rv:1.9.0.11) Gecko/2009060215 Firefox/3.0.11"
82.93.152.253 - - [09/Jul/2009:18:17:28 +0200] "GET /zampa-lovers/MILIZA_B.JPG HTTP/1.1" 200 10947 "http://www.various-euro.com/zampa-lovers/index.html" "Mozilla/5.0 (Windows; U; Windows NT 5.1; en-US; rv:1.9.0.11) Gecko/2009060215 Firefox/3.0.11"
82.93.152.253 - - [09/Jul/2009:18:17:28 +0200] "GET /zampa-lovers/MILIZA_4.JPG HTTP/1.1" 200 9946 "http://www.various-euro.com/zampa-lovers/index.html" "Mozilla/5.0 (Windows; U; Windows NT 5.1; en-US; rv:1.9.0.11) Gecko/2009060215 Firefox/3.0.11"
82.93.152.253 - - [09/Jul/2009:18:17:28 +0200] "GET /zampa-lovers/DRAGANZA.JPG HTTP/1.1" 200 18560 "http://www.various-euro.com/zampa-lovers/index.html" "Mozilla/5.0 (Windows; U; Windows NT 5.1; en-US; rv:1.9.0.11) Gecko/2009060215 Firefox/3.0.11"
82.93.152.253 - - [09/Jul/2009:18:17:29 +0200] "GET /zampa-lovers/Kralle.gif HTTP/1.1" 200 260 "http://www.various-euro.com/zampa-lovers/index.html" "Mozilla/5.0 (Windows; U; Windows NT 5.1; en-US; rv:1.9.0.11) Gecko/2009060215 Firefox/3.0.11"
82.93.152.253 - - [09/Jul/2009:18:17:29 +0200] "GET /zampa-lovers/zampa-2X2.gif HTTP/1.1" 200 6948 "http://www.various-euro.com/zampa-lovers/index.html" "Mozilla/5.0 (Windows; U; Windows NT 5.1; en-US; rv:1.9.0.11) Gecko/2009060215 Firefox/3.0.11"
82.93.152.253 - - [09/Jul/2009:18:17:29 +0200] "GET /zampa-lovers/1SEITEVE.GIF HTTP/1.1" 200 78726 "http://www.various-euro.com/zampa-lovers/index.html" "Mozilla/5.0 (Windows; U; Windows NT 5.1; en-US; rv:1.9.0.11) Gecko/2009060215 Firefox/3.0.11"
82.93.152.253 - - [09/Jul/2009:18:17:29 +0200] "GET /zampa-lovers/2SEITEVE.GIF HTTP/1.1" 200 83466 "http://www.various-euro.com/zampa-lovers/index.html" "Mozilla/5.0 (Windows; U; Windows NT 5.1; en-US; rv:1.9.0.11) Gecko/2009060215 Firefox/3.0.11"
82.93.152.253 - - [09/Jul/2009:18:17:28 +0200] "GET /zampa-lovers/MILIZA_2.JPG HTTP/1.1" 200 22172 "http://www.various-euro.com/zampa-lovers/index.html" "Mozilla/5.0 (Windows; U; Windows NT 5.1; en-US; rv:1.9.0.11) Gecko/2009060215 Firefox/3.0.11"
82.93.152.253 - - [09/Jul/2009:18:17:29 +0200] "GET /zampa-lovers/zampamali.gif HTTP/1.1" 200 2617 "http://www.various-euro.com/zampa-lovers/index.html" "Mozilla/5.0 (Windows; U; Windows NT 5.1; en-US; rv:1.9.0.11) Gecko/2009060215 Firefox/3.0.11"
82.93.152.253 - - [09/Jul/2009:18:17:29 +0200] "GET /zampa-lovers/MILIZA_3.JPG HTTP/1.1" 200 26924 "http://www.various-euro.com/zampa-lovers/index.html" "Mozilla/5.0 (Windows; U; Windows NT 5.1; en-US; rv:1.9.0.11) Gecko/2009060215 Firefox/3.0.11"
82.93.152.253 - - [09/Jul/2009:18:17:38 +0200] "GET /zampa-lovers/ZAMPAMA2.MPG HTTP/1.1" 200 63492 "http://www.various-euro.com/zampa-lovers/index.html" "Mozilla/5.0 (Windows; U; Windows NT 5.1; en-US; rv:1.9.0.11) Gecko/2009060215 Firefox/3.0.11"
82.93.152.253 - - [09/Jul/2009:18:17:38 +0200] "GET /zampa-lovers/WASISTMI1.MPG HTTP/1.1" 200 271221 "http://www.various-euro.com/zampa-lovers/index.html" "Mozilla/5.0 (Windows; U; Windows NT 5.1; en-US; rv:1.9.0.11) Gecko/2009060215 Firefox/3.0.11"
82.93.152.253 - - [09/Jul/2009:18:17:29 +0200] "GET /zampa-lovers/zampa.gif HTTP/1.1" 200 460627 "http://www.various-euro.com/zampa-lovers/index.html" "Mozilla/5.0 (Windows; U; Windows NT 5.1; en-US; rv:1.9.0.11) Gecko/2009060215 Firefox/3.0.11"
