65.55.106.158 - - [28/Jul/2009:00:57:23 +0200] "GET /f-net.html HTTP/1.1" 200 9913 "-" "msnbot/2.0b (+http://search.msn.com/msnbot.htm)"
72.14.199.8 - - [28/Jul/2009:01:47:37 +0200] "GET / HTTP/1.1" 302 353 "-" "Feedfetcher-Google; (+http://www.google.com/feedfetcher.html; 1 subscribers; feed-id=5454548576667470243)"
72.14.199.85 - - [28/Jul/2009:01:47:37 +0200] "GET /zampa/ HTTP/1.1" 200 7153 "-" "Feedfetcher-Google; (+http://www.google.com/feedfetcher.html; 1 subscribers; feed-id=5454548576667470243)"
81.52.143.34 - - [28/Jul/2009:02:15:51 +0200] "GET /neon/warning.html HTTP/1.1" 200 5134 "-" "Mozilla/5.0 (Windows; U; Windows NT 5.1; fr; rv:1.8.1) VoilaBot BETA 1.2 (support.voilabot@orange-ftgroup.com)"
65.55.106.134 - - [28/Jul/2009:02:21:13 +0200] "GET /robots.txt HTTP/1.1" 200 64 "-" "msnbot/2.0b (+http://search.msn.com/msnbot.htm)"
65.55.106.134 - - [28/Jul/2009:02:21:59 +0200] "GET /framez_0.html HTTP/1.1" 200 12285 "-" "msnbot/2.0b (+http://search.msn.com/msnbot.htm)"
72.30.142.254 - - [28/Jul/2009:02:27:28 +0200] "GET /f-sponsor.html HTTP/1.0" 200 8578 "-" "Mozilla/5.0 (compatible; Yahoo! Slurp/3.0; http://help.yahoo.com/help/us/ysearch/slurp)"
66.249.65.204 - - [28/Jul/2009:02:27:38 +0200] "GET /framez-zampa-lovers.html HTTP/1.1" 200 4322 "-" "Mozilla/5.0 (compatible; Googlebot/2.1; +http://www.google.com/bot.html)"
193.252.118.174 - - [28/Jul/2009:03:01:40 +0200] "GET /f-channel1.html HTTP/1.1" 200 9329 "-" "Mozilla/5.0 (Windows; U; Windows NT 5.1; fr; rv:1.8.1) VoilaBot BETA 1.2 (support.voilabot@orange-ftgroup.com)"
65.55.211.164 - - [28/Jul/2009:03:37:36 +0200] "GET /robots.txt HTTP/1.1" 200 64 "-" "msnbot/1.1 (+http://search.msn.com/msnbot.htm)"
65.55.211.164 - - [28/Jul/2009:03:37:38 +0200] "GET /framez-zampa-lovers.html HTTP/1.1" 200 4322 "-" "msnbot/1.1 (+http://search.msn.com/msnbot.htm)"
65.55.211.164 - - [28/Jul/2009:03:40:29 +0200] "GET /robots.txt HTTP/1.1" 200 64 "-" "msnbot/1.0 (+http://search.msn.com/msnbot.htm)"
65.55.211.164 - - [28/Jul/2009:03:40:29 +0200] "GET /frame-menu.html HTTP/1.1" 200 10500 "-" "msnbot/1.0 (+http://search.msn.com/msnbot.htm)"
65.55.211.164 - - [28/Jul/2009:03:40:30 +0200] "GET /zampa-lovers/index.html HTTP/1.1" 200 37790 "-" "msnbot/1.0 (+http://search.msn.com/msnbot.htm)"
65.55.211.164 - - [28/Jul/2009:03:40:31 +0200] "GET /frame-unten.html HTTP/1.1" 200 5308 "-" "msnbot/1.0 (+http://search.msn.com/msnbot.htm)"
72.30.142.254 - - [28/Jul/2009:03:56:02 +0200] "GET /framez-rez.html HTTP/1.0" 200 4323 "-" "Mozilla/5.0 (compatible; Yahoo! Slurp/3.0; http://help.yahoo.com/help/us/ysearch/slurp)"
72.30.142.254 - - [28/Jul/2009:03:56:07 +0200] "GET /f-rez.html HTTP/1.0" 200 9765 "http://www.various-euro.com/framez-rez.html" "Mozilla/5.0 (compatible; Yahoo! Slurp/3.0; http://help.yahoo.com/help/us/ysearch/slurp)"
72.30.142.254 - - [28/Jul/2009:03:56:07 +0200] "GET /frame-unten.html HTTP/1.0" 200 5308 "http://www.various-euro.com/framez-rez.html" "Mozilla/5.0 (compatible; Yahoo! Slurp/3.0; http://help.yahoo.com/help/us/ysearch/slurp)"
72.30.142.254 - - [28/Jul/2009:03:56:07 +0200] "GET /frame-menu.html HTTP/1.0" 200 10500 "http://www.various-euro.com/framez-rez.html" "Mozilla/5.0 (compatible; Yahoo! Slurp/3.0; http://help.yahoo.com/help/us/ysearch/slurp)"
72.30.142.254 - - [28/Jul/2009:03:56:09 +0200] "GET /style/various-euro.css HTTP/1.0" 304 - "http://www.various-euro.com/frame-menu.html" "Mozilla/5.0 (compatible; Yahoo! Slurp/3.0; http://help.yahoo.com/help/us/ysearch/slurp)"
81.52.143.29 - - [28/Jul/2009:04:24:06 +0200] "GET /DgH/orginal/index.html HTTP/1.1" 200 1727 "-" "Mozilla/5.0 (Windows; U; Windows NT 5.1; fr; rv:1.8.1) VoilaBot BETA 1.2 (support.voilabot@orange-ftgroup.com)"
193.252.118.175 - - [28/Jul/2009:04:31:29 +0200] "GET /f-bannnerz.html HTTP/1.1" 200 12651 "-" "Mozilla/5.0 (Windows; U; Windows NT 5.1; fr; rv:1.8.1) VoilaBot BETA 1.2 (support.voilabot@orange-ftgroup.com)"
65.55.211.166 - - [28/Jul/2009:04:46:43 +0200] "GET /robots.txt HTTP/1.1" 200 64 "-" "msnbot/1.1 (+http://search.msn.com/msnbot.htm)"
65.55.211.166 - - [28/Jul/2009:04:46:43 +0200] "GET /world.html HTTP/1.1" 200 16295 "-" "msnbot/1.1 (+http://search.msn.com/msnbot.htm)"
72.14.199.8 - - [28/Jul/2009:04:47:48 +0200] "GET / HTTP/1.1" 302 353 "-" "Feedfetcher-Google; (+http://www.google.com/feedfetcher.html; 1 subscribers; feed-id=5454548576667470243)"
72.14.199.85 - - [28/Jul/2009:04:47:48 +0200] "GET /zampa/ HTTP/1.1" 200 7153 "-" "Feedfetcher-Google; (+http://www.google.com/feedfetcher.html; 1 subscribers; feed-id=5454548576667470243)"
38.99.13.116 - - [28/Jul/2009:05:06:03 +0200] "GET /robots.txt HTTP/1.0" 302 363 "-" "Mozilla/5.0 (Twiceler-0.9 http://www.cuil.com/twiceler/robot.html)"
95.108.142.150 - - [28/Jul/2009:05:30:54 +0200] "GET /robots.txt HTTP/1.1" 200 64 "-" "Yandex/1.01.001 (compatible; Win16; I)"
95.108.142.150 - - [28/Jul/2009:05:30:57 +0200] "GET / HTTP/1.1" 200 7869 "-" "Yandex/1.01.001 (compatible; Win16; I)"
203.131.255.128 - - [28/Jul/2009:05:51:50 +0200] "GET http://www.various-euro.com/robots.txt HTTP/1.1" 200 64 "-" "ichiro/3.0 (http://help.goo.ne.jp/door/crawler.html)"
203.131.255.128 - - [28/Jul/2009:05:52:11 +0200] "GET http://www.various-euro.com/ HTTP/1.1" 200 7869 "-" "ichiro/3.0 (http://help.goo.ne.jp/door/crawler.html)"
203.131.255.128 - - [28/Jul/2009:06:09:21 +0200] "GET http://www.various-euro.com/framez.html HTTP/1.1" 200 3959 "-" "DoCoMo/2.0 P901i(c100;TB;W24H11) (compatible; ichiro/mobile goo; +http://help.goo.ne.jp/door/crawler.html)"
216.129.119.49 - - [28/Jul/2009:06:09:37 +0200] "GET /robots.txt HTTP/1.0" 200 64 "-" "Mozilla/5.0 (Twiceler-0.9 http://www.cuil.com/twiceler/robot.html)"
65.55.211.167 - - [28/Jul/2009:06:22:09 +0200] "GET /robots.txt HTTP/1.1" 200 64 "-" "msnbot/1.1 (+http://search.msn.com/msnbot.htm)"
65.55.211.167 - - [28/Jul/2009:06:22:09 +0200] "GET /schubb/schubb-1.html HTTP/1.1" 200 9070 "-" "msnbot/1.1 (+http://search.msn.com/msnbot.htm)"
65.55.110.86 - - [28/Jul/2009:06:24:31 +0200] "GET /schubb/schubb-1.html HTTP/1.1" 200 9070 "http://www.bing.com/search?q=various" "Mozilla/4.0 (compatible; MSIE 6.0; Windows NT 5.2; SV1; .NET CLR 1.1.4325; .NET CLR 2.0.50727; .NET CLR 3.0.30729; .NET CLR 3.5.30729; MS-RTC LM 8)"
65.55.110.86 - - [28/Jul/2009:06:24:34 +0200] "GET /framez-schubb.html HTTP/1.1" 200 4324 "-" "Mozilla/4.0 (compatible; MSIE 6.0; Windows NT 5.2; SV1; .NET CLR 1.1.4325; .NET CLR 2.0.50727; .NET CLR 3.0.30729; .NET CLR 3.5.30729; MS-RTC LM 8)"
65.55.110.86 - - [28/Jul/2009:06:24:35 +0200] "GET /frame-menu.html HTTP/1.1" 200 10500 "http://www.various-euro.com/framez-schubb.html" "Mozilla/4.0 (compatible; MSIE 6.0; Windows NT 5.2; SV1; .NET CLR 1.1.4325; .NET CLR 2.0.50727; .NET CLR 3.0.30729; .NET CLR 3.5.30729; MS-RTC LM 8)"
65.55.110.86 - - [28/Jul/2009:06:24:36 +0200] "GET /frame-unten.html HTTP/1.1" 200 5308 "http://www.various-euro.com/framez-schubb.html" "Mozilla/4.0 (compatible; MSIE 6.0; Windows NT 5.2; SV1; .NET CLR 1.1.4325; .NET CLR 2.0.50727; .NET CLR 3.0.30729; .NET CLR 3.5.30729; MS-RTC LM 8)"
65.55.110.86 - - [28/Jul/2009:06:24:36 +0200] "GET /schubb/schubb-1.html HTTP/1.1" 200 9070 "http://www.various-euro.com/framez-schubb.html" "Mozilla/4.0 (compatible; MSIE 6.0; Windows NT 5.2; SV1; .NET CLR 1.1.4325; .NET CLR 2.0.50727; .NET CLR 3.0.30729; .NET CLR 3.5.30729; MS-RTC LM 8)"
65.55.110.86 - - [28/Jul/2009:06:24:38 +0200] "GET /style/various-euro.css HTTP/1.1" 200 3437 "http://www.various-euro.com/frame-menu.html" "Mozilla/4.0 (compatible; MSIE 6.0; Windows NT 5.2; SV1; .NET CLR 1.1.4325; .NET CLR 2.0.50727; .NET CLR 3.0.30729; .NET CLR 3.5.30729; MS-RTC LM 8)"
203.131.255.128 - - [28/Jul/2009:06:50:50 +0200] "GET http://www.various-euro.com/frame-menu.html HTTP/1.1" 200 10500 "-" "DoCoMo/2.0 P901i(c100;TB;W24H11) (compatible; ichiro/mobile goo; +http://help.goo.ne.jp/door/crawler.html)"
203.131.255.128 - - [28/Jul/2009:06:51:23 +0200] "GET http://www.various-euro.com/frame-inhalt.html HTTP/1.1" 200 7688 "-" "DoCoMo/2.0 P901i(c100;TB;W24H11) (compatible; ichiro/mobile goo; +http://help.goo.ne.jp/door/crawler.html)"
203.131.255.128 - - [28/Jul/2009:06:54:31 +0200] "GET http://www.various-euro.com/frame-unten.html HTTP/1.1" 200 5308 "-" "DoCoMo/2.0 P901i(c100;TB;W24H11) (compatible; ichiro/mobile goo; +http://help.goo.ne.jp/door/crawler.html)"
220.181.61.232 - - [28/Jul/2009:06:54:46 +0200] "GET /robots.txt HTTP/1.1" 304 - "-" "-"
220.181.61.232 - - [28/Jul/2009:07:02:05 +0200] "GET /framez.html HTTP/1.1" 200 3959 "-" "Sogou web spider/4.0(+http://www.sogou.com/docs/help/webmasters.htm#07)"
38.99.44.105 - - [28/Jul/2009:07:11:50 +0200] "GET /robots.txt HTTP/1.0" 200 64 "-" "Mozilla/5.0 (Twiceler-0.9 http://www.cuil.com/twiceler/robot.html)"
81.52.143.37 - - [28/Jul/2009:07:13:00 +0200] "GET /neon/left-one-new.html HTTP/1.1" 200 1483 "-" "Mozilla/5.0 (Windows; U; Windows NT 5.1; fr; rv:1.8.1) VoilaBot BETA 1.2 (support.voilabot@orange-ftgroup.com)"
65.55.211.165 - - [28/Jul/2009:07:38:04 +0200] "GET /robots.txt HTTP/1.1" 200 64 "-" "msnbot/1.1 (+http://search.msn.com/msnbot.htm)"
65.55.211.165 - - [28/Jul/2009:07:38:05 +0200] "GET /zampa/montenegro/SEKAW.html HTTP/1.1" 200 860 "-" "msnbot/1.1 (+http://search.msn.com/msnbot.htm)"
72.14.199.8 - - [28/Jul/2009:07:47:59 +0200] "GET / HTTP/1.1" 302 353 "-" "Feedfetcher-Google; (+http://www.google.com/feedfetcher.html; 1 subscribers; feed-id=5454548576667470243)"
72.14.199.85 - - [28/Jul/2009:07:48:00 +0200] "GET /zampa/ HTTP/1.1" 200 7153 "-" "Feedfetcher-Google; (+http://www.google.com/feedfetcher.html; 1 subscribers; feed-id=5454548576667470243)"
203.131.255.128 - - [28/Jul/2009:08:19:22 +0200] "GET http://www.various-euro.com/f-search.html HTTP/1.1" 200 11800 "-" "DoCoMo/2.0 P901i(c100;TB;W24H11) (compatible; ichiro/mobile goo; +http://help.goo.ne.jp/door/crawler.html)"
203.131.255.128 - - [28/Jul/2009:08:20:43 +0200] "GET http://www.various-euro.com/f-contact.html HTTP/1.1" 200 6804 "-" "DoCoMo/2.0 P901i(c100;TB;W24H11) (compatible; ichiro/mobile goo; +http://help.goo.ne.jp/door/crawler.html)"
65.55.211.158 - - [28/Jul/2009:08:20:48 +0200] "GET /robots.txt HTTP/1.1" 200 64 "-" "msnbot/1.1 (+http://search.msn.com/msnbot.htm)"
65.55.211.158 - - [28/Jul/2009:08:20:48 +0200] "GET /euro.html HTTP/1.1" 404 2748 "-" "msnbot/1.1 (+http://search.msn.com/msnbot.htm)"
203.131.255.128 - - [28/Jul/2009:08:21:55 +0200] "GET http://www.various-euro.com/f-sponsor.html HTTP/1.1" 200 8578 "-" "DoCoMo/2.0 P901i(c100;TB;W24H11) (compatible; ichiro/mobile goo; +http://help.goo.ne.jp/door/crawler.html)"
203.131.255.128 - - [28/Jul/2009:08:22:37 +0200] "GET http://www.various-euro.com/f-warez.html HTTP/1.1" 200 10953 "-" "DoCoMo/2.0 P901i(c100;TB;W24H11) (compatible; ichiro/mobile goo; +http://help.goo.ne.jp/door/crawler.html)"
203.131.255.128 - - [28/Jul/2009:08:23:20 +0200] "GET http://www.various-euro.com/f-web.html HTTP/1.1" 200 13605 "-" "DoCoMo/2.0 P901i(c100;TB;W24H11) (compatible; ichiro/mobile goo; +http://help.goo.ne.jp/door/crawler.html)"
203.131.255.128 - - [28/Jul/2009:08:24:03 +0200] "GET http://www.various-euro.com/f-net.html HTTP/1.1" 200 9913 "-" "DoCoMo/2.0 P901i(c100;TB;W24H11) (compatible; ichiro/mobile goo; +http://help.goo.ne.jp/door/crawler.html)"
203.131.255.128 - - [28/Jul/2009:08:24:46 +0200] "GET http://www.various-euro.com/f-euro.html HTTP/1.1" 200 12203 "-" "DoCoMo/2.0 P901i(c100;TB;W24H11) (compatible; ichiro/mobile goo; +http://help.goo.ne.jp/door/crawler.html)"
203.131.255.128 - - [28/Jul/2009:08:25:29 +0200] "GET http://www.various-euro.com/f-zeug.html HTTP/1.1" 200 59462 "-" "DoCoMo/2.0 P901i(c100;TB;W24H11) (compatible; ichiro/mobile goo; +http://help.goo.ne.jp/door/crawler.html)"
203.131.255.128 - - [28/Jul/2009:08:28:16 +0200] "GET http://www.various-euro.com/f-other.html HTTP/1.1" 200 19851 "-" "DoCoMo/2.0 P901i(c100;TB;W24H11) (compatible; ichiro/mobile goo; +http://help.goo.ne.jp/door/crawler.html)"
203.131.255.128 - - [28/Jul/2009:08:28:58 +0200] "GET http://www.various-euro.com/f-world.html HTTP/1.1" 200 35590 "-" "DoCoMo/2.0 P901i(c100;TB;W24H11) (compatible; ichiro/mobile goo; +http://help.goo.ne.jp/door/crawler.html)"
203.131.255.128 - - [28/Jul/2009:08:29:41 +0200] "GET http://www.various-euro.com/f-channel1.html HTTP/1.1" 200 9329 "-" "DoCoMo/2.0 P901i(c100;TB;W24H11) (compatible; ichiro/mobile goo; +http://help.goo.ne.jp/door/crawler.html)"
203.131.255.128 - - [28/Jul/2009:08:30:24 +0200] "GET http://www.various-euro.com/snapshots.html HTTP/1.1" 200 4259 "-" "DoCoMo/2.0 P901i(c100;TB;W24H11) (compatible; ichiro/mobile goo; +http://help.goo.ne.jp/door/crawler.html)"
203.131.255.128 - - [28/Jul/2009:08:31:04 +0200] "GET http://www.various-euro.com/your_tour.html HTTP/1.1" 200 31777 "-" "DoCoMo/2.0 P901i(c100;TB;W24H11) (compatible; ichiro/mobile goo; +http://help.goo.ne.jp/door/crawler.html)"
203.131.255.128 - - [28/Jul/2009:08:35:04 +0200] "GET http://www.various-euro.com/logs/ HTTP/1.1" 200 11511 "-" "DoCoMo/2.0 P901i(c100;TB;W24H11) (compatible; ichiro/mobile goo; +http://help.goo.ne.jp/door/crawler.html)"
203.131.255.128 - - [28/Jul/2009:08:35:49 +0200] "GET http://www.various-euro.com/f-bannnerz.html HTTP/1.1" 200 12651 "-" "DoCoMo/2.0 P901i(c100;TB;W24H11) (compatible; ichiro/mobile goo; +http://help.goo.ne.jp/door/crawler.html)"
203.131.255.128 - - [28/Jul/2009:08:36:30 +0200] "GET http://www.various-euro.com/f-doku-brau.html HTTP/1.1" 200 7152 "-" "DoCoMo/2.0 P901i(c100;TB;W24H11) (compatible; ichiro/mobile goo; +http://help.goo.ne.jp/door/crawler.html)"
203.131.255.128 - - [28/Jul/2009:08:37:12 +0200] "GET http://www.various-euro.com/restate_copy.html HTTP/1.1" 200 97631 "-" "DoCoMo/2.0 P901i(c100;TB;W24H11) (compatible; ichiro/mobile goo; +http://help.goo.ne.jp/door/crawler.html)"
203.131.255.128 - - [28/Jul/2009:08:37:56 +0200] "GET http://www.various-euro.com/f-rez.html HTTP/1.1" 200 9765 "-" "DoCoMo/2.0 P901i(c100;TB;W24H11) (compatible; ichiro/mobile goo; +http://help.goo.ne.jp/door/crawler.html)"
203.131.255.128 - - [28/Jul/2009:08:38:18 +0200] "GET http://www.various-euro.com/rez/557.mp3 HTTP/1.1" 200 9164800 "-" "ichiro/3.0 (http://help.goo.ne.jp/door/crawler.html)"
203.131.255.128 - - [28/Jul/2009:08:38:50 +0200] "GET http://www.various-euro.com/rez/556.mp3 HTTP/1.1" 200 2674419 "-" "ichiro/3.0 (http://help.goo.ne.jp/door/crawler.html)"
203.131.255.128 - - [28/Jul/2009:08:39:22 +0200] "GET http://www.various-euro.com/rez/555.mp3 HTTP/1.1" 200 6017674 "-" "ichiro/3.0 (http://help.goo.ne.jp/door/crawler.html)"
203.131.255.128 - - [28/Jul/2009:08:39:52 +0200] "GET http://www.various-euro.com/rez/327.mp3 HTTP/1.1" 200 2771948 "-" "ichiro/3.0 (http://help.goo.ne.jp/door/crawler.html)"
203.131.255.128 - - [28/Jul/2009:08:40:17 +0200] "GET http://www.various-euro.com/rez/601.mp3 HTTP/1.1" 200 5052711 "-" "ichiro/3.0 (http://help.goo.ne.jp/door/crawler.html)"
203.131.255.128 - - [28/Jul/2009:08:40:46 +0200] "GET http://www.various-euro.com/rez/607.mp3 HTTP/1.1" 200 4964417 "-" "ichiro/3.0 (http://help.goo.ne.jp/door/crawler.html)"
203.131.255.128 - - [28/Jul/2009:08:41:18 +0200] "GET http://www.various-euro.com/rez/611.mp3 HTTP/1.1" 200 6782540 "-" "ichiro/3.0 (http://help.goo.ne.jp/door/crawler.html)"
203.131.255.128 - - [28/Jul/2009:08:41:50 +0200] "GET http://www.various-euro.com/rez/108.mp3 HTTP/1.1" 200 2086040 "-" "ichiro/3.0 (http://help.goo.ne.jp/door/crawler.html)"
203.131.255.128 - - [28/Jul/2009:08:42:41 +0200] "GET http://www.various-euro.com/rez/326.mp3 HTTP/1.1" 200 7672484 "-" "ichiro/3.0 (http://help.goo.ne.jp/door/crawler.html)"
203.131.255.128 - - [28/Jul/2009:08:43:17 +0200] "GET http://www.various-euro.com/rez/554.mp3 HTTP/1.1" 200 13335140 "-" "ichiro/3.0 (http://help.goo.ne.jp/door/crawler.html)"
203.131.255.128 - - [28/Jul/2009:08:44:20 +0200] "GET http://www.various-euro.com/f-horrorkatze.html HTTP/1.1" 200 7865 "-" "DoCoMo/2.0 P901i(c100;TB;W24H11) (compatible; ichiro/mobile goo; +http://help.goo.ne.jp/door/crawler.html)"
203.131.255.128 - - [28/Jul/2009:08:45:02 +0200] "GET http://www.various-euro.com/sendi_agent.html HTTP/1.1" 200 8791 "-" "DoCoMo/2.0 P901i(c100;TB;W24H11) (compatible; ichiro/mobile goo; +http://help.goo.ne.jp/door/crawler.html)"
203.131.255.128 - - [28/Jul/2009:08:45:25 +0200] "GET http://www.various-euro.com/sendi-agent/sendi-paris-1.mp3 HTTP/1.1" 200 62730536 "-" "ichiro/3.0 (http://help.goo.ne.jp/door/crawler.html)"
203.131.255.128 - - [28/Jul/2009:08:46:44 +0200] "GET http://www.various-euro.com/sendi-agent/sendi-paris-2.mp3 HTTP/1.1" 200 98155711 "-" "ichiro/3.0 (http://help.goo.ne.jp/door/crawler.html)"
203.131.255.128 - - [28/Jul/2009:08:48:17 +0200] "GET http://www.various-euro.com/zampa-lovers/index.html HTTP/1.1" 200 37790 "-" "DoCoMo/2.0 P901i(c100;TB;W24H11) (compatible; ichiro/mobile goo; +http://help.goo.ne.jp/door/crawler.html)"
203.131.255.128 - - [28/Jul/2009:08:49:00 +0200] "GET http://www.various-euro.com/f-actions.html HTTP/1.1" 200 11686 "-" "DoCoMo/2.0 P901i(c100;TB;W24H11) (compatible; ichiro/mobile goo; +http://help.goo.ne.jp/door/crawler.html)"
203.131.255.128 - - [28/Jul/2009:08:49:43 +0200] "GET http://www.various-euro.com/bmpp/euro_pal_1.html HTTP/1.1" 200 18252 "-" "DoCoMo/2.0 P901i(c100;TB;W24H11) (compatible; ichiro/mobile goo; +http://help.goo.ne.jp/door/crawler.html)"
203.131.255.128 - - [28/Jul/2009:08:50:28 +0200] "GET http://www.various-euro.com/neon/euro.html HTTP/1.1" 200 2212 "-" "DoCoMo/2.0 P901i(c100;TB;W24H11) (compatible; ichiro/mobile goo; +http://help.goo.ne.jp/door/crawler.html)"
203.131.255.128 - - [28/Jul/2009:08:51:13 +0200] "GET http://www.various-euro.com/schubb/schubb-1.html HTTP/1.1" 200 9070 "-" "DoCoMo/2.0 P901i(c100;TB;W24H11) (compatible; ichiro/mobile goo; +http://help.goo.ne.jp/door/crawler.html)"
203.131.255.128 - - [28/Jul/2009:08:51:55 +0200] "GET http://www.various-euro.com/f-maintitle.html HTTP/1.1" 200 5030 "-" "DoCoMo/2.0 P901i(c100;TB;W24H11) (compatible; ichiro/mobile goo; +http://help.goo.ne.jp/door/crawler.html)"
203.131.255.128 - - [28/Jul/2009:08:52:36 +0200] "GET http://www.various-euro.com/bmpp/euro_pal_111.html HTTP/1.1" 200 2129 "-" "DoCoMo/2.0 P901i(c100;TB;W24H11) (compatible; ichiro/mobile goo; +http://help.goo.ne.jp/door/crawler.html)"
203.131.255.128 - - [28/Jul/2009:08:53:18 +0200] "GET http://www.various-euro.com/partnergegenberlin.html HTTP/1.1" 200 5022 "-" "DoCoMo/2.0 P901i(c100;TB;W24H11) (compatible; ichiro/mobile goo; +http://help.goo.ne.jp/door/crawler.html)"
65.55.51.70 - - [28/Jul/2009:08:55:27 +0200] "GET /robots.txt HTTP/1.1" 200 64 "-" "msnbot/2.0b (+http://search.msn.com/msnbot.htm)"
65.55.51.110 - - [28/Jul/2009:09:02:19 +0200] "GET /robots.txt HTTP/1.1" 200 64 "-" "msnbot/2.0b (+http://search.msn.com/msnbot.htm)"
203.131.255.128 - - [28/Jul/2009:09:55:23 +0200] "GET http://www.various-euro.com/neon/code.html HTTP/1.1" 200 1109 "-" "DoCoMo/2.0 P901i(c100;TB;W24H11) (compatible; ichiro/mobile goo; +http://help.goo.ne.jp/door/crawler.html)"
203.131.255.128 - - [28/Jul/2009:09:56:05 +0200] "GET http://www.various-euro.com/DgH/rampe/index.html HTTP/1.1" 200 2056 "-" "DoCoMo/2.0 P901i(c100;TB;W24H11) (compatible; ichiro/mobile goo; +http://help.goo.ne.jp/door/crawler.html)"
203.131.255.128 - - [28/Jul/2009:09:56:26 +0200] "GET http://www.various-euro.com/DgH/rampe/pict/Rampe.mp3 HTTP/1.1" 200 8295 "-" "ichiro/3.0 (http://help.goo.ne.jp/door/crawler.html)"
203.131.255.128 - - [28/Jul/2009:09:57:29 +0200] "GET http://www.various-euro.com/DgH/orginal/index.html HTTP/1.1" 200 1727 "-" "DoCoMo/2.0 P901i(c100;TB;W24H11) (compatible; ichiro/mobile goo; +http://help.goo.ne.jp/door/crawler.html)"
203.131.255.128 - - [28/Jul/2009:09:58:13 +0200] "GET http://www.various-euro.com/DgH/bull/index.html HTTP/1.1" 200 1915 "-" "DoCoMo/2.0 P901i(c100;TB;W24H11) (compatible; ichiro/mobile goo; +http://help.goo.ne.jp/door/crawler.html)"
203.131.255.128 - - [28/Jul/2009:09:58:53 +0200] "GET http://www.various-euro.com/DgH/watch/index.html HTTP/1.1" 200 2028 "-" "DoCoMo/2.0 P901i(c100;TB;W24H11) (compatible; ichiro/mobile goo; +http://help.goo.ne.jp/door/crawler.html)"
203.131.255.128 - - [28/Jul/2009:09:59:14 +0200] "GET http://www.various-euro.com/DgH/watch/pict/Watch.mp3 HTTP/1.1" 200 29938 "-" "ichiro/3.0 (http://help.goo.ne.jp/door/crawler.html)"
203.131.255.128 - - [28/Jul/2009:10:00:20 +0200] "GET http://www.various-euro.com/rss/ve-rss.php HTTP/1.1" 200 15834 "-" "DoCoMo/2.0 P901i(c100;TB;W24H11) (compatible; ichiro/mobile goo; +http://help.goo.ne.jp/door/crawler.html)"
203.131.255.128 - - [28/Jul/2009:10:00:46 +0200] "GET http://www.various-euro.com/logs/usage_200905.html HTTP/1.1" 200 161148 "-" "DoCoMo/2.0 P901i(c100;TB;W24H11) (compatible; ichiro/mobile goo; +http://help.goo.ne.jp/door/crawler.html)"
203.131.255.128 - - [28/Jul/2009:10:01:10 +0200] "GET http://www.various-euro.com/logs/usage_200904.html HTTP/1.1" 200 166595 "-" "DoCoMo/2.0 P901i(c100;TB;W24H11) (compatible; ichiro/mobile goo; +http://help.goo.ne.jp/door/crawler.html)"
203.131.255.128 - - [28/Jul/2009:10:01:36 +0200] "GET http://www.various-euro.com/logs/usage_200903.html HTTP/1.1" 200 167061 "-" "DoCoMo/2.0 P901i(c100;TB;W24H11) (compatible; ichiro/mobile goo; +http://help.goo.ne.jp/door/crawler.html)"
203.131.255.128 - - [28/Jul/2009:10:03:00 +0200] "GET http://www.various-euro.com/logs/usage_200902.html HTTP/1.1" 200 164604 "-" "DoCoMo/2.0 P901i(c100;TB;W24H11) (compatible; ichiro/mobile goo; +http://help.goo.ne.jp/door/crawler.html)"
203.131.255.128 - - [28/Jul/2009:10:03:23 +0200] "GET http://www.various-euro.com/logs/usage_200901.html HTTP/1.1" 200 167238 "-" "DoCoMo/2.0 P901i(c100;TB;W24H11) (compatible; ichiro/mobile goo; +http://help.goo.ne.jp/door/crawler.html)"
203.131.255.128 - - [28/Jul/2009:10:03:49 +0200] "GET http://www.various-euro.com/logs/usage_200812.html HTTP/1.1" 200 168932 "-" "DoCoMo/2.0 P901i(c100;TB;W24H11) (compatible; ichiro/mobile goo; +http://help.goo.ne.jp/door/crawler.html)"
203.131.255.128 - - [28/Jul/2009:10:04:36 +0200] "GET http://www.various-euro.com/logs/usage_200811.html HTTP/1.1" 200 166396 "-" "DoCoMo/2.0 P901i(c100;TB;W24H11) (compatible; ichiro/mobile goo; +http://help.goo.ne.jp/door/crawler.html)"
203.131.255.128 - - [28/Jul/2009:10:05:03 +0200] "GET http://www.various-euro.com/logs/usage_200810.html HTTP/1.1" 200 167469 "-" "DoCoMo/2.0 P901i(c100;TB;W24H11) (compatible; ichiro/mobile goo; +http://help.goo.ne.jp/door/crawler.html)"
203.131.255.128 - - [28/Jul/2009:10:05:46 +0200] "GET http://www.various-euro.com/logs/usage_200809.html HTTP/1.1" 200 167981 "-" "DoCoMo/2.0 P901i(c100;TB;W24H11) (compatible; ichiro/mobile goo; +http://help.goo.ne.jp/door/crawler.html)"
65.55.106.164 - - [28/Jul/2009:10:06:33 +0200] "GET /robots.txt HTTP/1.1" 200 64 "-" "msnbot/2.0b (+http://search.msn.com/msnbot.htm)"
203.131.255.128 - - [28/Jul/2009:10:06:31 +0200] "GET http://www.various-euro.com/logs/usage_200808.html HTTP/1.1" 200 167489 "-" "DoCoMo/2.0 P901i(c100;TB;W24H11) (compatible; ichiro/mobile goo; +http://help.goo.ne.jp/door/crawler.html)"
203.131.255.128 - - [28/Jul/2009:10:07:17 +0200] "GET http://www.various-euro.com/logs/usage_200807.html HTTP/1.1" 200 169348 "-" "DoCoMo/2.0 P901i(c100;TB;W24H11) (compatible; ichiro/mobile goo; +http://help.goo.ne.jp/door/crawler.html)"
65.55.106.164 - - [28/Jul/2009:10:07:33 +0200] "GET /zampa/montenegro/BATAW.html HTTP/1.1" 200 860 "-" "msnbot/2.0b (+http://search.msn.com/msnbot.htm)"
203.131.255.128 - - [28/Jul/2009:10:08:01 +0200] "GET http://www.various-euro.com/logs/usage_200806.html HTTP/1.1" 200 166379 "-" "DoCoMo/2.0 P901i(c100;TB;W24H11) (compatible; ichiro/mobile goo; +http://help.goo.ne.jp/door/crawler.html)"
203.131.255.128 - - [28/Jul/2009:10:08:30 +0200] "GET http://www.various-euro.com/menue.html HTTP/1.1" 404 2748 "-" "DoCoMo/2.0 P901i(c100;TB;W24H11) (compatible; ichiro/mobile goo; +http://help.goo.ne.jp/door/crawler.html)"
203.131.255.128 - - [28/Jul/2009:10:09:17 +0200] "GET http://www.various-euro.com/euro.html HTTP/1.1" 404 2748 "-" "DoCoMo/2.0 P901i(c100;TB;W24H11) (compatible; ichiro/mobile goo; +http://help.goo.ne.jp/door/crawler.html)"
66.249.65.204 - - [28/Jul/2009:10:09:29 +0200] "GET /robots.txt HTTP/1.1" 200 64 "-" "Mozilla/5.0 (compatible; Googlebot/2.1; +http://www.google.com/bot.html)"
66.249.65.204 - - [28/Jul/2009:10:09:30 +0200] "GET /f-bannnerz.html HTTP/1.1" 200 12651 "-" "Mozilla/5.0 (compatible; Googlebot/2.1; +http://www.google.com/bot.html)"
203.131.255.128 - - [28/Jul/2009:10:09:59 +0200] "GET http://www.various-euro.com/warez.html HTTP/1.1" 200 9754 "-" "DoCoMo/2.0 P901i(c100;TB;W24H11) (compatible; ichiro/mobile goo; +http://help.goo.ne.jp/door/crawler.html)"
203.131.255.128 - - [28/Jul/2009:10:10:42 +0200] "GET http://www.various-euro.com/web.html HTTP/1.1" 404 2748 "-" "DoCoMo/2.0 P901i(c100;TB;W24H11) (compatible; ichiro/mobile goo; +http://help.goo.ne.jp/door/crawler.html)"
203.131.255.128 - - [28/Jul/2009:10:11:10 +0200] "GET http://www.various-euro.com/net.html HTTP/1.1" 404 2748 "-" "DoCoMo/2.0 P901i(c100;TB;W24H11) (compatible; ichiro/mobile goo; +http://help.goo.ne.jp/door/crawler.html)"
203.131.255.128 - - [28/Jul/2009:10:11:52 +0200] "GET http://www.various-euro.com/world.html HTTP/1.1" 200 16295 "-" "DoCoMo/2.0 P901i(c100;TB;W24H11) (compatible; ichiro/mobile goo; +http://help.goo.ne.jp/door/crawler.html)"
203.131.255.128 - - [28/Jul/2009:10:12:35 +0200] "GET http://www.various-euro.com/channel1.html HTTP/1.1" 404 2748 "-" "DoCoMo/2.0 P901i(c100;TB;W24H11) (compatible; ichiro/mobile goo; +http://help.goo.ne.jp/door/crawler.html)"
203.131.255.128 - - [28/Jul/2009:10:13:17 +0200] "GET http://www.various-euro.com/search.html HTTP/1.1" 200 1440 "-" "DoCoMo/2.0 P901i(c100;TB;W24H11) (compatible; ichiro/mobile goo; +http://help.goo.ne.jp/door/crawler.html)"
203.131.255.128 - - [28/Jul/2009:10:13:58 +0200] "GET http://www.various-euro.com/contact.html HTTP/1.1" 404 2748 "-" "DoCoMo/2.0 P901i(c100;TB;W24H11) (compatible; ichiro/mobile goo; +http://help.goo.ne.jp/door/crawler.html)"
203.131.255.128 - - [28/Jul/2009:10:14:40 +0200] "GET http://www.various-euro.com/tour1_new.html HTTP/1.1" 404 2748 "-" "DoCoMo/2.0 P901i(c100;TB;W24H11) (compatible; ichiro/mobile goo; +http://help.goo.ne.jp/door/crawler.html)"
203.131.255.128 - - [28/Jul/2009:10:15:22 +0200] "GET http://www.various-euro.com/logz.html HTTP/1.1" 404 2748 "-" "DoCoMo/2.0 P901i(c100;TB;W24H11) (compatible; ichiro/mobile goo; +http://help.goo.ne.jp/door/crawler.html)"
203.131.255.128 - - [28/Jul/2009:10:15:43 +0200] "GET http://www.various-euro.com/logz_old.html HTTP/1.1" 404 2748 "-" "DoCoMo/2.0 P901i(c100;TB;W24H11) (compatible; ichiro/mobile goo; +http://help.goo.ne.jp/door/crawler.html)"
203.131.255.128 - - [28/Jul/2009:10:16:08 +0200] "GET http://www.various-euro.com/bannnerz.html HTTP/1.1" 404 2748 "-" "DoCoMo/2.0 P901i(c100;TB;W24H11) (compatible; ichiro/mobile goo; +http://help.goo.ne.jp/door/crawler.html)"
203.131.255.128 - - [28/Jul/2009:10:17:36 +0200] "GET http://www.various-euro.com/sendi-agent/Interfiction-sendi.avi HTTP/1.1" 200 34633728 "-" "ichiro/3.0 (http://help.goo.ne.jp/door/crawler.html)"
203.131.255.128 - - [28/Jul/2009:10:18:26 +0200] "GET http://www.various-euro.com/3dsf3/sendi/index.html HTTP/1.1" 200 1837 "-" "DoCoMo/2.0 P901i(c100;TB;W24H11) (compatible; ichiro/mobile goo; +http://help.goo.ne.jp/door/crawler.html)"
203.131.255.128 - - [28/Jul/2009:10:19:08 +0200] "GET http://www.various-euro.com/3dsf3/sendi/sendisendi.html HTTP/1.1" 200 5118 "-" "DoCoMo/2.0 P901i(c100;TB;W24H11) (compatible; ichiro/mobile goo; +http://help.goo.ne.jp/door/crawler.html)"
203.131.255.128 - - [28/Jul/2009:10:19:33 +0200] "GET http://www.various-euro.com/neon/channel.html HTTP/1.1" 200 1942 "-" "DoCoMo/2.0 P901i(c100;TB;W24H11) (compatible; ichiro/mobile goo; +http://help.goo.ne.jp/door/crawler.html)"
203.131.255.128 - - [28/Jul/2009:10:20:18 +0200] "GET http://www.various-euro.com/neon/warning2.html HTTP/1.1" 200 997 "-" "DoCoMo/2.0 P901i(c100;TB;W24H11) (compatible; ichiro/mobile goo; +http://help.goo.ne.jp/door/crawler.html)"
203.131.255.128 - - [28/Jul/2009:10:20:44 +0200] "GET http://www.various-euro.com/neon/europa.html HTTP/1.1" 200 389 "-" "DoCoMo/2.0 P901i(c100;TB;W24H11) (compatible; ichiro/mobile goo; +http://help.goo.ne.jp/door/crawler.html)"
203.131.255.128 - - [28/Jul/2009:10:21:06 +0200] "GET http://www.various-euro.com/neon/girlz3.html HTTP/1.1" 200 2479 "-" "DoCoMo/2.0 P901i(c100;TB;W24H11) (compatible; ichiro/mobile goo; +http://help.goo.ne.jp/door/crawler.html)"
203.131.255.128 - - [28/Jul/2009:10:21:47 +0200] "GET http://www.various-euro.com/neon/click.html HTTP/1.1" 200 521 "-" "DoCoMo/2.0 P901i(c100;TB;W24H11) (compatible; ichiro/mobile goo; +http://help.goo.ne.jp/door/crawler.html)"
203.131.255.128 - - [28/Jul/2009:10:22:28 +0200] "GET http://www.various-euro.com/bmpp/18.html HTTP/1.1" 200 4467 "-" "DoCoMo/2.0 P901i(c100;TB;W24H11) (compatible; ichiro/mobile goo; +http://help.goo.ne.jp/door/crawler.html)"
203.131.255.128 - - [28/Jul/2009:10:23:15 +0200] "GET http://www.various-euro.com/schubb/schubb-2.html HTTP/1.1" 200 16660 "-" "DoCoMo/2.0 P901i(c100;TB;W24H11) (compatible; ichiro/mobile goo; +http://help.goo.ne.jp/door/crawler.html)"
203.131.255.128 - - [28/Jul/2009:10:24:09 +0200] "GET http://www.various-euro.com/games/virtualcop/virtualcop.html HTTP/1.1" 200 4487 "-" "DoCoMo/2.0 P901i(c100;TB;W24H11) (compatible; ichiro/mobile goo; +http://help.goo.ne.jp/door/crawler.html)"
72.14.199.8 - - [28/Jul/2009:10:48:28 +0200] "GET / HTTP/1.1" 302 353 "-" "Feedfetcher-Google; (+http://www.google.com/feedfetcher.html; 1 subscribers; feed-id=5454548576667470243)"
72.14.199.85 - - [28/Jul/2009:10:48:29 +0200] "GET /zampa/ HTTP/1.1" 200 7153 "-" "Feedfetcher-Google; (+http://www.google.com/feedfetcher.html; 1 subscribers; feed-id=5454548576667470243)"
203.131.255.128 - - [28/Jul/2009:11:02:16 +0200] "GET http://www.various-euro.com/3dsf3/sendi/receiver.html HTTP/1.1" 200 1402 "-" "DoCoMo/2.0 P901i(c100;TB;W24H11) (compatible; ichiro/mobile goo; +http://help.goo.ne.jp/door/crawler.html)"
65.55.211.169 - - [28/Jul/2009:11:05:25 +0200] "GET /robots.txt HTTP/1.1" 200 64 "-" "msnbot/1.1 (+http://search.msn.com/msnbot.htm)"
65.55.211.169 - - [28/Jul/2009:11:05:25 +0200] "GET /zampa/wonderland/index.html HTTP/1.1" 200 2084 "-" "msnbot/1.1 (+http://search.msn.com/msnbot.htm)"
203.131.255.128 - - [28/Jul/2009:11:07:37 +0200] "GET http://www.various-euro.com/neon/warning.html HTTP/1.1" 200 5134 "-" "DoCoMo/2.0 P901i(c100;TB;W24H11) (compatible; ichiro/mobile goo; +http://help.goo.ne.jp/door/crawler.html)"
72.30.142.254 - - [28/Jul/2009:11:10:25 +0200] "GET /robots.txt HTTP/1.0" 200 64 "-" "Mozilla/5.0 (compatible; Yahoo! Slurp; http://help.yahoo.com/help/us/ysearch/slurp)"
72.30.142.254 - - [28/Jul/2009:11:10:25 +0200] "GET /f-contact.html HTTP/1.0" 200 6804 "-" "Mozilla/5.0 (compatible; Yahoo! Slurp/3.0; http://help.yahoo.com/help/us/ysearch/slurp)"
203.131.255.128 - - [28/Jul/2009:11:21:17 +0200] "GET http://www.various-euro.com/neon/large.html HTTP/1.1" 200 1547 "-" "DoCoMo/2.0 P901i(c100;TB;W24H11) (compatible; ichiro/mobile goo; +http://help.goo.ne.jp/door/crawler.html)"
203.131.255.128 - - [28/Jul/2009:11:26:01 +0200] "GET http://www.various-euro.com/bmpp/18start.html HTTP/1.1" 200 320 "-" "DoCoMo/2.0 P901i(c100;TB;W24H11) (compatible; ichiro/mobile goo; +http://help.goo.ne.jp/door/crawler.html)"
203.131.255.128 - - [28/Jul/2009:11:27:56 +0200] "GET http://www.various-euro.com/neon/girlz2.html HTTP/1.1" 200 2937 "-" "DoCoMo/2.0 P901i(c100;TB;W24H11) (compatible; ichiro/mobile goo; +http://help.goo.ne.jp/door/crawler.html)"
203.131.255.128 - - [28/Jul/2009:11:32:09 +0200] "GET http://www.various-euro.com/neon/sushi.html HTTP/1.1" 200 687 "-" "DoCoMo/2.0 P901i(c100;TB;W24H11) (compatible; ichiro/mobile goo; +http://help.goo.ne.jp/door/crawler.html)"
203.131.255.128 - - [28/Jul/2009:11:35:52 +0200] "GET http://www.various-euro.com/bmpp/18_x.html HTTP/1.1" 200 1100 "-" "DoCoMo/2.0 P901i(c100;TB;W24H11) (compatible; ichiro/mobile goo; +http://help.goo.ne.jp/door/crawler.html)"
203.131.255.128 - - [28/Jul/2009:11:36:36 +0200] "GET http://www.various-euro.com/schubb/schubb-3.html HTTP/1.1" 200 17546 "-" "DoCoMo/2.0 P901i(c100;TB;W24H11) (compatible; ichiro/mobile goo; +http://help.goo.ne.jp/door/crawler.html)"
203.131.255.128 - - [28/Jul/2009:11:37:57 +0200] "GET http://www.various-euro.com/games/virtualcop/virtualcop.swf HTTP/1.1" 200 2563562 "-" "ichiro/3.0 (http://help.goo.ne.jp/door/crawler.html)"
66.249.65.204 - - [28/Jul/2009:11:49:46 +0200] "GET /neon/euro.html HTTP/1.1" 200 2212 "-" "Mozilla/5.0 (compatible; Googlebot/2.1; +http://www.google.com/bot.html)"
66.249.65.204 - - [28/Jul/2009:12:04:30 +0200] "GET /logs/usage_200907.html HTTP/1.1" 404 2748 "-" "Mozilla/5.0 (compatible; Googlebot/2.1; +http://www.google.com/bot.html)"
72.30.142.254 - - [28/Jul/2009:12:20:05 +0200] "GET /neon/ptext.html HTTP/1.0" 200 4832 "-" "Mozilla/5.0 (compatible; Yahoo! Slurp/3.0; http://help.yahoo.com/help/us/ysearch/slurp)"
72.30.142.254 - - [28/Jul/2009:12:43:06 +0200] "GET /f-doku-brau.html HTTP/1.0" 200 7152 "-" "Mozilla/5.0 (compatible; Yahoo! Slurp/3.0; http://help.yahoo.com/help/us/ysearch/slurp)"
203.131.255.128 - - [28/Jul/2009:13:14:46 +0200] "GET http://www.various-euro.com/e-counter.html HTTP/1.1" 200 4047 "-" "DoCoMo/2.0 P901i(c100;TB;W24H11) (compatible; ichiro/mobile goo; +http://help.goo.ne.jp/door/crawler.html)"
203.131.255.128 - - [28/Jul/2009:13:17:38 +0200] "GET http://www.various-euro.com/neon/annniiii.html HTTP/1.1" 200 686 "-" "DoCoMo/2.0 P901i(c100;TB;W24H11) (compatible; ichiro/mobile goo; +http://help.goo.ne.jp/door/crawler.html)"
203.131.255.128 - - [28/Jul/2009:13:18:00 +0200] "GET http://www.various-euro.com/neon/left-one-new.html HTTP/1.1" 200 1483 "-" "DoCoMo/2.0 P901i(c100;TB;W24H11) (compatible; ichiro/mobile goo; +http://help.goo.ne.jp/door/crawler.html)"
203.131.255.128 - - [28/Jul/2009:13:19:00 +0200] "GET http://www.various-euro.com/neon/slow-walk2.html HTTP/1.1" 200 1777 "-" "DoCoMo/2.0 P901i(c100;TB;W24H11) (compatible; ichiro/mobile goo; +http://help.goo.ne.jp/door/crawler.html)"
203.131.255.128 - - [28/Jul/2009:13:19:43 +0200] "GET http://www.various-euro.com/neon/slow-walk.html HTTP/1.1" 200 1640 "-" "DoCoMo/2.0 P901i(c100;TB;W24H11) (compatible; ichiro/mobile goo; +http://help.goo.ne.jp/door/crawler.html)"
203.131.255.128 - - [28/Jul/2009:13:20:50 +0200] "GET http://www.various-euro.com/neon/girl-tv.html HTTP/1.1" 200 1717 "-" "DoCoMo/2.0 P901i(c100;TB;W24H11) (compatible; ichiro/mobile goo; +http://help.goo.ne.jp/door/crawler.html)"
203.131.255.128 - - [28/Jul/2009:13:21:22 +0200] "GET http://www.various-euro.com/neon/biggtani.html HTTP/1.1" 200 1698 "-" "DoCoMo/2.0 P901i(c100;TB;W24H11) (compatible; ichiro/mobile goo; +http://help.goo.ne.jp/door/crawler.html)"
203.131.255.128 - - [28/Jul/2009:13:22:00 +0200] "GET http://www.various-euro.com/framez-girlz-neon.html HTTP/1.1" 200 4388 "-" "DoCoMo/2.0 P901i(c100;TB;W24H11) (compatible; ichiro/mobile goo; +http://help.goo.ne.jp/door/crawler.html)"
203.131.255.128 - - [28/Jul/2009:13:22:31 +0200] "GET http://www.various-euro.com/schubb/schubb-4.html HTTP/1.1" 200 17746 "-" "DoCoMo/2.0 P901i(c100;TB;W24H11) (compatible; ichiro/mobile goo; +http://help.goo.ne.jp/door/crawler.html)"
66.249.65.204 - - [28/Jul/2009:13:29:57 +0200] "GET /f-actions.html HTTP/1.1" 200 11686 "-" "Mozilla/5.0 (compatible; Googlebot/2.1; +http://www.google.com/bot.html)"
72.14.199.8 - - [28/Jul/2009:13:48:41 +0200] "GET / HTTP/1.1" 302 353 "-" "Feedfetcher-Google; (+http://www.google.com/feedfetcher.html; 1 subscribers; feed-id=5454548576667470243)"
203.131.255.128 - - [28/Jul/2009:14:09:13 +0200] "GET http://www.various-euro.com/framez-e-count.html HTTP/1.1" 200 4321 "-" "DoCoMo/2.0 P901i(c100;TB;W24H11) (compatible; ichiro/mobile goo; +http://help.goo.ne.jp/door/crawler.html)"
218.186.12.252 - - [28/Jul/2009:14:19:21 +0200] "GET /robots.txt HTTP/1.0" 200 64 "-" "nutch.biz/Nutch-1.0 (nutch.biz; crawler@nutch.biz)"
218.186.12.252 - - [28/Jul/2009:14:19:22 +0200] "GET /zampa/ HTTP/1.0" 200 7153 "-" "nutch.biz/Nutch-1.0 (nutch.biz; crawler@nutch.biz)"
77.105.50.17 - - [28/Jul/2009:14:38:29 +0200] "GET / HTTP/1.1" 302 353 "http://www.google.com/search?q=zampa+di+leone+&ie=utf-8&oe=utf-8&aq=t&rls=org.mozilla:sr:official&client=firefox-a" "Mozilla/5.0 (Windows; U; Windows NT 6.0; sr; rv:1.9.0.12) Gecko/2009070611 Firefox/3.0.12"
77.105.50.17 - - [28/Jul/2009:14:38:30 +0200] "GET /zampa/ HTTP/1.1" 200 7153 "http://www.google.com/search?q=zampa+di+leone+&ie=utf-8&oe=utf-8&aq=t&rls=org.mozilla:sr:official&client=firefox-a" "Mozilla/5.0 (Windows; U; Windows NT 6.0; sr; rv:1.9.0.12) Gecko/2009070611 Firefox/3.0.12"
77.105.50.17 - - [28/Jul/2009:14:38:37 +0200] "GET / HTTP/1.1" 302 353 "http://www.google.com/search?q=zampa+di+leone+&ie=utf-8&oe=utf-8&aq=t&rls=org.mozilla:sr:official&client=firefox-a" "Mozilla/5.0 (Windows; U; Windows NT 6.0; sr; rv:1.9.0.12) Gecko/2009070611 Firefox/3.0.12"
77.105.50.17 - - [28/Jul/2009:14:38:37 +0200] "GET /zampa/ HTTP/1.1" 200 7153 "http://www.google.com/search?q=zampa+di+leone+&ie=utf-8&oe=utf-8&aq=t&rls=org.mozilla:sr:official&client=firefox-a" "Mozilla/5.0 (Windows; U; Windows NT 6.0; sr; rv:1.9.0.12) Gecko/2009070611 Firefox/3.0.12"
77.105.50.17 - - [28/Jul/2009:14:38:37 +0200] "GET /zampa/slike/zampa.gif HTTP/1.1" 200 5310 "http://www.various-euro.com/zampa/" "Mozilla/5.0 (Windows; U; Windows NT 6.0; sr; rv:1.9.0.12) Gecko/2009070611 Firefox/3.0.12"
77.105.50.17 - - [28/Jul/2009:14:38:37 +0200] "GET /zampa/slike/inthearse.gif HTTP/1.1" 200 4077 "http://www.various-euro.com/zampa/" "Mozilla/5.0 (Windows; U; Windows NT 6.0; sr; rv:1.9.0.12) Gecko/2009070611 Firefox/3.0.12"
77.105.50.17 - - [28/Jul/2009:14:38:37 +0200] "GET /zampa/slike/udupetu.gif HTTP/1.1" 200 4138 "http://www.various-euro.com/zampa/" "Mozilla/5.0 (Windows; U; Windows NT 6.0; sr; rv:1.9.0.12) Gecko/2009070611 Firefox/3.0.12"
77.105.50.17 - - [28/Jul/2009:14:38:38 +0200] "GET /favicon.ico HTTP/1.1" 404 2748 "-" "Mozilla/5.0 (Windows; U; Windows NT 6.0; sr; rv:1.9.0.12) Gecko/2009070611 Firefox/3.0.12"
77.105.50.17 - - [28/Jul/2009:14:38:41 +0200] "GET /favicon.ico HTTP/1.1" 404 2748 "-" "Mozilla/5.0 (Windows; U; Windows NT 6.0; sr; rv:1.9.0.12) Gecko/2009070611 Firefox/3.0.12"
77.105.50.17 - - [28/Jul/2009:14:39:32 +0200] "GET /zampa/slike/E1TITEL.GIF HTTP/1.1" 200 16284 "http://www.various-euro.com/zampa/" "Mozilla/5.0 (Windows; U; Windows NT 6.0; sr; rv:1.9.0.12) Gecko/2009070611 Firefox/3.0.12"
72.14.199.85 - - [28/Jul/2009:15:03:10 +0200] "GET /zampa/ HTTP/1.1" 200 7153 "-" "Feedfetcher-Google; (+http://www.google.com/feedfetcher.html; 1 subscribers; feed-id=5454548576667470243)"
91.214.44.230 - - [28/Jul/2009:16:34:23 +0200] "GET / HTTP/1.0" 200 7869 "http://www.various-euro.com/" "Mozilla/5.0 (Windows NT 5.1; U; en) Opera 8.01"
66.235.124.4 - - [28/Jul/2009:16:45:14 +0200] "GET /robots.txt HTTP/1.1" 200 64 "-" "Mozilla/5.0 (compatible; Ask Jeeves/Teoma; +http://about.ask.com/en/docs/about/webmasters.shtml)"
66.235.124.4 - - [28/Jul/2009:16:45:29 +0200] "GET /neon/girlz3.html HTTP/1.1" 200 2479 "-" "Mozilla/5.0 (compatible; Ask Jeeves/Teoma; +http://about.ask.com/en/docs/about/webmasters.shtml)"
65.55.106.135 - - [28/Jul/2009:16:52:40 +0200] "GET /robots.txt HTTP/1.1" 200 64 "-" "msnbot/2.0b (+http://search.msn.com/msnbot.htm)"
65.55.106.135 - - [28/Jul/2009:16:53:26 +0200] "GET /zampa/montenegro/index.html HTTP/1.1" 200 2651 "-" "msnbot/2.0b (+http://search.msn.com/msnbot.htm)"
193.47.80.51 - - [28/Jul/2009:17:04:08 +0200] "GET /robots.txt HTTP/1.1" 302 363 "-" "Mozilla/5.0 (compatible; Exabot/3.0; +http://www.exabot.com/go/robot)"
193.47.80.51 - - [28/Jul/2009:17:04:08 +0200] "GET /zampa/robots.txt HTTP/1.1" 404 2748 "-" "Mozilla/5.0 (compatible; Exabot/3.0; +http://www.exabot.com/go/robot)"
193.47.80.51 - - [28/Jul/2009:17:04:08 +0200] "GET / HTTP/1.1" 302 353 "-" "Mozilla/5.0 (compatible; Exabot/3.0; +http://www.exabot.com/go/robot)"
66.249.65.204 - - [28/Jul/2009:17:04:08 +0200] "GET /framez-rez.html HTTP/1.1" 200 4323 "-" "DoCoMo/2.0 N905i(c100;TB;W24H16) (compatible; Googlebot-Mobile/2.1; +http://www.google.com/bot.html)"
65.55.106.167 - - [28/Jul/2009:17:19:13 +0200] "GET /robots.txt HTTP/1.1" 200 64 "-" "msnbot/2.0b (+http://search.msn.com/msnbot.htm)"
65.55.211.164 - - [28/Jul/2009:17:20:07 +0200] "GET /search.html HTTP/1.1" 200 1440 "-" "msnbot/1.1 (+http://search.msn.com/msnbot.htm)"
65.55.106.167 - - [28/Jul/2009:17:20:10 +0200] "GET /zampa/ HTTP/1.1" 200 7153 "-" "msnbot/2.0b (+http://search.msn.com/msnbot.htm)"
72.30.79.40 - - [28/Jul/2009:17:25:23 +0200] "GET /robots.txt HTTP/1.0" 200 64 "-" "Mozilla/5.0 (compatible; Yahoo! Slurp; http://help.yahoo.com/help/us/ysearch/slurp)"
72.30.79.40 - - [28/Jul/2009:17:25:23 +0200] "GET /style/various-euro.css HTTP/1.0" 304 - "-" "Mozilla/5.0 (compatible; Yahoo! Slurp/3.0; http://help.yahoo.com/help/us/ysearch/slurp)"
220.181.7.103 - - [28/Jul/2009:17:35:39 +0200] "GET /robots.txt HTTP/1.1" 200 64 "-" "Baiduspider+(+http://www.baidu.com/search/spider.htm)"
72.14.199.8 - - [28/Jul/2009:18:21:47 +0200] "GET / HTTP/1.1" 302 353 "-" "Feedfetcher-Google; (+http://www.google.com/feedfetcher.html; 1 subscribers; feed-id=5454548576667470243)"
72.14.199.85 - - [28/Jul/2009:18:21:49 +0200] "GET /zampa/ HTTP/1.1" 200 7153 "-" "Feedfetcher-Google; (+http://www.google.com/feedfetcher.html; 1 subscribers; feed-id=5454548576667470243)"
66.249.65.204 - - [28/Jul/2009:18:30:22 +0200] "GET /logs/usage_200905.html HTTP/1.1" 200 161148 "-" "Mozilla/5.0 (compatible; Googlebot/2.1; +http://www.google.com/bot.html)"
80.45.69.206 - - [28/Jul/2009:18:42:14 +0200] "GET /framez.html HTTP/1.1" 200 3959 "http://www.google.co.uk/search?hl=en&client=firefox-a&rls=org.mozilla%3Aen-GB%3Aofficial&hs=qo&q=euro+portal&btnG=Search&meta=" "Mozilla/5.0 (Windows; U; Windows NT 5.1; en-GB; rv:1.9.1.1) Gecko/20090715 Firefox/3.5.1"
80.45.69.206 - - [28/Jul/2009:18:42:14 +0200] "GET /ve-icon-2.ico HTTP/1.1" 200 2238 "-" "Mozilla/5.0 (Windows; U; Windows NT 5.1; en-GB; rv:1.9.1.1) Gecko/20090715 Firefox/3.5.1"
80.45.69.206 - - [28/Jul/2009:18:42:14 +0200] "GET /style/various-euro.css HTTP/1.1" 200 3437 "http://www.various-euro.com/framez.html" "Mozilla/5.0 (Windows; U; Windows NT 5.1; en-GB; rv:1.9.1.1) Gecko/20090715 Firefox/3.5.1"
80.45.69.206 - - [28/Jul/2009:18:42:14 +0200] "GET /frame-inhalt.html HTTP/1.1" 200 7688 "http://www.various-euro.com/framez.html" "Mozilla/5.0 (Windows; U; Windows NT 5.1; en-GB; rv:1.9.1.1) Gecko/20090715 Firefox/3.5.1"
80.45.69.206 - - [28/Jul/2009:18:42:14 +0200] "GET /frame-menu.html HTTP/1.1" 200 10500 "http://www.various-euro.com/framez.html" "Mozilla/5.0 (Windows; U; Windows NT 5.1; en-GB; rv:1.9.1.1) Gecko/20090715 Firefox/3.5.1"
80.45.69.206 - - [28/Jul/2009:18:42:14 +0200] "GET /frame-unten.html HTTP/1.1" 200 5308 "http://www.various-euro.com/framez.html" "Mozilla/5.0 (Windows; U; Windows NT 5.1; en-GB; rv:1.9.1.1) Gecko/20090715 Firefox/3.5.1"
80.45.69.206 - - [28/Jul/2009:18:42:14 +0200] "GET /bannerz/neon_click_3.gif HTTP/1.1" 200 240 "http://www.various-euro.com/frame-inhalt.html" "Mozilla/5.0 (Windows; U; Windows NT 5.1; en-GB; rv:1.9.1.1) Gecko/20090715 Firefox/3.5.1"
80.45.69.206 - - [28/Jul/2009:18:42:14 +0200] "GET /eurosign3.gif HTTP/1.1" 200 7879 "http://www.various-euro.com/frame-inhalt.html" "Mozilla/5.0 (Windows; U; Windows NT 5.1; en-GB; rv:1.9.1.1) Gecko/20090715 Firefox/3.5.1"
80.45.69.206 - - [28/Jul/2009:18:42:14 +0200] "GET /bannerz/neon_click_1.gif HTTP/1.1" 200 890 "http://www.various-euro.com/frame-inhalt.html" "Mozilla/5.0 (Windows; U; Windows NT 5.1; en-GB; rv:1.9.1.1) Gecko/20090715 Firefox/3.5.1"
80.45.69.206 - - [28/Jul/2009:18:42:14 +0200] "GET /bannerz/neon_click_2.gif HTTP/1.1" 200 387 "http://www.various-euro.com/frame-inhalt.html" "Mozilla/5.0 (Windows; U; Windows NT 5.1; en-GB; rv:1.9.1.1) Gecko/20090715 Firefox/3.5.1"
80.45.69.206 - - [28/Jul/2009:18:42:14 +0200] "GET /bannerz/douwil.gif HTTP/1.1" 200 528 "http://www.various-euro.com/frame-inhalt.html" "Mozilla/5.0 (Windows; U; Windows NT 5.1; en-GB; rv:1.9.1.1) Gecko/20090715 Firefox/3.5.1"
80.45.69.206 - - [28/Jul/2009:18:42:14 +0200] "GET /bannerz/anti_black_small.gif HTTP/1.1" 200 1009 "http://www.various-euro.com/frame-inhalt.html" "Mozilla/5.0 (Windows; U; Windows NT 5.1; en-GB; rv:1.9.1.1) Gecko/20090715 Firefox/3.5.1"
80.45.69.206 - - [28/Jul/2009:18:42:14 +0200] "GET /bannerz/copyleft_black_small.gif HTTP/1.1" 200 1231 "http://www.various-euro.com/frame-inhalt.html" "Mozilla/5.0 (Windows; U; Windows NT 5.1; en-GB; rv:1.9.1.1) Gecko/20090715 Firefox/3.5.1"
80.45.69.206 - - [28/Jul/2009:18:42:14 +0200] "GET /bannerz/ve.jpg HTTP/1.1" 200 36912 "http://www.various-euro.com/frame-unten.html" "Mozilla/5.0 (Windows; U; Windows NT 5.1; en-GB; rv:1.9.1.1) Gecko/20090715 Firefox/3.5.1"
80.45.69.206 - - [28/Jul/2009:18:42:14 +0200] "GET /bannerz/google/Logo_40blk.gif HTTP/1.1" 200 2308 "http://www.various-euro.com/frame-inhalt.html" "Mozilla/5.0 (Windows; U; Windows NT 5.1; en-GB; rv:1.9.1.1) Gecko/20090715 Firefox/3.5.1"
80.45.69.206 - - [28/Jul/2009:18:42:14 +0200] "GET /bannerz/wet.gif HTTP/1.1" 200 18561 "http://www.various-euro.com/frame-inhalt.html" "Mozilla/5.0 (Windows; U; Windows NT 5.1; en-GB; rv:1.9.1.1) Gecko/20090715 Firefox/3.5.1"
80.45.69.206 - - [28/Jul/2009:18:42:14 +0200] "GET /bannerz/various-euro-girl.jpg HTTP/1.1" 200 91514 "http://www.various-euro.com/frame-unten.html" "Mozilla/5.0 (Windows; U; Windows NT 5.1; en-GB; rv:1.9.1.1) Gecko/20090715 Firefox/3.5.1"
77.48.21.78 - - [28/Jul/2009:19:29:37 +0200] "GET / HTTP/1.1" 302 353 "http://www.google.co.uk/search?hl=en&q=zampa+de+leone&btnG=Search&meta=" "Mozilla/4.0 (compatible; MSIE 8.0; Windows NT 6.0; Trident/4.0; SLCC1; .NET CLR 2.0.50727; Media Center PC 5.0; .NET CLR 3.5.30729; .NET CLR 3.0.30618)"
77.48.21.78 - - [28/Jul/2009:19:29:37 +0200] "GET /zampa/ HTTP/1.1" 200 7153 "http://www.google.co.uk/search?hl=en&q=zampa+de+leone&btnG=Search&meta=" "Mozilla/4.0 (compatible; MSIE 8.0; Windows NT 6.0; Trident/4.0; SLCC1; .NET CLR 2.0.50727; Media Center PC 5.0; .NET CLR 3.5.30729; .NET CLR 3.0.30618)"
77.48.21.78 - - [28/Jul/2009:19:29:37 +0200] "GET /zampa/slike/zampa.gif HTTP/1.1" 200 5310 "http://www.various-euro.com/zampa/" "Mozilla/4.0 (compatible; MSIE 8.0; Windows NT 6.0; Trident/4.0; SLCC1; .NET CLR 2.0.50727; Media Center PC 5.0; .NET CLR 3.5.30729; .NET CLR 3.0.30618)"
77.48.21.78 - - [28/Jul/2009:19:29:37 +0200] "GET /zampa/slike/udupetu.gif HTTP/1.1" 200 4138 "http://www.various-euro.com/zampa/" "Mozilla/4.0 (compatible; MSIE 8.0; Windows NT 6.0; Trident/4.0; SLCC1; .NET CLR 2.0.50727; Media Center PC 5.0; .NET CLR 3.5.30729; .NET CLR 3.0.30618)"
77.48.21.78 - - [28/Jul/2009:19:29:37 +0200] "GET /zampa/slike/inthearse.gif HTTP/1.1" 200 4077 "http://www.various-euro.com/zampa/" "Mozilla/4.0 (compatible; MSIE 8.0; Windows NT 6.0; Trident/4.0; SLCC1; .NET CLR 2.0.50727; Media Center PC 5.0; .NET CLR 3.5.30729; .NET CLR 3.0.30618)"
77.48.21.78 - - [28/Jul/2009:19:29:37 +0200] "GET /favicon.ico HTTP/1.1" 404 2748 "-" "Mozilla/4.0 (compatible; MSIE 8.0; Windows NT 6.0; Trident/4.0; SLCC1; .NET CLR 2.0.50727; Media Center PC 5.0; .NET CLR 3.5.30729; .NET CLR 3.0.30618)"
77.48.21.78 - - [28/Jul/2009:19:30:43 +0200] "GET /favicon.ico HTTP/1.1" 404 2748 "-" "Mozilla/4.0 (compatible; MSIE 8.0; Windows NT 6.0; Trident/4.0; SLCC1; .NET CLR 2.0.50727; Media Center PC 5.0; .NET CLR 3.5.30729; .NET CLR 3.0.30618)"
77.48.21.78 - - [28/Jul/2009:19:30:45 +0200] "GET /zampa/slike/S1TITEL.GIF HTTP/1.1" 200 15244 "http://www.various-euro.com/zampa/" "Mozilla/4.0 (compatible; MSIE 8.0; Windows NT 6.0; Trident/4.0; SLCC1; .NET CLR 2.0.50727; Media Center PC 5.0; .NET CLR 3.5.30729; .NET CLR 3.0.30618)"
77.48.21.78 - - [28/Jul/2009:19:30:45 +0200] "GET /favicon.ico HTTP/1.1" 404 2748 "-" "Mozilla/4.0 (compatible; MSIE 8.0; Windows NT 6.0; Trident/4.0; SLCC1; .NET CLR 2.0.50727; Media Center PC 5.0; .NET CLR 3.5.30729; .NET CLR 3.0.30618)"
77.48.21.78 - - [28/Jul/2009:19:30:58 +0200] "GET /zampa/slike/S2COPY.GIF HTTP/1.1" 200 12771 "http://www.various-euro.com/zampa/" "Mozilla/4.0 (compatible; MSIE 8.0; Windows NT 6.0; Trident/4.0; SLCC1; .NET CLR 2.0.50727; Media Center PC 5.0; .NET CLR 3.5.30729; .NET CLR 3.0.30618)"
72.30.142.254 - - [28/Jul/2009:20:13:10 +0200] "GET /robots.txt HTTP/1.0" 200 64 "-" "Mozilla/5.0 (compatible; Yahoo! Slurp; http://help.yahoo.com/help/us/ysearch/slurp)"
72.30.142.254 - - [28/Jul/2009:20:13:10 +0200] "GET /f-web.html HTTP/1.0" 200 13605 "-" "Mozilla/5.0 (compatible; Yahoo! Slurp/3.0; http://help.yahoo.com/help/us/ysearch/slurp)"
72.30.142.254 - - [28/Jul/2009:20:23:01 +0200] "GET /frame-unten.html HTTP/1.0" 200 5308 "-" "Mozilla/5.0 (compatible; Yahoo! Slurp/3.0; http://help.yahoo.com/help/us/ysearch/slurp)"
72.14.199.8 - - [28/Jul/2009:21:07:29 +0200] "GET / HTTP/1.1" 302 353 "-" "Feedfetcher-Google; (+http://www.google.com/feedfetcher.html; 1 subscribers; feed-id=5454548576667470243)"
72.14.199.85 - - [28/Jul/2009:21:07:33 +0200] "GET /zampa/ HTTP/1.1" 200 7153 "-" "Feedfetcher-Google; (+http://www.google.com/feedfetcher.html; 1 subscribers; feed-id=5454548576667470243)"
65.55.51.70 - - [28/Jul/2009:21:21:02 +0200] "GET /robots.txt HTTP/1.1" 200 64 "-" "msnbot/2.0b (+http://search.msn.com/msnbot.htm)"
65.55.51.111 - - [28/Jul/2009:21:51:36 +0200] "GET /robots.txt HTTP/1.1" 200 64 "-" "msnbot/2.0b (+http://search.msn.com/msnbot.htm)"
208.80.195.55 - - [28/Jul/2009:22:13:04 +0200] "GET / HTTP/1.0" 200 7869 "-" "Mozilla/4.0 (compatible; MSIE 7.0; Windows NT 5.1; VNIE6.0; FunWebProducts; .NET CLR 1.1.4322; MEGAUPLOAD 1.0)"
208.80.195.55 - - [28/Jul/2009:22:13:05 +0200] "GET / HTTP/1.0" 200 7869 "-" "Mozilla/4.0 (compatible; MSIE 7.0; Windows NT 5.1; Virgo Genie V 1.0; .NET CLR 1.1.4322)"
