81.182.149.93 - - [12/Jul/2009:09:58:35 +0200] "GET /bannerz/anti_black_small.gif HTTP/1.1" 200 1009 "http://www.various-euro.com/frame-inhalt.html" "Mozilla/5.0 (Windows; U; Windows NT 5.1; hu; rv:1.9.0.11) Gecko/2009060215 Firefox/3.0.11"
81.182.149.93 - - [12/Jul/2009:09:58:36 +0200] "GET /bannerz/douwil.gif HTTP/1.1" 200 528 "http://www.various-euro.com/frame-inhalt.html" "Mozilla/5.0 (Windows; U; Windows NT 5.1; hu; rv:1.9.0.11) Gecko/2009060215 Firefox/3.0.11"
65.55.106.187 - - [12/Jul/2009:10:50:33 +0200] "GET /frame-inhalt.html HTTP/1.1" 200 7688 "-" "msnbot/2.0b (+http://search.msn.com/msnbot.htm)"
66.249.72.227 - - [12/Jul/2009:10:54:24 +0200] "GET /bmpp/euro_pal_1.html HTTP/1.1" 200 18252 "-" "Mozilla/5.0 (compatible; Googlebot/2.1; +http://www.google.com/bot.html)"
72.30.161.250 - - [12/Jul/2009:10:59:21 +0200] "GET /framez-rez.html HTTP/1.0" 200 4323 "-" "Mozilla/5.0 (compatible; Yahoo! Slurp/3.0; http://help.yahoo.com/help/us/ysearch/slurp)"
72.30.161.250 - - [12/Jul/2009:10:59:21 +0200] "GET /frame-menu.html HTTP/1.0" 200 10500 "http://www.various-euro.com/framez-rez.html" "Mozilla/5.0 (compatible; Yahoo! Slurp/3.0; http://help.yahoo.com/help/us/ysearch/slurp)"
72.30.161.250 - - [12/Jul/2009:10:59:21 +0200] "GET /f-rez.html HTTP/1.0" 200 9765 "http://www.various-euro.com/framez-rez.html" "Mozilla/5.0 (compatible; Yahoo! Slurp/3.0; http://help.yahoo.com/help/us/ysearch/slurp)"
72.30.161.250 - - [12/Jul/2009:10:59:21 +0200] "GET /frame-unten.html HTTP/1.0" 200 5308 "http://www.various-euro.com/framez-rez.html" "Mozilla/5.0 (compatible; Yahoo! Slurp/3.0; http://help.yahoo.com/help/us/ysearch/slurp)"
72.30.161.250 - - [12/Jul/2009:10:59:22 +0200] "GET /style/various-euro.css HTTP/1.0" 200 3437 "http://www.various-euro.com/frame-menu.html" "Mozilla/5.0 (compatible; Yahoo! Slurp/3.0; http://help.yahoo.com/help/us/ysearch/slurp)"
72.14.199.8 - - [12/Jul/2009:11:04:26 +0200] "GET / HTTP/1.1" 302 353 "-" "Feedfetcher-Google; (+http://www.google.com/feedfetcher.html; 1 subscribers; feed-id=5454548576667470243)"
72.14.199.85 - - [12/Jul/2009:11:04:26 +0200] "GET /zampa/ HTTP/1.1" 200 7153 "-" "Feedfetcher-Google; (+http://www.google.com/feedfetcher.html; 1 subscribers; feed-id=5454548576667470243)"
65.55.107.179 - - [12/Jul/2009:11:31:25 +0200] "GET /menue.html HTTP/1.1" 404 2748 "-" "msnbot/2.0b (+http://search.msn.com/msnbot.htm)"
221.208.241.243 - - [12/Jul/2009:11:42:31 +0200] "GET /robots.txt HTTP/1.0" 200 64 "-" "hitcrawler_0.1 (ringken@gmail.com)"
221.208.241.243 - - [12/Jul/2009:11:42:32 +0200] "GET / HTTP/1.0" 200 7869 "-" "hitcrawler_0.1 ringken@gmail.com"
65.55.106.133 - - [12/Jul/2009:11:46:54 +0200] "GET /robots.txt HTTP/1.1" 302 363 "-" "msnbot/2.0b (+http://search.msn.com/msnbot.htm)"
65.55.106.133 - - [12/Jul/2009:11:46:54 +0200] "GET /zampa/robots.txt HTTP/1.1" 404 2748 "-" "msnbot/2.0b (+http://search.msn.com/msnbot.htm)"
66.249.72.227 - - [12/Jul/2009:12:05:10 +0200] "GET /logs/usage_200907.html HTTP/1.1" 404 2748 "-" "Mozilla/5.0 (compatible; Googlebot/2.1; +http://www.google.com/bot.html)"
65.55.106.159 - - [12/Jul/2009:12:26:04 +0200] "GET /robots.txt HTTP/1.1" 200 64 "-" "msnbot/2.0b (+http://search.msn.com/msnbot.htm)"
65.55.106.159 - - [12/Jul/2009:12:30:09 +0200] "GET /zampa/montenegro/MILOW.html HTTP/1.1" 200 860 "-" "msnbot/2.0b (+http://search.msn.com/msnbot.htm)"
93.86.97.229 - - [12/Jul/2009:13:19:05 +0200] "GET / HTTP/1.1" 302 353 "http://www.google.rs/search?hl=sr&q=related:www.arte.rs/en/umetnici/-1556/vesti/%3Flang%3Dsr" "Mozilla/4.0 (compatible; MSIE 6.0; Windows NT 5.1; SV1; GTB6)"
93.86.97.229 - - [12/Jul/2009:13:19:05 +0200] "GET /zampa/ HTTP/1.1" 200 7153 "http://www.google.rs/search?hl=sr&q=related:www.arte.rs/en/umetnici/-1556/vesti/%3Flang%3Dsr" "Mozilla/4.0 (compatible; MSIE 6.0; Windows NT 5.1; SV1; GTB6)"
93.86.97.229 - - [12/Jul/2009:13:19:05 +0200] "GET /zampa/slike/zampa.gif HTTP/1.1" 200 5310 "http://www.various-euro.com/zampa/" "Mozilla/4.0 (compatible; MSIE 6.0; Windows NT 5.1; SV1; GTB6)"
93.86.97.229 - - [12/Jul/2009:13:19:06 +0200] "GET /zampa/slike/udupetu.gif HTTP/1.1" 200 4138 "http://www.various-euro.com/zampa/" "Mozilla/4.0 (compatible; MSIE 6.0; Windows NT 5.1; SV1; GTB6)"
93.86.97.229 - - [12/Jul/2009:13:19:06 +0200] "GET /zampa/slike/inthearse.gif HTTP/1.1" 200 4077 "http://www.various-euro.com/zampa/" "Mozilla/4.0 (compatible; MSIE 6.0; Windows NT 5.1; SV1; GTB6)"
65.55.106.241 - - [12/Jul/2009:13:36:06 +0200] "GET /contact.html HTTP/1.1" 404 2748 "-" "msnbot/2.0b (+http://search.msn.com/msnbot.htm)"
72.14.199.8 - - [12/Jul/2009:14:04:45 +0200] "GET / HTTP/1.1" 302 353 "-" "Feedfetcher-Google; (+http://www.google.com/feedfetcher.html; 1 subscribers; feed-id=5454548576667470243)"
72.14.199.85 - - [12/Jul/2009:14:04:46 +0200] "GET /zampa/ HTTP/1.1" 200 7153 "-" "Feedfetcher-Google; (+http://www.google.com/feedfetcher.html; 1 subscribers; feed-id=5454548576667470243)"
65.55.106.215 - - [12/Jul/2009:14:06:37 +0200] "GET /frame-unten.html HTTP/1.1" 200 5308 "-" "msnbot/2.0b (+http://search.msn.com/msnbot.htm)"
216.129.119.49 - - [12/Jul/2009:14:38:59 +0200] "GET /robots.txt HTTP/1.0" 200 64 "-" "Mozilla/5.0 (Twiceler-0.9 http://www.cuil.com/twiceler/robot.html)"
65.55.231.99 - - [12/Jul/2009:15:22:51 +0200] "GET /robots.txt HTTP/1.1" 200 64 "-" "msnbot-media/1.1 (+http://search.msn.com/msnbot.htm)"
65.55.231.99 - - [12/Jul/2009:15:22:51 +0200] "GET /zampa/slike/S2COPY.GIF HTTP/1.1" 200 12771 "-" "msnbot-media/1.1 (+http://search.msn.com/msnbot.htm)"
72.30.161.250 - - [12/Jul/2009:15:36:21 +0200] "GET /schubb/schubb-1.html HTTP/1.0" 200 9070 "-" "Mozilla/5.0 (compatible; Yahoo! Slurp/3.0; http://help.yahoo.com/help/us/ysearch/slurp)"
68.80.237.207 - - [12/Jul/2009:16:37:21 +0200] "GET /restate_copy.html HTTP/1.1" 200 97631 "-" "Mozilla/5.0 (Windows; U; Windows NT 6.0; en-US; rv:1.8.1.11) Gecko/20071127 Firefox/2.0.0.11"
202.125.45.45 - - [12/Jul/2009:16:56:15 +0200] "GET /administrator/index3.php?mosConfig_absolute_path=http://www.mevabe.vn/cache/index.txt??? HTTP/1.1" 404 2748 "-" "libwww-perl/5.805"
72.14.199.8 - - [12/Jul/2009:17:05:06 +0200] "GET / HTTP/1.1" 302 353 "-" "Feedfetcher-Google; (+http://www.google.com/feedfetcher.html; 1 subscribers; feed-id=5454548576667470243)"
72.14.199.85 - - [12/Jul/2009:17:05:15 +0200] "GET /zampa/ HTTP/1.1" 200 7153 "-" "Feedfetcher-Google; (+http://www.google.com/feedfetcher.html; 1 subscribers; feed-id=5454548576667470243)"
66.249.72.227 - - [12/Jul/2009:17:32:59 +0200] "GET /robots.txt HTTP/1.1" 200 64 "-" "Mozilla/5.0 (compatible; Googlebot/2.1; +http://www.google.com/bot.html)"
66.249.72.227 - - [12/Jul/2009:17:32:59 +0200] "GET /zampa/montenegro/dajpare.html HTTP/1.1" 200 2503 "-" "Mozilla/5.0 (compatible; Googlebot/2.1; +http://www.google.com/bot.html)"
72.30.161.250 - - [12/Jul/2009:18:26:45 +0200] "GET /f-actions.html HTTP/1.0" 200 11686 "-" "Mozilla/5.0 (compatible; Yahoo! Slurp/3.0; http://help.yahoo.com/help/us/ysearch/slurp)"
38.100.41.102 - - [12/Jul/2009:19:23:16 +0200] "GET / HTTP/1.1" 200 7869 "-" "Mozilla/4.0 (compatible; MSIE 7.0; Windows NT 5.2)"
38.100.41.102 - - [12/Jul/2009:19:24:15 +0200] "GET /framez.html HTTP/1.1" 200 3959 "http://www.various-euro.com/" "Mozilla/4.0 (compatible; MSIE 7.0; Windows NT 5.2)"
38.100.41.102 - - [12/Jul/2009:19:24:15 +0200] "GET /style/various-euro.css HTTP/1.1" 200 3437 "http://www.various-euro.com/" "Mozilla/4.0 (compatible; MSIE 7.0; Windows NT 5.2)"
38.100.41.102 - - [12/Jul/2009:19:25:06 +0200] "GET /frame-inhalt.html HTTP/1.1" 200 7688 "http://www.various-euro.com/framez.html" "Mozilla/4.0 (compatible; MSIE 7.0; Windows NT 5.2)"
38.100.41.102 - - [12/Jul/2009:19:25:06 +0200] "GET /frame-menu.html HTTP/1.1" 200 10500 "http://www.various-euro.com/framez.html" "Mozilla/4.0 (compatible; MSIE 7.0; Windows NT 5.2)"
38.100.41.102 - - [12/Jul/2009:19:25:06 +0200] "GET /frame-unten.html HTTP/1.1" 200 5308 "http://www.various-euro.com/framez.html" "Mozilla/4.0 (compatible; MSIE 7.0; Windows NT 5.2)"
38.100.41.102 - - [12/Jul/2009:19:25:53 +0200] "GET /neon/euro.html HTTP/1.1" 200 2212 "http://www.various-euro.com/frame-inhalt.html" "Mozilla/4.0 (compatible; MSIE 7.0; Windows NT 5.2)"
38.100.41.102 - - [12/Jul/2009:19:25:53 +0200] "GET /f-maintitle.html HTTP/1.1" 200 5030 "http://www.various-euro.com/frame-inhalt.html" "Mozilla/4.0 (compatible; MSIE 7.0; Windows NT 5.2)"
38.100.41.102 - - [12/Jul/2009:19:25:53 +0200] "GET /partnergegenberlin.html HTTP/1.1" 200 5022 "http://www.various-euro.com/frame-inhalt.html" "Mozilla/4.0 (compatible; MSIE 7.0; Windows NT 5.2)"
38.100.41.102 - - [12/Jul/2009:19:25:53 +0200] "GET /schubb/schubb-1.html HTTP/1.1" 200 9070 "http://www.various-euro.com/frame-inhalt.html" "Mozilla/4.0 (compatible; MSIE 7.0; Windows NT 5.2)"
38.100.41.102 - - [12/Jul/2009:19:25:54 +0200] "GET /bmpp/euro_pal_111.html HTTP/1.1" 200 2129 "http://www.various-euro.com/frame-inhalt.html" "Mozilla/4.0 (compatible; MSIE 7.0; Windows NT 5.2)"
38.100.41.102 - - [12/Jul/2009:19:25:54 +0200] "GET /f-horrorkatze.html HTTP/1.1" 200 7865 "http://www.various-euro.com/frame-menu.html" "Mozilla/4.0 (compatible; MSIE 7.0; Windows NT 5.2)"
38.100.41.102 - - [12/Jul/2009:19:25:54 +0200] "GET /f-doku-brau.html HTTP/1.1" 200 7152 "http://www.various-euro.com/frame-menu.html" "Mozilla/4.0 (compatible; MSIE 7.0; Windows NT 5.2)"
38.100.41.102 - - [12/Jul/2009:19:25:55 +0200] "GET /bmpp/euro_pal_1.html HTTP/1.1" 200 18252 "http://www.various-euro.com/frame-inhalt.html" "Mozilla/4.0 (compatible; MSIE 7.0; Windows NT 5.2)"
38.100.41.102 - - [12/Jul/2009:19:25:55 +0200] "GET /f-sponsor.html HTTP/1.1" 200 8578 "http://www.various-euro.com/frame-menu.html" "Mozilla/4.0 (compatible; MSIE 7.0; Windows NT 5.2)"
38.100.41.102 - - [12/Jul/2009:19:25:56 +0200] "GET /f-bannnerz.html HTTP/1.1" 200 12651 "http://www.various-euro.com/frame-menu.html" "Mozilla/4.0 (compatible; MSIE 7.0; Windows NT 5.2)"
38.100.41.102 - - [12/Jul/2009:19:25:59 +0200] "GET /sendi_agent.html HTTP/1.1" 200 8791 "http://www.various-euro.com/frame-menu.html" "Mozilla/4.0 (compatible; MSIE 7.0; Windows NT 5.2)"
38.100.41.102 - - [12/Jul/2009:19:25:59 +0200] "GET /f-rez.html HTTP/1.1" 200 9765 "http://www.various-euro.com/frame-menu.html" "Mozilla/4.0 (compatible; MSIE 7.0; Windows NT 5.2)"
38.100.41.102 - - [12/Jul/2009:19:25:59 +0200] "GET /restate_copy.html HTTP/1.1" 200 97631 "http://www.various-euro.com/frame-menu.html" "Mozilla/4.0 (compatible; MSIE 7.0; Windows NT 5.2)"
38.100.41.102 - - [12/Jul/2009:19:26:00 +0200] "GET /f-euro.html HTTP/1.1" 200 12203 "http://www.various-euro.com/frame-menu.html" "Mozilla/4.0 (compatible; MSIE 7.0; Windows NT 5.2)"
38.100.41.102 - - [12/Jul/2009:19:26:01 +0200] "GET /f-contact.html HTTP/1.1" 200 6804 "http://www.various-euro.com/frame-menu.html" "Mozilla/4.0 (compatible; MSIE 7.0; Windows NT 5.2)"
38.100.41.102 - - [12/Jul/2009:19:26:01 +0200] "GET /f-search.html HTTP/1.1" 200 11800 "http://www.various-euro.com/frame-menu.html" "Mozilla/4.0 (compatible; MSIE 7.0; Windows NT 5.2)"
38.100.41.102 - - [12/Jul/2009:19:26:01 +0200] "GET /your_tour.html HTTP/1.1" 200 31758 "http://www.various-euro.com/frame-menu.html" "Mozilla/4.0 (compatible; MSIE 7.0; Windows NT 5.2)"
38.100.41.102 - - [12/Jul/2009:19:26:02 +0200] "GET /f-net.html HTTP/1.1" 200 9913 "http://www.various-euro.com/frame-menu.html" "Mozilla/4.0 (compatible; MSIE 7.0; Windows NT 5.2)"
38.100.41.102 - - [12/Jul/2009:19:26:02 +0200] "GET /zampa-lovers/index.html HTTP/1.1" 200 37790 "http://www.various-euro.com/frame-menu.html" "Mozilla/4.0 (compatible; MSIE 7.0; Windows NT 5.2)"
38.100.41.102 - - [12/Jul/2009:19:26:02 +0200] "GET /logs/ HTTP/1.1" 200 11511 "http://www.various-euro.com/frame-menu.html" "Mozilla/4.0 (compatible; MSIE 7.0; Windows NT 5.2)"
38.100.41.102 - - [12/Jul/2009:19:26:04 +0200] "GET /f-web.html HTTP/1.1" 200 13605 "http://www.various-euro.com/frame-menu.html" "Mozilla/4.0 (compatible; MSIE 7.0; Windows NT 5.2)"
38.100.41.102 - - [12/Jul/2009:19:26:04 +0200] "GET /f-world.html HTTP/1.1" 200 35590 "http://www.various-euro.com/frame-menu.html" "Mozilla/4.0 (compatible; MSIE 7.0; Windows NT 5.2)"
38.100.41.102 - - [12/Jul/2009:19:26:05 +0200] "GET /f-actions.html HTTP/1.1" 200 11686 "http://www.various-euro.com/frame-menu.html" "Mozilla/4.0 (compatible; MSIE 7.0; Windows NT 5.2)"
38.100.41.102 - - [12/Jul/2009:19:26:05 +0200] "GET /f-zeug.html HTTP/1.1" 200 59462 "http://www.various-euro.com/frame-menu.html" "Mozilla/4.0 (compatible; MSIE 7.0; Windows NT 5.2)"
38.100.41.102 - - [12/Jul/2009:19:26:05 +0200] "GET /f-channel1.html HTTP/1.1" 200 9329 "http://www.various-euro.com/frame-menu.html" "Mozilla/4.0 (compatible; MSIE 7.0; Windows NT 5.2)"
38.100.41.102 - - [12/Jul/2009:19:26:05 +0200] "GET /snapshots.html HTTP/1.1" 200 4259 "http://www.various-euro.com/frame-menu.html" "Mozilla/4.0 (compatible; MSIE 7.0; Windows NT 5.2)"
38.100.41.102 - - [12/Jul/2009:19:26:05 +0200] "GET /f-other.html HTTP/1.1" 200 19851 "http://www.various-euro.com/frame-menu.html" "Mozilla/4.0 (compatible; MSIE 7.0; Windows NT 5.2)"
38.100.41.102 - - [12/Jul/2009:19:26:06 +0200] "GET /f-warez.html HTTP/1.1" 200 10953 "http://www.various-euro.com/frame-menu.html" "Mozilla/4.0 (compatible; MSIE 7.0; Windows NT 5.2)"
38.100.41.102 - - [12/Jul/2009:19:26:42 +0200] "GET /neon/europa.html HTTP/1.1" 200 389 "http://www.various-euro.com/neon/euro.html" "Mozilla/4.0 (compatible; MSIE 7.0; Windows NT 5.2)"
38.100.41.102 - - [12/Jul/2009:19:26:42 +0200] "GET /neon/girlz3.html HTTP/1.1" 200 2479 "http://www.various-euro.com/neon/euro.html" "Mozilla/4.0 (compatible; MSIE 7.0; Windows NT 5.2)"
38.100.41.102 - - [12/Jul/2009:19:26:42 +0200] "GET /neon/click.html HTTP/1.1" 200 521 "http://www.various-euro.com/neon/euro.html" "Mozilla/4.0 (compatible; MSIE 7.0; Windows NT 5.2)"
38.100.41.102 - - [12/Jul/2009:19:26:42 +0200] "GET /neon/warning2.html HTTP/1.1" 200 997 "http://www.various-euro.com/neon/euro.html" "Mozilla/4.0 (compatible; MSIE 7.0; Windows NT 5.2)"
38.100.41.102 - - [12/Jul/2009:19:26:42 +0200] "GET /bmpp/18.html HTTP/1.1" 200 4467 "http://www.various-euro.com/neon/euro.html" "Mozilla/4.0 (compatible; MSIE 7.0; Windows NT 5.2)"
38.100.41.102 - - [12/Jul/2009:19:26:42 +0200] "GET /neon/code.html HTTP/1.1" 200 1109 "http://www.various-euro.com/f-maintitle.html" "Mozilla/4.0 (compatible; MSIE 7.0; Windows NT 5.2)"
38.100.41.102 - - [12/Jul/2009:19:26:42 +0200] "GET /games/virtualcop/virtualcop.html HTTP/1.1" 200 4487 "http://www.various-euro.com/partnergegenberlin.html" "Mozilla/4.0 (compatible; MSIE 7.0; Windows NT 5.2)"
38.100.41.102 - - [12/Jul/2009:19:26:43 +0200] "GET /neon/channel.html HTTP/1.1" 200 1942 "http://www.various-euro.com/neon/euro.html" "Mozilla/4.0 (compatible; MSIE 7.0; Windows NT 5.2)"
38.100.41.102 - - [12/Jul/2009:19:26:43 +0200] "GET /schubb/ HTTP/1.1" 403 1223 "http://www.various-euro.com/schubb/schubb-1.html" "Mozilla/4.0 (compatible; MSIE 7.0; Windows NT 5.2)"
38.100.41.102 - - [12/Jul/2009:19:26:43 +0200] "GET /schubb/schubb-2.html HTTP/1.1" 200 16660 "http://www.various-euro.com/schubb/schubb-1.html" "Mozilla/4.0 (compatible; MSIE 7.0; Windows NT 5.2)"
38.100.41.102 - - [12/Jul/2009:19:26:43 +0200] "GET /3dsf3/sendi/index.html HTTP/1.1" 200 1837 "http://www.various-euro.com/sendi_agent.html" "Mozilla/4.0 (compatible; MSIE 7.0; Windows NT 5.2)"
38.100.41.102 - - [12/Jul/2009:19:26:43 +0200] "GET /3dsf3/sendi/sendisendi.html HTTP/1.1" 200 5118 "http://www.various-euro.com/sendi_agent.html" "Mozilla/4.0 (compatible; MSIE 7.0; Windows NT 5.2)"
38.100.41.102 - - [12/Jul/2009:19:26:43 +0200] "GET /re.state%7D HTTP/1.1" 404 2748 "http://www.various-euro.com/restate_copy.html" "Mozilla/4.0 (compatible; MSIE 7.0; Windows NT 5.2)"
38.100.41.102 - - [12/Jul/2009:19:26:43 +0200] "GET /menue.html HTTP/1.1" 404 2748 "http://www.various-euro.com/restate_copy.html" "Mozilla/4.0 (compatible; MSIE 7.0; Windows NT 5.2)"
38.100.41.102 - - [12/Jul/2009:19:26:44 +0200] "GET /warez.html HTTP/1.1" 200 9754 "http://www.various-euro.com/restate_copy.html" "Mozilla/4.0 (compatible; MSIE 7.0; Windows NT 5.2)"
38.100.41.102 - - [12/Jul/2009:19:26:44 +0200] "GET /euro.html HTTP/1.1" 404 2748 "http://www.various-euro.com/restate_copy.html" "Mozilla/4.0 (compatible; MSIE 7.0; Windows NT 5.2)"
38.100.41.102 - - [12/Jul/2009:19:27:12 +0200] "GET /3dsf3/sendi/ HTTP/1.1" 200 1837 "http://www.various-euro.com/3dsf3/sendi/sendisendi.html" "Mozilla/4.0 (compatible; MSIE 7.0; Windows NT 5.2)"
79.175.74.232 - - [12/Jul/2009:19:34:13 +0200] "GET / HTTP/1.1" 302 353 "http://koracnikola.blogspot.com/" "Mozilla/5.0 (Windows; U; Windows NT 5.1; sr; rv:1.9.0.11) Gecko/2009060215 Firefox/3.0.11"
79.175.74.232 - - [12/Jul/2009:19:34:14 +0200] "GET /zampa/ HTTP/1.1" 200 7153 "http://koracnikola.blogspot.com/" "Mozilla/5.0 (Windows; U; Windows NT 5.1; sr; rv:1.9.0.11) Gecko/2009060215 Firefox/3.0.11"
79.175.74.232 - - [12/Jul/2009:19:34:14 +0200] "GET /zampa/slike/zampa.gif HTTP/1.1" 200 5310 "http://www.various-euro.com/zampa/" "Mozilla/5.0 (Windows; U; Windows NT 5.1; sr; rv:1.9.0.11) Gecko/2009060215 Firefox/3.0.11"
79.175.74.232 - - [12/Jul/2009:19:34:14 +0200] "GET /zampa/slike/udupetu.gif HTTP/1.1" 200 4138 "http://www.various-euro.com/zampa/" "Mozilla/5.0 (Windows; U; Windows NT 5.1; sr; rv:1.9.0.11) Gecko/2009060215 Firefox/3.0.11"
79.175.74.232 - - [12/Jul/2009:19:34:14 +0200] "GET /zampa/slike/inthearse.gif HTTP/1.1" 200 4077 "http://www.various-euro.com/zampa/" "Mozilla/5.0 (Windows; U; Windows NT 5.1; sr; rv:1.9.0.11) Gecko/2009060215 Firefox/3.0.11"
79.175.74.232 - - [12/Jul/2009:19:34:15 +0200] "GET /favicon.ico HTTP/1.1" 404 2748 "-" "Mozilla/5.0 (Windows; U; Windows NT 5.1; sr; rv:1.9.0.11) Gecko/2009060215 Firefox/3.0.11"
79.175.74.232 - - [12/Jul/2009:19:34:18 +0200] "GET /favicon.ico HTTP/1.1" 404 2748 "-" "Mozilla/5.0 (Windows; U; Windows NT 5.1; sr; rv:1.9.0.11) Gecko/2009060215 Firefox/3.0.11"
79.175.74.232 - - [12/Jul/2009:19:34:33 +0200] "GET /zampa/montenegro/dajpare.html HTTP/1.1" 200 2503 "http://www.various-euro.com/zampa/" "Mozilla/5.0 (Windows; U; Windows NT 5.1; sr; rv:1.9.0.11) Gecko/2009060215 Firefox/3.0.11"
79.175.74.232 - - [12/Jul/2009:19:34:33 +0200] "GET /zampa/montenegro/slike/SEKAW.jpg HTTP/1.1" 200 2786 "http://www.various-euro.com/zampa/montenegro/dajpare.html" "Mozilla/5.0 (Windows; U; Windows NT 5.1; sr; rv:1.9.0.11) Gecko/2009060215 Firefox/3.0.11"
79.175.74.232 - - [12/Jul/2009:19:34:33 +0200] "GET /zampa/montenegro/slike/BATAW.jpg HTTP/1.1" 200 2631 "http://www.various-euro.com/zampa/montenegro/dajpare.html" "Mozilla/5.0 (Windows; U; Windows NT 5.1; sr; rv:1.9.0.11) Gecko/2009060215 Firefox/3.0.11"
79.175.74.232 - - [12/Jul/2009:19:34:34 +0200] "GET /zampa/montenegro/slike/TESLAW.jpg HTTP/1.1" 200 3770 "http://www.various-euro.com/zampa/montenegro/dajpare.html" "Mozilla/5.0 (Windows; U; Windows NT 5.1; sr; rv:1.9.0.11) Gecko/2009060215 Firefox/3.0.11"
79.175.74.232 - - [12/Jul/2009:19:34:34 +0200] "GET /zampa/montenegro/slike/ZMAJW.jpg HTTP/1.1" 200 4555 "http://www.various-euro.com/zampa/montenegro/dajpare.html" "Mozilla/5.0 (Windows; U; Windows NT 5.1; sr; rv:1.9.0.11) Gecko/2009060215 Firefox/3.0.11"
79.175.74.232 - - [12/Jul/2009:19:34:34 +0200] "GET /zampa/montenegro/slike/MILOW.jpg HTTP/1.1" 200 3823 "http://www.various-euro.com/zampa/montenegro/dajpare.html" "Mozilla/5.0 (Windows; U; Windows NT 5.1; sr; rv:1.9.0.11) Gecko/2009060215 Firefox/3.0.11"
79.175.74.232 - - [12/Jul/2009:19:35:08 +0200] "GET /zampa/slike/S2COPY.GIF HTTP/1.1" 200 12771 "http://www.various-euro.com/zampa/" "Mozilla/5.0 (Windows; U; Windows NT 5.1; sr; rv:1.9.0.11) Gecko/2009060215 Firefox/3.0.11"
79.175.74.232 - - [12/Jul/2009:19:35:30 +0200] "GET /zampa/slike/S1TITEL.GIF HTTP/1.1" 200 15244 "http://www.various-euro.com/zampa/" "Mozilla/5.0 (Windows; U; Windows NT 5.1; sr; rv:1.9.0.11) Gecko/2009060215 Firefox/3.0.11"
79.175.74.232 - - [12/Jul/2009:19:35:50 +0200] "GET /zampa/slike/E1TITEL.GIF HTTP/1.1" 200 16284 "http://www.various-euro.com/zampa/" "Mozilla/5.0 (Windows; U; Windows NT 5.1; sr; rv:1.9.0.11) Gecko/2009060215 Firefox/3.0.11"
79.175.74.232 - - [12/Jul/2009:19:36:03 +0200] "GET /zampa/slike/E7MEDIAA.GIF HTTP/1.1" 200 44716 "http://www.various-euro.com/zampa/" "Mozilla/5.0 (Windows; U; Windows NT 5.1; sr; rv:1.9.0.11) Gecko/2009060215 Firefox/3.0.11"
79.175.74.232 - - [12/Jul/2009:19:36:10 +0200] "GET /zampa/slike/E5UROSTO.GIF HTTP/1.1" 200 42690 "http://www.various-euro.com/zampa/" "Mozilla/5.0 (Windows; U; Windows NT 5.1; sr; rv:1.9.0.11) Gecko/2009060215 Firefox/3.0.11"
79.175.74.232 - - [12/Jul/2009:19:36:18 +0200] "GET /zampa/montenegro/index.html HTTP/1.1" 200 2651 "http://www.various-euro.com/zampa/" "Mozilla/5.0 (Windows; U; Windows NT 5.1; sr; rv:1.9.0.11) Gecko/2009060215 Firefox/3.0.11"
79.175.74.232 - - [12/Jul/2009:19:36:19 +0200] "GET /zampa/montenegro/slike/plakat.jpg HTTP/1.1" 200 47879 "http://www.various-euro.com/zampa/montenegro/index.html" "Mozilla/5.0 (Windows; U; Windows NT 5.1; sr; rv:1.9.0.11) Gecko/2009060215 Firefox/3.0.11"
79.175.74.232 - - [12/Jul/2009:19:36:36 +0200] "GET /zampa/lybia/index.html HTTP/1.1" 200 3036 "http://www.various-euro.com/zampa/" "Mozilla/5.0 (Windows; U; Windows NT 5.1; sr; rv:1.9.0.11) Gecko/2009060215 Firefox/3.0.11"
79.175.74.232 - - [12/Jul/2009:19:36:36 +0200] "GET /zampa/lybia/slike/tele.jpg HTTP/1.1" 200 28022 "http://www.various-euro.com/zampa/lybia/index.html" "Mozilla/5.0 (Windows; U; Windows NT 5.1; sr; rv:1.9.0.11) Gecko/2009060215 Firefox/3.0.11"
79.175.74.232 - - [12/Jul/2009:19:36:43 +0200] "GET /zampa/wonderland/index.html HTTP/1.1" 200 2084 "http://www.various-euro.com/zampa/" "Mozilla/5.0 (Windows; U; Windows NT 5.1; sr; rv:1.9.0.11) Gecko/2009060215 Firefox/3.0.11"
79.175.74.232 - - [12/Jul/2009:19:36:44 +0200] "GET /zampa/wonderland/TWonder.gif HTTP/1.1" 200 76757 "http://www.various-euro.com/zampa/wonderland/index.html" "Mozilla/5.0 (Windows; U; Windows NT 5.1; sr; rv:1.9.0.11) Gecko/2009060215 Firefox/3.0.11"
67.205.85.53 - - [12/Jul/2009:19:43:17 +0200] "GET / HTTP/1.0" 200 7869 "VARIOUS-EURO.COM/" "Mozilla/4.0 (compatible; MSIE 6.0; Windows 98; Win 9x 4.90)"
72.14.199.8 - - [12/Jul/2009:20:08:04 +0200] "GET / HTTP/1.1" 302 353 "-" "Feedfetcher-Google; (+http://www.google.com/feedfetcher.html; 1 subscribers; feed-id=5454548576667470243)"
72.14.199.85 - - [12/Jul/2009:20:08:05 +0200] "GET /zampa/ HTTP/1.1" 200 7153 "-" "Feedfetcher-Google; (+http://www.google.com/feedfetcher.html; 1 subscribers; feed-id=5454548576667470243)"
65.55.106.121 - - [12/Jul/2009:20:14:48 +0200] "GET /robots.txt HTTP/1.1" 200 64 "-" "msnbot/2.0b (+http://search.msn.com/msnbot.htm)"
65.55.106.121 - - [12/Jul/2009:20:20:35 +0200] "GET /frame-menu.html HTTP/1.1" 200 10500 "-" "msnbot/2.0b (+http://search.msn.com/msnbot.htm)"
80.179.205.46 - - [12/Jul/2009:20:37:34 +0200] "GET / HTTP/1.0" 200 7869 "http://www.various-euro.com/" "Mozilla/1.22 (compatible; MSIE 2.0d; Windows NT)"
66.249.72.227 - - [12/Jul/2009:20:40:55 +0200] "GET /snapshots.html HTTP/1.1" 200 4259 "-" "Mozilla/5.0 (compatible; Googlebot/2.1; +http://www.google.com/bot.html)"
66.249.72.227 - - [12/Jul/2009:20:55:54 +0200] "GET /robots.txt HTTP/1.1" 302 363 "-" "Mozilla/5.0 (compatible; Googlebot/2.1; +http://www.google.com/bot.html)"
66.249.72.227 - - [12/Jul/2009:20:55:55 +0200] "GET /zampa/robots.txt HTTP/1.1" 404 2748 "-" "Mozilla/5.0 (compatible; Googlebot/2.1; +http://www.google.com/bot.html)"
66.249.72.227 - - [12/Jul/2009:20:55:57 +0200] "GET / HTTP/1.1" 302 353 "-" "Mozilla/5.0 (compatible; Googlebot/2.1; +http://www.google.com/bot.html)"
66.249.72.227 - - [12/Jul/2009:20:55:57 +0200] "GET /zampa/ HTTP/1.1" 200 7153 "-" "Mozilla/5.0 (compatible; Googlebot/2.1; +http://www.google.com/bot.html)"
65.55.51.115 - - [12/Jul/2009:21:44:59 +0200] "GET /robots.txt HTTP/1.1" 200 64 "-" "msnbot/2.0b (+http://search.msn.com/msnbot.htm)"
67.195.111.185 - - [12/Jul/2009:22:16:48 +0200] "GET /robots.txt HTTP/1.0" 200 64 "-" "Mozilla/5.0 (compatible; Yahoo! Slurp; http://help.yahoo.com/help/us/ysearch/slurp)"
67.195.111.185 - - [12/Jul/2009:22:16:48 +0200] "GET /framez-rez.html HTTP/1.0" 200 4323 "-" "Mozilla/5.0 (compatible; Yahoo! Slurp/3.0; http://help.yahoo.com/help/us/ysearch/slurp)"
67.195.111.185 - - [12/Jul/2009:22:16:49 +0200] "GET /frame-menu.html HTTP/1.0" 200 10500 "http://www.various-euro.com/framez-rez.html" "Mozilla/5.0 (compatible; Yahoo! Slurp/3.0; http://help.yahoo.com/help/us/ysearch/slurp)"
67.195.111.185 - - [12/Jul/2009:22:16:49 +0200] "GET /frame-unten.html HTTP/1.0" 200 5308 "http://www.various-euro.com/framez-rez.html" "Mozilla/5.0 (compatible; Yahoo! Slurp/3.0; http://help.yahoo.com/help/us/ysearch/slurp)"
67.195.111.185 - - [12/Jul/2009:22:16:49 +0200] "GET /f-rez.html HTTP/1.0" 200 9765 "http://www.various-euro.com/framez-rez.html" "Mozilla/5.0 (compatible; Yahoo! Slurp/3.0; http://help.yahoo.com/help/us/ysearch/slurp)"
67.195.111.185 - - [12/Jul/2009:22:16:49 +0200] "GET /style/various-euro.css HTTP/1.0" 304 - "http://www.various-euro.com/frame-menu.html" "Mozilla/5.0 (compatible; Yahoo! Slurp/3.0; http://help.yahoo.com/help/us/ysearch/slurp)"
66.249.72.227 - - [12/Jul/2009:22:22:21 +0200] "GET /schubb/schubb-2.html HTTP/1.1" 200 16660 "-" "Mozilla/5.0 (compatible; Googlebot/2.1; +http://www.google.com/bot.html)"
65.55.211.164 - - [12/Jul/2009:22:23:22 +0200] "GET /robots.txt HTTP/1.1" 200 64 "-" "msnbot/1.1 (+http://search.msn.com/msnbot.htm)"
65.55.211.164 - - [12/Jul/2009:22:23:22 +0200] "GET /framez-zampa-lovers.html HTTP/1.1" 200 4322 "-" "msnbot/1.1 (+http://search.msn.com/msnbot.htm)"
65.55.211.164 - - [12/Jul/2009:22:25:55 +0200] "GET /robots.txt HTTP/1.1" 200 64 "-" "msnbot/1.0 (+http://search.msn.com/msnbot.htm)"
65.55.211.164 - - [12/Jul/2009:22:25:55 +0200] "GET /frame-menu.html HTTP/1.1" 200 10500 "-" "msnbot/1.0 (+http://search.msn.com/msnbot.htm)"
65.55.211.164 - - [12/Jul/2009:22:25:55 +0200] "GET /zampa-lovers/index.html HTTP/1.1" 200 37790 "-" "msnbot/1.0 (+http://search.msn.com/msnbot.htm)"
65.55.211.164 - - [12/Jul/2009:22:25:58 +0200] "GET /frame-unten.html HTTP/1.1" 200 5308 "-" "msnbot/1.0 (+http://search.msn.com/msnbot.htm)"
65.55.110.195 - - [12/Jul/2009:22:27:07 +0200] "GET /framez-zampa-lovers.html HTTP/1.1" 200 4322 "http://search.live.com/results.aspx?q=zampa" "Mozilla/4.0 (compatible; MSIE 6.0; Windows NT 5.1; SV1; .NET CLR 1.1.4322; .NET CLR 2.0.50727; .NET CLR 3.0.30729; .NET CLR 3.5.30707; InfoPath.2)"
65.55.110.195 - - [12/Jul/2009:22:27:09 +0200] "GET /frame-menu.html HTTP/1.1" 200 10500 "http://www.various-euro.com/framez-zampa-lovers.html" "Mozilla/4.0 (compatible; MSIE 6.0; Windows NT 5.1; SV1; .NET CLR 1.1.4322; .NET CLR 2.0.50727; .NET CLR 3.0.30729; .NET CLR 3.5.30707; InfoPath.2)"
65.55.110.195 - - [12/Jul/2009:22:27:11 +0200] "GET /frame-unten.html HTTP/1.1" 200 5308 "http://www.various-euro.com/framez-zampa-lovers.html" "Mozilla/4.0 (compatible; MSIE 6.0; Windows NT 5.1; SV1; .NET CLR 1.1.4322; .NET CLR 2.0.50727; .NET CLR 3.0.30729; .NET CLR 3.5.30707; InfoPath.2)"
65.55.110.195 - - [12/Jul/2009:22:27:12 +0200] "GET /style/various-euro.css HTTP/1.1" 200 3437 "http://www.various-euro.com/frame-menu.html" "Mozilla/4.0 (compatible; MSIE 6.0; Windows NT 5.1; SV1; .NET CLR 1.1.4322; .NET CLR 2.0.50727; .NET CLR 3.0.30729; .NET CLR 3.5.30707; InfoPath.2)"
65.55.110.195 - - [12/Jul/2009:22:27:12 +0200] "GET /zampa-lovers/index.html HTTP/1.1" 200 37790 "http://www.various-euro.com/framez-zampa-lovers.html" "Mozilla/4.0 (compatible; MSIE 6.0; Windows NT 5.1; SV1; .NET CLR 1.1.4322; .NET CLR 2.0.50727; .NET CLR 3.0.30729; .NET CLR 3.5.30707; InfoPath.2)"
79.239.206.130 - - [12/Jul/2009:22:31:09 +0200] "GET /logs/ HTTP/1.1" 200 11511 "-" "Mozilla 4/0"
79.239.206.130 - - [12/Jul/2009:22:31:09 +0200] "GET /logs/ HTTP/1.1" 200 11511 "-" "Mozilla 4/0"
79.239.206.130 - - [12/Jul/2009:22:31:09 +0200] "GET /logs/ HTTP/1.1" 200 11511 "-" "Mozilla 4/0"
79.239.206.130 - - [12/Jul/2009:22:31:10 +0200] "GET /logs/ HTTP/1.1" 200 11511 "-" "Mozilla 4/0"
79.239.206.130 - - [12/Jul/2009:22:31:10 +0200] "GET /logs/ HTTP/1.1" 200 11511 "-" "Mozilla 4/0"
79.239.206.130 - - [12/Jul/2009:22:31:10 +0200] "GET /logs/ HTTP/1.1" 200 11511 "-" "Mozilla 4/0"
79.34.0.16 - - [12/Jul/2009:22:32:09 +0200] "GET / HTTP/1.1" 200 7869 "-" "Scout.Vortex"
66.249.72.227 - - [12/Jul/2009:22:35:08 +0200] "GET /montenegro/dajpare.html HTTP/1.1" 302 376 "-" "Mozilla/5.0 (compatible; Googlebot/2.1; +http://www.google.com/bot.html)"
66.249.72.227 - - [12/Jul/2009:22:45:15 +0200] "GET /neon/girlz3.html HTTP/1.1" 200 2479 "-" "Mozilla/5.0 (compatible; Googlebot/2.1; +http://www.google.com/bot.html)"
65.55.106.211 - - [12/Jul/2009:22:46:20 +0200] "GET /robots.txt HTTP/1.1" 200 64 "-" "msnbot/2.0b (+http://search.msn.com/msnbot.htm)"
72.30.161.250 - - [12/Jul/2009:22:51:17 +0200] "GET /robots.txt HTTP/1.0" 200 64 "-" "Mozilla/5.0 (compatible; Yahoo! Slurp; http://help.yahoo.com/help/us/ysearch/slurp)"
72.30.161.250 - - [12/Jul/2009:22:51:18 +0200] "GET /neon/warning.html HTTP/1.0" 200 5134 "-" "Mozilla/5.0 (compatible; Yahoo! Slurp/3.0; http://help.yahoo.com/help/us/ysearch/slurp)"
65.55.106.211 - - [12/Jul/2009:22:52:49 +0200] "GET / HTTP/1.1" 200 7869 "-" "msnbot/2.0b (+http://search.msn.com/msnbot.htm)"
65.55.107.180 - - [12/Jul/2009:23:03:33 +0200] "GET /robots.txt HTTP/1.1" 200 64 "-" "msnbot/2.0b (+http://search.msn.com/msnbot.htm)"
72.14.199.8 - - [12/Jul/2009:23:08:23 +0200] "GET / HTTP/1.1" 302 353 "-" "Feedfetcher-Google; (+http://www.google.com/feedfetcher.html; 1 subscribers; feed-id=5454548576667470243)"
72.14.199.85 - - [12/Jul/2009:23:08:23 +0200] "GET /zampa/ HTTP/1.1" 200 7153 "-" "Feedfetcher-Google; (+http://www.google.com/feedfetcher.html; 1 subscribers; feed-id=5454548576667470243)"
66.249.72.227 - - [12/Jul/2009:23:10:14 +0200] "GET /restate_copy.html HTTP/1.1" 200 97631 "-" "Mozilla/5.0 (compatible; Googlebot/2.1; +http://www.google.com/bot.html)"
66.249.72.227 - - [12/Jul/2009:23:17:23 +0200] "GET /schubb/schubb-2.html HTTP/1.1" 200 16660 "-" "Mozilla/5.0 (compatible; Googlebot/2.1; +http://www.google.com/bot.html)"
66.249.72.227 - - [12/Jul/2009:23:25:37 +0200] "GET /bmpp/crashhA.html HTTP/1.1" 200 15304 "-" "Mozilla/5.0 (compatible; Googlebot/2.1; +http://www.google.com/bot.html)"
66.235.124.4 - - [12/Jul/2009:23:27:50 +0200] "GET /robots.txt HTTP/1.1" 200 64 "-" "Mozilla/5.0 (compatible; Ask Jeeves/Teoma; +http://about.ask.com/en/docs/about/webmasters.shtml)"
66.235.124.4 - - [12/Jul/2009:23:28:05 +0200] "GET / HTTP/1.1" 200 7869 "-" "Mozilla/5.0 (compatible; Ask Jeeves/Teoma; +http://about.ask.com/en/docs/about/webmasters.shtml)"
66.235.124.61 - - [12/Jul/2009:23:28:06 +0200] "GET /robots.txt HTTP/1.1" 200 64 "-" "Mozilla/5.0 (compatible; Ask Jeeves/Teoma; +http://about.ask.com/en/docs/about/webmasters.shtml)"
66.235.124.61 - - [12/Jul/2009:23:28:21 +0200] "GET /framez_0.html HTTP/1.1" 200 12285 "-" "Mozilla/5.0 (compatible; Ask Jeeves/Teoma; +http://about.ask.com/en/docs/about/webmasters.shtml)"
72.30.161.250 - - [12/Jul/2009:23:30:53 +0200] "GET /DgH/rampe/index.html HTTP/1.0" 200 2056 "-" "Mozilla/5.0 (compatible; Yahoo! Slurp/3.0; http://help.yahoo.com/help/us/ysearch/slurp)"
72.30.161.250 - - [12/Jul/2009:23:30:54 +0200] "GET /DgH/rampe/pict/Rampe.mp3 HTTP/1.0" 200 8295 "http://www.various-euro.com/DgH/rampe/index.html" "Mozilla/5.0 (compatible; Yahoo! Slurp/3.0; http://help.yahoo.com/help/us/ysearch/slurp)"
64.17.2.164 - - [12/Jul/2009:23:31:20 +0200] "GET /robots.txt HTTP/1.1" 200 64 "-" "MLBot (www.metadatalabs.com/mlbot)"
64.17.2.164 - - [12/Jul/2009:23:31:23 +0200] "GET / HTTP/1.1" 200 7869 "-" "MLBot (www.metadatalabs.com/mlbot)"
72.30.161.250 - - [13/Jul/2009:00:48:25 +0200] "GET /f-euro.html HTTP/1.0" 200 12203 "-" "Mozilla/5.0 (compatible; Yahoo! Slurp/3.0; http://help.yahoo.com/help/us/ysearch/slurp)"
66.249.72.227 - - [13/Jul/2009:00:59:48 +0200] "GET /tour1_new.html HTTP/1.1" 404 2748 "-" "Mozilla/5.0 (compatible; Googlebot/2.1; +http://www.google.com/bot.html)"
66.249.72.227 - - [13/Jul/2009:00:59:48 +0200] "GET /logz.html HTTP/1.1" 404 2748 "-" "Mozilla/5.0 (compatible; Googlebot/2.1; +http://www.google.com/bot.html)"
66.249.72.227 - - [13/Jul/2009:00:59:49 +0200] "GET /contact.html HTTP/1.1" 404 2748 "-" "Mozilla/5.0 (compatible; Googlebot/2.1; +http://www.google.com/bot.html)"
66.249.72.227 - - [13/Jul/2009:01:04:26 +0200] "GET /web.html HTTP/1.1" 404 2748 "-" "Mozilla/5.0 (compatible; Googlebot/2.1; +http://www.google.com/bot.html)"
66.249.72.227 - - [13/Jul/2009:01:09:44 +0200] "GET /euro.html HTTP/1.1" 404 2748 "-" "Mozilla/5.0 (compatible; Googlebot/2.1; +http://www.google.com/bot.html)"
66.249.72.227 - - [13/Jul/2009:01:14:32 +0200] "GET /channel1.html HTTP/1.1" 404 2748 "-" "Mozilla/5.0 (compatible; Googlebot/2.1; +http://www.google.com/bot.html)"
66.249.72.227 - - [13/Jul/2009:01:21:07 +0200] "GET /logz_old.html HTTP/1.1" 404 2748 "-" "Mozilla/5.0 (compatible; Googlebot/2.1; +http://www.google.com/bot.html)"
66.249.72.227 - - [13/Jul/2009:01:25:28 +0200] "GET /bannnerz.html HTTP/1.1" 404 2748 "-" "Mozilla/5.0 (compatible; Googlebot/2.1; +http://www.google.com/bot.html)"
208.80.195.34 - - [13/Jul/2009:02:45:51 +0200] "GET / HTTP/1.0" 200 7869 "-" "Mozilla/4.0 (compatible; MSIE 6.0; Windows NT 5.1; SV1; YPC 3.2.0; .NET CLR 1.1.4322; IEMB3; yplus 5.1.04b)"
208.80.195.34 - - [13/Jul/2009:02:45:51 +0200] "GET / HTTP/1.0" 200 7869 "-" "Mozilla/4.0 (compatible; MSIE 7.0; Windows NT 5.1; DigExt; MEGAUPLOAD 1.0)"
65.55.211.172 - - [13/Jul/2009:02:45:53 +0200] "GET /robots.txt HTTP/1.1" 200 64 "-" "msnbot/1.1 (+http://search.msn.com/msnbot.htm)"
65.55.211.172 - - [13/Jul/2009:02:45:53 +0200] "GET /neon/code.html HTTP/1.1" 200 1109 "-" "msnbot/1.1 (+http://search.msn.com/msnbot.htm)"
65.55.108.136 - - [13/Jul/2009:02:45:55 +0200] "GET /robots.txt HTTP/1.1" 200 64 "-" "msnbot-media/1.1 (+http://search.msn.com/msnbot.htm)"
65.55.108.136 - - [13/Jul/2009:02:45:55 +0200] "GET /zampa-lovers/1SEITEVE.GIF HTTP/1.1" 200 78726 "-" "msnbot-media/1.1 (+http://search.msn.com/msnbot.htm)"
65.55.106.119 - - [13/Jul/2009:02:47:18 +0200] "GET /robots.txt HTTP/1.1" 302 363 "-" "msnbot/2.0b (+http://search.msn.com/msnbot.htm)"
65.55.106.119 - - [13/Jul/2009:02:47:18 +0200] "GET /zampa/robots.txt HTTP/1.1" 404 2748 "-" "msnbot/2.0b (+http://search.msn.com/msnbot.htm)"
67.202.41.3 - - [13/Jul/2009:02:52:47 +0200] "GET /robots.txt HTTP/1.0" 200 64 "-" "ia_archiver (+http://www.alexa.com/site/help/webmasters; crawler@alexa.com)"
65.55.231.127 - - [13/Jul/2009:03:13:18 +0200] "GET /robots.txt HTTP/1.1" 200 64 "-" "msnbot-media/1.1 (+http://search.msn.com/msnbot.htm)"
65.55.231.127 - - [13/Jul/2009:03:13:20 +0200] "GET /zampa-lovers/2SEITEVE.GIF HTTP/1.1" 200 83466 "-" "msnbot-media/1.1 (+http://search.msn.com/msnbot.htm)"
220.181.61.234 - - [13/Jul/2009:03:54:16 +0200] "GET / HTTP/1.1" 200 7869 "-" "Sogou web spider/4.0(+http://www.sogou.com/docs/help/webmasters.htm#07)"
220.181.61.234 - - [13/Jul/2009:03:54:22 +0200] "GET /framez_0.html HTTP/1.1" 200 12285 "-" "Sogou web spider/4.0(+http://www.sogou.com/docs/help/webmasters.htm#07)"
72.14.199.8 - - [13/Jul/2009:04:09:43 +0200] "GET / HTTP/1.1" 302 353 "-" "Feedfetcher-Google; (+http://www.google.com/feedfetcher.html; 1 subscribers; feed-id=5454548576667470243)"
72.14.199.85 - - [13/Jul/2009:04:09:44 +0200] "GET /zampa/ HTTP/1.1" 200 7153 "-" "Feedfetcher-Google; (+http://www.google.com/feedfetcher.html; 1 subscribers; feed-id=5454548576667470243)"
65.55.106.231 - - [13/Jul/2009:05:36:19 +0200] "GET /robots.txt HTTP/1.1" 200 64 "-" "msnbot/2.0b (+http://search.msn.com/msnbot.htm)"
72.30.161.250 - - [13/Jul/2009:06:02:51 +0200] "GET /framez-rez.html HTTP/1.0" 200 4323 "-" "Mozilla/5.0 (compatible; Yahoo! Slurp/3.0; http://help.yahoo.com/help/us/ysearch/slurp)"
72.30.161.250 - - [13/Jul/2009:06:02:54 +0200] "GET /frame-menu.html HTTP/1.0" 200 10500 "http://www.various-euro.com/framez-rez.html" "Mozilla/5.0 (compatible; Yahoo! Slurp/3.0; http://help.yahoo.com/help/us/ysearch/slurp)"
72.30.161.250 - - [13/Jul/2009:06:02:54 +0200] "GET /f-rez.html HTTP/1.0" 200 9765 "http://www.various-euro.com/framez-rez.html" "Mozilla/5.0 (compatible; Yahoo! Slurp/3.0; http://help.yahoo.com/help/us/ysearch/slurp)"
72.30.161.250 - - [13/Jul/2009:06:02:54 +0200] "GET /frame-unten.html HTTP/1.0" 200 5308 "http://www.various-euro.com/framez-rez.html" "Mozilla/5.0 (compatible; Yahoo! Slurp/3.0; http://help.yahoo.com/help/us/ysearch/slurp)"
72.30.161.250 - - [13/Jul/2009:06:02:56 +0200] "GET /style/various-euro.css HTTP/1.0" 304 - "http://www.various-euro.com/frame-menu.html" "Mozilla/5.0 (compatible; Yahoo! Slurp/3.0; http://help.yahoo.com/help/us/ysearch/slurp)"
77.88.28.248 - - [13/Jul/2009:06:10:05 +0200] "GET /robots.txt HTTP/1.1" 200 64 "-" "Yandex/1.01.001 (compatible; Win16; I)"
72.30.161.250 - - [13/Jul/2009:06:32:23 +0200] "GET /DgH/orginal/index.html HTTP/1.0" 200 1727 "-" "Mozilla/5.0 (compatible; Yahoo! Slurp/3.0; http://help.yahoo.com/help/us/ysearch/slurp)"
72.14.199.8 - - [13/Jul/2009:07:09:48 +0200] "GET / HTTP/1.1" 302 353 "-" "Feedfetcher-Google; (+http://www.google.com/feedfetcher.html; 1 subscribers; feed-id=5454548576667470243)"
72.14.199.85 - - [13/Jul/2009:07:09:55 +0200] "GET /zampa/ HTTP/1.1" 200 7153 "-" "Feedfetcher-Google; (+http://www.google.com/feedfetcher.html; 1 subscribers; feed-id=5454548576667470243)"
65.55.211.172 - - [13/Jul/2009:07:23:19 +0200] "GET /frame-inhalt.html HTTP/1.1" 200 7688 "-" "msnbot/1.1 (+http://search.msn.com/msnbot.htm)"
65.55.51.115 - - [13/Jul/2009:07:33:53 +0200] "GET /robots.txt HTTP/1.1" 200 64 "-" "msnbot/2.0b (+http://search.msn.com/msnbot.htm)"
65.55.106.140 - - [13/Jul/2009:07:46:38 +0200] "GET /zampa/montenegro/BATAW.html HTTP/1.1" 200 860 "-" "msnbot/2.0b (+http://search.msn.com/msnbot.htm)"
66.249.72.227 - - [13/Jul/2009:09:59:43 +0200] "GET /robots.txt HTTP/1.1" 302 363 "-" "Mozilla/5.0 (compatible; Googlebot/2.1; +http://www.google.com/bot.html)"
66.249.72.227 - - [13/Jul/2009:09:59:43 +0200] "GET /zampa/robots.txt HTTP/1.1" 404 2748 "-" "Mozilla/5.0 (compatible; Googlebot/2.1; +http://www.google.com/bot.html)"
66.249.72.227 - - [13/Jul/2009:09:59:44 +0200] "GET /%3E%5D HTTP/1.1" 302 359 "-" "Mozilla/5.0 (compatible; Googlebot/2.1; +http://www.google.com/bot.html)"
66.249.72.227 - - [13/Jul/2009:09:59:44 +0200] "GET /%3E HTTP/1.1" 302 356 "-" "Mozilla/5.0 (compatible; Googlebot/2.1; +http://www.google.com/bot.html)"
66.249.72.227 - - [13/Jul/2009:09:59:44 +0200] "GET /%3E) HTTP/1.1" 302 357 "-" "Mozilla/5.0 (compatible; Googlebot/2.1; +http://www.google.com/bot.html)"
66.249.72.227 - - [13/Jul/2009:09:59:45 +0200] "GET /zampa/%3E%5D HTTP/1.1" 404 2748 "-" "Mozilla/5.0 (compatible; Googlebot/2.1; +http://www.google.com/bot.html)"
66.249.72.227 - - [13/Jul/2009:09:59:46 +0200] "GET /zampa/%3E HTTP/1.1" 404 2748 "-" "Mozilla/5.0 (compatible; Googlebot/2.1; +http://www.google.com/bot.html)"
66.249.72.227 - - [13/Jul/2009:09:59:47 +0200] "GET /zampa/%3E) HTTP/1.1" 404 2748 "-" "Mozilla/5.0 (compatible; Googlebot/2.1; +http://www.google.com/bot.html)"
72.14.199.8 - - [13/Jul/2009:10:10:04 +0200] "GET / HTTP/1.1" 302 353 "-" "Feedfetcher-Google; (+http://www.google.com/feedfetcher.html; 1 subscribers; feed-id=5454548576667470243)"
72.14.199.85 - - [13/Jul/2009:10:10:08 +0200] "GET /zampa/ HTTP/1.1" 200 7153 "-" "Feedfetcher-Google; (+http://www.google.com/feedfetcher.html; 1 subscribers; feed-id=5454548576667470243)"
65.55.108.137 - - [13/Jul/2009:10:28:18 +0200] "GET /robots.txt HTTP/1.1" 200 64 "-" "msnbot-media/1.1 (+http://search.msn.com/msnbot.htm)"
65.55.108.137 - - [13/Jul/2009:10:28:19 +0200] "GET /zampa-lovers/DRAGANZA.JPG HTTP/1.1" 200 18560 "-" "msnbot-media/1.1 (+http://search.msn.com/msnbot.htm)"
65.55.51.111 - - [13/Jul/2009:11:00:51 +0200] "GET /robots.txt HTTP/1.1" 200 64 "-" "msnbot/2.0b (+http://search.msn.com/msnbot.htm)"
72.30.161.250 - - [13/Jul/2009:11:14:09 +0200] "GET /robots.txt HTTP/1.0" 200 64 "-" "Mozilla/5.0 (compatible; Yahoo! Slurp; http://help.yahoo.com/help/us/ysearch/slurp)"
77.88.28.248 - - [13/Jul/2009:11:17:33 +0200] "GET /robots.txt HTTP/1.1" 302 363 "-" "Yandex/1.01.001 (compatible; Win16; I)"
66.249.72.227 - - [13/Jul/2009:12:05:37 +0200] "GET /logs/usage_200907.html HTTP/1.1" 404 2748 "-" "Mozilla/5.0 (compatible; Googlebot/2.1; +http://www.google.com/bot.html)"
38.100.41.107 - - [13/Jul/2009:12:47:08 +0200] "GET /logs/usage_200811.html HTTP/1.1" 200 166396 "http://www.google.com/custom?cof=GALT%3A336600%3BVLC%3A000066%3BAH%3Acenter%3BBGC%3AFFFFFF%3BLH%3A81%3BLC%3A000066%3BGFNT%3A336600%3BL%3Ahttp%3A%2F%2Fcyveillance.allthesites.com%2Fimages%2Fats_logo.gif%3BALC%3A000066%3BLW%3A361%3BT%3A000066%3BGIMP%3A336600%3BAWFID%3A248cacfbbe0ae58f%3B&q=%22state%20farm%22%20yahoo%20%22previous%20message%22&num=100&hl=en&start=0&filter=0" "Mozilla/4.0 (compatible; MSIE 5.5; Windows NT 5.0)"
38.100.41.107 - - [13/Jul/2009:12:47:08 +0200] "GET /logs/usage_200901.html HTTP/1.1" 200 167238 "http://www.google.com/custom?cof=GALT%3A336600%3BVLC%3A000066%3BAH%3Acenter%3BBGC%3AFFFFFF%3BLH%3A81%3BLC%3A000066%3BGFNT%3A336600%3BL%3Ahttp%3A%2F%2Fcyveillance.allthesites.com%2Fimages%2Fats_logo.gif%3BALC%3A000066%3BLW%3A361%3BT%3A000066%3BGIMP%3A336600%3BAWFID%3A248cacfbbe0ae58f%3B&q=%22state%20farm%22%20yahoo%20%22previous%20message%22&num=100&hl=en&start=0&filter=0" "Mozilla/4.0 (compatible; MSIE 5.5; Windows NT 5.0)"
38.100.41.107 - - [13/Jul/2009:12:49:39 +0200] "GET /logs/usage_200903.html HTTP/1.1" 200 167061 "http://www.google.com/search?q=%22state%20farm%22%20yahoo%20%22previous%20message%22&num=100&hl=en&start=100&filter=0" "Mozilla/4.0 (compatible; MSIE 5.5; Windows NT 5.0)"
38.100.41.107 - - [13/Jul/2009:12:49:39 +0200] "GET /logs/usage_200902.html HTTP/1.1" 200 164604 "http://www.google.com/search?q=%22state%20farm%22%20yahoo%20%22previous%20message%22&num=100&hl=en&start=100&filter=0" "Mozilla/4.0 (compatible; MSIE 5.5; Windows NT 5.0)"
38.100.41.107 - - [13/Jul/2009:12:49:41 +0200] "GET /framez-restate.html HTTP/1.1" 200 4328 "http://www.google.com/search?q=%22state%20farm%22%20yahoo%20%22previous%20message%22&num=100&hl=en&start=100&filter=0" "Mozilla/4.0 (compatible; MSIE 5.5; Windows NT 5.0)"
38.100.41.107 - - [13/Jul/2009:12:49:41 +0200] "GET /logs/usage_200905.html HTTP/1.1" 200 161148 "http://www.google.com/search?q=%22state%20farm%22%20yahoo%20%22previous%20message%22&num=100&hl=en&start=100&filter=0" "Mozilla/4.0 (compatible; MSIE 5.5; Windows NT 5.0)"
38.100.41.107 - - [13/Jul/2009:12:49:44 +0200] "GET /restate_copy.html HTTP/1.1" 200 97631 "http://www.google.com/search?q=%22state%20farm%22%20yahoo%20%22previous%20message%22&num=100&hl=en&start=100&filter=0" "Mozilla/4.0 (compatible; MSIE 5.5; Windows NT 5.0)"
65.55.211.172 - - [13/Jul/2009:12:51:12 +0200] "GET /neon/girl-tv.html HTTP/1.1" 200 1717 "-" "msnbot/1.1 (+http://search.msn.com/msnbot.htm)"
65.55.51.110 - - [13/Jul/2009:12:57:43 +0200] "GET /robots.txt HTTP/1.1" 200 64 "-" "msnbot/2.0b (+http://search.msn.com/msnbot.htm)"
72.30.161.250 - - [13/Jul/2009:13:00:18 +0200] "GET /DgH/watch/index.html HTTP/1.0" 200 2028 "-" "Mozilla/5.0 (compatible; Yahoo! Slurp/3.0; http://help.yahoo.com/help/us/ysearch/slurp)"
72.30.161.250 - - [13/Jul/2009:13:00:34 +0200] "GET /DgH/watch/pict/Watch.mp3 HTTP/1.0" 200 29938 "http://www.various-euro.com/DgH/watch/index.html" "Mozilla/5.0 (compatible; Yahoo! Slurp/3.0; http://help.yahoo.com/help/us/ysearch/slurp)"
72.14.199.8 - - [13/Jul/2009:13:10:18 +0200] "GET / HTTP/1.1" 302 353 "-" "Feedfetcher-Google; (+http://www.google.com/feedfetcher.html; 1 subscribers; feed-id=5454548576667470243)"
72.14.199.85 - - [13/Jul/2009:13:10:22 +0200] "GET /zampa/ HTTP/1.1" 200 7153 "-" "Feedfetcher-Google; (+http://www.google.com/feedfetcher.html; 1 subscribers; feed-id=5454548576667470243)"
82.114.86.56 - - [13/Jul/2009:13:20:24 +0200] "GET /framez-zampa-lovers.html HTTP/1.1" 200 4322 "http://www.google.com/search?hl=en&q=sve+o+%C4%8Dejeni&aq=f&oq=&aqi=" "Mozilla/4.0 (compatible; MSIE 7.0; Windows NT 5.1; .NET CLR 1.1.4322; .NET CLR 2.0.50727; .NET CLR 3.0.04506.30; .NET CLR 3.0.04506.648; .NET CLR 3.5.21022; InfoPath.1; .NET CLR 3.0.4506.2152; .NET CLR 3.5.30729)"
82.114.86.56 - - [13/Jul/2009:13:20:24 +0200] "GET /frame-menu.html HTTP/1.1" 200 10500 "http://www.various-euro.com/framez-zampa-lovers.html" "Mozilla/4.0 (compatible; MSIE 7.0; Windows NT 5.1; .NET CLR 1.1.4322; .NET CLR 2.0.50727; .NET CLR 3.0.04506.30; .NET CLR 3.0.04506.648; .NET CLR 3.5.21022; InfoPath.1; .NET CLR 3.0.4506.2152; .NET CLR 3.5.30729)"
82.114.86.56 - - [13/Jul/2009:13:20:24 +0200] "GET /frame-unten.html HTTP/1.1" 200 5308 "http://www.various-euro.com/framez-zampa-lovers.html" "Mozilla/4.0 (compatible; MSIE 7.0; Windows NT 5.1; .NET CLR 1.1.4322; .NET CLR 2.0.50727; .NET CLR 3.0.04506.30; .NET CLR 3.0.04506.648; .NET CLR 3.5.21022; InfoPath.1; .NET CLR 3.0.4506.2152; .NET CLR 3.5.30729)"
82.114.86.56 - - [13/Jul/2009:13:20:24 +0200] "GET /zampa-lovers/index.html HTTP/1.1" 200 37790 "http://www.various-euro.com/framez-zampa-lovers.html" "Mozilla/4.0 (compatible; MSIE 7.0; Windows NT 5.1; .NET CLR 1.1.4322; .NET CLR 2.0.50727; .NET CLR 3.0.04506.30; .NET CLR 3.0.04506.648; .NET CLR 3.5.21022; InfoPath.1; .NET CLR 3.0.4506.2152; .NET CLR 3.5.30729)"
82.114.86.56 - - [13/Jul/2009:13:20:25 +0200] "GET /zampa-lovers/kralle.gif HTTP/1.1" 404 2748 "http://www.various-euro.com/zampa-lovers/index.html" "Mozilla/4.0 (compatible; MSIE 7.0; Windows NT 5.1; .NET CLR 1.1.4322; .NET CLR 2.0.50727; .NET CLR 3.0.04506.30; .NET CLR 3.0.04506.648; .NET CLR 3.5.21022; InfoPath.1; .NET CLR 3.0.4506.2152; .NET CLR 3.5.30729)"
82.114.86.56 - - [13/Jul/2009:13:20:25 +0200] "GET /style/various-euro.css HTTP/1.1" 200 3437 "http://www.various-euro.com/frame-menu.html" "Mozilla/4.0 (compatible; MSIE 7.0; Windows NT 5.1; .NET CLR 1.1.4322; .NET CLR 2.0.50727; .NET CLR 3.0.04506.30; .NET CLR 3.0.04506.648; .NET CLR 3.5.21022; InfoPath.1; .NET CLR 3.0.4506.2152; .NET CLR 3.5.30729)"
82.114.86.56 - - [13/Jul/2009:13:20:25 +0200] "GET /zampa-lovers/DRAGAN_Z.JPG HTTP/1.1" 200 6850 "http://www.various-euro.com/zampa-lovers/index.html" "Mozilla/4.0 (compatible; MSIE 7.0; Windows NT 5.1; .NET CLR 1.1.4322; .NET CLR 2.0.50727; .NET CLR 3.0.04506.30; .NET CLR 3.0.04506.648; .NET CLR 3.5.21022; InfoPath.1; .NET CLR 3.0.4506.2152; .NET CLR 3.5.30729)"
82.114.86.56 - - [13/Jul/2009:13:20:25 +0200] "GET /zampa-lovers/MILIZA_2.JPG HTTP/1.1" 200 22172 "http://www.various-euro.com/zampa-lovers/index.html" "Mozilla/4.0 (compatible; MSIE 7.0; Windows NT 5.1; .NET CLR 1.1.4322; .NET CLR 2.0.50727; .NET CLR 3.0.04506.30; .NET CLR 3.0.04506.648; .NET CLR 3.5.21022; InfoPath.1; .NET CLR 3.0.4506.2152; .NET CLR 3.5.30729)"
82.114.86.56 - - [13/Jul/2009:13:20:25 +0200] "GET /zampa-lovers/zampa.gif HTTP/1.1" 200 460627 "http://www.various-euro.com/zampa-lovers/index.html" "Mozilla/4.0 (compatible; MSIE 7.0; Windows NT 5.1; .NET CLR 1.1.4322; .NET CLR 2.0.50727; .NET CLR 3.0.04506.30; .NET CLR 3.0.04506.648; .NET CLR 3.5.21022; InfoPath.1; .NET CLR 3.0.4506.2152; .NET CLR 3.5.30729)"
82.114.86.56 - - [13/Jul/2009:13:20:25 +0200] "GET /zampa-lovers/MILIZA_3.JPG HTTP/1.1" 200 26924 "http://www.various-euro.com/zampa-lovers/index.html" "Mozilla/4.0 (compatible; MSIE 7.0; Windows NT 5.1; .NET CLR 1.1.4322; .NET CLR 2.0.50727; .NET CLR 3.0.04506.30; .NET CLR 3.0.04506.648; .NET CLR 3.5.21022; InfoPath.1; .NET CLR 3.0.4506.2152; .NET CLR 3.5.30729)"
82.114.86.56 - - [13/Jul/2009:13:20:26 +0200] "GET /zampa-lovers/MILIZA_B.JPG HTTP/1.1" 200 10947 "http://www.various-euro.com/zampa-lovers/index.html" "Mozilla/4.0 (compatible; MSIE 7.0; Windows NT 5.1; .NET CLR 1.1.4322; .NET CLR 2.0.50727; .NET CLR 3.0.04506.30; .NET CLR 3.0.04506.648; .NET CLR 3.5.21022; InfoPath.1; .NET CLR 3.0.4506.2152; .NET CLR 3.5.30729)"
82.114.86.56 - - [13/Jul/2009:13:20:26 +0200] "GET /zampa-lovers/MILIZA_4.JPG HTTP/1.1" 200 9946 "http://www.various-euro.com/zampa-lovers/index.html" "Mozilla/4.0 (compatible; MSIE 7.0; Windows NT 5.1; .NET CLR 1.1.4322; .NET CLR 2.0.50727; .NET CLR 3.0.04506.30; .NET CLR 3.0.04506.648; .NET CLR 3.5.21022; InfoPath.1; .NET CLR 3.0.4506.2152; .NET CLR 3.5.30729)"
82.114.86.56 - - [13/Jul/2009:13:20:26 +0200] "GET /zampa-lovers/DRAGANZA.JPG HTTP/1.1" 200 18560 "http://www.various-euro.com/zampa-lovers/index.html" "Mozilla/4.0 (compatible; MSIE 7.0; Windows NT 5.1; .NET CLR 1.1.4322; .NET CLR 2.0.50727; .NET CLR 3.0.04506.30; .NET CLR 3.0.04506.648; .NET CLR 3.5.21022; InfoPath.1; .NET CLR 3.0.4506.2152; .NET CLR 3.5.30729)"
82.114.86.56 - - [13/Jul/2009:13:20:26 +0200] "GET /zampa-lovers/2SEITEVE.GIF HTTP/1.1" 200 83466 "http://www.various-euro.com/zampa-lovers/index.html" "Mozilla/4.0 (compatible; MSIE 7.0; Windows NT 5.1; .NET CLR 1.1.4322; .NET CLR 2.0.50727; .NET CLR 3.0.04506.30; .NET CLR 3.0.04506.648; .NET CLR 3.5.21022; InfoPath.1; .NET CLR 3.0.4506.2152; .NET CLR 3.5.30729)"
82.114.86.56 - - [13/Jul/2009:13:20:26 +0200] "GET /zampa-lovers/1SEITEVE.GIF HTTP/1.1" 200 78726 "http://www.various-euro.com/zampa-lovers/index.html" "Mozilla/4.0 (compatible; MSIE 7.0; Windows NT 5.1; .NET CLR 1.1.4322; .NET CLR 2.0.50727; .NET CLR 3.0.04506.30; .NET CLR 3.0.04506.648; .NET CLR 3.5.21022; InfoPath.1; .NET CLR 3.0.4506.2152; .NET CLR 3.5.30729)"
82.114.86.56 - - [13/Jul/2009:13:20:26 +0200] "GET /zampa-lovers/Kralle.gif HTTP/1.1" 200 260 "http://www.various-euro.com/zampa-lovers/index.html" "Mozilla/4.0 (compatible; MSIE 7.0; Windows NT 5.1; .NET CLR 1.1.4322; .NET CLR 2.0.50727; .NET CLR 3.0.04506.30; .NET CLR 3.0.04506.648; .NET CLR 3.5.21022; InfoPath.1; .NET CLR 3.0.4506.2152; .NET CLR 3.5.30729)"
