64.17.2.164 - - [22/Jul/2009:13:52:32 +0200] "GET /robots.txt HTTP/1.1" 200 64 "-" "MLBot (www.metadatalabs.com/mlbot)"
64.17.2.164 - - [22/Jul/2009:13:52:32 +0200] "GET / HTTP/1.1" 200 7869 "-" "MLBot (www.metadatalabs.com/mlbot)"
65.55.106.115 - - [22/Jul/2009:14:25:29 +0200] "GET /robots.txt HTTP/1.1" 200 64 "-" "msnbot/2.0b (+http://search.msn.com/msnbot.htm)"
65.55.106.115 - - [22/Jul/2009:14:34:55 +0200] "GET /DgH/bull/index.html HTTP/1.1" 200 1915 "-" "msnbot/2.0b (+http://search.msn.com/msnbot.htm)"
72.30.79.118 - - [22/Jul/2009:14:42:49 +0200] "GET /f-zeug.html HTTP/1.0" 200 59462 "-" "Mozilla/5.0 (compatible; Yahoo! Slurp/3.0; http://help.yahoo.com/help/us/ysearch/slurp)"
193.252.118.174 - - [22/Jul/2009:15:25:31 +0200] "GET /f-channel1.html HTTP/1.1" 200 9329 "-" "Mozilla/5.0 (Windows; U; Windows NT 5.1; fr; rv:1.8.1) VoilaBot BETA 1.2 (support.voilabot@orange-ftgroup.com)"
193.252.118.175 - - [22/Jul/2009:15:47:05 +0200] "GET / HTTP/1.1" 200 7869 "-" "Mozilla/5.0 (Windows; U; Windows NT 5.1; fr; rv:1.8.1) VoilaBot BETA 1.2 (support.voilabot@orange-ftgroup.com)"
38.99.44.105 - - [22/Jul/2009:16:34:54 +0200] "GET / HTTP/1.0" 200 7869 "-" "Mozilla/5.0 (Twiceler-0.9 http://www.cuil.com/twiceler/robot.html)"
65.55.211.162 - - [22/Jul/2009:17:18:50 +0200] "GET /robots.txt HTTP/1.1" 200 64 "-" "msnbot/1.1 (+http://search.msn.com/msnbot.htm)"
65.55.211.162 - - [22/Jul/2009:17:18:51 +0200] "GET /logs/usage_200806.html HTTP/1.1" 200 166379 "-" "msnbot/1.1 (+http://search.msn.com/msnbot.htm)"
79.232.37.101 - - [22/Jul/2009:17:38:00 +0200] "GET / HTTP/1.1" 200 7869 "-" "Mozilla/5.0 (compatible; seexie.com_bot/4.1; +http://www.seexie.com)"
193.252.118.175 - - [22/Jul/2009:17:44:19 +0200] "GET /f-bannnerz.html HTTP/1.1" 200 12651 "-" "Mozilla/5.0 (Windows; U; Windows NT 5.1; fr; rv:1.8.1) VoilaBot BETA 1.2 (support.voilabot@orange-ftgroup.com)"
213.239.237.21 - - [22/Jul/2009:18:19:09 +0200] "GET / HTTP/1.0" 200 7869 "-" "-"
72.30.79.118 - - [22/Jul/2009:18:22:30 +0200] "GET /f-maintitle.html HTTP/1.0" 200 5030 "-" "Mozilla/5.0 (compatible; Yahoo! Slurp/3.0; http://help.yahoo.com/help/us/ysearch/slurp)"
38.99.13.116 - - [22/Jul/2009:18:37:45 +0200] "GET / HTTP/1.0" 302 353 "-" "Mozilla/5.0 (Twiceler-0.9 http://www.cuil.com/twiceler/robot.html)"
189.224.42.224 - - [22/Jul/2009:18:45:00 +0200] "GET /logs/ HTTP/1.1" 200 11511 "-" "Mozilla 4/0"
189.224.42.224 - - [22/Jul/2009:18:45:01 +0200] "GET /logs/ HTTP/1.1" 200 11511 "http://www.various-euro.com/logs/" "Mozilla 4/0"
189.224.42.224 - - [22/Jul/2009:18:45:04 +0200] "GET /logs/ HTTP/1.1" 200 11511 "http://www.various-euro.com/logs/" "Mozilla 4/0"
189.224.42.224 - - [22/Jul/2009:18:45:05 +0200] "GET /logs/ HTTP/1.1" 200 11511 "http://www.various-euro.com/logs/" "Mozilla 4/0"
189.224.42.224 - - [22/Jul/2009:18:45:06 +0200] "GET /logs/ HTTP/1.1" 200 11511 "http://www.various-euro.com/logs/" "Mozilla 4/0"
189.224.42.224 - - [22/Jul/2009:18:45:06 +0200] "GET /logs/ HTTP/1.1" 200 11511 "http://www.various-euro.com/logs/" "Mozilla 4/0"
65.55.51.70 - - [22/Jul/2009:19:00:18 +0200] "GET /robots.txt HTTP/1.1" 200 64 "-" "msnbot/2.0b (+http://search.msn.com/msnbot.htm)"
208.80.195.44 - - [22/Jul/2009:19:00:46 +0200] "GET / HTTP/1.0" 200 7869 "-" "Mozilla/4.0 (compatible; MSIE 6.0; Windows NT 5.1; SV1; MSN 8.0; MSN 8.5; MSNbMSNI; MSNmen-us; MSNcIA)"
208.80.195.44 - - [22/Jul/2009:19:00:46 +0200] "GET / HTTP/1.0" 200 7869 "-" "Mozilla/4.0 (compatible; MSIE 7.0; Windows NT 5.1; CursorZone Grip Toolbar 2.08; .NET CLR 1.1.4322; .NET CLR 2.0.50727)"
72.14.199.8 - - [22/Jul/2009:19:17:40 +0200] "GET / HTTP/1.1" 302 353 "-" "Feedfetcher-Google; (+http://www.google.com/feedfetcher.html; 1 subscribers; feed-id=5454548576667470243)"
72.14.199.85 - - [22/Jul/2009:19:17:41 +0200] "GET /zampa/ HTTP/1.1" 200 7153 "-" "Feedfetcher-Google; (+http://www.google.com/feedfetcher.html; 1 subscribers; feed-id=5454548576667470243)"
65.55.230.248 - - [22/Jul/2009:19:55:45 +0200] "GET /robots.txt HTTP/1.1" 200 64 "-" "Mozilla/4.0"
65.55.230.248 - - [22/Jul/2009:19:55:45 +0200] "GET /framez-zampa-lovers.html HTTP/1.1" 200 4322 "-" "Mozilla/4.0"
66.249.65.204 - - [22/Jul/2009:20:00:26 +0200] "GET /bmpp/euro_pal_11.html HTTP/1.1" 200 1815 "-" "Mozilla/5.0 (compatible; Googlebot/2.1; +http://www.google.com/bot.html)"
65.55.106.165 - - [22/Jul/2009:20:40:02 +0200] "GET /robots.txt HTTP/1.1" 200 64 "-" "msnbot/2.0b (+http://search.msn.com/msnbot.htm)"
81.52.143.37 - - [22/Jul/2009:20:43:25 +0200] "GET /neon/left-one-new.html HTTP/1.1" 200 1483 "-" "Mozilla/5.0 (Windows; U; Windows NT 5.1; fr; rv:1.8.1) VoilaBot BETA 1.2 (support.voilabot@orange-ftgroup.com)"
65.55.106.165 - - [22/Jul/2009:20:48:27 +0200] "GET /net.html HTTP/1.1" 404 2748 "-" "msnbot/2.0b (+http://search.msn.com/msnbot.htm)"
62.195.94.3 - - [22/Jul/2009:20:54:32 +0200] "GET /logs/usage_200704.html HTTP/1.1" 404 2748 "http://www.kantoorruimte-alkmaar.com/kantoor-huren-alkmaar.html" "Mozilla/4.0 (compatible; MSIE 5.5; Windows 98)"
62.195.94.3 - - [22/Jul/2009:20:54:32 +0200] "GET /logs/usage_200704.html HTTP/1.1" 404 2748 "http://www.kantoorruimte-alkmaar.com/kantoor-huren-alkmaar.html" "Mozilla/4.0 (compatible; MSIE 5.5; Windows 98)"
62.195.94.3 - - [22/Jul/2009:20:54:32 +0200] "GET /logs/usage_200704.html HTTP/1.1" 404 2748 "http://www.kantoorruimte-alkmaar.com/kantoor-huren-alkmaar.html" "Mozilla/4.0 (compatible; MSIE 5.5; Windows 98)"
62.195.94.3 - - [22/Jul/2009:20:54:32 +0200] "GET /logs/usage_200704.html HTTP/1.1" 404 2748 "http://www.kantoorruimte-alkmaar.com/kantoor-huren-alkmaar.html" "Mozilla/4.0 (compatible; MSIE 5.5; Windows 98)"
62.195.94.3 - - [22/Jul/2009:20:54:33 +0200] "GET /logs/usage_200704.html HTTP/1.1" 404 2748 "http://www.kantoorruimte-alkmaar.com/kantoor-huren-alkmaar.html" "Mozilla/4.0 (compatible; MSIE 5.5; Windows 98)"
62.195.94.3 - - [22/Jul/2009:20:54:33 +0200] "GET /logs/usage_200704.html HTTP/1.1" 404 2748 "http://www.kantoorruimte-alkmaar.com/kantoor-huren-alkmaar.html" "Mozilla/4.0 (compatible; MSIE 5.5; Windows 98)"
62.195.94.3 - - [22/Jul/2009:20:54:34 +0200] "GET /logs/usage_200704.html HTTP/1.1" 404 2748 "http://www.kantoorruimte-alkmaar.com/kantoor-huren-alkmaar.html" "Mozilla/4.0 (compatible; MSIE 5.5; Windows 98)"
62.195.94.3 - - [22/Jul/2009:20:54:34 +0200] "GET /logs/usage_200704.html HTTP/1.1" 404 2748 "http://www.kantoorruimte-alkmaar.com/kantoor-huren-alkmaar.html" "Mozilla/4.0 (compatible; MSIE 5.5; Windows 98)"
62.195.94.3 - - [22/Jul/2009:20:54:34 +0200] "GET /logs/usage_200704.html HTTP/1.1" 404 2748 "http://www.kantoorruimte-alkmaar.com/kantoor-huren-alkmaar.html" "Mozilla/4.0 (compatible; MSIE 5.5; Windows 98)"
62.195.94.3 - - [22/Jul/2009:20:54:34 +0200] "GET /logs/usage_200704.html HTTP/1.1" 404 2748 "http://www.kantoorruimte-alkmaar.com/kantoor-huren-alkmaar.html" "Mozilla/4.0 (compatible; MSIE 5.5; Windows 98)"
62.195.94.3 - - [22/Jul/2009:20:54:34 +0200] "GET /logs/usage_200704.html HTTP/1.1" 404 2748 "http://www.kantoorruimte-alkmaar.com/kantoor-huren-alkmaar.html" "Mozilla/4.0 (compatible; MSIE 5.5; Windows 98)"
62.195.94.3 - - [22/Jul/2009:20:54:35 +0200] "GET /logs/usage_200704.html HTTP/1.1" 404 2748 "http://www.kantoorruimte-alkmaar.com/kantoor-huren-alkmaar.html" "Mozilla/4.0 (compatible; MSIE 5.5; Windows 98)"
62.195.94.3 - - [22/Jul/2009:20:54:35 +0200] "GET /logs/usage_200704.html HTTP/1.1" 404 2748 "http://www.kantoorruimte-alkmaar.com/kantoor-huren-alkmaar.html" "Mozilla/4.0 (compatible; MSIE 5.5; Windows 98)"
62.195.94.3 - - [22/Jul/2009:20:54:35 +0200] "GET /logs/usage_200704.html HTTP/1.1" 404 2748 "http://www.kantoorruimte-alkmaar.com/kantoor-huren-alkmaar.html" "Mozilla/4.0 (compatible; MSIE 5.5; Windows 98)"
62.195.94.3 - - [22/Jul/2009:20:54:35 +0200] "GET /logs/usage_200704.html HTTP/1.1" 404 2748 "http://www.kantoorruimte-alkmaar.com/kantoor-huren-alkmaar.html" "Mozilla/4.0 (compatible; MSIE 5.5; Windows 98)"
62.195.94.3 - - [22/Jul/2009:20:54:35 +0200] "GET /logs/usage_200704.html HTTP/1.1" 404 2748 "http://www.kantoorruimte-alkmaar.com/kantoor-huren-alkmaar.html" "Mozilla/4.0 (compatible; MSIE 5.5; Windows 98)"
62.195.94.3 - - [22/Jul/2009:20:54:35 +0200] "GET /logs/usage_200704.html HTTP/1.1" 404 2748 "http://www.kantoorruimte-alkmaar.com/kantoor-huren-alkmaar.html" "Mozilla/4.0 (compatible; MSIE 5.5; Windows 98)"
62.195.94.3 - - [22/Jul/2009:20:54:35 +0200] "GET /logs/usage_200704.html HTTP/1.1" 404 2748 "http://www.kantoorruimte-alkmaar.com/kantoor-huren-alkmaar.html" "Mozilla/4.0 (compatible; MSIE 5.5; Windows 98)"
62.195.94.3 - - [22/Jul/2009:20:54:35 +0200] "GET /logs/usage_200704.html HTTP/1.1" 404 2748 "http://www.kantoorruimte-alkmaar.com/kantoor-huren-alkmaar.html" "Mozilla/4.0 (compatible; MSIE 5.5; Windows 98)"
62.195.94.3 - - [22/Jul/2009:20:54:36 +0200] "GET /logs/usage_200704.html HTTP/1.1" 404 2748 "http://www.kantoorruimte-alkmaar.com/kantoor-huren-alkmaar.html" "Mozilla/4.0 (compatible; MSIE 5.5; Windows 98)"
62.195.94.3 - - [22/Jul/2009:20:54:36 +0200] "GET /logs/usage_200704.html HTTP/1.1" 404 2748 "http://www.kantoorruimte-alkmaar.com/kantoor-huren-alkmaar.html" "Mozilla/4.0 (compatible; MSIE 5.5; Windows 98)"
62.195.94.3 - - [22/Jul/2009:20:54:36 +0200] "GET /logs/usage_200704.html HTTP/1.1" 404 2748 "http://www.kantoorruimte-alkmaar.com/kantoor-huren-alkmaar.html" "Mozilla/4.0 (compatible; MSIE 5.5; Windows 98)"
62.195.94.3 - - [22/Jul/2009:20:54:36 +0200] "GET /logs/usage_200704.html HTTP/1.1" 404 2748 "http://www.kantoorruimte-alkmaar.com/kantoor-huren-alkmaar.html" "Mozilla/4.0 (compatible; MSIE 5.5; Windows 98)"
62.195.94.3 - - [22/Jul/2009:20:54:36 +0200] "GET /logs/usage_200704.html HTTP/1.1" 404 2748 "http://www.kantoorruimte-alkmaar.com/kantoor-huren-alkmaar.html" "Mozilla/4.0 (compatible; MSIE 5.5; Windows 98)"
62.195.94.3 - - [22/Jul/2009:20:54:36 +0200] "GET /logs/usage_200704.html HTTP/1.1" 404 2748 "http://www.kantoorruimte-alkmaar.com/kantoor-huren-alkmaar.html" "Mozilla/4.0 (compatible; MSIE 5.5; Windows 98)"
62.195.94.3 - - [22/Jul/2009:20:54:36 +0200] "GET /logs/usage_200704.html HTTP/1.1" 404 2748 "http://www.kantoorruimte-alkmaar.com/kantoor-huren-alkmaar.html" "Mozilla/4.0 (compatible; MSIE 5.5; Windows 98)"
62.195.94.3 - - [22/Jul/2009:20:54:37 +0200] "GET /logs/usage_200704.html HTTP/1.1" 404 2748 "http://www.kantoorruimte-alkmaar.com/kantoor-huren-alkmaar.html" "Mozilla/4.0 (compatible; MSIE 5.5; Windows 98)"
62.195.94.3 - - [22/Jul/2009:20:54:37 +0200] "GET /logs/usage_200704.html HTTP/1.1" 404 2748 "http://www.kantoorruimte-alkmaar.com/kantoor-huren-alkmaar.html" "Mozilla/4.0 (compatible; MSIE 5.5; Windows 98)"
62.195.94.3 - - [22/Jul/2009:20:54:38 +0200] "GET /logs/usage_200704.html HTTP/1.1" 404 2748 "http://www.kantoorruimte-alkmaar.com/kantoor-huren-alkmaar.html" "Mozilla/4.0 (compatible; MSIE 5.5; Windows 98)"
62.195.94.3 - - [22/Jul/2009:20:54:38 +0200] "GET /logs/usage_200704.html HTTP/1.1" 404 2748 "http://www.kantoorruimte-alkmaar.com/kantoor-huren-alkmaar.html" "Mozilla/4.0 (compatible; MSIE 5.5; Windows 98)"
62.195.94.3 - - [22/Jul/2009:20:54:38 +0200] "GET /logs/usage_200704.html HTTP/1.1" 404 2748 "http://www.kantoorruimte-alkmaar.com/kantoor-huren-alkmaar.html" "Mozilla/4.0 (compatible; MSIE 5.5; Windows 98)"
62.195.94.3 - - [22/Jul/2009:20:54:38 +0200] "GET /logs/usage_200704.html HTTP/1.1" 404 2748 "http://www.kantoorruimte-alkmaar.com/kantoor-huren-alkmaar.html" "Mozilla/4.0 (compatible; MSIE 5.5; Windows 98)"
62.195.94.3 - - [22/Jul/2009:20:54:38 +0200] "GET /logs/usage_200704.html HTTP/1.1" 404 2748 "http://www.kantoorruimte-alkmaar.com/kantoor-huren-alkmaar.html" "Mozilla/4.0 (compatible; MSIE 5.5; Windows 98)"
62.195.94.3 - - [22/Jul/2009:20:54:39 +0200] "GET /logs/usage_200704.html HTTP/1.1" 404 2748 "http://www.kantoorruimte-alkmaar.com/kantoor-huren-alkmaar.html" "Mozilla/4.0 (compatible; MSIE 5.5; Windows 98)"
62.195.94.3 - - [22/Jul/2009:20:54:39 +0200] "GET /logs/usage_200704.html HTTP/1.1" 404 2748 "http://www.kantoorruimte-alkmaar.com/kantoor-huren-alkmaar.html" "Mozilla/4.0 (compatible; MSIE 5.5; Windows 98)"
62.195.94.3 - - [22/Jul/2009:20:54:39 +0200] "GET /logs/usage_200704.html HTTP/1.1" 404 2748 "http://www.kantoorruimte-alkmaar.com/kantoor-huren-alkmaar.html" "Mozilla/4.0 (compatible; MSIE 5.5; Windows 98)"
62.195.94.3 - - [22/Jul/2009:20:54:40 +0200] "GET /logs/usage_200704.html HTTP/1.1" 404 2748 "http://www.kantoorruimte-alkmaar.com/kantoor-huren-alkmaar.html" "Mozilla/4.0 (compatible; MSIE 5.5; Windows 98)"
62.195.94.3 - - [22/Jul/2009:20:54:41 +0200] "GET /logs/usage_200704.html HTTP/1.1" 404 2748 "http://www.kantoorruimte-alkmaar.com/kantoor-huren-alkmaar.html" "Mozilla/4.0 (compatible; MSIE 5.5; Windows 98)"
62.195.94.3 - - [22/Jul/2009:20:54:42 +0200] "GET /logs/usage_200704.html HTTP/1.1" 404 2748 "http://www.kantoorruimte-alkmaar.com/kantoor-huren-alkmaar.html" "Mozilla/4.0 (compatible; MSIE 5.5; Windows 98)"
62.195.94.3 - - [22/Jul/2009:20:54:42 +0200] "GET /logs/usage_200704.html HTTP/1.1" 404 2748 "http://www.kantoorruimte-alkmaar.com/kantoor-huren-alkmaar.html" "Mozilla/4.0 (compatible; MSIE 5.5; Windows 98)"
62.195.94.3 - - [22/Jul/2009:20:54:42 +0200] "GET /logs/usage_200704.html HTTP/1.1" 404 2748 "http://www.kantoorruimte-alkmaar.com/kantoor-huren-alkmaar.html" "Mozilla/4.0 (compatible; MSIE 5.5; Windows 98)"
62.195.94.3 - - [22/Jul/2009:20:54:42 +0200] "GET /logs/usage_200704.html HTTP/1.1" 404 2748 "http://www.kantoorruimte-alkmaar.com/kantoor-huren-alkmaar.html" "Mozilla/4.0 (compatible; MSIE 5.5; Windows 98)"
62.195.94.3 - - [22/Jul/2009:20:54:42 +0200] "GET /logs/usage_200704.html HTTP/1.1" 404 2748 "http://www.kantoorruimte-alkmaar.com/kantoor-huren-alkmaar.html" "Mozilla/4.0 (compatible; MSIE 5.5; Windows 98)"
62.195.94.3 - - [22/Jul/2009:20:54:42 +0200] "GET /logs/usage_200704.html HTTP/1.1" 404 2748 "http://www.kantoorruimte-alkmaar.com/kantoor-huren-alkmaar.html" "Mozilla/4.0 (compatible; MSIE 5.5; Windows 98)"
62.195.94.3 - - [22/Jul/2009:20:54:42 +0200] "GET /logs/usage_200704.html HTTP/1.1" 404 2748 "http://www.kantoorruimte-alkmaar.com/kantoor-huren-alkmaar.html" "Mozilla/4.0 (compatible; MSIE 5.5; Windows 98)"
62.195.94.3 - - [22/Jul/2009:20:54:42 +0200] "GET /logs/usage_200704.html HTTP/1.1" 404 2748 "http://www.kantoorruimte-alkmaar.com/kantoor-huren-alkmaar.html" "Mozilla/4.0 (compatible; MSIE 5.5; Windows 98)"
212.69.4.62 - - [22/Jul/2009:21:40:36 +0200] "GET / HTTP/1.1" 200 7869 "http://www.modukit.com/" "Mozilla/5.0 (Macintosh; U; Intel Mac OS X 10_5_7; en-us) AppleWebKit/525.28.3 (KHTML, like Gecko) Version/3.2.3 Safari/525.28.3"
212.69.4.62 - - [22/Jul/2009:21:40:36 +0200] "GET /framez_0.html HTTP/1.1" 200 12285 "http://www.various-euro.com/" "Mozilla/5.0 (Macintosh; U; Intel Mac OS X 10_5_7; en-us) AppleWebKit/525.28.3 (KHTML, like Gecko) Version/3.2.3 Safari/525.28.3"
212.69.4.62 - - [22/Jul/2009:21:40:36 +0200] "GET /ve-icon-2.ico HTTP/1.1" 200 2238 "http://www.various-euro.com/framez_0.html" "Mozilla/5.0 (Macintosh; U; Intel Mac OS X 10_5_7; en-us) AppleWebKit/525.28.3 (KHTML, like Gecko) Version/3.2.3 Safari/525.28.3"
212.69.4.62 - - [22/Jul/2009:21:40:38 +0200] "GET /framez.html HTTP/1.1" 200 3959 "http://www.various-euro.com/framez_0.html" "Mozilla/5.0 (Macintosh; U; Intel Mac OS X 10_5_7; en-us) AppleWebKit/525.28.3 (KHTML, like Gecko) Version/3.2.3 Safari/525.28.3"
212.69.4.62 - - [22/Jul/2009:21:40:38 +0200] "GET /style/various-euro.css HTTP/1.1" 200 3437 "http://www.various-euro.com/framez.html" "Mozilla/5.0 (Macintosh; U; Intel Mac OS X 10_5_7; en-us) AppleWebKit/525.28.3 (KHTML, like Gecko) Version/3.2.3 Safari/525.28.3"
212.69.4.62 - - [22/Jul/2009:21:40:38 +0200] "GET /frame-inhalt.html HTTP/1.1" 200 7688 "http://www.various-euro.com/framez.html" "Mozilla/5.0 (Macintosh; U; Intel Mac OS X 10_5_7; en-us) AppleWebKit/525.28.3 (KHTML, like Gecko) Version/3.2.3 Safari/525.28.3"
212.69.4.62 - - [22/Jul/2009:21:40:38 +0200] "GET /frame-unten.html HTTP/1.1" 200 5308 "http://www.various-euro.com/framez.html" "Mozilla/5.0 (Macintosh; U; Intel Mac OS X 10_5_7; en-us) AppleWebKit/525.28.3 (KHTML, like Gecko) Version/3.2.3 Safari/525.28.3"
212.69.4.62 - - [22/Jul/2009:21:40:38 +0200] "GET /frame-menu.html HTTP/1.1" 200 10500 "http://www.various-euro.com/framez.html" "Mozilla/5.0 (Macintosh; U; Intel Mac OS X 10_5_7; en-us) AppleWebKit/525.28.3 (KHTML, like Gecko) Version/3.2.3 Safari/525.28.3"
212.69.4.62 - - [22/Jul/2009:21:40:39 +0200] "GET /bannerz/neon_click_1.gif HTTP/1.1" 200 890 "http://www.various-euro.com/frame-inhalt.html" "Mozilla/5.0 (Macintosh; U; Intel Mac OS X 10_5_7; en-us) AppleWebKit/525.28.3 (KHTML, like Gecko) Version/3.2.3 Safari/525.28.3"
212.69.4.62 - - [22/Jul/2009:21:40:39 +0200] "GET /bannerz/anti_black_small.gif HTTP/1.1" 200 1009 "http://www.various-euro.com/frame-inhalt.html" "Mozilla/5.0 (Macintosh; U; Intel Mac OS X 10_5_7; en-us) AppleWebKit/525.28.3 (KHTML, like Gecko) Version/3.2.3 Safari/525.28.3"
212.69.4.62 - - [22/Jul/2009:21:40:39 +0200] "GET /bannerz/copyleft_black_small.gif HTTP/1.1" 200 1231 "http://www.various-euro.com/frame-inhalt.html" "Mozilla/5.0 (Macintosh; U; Intel Mac OS X 10_5_7; en-us) AppleWebKit/525.28.3 (KHTML, like Gecko) Version/3.2.3 Safari/525.28.3"
212.69.4.62 - - [22/Jul/2009:21:40:39 +0200] "GET /bannerz/neon_click_2.gif HTTP/1.1" 200 387 "http://www.various-euro.com/frame-inhalt.html" "Mozilla/5.0 (Macintosh; U; Intel Mac OS X 10_5_7; en-us) AppleWebKit/525.28.3 (KHTML, like Gecko) Version/3.2.3 Safari/525.28.3"
212.69.4.62 - - [22/Jul/2009:21:40:39 +0200] "GET /bannerz/google/Logo_40blk.gif HTTP/1.1" 200 2308 "http://www.various-euro.com/frame-inhalt.html" "Mozilla/5.0 (Macintosh; U; Intel Mac OS X 10_5_7; en-us) AppleWebKit/525.28.3 (KHTML, like Gecko) Version/3.2.3 Safari/525.28.3"
212.69.4.62 - - [22/Jul/2009:21:40:39 +0200] "GET /bannerz/wet.gif HTTP/1.1" 200 18561 "http://www.various-euro.com/frame-inhalt.html" "Mozilla/5.0 (Macintosh; U; Intel Mac OS X 10_5_7; en-us) AppleWebKit/525.28.3 (KHTML, like Gecko) Version/3.2.3 Safari/525.28.3"
212.69.4.62 - - [22/Jul/2009:21:40:40 +0200] "GET /bannerz/neon_click_3.gif HTTP/1.1" 200 240 "http://www.various-euro.com/frame-inhalt.html" "Mozilla/5.0 (Macintosh; U; Intel Mac OS X 10_5_7; en-us) AppleWebKit/525.28.3 (KHTML, like Gecko) Version/3.2.3 Safari/525.28.3"
212.69.4.62 - - [22/Jul/2009:21:40:38 +0200] "GET /bannerz/ve.jpg HTTP/1.1" 200 36912 "http://www.various-euro.com/frame-unten.html" "Mozilla/5.0 (Macintosh; U; Intel Mac OS X 10_5_7; en-us) AppleWebKit/525.28.3 (KHTML, like Gecko) Version/3.2.3 Safari/525.28.3"
212.69.4.62 - - [22/Jul/2009:21:40:40 +0200] "GET /bannerz/various-euro-girl.jpg HTTP/1.1" 200 91514 "http://www.various-euro.com/frame-unten.html" "Mozilla/5.0 (Macintosh; U; Intel Mac OS X 10_5_7; en-us) AppleWebKit/525.28.3 (KHTML, like Gecko) Version/3.2.3 Safari/525.28.3"
212.69.4.62 - - [22/Jul/2009:21:40:41 +0200] "GET /eurosign3.gif HTTP/1.1" 200 7879 "http://www.various-euro.com/frame-inhalt.html" "Mozilla/5.0 (Macintosh; U; Intel Mac OS X 10_5_7; en-us) AppleWebKit/525.28.3 (KHTML, like Gecko) Version/3.2.3 Safari/525.28.3"
212.69.4.62 - - [22/Jul/2009:21:40:41 +0200] "GET /bannerz/douwil.gif HTTP/1.1" 200 528 "http://www.various-euro.com/frame-inhalt.html" "Mozilla/5.0 (Macintosh; U; Intel Mac OS X 10_5_7; en-us) AppleWebKit/525.28.3 (KHTML, like Gecko) Version/3.2.3 Safari/525.28.3"
212.69.4.62 - - [22/Jul/2009:21:41:08 +0200] "GET / HTTP/1.1" 302 353 "http://www.various-euro.com/frame-menu.html" "Mozilla/5.0 (Macintosh; U; Intel Mac OS X 10_5_7; en-us) AppleWebKit/525.28.3 (KHTML, like Gecko) Version/3.2.3 Safari/525.28.3"
212.69.4.62 - - [22/Jul/2009:21:41:08 +0200] "GET /zampa/ HTTP/1.1" 200 7153 "http://www.various-euro.com/frame-menu.html" "Mozilla/5.0 (Macintosh; U; Intel Mac OS X 10_5_7; en-us) AppleWebKit/525.28.3 (KHTML, like Gecko) Version/3.2.3 Safari/525.28.3"
212.69.4.62 - - [22/Jul/2009:21:41:08 +0200] "GET /zampa/slike/zampa.gif HTTP/1.1" 200 5310 "http://www.various-euro.com/zampa/" "Mozilla/5.0 (Macintosh; U; Intel Mac OS X 10_5_7; en-us) AppleWebKit/525.28.3 (KHTML, like Gecko) Version/3.2.3 Safari/525.28.3"
212.69.4.62 - - [22/Jul/2009:21:41:08 +0200] "GET /zampa/slike/udupetu.gif HTTP/1.1" 200 4138 "http://www.various-euro.com/zampa/" "Mozilla/5.0 (Macintosh; U; Intel Mac OS X 10_5_7; en-us) AppleWebKit/525.28.3 (KHTML, like Gecko) Version/3.2.3 Safari/525.28.3"
212.69.4.62 - - [22/Jul/2009:21:41:09 +0200] "GET /zampa/slike/inthearse.gif HTTP/1.1" 200 4077 "http://www.various-euro.com/zampa/" "Mozilla/5.0 (Macintosh; U; Intel Mac OS X 10_5_7; en-us) AppleWebKit/525.28.3 (KHTML, like Gecko) Version/3.2.3 Safari/525.28.3"
212.69.4.62 - - [22/Jul/2009:21:43:17 +0200] "GET /zampa/slike/E7MEDIAA.GIF HTTP/1.1" 200 44716 "http://www.various-euro.com/zampa/" "Mozilla/5.0 (Macintosh; U; Intel Mac OS X 10_5_7; en-us) AppleWebKit/525.28.3 (KHTML, like Gecko) Version/3.2.3 Safari/525.28.3"
212.69.4.62 - - [22/Jul/2009:21:43:18 +0200] "GET /favicon.ico HTTP/1.1" 404 2748 "http://www.various-euro.com/zampa/slike/E7MEDIAA.GIF" "Mozilla/5.0 (Macintosh; U; Intel Mac OS X 10_5_7; en-us) AppleWebKit/525.28.3 (KHTML, like Gecko) Version/3.2.3 Safari/525.28.3"
212.69.4.62 - - [22/Jul/2009:21:44:09 +0200] "GET /zampa/slike/E4IRWIN.GIF HTTP/1.1" 200 53174 "http://www.various-euro.com/zampa/" "Mozilla/5.0 (Macintosh; U; Intel Mac OS X 10_5_7; en-us) AppleWebKit/525.28.3 (KHTML, like Gecko) Version/3.2.3 Safari/525.28.3"
212.69.4.62 - - [22/Jul/2009:21:45:15 +0200] "GET /zampa/slike/E1TITEL.GIF HTTP/1.1" 200 16284 "http://www.various-euro.com/zampa/" "Mozilla/5.0 (Macintosh; U; Intel Mac OS X 10_5_7; en-us) AppleWebKit/525.28.3 (KHTML, like Gecko) Version/3.2.3 Safari/525.28.3"
212.69.4.62 - - [22/Jul/2009:21:45:27 +0200] "GET /zampa/slike/E3VAMPIR.GIF HTTP/1.1" 200 52553 "http://www.various-euro.com/zampa/" "Mozilla/5.0 (Macintosh; U; Intel Mac OS X 10_5_7; en-us) AppleWebKit/525.28.3 (KHTML, like Gecko) Version/3.2.3 Safari/525.28.3"
212.69.4.62 - - [22/Jul/2009:21:47:14 +0200] "GET /zampa/slike/E8CURATO.GIF HTTP/1.1" 200 15386 "http://www.various-euro.com/zampa/" "Mozilla/5.0 (Macintosh; U; Intel Mac OS X 10_5_7; en-us) AppleWebKit/525.28.3 (KHTML, like Gecko) Version/3.2.3 Safari/525.28.3"
65.55.106.166 - - [22/Jul/2009:21:47:36 +0200] "GET /robots.txt HTTP/1.1" 200 64 "-" "msnbot/2.0b (+http://search.msn.com/msnbot.htm)"
212.69.4.62 - - [22/Jul/2009:21:48:58 +0200] "GET /zampa/slike/E2COPY.GIF HTTP/1.1" 200 10416 "http://www.various-euro.com/zampa/" "Mozilla/5.0 (Macintosh; U; Intel Mac OS X 10_5_7; en-us) AppleWebKit/525.28.3 (KHTML, like Gecko) Version/3.2.3 Safari/525.28.3"
212.69.4.62 - - [22/Jul/2009:21:50:24 +0200] "GET /zampa/slike/E6BIENNI.GIF HTTP/1.1" 200 33736 "http://www.various-euro.com/zampa/" "Mozilla/5.0 (Macintosh; U; Intel Mac OS X 10_5_7; en-us) AppleWebKit/525.28.3 (KHTML, like Gecko) Version/3.2.3 Safari/525.28.3"
212.69.4.62 - - [22/Jul/2009:21:51:24 +0200] "GET /zampa/slike/E5UROSTO.GIF HTTP/1.1" 200 42690 "http://www.various-euro.com/zampa/" "Mozilla/5.0 (Macintosh; U; Intel Mac OS X 10_5_7; en-us) AppleWebKit/525.28.3 (KHTML, like Gecko) Version/3.2.3 Safari/525.28.3"
65.55.106.166 - - [22/Jul/2009:21:54:04 +0200] "GET /frame-inhalt.html HTTP/1.1" 200 7688 "-" "msnbot/2.0b (+http://search.msn.com/msnbot.htm)"
65.55.106.159 - - [22/Jul/2009:22:03:01 +0200] "GET /robots.txt HTTP/1.1" 302 363 "-" "msnbot/2.0b (+http://search.msn.com/msnbot.htm)"
65.55.106.159 - - [22/Jul/2009:22:03:01 +0200] "GET /zampa/robots.txt HTTP/1.1" 404 2748 "-" "msnbot/2.0b (+http://search.msn.com/msnbot.htm)"
66.249.65.204 - - [22/Jul/2009:22:05:02 +0200] "GET /zampa/montenegro/ZMAJW.html HTTP/1.1" 200 860 "-" "Mozilla/5.0 (compatible; Googlebot/2.1; +http://www.google.com/bot.html)"
81.52.143.30 - - [22/Jul/2009:22:12:37 +0200] "GET /bmpp/euro_pal_1.html HTTP/1.1" 200 18252 "-" "Mozilla/5.0 (Windows; U; Windows NT 5.1; fr; rv:1.8.1) VoilaBot BETA 1.2 (support.voilabot@orange-ftgroup.com)"
72.14.199.8 - - [22/Jul/2009:22:17:49 +0200] "GET / HTTP/1.1" 302 353 "-" "Feedfetcher-Google; (+http://www.google.com/feedfetcher.html; 1 subscribers; feed-id=5454548576667470243)"
65.55.211.167 - - [22/Jul/2009:22:17:51 +0200] "GET /robots.txt HTTP/1.1" 200 64 "-" "msnbot/1.1 (+http://search.msn.com/msnbot.htm)"
65.55.211.167 - - [22/Jul/2009:22:17:51 +0200] "GET /logs/usage_200905.html HTTP/1.1" 200 161148 "-" "msnbot/1.1 (+http://search.msn.com/msnbot.htm)"
66.249.65.204 - - [22/Jul/2009:22:22:09 +0200] "GET /neon/sushi.html HTTP/1.1" 200 687 "-" "Mozilla/5.0 (compatible; Googlebot/2.1; +http://www.google.com/bot.html)"
72.14.199.85 - - [22/Jul/2009:23:05:10 +0200] "GET /zampa/ HTTP/1.1" 200 7153 "-" "Feedfetcher-Google; (+http://www.google.com/feedfetcher.html; 1 subscribers; feed-id=5454548576667470243)"
65.55.51.111 - - [22/Jul/2009:23:12:22 +0200] "GET /robots.txt HTTP/1.1" 200 64 "-" "msnbot/2.0b (+http://search.msn.com/msnbot.htm)"
38.108.180.12 - - [22/Jul/2009:23:32:40 +0200] "GET /robots.txt HTTP/1.1" 200 64 "-" "Mozilla/5.0 (compatible; ScoutJet; +http://www.scoutjet.com/)"
38.108.180.12 - - [22/Jul/2009:23:32:54 +0200] "GET /framez-rez.html HTTP/1.1" 200 4323 "-" "Mozilla/5.0 (compatible; ScoutJet; +http://www.scoutjet.com/)"
65.55.106.220 - - [22/Jul/2009:23:40:53 +0200] "GET /robots.txt HTTP/1.1" 200 64 "-" "msnbot/2.0b (+http://search.msn.com/msnbot.htm)"
66.249.65.204 - - [23/Jul/2009:00:02:29 +0200] "GET /framez-girlz.html HTTP/1.1" 200 4271 "-" "Mozilla/5.0 (compatible; Googlebot/2.1; +http://www.google.com/bot.html)"
72.30.79.118 - - [23/Jul/2009:00:12:31 +0200] "GET /robots.txt HTTP/1.0" 200 64 "-" "Mozilla/5.0 (compatible; Yahoo! Slurp; http://help.yahoo.com/help/us/ysearch/slurp)"
72.30.79.118 - - [23/Jul/2009:00:12:32 +0200] "GET / HTTP/1.0" 200 7869 "-" "Mozilla/5.0 (compatible; Yahoo! Slurp/3.0; http://help.yahoo.com/help/us/ysearch/slurp)"
72.30.79.118 - - [23/Jul/2009:00:12:33 +0200] "GET /style/various-euro.css HTTP/1.0" 304 - "http://www.various-euro.com/" "Mozilla/5.0 (compatible; Yahoo! Slurp/3.0; http://help.yahoo.com/help/us/ysearch/slurp)"
65.55.51.114 - - [23/Jul/2009:00:22:53 +0200] "GET /robots.txt HTTP/1.1" 200 64 "-" "msnbot/2.0b (+http://search.msn.com/msnbot.htm)"
87.159.203.212 - - [23/Jul/2009:00:30:19 +0200] "GET /framez.html HTTP/1.1" 206 3959 "-" "Mozilla/5.0 (Windows; U; Windows NT 5.0; de-DE; rv:1.6) Gecko/20040206 Firefox/1.0.1"
82.237.212.168 - - [23/Jul/2009:00:57:58 +0200] "GET http://various-euro.com/image.php?url=../../../../../../../../../../etc/passwd HTTP/1.0" 404 2748 "http://various-euro.com/image.php?url=../../../../../../../../../../etc/passwd" "Mozilla/4.0 (compatible; MSIE 6.0; Windows NT 5.1)"
81.52.143.35 - - [23/Jul/2009:00:58:52 +0200] "GET /bmpp/18asi_2.html HTTP/1.1" 200 8674 "-" "Mozilla/5.0 (Windows; U; Windows NT 5.1; fr; rv:1.8.1) VoilaBot BETA 1.2 (support.voilabot@orange-ftgroup.com)"
193.252.149.14 - - [23/Jul/2009:00:59:29 +0200] "GET /robots.txt HTTP/1.1" 200 64 "-" "Mozilla/5.0 (Windows; U; Windows NT 5.1; fr; rv:1.8.1) VoilaBot BETA 1.2 (support.voilabot@orange-ftgroup.com)"
193.252.149.14 - - [23/Jul/2009:00:59:36 +0200] "GET /neon/channel.html HTTP/1.1" 200 1942 "-" "Mozilla/5.0 (Windows; U; Windows NT 5.1; fr; rv:1.8.1) VoilaBot BETA 1.2 (support.voilabot@orange-ftgroup.com)"
193.252.149.15 - - [23/Jul/2009:01:01:34 +0200] "GET /neon/large.html HTTP/1.1" 200 1547 "-" "Mozilla/5.0 (Windows; U; Windows NT 5.1; fr; rv:1.8.1) VoilaBot BETA 1.2 (support.voilabot@orange-ftgroup.com)"
66.249.65.204 - - [23/Jul/2009:01:08:01 +0200] "GET /zampa/montenegro/TESLAW.html HTTP/1.1" 200 861 "-" "Mozilla/5.0 (compatible; Googlebot/2.1; +http://www.google.com/bot.html)"
88.103.1.171 - - [23/Jul/2009:01:09:52 +0200] "GET /zampa/slike/S1TITEL.GIF HTTP/1.1" 200 15244 "http://www.various-euro.com/zampa/" "Mozilla/5.0 (Windows; U; Windows NT 5.1; en-GB; rv:1.9.0.11) Gecko/2009060215 Firefox/3.0.11"
88.103.1.171 - - [23/Jul/2009:01:10:06 +0200] "GET /zampa/slike/S2COPY.GIF HTTP/1.1" 200 12771 "http://www.various-euro.com/zampa/" "Mozilla/5.0 (Windows; U; Windows NT 5.1; en-GB; rv:1.9.0.11) Gecko/2009060215 Firefox/3.0.11"
88.103.1.171 - - [23/Jul/2009:01:10:22 +0200] "GET /zampa/slike/S3VAMPIR.GIF HTTP/1.1" 200 55504 "http://www.various-euro.com/zampa/" "Mozilla/5.0 (Windows; U; Windows NT 5.1; en-GB; rv:1.9.0.11) Gecko/2009060215 Firefox/3.0.11"
88.103.1.171 - - [23/Jul/2009:01:10:31 +0200] "GET /zampa/slike/S4IRWIN.GIF HTTP/1.1" 200 54718 "http://www.various-euro.com/zampa/" "Mozilla/5.0 (Windows; U; Windows NT 5.1; en-GB; rv:1.9.0.11) Gecko/2009060215 Firefox/3.0.11"
77.46.171.186 - - [23/Jul/2009:01:11:47 +0200] "GET / HTTP/1.1" 302 353 "http://www.google.com/search?q=zampa+di+leone&ie=utf-8&oe=utf-8&aq=t&rls=org.mozilla:en-US:official&client=firefox-a" "Mozilla/5.0 (Windows; U; Windows NT 5.1; en-US; rv:1.9.0.12) Gecko/2009070611 Firefox/3.0.12"
77.46.171.186 - - [23/Jul/2009:01:11:47 +0200] "GET /zampa/ HTTP/1.1" 200 7153 "http://www.google.com/search?q=zampa+di+leone&ie=utf-8&oe=utf-8&aq=t&rls=org.mozilla:en-US:official&client=firefox-a" "Mozilla/5.0 (Windows; U; Windows NT 5.1; en-US; rv:1.9.0.12) Gecko/2009070611 Firefox/3.0.12"
66.235.124.4 - - [23/Jul/2009:01:27:40 +0200] "GET /robots.txt HTTP/1.1" 200 64 "-" "Mozilla/5.0 (compatible; Ask Jeeves/Teoma; +http://about.ask.com/en/docs/about/webmasters.shtml)"
66.235.124.4 - - [23/Jul/2009:01:27:55 +0200] "GET / HTTP/1.1" 200 7869 "-" "Mozilla/5.0 (compatible; Ask Jeeves/Teoma; +http://about.ask.com/en/docs/about/webmasters.shtml)"
66.235.124.61 - - [23/Jul/2009:01:27:56 +0200] "GET /framez_0.html HTTP/1.1" 200 12285 "-" "Mozilla/5.0 (compatible; Ask Jeeves/Teoma; +http://about.ask.com/en/docs/about/webmasters.shtml)"
74.86.223.42 - - [23/Jul/2009:01:28:47 +0200] "GET / HTTP/1.1" 206 7869 "http://www.followsite.com/bot.html" "FollowSite Bot ( http://www.followsite.com/bot.html )"
65.55.106.240 - - [23/Jul/2009:01:35:59 +0200] "GET /DgH/orginal/index.html HTTP/1.1" 200 1727 "-" "msnbot/2.0b (+http://search.msn.com/msnbot.htm)"
65.55.106.110 - - [23/Jul/2009:01:39:56 +0200] "GET /neon/warning.html HTTP/1.1" 200 5134 "-" "msnbot/2.0b (+http://search.msn.com/msnbot.htm)"
81.52.143.37 - - [23/Jul/2009:02:01:40 +0200] "GET /warez.html HTTP/1.1" 200 9754 "-" "Mozilla/5.0 (Windows; U; Windows NT 5.1; fr; rv:1.8.1) VoilaBot BETA 1.2 (support.voilabot@orange-ftgroup.com)"
65.55.107.181 - - [23/Jul/2009:02:40:25 +0200] "GET /rss/ve-rss.php HTTP/1.1" 200 17082 "-" "msnbot/2.0b (+http://search.msn.com/msnbot.htm)"
72.14.199.8 - - [23/Jul/2009:03:24:31 +0200] "GET / HTTP/1.1" 302 353 "-" "Feedfetcher-Google; (+http://www.google.com/feedfetcher.html; 1 subscribers; feed-id=5454548576667470243)"
66.249.65.204 - - [23/Jul/2009:03:52:49 +0200] "GET /robots.txt HTTP/1.1" 200 64 "-" "Mozilla/5.0 (compatible; Googlebot/2.1; +http://www.google.com/bot.html)"
66.249.65.204 - - [23/Jul/2009:03:52:50 +0200] "GET /neon/warning2.html HTTP/1.1" 200 997 "-" "Mozilla/5.0 (compatible; Googlebot/2.1; +http://www.google.com/bot.html)"
72.14.199.85 - - [23/Jul/2009:04:18:10 +0200] "GET /zampa/ HTTP/1.1" 200 7153 "-" "Feedfetcher-Google; (+http://www.google.com/feedfetcher.html; 1 subscribers; feed-id=5454548576667470243)"
65.55.106.242 - - [23/Jul/2009:04:19:59 +0200] "GET /robots.txt HTTP/1.1" 200 64 "-" "msnbot/2.0b (+http://search.msn.com/msnbot.htm)"
66.249.65.204 - - [23/Jul/2009:04:25:47 +0200] "GET /3dsf3/sendi/utopia.html HTTP/1.1" 200 1295 "-" "Mozilla/5.0 (compatible; Googlebot/2.1; +http://www.google.com/bot.html)"
65.55.51.111 - - [23/Jul/2009:04:32:22 +0200] "GET /robots.txt HTTP/1.1" 200 64 "-" "msnbot/2.0b (+http://search.msn.com/msnbot.htm)"
72.30.79.118 - - [23/Jul/2009:04:38:54 +0200] "GET /sendi_agent.html HTTP/1.0" 200 8791 "-" "Mozilla/5.0 (compatible; Yahoo! Slurp/3.0; http://help.yahoo.com/help/us/ysearch/slurp)"
72.30.79.118 - - [23/Jul/2009:04:38:55 +0200] "GET /3dsf3/sendi/sendisendi.html HTTP/1.0" 200 5118 "http://www.various-euro.com/sendi_agent.html" "Mozilla/5.0 (compatible; Yahoo! Slurp/3.0; http://help.yahoo.com/help/us/ysearch/slurp)"
72.30.79.118 - - [23/Jul/2009:04:38:55 +0200] "GET /3dsf3/sendi/index.html HTTP/1.0" 200 1837 "http://www.various-euro.com/sendi_agent.html" "Mozilla/5.0 (compatible; Yahoo! Slurp/3.0; http://help.yahoo.com/help/us/ysearch/slurp)"
72.30.79.118 - - [23/Jul/2009:04:38:57 +0200] "GET /3dsf3/sendi/formate.css HTTP/1.0" 200 474 "http://www.various-euro.com/3dsf3/sendi/index.html" "Mozilla/5.0 (compatible; Yahoo! Slurp/3.0; http://help.yahoo.com/help/us/ysearch/slurp)"
38.99.13.116 - - [23/Jul/2009:05:06:52 +0200] "GET /robots.txt HTTP/1.0" 302 363 "-" "Mozilla/5.0 (Twiceler-0.9 http://www.cuil.com/twiceler/robot.html)"
66.249.65.204 - - [23/Jul/2009:05:15:14 +0200] "GET /3dsf3/sendi/communication.html HTTP/1.1" 200 1331 "-" "Mozilla/5.0 (compatible; Googlebot/2.1; +http://www.google.com/bot.html)"
72.30.79.118 - - [23/Jul/2009:05:29:41 +0200] "GET /left-one-new.html HTTP/1.0" 404 2748 "-" "Mozilla/5.0 (compatible; Yahoo! Slurp/3.0; http://help.yahoo.com/help/us/ysearch/slurp)"
72.30.79.118 - - [23/Jul/2009:05:36:51 +0200] "GET /f-search.html HTTP/1.0" 200 11800 "-" "Mozilla/5.0 (compatible; Yahoo! Slurp/3.0; http://help.yahoo.com/help/us/ysearch/slurp)"
65.55.106.160 - - [23/Jul/2009:05:38:29 +0200] "GET /restate_copy.html HTTP/1.1" 200 97631 "-" "msnbot/2.0b (+http://search.msn.com/msnbot.htm)"
38.99.44.105 - - [23/Jul/2009:05:46:33 +0200] "GET /zampa/ HTTP/1.0" 200 7153 "-" "Mozilla/5.0 (Twiceler-0.9 http://www.cuil.com/twiceler/robot.html)"
38.99.44.105 - - [23/Jul/2009:05:51:00 +0200] "GET /framez.html HTTP/1.0" 200 3959 "-" "Mozilla/5.0 (Twiceler-0.9 http://www.cuil.com/twiceler/robot.html)"
216.129.119.49 - - [23/Jul/2009:05:55:27 +0200] "GET / HTTP/1.0" 200 7869 "-" "Mozilla/5.0 (Twiceler-0.9 http://www.cuil.com/twiceler/robot.html)"
216.129.119.49 - - [23/Jul/2009:06:10:54 +0200] "GET /robots.txt HTTP/1.0" 200 64 "-" "Mozilla/5.0 (Twiceler-0.9 http://www.cuil.com/twiceler/robot.html)"
66.249.65.204 - - [23/Jul/2009:06:54:08 +0200] "GET /neon/girlz2.html HTTP/1.1" 200 2937 "-" "Mozilla/5.0 (compatible; Googlebot/2.1; +http://www.google.com/bot.html)"
38.99.44.105 - - [23/Jul/2009:07:12:27 +0200] "GET /robots.txt HTTP/1.0" 200 64 "-" "Mozilla/5.0 (Twiceler-0.9 http://www.cuil.com/twiceler/robot.html)"
72.14.199.8 - - [23/Jul/2009:07:19:01 +0200] "GET / HTTP/1.1" 302 353 "-" "Feedfetcher-Google; (+http://www.google.com/feedfetcher.html; 1 subscribers; feed-id=5454548576667470243)"
72.14.199.85 - - [23/Jul/2009:07:19:02 +0200] "GET /zampa/ HTTP/1.1" 200 7153 "-" "Feedfetcher-Google; (+http://www.google.com/feedfetcher.html; 1 subscribers; feed-id=5454548576667470243)"
81.52.143.35 - - [23/Jul/2009:08:21:18 +0200] "GET /f-net.html HTTP/1.1" 200 9913 "-" "Mozilla/5.0 (Windows; U; Windows NT 5.1; fr; rv:1.8.1) VoilaBot BETA 1.2 (support.voilabot@orange-ftgroup.com)"
72.30.79.118 - - [23/Jul/2009:08:43:28 +0200] "GET /neon/euro.html HTTP/1.0" 200 2212 "-" "Mozilla/5.0 (compatible; Yahoo! Slurp/3.0; http://help.yahoo.com/help/us/ysearch/slurp)"
72.30.79.118 - - [23/Jul/2009:09:22:40 +0200] "GET /framez-rez.html HTTP/1.0" 200 4323 "-" "Mozilla/5.0 (compatible; Yahoo! Slurp/3.0; http://help.yahoo.com/help/us/ysearch/slurp)"
72.30.79.118 - - [23/Jul/2009:09:22:48 +0200] "GET /frame-unten.html HTTP/1.0" 200 5308 "http://www.various-euro.com/framez-rez.html" "Mozilla/5.0 (compatible; Yahoo! Slurp/3.0; http://help.yahoo.com/help/us/ysearch/slurp)"
72.30.79.118 - - [23/Jul/2009:09:22:48 +0200] "GET /frame-menu.html HTTP/1.0" 200 10500 "http://www.various-euro.com/framez-rez.html" "Mozilla/5.0 (compatible; Yahoo! Slurp/3.0; http://help.yahoo.com/help/us/ysearch/slurp)"
72.30.79.118 - - [23/Jul/2009:09:22:48 +0200] "GET /f-rez.html HTTP/1.0" 200 9765 "http://www.various-euro.com/framez-rez.html" "Mozilla/5.0 (compatible; Yahoo! Slurp/3.0; http://help.yahoo.com/help/us/ysearch/slurp)"
72.30.79.118 - - [23/Jul/2009:09:22:51 +0200] "GET /style/various-euro.css HTTP/1.0" 304 - "http://www.various-euro.com/frame-menu.html" "Mozilla/5.0 (compatible; Yahoo! Slurp/3.0; http://help.yahoo.com/help/us/ysearch/slurp)"
193.252.149.15 - - [23/Jul/2009:09:26:10 +0200] "GET / HTTP/1.1" 200 7869 "-" "Mozilla/5.0 (Windows; U; Windows NT 5.1; fr; rv:1.8.1) VoilaBot BETA 1.2 (support.voilabot@orange-ftgroup.com)"
72.30.79.118 - - [23/Jul/2009:09:37:36 +0200] "GET /robots.txt HTTP/1.0" 200 64 "-" "Mozilla/5.0 (compatible; Yahoo! Slurp; http://help.yahoo.com/help/us/ysearch/slurp)"
72.30.79.118 - - [23/Jul/2009:09:37:36 +0200] "GET /f-search.html HTTP/1.0" 200 11800 "-" "Mozilla/5.0 (compatible; Yahoo! Slurp/3.0; http://help.yahoo.com/help/us/ysearch/slurp)"
65.55.106.181 - - [23/Jul/2009:09:40:28 +0200] "GET /robots.txt HTTP/1.1" 200 64 "-" "msnbot/2.0b (+http://search.msn.com/msnbot.htm)"
65.55.106.181 - - [23/Jul/2009:09:45:59 +0200] "GET /bmpp/18start.html HTTP/1.1" 200 320 "-" "msnbot/2.0b (+http://search.msn.com/msnbot.htm)"
125.24.141.43 - - [23/Jul/2009:10:02:21 +0200] "GET /logs/ HTTP/1.1" 200 11511 "-" "Mozilla 4/0"
125.24.141.43 - - [23/Jul/2009:10:02:25 +0200] "GET /logs/ HTTP/1.1" 200 11511 "http://www.various-euro.com/logs/" "Mozilla 4/0"
125.24.141.43 - - [23/Jul/2009:10:02:27 +0200] "GET /logs/ HTTP/1.1" 200 11511 "http://www.various-euro.com/logs/" "Mozilla 4/0"
125.24.141.43 - - [23/Jul/2009:10:02:32 +0200] "GET /logs/ HTTP/1.1" 200 11511 "http://www.various-euro.com/logs/" "Mozilla 4/0"
125.24.141.43 - - [23/Jul/2009:10:02:34 +0200] "GET /logs/ HTTP/1.1" 200 11511 "http://www.various-euro.com/logs/" "Mozilla 4/0"
125.24.141.43 - - [23/Jul/2009:10:02:35 +0200] "GET /logs/ HTTP/1.1" 200 11511 "http://www.various-euro.com/logs/" "Mozilla 4/0"
62.195.94.3 - - [23/Jul/2009:10:04:14 +0200] "GET /logs/usage_200704.html HTTP/1.1" 404 2748 "http://www.kantoorruimte-alkmaar.com/kantoor-huren-alkmaar.html" "Mozilla/4.0 (compatible; MSIE 5.5; Windows 98)"
62.195.94.3 - - [23/Jul/2009:10:04:13 +0200] "GET /logs/usage_200704.html HTTP/1.1" 404 2748 "http://www.kantoorruimte-alkmaar.com/kantoor-huren-alkmaar.html" "Mozilla/4.0 (compatible; MSIE 5.5; Windows 98)"
62.195.94.3 - - [23/Jul/2009:10:04:14 +0200] "GET /logs/usage_200704.html HTTP/1.1" 404 2748 "http://www.kantoorruimte-alkmaar.com/kantoor-huren-alkmaar.html" "Mozilla/4.0 (compatible; MSIE 5.5; Windows 98)"
62.195.94.3 - - [23/Jul/2009:10:04:14 +0200] "GET /logs/usage_200704.html HTTP/1.1" 404 2748 "http://www.kantoorruimte-alkmaar.com/kantoor-huren-alkmaar.html" "Mozilla/4.0 (compatible; MSIE 5.5; Windows 98)"
62.195.94.3 - - [23/Jul/2009:10:04:14 +0200] "GET /logs/usage_200704.html HTTP/1.1" 404 2748 "http://www.kantoorruimte-alkmaar.com/kantoor-huren-alkmaar.html" "Mozilla/4.0 (compatible; MSIE 5.5; Windows 98)"
62.195.94.3 - - [23/Jul/2009:10:04:14 +0200] "GET /logs/usage_200704.html HTTP/1.1" 404 2748 "http://www.kantoorruimte-alkmaar.com/kantoor-huren-alkmaar.html" "Mozilla/4.0 (compatible; MSIE 5.5; Windows 98)"
62.195.94.3 - - [23/Jul/2009:10:04:14 +0200] "GET /logs/usage_200704.html HTTP/1.1" 404 2748 "http://www.kantoorruimte-alkmaar.com/kantoor-huren-alkmaar.html" "Mozilla/4.0 (compatible; MSIE 5.5; Windows 98)"
62.195.94.3 - - [23/Jul/2009:10:04:14 +0200] "GET /logs/usage_200704.html HTTP/1.1" 404 2748 "http://www.kantoorruimte-alkmaar.com/kantoor-huren-alkmaar.html" "Mozilla/4.0 (compatible; MSIE 5.5; Windows 98)"
62.195.94.3 - - [23/Jul/2009:10:04:14 +0200] "GET /logs/usage_200704.html HTTP/1.1" 404 2748 "http://www.kantoorruimte-alkmaar.com/kantoor-huren-alkmaar.html" "Mozilla/4.0 (compatible; MSIE 5.5; Windows 98)"
62.195.94.3 - - [23/Jul/2009:10:04:14 +0200] "GET /logs/usage_200704.html HTTP/1.1" 404 2748 "http://www.kantoorruimte-alkmaar.com/kantoor-huren-alkmaar.html" "Mozilla/4.0 (compatible; MSIE 5.5; Windows 98)"
62.195.94.3 - - [23/Jul/2009:10:04:15 +0200] "GET /logs/usage_200704.html HTTP/1.1" 404 2748 "http://www.kantoorruimte-alkmaar.com/kantoor-huren-alkmaar.html" "Mozilla/4.0 (compatible; MSIE 5.5; Windows 98)"
62.195.94.3 - - [23/Jul/2009:10:04:16 +0200] "GET /logs/usage_200704.html HTTP/1.1" 404 2748 "http://www.kantoorruimte-alkmaar.com/kantoor-huren-alkmaar.html" "Mozilla/4.0 (compatible; MSIE 5.5; Windows 98)"
62.195.94.3 - - [23/Jul/2009:10:04:16 +0200] "GET /logs/usage_200704.html HTTP/1.1" 404 2748 "http://www.kantoorruimte-alkmaar.com/kantoor-huren-alkmaar.html" "Mozilla/4.0 (compatible; MSIE 5.5; Windows 98)"
62.195.94.3 - - [23/Jul/2009:10:04:16 +0200] "GET /logs/usage_200704.html HTTP/1.1" 404 2748 "http://www.kantoorruimte-alkmaar.com/kantoor-huren-alkmaar.html" "Mozilla/4.0 (compatible; MSIE 5.5; Windows 98)"
62.195.94.3 - - [23/Jul/2009:10:04:16 +0200] "GET /logs/usage_200704.html HTTP/1.1" 404 2748 "http://www.kantoorruimte-alkmaar.com/kantoor-huren-alkmaar.html" "Mozilla/4.0 (compatible; MSIE 5.5; Windows 98)"
62.195.94.3 - - [23/Jul/2009:10:04:16 +0200] "GET /logs/usage_200704.html HTTP/1.1" 404 2748 "http://www.kantoorruimte-alkmaar.com/kantoor-huren-alkmaar.html" "Mozilla/4.0 (compatible; MSIE 5.5; Windows 98)"
62.195.94.3 - - [23/Jul/2009:10:04:16 +0200] "GET /logs/usage_200704.html HTTP/1.1" 404 2748 "http://www.kantoorruimte-alkmaar.com/kantoor-huren-alkmaar.html" "Mozilla/4.0 (compatible; MSIE 5.5; Windows 98)"
62.195.94.3 - - [23/Jul/2009:10:04:16 +0200] "GET /logs/usage_200704.html HTTP/1.1" 404 2748 "http://www.kantoorruimte-alkmaar.com/kantoor-huren-alkmaar.html" "Mozilla/4.0 (compatible; MSIE 5.5; Windows 98)"
62.195.94.3 - - [23/Jul/2009:10:04:16 +0200] "GET /logs/usage_200704.html HTTP/1.1" 404 2748 "http://www.kantoorruimte-alkmaar.com/kantoor-huren-alkmaar.html" "Mozilla/4.0 (compatible; MSIE 5.5; Windows 98)"
62.195.94.3 - - [23/Jul/2009:10:04:16 +0200] "GET /logs/usage_200704.html HTTP/1.1" 404 2748 "http://www.kantoorruimte-alkmaar.com/kantoor-huren-alkmaar.html" "Mozilla/4.0 (compatible; MSIE 5.5; Windows 98)"
62.195.94.3 - - [23/Jul/2009:10:04:16 +0200] "GET /logs/usage_200704.html HTTP/1.1" 404 2748 "http://www.kantoorruimte-alkmaar.com/kantoor-huren-alkmaar.html" "Mozilla/4.0 (compatible; MSIE 5.5; Windows 98)"
62.195.94.3 - - [23/Jul/2009:10:04:16 +0200] "GET /logs/usage_200704.html HTTP/1.1" 404 2748 "http://www.kantoorruimte-alkmaar.com/kantoor-huren-alkmaar.html" "Mozilla/4.0 (compatible; MSIE 5.5; Windows 98)"
62.195.94.3 - - [23/Jul/2009:10:04:16 +0200] "GET /logs/usage_200704.html HTTP/1.1" 404 2748 "http://www.kantoorruimte-alkmaar.com/kantoor-huren-alkmaar.html" "Mozilla/4.0 (compatible; MSIE 5.5; Windows 98)"
62.195.94.3 - - [23/Jul/2009:10:04:17 +0200] "GET /logs/usage_200704.html HTTP/1.1" 404 2748 "http://www.kantoorruimte-alkmaar.com/kantoor-huren-alkmaar.html" "Mozilla/4.0 (compatible; MSIE 5.5; Windows 98)"
62.195.94.3 - - [23/Jul/2009:10:04:17 +0200] "GET /logs/usage_200704.html HTTP/1.1" 404 2748 "http://www.kantoorruimte-alkmaar.com/kantoor-huren-alkmaar.html" "Mozilla/4.0 (compatible; MSIE 5.5; Windows 98)"
62.195.94.3 - - [23/Jul/2009:10:04:17 +0200] "GET /logs/usage_200704.html HTTP/1.1" 404 2748 "http://www.kantoorruimte-alkmaar.com/kantoor-huren-alkmaar.html" "Mozilla/4.0 (compatible; MSIE 5.5; Windows 98)"
62.195.94.3 - - [23/Jul/2009:10:04:17 +0200] "GET /logs/usage_200704.html HTTP/1.1" 404 2748 "http://www.kantoorruimte-alkmaar.com/kantoor-huren-alkmaar.html" "Mozilla/4.0 (compatible; MSIE 5.5; Windows 98)"
62.195.94.3 - - [23/Jul/2009:10:04:17 +0200] "GET /logs/usage_200704.html HTTP/1.1" 404 2748 "http://www.kantoorruimte-alkmaar.com/kantoor-huren-alkmaar.html" "Mozilla/4.0 (compatible; MSIE 5.5; Windows 98)"
62.195.94.3 - - [23/Jul/2009:10:04:18 +0200] "GET /logs/usage_200704.html HTTP/1.1" 404 2748 "http://www.kantoorruimte-alkmaar.com/kantoor-huren-alkmaar.html" "Mozilla/4.0 (compatible; MSIE 5.5; Windows 98)"
62.195.94.3 - - [23/Jul/2009:10:04:18 +0200] "GET /logs/usage_200704.html HTTP/1.1" 404 2748 "http://www.kantoorruimte-alkmaar.com/kantoor-huren-alkmaar.html" "Mozilla/4.0 (compatible; MSIE 5.5; Windows 98)"
62.195.94.3 - - [23/Jul/2009:10:04:18 +0200] "GET /logs/usage_200704.html HTTP/1.1" 404 2748 "http://www.kantoorruimte-alkmaar.com/kantoor-huren-alkmaar.html" "Mozilla/4.0 (compatible; MSIE 5.5; Windows 98)"
62.195.94.3 - - [23/Jul/2009:10:04:18 +0200] "GET /logs/usage_200704.html HTTP/1.1" 404 2748 "http://www.kantoorruimte-alkmaar.com/kantoor-huren-alkmaar.html" "Mozilla/4.0 (compatible; MSIE 5.5; Windows 98)"
62.195.94.3 - - [23/Jul/2009:10:04:18 +0200] "GET /logs/usage_200704.html HTTP/1.1" 404 2748 "http://www.kantoorruimte-alkmaar.com/kantoor-huren-alkmaar.html" "Mozilla/4.0 (compatible; MSIE 5.5; Windows 98)"
62.195.94.3 - - [23/Jul/2009:10:04:18 +0200] "GET /logs/usage_200704.html HTTP/1.1" 404 2748 "http://www.kantoorruimte-alkmaar.com/kantoor-huren-alkmaar.html" "Mozilla/4.0 (compatible; MSIE 5.5; Windows 98)"
62.195.94.3 - - [23/Jul/2009:10:04:18 +0200] "GET /logs/usage_200704.html HTTP/1.1" 404 2748 "http://www.kantoorruimte-alkmaar.com/kantoor-huren-alkmaar.html" "Mozilla/4.0 (compatible; MSIE 5.5; Windows 98)"
62.195.94.3 - - [23/Jul/2009:10:04:18 +0200] "GET /logs/usage_200704.html HTTP/1.1" 404 2748 "http://www.kantoorruimte-alkmaar.com/kantoor-huren-alkmaar.html" "Mozilla/4.0 (compatible; MSIE 5.5; Windows 98)"
62.195.94.3 - - [23/Jul/2009:10:04:18 +0200] "GET /logs/usage_200704.html HTTP/1.1" 404 2748 "http://www.kantoorruimte-alkmaar.com/kantoor-huren-alkmaar.html" "Mozilla/4.0 (compatible; MSIE 5.5; Windows 98)"
62.195.94.3 - - [23/Jul/2009:10:04:18 +0200] "GET /logs/usage_200704.html HTTP/1.1" 404 2748 "http://www.kantoorruimte-alkmaar.com/kantoor-huren-alkmaar.html" "Mozilla/4.0 (compatible; MSIE 5.5; Windows 98)"
62.195.94.3 - - [23/Jul/2009:10:04:18 +0200] "GET /logs/usage_200704.html HTTP/1.1" 404 2748 "http://www.kantoorruimte-alkmaar.com/kantoor-huren-alkmaar.html" "Mozilla/4.0 (compatible; MSIE 5.5; Windows 98)"
62.195.94.3 - - [23/Jul/2009:10:04:18 +0200] "GET /logs/usage_200704.html HTTP/1.1" 404 2748 "http://www.kantoorruimte-alkmaar.com/kantoor-huren-alkmaar.html" "Mozilla/4.0 (compatible; MSIE 5.5; Windows 98)"
62.195.94.3 - - [23/Jul/2009:10:04:18 +0200] "GET /logs/usage_200704.html HTTP/1.1" 404 2748 "http://www.kantoorruimte-alkmaar.com/kantoor-huren-alkmaar.html" "Mozilla/4.0 (compatible; MSIE 5.5; Windows 98)"
62.195.94.3 - - [23/Jul/2009:10:04:18 +0200] "GET /logs/usage_200704.html HTTP/1.1" 404 2748 "http://www.kantoorruimte-alkmaar.com/kantoor-huren-alkmaar.html" "Mozilla/4.0 (compatible; MSIE 5.5; Windows 98)"
62.195.94.3 - - [23/Jul/2009:10:04:18 +0200] "GET /logs/usage_200704.html HTTP/1.1" 404 2748 "http://www.kantoorruimte-alkmaar.com/kantoor-huren-alkmaar.html" "Mozilla/4.0 (compatible; MSIE 5.5; Windows 98)"
62.195.94.3 - - [23/Jul/2009:10:04:19 +0200] "GET /logs/usage_200704.html HTTP/1.1" 404 2748 "http://www.kantoorruimte-alkmaar.com/kantoor-huren-alkmaar.html" "Mozilla/4.0 (compatible; MSIE 5.5; Windows 98)"
62.195.94.3 - - [23/Jul/2009:10:04:19 +0200] "GET /logs/usage_200704.html HTTP/1.1" 404 2748 "http://www.kantoorruimte-alkmaar.com/kantoor-huren-alkmaar.html" "Mozilla/4.0 (compatible; MSIE 5.5; Windows 98)"
62.195.94.3 - - [23/Jul/2009:10:04:19 +0200] "GET /logs/usage_200704.html HTTP/1.1" 404 2748 "http://www.kantoorruimte-alkmaar.com/kantoor-huren-alkmaar.html" "Mozilla/4.0 (compatible; MSIE 5.5; Windows 98)"
72.30.79.118 - - [23/Jul/2009:10:10:15 +0200] "GET /bmpp/euro_pal_111.html HTTP/1.0" 200 2129 "-" "Mozilla/5.0 (compatible; Yahoo! Slurp/3.0; http://help.yahoo.com/help/us/ysearch/slurp)"
216.129.119.49 - - [23/Jul/2009:10:10:37 +0200] "GET /framez.html HTTP/1.0" 200 3959 "-" "Mozilla/5.0 (Twiceler-0.9 http://www.cuil.com/twiceler/robot.html)"
72.14.199.8 - - [23/Jul/2009:10:19:21 +0200] "GET / HTTP/1.1" 302 353 "-" "Feedfetcher-Google; (+http://www.google.com/feedfetcher.html; 1 subscribers; feed-id=5454548576667470243)"
72.14.199.85 - - [23/Jul/2009:10:19:22 +0200] "GET /zampa/ HTTP/1.1" 200 7153 "-" "Feedfetcher-Google; (+http://www.google.com/feedfetcher.html; 1 subscribers; feed-id=5454548576667470243)"
193.252.149.16 - - [23/Jul/2009:10:24:44 +0200] "GET /frame-inhalt.html HTTP/1.1" 200 7688 "-" "Mozilla/5.0 (Windows; U; Windows NT 5.1; fr; rv:1.8.1) VoilaBot BETA 1.2 (support.voilabot@orange-ftgroup.com)"
213.239.237.21 - - [23/Jul/2009:10:33:37 +0200] "GET /ve-icon-2.ico HTTP/1.0" 200 2238 "-" "-"
72.30.79.118 - - [23/Jul/2009:10:41:50 +0200] "GET /logs/usage_200512.html HTTP/1.0" 404 2748 "-" "Mozilla/5.0 (compatible; Yahoo! Slurp/3.0; http://help.yahoo.com/help/us/ysearch/slurp)"
38.99.44.105 - - [23/Jul/2009:10:48:45 +0200] "GET /frame-unten.html HTTP/1.0" 200 5308 "-" "Mozilla/5.0 (Twiceler-0.9 http://www.cuil.com/twiceler/robot.html)"
125.24.102.216 - - [23/Jul/2009:10:50:06 +0200] "GET /logs/ HTTP/1.1" 200 11511 "-" "Mozilla 4/0"
125.24.102.216 - - [23/Jul/2009:10:50:08 +0200] "GET /logs/ HTTP/1.1" 200 11511 "http://www.various-euro.com/logs/" "Mozilla 4/0"
125.24.102.216 - - [23/Jul/2009:10:50:11 +0200] "GET /logs/ HTTP/1.1" 200 11511 "http://www.various-euro.com/logs/" "Mozilla 4/0"
125.24.102.216 - - [23/Jul/2009:10:50:18 +0200] "GET /logs/ HTTP/1.1" 200 11511 "http://www.various-euro.com/logs/" "Mozilla 4/0"
125.24.102.216 - - [23/Jul/2009:10:50:20 +0200] "GET /logs/ HTTP/1.1" 200 11511 "http://www.various-euro.com/logs/" "Mozilla 4/0"
125.24.102.216 - - [23/Jul/2009:10:50:21 +0200] "GET /logs/ HTTP/1.1" 200 11511 "http://www.various-euro.com/logs/" "Mozilla 4/0"
38.99.44.105 - - [23/Jul/2009:11:02:03 +0200] "GET /frame-inhalt.html HTTP/1.0" 200 7688 "-" "Mozilla/5.0 (Twiceler-0.9 http://www.cuil.com/twiceler/robot.html)"
193.252.149.13 - - [23/Jul/2009:11:11:23 +0200] "GET /framez.html HTTP/1.1" 200 3959 "-" "Mozilla/5.0 (Windows; U; Windows NT 5.1; fr; rv:1.8.1) VoilaBot BETA 1.2 (support.voilabot@orange-ftgroup.com)"
193.252.149.13 - - [23/Jul/2009:11:11:32 +0200] "GET /frame-inhalt.html HTTP/1.1" 200 7688 "-" "Mozilla/5.0 (Windows; U; Windows NT 5.1; fr; rv:1.8.1) VoilaBot BETA 1.2 (support.voilabot@orange-ftgroup.com)"
