212.200.212.2 - - [24/Jul/2009:04:13:35 +0200] "GET /bannerz/douwil.gif HTTP/1.1" 200 528 "http://www.various-euro.com/frame-inhalt.html" "Mozilla/5.0 (Windows; U; Windows NT 5.1; en-GB; rv:1.9.1.1) Gecko/20090715 Firefox/3.5.1"
212.200.212.2 - - [24/Jul/2009:04:13:35 +0200] "GET /bannerz/anti_black_small.gif HTTP/1.1" 200 1009 "http://www.various-euro.com/frame-inhalt.html" "Mozilla/5.0 (Windows; U; Windows NT 5.1; en-GB; rv:1.9.1.1) Gecko/20090715 Firefox/3.5.1"
212.200.212.2 - - [24/Jul/2009:04:13:35 +0200] "GET /bannerz/copyleft_black_small.gif HTTP/1.1" 200 1231 "http://www.various-euro.com/frame-inhalt.html" "Mozilla/5.0 (Windows; U; Windows NT 5.1; en-GB; rv:1.9.1.1) Gecko/20090715 Firefox/3.5.1"
212.200.212.2 - - [24/Jul/2009:04:13:35 +0200] "GET /bannerz/google/Logo_40blk.gif HTTP/1.1" 200 2308 "http://www.various-euro.com/frame-inhalt.html" "Mozilla/5.0 (Windows; U; Windows NT 5.1; en-GB; rv:1.9.1.1) Gecko/20090715 Firefox/3.5.1"
212.200.212.2 - - [24/Jul/2009:04:13:37 +0200] "GET /frame-unten.html HTTP/1.1" 200 5308 "http://www.various-euro.com/framez.html" "Mozilla/5.0 (Windows; U; Windows NT 5.1; en-GB; rv:1.9.1.1) Gecko/20090715 Firefox/3.5.1"
212.200.212.2 - - [24/Jul/2009:04:13:37 +0200] "GET /bannerz/ve.jpg HTTP/1.1" 200 36912 "http://www.various-euro.com/frame-unten.html" "Mozilla/5.0 (Windows; U; Windows NT 5.1; en-GB; rv:1.9.1.1) Gecko/20090715 Firefox/3.5.1"
212.200.212.2 - - [24/Jul/2009:04:13:37 +0200] "GET /bannerz/various-euro-girl.jpg HTTP/1.1" 200 91514 "http://www.various-euro.com/frame-unten.html" "Mozilla/5.0 (Windows; U; Windows NT 5.1; en-GB; rv:1.9.1.1) Gecko/20090715 Firefox/3.5.1"
212.200.212.2 - - [24/Jul/2009:04:13:44 +0200] "GET /bannerz/neon_click_1.gif HTTP/1.1" 200 890 "http://www.various-euro.com/frame-inhalt.html" "Mozilla/5.0 (Windows; U; Windows NT 5.1; en-GB; rv:1.9.1.1) Gecko/20090715 Firefox/3.5.1"
72.14.199.8 - - [24/Jul/2009:04:13:51 +0200] "GET / HTTP/1.1" 302 353 "-" "Feedfetcher-Google; (+http://www.google.com/feedfetcher.html; 1 subscribers; feed-id=5454548576667470243)"
212.200.212.2 - - [24/Jul/2009:04:24:47 +0200] "GET /snapshots.html HTTP/1.1" 200 4259 "http://www.various-euro.com/frame-menu.html" "Mozilla/5.0 (Windows; U; Windows NT 5.1; en-GB; rv:1.9.1.1) Gecko/20090715 Firefox/3.5.1"
212.200.212.2 - - [24/Jul/2009:04:24:53 +0200] "GET /snapshots/P4260036-1-35-MX-1-V-2.JPG HTTP/1.1" 200 6327782 "http://www.various-euro.com/snapshots.html" "Mozilla/5.0 (Windows; U; Windows NT 5.1; en-GB; rv:1.9.1.1) Gecko/20090715 Firefox/3.5.1"
212.200.212.2 - - [24/Jul/2009:04:24:56 +0200] "GET /snapshots/P4260036-1-35-MX-1-0-1-1-1-1-V-2.JPG HTTP/1.1" 200 5670394 "http://www.various-euro.com/snapshots.html" "Mozilla/5.0 (Windows; U; Windows NT 5.1; en-GB; rv:1.9.1.1) Gecko/20090715 Firefox/3.5.1"
212.200.212.2 - - [24/Jul/2009:04:24:47 +0200] "GET /snapshots/P4260036-1-35-MX-1.JPG HTTP/1.1" 200 6335526 "http://www.various-euro.com/snapshots.html" "Mozilla/5.0 (Windows; U; Windows NT 5.1; en-GB; rv:1.9.1.1) Gecko/20090715 Firefox/3.5.1"
212.200.212.2 - - [24/Jul/2009:04:24:48 +0200] "GET /snapshots/P4260036-1-35-MX-1-0-1-1-1-1-V.JPG HTTP/1.1" 200 5728264 "http://www.various-euro.com/snapshots.html" "Mozilla/5.0 (Windows; U; Windows NT 5.1; en-GB; rv:1.9.1.1) Gecko/20090715 Firefox/3.5.1"
72.14.199.85 - - [24/Jul/2009:04:26:09 +0200] "GET /zampa/ HTTP/1.1" 200 7153 "-" "Feedfetcher-Google; (+http://www.google.com/feedfetcher.html; 1 subscribers; feed-id=5454548576667470243)"
66.249.65.204 - - [24/Jul/2009:04:29:38 +0200] "GET /robots.txt HTTP/1.1" 200 64 "-" "Mozilla/5.0 (compatible; Googlebot/2.1; +http://www.google.com/bot.html)"
66.249.65.204 - - [24/Jul/2009:04:29:38 +0200] "GET /zampa/montenegro/BATAW.html HTTP/1.1" 200 860 "-" "Mozilla/5.0 (compatible; Googlebot/2.1; +http://www.google.com/bot.html)"
88.131.106.12 - - [24/Jul/2009:04:37:06 +0200] "GET /robots.txt HTTP/1.0" 200 64 "-" "Speedy Spider (http://www.entireweb.com/about/search_tech/speedy_spider/)"
88.131.106.12 - - [24/Jul/2009:04:37:06 +0200] "GET /framez.html HTTP/1.0" 200 3959 "-" "Speedy Spider (http://www.entireweb.com/about/search_tech/speedy_spider/)"
38.99.13.116 - - [24/Jul/2009:05:11:46 +0200] "GET /robots.txt HTTP/1.0" 302 363 "-" "Mozilla/5.0 (Twiceler-0.9 http://www.cuil.com/twiceler/robot.html)"
81.52.143.33 - - [24/Jul/2009:05:14:38 +0200] "GET /bmpp/18.html HTTP/1.1" 200 4467 "-" "Mozilla/5.0 (Windows; U; Windows NT 5.1; fr; rv:1.8.1) VoilaBot BETA 1.2 (support.voilabot@orange-ftgroup.com)"
65.55.106.140 - - [24/Jul/2009:05:20:43 +0200] "GET /robots.txt HTTP/1.1" 200 64 "-" "msnbot/2.0b (+http://search.msn.com/msnbot.htm)"
69.108.178.217 - - [24/Jul/2009:05:33:34 +0200] "GET /neon/annniiii.html HTTP/1.1" 200 686 "http://www.google.com/webhp?ie=UTF-8&oe=UTF-8&client=safari#/m/search?oe=UTF-8&client=safari&source=gp&uipref=6&channel=gp1&og=gp&q=euros%2Fadult&source=gp" "Mozilla/5.0 (iPod; U; CPU like Mac OS X; en) AppleWebKit/420.1 (KHTML, like Gecko) Version/3.0 Mobile/4B1 Safari/419.3"
69.108.178.217 - - [24/Jul/2009:05:33:35 +0200] "GET /neon/blacksatin.jpg HTTP/1.1" 200 5695 "http://www.various-euro.com/neon/annniiii.html" "Mozilla/5.0 (iPod; U; CPU like Mac OS X; en) AppleWebKit/420.1 (KHTML, like Gecko) Version/3.0 Mobile/4B1 Safari/419.3"
69.108.178.217 - - [24/Jul/2009:05:33:36 +0200] "GET /neon/pamtv.gif HTTP/1.1" 200 9732 "http://www.various-euro.com/neon/annniiii.html" "Mozilla/5.0 (iPod; U; CPU like Mac OS X; en) AppleWebKit/420.1 (KHTML, like Gecko) Version/3.0 Mobile/4B1 Safari/419.3"
69.108.178.217 - - [24/Jul/2009:05:33:36 +0200] "GET /neon/pam.gif HTTP/1.1" 200 17268 "http://www.various-euro.com/neon/annniiii.html" "Mozilla/5.0 (iPod; U; CPU like Mac OS X; en) AppleWebKit/420.1 (KHTML, like Gecko) Version/3.0 Mobile/4B1 Safari/419.3"
65.55.106.111 - - [24/Jul/2009:05:45:56 +0200] "GET /robots.txt HTTP/1.1" 200 64 "-" "msnbot/2.0b (+http://search.msn.com/msnbot.htm)"
65.55.106.212 - - [24/Jul/2009:05:56:22 +0200] "GET /f-maintitle.html HTTP/1.1" 200 5030 "-" "msnbot/2.0b (+http://search.msn.com/msnbot.htm)"
65.55.51.114 - - [24/Jul/2009:06:14:07 +0200] "GET /robots.txt HTTP/1.1" 200 64 "-" "msnbot/2.0b (+http://search.msn.com/msnbot.htm)"
216.129.119.49 - - [24/Jul/2009:06:15:20 +0200] "GET /robots.txt HTTP/1.0" 200 64 "-" "Mozilla/5.0 (Twiceler-0.9 http://www.cuil.com/twiceler/robot.html)"
65.55.106.155 - - [24/Jul/2009:06:25:13 +0200] "GET /robots.txt HTTP/1.1" 200 64 "-" "msnbot/2.0b (+http://search.msn.com/msnbot.htm)"
65.55.106.155 - - [24/Jul/2009:06:30:31 +0200] "GET /zampa/montenegro/TESLAW.html HTTP/1.1" 200 861 "-" "msnbot/2.0b (+http://search.msn.com/msnbot.htm)"
72.30.79.118 - - [24/Jul/2009:06:43:31 +0200] "GET /zampa/montenegro/BATAW.html HTTP/1.0" 200 860 "-" "Mozilla/5.0 (compatible; Yahoo! Slurp/3.0; http://help.yahoo.com/help/us/ysearch/slurp)"
72.30.79.118 - - [24/Jul/2009:06:49:14 +0200] "GET /neon/warning2.html HTTP/1.0" 200 997 "-" "Mozilla/5.0 (compatible; Yahoo! Slurp/3.0; http://help.yahoo.com/help/us/ysearch/slurp)"
65.55.106.211 - - [24/Jul/2009:06:59:00 +0200] "GET /logs/usage_200707.html HTTP/1.1" 404 2748 "-" "msnbot/2.0b (+http://search.msn.com/msnbot.htm)"
65.55.51.70 - - [24/Jul/2009:07:03:07 +0200] "GET /robots.txt HTTP/1.1" 200 64 "-" "msnbot/2.0b (+http://search.msn.com/msnbot.htm)"
114.111.36.31 - - [24/Jul/2009:07:07:14 +0200] "GET /robots.txt HTTP/1.1" 200 64 "-" "Mozilla/4.0 (compatible; NaverBot/1.0; http://help.naver.com/customer_webtxt_02.jsp)"
114.111.36.31 - - [24/Jul/2009:07:07:14 +0200] "GET / HTTP/1.1" 200 7869 "-" "Mozilla/4.0 (compatible; NaverBot/1.0; http://help.naver.com/customer_webtxt_02.jsp)"
65.55.106.146 - - [24/Jul/2009:07:07:25 +0200] "GET /robots.txt HTTP/1.1" 200 64 "-" "msnbot/2.0b (+http://search.msn.com/msnbot.htm)"
38.99.44.105 - - [24/Jul/2009:07:17:55 +0200] "GET /robots.txt HTTP/1.0" 200 64 "-" "Mozilla/5.0 (Twiceler-0.9 http://www.cuil.com/twiceler/robot.html)"
65.55.106.146 - - [24/Jul/2009:07:20:35 +0200] "GET /zampa/montenegro/SEKAW.html HTTP/1.1" 200 860 "-" "msnbot/2.0b (+http://search.msn.com/msnbot.htm)"
81.52.143.34 - - [24/Jul/2009:07:20:49 +0200] "GET /neon/warning.html HTTP/1.1" 200 5134 "-" "Mozilla/5.0 (Windows; U; Windows NT 5.1; fr; rv:1.8.1) VoilaBot BETA 1.2 (support.voilabot@orange-ftgroup.com)"
78.33.237.146 - - [24/Jul/2009:07:26:57 +0200] "GET / HTTP/1.1" 200 7869 "-" "Mozilla/4.0 (compatible; MSIE 6.0; Windows NT 5.1; SV1)"
85.246.168.238 - - [24/Jul/2009:07:39:11 +0200] "GET /zampa/montenegro/contributions.html HTTP/1.1" 200 18843 "-" "v2ugvpju2cbq2olftbciuFe"
65.55.106.123 - - [24/Jul/2009:07:50:29 +0200] "GET /robots.txt HTTP/1.1" 200 64 "-" "msnbot/2.0b (+http://search.msn.com/msnbot.htm)"
66.249.65.204 - - [24/Jul/2009:07:54:46 +0200] "GET /framez-search.html HTTP/1.1" 200 4326 "-" "Mozilla/5.0 (compatible; Googlebot/2.1; +http://www.google.com/bot.html)"
65.55.106.123 - - [24/Jul/2009:07:58:05 +0200] "GET /framez-zampa-lovers.html HTTP/1.1" 200 4322 "-" "msnbot/2.0b (+http://search.msn.com/msnbot.htm)"
72.14.199.8 - - [24/Jul/2009:08:00:42 +0200] "GET / HTTP/1.1" 302 353 "-" "Feedfetcher-Google; (+http://www.google.com/feedfetcher.html; 1 subscribers; feed-id=5454548576667470243)"
72.14.199.85 - - [24/Jul/2009:08:00:45 +0200] "GET /zampa/ HTTP/1.1" 200 7153 "-" "Feedfetcher-Google; (+http://www.google.com/feedfetcher.html; 1 subscribers; feed-id=5454548576667470243)"
188.2.198.148 - - [24/Jul/2009:08:19:14 +0200] "GET /zampa/montenegro/contributions.html HTTP/1.1" 200 18843 "-" "Mozilla/4.0 (compatible; MSIE 6.0; Windows NT 5.1;1813)"
125.24.142.57 - - [24/Jul/2009:08:24:19 +0200] "GET /logs/ HTTP/1.1" 200 11511 "-" "Mozilla 4/0"
125.24.142.57 - - [24/Jul/2009:08:24:22 +0200] "GET /logs/ HTTP/1.1" 200 11511 "http://www.various-euro.com/logs/" "Mozilla 4/0"
125.24.142.57 - - [24/Jul/2009:08:24:25 +0200] "GET /logs/ HTTP/1.1" 200 11511 "http://www.various-euro.com/logs/" "Mozilla 4/0"
125.24.142.57 - - [24/Jul/2009:08:24:27 +0200] "GET /logs/ HTTP/1.1" 200 11511 "http://www.various-euro.com/logs/" "Mozilla 4/0"
125.24.142.57 - - [24/Jul/2009:08:24:29 +0200] "GET /logs/ HTTP/1.1" 200 11511 "http://www.various-euro.com/logs/" "Mozilla 4/0"
125.24.142.57 - - [24/Jul/2009:08:24:32 +0200] "GET /logs/ HTTP/1.1" 200 11511 "http://www.various-euro.com/logs/" "Mozilla 4/0"
66.249.65.204 - - [24/Jul/2009:08:36:50 +0200] "GET /f-search.html HTTP/1.1" 200 11800 "-" "Mozilla/5.0 (compatible; Googlebot/2.1; +http://www.google.com/bot.html)"
81.52.143.29 - - [24/Jul/2009:08:38:02 +0200] "GET /DgH/orginal/index.html HTTP/1.1" 200 1727 "-" "Mozilla/5.0 (Windows; U; Windows NT 5.1; fr; rv:1.8.1) VoilaBot BETA 1.2 (support.voilabot@orange-ftgroup.com)"
65.55.106.184 - - [24/Jul/2009:08:42:47 +0200] "GET /robots.txt HTTP/1.1" 200 64 "-" "msnbot/2.0b (+http://search.msn.com/msnbot.htm)"
65.55.106.189 - - [24/Jul/2009:08:56:55 +0200] "GET /logs/ HTTP/1.1" 200 11511 "-" "msnbot/2.0b (+http://search.msn.com/msnbot.htm)"
66.235.124.132 - - [24/Jul/2009:09:06:00 +0200] "GET /robots.txt HTTP/1.1" 200 64 "-" "-"
65.55.106.169 - - [24/Jul/2009:09:37:29 +0200] "GET /robots.txt HTTP/1.1" 200 64 "-" "msnbot/2.0b (+http://search.msn.com/msnbot.htm)"
81.52.143.33 - - [24/Jul/2009:10:12:54 +0200] "GET /schubb/schubb-1.html HTTP/1.1" 200 9070 "-" "Mozilla/5.0 (Windows; U; Windows NT 5.1; fr; rv:1.8.1) VoilaBot BETA 1.2 (support.voilabot@orange-ftgroup.com)"
65.55.106.109 - - [24/Jul/2009:10:20:31 +0200] "GET /robots.txt HTTP/1.1" 200 64 "-" "msnbot/2.0b (+http://search.msn.com/msnbot.htm)"
65.55.106.109 - - [24/Jul/2009:10:25:09 +0200] "GET /partnergegenberlin.html HTTP/1.1" 200 5022 "-" "msnbot/2.0b (+http://search.msn.com/msnbot.htm)"
81.52.143.26 - - [24/Jul/2009:10:34:42 +0200] "GET /neon/annniiii.html HTTP/1.1" 200 686 "-" "Mozilla/5.0 (Windows; U; Windows NT 5.1; fr; rv:1.8.1) VoilaBot BETA 1.2 (support.voilabot@orange-ftgroup.com)"
72.30.79.118 - - [24/Jul/2009:10:40:31 +0200] "GET /robots.txt HTTP/1.0" 200 64 "-" "Mozilla/5.0 (compatible; Yahoo! Slurp; http://help.yahoo.com/help/us/ysearch/slurp)"
72.30.79.118 - - [24/Jul/2009:10:40:31 +0200] "GET /neon/large.html HTTP/1.0" 200 1547 "-" "Mozilla/5.0 (compatible; Yahoo! Slurp/3.0; http://help.yahoo.com/help/us/ysearch/slurp)"
72.14.199.8 - - [24/Jul/2009:11:00:57 +0200] "GET / HTTP/1.1" 302 353 "-" "Feedfetcher-Google; (+http://www.google.com/feedfetcher.html; 1 subscribers; feed-id=5454548576667470243)"
65.55.106.228 - - [24/Jul/2009:11:11:54 +0200] "GET /robots.txt HTTP/1.1" 302 363 "-" "msnbot/2.0b (+http://search.msn.com/msnbot.htm)"
65.55.106.228 - - [24/Jul/2009:11:11:59 +0200] "GET /zampa/robots.txt HTTP/1.1" 404 2748 "-" "msnbot/2.0b (+http://search.msn.com/msnbot.htm)"
77.102.181.182 - - [24/Jul/2009:11:14:58 +0200] "GET /logs/ HTTP/1.1" 200 11511 "-" "Mozilla 4/0"
77.102.181.182 - - [24/Jul/2009:11:14:59 +0200] "GET /logs/ HTTP/1.1" 200 11511 "http://www.various-euro.com/logs/" "Mozilla 4/0"
77.102.181.182 - - [24/Jul/2009:11:14:59 +0200] "GET /logs/ HTTP/1.1" 200 11511 "http://www.various-euro.com/logs/" "Mozilla 4/0"
77.102.181.182 - - [24/Jul/2009:11:14:59 +0200] "GET /logs/ HTTP/1.1" 200 11511 "http://www.various-euro.com/logs/" "Mozilla 4/0"
77.102.181.182 - - [24/Jul/2009:11:14:59 +0200] "GET /logs/ HTTP/1.1" 200 11511 "http://www.various-euro.com/logs/" "Mozilla 4/0"
77.102.181.182 - - [24/Jul/2009:11:14:59 +0200] "GET /logs/ HTTP/1.1" 200 11511 "http://www.various-euro.com/logs/" "Mozilla 4/0"
213.239.237.21 - - [24/Jul/2009:11:28:09 +0200] "GET / HTTP/1.0" 200 7869 "-" "-"
65.98.224.7 - - [24/Jul/2009:11:54:39 +0200] "GET /robots.txt HTTP/1.0" 302 363 "-" "TurnitinBot/2.1 (http://www.turnitin.com/robot/crawlerinfo.html)"
65.98.224.7 - - [24/Jul/2009:11:55:08 +0200] "GET /wonderland/index.html HTTP/1.0" 302 374 "-" "TurnitinBot/2.1 (http://www.turnitin.com/robot/crawlerinfo.html)"
65.98.224.7 - - [24/Jul/2009:11:55:38 +0200] "GET /montenegro/index.html HTTP/1.0" 302 374 "-" "TurnitinBot/2.1 (http://www.turnitin.com/robot/crawlerinfo.html)"
65.98.224.7 - - [24/Jul/2009:11:56:08 +0200] "GET /montenegro/dajpare.html HTTP/1.0" 302 376 "-" "TurnitinBot/2.1 (http://www.turnitin.com/robot/crawlerinfo.html)"
65.98.224.7 - - [24/Jul/2009:11:56:38 +0200] "GET /lybia/index.html HTTP/1.0" 302 369 "-" "TurnitinBot/2.1 (http://www.turnitin.com/robot/crawlerinfo.html)"
65.55.106.160 - - [24/Jul/2009:11:58:21 +0200] "GET /robots.txt HTTP/1.1" 302 363 "-" "msnbot/2.0b (+http://search.msn.com/msnbot.htm)"
65.55.106.160 - - [24/Jul/2009:11:58:22 +0200] "GET /zampa/robots.txt HTTP/1.1" 404 2748 "-" "msnbot/2.0b (+http://search.msn.com/msnbot.htm)"
66.249.65.204 - - [24/Jul/2009:12:04:07 +0200] "GET /logs/usage_200907.html HTTP/1.1" 404 2748 "-" "Mozilla/5.0 (compatible; Googlebot/2.1; +http://www.google.com/bot.html)"
65.55.106.162 - - [24/Jul/2009:12:35:28 +0200] "GET /robots.txt HTTP/1.1" 200 64 "-" "msnbot/2.0b (+http://search.msn.com/msnbot.htm)"
67.195.111.185 - - [24/Jul/2009:12:36:04 +0200] "GET /robots.txt HTTP/1.0" 200 64 "-" "Mozilla/5.0 (compatible; Yahoo! Slurp; http://help.yahoo.com/help/us/ysearch/slurp)"
67.195.111.185 - - [24/Jul/2009:12:36:05 +0200] "GET /framez-rez.html HTTP/1.0" 200 4323 "-" "Mozilla/5.0 (compatible; Yahoo! Slurp/3.0; http://help.yahoo.com/help/us/ysearch/slurp)"
67.195.111.185 - - [24/Jul/2009:12:36:05 +0200] "GET /frame-unten.html HTTP/1.0" 200 5308 "http://www.various-euro.com/framez-rez.html" "Mozilla/5.0 (compatible; Yahoo! Slurp/3.0; http://help.yahoo.com/help/us/ysearch/slurp)"
67.195.111.185 - - [24/Jul/2009:12:36:05 +0200] "GET /f-rez.html HTTP/1.0" 200 9765 "http://www.various-euro.com/framez-rez.html" "Mozilla/5.0 (compatible; Yahoo! Slurp/3.0; http://help.yahoo.com/help/us/ysearch/slurp)"
67.195.111.185 - - [24/Jul/2009:12:36:05 +0200] "GET /frame-menu.html HTTP/1.0" 200 10500 "http://www.various-euro.com/framez-rez.html" "Mozilla/5.0 (compatible; Yahoo! Slurp/3.0; http://help.yahoo.com/help/us/ysearch/slurp)"
67.195.111.185 - - [24/Jul/2009:12:36:06 +0200] "GET /style/various-euro.css HTTP/1.0" 304 - "http://www.various-euro.com/frame-menu.html" "Mozilla/5.0 (compatible; Yahoo! Slurp/3.0; http://help.yahoo.com/help/us/ysearch/slurp)"
65.55.106.162 - - [24/Jul/2009:12:41:37 +0200] "GET /zampa/montenegro/ZMAJW.html HTTP/1.1" 200 860 "-" "msnbot/2.0b (+http://search.msn.com/msnbot.htm)"
208.80.195.39 - - [24/Jul/2009:12:51:08 +0200] "GET / HTTP/1.0" 200 7869 "-" "Mozilla/4.0 (compatible; MSIE 6.0; Windows NT 5.1; SV1; AUTOSIGN W2000 WNT VER03; .NET CLR 2.0.50727; Creative ZENcast v1.01.06)"
208.80.195.39 - - [24/Jul/2009:12:51:09 +0200] "GET / HTTP/1.0" 200 7869 "-" "Mozilla/4.0 (compatible; MSIE 7.0; Windows NT 5.1; IDT; ToucanSurf; .NET CLR 1.1.4322)"
65.55.106.220 - - [24/Jul/2009:12:52:50 +0200] "GET /robots.txt HTTP/1.1" 302 363 "-" "msnbot/2.0b (+http://search.msn.com/msnbot.htm)"
65.55.106.220 - - [24/Jul/2009:12:53:00 +0200] "GET /zampa/robots.txt HTTP/1.1" 404 2748 "-" "msnbot/2.0b (+http://search.msn.com/msnbot.htm)"
72.14.199.85 - - [24/Jul/2009:12:55:08 +0200] "GET /zampa/ HTTP/1.1" 200 7153 "-" "Feedfetcher-Google; (+http://www.google.com/feedfetcher.html; 1 subscribers; feed-id=5454548576667470243)"
65.55.106.218 - - [24/Jul/2009:13:30:28 +0200] "GET /robots.txt HTTP/1.1" 200 64 "-" "msnbot/2.0b (+http://search.msn.com/msnbot.htm)"
66.249.65.204 - - [24/Jul/2009:13:42:40 +0200] "GET /schubb/schubb-4.html HTTP/1.1" 200 17746 "-" "Mozilla/5.0 (compatible; Googlebot/2.1; +http://www.google.com/bot.html)"
65.55.211.165 - - [24/Jul/2009:13:48:28 +0200] "GET /robots.txt HTTP/1.1" 200 64 "-" "msnbot/1.1 (+http://search.msn.com/msnbot.htm)"
65.55.211.165 - - [24/Jul/2009:13:48:28 +0200] "GET /zampa/ HTTP/1.1" 200 7153 "-" "msnbot/1.1 (+http://search.msn.com/msnbot.htm)"
65.55.106.173 - - [24/Jul/2009:14:00:39 +0200] "GET /robots.txt HTTP/1.1" 200 64 "-" "msnbot/2.0b (+http://search.msn.com/msnbot.htm)"
213.239.237.21 - - [24/Jul/2009:14:09:41 +0200] "GET / HTTP/1.0" 200 7869 "-" "-"
65.55.106.157 - - [24/Jul/2009:14:57:38 +0200] "GET /robots.txt HTTP/1.1" 200 64 "-" "msnbot/2.0b (+http://search.msn.com/msnbot.htm)"
66.249.65.204 - - [24/Jul/2009:14:58:29 +0200] "GET /framez-schubb4.html HTTP/1.1" 200 4318 "-" "Mozilla/5.0 (compatible; Googlebot/2.1; +http://www.google.com/bot.html)"
67.195.115.162 - - [24/Jul/2009:15:13:40 +0200] "GET /robots.txt HTTP/1.0" 200 64 "-" "Mozilla/5.0 (compatible; Yahoo! Slurp; http://help.yahoo.com/help/us/ysearch/slurp)"
67.195.115.162 - - [24/Jul/2009:15:13:40 +0200] "GET / HTTP/1.0" 200 7869 "-" "Mozilla/5.0 (compatible; Yahoo! Slurp/3.0; http://help.yahoo.com/help/us/ysearch/slurp)"
67.195.115.162 - - [24/Jul/2009:15:13:41 +0200] "GET /style/various-euro.css HTTP/1.0" 200 3437 "http://various-euro.com/" "Mozilla/5.0 (compatible; Yahoo! Slurp/3.0; http://help.yahoo.com/help/us/ysearch/slurp)"
213.119.56.60 - - [24/Jul/2009:15:42:49 +0200] "GET / HTTP/1.1" 200 7869 "http://www.randomwebsite.com/" "Mozilla/5.0 (Windows; U; Windows NT 6.0; en-GB; rv:1.9.0.11) Gecko/2009060215 Firefox/3.0.11 (.NET CLR 3.5.30729) Creative ZENcast v1.02.10"
213.119.56.60 - - [24/Jul/2009:15:42:49 +0200] "GET /style/various-euro.css HTTP/1.1" 200 3437 "http://www.various-euro.com/" "Mozilla/5.0 (Windows; U; Windows NT 6.0; en-GB; rv:1.9.0.11) Gecko/2009060215 Firefox/3.0.11 (.NET CLR 3.5.30729) Creative ZENcast v1.02.10"
213.119.56.60 - - [24/Jul/2009:15:42:49 +0200] "GET /ve-icon-2.ico HTTP/1.1" 200 2238 "-" "Mozilla/5.0 (Windows; U; Windows NT 6.0; en-GB; rv:1.9.0.11) Gecko/2009060215 Firefox/3.0.11 (.NET CLR 3.5.30729) Creative ZENcast v1.02.10"
213.119.56.60 - - [24/Jul/2009:15:42:49 +0200] "GET /framez_0.html HTTP/1.1" 200 12285 "http://www.various-euro.com/" "Mozilla/5.0 (Windows; U; Windows NT 6.0; en-GB; rv:1.9.0.11) Gecko/2009060215 Firefox/3.0.11 (.NET CLR 3.5.30729) Creative ZENcast v1.02.10"
213.119.56.60 - - [24/Jul/2009:15:42:52 +0200] "GET /framez.html HTTP/1.1" 200 3959 "http://www.various-euro.com/framez_0.html" "Mozilla/5.0 (Windows; U; Windows NT 6.0; en-GB; rv:1.9.0.11) Gecko/2009060215 Firefox/3.0.11 (.NET CLR 3.5.30729) Creative ZENcast v1.02.10"
213.119.56.60 - - [24/Jul/2009:15:42:52 +0200] "GET /frame-menu.html HTTP/1.1" 200 10500 "http://www.various-euro.com/framez.html" "Mozilla/5.0 (Windows; U; Windows NT 6.0; en-GB; rv:1.9.0.11) Gecko/2009060215 Firefox/3.0.11 (.NET CLR 3.5.30729) Creative ZENcast v1.02.10"
213.119.56.60 - - [24/Jul/2009:15:42:52 +0200] "GET /frame-unten.html HTTP/1.1" 200 5308 "http://www.various-euro.com/framez.html" "Mozilla/5.0 (Windows; U; Windows NT 6.0; en-GB; rv:1.9.0.11) Gecko/2009060215 Firefox/3.0.11 (.NET CLR 3.5.30729) Creative ZENcast v1.02.10"
213.119.56.60 - - [24/Jul/2009:15:42:52 +0200] "GET /frame-inhalt.html HTTP/1.1" 200 7688 "http://www.various-euro.com/framez.html" "Mozilla/5.0 (Windows; U; Windows NT 6.0; en-GB; rv:1.9.0.11) Gecko/2009060215 Firefox/3.0.11 (.NET CLR 3.5.30729) Creative ZENcast v1.02.10"
213.119.56.60 - - [24/Jul/2009:15:42:52 +0200] "GET /bannerz/neon_click_3.gif HTTP/1.1" 200 240 "http://www.various-euro.com/frame-inhalt.html" "Mozilla/5.0 (Windows; U; Windows NT 6.0; en-GB; rv:1.9.0.11) Gecko/2009060215 Firefox/3.0.11 (.NET CLR 3.5.30729) Creative ZENcast v1.02.10"
213.119.56.60 - - [24/Jul/2009:15:42:52 +0200] "GET /eurosign3.gif HTTP/1.1" 200 7879 "http://www.various-euro.com/frame-inhalt.html" "Mozilla/5.0 (Windows; U; Windows NT 6.0; en-GB; rv:1.9.0.11) Gecko/2009060215 Firefox/3.0.11 (.NET CLR 3.5.30729) Creative ZENcast v1.02.10"
213.119.56.60 - - [24/Jul/2009:15:42:52 +0200] "GET /bannerz/ve.jpg HTTP/1.1" 200 36912 "http://www.various-euro.com/frame-unten.html" "Mozilla/5.0 (Windows; U; Windows NT 6.0; en-GB; rv:1.9.0.11) Gecko/2009060215 Firefox/3.0.11 (.NET CLR 3.5.30729) Creative ZENcast v1.02.10"
213.119.56.60 - - [24/Jul/2009:15:42:52 +0200] "GET /bannerz/neon_click_2.gif HTTP/1.1" 200 387 "http://www.various-euro.com/frame-inhalt.html" "Mozilla/5.0 (Windows; U; Windows NT 6.0; en-GB; rv:1.9.0.11) Gecko/2009060215 Firefox/3.0.11 (.NET CLR 3.5.30729) Creative ZENcast v1.02.10"
213.119.56.60 - - [24/Jul/2009:15:42:52 +0200] "GET /bannerz/neon_click_1.gif HTTP/1.1" 200 890 "http://www.various-euro.com/frame-inhalt.html" "Mozilla/5.0 (Windows; U; Windows NT 6.0; en-GB; rv:1.9.0.11) Gecko/2009060215 Firefox/3.0.11 (.NET CLR 3.5.30729) Creative ZENcast v1.02.10"
213.119.56.60 - - [24/Jul/2009:15:42:52 +0200] "GET /bannerz/douwil.gif HTTP/1.1" 200 528 "http://www.various-euro.com/frame-inhalt.html" "Mozilla/5.0 (Windows; U; Windows NT 6.0; en-GB; rv:1.9.0.11) Gecko/2009060215 Firefox/3.0.11 (.NET CLR 3.5.30729) Creative ZENcast v1.02.10"
213.119.56.60 - - [24/Jul/2009:15:42:52 +0200] "GET /bannerz/copyleft_black_small.gif HTTP/1.1" 200 1231 "http://www.various-euro.com/frame-inhalt.html" "Mozilla/5.0 (Windows; U; Windows NT 6.0; en-GB; rv:1.9.0.11) Gecko/2009060215 Firefox/3.0.11 (.NET CLR 3.5.30729) Creative ZENcast v1.02.10"
213.119.56.60 - - [24/Jul/2009:15:42:52 +0200] "GET /bannerz/anti_black_small.gif HTTP/1.1" 200 1009 "http://www.various-euro.com/frame-inhalt.html" "Mozilla/5.0 (Windows; U; Windows NT 6.0; en-GB; rv:1.9.0.11) Gecko/2009060215 Firefox/3.0.11 (.NET CLR 3.5.30729) Creative ZENcast v1.02.10"
213.119.56.60 - - [24/Jul/2009:15:42:52 +0200] "GET /bannerz/google/Logo_40blk.gif HTTP/1.1" 200 2308 "http://www.various-euro.com/frame-inhalt.html" "Mozilla/5.0 (Windows; U; Windows NT 6.0; en-GB; rv:1.9.0.11) Gecko/2009060215 Firefox/3.0.11 (.NET CLR 3.5.30729) Creative ZENcast v1.02.10"
213.119.56.60 - - [24/Jul/2009:15:42:52 +0200] "GET /bannerz/wet.gif HTTP/1.1" 200 18561 "http://www.various-euro.com/frame-inhalt.html" "Mozilla/5.0 (Windows; U; Windows NT 6.0; en-GB; rv:1.9.0.11) Gecko/2009060215 Firefox/3.0.11 (.NET CLR 3.5.30729) Creative ZENcast v1.02.10"
213.119.56.60 - - [24/Jul/2009:15:42:52 +0200] "GET /bannerz/various-euro-girl.jpg HTTP/1.1" 200 91514 "http://www.various-euro.com/frame-unten.html" "Mozilla/5.0 (Windows; U; Windows NT 6.0; en-GB; rv:1.9.0.11) Gecko/2009060215 Firefox/3.0.11 (.NET CLR 3.5.30729) Creative ZENcast v1.02.10"
72.14.199.8 - - [24/Jul/2009:15:55:15 +0200] "GET / HTTP/1.1" 302 353 "-" "Feedfetcher-Google; (+http://www.google.com/feedfetcher.html; 1 subscribers; feed-id=5454548576667470243)"
72.14.199.85 - - [24/Jul/2009:15:56:08 +0200] "GET /zampa/ HTTP/1.1" 200 7153 "-" "Feedfetcher-Google; (+http://www.google.com/feedfetcher.html; 1 subscribers; feed-id=5454548576667470243)"
65.55.106.115 - - [24/Jul/2009:16:41:59 +0200] "GET /robots.txt HTTP/1.1" 200 64 "-" "msnbot/2.0b (+http://search.msn.com/msnbot.htm)"
65.55.106.115 - - [24/Jul/2009:16:49:39 +0200] "GET /f-web.html HTTP/1.1" 200 13605 "-" "msnbot/2.0b (+http://search.msn.com/msnbot.htm)"
81.52.143.35 - - [24/Jul/2009:17:00:07 +0200] "GET /robots.txt HTTP/1.1" 200 64 "-" "Mozilla/5.0 (Windows; U; Windows NT 5.1; fr; rv:1.8.1) VoilaBot BETA 1.2 (support.voilabot@orange-ftgroup.com)"
81.52.143.35 - - [24/Jul/2009:17:00:13 +0200] "GET /neon/warning2.html HTTP/1.1" 200 997 "-" "Mozilla/5.0 (Windows; U; Windows NT 5.1; fr; rv:1.8.1) VoilaBot BETA 1.2 (support.voilabot@orange-ftgroup.com)"
193.252.149.13 - - [24/Jul/2009:17:02:13 +0200] "GET /neon/biggtani.html HTTP/1.1" 200 1698 "-" "Mozilla/5.0 (Windows; U; Windows NT 5.1; fr; rv:1.8.1) VoilaBot BETA 1.2 (support.voilabot@orange-ftgroup.com)"
193.252.149.13 - - [24/Jul/2009:17:15:02 +0200] "GET /DgH/watch/index.html HTTP/1.1" 200 2028 "-" "Mozilla/5.0 (Windows; U; Windows NT 5.1; fr; rv:1.8.1) VoilaBot BETA 1.2 (support.voilabot@orange-ftgroup.com)"
65.55.106.218 - - [24/Jul/2009:17:15:20 +0200] "GET /robots.txt HTTP/1.1" 200 64 "-" "msnbot/2.0b (+http://search.msn.com/msnbot.htm)"
65.55.106.179 - - [24/Jul/2009:18:21:03 +0200] "GET /robots.txt HTTP/1.1" 200 64 "-" "msnbot/2.0b (+http://search.msn.com/msnbot.htm)"
72.14.199.8 - - [24/Jul/2009:19:01:40 +0200] "GET / HTTP/1.1" 302 353 "-" "Feedfetcher-Google; (+http://www.google.com/feedfetcher.html; 1 subscribers; feed-id=5454548576667470243)"
72.14.199.85 - - [24/Jul/2009:19:01:46 +0200] "GET /zampa/ HTTP/1.1" 200 7153 "-" "Feedfetcher-Google; (+http://www.google.com/feedfetcher.html; 1 subscribers; feed-id=5454548576667470243)"
89.247.81.149 - - [24/Jul/2009:19:06:28 +0200] "GET / HTTP/1.1" 302 353 "http://zeitgenoessischekunstserbien.blogspot.com/" "Mozilla/5.0 (Windows; U; Windows NT 5.1; de; rv:1.9.0.12) Gecko/2009070611 Firefox/3.0.12"
89.247.81.149 - - [24/Jul/2009:19:06:28 +0200] "GET /zampa/ HTTP/1.1" 200 7153 "http://zeitgenoessischekunstserbien.blogspot.com/" "Mozilla/5.0 (Windows; U; Windows NT 5.1; de; rv:1.9.0.12) Gecko/2009070611 Firefox/3.0.12"
89.247.81.149 - - [24/Jul/2009:19:06:28 +0200] "GET /zampa/slike/udupetu.gif HTTP/1.1" 200 4138 "http://www.various-euro.com/zampa/" "Mozilla/5.0 (Windows; U; Windows NT 5.1; de; rv:1.9.0.12) Gecko/2009070611 Firefox/3.0.12"
89.247.81.149 - - [24/Jul/2009:19:06:28 +0200] "GET /zampa/slike/zampa.gif HTTP/1.1" 200 5310 "http://www.various-euro.com/zampa/" "Mozilla/5.0 (Windows; U; Windows NT 5.1; de; rv:1.9.0.12) Gecko/2009070611 Firefox/3.0.12"
89.247.81.149 - - [24/Jul/2009:19:06:28 +0200] "GET /zampa/slike/inthearse.gif HTTP/1.1" 200 4077 "http://www.various-euro.com/zampa/" "Mozilla/5.0 (Windows; U; Windows NT 5.1; de; rv:1.9.0.12) Gecko/2009070611 Firefox/3.0.12"
89.247.81.149 - - [24/Jul/2009:19:06:28 +0200] "GET /favicon.ico HTTP/1.1" 404 2748 "-" "Mozilla/5.0 (Windows; U; Windows NT 5.1; de; rv:1.9.0.12) Gecko/2009070611 Firefox/3.0.12"
89.247.81.149 - - [24/Jul/2009:19:06:31 +0200] "GET /favicon.ico HTTP/1.1" 404 2748 "-" "Mozilla/5.0 (Windows; U; Windows NT 5.1; de; rv:1.9.0.12) Gecko/2009070611 Firefox/3.0.12"
89.247.81.149 - - [24/Jul/2009:19:06:37 +0200] "GET /zampa/slike/E3VAMPIR.GIF HTTP/1.1" 200 52553 "http://www.various-euro.com/zampa/" "Mozilla/5.0 (Windows; U; Windows NT 5.1; de; rv:1.9.0.12) Gecko/2009070611 Firefox/3.0.12"
72.30.87.86 - - [24/Jul/2009:20:05:37 +0200] "GET /robots.txt HTTP/1.0" 200 64 "-" "Mozilla/5.0 (compatible; Yahoo! Slurp; http://help.yahoo.com/help/us/ysearch/slurp)"
72.30.87.86 - - [24/Jul/2009:20:05:37 +0200] "GET /neon/euro.html HTTP/1.0" 200 2212 "-" "Mozilla/5.0 (compatible; Yahoo! Slurp/3.0; http://help.yahoo.com/help/us/ysearch/slurp)"
82.29.192.241 - - [24/Jul/2009:20:10:52 +0200] "GET /logs/ HTTP/1.1" 200 11511 "-" "Mozilla 4/0"
82.29.192.241 - - [24/Jul/2009:20:10:52 +0200] "GET /logs/ HTTP/1.1" 200 11511 "http://www.various-euro.com/logs/" "Mozilla 4/0"
82.29.192.241 - - [24/Jul/2009:20:10:53 +0200] "GET /logs/ HTTP/1.1" 200 11511 "http://www.various-euro.com/logs/" "Mozilla 4/0"
82.29.192.241 - - [24/Jul/2009:20:10:53 +0200] "GET /logs/ HTTP/1.1" 200 11511 "http://www.various-euro.com/logs/" "Mozilla 4/0"
82.29.192.241 - - [24/Jul/2009:20:10:53 +0200] "GET /logs/ HTTP/1.1" 200 11511 "http://www.various-euro.com/logs/" "Mozilla 4/0"
82.29.192.241 - - [24/Jul/2009:20:10:54 +0200] "GET /logs/ HTTP/1.1" 200 11511 "http://www.various-euro.com/logs/" "Mozilla 4/0"
94.155.215.67 - - [24/Jul/2009:20:39:36 +0200] "GET / HTTP/1.1" 200 7869 "http://switzerland.indymedia.org/it/2004/07/25000.shtml" "Mozilla/4.0 (compatible; MSIE 6.0; Windows NT 5.1; SV1)"
94.155.215.67 - - [24/Jul/2009:20:39:37 +0200] "GET /style/various-euro.css HTTP/1.1" 200 3437 "http://various-euro.com/" "Mozilla/4.0 (compatible; MSIE 6.0; Windows NT 5.1; SV1)"
94.155.215.67 - - [24/Jul/2009:20:39:37 +0200] "GET /framez_0.html HTTP/1.1" 200 12285 "-" "Mozilla/4.0 (compatible; MSIE 6.0; Windows NT 5.1; SV1)"
94.155.215.67 - - [24/Jul/2009:20:39:53 +0200] "GET /framez_0.html HTTP/1.1" 200 12285 "-" "Mozilla/4.0 (compatible; MSIE 6.0; Windows NT 5.1; SV1)"
94.155.215.67 - - [24/Jul/2009:20:39:55 +0200] "GET /framez_0.html HTTP/1.1" 200 12285 "-" "Mozilla/4.0 (compatible; MSIE 6.0; Windows NT 5.1; SV1)"
94.155.215.67 - - [24/Jul/2009:20:40:00 +0200] "GET /framez_0.html HTTP/1.1" 200 12285 "-" "Mozilla/4.0 (compatible; MSIE 6.0; Windows NT 5.1; SV1)"
65.55.106.184 - - [24/Jul/2009:21:41:34 +0200] "GET /robots.txt HTTP/1.1" 200 64 "-" "msnbot/2.0b (+http://search.msn.com/msnbot.htm)"
72.30.87.86 - - [24/Jul/2009:21:43:00 +0200] "GET /rez/fiszt.htm HTTP/1.0" 200 1487 "-" "Mozilla/5.0 (compatible; Yahoo! Slurp/3.0; http://help.yahoo.com/help/us/ysearch/slurp)"
65.55.106.184 - - [24/Jul/2009:21:47:37 +0200] "GET /neon/euro.html HTTP/1.1" 200 2212 "-" "msnbot/2.0b (+http://search.msn.com/msnbot.htm)"
72.14.199.8 - - [24/Jul/2009:22:01:54 +0200] "GET / HTTP/1.1" 302 353 "-" "Feedfetcher-Google; (+http://www.google.com/feedfetcher.html; 1 subscribers; feed-id=5454548576667470243)"
72.14.199.85 - - [24/Jul/2009:22:01:55 +0200] "GET /zampa/ HTTP/1.1" 200 7153 "-" "Feedfetcher-Google; (+http://www.google.com/feedfetcher.html; 1 subscribers; feed-id=5454548576667470243)"
66.249.65.204 - - [24/Jul/2009:22:38:02 +0200] "GET /framez-dbrau.html HTTP/1.1" 200 4313 "-" "Mozilla/5.0 (compatible; Googlebot/2.1; +http://www.google.com/bot.html)"
66.249.65.204 - - [24/Jul/2009:22:51:42 +0200] "GET /DgH/bull/ HTTP/1.1" 200 1915 "-" "Mozilla/5.0 (compatible; Googlebot/2.1; +http://www.google.com/bot.html)"
72.30.87.86 - - [24/Jul/2009:23:16:14 +0200] "GET /f-world.html HTTP/1.0" 200 35590 "-" "Mozilla/5.0 (compatible; Yahoo! Slurp/3.0; http://help.yahoo.com/help/us/ysearch/slurp)"
72.30.87.86 - - [24/Jul/2009:23:33:56 +0200] "GET /your_tour.html HTTP/1.0" 200 29760 "-" "Mozilla/5.0 (compatible; Yahoo! Slurp/3.0; http://help.yahoo.com/help/us/ysearch/slurp)"
72.30.87.86 - - [24/Jul/2009:23:33:59 +0200] "GET /anon.css HTTP/1.0" 404 2748 "http://www.various-euro.com/your_tour.html" "Mozilla/5.0 (compatible; Yahoo! Slurp/3.0; http://help.yahoo.com/help/us/ysearch/slurp)"
66.249.65.204 - - [25/Jul/2009:00:06:48 +0200] "GET /DgH/bull/index.html HTTP/1.1" 200 1915 "-" "Mozilla/5.0 (compatible; Googlebot/2.1; +http://www.google.com/bot.html)"
65.55.106.210 - - [25/Jul/2009:00:32:30 +0200] "GET /robots.txt HTTP/1.1" 200 64 "-" "msnbot/2.0b (+http://search.msn.com/msnbot.htm)"
66.249.65.204 - - [25/Jul/2009:00:40:55 +0200] "GET /f-doku-brau.html HTTP/1.1" 200 7152 "-" "Mozilla/5.0 (compatible; Googlebot/2.1; +http://www.google.com/bot.html)"
65.55.106.210 - - [25/Jul/2009:00:42:06 +0200] "GET /3dsf3/sendi/hyperreality.html HTTP/1.1" 200 1436 "-" "msnbot/2.0b (+http://search.msn.com/msnbot.htm)"
65.55.106.234 - - [25/Jul/2009:00:42:16 +0200] "GET /robots.txt HTTP/1.1" 200 64 "-" "msnbot/2.0b (+http://search.msn.com/msnbot.htm)"
65.55.106.227 - - [25/Jul/2009:00:45:13 +0200] "GET /logs/usage_200708.html HTTP/1.1" 404 2748 "-" "msnbot/2.0b (+http://search.msn.com/msnbot.htm)"
65.55.106.234 - - [25/Jul/2009:00:51:20 +0200] "GET / HTTP/1.1" 200 7869 "-" "msnbot/2.0b (+http://search.msn.com/msnbot.htm)"
93.174.93.38 - - [25/Jul/2009:01:07:55 +0200] "GET / HTTP/1.0" 200 7869 "http://www.various-euro.com/" "Mozilla/4.0 (compatible; MSIE 6.0; MSIE 5.5; Windows NT 5.0) Opera 7.02 Bork-edition [en]"
193.252.118.175 - - [25/Jul/2009:01:20:05 +0200] "GET /robots.txt HTTP/1.1" 200 64 "-" "Mozilla/5.0 (Windows; U; Windows NT 5.1; fr; rv:1.8.1) VoilaBot BETA 1.2 (support.voilabot@orange-ftgroup.com)"
193.252.118.175 - - [25/Jul/2009:01:20:13 +0200] "GET / HTTP/1.1" 200 7869 "-" "Mozilla/5.0 (Windows; U; Windows NT 5.1; fr; rv:1.8.1) VoilaBot BETA 1.2 (support.voilabot@orange-ftgroup.com)"
72.30.87.86 - - [25/Jul/2009:01:36:24 +0200] "GET /3dsf3/sendi/body.html HTTP/1.0" 200 1322 "-" "Mozilla/5.0 (compatible; Yahoo! Slurp/3.0; http://help.yahoo.com/help/us/ysearch/slurp)"
72.30.87.86 - - [25/Jul/2009:01:36:30 +0200] "GET /3dsf3/sendi/formate.css HTTP/1.0" 200 474 "http://www.various-euro.com/3dsf3/sendi/body.html" "Mozilla/5.0 (compatible; Yahoo! Slurp/3.0; http://help.yahoo.com/help/us/ysearch/slurp)"
72.30.87.86 - - [25/Jul/2009:01:54:33 +0200] "GET /zampa-lovers/index.html HTTP/1.0" 200 37790 "-" "Mozilla/5.0 (compatible; Yahoo! Slurp/3.0; http://help.yahoo.com/help/us/ysearch/slurp)"
72.14.199.8 - - [25/Jul/2009:02:01:36 +0200] "GET / HTTP/1.1" 302 353 "-" "Feedfetcher-Google; (+http://www.google.com/feedfetcher.html; 1 subscribers; feed-id=5454548576667470243)"
72.14.199.85 - - [25/Jul/2009:02:01:37 +0200] "GET /zampa/ HTTP/1.1" 200 7153 "-" "Feedfetcher-Google; (+http://www.google.com/feedfetcher.html; 1 subscribers; feed-id=5454548576667470243)"
72.30.87.86 - - [25/Jul/2009:02:06:17 +0200] "GET /f-bannnerz.html HTTP/1.0" 200 12651 "-" "Mozilla/5.0 (compatible; Yahoo! Slurp/3.0; http://help.yahoo.com/help/us/ysearch/slurp)"
65.55.220.223 - - [25/Jul/2009:02:23:32 +0200] "GET /robots.txt HTTP/1.1" 200 64 "-" "Mozilla/4.0"
65.55.220.223 - - [25/Jul/2009:02:23:32 +0200] "GET /zampa/montenegro/slike/grosse/ZMAJg.jpg HTTP/1.1" 200 25668 "-" "Mozilla/4.0"
65.55.220.223 - - [25/Jul/2009:02:23:34 +0200] "GET /zampa/montenegro/ZMAJW.html HTTP/1.1" 200 860 "-" "Mozilla/4.0"
65.55.220.223 - - [25/Jul/2009:02:23:36 +0200] "GET /zampa/montenegro/ZMAJW.html HTTP/1.1" 200 860 "-" "Mozilla/4.0"
72.30.87.86 - - [25/Jul/2009:02:41:31 +0200] "GET /zampa/ HTTP/1.0" 200 7153 "http://www.angelfire.com/psy/zampa-di-leone-zampa/" "Mozilla/5.0 (compatible; Yahoo! Slurp/3.0; http://help.yahoo.com/help/us/ysearch/slurp)"
72.30.87.86 - - [25/Jul/2009:02:41:31 +0200] "GET /zampa/montenegro/index.html HTTP/1.0" 200 2651 "http://www.angelfire.com/psy/zampa-di-leone-zampa/" "Mozilla/5.0 (compatible; Yahoo! Slurp/3.0; http://help.yahoo.com/help/us/ysearch/slurp)"
41.220.75.3 - - [25/Jul/2009:02:54:25 +0200] "GET / HTTP/1.1" 200 7869 "-" "Mozilla/4.0 (compatible; MSIE 6.0; Windows NT 5.1; SV1)"
41.220.75.3 - - [25/Jul/2009:02:54:26 +0200] "GET / HTTP/1.1" 200 7869 "-" "Mozilla/4.0 (compatible; MSIE 6.0; Windows NT 5.1; SV1)"
193.252.149.15 - - [25/Jul/2009:03:28:00 +0200] "GET /bmpp/18start.html HTTP/1.1" 200 320 "-" "Mozilla/5.0 (Windows; U; Windows NT 5.1; fr; rv:1.8.1) VoilaBot BETA 1.2 (support.voilabot@orange-ftgroup.com)"
83.138.172.72 - - [25/Jul/2009:03:35:39 +0200] "GET / HTTP/1.0" 200 7869 "http://www.odem.org/informationsfreiheit/unterzeichner_81.html" "Mozilla/4.0 (compatible; MSIE 7.0; Windows NT 6.0; SLCC1; .NET CLR 2.0.50727; Media Center PC 5.0; .NET CLR 3.0.04506; .NET CLR 1.1.4322)"
117.87.177.30 - - [25/Jul/2009:04:18:58 +0200] "GET /f-sponsor.html HTTP/1.1" 200 8578 "-" "Mozilla/4.0 (compatible; MSIE 6.0; Windows NT 5.0)"
81.52.143.16 - - [25/Jul/2009:04:41:38 +0200] "GET /bmpp/18_x.html HTTP/1.1" 200 1100 "-" "Mozilla/5.0 (Windows; U; Windows NT 5.1; fr; rv:1.8.1) VoilaBot BETA 1.2 (support.voilabot@orange-ftgroup.com)"
72.14.199.8 - - [25/Jul/2009:05:01:50 +0200] "GET / HTTP/1.1" 302 353 "-" "Feedfetcher-Google; (+http://www.google.com/feedfetcher.html; 1 subscribers; feed-id=5454548576667470243)"
38.99.13.116 - - [25/Jul/2009:05:11:41 +0200] "GET /robots.txt HTTP/1.0" 302 363 "-" "Mozilla/5.0 (Twiceler-0.9 http://www.cuil.com/twiceler/robot.html)"
123.125.66.20 - - [25/Jul/2009:05:32:43 +0200] "GET /robots.txt HTTP/1.1" 200 64 "-" "Baiduspider+(+http://www.baidu.com/search/spider.htm)"
124.207.141.114 - - [25/Jul/2009:05:48:27 +0200] "GET / HTTP/1.1" 200 7869 "-" "Mozilla/5.0 (Windows; U; Windows NT 5.1; zh-CN; rv:1.8.0.2) Gecko/20060519 Firefox/1.5.0.2"
65.55.106.146 - - [25/Jul/2009:05:49:42 +0200] "GET /robots.txt HTTP/1.1" 200 64 "-" "msnbot/2.0b (+http://search.msn.com/msnbot.htm)"
65.55.106.146 - - [25/Jul/2009:05:57:40 +0200] "GET /f-horrorkatze.html HTTP/1.1" 200 7865 "-" "msnbot/2.0b (+http://search.msn.com/msnbot.htm)"
72.14.199.85 - - [25/Jul/2009:05:59:21 +0200] "GET /zampa/ HTTP/1.1" 200 7153 "-" "Feedfetcher-Google; (+http://www.google.com/feedfetcher.html; 1 subscribers; feed-id=5454548576667470243)"
67.195.111.185 - - [25/Jul/2009:05:59:38 +0200] "GET /robots.txt HTTP/1.0" 200 64 "-" "Mozilla/5.0 (compatible; Yahoo! Slurp; http://help.yahoo.com/help/us/ysearch/slurp)"
67.195.111.185 - - [25/Jul/2009:05:59:38 +0200] "GET /framez.html HTTP/1.0" 200 3959 "-" "Mozilla/5.0 (compatible; Yahoo! Slurp/3.0; http://help.yahoo.com/help/us/ysearch/slurp)"
67.195.111.185 - - [25/Jul/2009:05:59:39 +0200] "GET /style/various-euro.css HTTP/1.0" 304 - "http://www.various-euro.com/framez.html" "Mozilla/5.0 (compatible; Yahoo! Slurp/3.0; http://help.yahoo.com/help/us/ysearch/slurp)"
67.195.111.185 - - [25/Jul/2009:05:59:39 +0200] "GET /frame-menu.html HTTP/1.0" 200 10500 "http://www.various-euro.com/framez.html" "Mozilla/5.0 (compatible; Yahoo! Slurp/3.0; http://help.yahoo.com/help/us/ysearch/slurp)"
67.195.111.185 - - [25/Jul/2009:05:59:39 +0200] "GET /frame-unten.html HTTP/1.0" 200 5308 "http://www.various-euro.com/framez.html" "Mozilla/5.0 (compatible; Yahoo! Slurp/3.0; http://help.yahoo.com/help/us/ysearch/slurp)"
67.195.111.185 - - [25/Jul/2009:05:59:39 +0200] "GET /frame-inhalt.html HTTP/1.0" 200 7688 "http://www.various-euro.com/framez.html" "Mozilla/5.0 (compatible; Yahoo! Slurp/3.0; http://help.yahoo.com/help/us/ysearch/slurp)"
216.129.119.49 - - [25/Jul/2009:06:15:16 +0200] "GET /robots.txt HTTP/1.0" 200 64 "-" "Mozilla/5.0 (Twiceler-0.9 http://www.cuil.com/twiceler/robot.html)"
72.30.87.86 - - [25/Jul/2009:07:01:41 +0200] "GET /robots.txt HTTP/1.0" 200 64 "-" "Mozilla/5.0 (compatible; Yahoo! Slurp; http://help.yahoo.com/help/us/ysearch/slurp)"
72.30.87.86 - - [25/Jul/2009:07:01:41 +0200] "GET /frame-unten.html HTTP/1.0" 200 5308 "-" "Mozilla/5.0 (compatible; Yahoo! Slurp/3.0; http://help.yahoo.com/help/us/ysearch/slurp)"
77.88.28.248 - - [25/Jul/2009:07:09:11 +0200] "GET /robots.txt HTTP/1.1" 302 363 "-" "Yandex/1.01.001 (compatible; Win16; I)"
38.99.44.105 - - [25/Jul/2009:07:17:39 +0200] "GET /robots.txt HTTP/1.0" 200 64 "-" "Mozilla/5.0 (Twiceler-0.9 http://www.cuil.com/twiceler/robot.html)"
65.55.106.216 - - [25/Jul/2009:07:24:32 +0200] "GET /robots.txt HTTP/1.1" 200 64 "-" "msnbot/2.0b (+http://search.msn.com/msnbot.htm)"
193.252.118.175 - - [25/Jul/2009:07:29:57 +0200] "GET /robots.txt HTTP/1.1" 200 64 "-" "Mozilla/5.0 (Windows; U; Windows NT 5.1; fr; rv:1.8.1) VoilaBot BETA 1.2 (support.voilabot@orange-ftgroup.com)"
193.252.118.175 - - [25/Jul/2009:07:30:11 +0200] "GET /bmpp/euro_pal_111.html HTTP/1.1" 200 2129 "-" "Mozilla/5.0 (Windows; U; Windows NT 5.1; fr; rv:1.8.1) VoilaBot BETA 1.2 (support.voilabot@orange-ftgroup.com)"
65.55.106.216 - - [25/Jul/2009:07:40:12 +0200] "GET /schubb/schubb-1.html HTTP/1.1" 200 9070 "-" "msnbot/2.0b (+http://search.msn.com/msnbot.htm)"
193.252.118.174 - - [25/Jul/2009:08:05:07 +0200] "GET /neon/girlz3.html HTTP/1.1" 200 2479 "-" "Mozilla/5.0 (Windows; U; Windows NT 5.1; fr; rv:1.8.1) VoilaBot BETA 1.2 (support.voilabot@orange-ftgroup.com)"
72.30.87.86 - - [25/Jul/2009:08:06:32 +0200] "GET /zampa-lovers/index.html HTTP/1.0" 200 37790 "-" "Mozilla/5.0 (compatible; Yahoo! Slurp/3.0; http://help.yahoo.com/help/us/ysearch/slurp)"
72.14.199.8 - - [25/Jul/2009:08:59:31 +0200] "GET / HTTP/1.1" 302 353 "-" "Feedfetcher-Google; (+http://www.google.com/feedfetcher.html; 1 subscribers; feed-id=5454548576667470243)"
72.14.199.85 - - [25/Jul/2009:09:00:13 +0200] "GET /zampa/ HTTP/1.1" 200 7153 "-" "Feedfetcher-Google; (+http://www.google.com/feedfetcher.html; 1 subscribers; feed-id=5454548576667470243)"
65.55.211.170 - - [25/Jul/2009:09:10:52 +0200] "GET /robots.txt HTTP/1.1" 200 64 "-" "msnbot/1.1 (+http://search.msn.com/msnbot.htm)"
65.55.211.170 - - [25/Jul/2009:09:10:54 +0200] "GET /neon/girlz3.html HTTP/1.1" 200 2479 "-" "msnbot/1.1 (+http://search.msn.com/msnbot.htm)"
66.249.65.204 - - [25/Jul/2009:09:22:21 +0200] "GET /robots.txt HTTP/1.1" 200 64 "-" "Mozilla/5.0 (compatible; Googlebot/2.1; +http://www.google.com/bot.html)"
66.249.65.204 - - [25/Jul/2009:09:22:22 +0200] "GET /your_tour.html HTTP/1.1" 200 29760 "-" "Mozilla/5.0 (compatible; Googlebot/2.1; +http://www.google.com/bot.html)"
72.30.87.86 - - [25/Jul/2009:09:29:10 +0200] "GET /zampa/ HTTP/1.0" 200 7153 "-" "Mozilla/5.0 (compatible; Yahoo! Slurp/3.0; http://help.yahoo.com/help/us/ysearch/slurp)"
208.80.195.121 - - [25/Jul/2009:09:43:10 +0200] "GET / HTTP/1.0" 200 7869 "-" "Mozilla/4.0 (compatible; MSIE 7.0; Windows NT 5.1; .NET CLR 2.0.50727; IEMB3; Windows-Media-Player/10.00.00.3990; IEMB3)"
208.80.195.121 - - [25/Jul/2009:09:43:10 +0200] "GET / HTTP/1.0" 200 7869 "-" "Mozilla/4.0 (compatible; MSIE 6.0; Windows NT 5.1; SV1; NN5.0.2.4; .NET CLR 1.1.4322)"
72.30.87.86 - - [25/Jul/2009:09:45:04 +0200] "GET /frame-unten.html HTTP/1.0" 200 5308 "-" "Mozilla/5.0 (compatible; Yahoo! Slurp/3.0; http://help.yahoo.com/help/us/ysearch/slurp)"
208.96.54.72 - - [25/Jul/2009:09:48:26 +0200] "GET /robots.txt HTTP/1.1" 200 64 "-" "Mozilla/5.0 (compatible; discobot/1.1; +http://discoveryengine.com/discobot.html)"
208.96.54.72 - - [25/Jul/2009:09:48:36 +0200] "GET /menue.html HTTP/1.1" 404 2748 "-" "Mozilla/5.0 (compatible; discobot/1.1; +http://discoveryengine.com/discobot.html)"
72.30.87.86 - - [25/Jul/2009:09:59:28 +0200] "GET /bmpp/18.html HTTP/1.0" 200 4467 "-" "Mozilla/5.0 (compatible; Yahoo! Slurp/3.0; http://help.yahoo.com/help/us/ysearch/slurp)"
81.52.143.37 - - [25/Jul/2009:10:10:14 +0200] "GET /neon/left-one-new.html HTTP/1.1" 200 1483 "-" "Mozilla/5.0 (Windows; U; Windows NT 5.1; fr; rv:1.8.1) VoilaBot BETA 1.2 (support.voilabot@orange-ftgroup.com)"
92.80.183.181 - - [25/Jul/2009:11:09:41 +0200] "GET /zampa/montenegro/contributions.html HTTP/1.1" 200 18843 "-" "ddy8pn bumdednevbdqrvct"
65.55.231.97 - - [25/Jul/2009:11:23:35 +0200] "GET /robots.txt HTTP/1.1" 200 64 "-" "Mozilla/4.0"
65.55.231.97 - - [25/Jul/2009:11:23:35 +0200] "GET /logs/hourly_usage_200707.png HTTP/1.1" 404 2748 "-" "Mozilla/4.0"
65.55.106.220 - - [25/Jul/2009:11:33:43 +0200] "GET /robots.txt HTTP/1.1" 200 64 "-" "msnbot/2.0b (+http://search.msn.com/msnbot.htm)"
93.86.138.196 - - [25/Jul/2009:11:34:28 +0200] "GET / HTTP/1.1" 302 353 "http://www.google.com/search?client=firefox-a&rls=org.mozilla%3Aen-US%3Aofficial&channel=s&hl=en&q=zampa+di+leone&btnG=Google+Search" "Mozilla/5.0 (Windows; U; Windows NT 5.1; en-US; rv:1.9.1) Gecko/20090624 Firefox/3.5"
93.86.138.196 - - [25/Jul/2009:11:34:28 +0200] "GET /zampa/ HTTP/1.1" 200 7153 "http://www.google.com/search?client=firefox-a&rls=org.mozilla%3Aen-US%3Aofficial&channel=s&hl=en&q=zampa+di+leone&btnG=Google+Search" "Mozilla/5.0 (Windows; U; Windows NT 5.1; en-US; rv:1.9.1) Gecko/20090624 Firefox/3.5"
93.86.138.196 - - [25/Jul/2009:11:35:26 +0200] "GET / HTTP/1.1" 302 353 "http://www.google.com/search?client=firefox-a&rls=org.mozilla%3Aen-US%3Aofficial&channel=s&hl=en&q=zampa+di+leone&btnG=Google+Search" "Mozilla/5.0 (Windows; U; Windows NT 5.1; en-US; rv:1.9.1) Gecko/20090624 Firefox/3.5"
93.86.138.196 - - [25/Jul/2009:11:35:27 +0200] "GET /zampa/ HTTP/1.1" 200 7153 "http://www.google.com/search?client=firefox-a&rls=org.mozilla%3Aen-US%3Aofficial&channel=s&hl=en&q=zampa+di+leone&btnG=Google+Search" "Mozilla/5.0 (Windows; U; Windows NT 5.1; en-US; rv:1.9.1) Gecko/20090624 Firefox/3.5"
93.86.138.196 - - [25/Jul/2009:11:35:32 +0200] "GET /zampa/slike/inthearse.gif HTTP/1.1" 200 4077 "http://www.various-euro.com/zampa/" "Mozilla/5.0 (Windows; U; Windows NT 5.1; en-US; rv:1.9.1) Gecko/20090624 Firefox/3.5"
93.86.138.196 - - [25/Jul/2009:11:35:32 +0200] "GET /zampa/slike/zampa.gif HTTP/1.1" 200 5310 "http://www.various-euro.com/zampa/" "Mozilla/5.0 (Windows; U; Windows NT 5.1; en-US; rv:1.9.1) Gecko/20090624 Firefox/3.5"
93.86.138.196 - - [25/Jul/2009:11:35:32 +0200] "GET /zampa/slike/udupetu.gif HTTP/1.1" 200 4138 "http://www.various-euro.com/zampa/" "Mozilla/5.0 (Windows; U; Windows NT 5.1; en-US; rv:1.9.1) Gecko/20090624 Firefox/3.5"
93.86.138.196 - - [25/Jul/2009:11:35:33 +0200] "GET /favicon.ico HTTP/1.1" 404 2748 "-" "Mozilla/5.0 (Windows; U; Windows NT 5.1; en-US; rv:1.9.1) Gecko/20090624 Firefox/3.5"
93.86.138.196 - - [25/Jul/2009:11:35:36 +0200] "GET /favicon.ico HTTP/1.1" 404 2748 "-" "Mozilla/5.0 (Windows; U; Windows NT 5.1; en-US; rv:1.9.1) Gecko/20090624 Firefox/3.5"
93.86.138.196 - - [25/Jul/2009:11:35:43 +0200] "GET /zampa/slike/S5UROSTO.GIF HTTP/1.1" 200 45220 "http://www.various-euro.com/zampa/" "Mozilla/5.0 (Windows; U; Windows NT 5.1; en-US; rv:1.9.1) Gecko/20090624 Firefox/3.5"
93.86.138.196 - - [25/Jul/2009:11:36:13 +0200] "GET /zampa/slike/S7MEDIAA.GIF HTTP/1.1" 200 45793 "http://www.various-euro.com/zampa/" "Mozilla/5.0 (Windows; U; Windows NT 5.1; en-US; rv:1.9.1) Gecko/20090624 Firefox/3.5"
65.55.211.166 - - [25/Jul/2009:11:36:19 +0200] "GET /robots.txt HTTP/1.1" 200 64 "-" "msnbot/1.1 (+http://search.msn.com/msnbot.htm)"
65.55.211.166 - - [25/Jul/2009:11:36:21 +0200] "GET /zampa/lybia/index.html HTTP/1.1" 200 3036 "-" "msnbot/1.1 (+http://search.msn.com/msnbot.htm)"
93.86.138.196 - - [25/Jul/2009:11:37:05 +0200] "GET /zampa/slike/E1TITEL.GIF HTTP/1.1" 200 16284 "http://www.various-euro.com/zampa/" "Mozilla/5.0 (Windows; U; Windows NT 5.1; en-US; rv:1.9.1) Gecko/20090624 Firefox/3.5"
93.86.138.196 - - [25/Jul/2009:11:37:14 +0200] "GET /zampa/slike/S4IRWIN.GIF HTTP/1.1" 200 54718 "http://www.various-euro.com/zampa/" "Mozilla/5.0 (Windows; U; Windows NT 5.1; en-US; rv:1.9.1) Gecko/20090624 Firefox/3.5"
93.86.138.196 - - [25/Jul/2009:11:38:07 +0200] "GET /zampa/slike/S6BIENNI.GIF HTTP/1.1" 200 35877 "http://www.various-euro.com/zampa/" "Mozilla/5.0 (Windows; U; Windows NT 5.1; en-US; rv:1.9.1) Gecko/20090624 Firefox/3.5"
93.86.138.196 - - [25/Jul/2009:11:38:41 +0200] "GET /zampa/slike/S3VAMPIR.GIF HTTP/1.1" 200 55504 "http://www.various-euro.com/zampa/" "Mozilla/5.0 (Windows; U; Windows NT 5.1; en-US; rv:1.9.1) Gecko/20090624 Firefox/3.5"
65.55.106.220 - - [25/Jul/2009:11:39:43 +0200] "GET /f-zeug.html HTTP/1.1" 200 59462 "-" "msnbot/2.0b (+http://search.msn.com/msnbot.htm)"
93.86.138.196 - - [25/Jul/2009:11:39:52 +0200] "GET / HTTP/1.1" 302 353 "http://www.google.com/search?client=firefox-a&rls=org.mozilla%3Aen-US%3Aofficial&channel=s&hl=en&q=zampa+di+leone&btnG=Google+Search" "Mozilla/5.0 (Windows; U; Windows NT 5.1; en-US; rv:1.9.1) Gecko/20090624 Firefox/3.5"
77.88.28.248 - - [25/Jul/2009:11:47:17 +0200] "GET /robots.txt HTTP/1.1" 200 64 "-" "Yandex/1.01.001 (compatible; Win16; I)"
90.194.28.40 - - [25/Jul/2009:11:58:01 +0200] "GET /logs/ HTTP/1.1" 200 11511 "-" "Mozilla 4/0"
90.194.28.40 - - [25/Jul/2009:11:58:01 +0200] "GET /logs/ HTTP/1.1" 200 11511 "http://www.various-euro.com/logs/" "Mozilla 4/0"
90.194.28.40 - - [25/Jul/2009:11:58:01 +0200] "GET /logs/ HTTP/1.1" 200 11511 "http://www.various-euro.com/logs/" "Mozilla 4/0"
90.194.28.40 - - [25/Jul/2009:11:58:01 +0200] "GET /logs/ HTTP/1.1" 200 11511 "http://www.various-euro.com/logs/" "Mozilla 4/0"
90.194.28.40 - - [25/Jul/2009:11:58:01 +0200] "GET /logs/ HTTP/1.1" 200 11511 "http://www.various-euro.com/logs/" "Mozilla 4/0"
90.194.28.40 - - [25/Jul/2009:11:58:01 +0200] "GET /logs/ HTTP/1.1" 200 11511 "http://www.various-euro.com/logs/" "Mozilla 4/0"
72.14.199.8 - - [25/Jul/2009:12:00:23 +0200] "GET / HTTP/1.1" 302 353 "-" "Feedfetcher-Google; (+http://www.google.com/feedfetcher.html; 1 subscribers; feed-id=5454548576667470243)"
72.14.199.85 - - [25/Jul/2009:12:00:30 +0200] "GET /zampa/ HTTP/1.1" 200 7153 "-" "Feedfetcher-Google; (+http://www.google.com/feedfetcher.html; 1 subscribers; feed-id=5454548576667470243)"
66.249.65.204 - - [25/Jul/2009:12:05:21 +0200] "GET /logs/usage_200907.html HTTP/1.1" 404 2748 "-" "Mozilla/5.0 (compatible; Googlebot/2.1; +http://www.google.com/bot.html)"
193.252.118.176 - - [25/Jul/2009:12:11:57 +0200] "GET /neon/slow-walk.html HTTP/1.1" 200 1640 "-" "Mozilla/5.0 (Windows; U; Windows NT 5.1; fr; rv:1.8.1) VoilaBot BETA 1.2 (support.voilabot@orange-ftgroup.com)"
66.235.124.56 - - [25/Jul/2009:12:35:28 +0200] "GET /robots.txt HTTP/1.0" 200 64 "-" "Mozilla/5.0 (compatible; Ask Jeeves/Teoma; +http://about.ask.com/en/docs/about/webmasters.shtml)"
66.235.124.56 - - [25/Jul/2009:12:35:28 +0200] "GET / HTTP/1.0" 200 7869 "-" "Mozilla/5.0 (compatible; Ask Jeeves/Teoma; +http://about.ask.com/en/docs/about/webmasters.shtml)"
66.249.65.204 - - [25/Jul/2009:12:36:38 +0200] "GET /framez-e-count.html HTTP/1.1" 200 4321 "-" "Mozilla/5.0 (compatible; Googlebot/2.1; +http://www.google.com/bot.html)"
