82.93.152.253 - - [09/Jul/2009:18:17:38 +0200] "GET /zampa-lovers/ZAMPAMAS.MPG HTTP/1.1" 200 520196 "http://www.various-euro.com/zampa-lovers/index.html" "Mozilla/5.0 (Windows; U; Windows NT 5.1; en-US; rv:1.9.0.11) Gecko/2009060215 Firefox/3.0.11"
65.55.106.242 - - [09/Jul/2009:18:20:21 +0200] "GET /robots.txt HTTP/1.1" 200 64 "-" "msnbot/2.0b (+http://search.msn.com/msnbot.htm)"
66.235.124.4 - - [09/Jul/2009:18:24:19 +0200] "GET /robots.txt HTTP/1.1" 200 64 "-" "Mozilla/5.0 (compatible; Ask Jeeves/Teoma; +http://about.ask.com/en/docs/about/webmasters.shtml)"
66.235.124.4 - - [09/Jul/2009:18:24:35 +0200] "GET /f-actions.html HTTP/1.1" 200 11686 "-" "Mozilla/5.0 (compatible; Ask Jeeves/Teoma; +http://about.ask.com/en/docs/about/webmasters.shtml)"
65.55.51.111 - - [09/Jul/2009:18:25:17 +0200] "GET /robots.txt HTTP/1.1" 200 64 "-" "msnbot/2.0b (+http://search.msn.com/msnbot.htm)"
65.55.106.242 - - [09/Jul/2009:18:29:19 +0200] "GET /neon/biggtani.html HTTP/1.1" 200 1698 "-" "msnbot/2.0b (+http://search.msn.com/msnbot.htm)"
66.249.72.227 - - [09/Jul/2009:18:32:13 +0200] "GET /rss/ve-rss.php HTTP/1.1" 200 16689 "-" "Mozilla/5.0 (compatible; Googlebot/2.1; +http://www.google.com/bot.html)"
78.8.20.99 - - [09/Jul/2009:18:35:51 +0200] "GET / HTTP/1.1" 200 7869 "http://carmanuals.0fees.net/" "Mozilla/4.0 (compatible; MSIE 5.5; Windows 98)"
98.213.34.148 - - [09/Jul/2009:18:53:26 +0200] "GET /cgi/smpro/s.pl HTTP/1.1" 404 2748 "http://various-euro.com/cgi/smpro/s.pl" "Mozilla/4.0 (compatible; MSIE 6.0; Windows NT 5.1)"
66.249.72.227 - - [09/Jul/2009:19:05:21 +0200] "GET /3dsf3/sendi/rituals.html HTTP/1.1" 200 1411 "-" "Mozilla/5.0 (compatible; Googlebot/2.1; +http://www.google.com/bot.html)"
65.55.106.139 - - [09/Jul/2009:19:13:40 +0200] "GET /robots.txt HTTP/1.1" 200 64 "-" "msnbot/2.0b (+http://search.msn.com/msnbot.htm)"
74.6.18.253 - - [09/Jul/2009:19:35:27 +0200] "GET /framez_0.html HTTP/1.0" 200 12285 "-" "Mozilla/5.0 (compatible; Yahoo! Slurp/3.0; http://help.yahoo.com/help/us/ysearch/slurp)"
72.14.199.8 - - [09/Jul/2009:19:37:00 +0200] "GET / HTTP/1.1" 302 353 "-" "Feedfetcher-Google; (+http://www.google.com/feedfetcher.html; 1 subscribers; feed-id=5454548576667470243)"
72.14.199.85 - - [09/Jul/2009:19:37:02 +0200] "GET /zampa/ HTTP/1.1" 200 7153 "-" "Feedfetcher-Google; (+http://www.google.com/feedfetcher.html; 1 subscribers; feed-id=5454548576667470243)"
65.55.110.75 - - [09/Jul/2009:19:42:01 +0200] "GET /f-warez.html HTTP/1.1" 200 10953 "http://search.live.com/results.aspx?q=stuff" "Mozilla/4.0 (compatible; MSIE 6.0; Windows NT 5.2; SV1; .NET CLR 1.1.4325; .NET CLR 2.0.40607; .NET CLR 3.0.04506.648)"
65.55.110.75 - - [09/Jul/2009:19:42:19 +0200] "GET /framez-warez.html HTTP/1.1" 200 4322 "-" "Mozilla/4.0 (compatible; MSIE 6.0; Windows NT 5.2; SV1; .NET CLR 1.1.4325; .NET CLR 2.0.40607; .NET CLR 3.0.04506.648)"
65.55.110.75 - - [09/Jul/2009:19:42:20 +0200] "GET /frame-menu.html HTTP/1.1" 200 10500 "http://www.various-euro.com/framez-warez.html" "Mozilla/4.0 (compatible; MSIE 6.0; Windows NT 5.2; SV1; .NET CLR 1.1.4325; .NET CLR 2.0.40607; .NET CLR 3.0.04506.648)"
65.55.110.75 - - [09/Jul/2009:19:42:21 +0200] "GET /frame-unten.html HTTP/1.1" 200 5308 "http://www.various-euro.com/framez-warez.html" "Mozilla/4.0 (compatible; MSIE 6.0; Windows NT 5.2; SV1; .NET CLR 1.1.4325; .NET CLR 2.0.40607; .NET CLR 3.0.04506.648)"
65.55.110.75 - - [09/Jul/2009:19:42:22 +0200] "GET /style/various-euro.css HTTP/1.1" 200 3437 "http://www.various-euro.com/frame-menu.html" "Mozilla/4.0 (compatible; MSIE 6.0; Windows NT 5.2; SV1; .NET CLR 1.1.4325; .NET CLR 2.0.40607; .NET CLR 3.0.04506.648)"
65.55.110.75 - - [09/Jul/2009:19:42:22 +0200] "GET /f-warez.html HTTP/1.1" 200 10953 "http://www.various-euro.com/framez-warez.html" "Mozilla/4.0 (compatible; MSIE 6.0; Windows NT 5.2; SV1; .NET CLR 1.1.4325; .NET CLR 2.0.40607; .NET CLR 3.0.04506.648)"
87.162.22.204 - - [09/Jul/2009:19:54:25 +0200] "GET / HTTP/1.1" 200 7869 "-" "Mozilla/5.0 (X11; U; Linux i686; de; rv:1.9.0.11) Gecko/2009060308 Ubuntu/9.04 (jaunty) Firefox/3.0.11"
87.162.22.204 - - [09/Jul/2009:19:54:25 +0200] "GET /ve-icon-2.ico HTTP/1.1" 200 2238 "-" "Mozilla/5.0 (X11; U; Linux i686; de; rv:1.9.0.11) Gecko/2009060308 Ubuntu/9.04 (jaunty) Firefox/3.0.11"
87.162.22.204 - - [09/Jul/2009:19:54:25 +0200] "GET /style/various-euro.css HTTP/1.1" 200 3437 "http://various-euro.com/" "Mozilla/5.0 (X11; U; Linux i686; de; rv:1.9.0.11) Gecko/2009060308 Ubuntu/9.04 (jaunty) Firefox/3.0.11"
87.162.22.204 - - [09/Jul/2009:19:54:25 +0200] "GET /framez_0.html HTTP/1.1" 200 12285 "http://various-euro.com/" "Mozilla/5.0 (X11; U; Linux i686; de; rv:1.9.0.11) Gecko/2009060308 Ubuntu/9.04 (jaunty) Firefox/3.0.11"
87.162.22.204 - - [09/Jul/2009:19:57:31 +0200] "GET /framez_0.html HTTP/1.1" 200 12285 "-" "Mozilla/5.0 (X11; U; Linux i686; de; rv:1.9.0.11) Gecko/2009060308 Ubuntu/9.04 (jaunty) Firefox/3.0.11"
87.162.22.204 - - [09/Jul/2009:19:57:31 +0200] "GET /ve-icon-2.ico HTTP/1.1" 200 2238 "-" "Mozilla/5.0 (X11; U; Linux i686; de; rv:1.9.0.11) Gecko/2009060308 Ubuntu/9.04 (jaunty) Firefox/3.0.11"
87.162.22.204 - - [09/Jul/2009:19:57:34 +0200] "GET /framez.html HTTP/1.1" 200 3959 "http://various-euro.com/framez_0.html" "Mozilla/5.0 (X11; U; Linux i686; de; rv:1.9.0.11) Gecko/2009060308 Ubuntu/9.04 (jaunty) Firefox/3.0.11"
87.162.22.204 - - [09/Jul/2009:19:57:34 +0200] "GET /style/various-euro.css HTTP/1.1" 200 3437 "http://various-euro.com/framez.html" "Mozilla/5.0 (X11; U; Linux i686; de; rv:1.9.0.11) Gecko/2009060308 Ubuntu/9.04 (jaunty) Firefox/3.0.11"
87.162.22.204 - - [09/Jul/2009:19:57:34 +0200] "GET /frame-menu.html HTTP/1.1" 200 10500 "http://various-euro.com/framez.html" "Mozilla/5.0 (X11; U; Linux i686; de; rv:1.9.0.11) Gecko/2009060308 Ubuntu/9.04 (jaunty) Firefox/3.0.11"
87.162.22.204 - - [09/Jul/2009:19:57:34 +0200] "GET /frame-inhalt.html HTTP/1.1" 200 7688 "http://various-euro.com/framez.html" "Mozilla/5.0 (X11; U; Linux i686; de; rv:1.9.0.11) Gecko/2009060308 Ubuntu/9.04 (jaunty) Firefox/3.0.11"
87.162.22.204 - - [09/Jul/2009:19:57:34 +0200] "GET /frame-unten.html HTTP/1.1" 200 5308 "http://various-euro.com/framez.html" "Mozilla/5.0 (X11; U; Linux i686; de; rv:1.9.0.11) Gecko/2009060308 Ubuntu/9.04 (jaunty) Firefox/3.0.11"
87.162.22.204 - - [09/Jul/2009:19:57:35 +0200] "GET /bannerz/ve.jpg HTTP/1.1" 200 36912 "http://various-euro.com/frame-unten.html" "Mozilla/5.0 (X11; U; Linux i686; de; rv:1.9.0.11) Gecko/2009060308 Ubuntu/9.04 (jaunty) Firefox/3.0.11"
87.162.22.204 - - [09/Jul/2009:19:57:35 +0200] "GET /bannerz/various-euro-girl.jpg HTTP/1.1" 200 91514 "http://various-euro.com/frame-unten.html" "Mozilla/5.0 (X11; U; Linux i686; de; rv:1.9.0.11) Gecko/2009060308 Ubuntu/9.04 (jaunty) Firefox/3.0.11"
87.162.22.204 - - [09/Jul/2009:19:57:36 +0200] "GET /bannerz/neon_click_2.gif HTTP/1.1" 200 387 "http://various-euro.com/frame-inhalt.html" "Mozilla/5.0 (X11; U; Linux i686; de; rv:1.9.0.11) Gecko/2009060308 Ubuntu/9.04 (jaunty) Firefox/3.0.11"
87.162.22.204 - - [09/Jul/2009:19:57:36 +0200] "GET /bannerz/neon_click_3.gif HTTP/1.1" 200 240 "http://various-euro.com/frame-inhalt.html" "Mozilla/5.0 (X11; U; Linux i686; de; rv:1.9.0.11) Gecko/2009060308 Ubuntu/9.04 (jaunty) Firefox/3.0.11"
87.162.22.204 - - [09/Jul/2009:19:57:36 +0200] "GET /eurosign3.gif HTTP/1.1" 200 7879 "http://various-euro.com/frame-inhalt.html" "Mozilla/5.0 (X11; U; Linux i686; de; rv:1.9.0.11) Gecko/2009060308 Ubuntu/9.04 (jaunty) Firefox/3.0.11"
87.162.22.204 - - [09/Jul/2009:19:57:36 +0200] "GET /bannerz/neon_click_1.gif HTTP/1.1" 200 890 "http://various-euro.com/frame-inhalt.html" "Mozilla/5.0 (X11; U; Linux i686; de; rv:1.9.0.11) Gecko/2009060308 Ubuntu/9.04 (jaunty) Firefox/3.0.11"
87.162.22.204 - - [09/Jul/2009:19:57:36 +0200] "GET /bannerz/google/Logo_40blk.gif HTTP/1.1" 200 2308 "http://various-euro.com/frame-inhalt.html" "Mozilla/5.0 (X11; U; Linux i686; de; rv:1.9.0.11) Gecko/2009060308 Ubuntu/9.04 (jaunty) Firefox/3.0.11"
87.162.22.204 - - [09/Jul/2009:19:57:36 +0200] "GET /bannerz/douwil.gif HTTP/1.1" 200 528 "http://various-euro.com/frame-inhalt.html" "Mozilla/5.0 (X11; U; Linux i686; de; rv:1.9.0.11) Gecko/2009060308 Ubuntu/9.04 (jaunty) Firefox/3.0.11"
87.162.22.204 - - [09/Jul/2009:19:57:36 +0200] "GET /bannerz/anti_black_small.gif HTTP/1.1" 200 1009 "http://various-euro.com/frame-inhalt.html" "Mozilla/5.0 (X11; U; Linux i686; de; rv:1.9.0.11) Gecko/2009060308 Ubuntu/9.04 (jaunty) Firefox/3.0.11"
87.162.22.204 - - [09/Jul/2009:19:57:36 +0200] "GET /bannerz/wet.gif HTTP/1.1" 200 18561 "http://various-euro.com/frame-inhalt.html" "Mozilla/5.0 (X11; U; Linux i686; de; rv:1.9.0.11) Gecko/2009060308 Ubuntu/9.04 (jaunty) Firefox/3.0.11"
87.162.22.204 - - [09/Jul/2009:19:57:36 +0200] "GET /bannerz/copyleft_black_small.gif HTTP/1.1" 200 1231 "http://various-euro.com/frame-inhalt.html" "Mozilla/5.0 (X11; U; Linux i686; de; rv:1.9.0.11) Gecko/2009060308 Ubuntu/9.04 (jaunty) Firefox/3.0.11"
87.162.22.204 - - [09/Jul/2009:19:59:22 +0200] "GET /f-actions.html HTTP/1.1" 200 11686 "http://various-euro.com/frame-menu.html" "Mozilla/5.0 (X11; U; Linux i686; de; rv:1.9.0.11) Gecko/2009060308 Ubuntu/9.04 (jaunty) Firefox/3.0.11"
87.162.22.204 - - [09/Jul/2009:19:59:22 +0200] "GET /bannerz/camubg.gif HTTP/1.1" 200 4375 "http://various-euro.com/f-actions.html" "Mozilla/5.0 (X11; U; Linux i686; de; rv:1.9.0.11) Gecko/2009060308 Ubuntu/9.04 (jaunty) Firefox/3.0.11"
87.162.22.204 - - [09/Jul/2009:19:59:22 +0200] "GET /bannerz/interfiction-logo-rot-2006.gif HTTP/1.1" 200 743 "http://various-euro.com/f-actions.html" "Mozilla/5.0 (X11; U; Linux i686; de; rv:1.9.0.11) Gecko/2009060308 Ubuntu/9.04 (jaunty) Firefox/3.0.11"
87.162.22.204 - - [09/Jul/2009:19:59:22 +0200] "GET /bannerz/gradio_berlin.gif HTTP/1.1" 200 4400 "http://various-euro.com/f-actions.html" "Mozilla/5.0 (X11; U; Linux i686; de; rv:1.9.0.11) Gecko/2009060308 Ubuntu/9.04 (jaunty) Firefox/3.0.11"
87.162.22.204 - - [09/Jul/2009:19:59:23 +0200] "GET /bannerz/sound/bruce.mid HTTP/1.1" 200 3515 "http://various-euro.com/f-actions.html" "Mozilla/5.0 (X11; U; Linux i686; de; rv:1.9.0.11) Gecko/2009060308 Ubuntu/9.04 (jaunty) Firefox/3.0.11"
87.162.22.204 - - [09/Jul/2009:19:59:23 +0200] "GET /bannerz/iflogo-black-inv.gif HTTP/1.1" 200 661 "http://various-euro.com/f-actions.html" "Mozilla/5.0 (X11; U; Linux i686; de; rv:1.9.0.11) Gecko/2009060308 Ubuntu/9.04 (jaunty) Firefox/3.0.11"
87.162.22.204 - - [09/Jul/2009:19:59:23 +0200] "GET /bannerz/iflogow.gif HTTP/1.1" 200 1295 "http://various-euro.com/f-actions.html" "Mozilla/5.0 (X11; U; Linux i686; de; rv:1.9.0.11) Gecko/2009060308 Ubuntu/9.04 (jaunty) Firefox/3.0.11"
87.162.22.204 - - [09/Jul/2009:19:59:23 +0200] "GET /bannerz/sf-banner-2.gif HTTP/1.1" 200 1836 "http://various-euro.com/f-actions.html" "Mozilla/5.0 (X11; U; Linux i686; de; rv:1.9.0.11) Gecko/2009060308 Ubuntu/9.04 (jaunty) Firefox/3.0.11"
87.162.22.204 - - [09/Jul/2009:19:59:23 +0200] "GET /bannerz/horrorkatze/various-sendi.jpg HTTP/1.1" 200 6368 "http://various-euro.com/f-actions.html" "Mozilla/5.0 (X11; U; Linux i686; de; rv:1.9.0.11) Gecko/2009060308 Ubuntu/9.04 (jaunty) Firefox/3.0.11"
87.162.22.204 - - [09/Jul/2009:19:59:24 +0200] "GET /bannerz/displaced-dilemma.jpg HTTP/1.1" 200 10530 "http://various-euro.com/f-actions.html" "Mozilla/5.0 (X11; U; Linux i686; de; rv:1.9.0.11) Gecko/2009060308 Ubuntu/9.04 (jaunty) Firefox/3.0.11"
87.162.22.204 - - [09/Jul/2009:19:59:24 +0200] "GET /bannerz/doom-ph.jpg HTTP/1.1" 200 69650 "http://various-euro.com/f-actions.html" "Mozilla/5.0 (X11; U; Linux i686; de; rv:1.9.0.11) Gecko/2009060308 Ubuntu/9.04 (jaunty) Firefox/3.0.11"
87.162.22.204 - - [09/Jul/2009:19:59:24 +0200] "GET /bannerz/flyer-front.jpg HTTP/1.1" 200 49246 "http://various-euro.com/f-actions.html" "Mozilla/5.0 (X11; U; Linux i686; de; rv:1.9.0.11) Gecko/2009060308 Ubuntu/9.04 (jaunty) Firefox/3.0.11"
87.162.22.204 - - [09/Jul/2009:19:59:25 +0200] "GET /bannerz/canalbleu.gif HTTP/1.1" 200 2319 "http://various-euro.com/f-actions.html" "Mozilla/5.0 (X11; U; Linux i686; de; rv:1.9.0.11) Gecko/2009060308 Ubuntu/9.04 (jaunty) Firefox/3.0.11"
87.162.22.204 - - [09/Jul/2009:19:59:25 +0200] "GET /bannerz/invite.gif HTTP/1.1" 200 23929 "http://various-euro.com/f-actions.html" "Mozilla/5.0 (X11; U; Linux i686; de; rv:1.9.0.11) Gecko/2009060308 Ubuntu/9.04 (jaunty) Firefox/3.0.11"
87.162.22.204 - - [09/Jul/2009:19:59:22 +0200] "GET /bannerz/Rena-Raedle-Vladan-Jeremic-various-euro-SENDI-Paris.jpg HTTP/1.1" 200 224132 "http://various-euro.com/f-actions.html" "Mozilla/5.0 (X11; U; Linux i686; de; rv:1.9.0.11) Gecko/2009060308 Ubuntu/9.04 (jaunty) Firefox/3.0.11"
87.162.22.204 - - [09/Jul/2009:19:59:27 +0200] "GET /bannerz/vszenarien1.gif HTTP/1.1" 200 8659 "http://various-euro.com/f-actions.html" "Mozilla/5.0 (X11; U; Linux i686; de; rv:1.9.0.11) Gecko/2009060308 Ubuntu/9.04 (jaunty) Firefox/3.0.11"
87.162.22.204 - - [09/Jul/2009:19:59:27 +0200] "GET /bannerz/list2.gif HTTP/1.1" 200 17776 "http://various-euro.com/f-actions.html" "Mozilla/5.0 (X11; U; Linux i686; de; rv:1.9.0.11) Gecko/2009060308 Ubuntu/9.04 (jaunty) Firefox/3.0.11"
87.162.22.204 - - [09/Jul/2009:19:59:23 +0200] "GET /bannerz/joerggruneberg_VARIOUS-EURO.gif HTTP/1.1" 200 231267 "http://various-euro.com/f-actions.html" "Mozilla/5.0 (X11; U; Linux i686; de; rv:1.9.0.11) Gecko/2009060308 Ubuntu/9.04 (jaunty) Firefox/3.0.11"
87.162.22.204 - - [09/Jul/2009:19:59:27 +0200] "GET /bannerz/iflogo-XII.gif HTTP/1.1" 200 2363 "http://various-euro.com/f-actions.html" "Mozilla/5.0 (X11; U; Linux i686; de; rv:1.9.0.11) Gecko/2009060308 Ubuntu/9.04 (jaunty) Firefox/3.0.11"
87.162.22.204 - - [09/Jul/2009:19:59:28 +0200] "GET /bannerz/superfactory-lt.gif HTTP/1.1" 200 1951 "http://various-euro.com/f-actions.html" "Mozilla/5.0 (X11; U; Linux i686; de; rv:1.9.0.11) Gecko/2009060308 Ubuntu/9.04 (jaunty) Firefox/3.0.11"
87.162.22.204 - - [09/Jul/2009:19:59:22 +0200] "GET /bannerz/SoupSunday-19-04-09.jpg HTTP/1.1" 200 335176 "http://various-euro.com/f-actions.html" "Mozilla/5.0 (X11; U; Linux i686; de; rv:1.9.0.11) Gecko/2009060308 Ubuntu/9.04 (jaunty) Firefox/3.0.11"
87.162.22.204 - - [09/Jul/2009:19:59:28 +0200] "GET /bannerz/superfactory-volksbuehne.jpg HTTP/1.1" 200 5445 "http://various-euro.com/f-actions.html" "Mozilla/5.0 (X11; U; Linux i686; de; rv:1.9.0.11) Gecko/2009060308 Ubuntu/9.04 (jaunty) Firefox/3.0.11"
87.162.22.204 - - [09/Jul/2009:19:59:25 +0200] "GET /bannerz/pseudo.gif HTTP/1.1" 200 202305 "http://various-euro.com/f-actions.html" "Mozilla/5.0 (X11; U; Linux i686; de; rv:1.9.0.11) Gecko/2009060308 Ubuntu/9.04 (jaunty) Firefox/3.0.11"
87.162.22.204 - - [09/Jul/2009:19:59:28 +0200] "GET /bannerz/overgarden-toplogo.jpg HTTP/1.1" 200 28153 "http://various-euro.com/f-actions.html" "Mozilla/5.0 (X11; U; Linux i686; de; rv:1.9.0.11) Gecko/2009060308 Ubuntu/9.04 (jaunty) Firefox/3.0.11"
87.162.22.204 - - [09/Jul/2009:19:59:22 +0200] "GET /bannerz/SoupSunday-29-03-09.jpg HTTP/1.1" 200 515841 "http://various-euro.com/f-actions.html" "Mozilla/5.0 (X11; U; Linux i686; de; rv:1.9.0.11) Gecko/2009060308 Ubuntu/9.04 (jaunty) Firefox/3.0.11"
78.8.29.124 - - [09/Jul/2009:20:01:20 +0200] "GET / HTTP/1.1" 200 7869 "http://carmanuals.0fees.net/" "Mozilla/4.0 (compatible; MSIE 5.5; Windows 98)"
66.249.72.227 - - [09/Jul/2009:20:07:39 +0200] "GET /f-rez.html HTTP/1.1" 200 9765 "-" "Mozilla/5.0 (compatible; Googlebot/2.1; +http://www.google.com/bot.html)"
65.55.106.116 - - [09/Jul/2009:20:15:41 +0200] "GET /triple-double-u/ HTTP/1.1" 403 1223 "-" "msnbot/2.0b (+http://search.msn.com/msnbot.htm)"
74.6.18.253 - - [09/Jul/2009:21:01:22 +0200] "GET /robots.txt HTTP/1.0" 200 64 "-" "Mozilla/5.0 (compatible; Yahoo! Slurp; http://help.yahoo.com/help/us/ysearch/slurp)"
74.6.18.253 - - [09/Jul/2009:21:01:22 +0200] "GET / HTTP/1.0" 200 7869 "-" "Mozilla/5.0 (compatible; Yahoo! Slurp/3.0; http://help.yahoo.com/help/us/ysearch/slurp)"
74.6.18.253 - - [09/Jul/2009:21:01:27 +0200] "GET /style/various-euro.css HTTP/1.0" 304 - "http://www.various-euro.com/" "Mozilla/5.0 (compatible; Yahoo! Slurp/3.0; http://help.yahoo.com/help/us/ysearch/slurp)"
195.93.191.1 - - [09/Jul/2009:21:16:20 +0200] "GET / HTTP/1.1" 302 353 "http://www.google.com/search?hl=ru&q=zampa+di+leone&btnG=%D0%9F%D0%BE%D0%B8%D1%81%D0%BA&lr=" "Opera/9.80 (Windows NT 6.1; U; ru) Presto/2.2.15 Version/10.00"
195.93.191.1 - - [09/Jul/2009:21:16:20 +0200] "GET /zampa/ HTTP/1.1" 200 7153 "http://www.google.com/search?hl=ru&q=zampa+di+leone&btnG=%D0%9F%D0%BE%D0%B8%D1%81%D0%BA&lr=" "Opera/9.80 (Windows NT 6.1; U; ru) Presto/2.2.15 Version/10.00"
195.93.191.1 - - [09/Jul/2009:21:16:20 +0200] "GET /zampa/slike/zampa.gif HTTP/1.1" 200 5310 "http://www.various-euro.com/zampa/" "Opera/9.80 (Windows NT 6.1; U; ru) Presto/2.2.15 Version/10.00"
195.93.191.1 - - [09/Jul/2009:21:16:20 +0200] "GET /zampa/slike/udupetu.gif HTTP/1.1" 200 4138 "http://www.various-euro.com/zampa/" "Opera/9.80 (Windows NT 6.1; U; ru) Presto/2.2.15 Version/10.00"
195.93.191.1 - - [09/Jul/2009:21:16:23 +0200] "GET /zampa/slike/inthearse.gif HTTP/1.1" 200 4077 "http://www.various-euro.com/zampa/" "Opera/9.80 (Windows NT 6.1; U; ru) Presto/2.2.15 Version/10.00"
195.93.191.1 - - [09/Jul/2009:21:16:27 +0200] "GET /favicon.ico HTTP/1.1" 404 2748 "http://www.various-euro.com/zampa/" "Opera/9.80 (Windows NT 6.1; U; ru) Presto/2.2.15 Version/10.00"
94.102.51.196 - - [09/Jul/2009:22:04:39 +0200] "GET / HTTP/1.0" 200 7869 "http://www.various-euro.com/" "Mozilla/4.0 (compatible; MSIE 5.5; Windows NT 5.0; .NET CLR 1.1.4322)"
65.55.51.69 - - [09/Jul/2009:22:16:46 +0200] "GET /robots.txt HTTP/1.1" 200 64 "-" "msnbot/2.0b (+http://search.msn.com/msnbot.htm)"
67.202.41.3 - - [09/Jul/2009:22:18:00 +0200] "GET /robots.txt HTTP/1.0" 200 64 "-" "ia_archiver (+http://www.alexa.com/site/help/webmasters; crawler@alexa.com)"
65.55.106.194 - - [09/Jul/2009:22:18:58 +0200] "GET /robots.txt HTTP/1.1" 200 64 "-" "msnbot/2.0b (+http://search.msn.com/msnbot.htm)"
65.55.106.157 - - [09/Jul/2009:22:21:05 +0200] "GET /robots.txt HTTP/1.1" 200 64 "-" "msnbot/2.0b (+http://search.msn.com/msnbot.htm)"
72.14.199.8 - - [09/Jul/2009:22:37:25 +0200] "GET / HTTP/1.1" 302 353 "-" "Feedfetcher-Google; (+http://www.google.com/feedfetcher.html; 1 subscribers; feed-id=5454548576667470243)"
72.14.199.85 - - [09/Jul/2009:22:37:30 +0200] "GET /zampa/ HTTP/1.1" 200 7153 "-" "Feedfetcher-Google; (+http://www.google.com/feedfetcher.html; 1 subscribers; feed-id=5454548576667470243)"
98.213.34.148 - - [09/Jul/2009:23:09:06 +0200] "GET /cgi-bin/sm/s.pl HTTP/1.1" 404 2748 "http://various-euro.com/cgi-bin/sm/s.pl" "Mozilla/4.0 (compatible; MSIE 6.0; Windows NT 5.1)"
65.55.211.166 - - [10/Jul/2009:00:09:46 +0200] "GET /robots.txt HTTP/1.1" 200 64 "-" "msnbot/1.1 (+http://search.msn.com/msnbot.htm)"
65.55.211.166 - - [10/Jul/2009:00:09:47 +0200] "GET /f-maintitle.html HTTP/1.1" 200 5030 "-" "msnbot/1.1 (+http://search.msn.com/msnbot.htm)"
65.55.106.211 - - [10/Jul/2009:00:35:36 +0200] "GET /schubb/schubb-1.html HTTP/1.1" 200 9070 "-" "msnbot/2.0b (+http://search.msn.com/msnbot.htm)"
65.55.51.70 - - [10/Jul/2009:01:08:25 +0200] "GET /robots.txt HTTP/1.1" 200 64 "-" "msnbot/2.0b (+http://search.msn.com/msnbot.htm)"
74.6.18.253 - - [10/Jul/2009:01:12:21 +0200] "GET /games/virtualcop/virtualcop.html HTTP/1.0" 200 4487 "-" "Mozilla/5.0 (compatible; Yahoo! Slurp/3.0; http://help.yahoo.com/help/us/ysearch/slurp)"
72.30.142.174 - - [10/Jul/2009:01:20:31 +0200] "GET /robots.txt HTTP/1.0" 200 64 "-" "Mozilla/5.0 (compatible; Yahoo! Slurp; http://help.yahoo.com/help/us/ysearch/slurp)"
72.30.142.174 - - [10/Jul/2009:01:20:31 +0200] "GET /framez.html HTTP/1.0" 200 3959 "-" "Mozilla/5.0 (compatible; Yahoo! Slurp/3.0; http://help.yahoo.com/help/us/ysearch/slurp)"
72.30.142.174 - - [10/Jul/2009:01:20:34 +0200] "GET /style/various-euro.css HTTP/1.0" 200 3437 "http://various-euro.com/framez.html" "Mozilla/5.0 (compatible; Yahoo! Slurp/3.0; http://help.yahoo.com/help/us/ysearch/slurp)"
72.30.142.174 - - [10/Jul/2009:01:20:37 +0200] "GET /frame-inhalt.html HTTP/1.0" 200 7688 "http://various-euro.com/framez.html" "Mozilla/5.0 (compatible; Yahoo! Slurp/3.0; http://help.yahoo.com/help/us/ysearch/slurp)"
72.30.142.174 - - [10/Jul/2009:01:20:37 +0200] "GET /frame-unten.html HTTP/1.0" 200 5308 "http://various-euro.com/framez.html" "Mozilla/5.0 (compatible; Yahoo! Slurp/3.0; http://help.yahoo.com/help/us/ysearch/slurp)"
72.30.142.174 - - [10/Jul/2009:01:20:37 +0200] "GET /frame-menu.html HTTP/1.0" 200 10500 "http://various-euro.com/framez.html" "Mozilla/5.0 (compatible; Yahoo! Slurp/3.0; http://help.yahoo.com/help/us/ysearch/slurp)"
67.195.111.185 - - [10/Jul/2009:02:53:15 +0200] "GET /robots.txt HTTP/1.0" 200 64 "-" "Mozilla/5.0 (compatible; Yahoo! Slurp; http://help.yahoo.com/help/us/ysearch/slurp)"
67.195.111.185 - - [10/Jul/2009:02:53:15 +0200] "GET /framez-rez.html HTTP/1.0" 200 4323 "-" "Mozilla/5.0 (compatible; Yahoo! Slurp/3.0; http://help.yahoo.com/help/us/ysearch/slurp)"
67.195.111.185 - - [10/Jul/2009:02:53:16 +0200] "GET /f-rez.html HTTP/1.0" 200 9765 "http://www.various-euro.com/framez-rez.html" "Mozilla/5.0 (compatible; Yahoo! Slurp/3.0; http://help.yahoo.com/help/us/ysearch/slurp)"
67.195.111.185 - - [10/Jul/2009:02:53:16 +0200] "GET /frame-menu.html HTTP/1.0" 200 10500 "http://www.various-euro.com/framez-rez.html" "Mozilla/5.0 (compatible; Yahoo! Slurp/3.0; http://help.yahoo.com/help/us/ysearch/slurp)"
67.195.111.185 - - [10/Jul/2009:02:53:16 +0200] "GET /frame-unten.html HTTP/1.0" 200 5308 "http://www.various-euro.com/framez-rez.html" "Mozilla/5.0 (compatible; Yahoo! Slurp/3.0; http://help.yahoo.com/help/us/ysearch/slurp)"
67.195.111.185 - - [10/Jul/2009:02:53:16 +0200] "GET /style/various-euro.css HTTP/1.0" 200 3437 "http://www.various-euro.com/frame-menu.html" "Mozilla/5.0 (compatible; Yahoo! Slurp/3.0; http://help.yahoo.com/help/us/ysearch/slurp)"
65.55.230.243 - - [10/Jul/2009:02:54:33 +0200] "GET /robots.txt HTTP/1.1" 200 64 "-" "msnbot-media/1.1 (+http://search.msn.com/msnbot.htm)"
65.55.230.243 - - [10/Jul/2009:02:54:33 +0200] "GET /framez.html HTTP/1.1" 200 3959 "-" "msnbot-media/1.1 (+http://search.msn.com/msnbot.htm)"
72.14.199.8 - - [10/Jul/2009:03:13:13 +0200] "GET / HTTP/1.1" 302 353 "-" "Feedfetcher-Google; (+http://www.google.com/feedfetcher.html; 1 subscribers; feed-id=5454548576667470243)"
72.14.199.85 - - [10/Jul/2009:03:24:16 +0200] "GET /zampa/ HTTP/1.1" 200 7153 "-" "Feedfetcher-Google; (+http://www.google.com/feedfetcher.html; 1 subscribers; feed-id=5454548576667470243)"
65.55.211.165 - - [10/Jul/2009:03:41:02 +0200] "GET /robots.txt HTTP/1.1" 200 64 "-" "msnbot/1.1 (+http://search.msn.com/msnbot.htm)"
65.55.211.165 - - [10/Jul/2009:03:41:02 +0200] "GET /contact.html HTTP/1.1" 404 2748 "-" "msnbot/1.1 (+http://search.msn.com/msnbot.htm)"
220.181.61.234 - - [10/Jul/2009:03:41:45 +0200] "GET / HTTP/1.1" 200 7869 "-" "Sogou web spider/4.0(+http://www.sogou.com/docs/help/webmasters.htm#07)"
220.181.61.234 - - [10/Jul/2009:03:41:51 +0200] "GET /framez_0.html HTTP/1.1" 200 12285 "-" "Sogou web spider/4.0(+http://www.sogou.com/docs/help/webmasters.htm#07)"
65.55.211.165 - - [10/Jul/2009:03:59:17 +0200] "GET /net.html HTTP/1.1" 404 2748 "-" "msnbot/1.1 (+http://search.msn.com/msnbot.htm)"
65.55.106.173 - - [10/Jul/2009:05:02:56 +0200] "GET /robots.txt HTTP/1.1" 302 363 "-" "msnbot/2.0b (+http://search.msn.com/msnbot.htm)"
65.55.106.173 - - [10/Jul/2009:05:02:57 +0200] "GET /zampa/robots.txt HTTP/1.1" 404 2748 "-" "msnbot/2.0b (+http://search.msn.com/msnbot.htm)"
65.55.211.163 - - [10/Jul/2009:05:31:10 +0200] "GET /robots.txt HTTP/1.1" 200 64 "-" "msnbot/1.1 (+http://search.msn.com/msnbot.htm)"
65.55.211.163 - - [10/Jul/2009:05:31:12 +0200] "GET /neon/slow-walk.html HTTP/1.1" 200 1640 "-" "msnbot/1.1 (+http://search.msn.com/msnbot.htm)"
65.55.51.69 - - [10/Jul/2009:05:55:38 +0200] "GET /robots.txt HTTP/1.1" 200 64 "-" "msnbot/2.0b (+http://search.msn.com/msnbot.htm)"
74.6.18.253 - - [10/Jul/2009:06:14:52 +0200] "GET /framez-rez.html HTTP/1.0" 200 4323 "-" "Mozilla/5.0 (compatible; Yahoo! Slurp/3.0; http://help.yahoo.com/help/us/ysearch/slurp)"
74.6.18.253 - - [10/Jul/2009:06:14:52 +0200] "GET /frame-unten.html HTTP/1.0" 200 5308 "http://www.various-euro.com/framez-rez.html" "Mozilla/5.0 (compatible; Yahoo! Slurp/3.0; http://help.yahoo.com/help/us/ysearch/slurp)"
74.6.18.253 - - [10/Jul/2009:06:14:52 +0200] "GET /frame-menu.html HTTP/1.0" 200 10500 "http://www.various-euro.com/framez-rez.html" "Mozilla/5.0 (compatible; Yahoo! Slurp/3.0; http://help.yahoo.com/help/us/ysearch/slurp)"
74.6.18.253 - - [10/Jul/2009:06:14:52 +0200] "GET /f-rez.html HTTP/1.0" 200 9765 "http://www.various-euro.com/framez-rez.html" "Mozilla/5.0 (compatible; Yahoo! Slurp/3.0; http://help.yahoo.com/help/us/ysearch/slurp)"
74.6.18.253 - - [10/Jul/2009:06:14:53 +0200] "GET /style/various-euro.css HTTP/1.0" 304 - "http://www.various-euro.com/frame-menu.html" "Mozilla/5.0 (compatible; Yahoo! Slurp/3.0; http://help.yahoo.com/help/us/ysearch/slurp)"
72.14.199.8 - - [10/Jul/2009:06:24:22 +0200] "GET / HTTP/1.1" 302 353 "-" "Feedfetcher-Google; (+http://www.google.com/feedfetcher.html; 1 subscribers; feed-id=5454548576667470243)"
72.14.199.85 - - [10/Jul/2009:06:24:23 +0200] "GET /zampa/ HTTP/1.1" 200 7153 "-" "Feedfetcher-Google; (+http://www.google.com/feedfetcher.html; 1 subscribers; feed-id=5454548576667470243)"
65.55.106.234 - - [10/Jul/2009:06:38:37 +0200] "GET /robots.txt HTTP/1.1" 200 64 "-" "msnbot/2.0b (+http://search.msn.com/msnbot.htm)"
66.249.72.227 - - [10/Jul/2009:06:40:54 +0200] "GET /menue.html HTTP/1.1" 404 2748 "-" "Mozilla/5.0 (compatible; Googlebot/2.1; +http://www.google.com/bot.html)"
65.55.106.234 - - [10/Jul/2009:06:46:08 +0200] "GET /zampa-lovers/index.html HTTP/1.1" 200 37790 "-" "msnbot/2.0b (+http://search.msn.com/msnbot.htm)"
65.55.51.110 - - [10/Jul/2009:06:53:40 +0200] "GET /robots.txt HTTP/1.1" 200 64 "-" "msnbot/2.0b (+http://search.msn.com/msnbot.htm)"
210.149.120.127 - - [10/Jul/2009:07:12:22 +0200] "GET /neon/girl-tv.html HTTP/1.1" 200 1717 "http://www.bing.com/search?q=euro+girl&first=11&FORM=PERE" "Mozilla/4.0 (compatible; MSIE 7.0; Windows NT 5.1)"
210.149.120.127 - - [10/Jul/2009:07:12:22 +0200] "GET /neon/dollar-shadow.jpg HTTP/1.1" 200 3045 "http://www.various-euro.com/neon/girl-tv.html" "Mozilla/4.0 (compatible; MSIE 7.0; Windows NT 5.1)"
210.149.120.127 - - [10/Jul/2009:07:12:23 +0200] "GET /neon/girl-tv.gif HTTP/1.1" 200 15982 "http://www.various-euro.com/neon/girl-tv.html" "Mozilla/4.0 (compatible; MSIE 7.0; Windows NT 5.1)"
210.149.120.127 - - [10/Jul/2009:07:12:24 +0200] "GET /favicon.ico HTTP/1.1" 404 2748 "-" "Mozilla/4.0 (compatible; MSIE 7.0; Windows NT 5.1)"
66.249.72.227 - - [10/Jul/2009:07:16:36 +0200] "GET /robots.txt HTTP/1.1" 200 64 "-" "Mozilla/5.0 (compatible; Googlebot/2.1; +http://www.google.com/bot.html)"
65.55.106.135 - - [10/Jul/2009:07:32:13 +0200] "GET /robots.txt HTTP/1.1" 200 64 "-" "msnbot/2.0b (+http://search.msn.com/msnbot.htm)"
65.55.106.135 - - [10/Jul/2009:07:36:34 +0200] "GET /f-zeug.html HTTP/1.1" 200 59462 "-" "msnbot/2.0b (+http://search.msn.com/msnbot.htm)"
65.55.106.239 - - [10/Jul/2009:07:51:10 +0200] "GET /robots.txt HTTP/1.1" 200 64 "-" "msnbot/2.0b (+http://search.msn.com/msnbot.htm)"
221.194.132.174 - - [10/Jul/2009:07:59:27 +0200] "GET /robots.txt HTTP/1.0" 200 64 "-" "Mozilla/4.0 (compatible; MSIE 6.0; Windows NT 5.1)"
221.194.132.174 - - [10/Jul/2009:07:59:29 +0200] "GET /f-rez.html HTTP/1.0" 200 9765 "-" "Mozilla/4.0 (compatible; MSIE 6.0; Windows NT 5.1)"
221.194.132.174 - - [10/Jul/2009:07:59:41 +0200] "GET /f-rez.html HTTP/1.0" 200 9765 "-" "Mozilla/4.0 (compatible; MSIE 6.0; Windows NT 5.1)"
221.194.132.174 - - [10/Jul/2009:07:59:55 +0200] "GET /f-rez.html HTTP/1.0" 200 9765 "-" "Mozilla/4.0 (compatible; MSIE 6.0; Windows NT 5.1)"
72.14.199.8 - - [10/Jul/2009:09:24:28 +0200] "GET / HTTP/1.1" 302 353 "-" "Feedfetcher-Google; (+http://www.google.com/feedfetcher.html; 1 subscribers; feed-id=5454548576667470243)"
72.14.199.85 - - [10/Jul/2009:09:24:29 +0200] "GET /zampa/ HTTP/1.1" 200 7153 "-" "Feedfetcher-Google; (+http://www.google.com/feedfetcher.html; 1 subscribers; feed-id=5454548576667470243)"
65.55.106.188 - - [10/Jul/2009:09:55:09 +0200] "GET /robots.txt HTTP/1.1" 200 64 "-" "msnbot/2.0b (+http://search.msn.com/msnbot.htm)"
65.55.106.188 - - [10/Jul/2009:10:01:07 +0200] "GET / HTTP/1.1" 200 7869 "-" "msnbot/2.0b (+http://search.msn.com/msnbot.htm)"
194.8.74.37 - - [10/Jul/2009:10:05:34 +0200] "GET /framez-schubb2.html HTTP/1.0" 200 4314 "http://www.various-euro.com/framez-schubb2.html" "Mozilla/3.0 (x86 [en] Windows NT 5.1; Sun)"
194.8.74.37 - - [10/Jul/2009:10:05:34 +0200] "GET /frame-menu.html HTTP/1.0" 200 10500 "http://www.various-euro.com/frame-menu.html" "Mozilla/3.0 (x86 [en] Windows NT 5.1; Sun)"
194.8.74.37 - - [10/Jul/2009:10:05:35 +0200] "GET /schubb/schubb-2.html HTTP/1.0" 200 16660 "http://www.various-euro.com/schubb/schubb-2.html" "Mozilla/3.0 (x86 [en] Windows NT 5.1; Sun)"
194.8.74.37 - - [10/Jul/2009:10:05:35 +0200] "GET /frame-unten.html HTTP/1.0" 200 5308 "http://www.various-euro.com/frame-unten.html" "Mozilla/3.0 (x86 [en] Windows NT 5.1; Sun)"
74.208.8.17 - - [10/Jul/2009:10:23:38 +0200] "GET /restate_copy.html HTTP/1.0" 200 16099 "http://www.various-euro.com/restate_copy.html" "Mozilla/4.0 (compatible; MSIE 6.0; Windows 98; Win 9x 4.90)"
65.55.106.210 - - [10/Jul/2009:10:37:07 +0200] "GET /logz_old.html HTTP/1.1" 404 2748 "-" "msnbot/2.0b (+http://search.msn.com/msnbot.htm)"
66.249.72.227 - - [10/Jul/2009:10:57:00 +0200] "GET /robots.txt HTTP/1.1" 200 64 "-" "Mozilla/5.0 (compatible; Googlebot/2.1; +http://www.google.com/bot.html)"
66.249.72.227 - - [10/Jul/2009:10:57:00 +0200] "GET / HTTP/1.1" 200 7869 "-" "Mozilla/5.0 (compatible; Googlebot/2.1; +http://www.google.com/bot.html)"
67.195.111.185 - - [10/Jul/2009:10:57:32 +0200] "GET / HTTP/1.0" 200 7869 "-" "Mozilla/5.0 (compatible; Yahoo! Slurp/3.0; http://help.yahoo.com/help/us/ysearch/slurp)"
67.195.111.185 - - [10/Jul/2009:10:57:32 +0200] "GET /style/various-euro.css HTTP/1.0" 304 - "http://www.various-euro.com/" "Mozilla/5.0 (compatible; Yahoo! Slurp/3.0; http://help.yahoo.com/help/us/ysearch/slurp)"
38.99.44.105 - - [10/Jul/2009:11:11:31 +0200] "GET /web.html HTTP/1.0" 404 2748 "-" "Mozilla/5.0 (Twiceler-0.9 http://www.cuil.com/twiceler/robot.html)"
74.6.18.253 - - [10/Jul/2009:11:30:50 +0200] "GET /robots.txt HTTP/1.0" 200 64 "-" "Mozilla/5.0 (compatible; Yahoo! Slurp; http://help.yahoo.com/help/us/ysearch/slurp)"
74.6.18.253 - - [10/Jul/2009:11:30:51 +0200] "GET / HTTP/1.0" 200 7869 "-" "Mozilla/5.0 (compatible; Yahoo! Slurp/3.0; http://help.yahoo.com/help/us/ysearch/slurp)"
74.6.18.253 - - [10/Jul/2009:11:30:53 +0200] "GET /style/various-euro.css HTTP/1.0" 304 - "http://www.various-euro.com/" "Mozilla/5.0 (compatible; Yahoo! Slurp/3.0; http://help.yahoo.com/help/us/ysearch/slurp)"
66.249.72.227 - - [10/Jul/2009:11:37:43 +0200] "GET /f-channel1.html HTTP/1.1" 200 9329 "-" "Mozilla/5.0 (compatible; Googlebot/2.1; +http://www.google.com/bot.html)"
65.55.106.237 - - [10/Jul/2009:11:43:07 +0200] "GET /framez.html HTTP/1.1" 200 3959 "-" "msnbot/2.0b (+http://search.msn.com/msnbot.htm)"
66.249.72.227 - - [10/Jul/2009:11:55:02 +0200] "GET /f-maintitle.html HTTP/1.1" 200 5030 "-" "Mozilla/5.0 (compatible; Googlebot/2.1; +http://www.google.com/bot.html)"
66.249.72.227 - - [10/Jul/2009:12:07:40 +0200] "GET /logs/usage_200907.html HTTP/1.1" 404 2748 "-" "Mozilla/5.0 (compatible; Googlebot/2.1; +http://www.google.com/bot.html)"
72.14.199.8 - - [10/Jul/2009:12:27:11 +0200] "GET / HTTP/1.1" 302 353 "-" "Feedfetcher-Google; (+http://www.google.com/feedfetcher.html; 1 subscribers; feed-id=5454548576667470243)"
72.14.199.85 - - [10/Jul/2009:12:27:12 +0200] "GET /zampa/ HTTP/1.1" 200 7153 "-" "Feedfetcher-Google; (+http://www.google.com/feedfetcher.html; 1 subscribers; feed-id=5454548576667470243)"
65.55.106.212 - - [10/Jul/2009:12:48:12 +0200] "GET /robots.txt HTTP/1.1" 302 363 "-" "msnbot/2.0b (+http://search.msn.com/msnbot.htm)"
65.55.106.212 - - [10/Jul/2009:12:48:12 +0200] "GET /zampa/robots.txt HTTP/1.1" 404 2748 "-" "msnbot/2.0b (+http://search.msn.com/msnbot.htm)"
66.249.72.227 - - [10/Jul/2009:12:53:45 +0200] "GET /framez.html HTTP/1.1" 200 3959 "-" "Mozilla/5.0 (compatible; Googlebot/2.1; +http://www.google.com/bot.html)"
216.129.119.49 - - [10/Jul/2009:13:26:58 +0200] "GET /robots.txt HTTP/1.0" 200 64 "-" "Mozilla/5.0 (Twiceler-0.9 http://www.cuil.com/twiceler/robot.html)"
65.55.106.168 - - [10/Jul/2009:13:38:03 +0200] "GET /robots.txt HTTP/1.1" 200 64 "-" "msnbot/2.0b (+http://search.msn.com/msnbot.htm)"
66.249.72.227 - - [10/Jul/2009:13:43:57 +0200] "GET /logs/usage_200806.html HTTP/1.1" 200 166379 "-" "Mozilla/5.0 (compatible; Googlebot/2.1; +http://www.google.com/bot.html)"
66.249.72.227 - - [10/Jul/2009:13:56:45 +0200] "GET /zampa/montenegro/SEKAW.html HTTP/1.1" 200 860 "-" "Mozilla/5.0 (compatible; Googlebot/2.1; +http://www.google.com/bot.html)"
208.80.195.55 - - [10/Jul/2009:14:21:33 +0200] "GET / HTTP/1.0" 200 7869 "-" "Mozilla/4.0 (compatible; MSIE 7.0; Windows NT 5.1; {90C72D76-9267-EED3-2D4C-A1BD6892B1A8}; .NET CLR 1.0.3705; .NET CLR 1.1.4322; FDM; .NET CLR 2.0.50727; .NET CLR 3.0.04506.30)"
208.80.195.55 - - [10/Jul/2009:14:21:33 +0200] "GET / HTTP/1.0" 200 7869 "-" "Mozilla/4.0 (compatible; MSIE 7.0; Windows NT 5.1; YPC 3.2.0; .NET CLR 1.1.4322; .NET CLR 2.0.50727; Sky Broadband; Sky Broadband)"
66.235.124.57 - - [10/Jul/2009:15:05:03 +0200] "GET /robots.txt HTTP/1.0" 200 64 "-" "Mozilla/5.0 (compatible; Ask Jeeves/Teoma; +http://about.ask.com/en/docs/about/webmasters.shtml)"
66.235.124.57 - - [10/Jul/2009:15:05:03 +0200] "GET /framez-rez.html HTTP/1.0" 200 4323 "-" "Mozilla/5.0 (compatible; Ask Jeeves/Teoma; +http://about.ask.com/en/docs/about/webmasters.shtml)"
66.235.124.57 - - [10/Jul/2009:15:05:03 +0200] "GET /frame-menu.html HTTP/1.0" 200 10500 "-" "Mozilla/5.0 (compatible; Ask Jeeves/Teoma; +http://about.ask.com/en/docs/about/webmasters.shtml)"
66.235.124.57 - - [10/Jul/2009:15:05:03 +0200] "GET /f-rez.html HTTP/1.0" 200 9765 "-" "Mozilla/5.0 (compatible; Ask Jeeves/Teoma; +http://about.ask.com/en/docs/about/webmasters.shtml)"
66.235.124.57 - - [10/Jul/2009:15:05:04 +0200] "GET /frame-unten.html HTTP/1.0" 200 5308 "-" "Mozilla/5.0 (compatible; Ask Jeeves/Teoma; +http://about.ask.com/en/docs/about/webmasters.shtml)"
74.6.18.253 - - [10/Jul/2009:15:19:22 +0200] "GET /your_tour.html HTTP/1.0" 200 29760 "-" "Mozilla/5.0 (compatible; Yahoo! Slurp/3.0; http://help.yahoo.com/help/us/ysearch/slurp)"
74.6.18.253 - - [10/Jul/2009:15:19:26 +0200] "GET /anon.css HTTP/1.0" 404 2748 "http://www.various-euro.com/your_tour.html" "Mozilla/5.0 (compatible; Yahoo! Slurp/3.0; http://help.yahoo.com/help/us/ysearch/slurp)"
72.14.199.8 - - [10/Jul/2009:15:27:31 +0200] "GET / HTTP/1.1" 302 353 "-" "Feedfetcher-Google; (+http://www.google.com/feedfetcher.html; 1 subscribers; feed-id=5454548576667470243)"
72.14.199.85 - - [10/Jul/2009:15:27:32 +0200] "GET /zampa/ HTTP/1.1" 200 7153 "-" "Feedfetcher-Google; (+http://www.google.com/feedfetcher.html; 1 subscribers; feed-id=5454548576667470243)"
38.99.44.105 - - [10/Jul/2009:15:44:11 +0200] "GET /robots.txt HTTP/1.0" 200 64 "-" "Mozilla/5.0 (Twiceler-0.9 http://www.cuil.com/twiceler/robot.html)"
65.55.106.228 - - [10/Jul/2009:15:56:04 +0200] "GET /robots.txt HTTP/1.1" 200 64 "-" "msnbot/2.0b (+http://search.msn.com/msnbot.htm)"
66.249.72.227 - - [10/Jul/2009:16:15:48 +0200] "GET /robots.txt HTTP/1.1" 200 64 "-" "Mozilla/5.0 (compatible; Googlebot/2.1; +http://www.google.com/bot.html)"
66.249.72.227 - - [10/Jul/2009:16:15:48 +0200] "GET /logs/usage_200901.html HTTP/1.1" 200 167238 "-" "Mozilla/5.0 (compatible; Googlebot/2.1; +http://www.google.com/bot.html)"
87.116.188.254 - - [10/Jul/2009:16:40:31 +0200] "GET / HTTP/1.1" 302 353 "http://www.google.com/search?q=ZAMPA+DI+LEONE&ie=utf-8&oe=utf-8&aq=t&rls=org.mozilla:en-US:official&client=firefox-a" "Mozilla/5.0 (Windows; U; Windows NT 5.1; en-US; rv:1.9.0.11) Gecko/2009060215 Firefox/3.0.11 (.NET CLR 3.5.30729)"
87.116.188.254 - - [10/Jul/2009:16:40:31 +0200] "GET /zampa/ HTTP/1.1" 200 7153 "http://www.google.com/search?q=ZAMPA+DI+LEONE&ie=utf-8&oe=utf-8&aq=t&rls=org.mozilla:en-US:official&client=firefox-a" "Mozilla/5.0 (Windows; U; Windows NT 5.1; en-US; rv:1.9.0.11) Gecko/2009060215 Firefox/3.0.11 (.NET CLR 3.5.30729)"
87.116.188.254 - - [10/Jul/2009:16:40:59 +0200] "GET / HTTP/1.1" 302 353 "http://www.google.com/search?q=ZAMPA+DI+LEONE&ie=utf-8&oe=utf-8&aq=t&rls=org.mozilla:en-US:official&client=firefox-a" "Mozilla/5.0 (Windows; U; Windows NT 5.1; en-US; rv:1.9.0.11) Gecko/2009060215 Firefox/3.0.11 (.NET CLR 3.5.30729)"
87.116.188.254 - - [10/Jul/2009:16:41:00 +0200] "GET /zampa/ HTTP/1.1" 200 7153 "http://www.google.com/search?q=ZAMPA+DI+LEONE&ie=utf-8&oe=utf-8&aq=t&rls=org.mozilla:en-US:official&client=firefox-a" "Mozilla/5.0 (Windows; U; Windows NT 5.1; en-US; rv:1.9.0.11) Gecko/2009060215 Firefox/3.0.11 (.NET CLR 3.5.30729)"
87.116.188.254 - - [10/Jul/2009:16:41:02 +0200] "GET /zampa/slike/zampa.gif HTTP/1.1" 200 5310 "http://www.various-euro.com/zampa/" "Mozilla/5.0 (Windows; U; Windows NT 5.1; en-US; rv:1.9.0.11) Gecko/2009060215 Firefox/3.0.11 (.NET CLR 3.5.30729)"
87.116.188.254 - - [10/Jul/2009:16:41:02 +0200] "GET /zampa/slike/udupetu.gif HTTP/1.1" 200 4138 "http://www.various-euro.com/zampa/" "Mozilla/5.0 (Windows; U; Windows NT 5.1; en-US; rv:1.9.0.11) Gecko/2009060215 Firefox/3.0.11 (.NET CLR 3.5.30729)"
87.116.188.254 - - [10/Jul/2009:16:41:02 +0200] "GET /zampa/slike/inthearse.gif HTTP/1.1" 200 4077 "http://www.various-euro.com/zampa/" "Mozilla/5.0 (Windows; U; Windows NT 5.1; en-US; rv:1.9.0.11) Gecko/2009060215 Firefox/3.0.11 (.NET CLR 3.5.30729)"
87.116.188.254 - - [10/Jul/2009:16:41:02 +0200] "GET /favicon.ico HTTP/1.1" 404 2748 "-" "Mozilla/5.0 (Windows; U; Windows NT 5.1; en-US; rv:1.9.0.11) Gecko/2009060215 Firefox/3.0.11 (.NET CLR 3.5.30729)"
87.116.188.254 - - [10/Jul/2009:16:41:05 +0200] "GET /favicon.ico HTTP/1.1" 404 2748 "-" "Mozilla/5.0 (Windows; U; Windows NT 5.1; en-US; rv:1.9.0.11) Gecko/2009060215 Firefox/3.0.11 (.NET CLR 3.5.30729)"
209.202.168.82 - - [10/Jul/2009:17:15:00 +0200] "GET /robots.txt HTTP/1.0" 200 64 "-" "GingerCrawler/1.0 (Language Assistant for Dyslexics; www.gingersoftware.com/crawler_agent.htm; support at ginger software dot com)"
209.202.168.82 - - [10/Jul/2009:17:15:00 +0200] "GET / HTTP/1.0" 200 7869 "-" "GingerCrawler/1.0 (Language Assistant for Dyslexics; www.gingersoftware.com/crawler_agent.htm; support at ginger software dot com)"
65.55.211.164 - - [10/Jul/2009:17:23:04 +0200] "GET /robots.txt HTTP/1.1" 200 64 "-" "msnbot/1.1 (+http://search.msn.com/msnbot.htm)"
65.55.211.164 - - [10/Jul/2009:17:23:05 +0200] "GET /partnergegenberlin.html HTTP/1.1" 200 5022 "-" "msnbot/1.1 (+http://search.msn.com/msnbot.htm)"
74.6.18.253 - - [10/Jul/2009:17:37:07 +0200] "GET /restate_copy.html HTTP/1.0" 200 97631 "-" "Mozilla/5.0 (compatible; Yahoo! Slurp/3.0; http://help.yahoo.com/help/us/ysearch/slurp)"
74.6.18.253 - - [10/Jul/2009:17:41:41 +0200] "GET /net.html HTTP/1.0" 404 2748 "-" "Mozilla/5.0 (compatible; Yahoo! Slurp/3.0; http://help.yahoo.com/help/us/ysearch/slurp)"
65.55.51.69 - - [10/Jul/2009:17:52:51 +0200] "GET /robots.txt HTTP/1.1" 302 363 "-" "msnbot/2.0b (+http://search.msn.com/msnbot.htm)"
65.55.51.69 - - [10/Jul/2009:17:52:51 +0200] "GET /zampa/robots.txt HTTP/1.1" 404 2748 "-" "msnbot/2.0b (+http://search.msn.com/msnbot.htm)"
87.116.188.254 - - [10/Jul/2009:17:53:04 +0200] "GET /zampa/ HTTP/1.1" 200 7153 "-" "Mozilla/5.0 (Windows; U; Windows NT 5.1; en-US; rv:1.9.0.11) Gecko/2009060215 Firefox/3.0.11 (.NET CLR 3.5.30729)"
87.116.188.254 - - [10/Jul/2009:17:53:07 +0200] "GET /favicon.ico HTTP/1.1" 404 2748 "-" "Mozilla/5.0 (Windows; U; Windows NT 5.1; en-US; rv:1.9.0.11) Gecko/2009060215 Firefox/3.0.11 (.NET CLR 3.5.30729)"
74.86.223.42 - - [10/Jul/2009:17:54:48 +0200] "GET / HTTP/1.1" 206 7869 "http://www.followsite.com/bot.html" "FollowSite Bot ( http://www.followsite.com/bot.html )"
65.55.211.159 - - [10/Jul/2009:18:18:16 +0200] "GET /robots.txt HTTP/1.1" 200 64 "-" "msnbot/1.1 (+http://search.msn.com/msnbot.htm)"
65.55.211.159 - - [10/Jul/2009:18:18:16 +0200] "GET /logz.html HTTP/1.1" 404 2748 "-" "msnbot/1.1 (+http://search.msn.com/msnbot.htm)"
72.14.199.8 - - [10/Jul/2009:18:28:03 +0200] "GET / HTTP/1.1" 302 353 "-" "Feedfetcher-Google; (+http://www.google.com/feedfetcher.html; 1 subscribers; feed-id=5454548576667470243)"
74.6.18.253 - - [10/Jul/2009:18:38:13 +0200] "GET /f-bannnerz.html HTTP/1.0" 200 12651 "-" "Mozilla/5.0 (compatible; Yahoo! Slurp/3.0; http://help.yahoo.com/help/us/ysearch/slurp)"
72.14.199.85 - - [10/Jul/2009:19:36:30 +0200] "GET /zampa/ HTTP/1.1" 200 7153 "-" "Feedfetcher-Google; (+http://www.google.com/feedfetcher.html; 1 subscribers; feed-id=5454548576667470243)"
201.147.20.245 - - [10/Jul/2009:19:47:19 +0200] "GET / HTTP/1.1" 200 7869 "-" "Mozilla/4.0 (compatible; MSIE 6.0; Windows NT 5.1; SV1)"
201.147.20.245 - - [10/Jul/2009:19:47:22 +0200] "GET /framez.html HTTP/1.1" 200 3959 "-" "Mozilla/4.0 (compatible; MSIE 6.0; Windows NT 5.1; SV1)"
209.202.168.79 - - [10/Jul/2009:20:08:32 +0200] "GET /robots.txt HTTP/1.0" 200 64 "-" "GingerCrawler/1.0 (Language Assistant for Dyslexics; www.gingersoftware.com/crawler_agent.htm; support at ginger software dot com)"
209.202.168.79 - - [10/Jul/2009:20:08:32 +0200] "GET / HTTP/1.0" 200 7869 "-" "GingerCrawler/1.0 (Language Assistant for Dyslexics; www.gingersoftware.com/crawler_agent.htm; support at ginger software dot com)"
74.6.18.253 - - [10/Jul/2009:20:43:16 +0200] "GET /robots.txt HTTP/1.0" 200 64 "-" "Mozilla/5.0 (compatible; Yahoo! Slurp; http://help.yahoo.com/help/us/ysearch/slurp)"
74.6.18.253 - - [10/Jul/2009:20:43:17 +0200] "GET /f-logz_old.html HTTP/1.0" 200 43773 "-" "Mozilla/5.0 (compatible; Yahoo! Slurp/3.0; http://help.yahoo.com/help/us/ysearch/slurp)"
61.247.222.45 - - [10/Jul/2009:21:18:35 +0200] "GET /robots.txt HTTP/1.1" 200 64 "-" "Yeti/1.0 (NHN Corp.; http://help.naver.com/robots/)"
61.247.222.45 - - [10/Jul/2009:21:18:35 +0200] "GET / HTTP/1.1" 200 7869 "-" "Yeti/1.0 (NHN Corp.; http://help.naver.com/robots/)"
61.247.222.50 - - [10/Jul/2009:21:20:27 +0200] "GET /style/various-euro.css HTTP/1.1" 200 3437 "-" "Yeti/1.0 (NHN Corp.; http://help.naver.com/robots/)"
65.55.106.236 - - [10/Jul/2009:21:47:23 +0200] "GET /robots.txt HTTP/1.1" 302 363 "-" "msnbot/2.0b (+http://search.msn.com/msnbot.htm)"
65.55.106.236 - - [10/Jul/2009:21:47:23 +0200] "GET /zampa/robots.txt HTTP/1.1" 404 2748 "-" "msnbot/2.0b (+http://search.msn.com/msnbot.htm)"
65.55.51.70 - - [10/Jul/2009:21:47:32 +0200] "GET /robots.txt HTTP/1.1" 200 64 "-" "msnbot/2.0b (+http://search.msn.com/msnbot.htm)"
65.55.106.236 - - [10/Jul/2009:21:53:39 +0200] "GET / HTTP/1.1" 302 353 "-" "msnbot/2.0b (+http://search.msn.com/msnbot.htm)"
65.55.106.236 - - [10/Jul/2009:21:55:48 +0200] "GET /robots.txt HTTP/1.1" 200 64 "-" "msnbot/2.0b (+http://search.msn.com/msnbot.htm)"
65.55.106.236 - - [10/Jul/2009:22:00:35 +0200] "GET /zampa/ HTTP/1.1" 200 7153 "-" "msnbot/2.0b (+http://search.msn.com/msnbot.htm)"
38.99.44.105 - - [10/Jul/2009:22:34:57 +0200] "GET /bannnerz.html HTTP/1.0" 404 2748 "-" "Mozilla/5.0 (Twiceler-0.9 http://www.cuil.com/twiceler/robot.html)"
72.14.199.8 - - [10/Jul/2009:22:36:36 +0200] "GET / HTTP/1.1" 302 353 "-" "Feedfetcher-Google; (+http://www.google.com/feedfetcher.html; 1 subscribers; feed-id=5454548576667470243)"
72.14.199.85 - - [10/Jul/2009:22:36:50 +0200] "GET /zampa/ HTTP/1.1" 200 7153 "-" "Feedfetcher-Google; (+http://www.google.com/feedfetcher.html; 1 subscribers; feed-id=5454548576667470243)"
61.247.221.85 - - [10/Jul/2009:22:37:09 +0200] "GET /robots.txt HTTP/1.1" 200 64 "-" "Mozilla/4.0 (compatible; NaverBot/1.0; http://help.naver.com/customer_webtxt_02.jsp)"
61.247.221.85 - - [10/Jul/2009:22:37:10 +0200] "GET /restate_copy.html HTTP/1.1" 200 97631 "-" "Mozilla/4.0 (compatible; NaverBot/1.0; http://help.naver.com/customer_webtxt_02.jsp)"
74.6.18.253 - - [10/Jul/2009:22:58:39 +0200] "GET /neon/europa.html HTTP/1.0" 200 389 "-" "Mozilla/5.0 (compatible; Yahoo! Slurp/3.0; http://help.yahoo.com/help/us/ysearch/slurp)"
65.55.51.110 - - [10/Jul/2009:23:21:53 +0200] "GET /robots.txt HTTP/1.1" 200 64 "-" "msnbot/2.0b (+http://search.msn.com/msnbot.htm)"
87.23.207.6 - - [10/Jul/2009:23:52:07 +0200] "GET / HTTP/1.1" 302 353 "http://www.google.it/search?hl=it&q=capitelli+a+zampa+di+leone&meta=&rlz=" "Mozilla/4.0 (compatible; MSIE 8.0; Windows NT 6.0; Trident/4.0; SLCC1; .NET CLR 2.0.50727; Media Center PC 5.0; .NET CLR 3.5.30729; .NET CLR 3.0.30618; InfoPath.2; .NET CLR 1.1.4322)"
87.23.207.6 - - [10/Jul/2009:23:52:07 +0200] "GET /zampa/ HTTP/1.1" 200 7153 "http://www.google.it/search?hl=it&q=capitelli+a+zampa+di+leone&meta=&rlz=" "Mozilla/4.0 (compatible; MSIE 8.0; Windows NT 6.0; Trident/4.0; SLCC1; .NET CLR 2.0.50727; Media Center PC 5.0; .NET CLR 3.5.30729; .NET CLR 3.0.30618; InfoPath.2; .NET CLR 1.1.4322)"
87.23.207.6 - - [10/Jul/2009:23:52:08 +0200] "GET /zampa/slike/inthearse.gif HTTP/1.1" 200 4077 "http://www.various-euro.com/zampa/" "Mozilla/4.0 (compatible; MSIE 8.0; Windows NT 6.0; Trident/4.0; SLCC1; .NET CLR 2.0.50727; Media Center PC 5.0; .NET CLR 3.5.30729; .NET CLR 3.0.30618; InfoPath.2; .NET CLR 1.1.4322)"
87.23.207.6 - - [10/Jul/2009:23:52:08 +0200] "GET /zampa/slike/udupetu.gif HTTP/1.1" 200 4138 "http://www.various-euro.com/zampa/" "Mozilla/4.0 (compatible; MSIE 8.0; Windows NT 6.0; Trident/4.0; SLCC1; .NET CLR 2.0.50727; Media Center PC 5.0; .NET CLR 3.5.30729; .NET CLR 3.0.30618; InfoPath.2; .NET CLR 1.1.4322)"
87.23.207.6 - - [10/Jul/2009:23:52:08 +0200] "GET /zampa/slike/zampa.gif HTTP/1.1" 200 5310 "http://www.various-euro.com/zampa/" "Mozilla/4.0 (compatible; MSIE 8.0; Windows NT 6.0; Trident/4.0; SLCC1; .NET CLR 2.0.50727; Media Center PC 5.0; .NET CLR 3.5.30729; .NET CLR 3.0.30618; InfoPath.2; .NET CLR 1.1.4322)"
87.23.207.6 - - [10/Jul/2009:23:52:08 +0200] "GET /favicon.ico HTTP/1.1" 404 2748 "-" "Mozilla/4.0 (compatible; MSIE 8.0; Windows NT 6.0; Trident/4.0; SLCC1; .NET CLR 2.0.50727; Media Center PC 5.0; .NET CLR 3.5.30729; .NET CLR 3.0.30618; InfoPath.2; .NET CLR 1.1.4322)"
65.55.106.138 - - [10/Jul/2009:23:55:27 +0200] "GET /robots.txt HTTP/1.1" 302 363 "-" "msnbot/2.0b (+http://search.msn.com/msnbot.htm)"
65.55.106.138 - - [10/Jul/2009:23:55:27 +0200] "GET /zampa/robots.txt HTTP/1.1" 404 2748 "-" "msnbot/2.0b (+http://search.msn.com/msnbot.htm)"
65.55.211.169 - - [11/Jul/2009:00:02:07 +0200] "GET /robots.txt HTTP/1.1" 200 64 "-" "msnbot/1.1 (+http://search.msn.com/msnbot.htm)"
65.55.211.169 - - [11/Jul/2009:00:02:07 +0200] "GET /rss/ve-rss.php HTTP/1.1" 200 15864 "-" "msnbot/1.1 (+http://search.msn.com/msnbot.htm)"
66.249.72.227 - - [11/Jul/2009:00:11:48 +0200] "GET /f-euro.html HTTP/1.1" 200 12203 "-" "Mozilla/5.0 (compatible; Googlebot/2.1; +http://www.google.com/bot.html)"
66.249.72.227 - - [11/Jul/2009:00:12:31 +0200] "GET /bmpp/euro_pal_111.html HTTP/1.1" 200 2129 "-" "Mozilla/5.0 (compatible; Googlebot/2.1; +http://www.google.com/bot.html)"
66.249.72.227 - - [11/Jul/2009:00:12:32 +0200] "GET /neon/girlz2.html HTTP/1.1" 200 2937 "-" "Mozilla/5.0 (compatible; Googlebot/2.1; +http://www.google.com/bot.html)"
65.55.106.115 - - [11/Jul/2009:00:32:06 +0200] "GET /robots.txt HTTP/1.1" 200 64 "-" "msnbot/2.0b (+http://search.msn.com/msnbot.htm)"
72.14.199.8 - - [11/Jul/2009:01:37:00 +0200] "GET / HTTP/1.1" 302 353 "-" "Feedfetcher-Google; (+http://www.google.com/feedfetcher.html; 1 subscribers; feed-id=5454548576667470243)"
72.14.199.85 - - [11/Jul/2009:01:37:01 +0200] "GET /zampa/ HTTP/1.1" 200 7153 "-" "Feedfetcher-Google; (+http://www.google.com/feedfetcher.html; 1 subscribers; feed-id=5454548576667470243)"
74.6.18.253 - - [11/Jul/2009:01:44:22 +0200] "GET /zampa-lovers/index.html HTTP/1.0" 200 37790 "-" "Mozilla/5.0 (compatible; Yahoo! Slurp/3.0; http://help.yahoo.com/help/us/ysearch/slurp)"
74.6.18.253 - - [11/Jul/2009:03:04:37 +0200] "GET /neon/code.html HTTP/1.0" 200 1109 "-" "Mozilla/5.0 (compatible; Yahoo! Slurp/3.0; http://help.yahoo.com/help/us/ysearch/slurp)"
66.249.72.227 - - [11/Jul/2009:03:29:54 +0200] "GET /bmpp/18asi_2.html HTTP/1.1" 200 8674 "-" "Mozilla/5.0 (compatible; Googlebot/2.1; +http://www.google.com/bot.html)"
65.55.51.114 - - [11/Jul/2009:03:31:57 +0200] "GET /robots.txt HTTP/1.1" 200 64 "-" "msnbot/2.0b (+http://search.msn.com/msnbot.htm)"
174.129.93.215 - - [11/Jul/2009:04:12:30 +0200] "GET / HTTP/1.0" 200 7869 "-" "Mozilla/5.0 (compatible; NetcraftSurveyAgent/1.0; +info@netcraft.com)"
66.249.72.227 - - [11/Jul/2009:04:15:47 +0200] "GET /bmpp/18.html HTTP/1.1" 200 4467 "-" "Mozilla/5.0 (compatible; Googlebot/2.1; +http://www.google.com/bot.html)"
65.55.106.137 - - [11/Jul/2009:04:40:37 +0200] "GET /robots.txt HTTP/1.1" 302 363 "-" "msnbot/2.0b (+http://search.msn.com/msnbot.htm)"
65.55.106.137 - - [11/Jul/2009:04:40:38 +0200] "GET /zampa/robots.txt HTTP/1.1" 404 2748 "-" "msnbot/2.0b (+http://search.msn.com/msnbot.htm)"
72.14.199.8 - - [11/Jul/2009:04:42:01 +0200] "GET / HTTP/1.1" 302 353 "-" "Feedfetcher-Google; (+http://www.google.com/feedfetcher.html; 1 subscribers; feed-id=5454548576667470243)"
72.14.199.85 - - [11/Jul/2009:04:42:03 +0200] "GET /zampa/ HTTP/1.1" 200 7153 "-" "Feedfetcher-Google; (+http://www.google.com/feedfetcher.html; 1 subscribers; feed-id=5454548576667470243)"
66.249.72.227 - - [11/Jul/2009:05:27:55 +0200] "GET /bmpp/18_x.html HTTP/1.1" 200 1100 "-" "Mozilla/5.0 (compatible; Googlebot/2.1; +http://www.google.com/bot.html)"
83.167.62.185 - - [11/Jul/2009:06:03:21 +0200] "GET /robots.txt HTTP/1.1" 200 64 "http://www.exalead.com/" "Mozilla/5.0 (compatible; Exabot-Images/3.0; +http://www.exabot.com/go/robot)"
