220.181.7.103 - - [02/Jul/2009:09:07:13 +0200] "GET /robots.txt HTTP/1.1" 200 64 "-" "Baiduspider+(+http://www.baidu.com/search/spider.htm)"
81.52.143.31 - - [02/Jul/2009:09:14:33 +0200] "GET /warez.html HTTP/1.1" 200 9754 "-" "Mozilla/5.0 (Windows; U; Windows NT 5.1; fr; rv:1.8.1) VoilaBot BETA 1.2 (support.voilabot@orange-ftgroup.com)"
114.244.43.169 - - [02/Jul/2009:09:39:47 +0200] "GET /favicon.ico HTTP/1.1" 404 2748 "-" "Mozilla/4.0 (compatible; GoogleToolbar 4.0.1306.3130-big; Windows 6.0; MSIE 7.0.6001.18000)"
114.244.43.169 - - [02/Jul/2009:09:39:49 +0200] "GET /favicon.gif HTTP/1.1" 404 2748 "-" "Mozilla/4.0 (compatible; GoogleToolbar 4.0.1306.3130-big; Windows 6.0; MSIE 7.0.6001.18000)"
65.55.211.162 - - [02/Jul/2009:09:55:57 +0200] "GET /logs/usage_200806.html HTTP/1.1" 200 166379 "-" "msnbot/1.1 (+http://search.msn.com/msnbot.htm)"
72.14.199.8 - - [02/Jul/2009:10:04:12 +0200] "GET / HTTP/1.1" 302 353 "-" "Feedfetcher-Google; (+http://www.google.com/feedfetcher.html; 1 subscribers; feed-id=5454548576667470243)"
72.14.199.85 - - [02/Jul/2009:10:04:13 +0200] "GET /zampa/ HTTP/1.1" 200 7153 "-" "Feedfetcher-Google; (+http://www.google.com/feedfetcher.html; 1 subscribers; feed-id=5454548576667470243)"
66.249.72.227 - - [02/Jul/2009:10:08:19 +0200] "GET /logs/usage_200905.html HTTP/1.1" 200 161148 "-" "Mozilla/5.0 (compatible; Googlebot/2.1; +http://www.google.com/bot.html)"
72.30.78.235 - - [02/Jul/2009:10:38:58 +0200] "GET /robots.txt HTTP/1.0" 200 64 "-" "Mozilla/5.0 (compatible; Yahoo! Slurp; http://help.yahoo.com/help/us/ysearch/slurp)"
72.30.78.235 - - [02/Jul/2009:10:38:59 +0200] "GET /frame-inhalt.html HTTP/1.0" 200 7688 "-" "Mozilla/5.0 (compatible; Yahoo! Slurp/3.0; http://help.yahoo.com/help/us/ysearch/slurp)"
72.30.78.235 - - [02/Jul/2009:10:38:59 +0200] "GET /style/various-euro.css HTTP/1.0" 304 - "http://www.various-euro.com/frame-inhalt.html" "Mozilla/5.0 (compatible; Yahoo! Slurp/3.0; http://help.yahoo.com/help/us/ysearch/slurp)"
72.30.78.235 - - [02/Jul/2009:10:45:47 +0200] "GET /logz.html HTTP/1.0" 404 2748 "-" "Mozilla/5.0 (compatible; Yahoo! Slurp/3.0; http://help.yahoo.com/help/us/ysearch/slurp)"
93.136.3.224 - - [02/Jul/2009:10:54:39 +0200] "GET /framez-zampa-lovers.html HTTP/1.1" 200 4322 "http://www.google.com/search?ie=UTF-8&oe=UTF-8&sourceid=navclient&gfns=1&q=igrice+u+kojima+si+jeba%C4%8D" "Mozilla/5.0 (Windows; U; Windows NT 5.1; en-US; rv:1.9) Gecko/2008052906 Firefox/3.0"
93.136.3.224 - - [02/Jul/2009:10:54:39 +0200] "GET /frame-menu.html HTTP/1.1" 200 10500 "http://www.various-euro.com/framez-zampa-lovers.html" "Mozilla/5.0 (Windows; U; Windows NT 5.1; en-US; rv:1.9) Gecko/2008052906 Firefox/3.0"
93.136.3.224 - - [02/Jul/2009:10:54:39 +0200] "GET /ve-icon-2.ico HTTP/1.1" 200 2238 "-" "Mozilla/5.0 (Windows; U; Windows NT 5.1; en-US; rv:1.9) Gecko/2008052906 Firefox/3.0"
93.136.3.224 - - [02/Jul/2009:10:54:39 +0200] "GET /frame-unten.html HTTP/1.1" 200 5308 "http://www.various-euro.com/framez-zampa-lovers.html" "Mozilla/5.0 (Windows; U; Windows NT 5.1; en-US; rv:1.9) Gecko/2008052906 Firefox/3.0"
93.136.3.224 - - [02/Jul/2009:10:54:39 +0200] "GET /style/various-euro.css HTTP/1.1" 200 3437 "http://www.various-euro.com/frame-menu.html" "Mozilla/5.0 (Windows; U; Windows NT 5.1; en-US; rv:1.9) Gecko/2008052906 Firefox/3.0"
93.136.3.224 - - [02/Jul/2009:10:54:39 +0200] "GET /zampa-lovers/kralle.gif HTTP/1.1" 404 2748 "http://www.various-euro.com/zampa-lovers/index.html" "Mozilla/5.0 (Windows; U; Windows NT 5.1; en-US; rv:1.9) Gecko/2008052906 Firefox/3.0"
93.136.3.224 - - [02/Jul/2009:10:54:39 +0200] "GET /zampa-lovers/DRAGAN_Z.JPG HTTP/1.1" 200 6850 "http://www.various-euro.com/zampa-lovers/index.html" "Mozilla/5.0 (Windows; U; Windows NT 5.1; en-US; rv:1.9) Gecko/2008052906 Firefox/3.0"
93.136.3.224 - - [02/Jul/2009:10:54:39 +0200] "GET /zampa-lovers/MILIZA_B.JPG HTTP/1.1" 200 10947 "http://www.various-euro.com/zampa-lovers/index.html" "Mozilla/5.0 (Windows; U; Windows NT 5.1; en-US; rv:1.9) Gecko/2008052906 Firefox/3.0"
93.136.3.224 - - [02/Jul/2009:10:54:39 +0200] "GET /zampa-lovers/MILIZA_4.JPG HTTP/1.1" 200 9946 "http://www.various-euro.com/zampa-lovers/index.html" "Mozilla/5.0 (Windows; U; Windows NT 5.1; en-US; rv:1.9) Gecko/2008052906 Firefox/3.0"
93.136.3.224 - - [02/Jul/2009:10:54:39 +0200] "GET /zampa-lovers/index.html HTTP/1.1" 200 37790 "http://www.various-euro.com/framez-zampa-lovers.html" "Mozilla/5.0 (Windows; U; Windows NT 5.1; en-US; rv:1.9) Gecko/2008052906 Firefox/3.0"
93.136.3.224 - - [02/Jul/2009:10:54:39 +0200] "GET /zampa-lovers/MILIZA_3.JPG HTTP/1.1" 200 26924 "http://www.various-euro.com/zampa-lovers/index.html" "Mozilla/5.0 (Windows; U; Windows NT 5.1; en-US; rv:1.9) Gecko/2008052906 Firefox/3.0"
93.136.3.224 - - [02/Jul/2009:10:54:39 +0200] "GET /zampa-lovers/DRAGANZA.JPG HTTP/1.1" 200 18560 "http://www.various-euro.com/zampa-lovers/index.html" "Mozilla/5.0 (Windows; U; Windows NT 5.1; en-US; rv:1.9) Gecko/2008052906 Firefox/3.0"
93.136.3.224 - - [02/Jul/2009:10:54:39 +0200] "GET /zampa-lovers/Kralle.gif HTTP/1.1" 200 260 "http://www.various-euro.com/zampa-lovers/index.html" "Mozilla/5.0 (Windows; U; Windows NT 5.1; en-US; rv:1.9) Gecko/2008052906 Firefox/3.0"
93.136.3.224 - - [02/Jul/2009:10:54:39 +0200] "GET /zampa-lovers/MILIZA_2.JPG HTTP/1.1" 200 22172 "http://www.various-euro.com/zampa-lovers/index.html" "Mozilla/5.0 (Windows; U; Windows NT 5.1; en-US; rv:1.9) Gecko/2008052906 Firefox/3.0"
93.136.3.224 - - [02/Jul/2009:10:54:39 +0200] "GET /bannerz/ve.jpg HTTP/1.1" 200 36912 "http://www.various-euro.com/frame-unten.html" "Mozilla/5.0 (Windows; U; Windows NT 5.1; en-US; rv:1.9) Gecko/2008052906 Firefox/3.0"
93.136.3.224 - - [02/Jul/2009:10:54:39 +0200] "GET /zampa-lovers/1SEITEVE.GIF HTTP/1.1" 200 78726 "http://www.various-euro.com/zampa-lovers/index.html" "Mozilla/5.0 (Windows; U; Windows NT 5.1; en-US; rv:1.9) Gecko/2008052906 Firefox/3.0"
93.136.3.224 - - [02/Jul/2009:10:54:39 +0200] "GET /zampa-lovers/2SEITEVE.GIF HTTP/1.1" 200 83466 "http://www.various-euro.com/zampa-lovers/index.html" "Mozilla/5.0 (Windows; U; Windows NT 5.1; en-US; rv:1.9) Gecko/2008052906 Firefox/3.0"
93.136.3.224 - - [02/Jul/2009:10:54:39 +0200] "GET /bannerz/various-euro-girl.jpg HTTP/1.1" 200 91514 "http://www.various-euro.com/frame-unten.html" "Mozilla/5.0 (Windows; U; Windows NT 5.1; en-US; rv:1.9) Gecko/2008052906 Firefox/3.0"
93.136.3.224 - - [02/Jul/2009:10:54:43 +0200] "GET /zampa-lovers/zampa-2X2.gif HTTP/1.1" 200 6948 "http://www.various-euro.com/zampa-lovers/index.html" "Mozilla/5.0 (Windows; U; Windows NT 5.1; en-US; rv:1.9) Gecko/2008052906 Firefox/3.0"
93.136.3.224 - - [02/Jul/2009:10:54:43 +0200] "GET /zampa-lovers/zampamali.gif HTTP/1.1" 200 2617 "http://www.various-euro.com/zampa-lovers/index.html" "Mozilla/5.0 (Windows; U; Windows NT 5.1; en-US; rv:1.9) Gecko/2008052906 Firefox/3.0"
93.136.3.224 - - [02/Jul/2009:10:54:43 +0200] "GET /zampa-lovers/ZAMPAMA2.MPG HTTP/1.1" 200 63492 "http://www.various-euro.com/zampa-lovers/index.html" "Mozilla/5.0 (Windows; U; Windows NT 5.1; en-US; rv:1.9) Gecko/2008052906 Firefox/3.0"
93.136.3.224 - - [02/Jul/2009:10:54:43 +0200] "GET /zampa-lovers/WASISTMI1.MPG HTTP/1.1" 200 271221 "http://www.various-euro.com/zampa-lovers/index.html" "Mozilla/5.0 (Windows; U; Windows NT 5.1; en-US; rv:1.9) Gecko/2008052906 Firefox/3.0"
93.136.3.224 - - [02/Jul/2009:10:54:39 +0200] "GET /zampa-lovers/zampa.gif HTTP/1.1" 200 460627 "http://www.various-euro.com/zampa-lovers/index.html" "Mozilla/5.0 (Windows; U; Windows NT 5.1; en-US; rv:1.9) Gecko/2008052906 Firefox/3.0"
93.136.3.224 - - [02/Jul/2009:10:54:46 +0200] "GET /zampa-lovers/ZAMPAMAS.MPG HTTP/1.1" 200 520196 "http://www.various-euro.com/zampa-lovers/index.html" "Mozilla/5.0 (Windows; U; Windows NT 5.1; en-US; rv:1.9) Gecko/2008052906 Firefox/3.0"
72.30.78.235 - - [02/Jul/2009:10:58:58 +0200] "GET /partnergegenberlin.html HTTP/1.0" 200 5022 "-" "Mozilla/5.0 (compatible; Yahoo! Slurp/3.0; http://help.yahoo.com/help/us/ysearch/slurp)"
65.55.230.249 - - [02/Jul/2009:11:13:06 +0200] "GET /robots.txt HTTP/1.1" 200 64 "-" "msnbot-media/1.1 (+http://search.msn.com/msnbot.htm)"
65.55.230.249 - - [02/Jul/2009:11:13:06 +0200] "GET /rss/ve-rss.php HTTP/1.1" 200 13600 "-" "msnbot-media/1.1 (+http://search.msn.com/msnbot.htm)"
65.55.211.168 - - [02/Jul/2009:11:15:37 +0200] "GET /robots.txt HTTP/1.1" 200 64 "-" "msnbot/1.1 (+http://search.msn.com/msnbot.htm)"
65.55.211.168 - - [02/Jul/2009:11:15:42 +0200] "GET /logs/usage_200809.html HTTP/1.1" 200 167981 "-" "msnbot/1.1 (+http://search.msn.com/msnbot.htm)"
65.55.211.168 - - [02/Jul/2009:11:23:06 +0200] "GET /neon/euro.html HTTP/1.1" 200 2212 "-" "msnbot/1.1 (+http://search.msn.com/msnbot.htm)"
72.30.78.235 - - [02/Jul/2009:11:48:37 +0200] "GET /zampa/montenegro/index.html HTTP/1.0" 200 2651 "-" "Mozilla/5.0 (compatible; Yahoo! Slurp/3.0; http://help.yahoo.com/help/us/ysearch/slurp)"
66.249.72.227 - - [02/Jul/2009:12:03:56 +0200] "GET /logs/usage_200907.html HTTP/1.1" 404 2748 "-" "Mozilla/5.0 (compatible; Googlebot/2.1; +http://www.google.com/bot.html)"
38.99.13.116 - - [02/Jul/2009:12:20:35 +0200] "GET /robots.txt HTTP/1.0" 302 363 "-" "Mozilla/5.0 (Twiceler-0.9 http://www.cuil.com/twiceler/robot.html)"
65.55.106.234 - - [02/Jul/2009:13:02:55 +0200] "GET /robots.txt HTTP/1.1" 302 363 "-" "msnbot/2.0b (+http://search.msn.com/msnbot.htm)"
65.55.106.234 - - [02/Jul/2009:13:02:55 +0200] "GET /zampa/robots.txt HTTP/1.1" 404 2748 "-" "msnbot/2.0b (+http://search.msn.com/msnbot.htm)"
65.55.211.163 - - [02/Jul/2009:13:08:29 +0200] "GET /robots.txt HTTP/1.1" 200 64 "-" "msnbot/1.1 (+http://search.msn.com/msnbot.htm)"
65.55.211.163 - - [02/Jul/2009:13:08:30 +0200] "GET /schubb/schubb-2.html HTTP/1.1" 200 16660 "-" "msnbot/1.1 (+http://search.msn.com/msnbot.htm)"
72.14.199.8 - - [02/Jul/2009:13:09:48 +0200] "GET / HTTP/1.1" 302 353 "-" "Feedfetcher-Google; (+http://www.google.com/feedfetcher.html; 1 subscribers; feed-id=5454548576667470243)"
72.14.199.85 - - [02/Jul/2009:13:09:58 +0200] "GET /zampa/ HTTP/1.1" 200 7153 "-" "Feedfetcher-Google; (+http://www.google.com/feedfetcher.html; 1 subscribers; feed-id=5454548576667470243)"
208.96.54.76 - - [02/Jul/2009:13:46:39 +0200] "GET /robots.txt HTTP/1.1" 200 64 "-" "Mozilla/5.0 (compatible; discobot/1.1; +http://discoveryengine.com/discobot.html)"
208.96.54.76 - - [02/Jul/2009:13:46:41 +0200] "GET /framez.html HTTP/1.1" 200 3959 "-" "Mozilla/5.0 (compatible; discobot/1.1; +http://discoveryengine.com/discobot.html)"
208.96.54.76 - - [02/Jul/2009:13:46:41 +0200] "GET /f-search.html HTTP/1.1" 200 11800 "-" "Mozilla/5.0 (compatible; discobot/1.1; +http://discoveryengine.com/discobot.html)"
208.96.54.76 - - [02/Jul/2009:13:46:41 +0200] "GET /framez-zampa-lovers.html HTTP/1.1" 200 4322 "-" "Mozilla/5.0 (compatible; discobot/1.1; +http://discoveryengine.com/discobot.html)"
65.55.106.144 - - [02/Jul/2009:13:52:46 +0200] "GET /robots.txt HTTP/1.1" 200 64 "-" "msnbot/2.0b (+http://search.msn.com/msnbot.htm)"
72.30.78.235 - - [02/Jul/2009:14:04:05 +0200] "GET /bmpp/euro_pal_1.html HTTP/1.0" 200 18252 "-" "Mozilla/5.0 (compatible; Yahoo! Slurp/3.0; http://help.yahoo.com/help/us/ysearch/slurp)"
216.129.119.49 - - [02/Jul/2009:14:04:07 +0200] "GET /robots.txt HTTP/1.0" 200 64 "-" "Mozilla/5.0 (Twiceler-0.9 http://www.cuil.com/twiceler/robot.html)"
72.30.78.235 - - [02/Jul/2009:14:07:29 +0200] "GET /f-bannnerz.html HTTP/1.0" 200 12651 "-" "Mozilla/5.0 (compatible; Yahoo! Slurp/3.0; http://help.yahoo.com/help/us/ysearch/slurp)"
65.55.106.191 - - [02/Jul/2009:14:30:34 +0200] "GET /robots.txt HTTP/1.1" 200 64 "-" "msnbot/2.0b (+http://search.msn.com/msnbot.htm)"
65.55.106.206 - - [02/Jul/2009:14:30:56 +0200] "GET /robots.txt HTTP/1.1" 302 363 "-" "msnbot/2.0b (+http://search.msn.com/msnbot.htm)"
65.55.106.206 - - [02/Jul/2009:14:30:56 +0200] "GET /zampa/robots.txt HTTP/1.1" 404 2748 "-" "msnbot/2.0b (+http://search.msn.com/msnbot.htm)"
65.55.106.191 - - [02/Jul/2009:14:37:28 +0200] "GET / HTTP/1.1" 200 7869 "-" "msnbot/2.0b (+http://search.msn.com/msnbot.htm)"
123.125.66.31 - - [02/Jul/2009:15:20:24 +0200] "GET / HTTP/1.1" 200 7869 "-" "Baiduspider+(+http://www.baidu.com/search/spider.htm)"
123.125.66.103 - - [02/Jul/2009:15:22:13 +0200] "GET / HTTP/1.1" 200 7869 "-" "Baiduspider+(+http://www.baidu.com/search/spider.htm)"
194.8.75.98 - - [02/Jul/2009:15:27:45 +0200] "GET / HTTP/1.0" 200 7869 "http://www.various-euro.com/" "Mozilla/4.0 (compatible; MSIE 6.0; America Online Browser 1.1; rev1.2; Windows NT 5.1; SV1; .NET CLR 1.1.4322)"
72.30.78.235 - - [02/Jul/2009:15:59:22 +0200] "GET /3dsf3/sendi/animals.html HTTP/1.0" 200 1422 "-" "Mozilla/5.0 (compatible; Yahoo! Slurp/3.0; http://help.yahoo.com/help/us/ysearch/slurp)"
72.30.78.235 - - [02/Jul/2009:15:59:23 +0200] "GET /3dsf3/sendi/formate.css HTTP/1.0" 200 474 "http://www.various-euro.com/3dsf3/sendi/animals.html" "Mozilla/5.0 (compatible; Yahoo! Slurp/3.0; http://help.yahoo.com/help/us/ysearch/slurp)"
72.14.199.8 - - [02/Jul/2009:16:10:03 +0200] "GET / HTTP/1.1" 302 353 "-" "Feedfetcher-Google; (+http://www.google.com/feedfetcher.html; 1 subscribers; feed-id=5454548576667470243)"
72.14.199.85 - - [02/Jul/2009:16:11:19 +0200] "GET /zampa/ HTTP/1.1" 200 7153 "-" "Feedfetcher-Google; (+http://www.google.com/feedfetcher.html; 1 subscribers; feed-id=5454548576667470243)"
212.16.77.51 - - [02/Jul/2009:16:14:18 +0200] "GET /framez-zampa-lovers.html HTTP/1.1" 200 4322 "http://www.google.com/search?q=mozhan+rad&hl=fa&lr=&start=10&sa=N" "Mozilla/4.0 (compatible; MSIE 6.0; Windows NT 5.1; SV1; Mozilla/4.0 (compatible; MSIE 6.0; Windows NT 5.1; SV1) )"
212.16.77.51 - - [02/Jul/2009:16:14:20 +0200] "GET /frame-menu.html HTTP/1.1" 200 10500 "http://www.various-euro.com/framez-zampa-lovers.html" "Mozilla/4.0 (compatible; MSIE 6.0; Windows NT 5.1; SV1; Mozilla/4.0 (compatible; MSIE 6.0; Windows NT 5.1; SV1) )"
212.16.77.51 - - [02/Jul/2009:16:14:21 +0200] "GET /frame-unten.html HTTP/1.1" 200 5308 "http://www.various-euro.com/framez-zampa-lovers.html" "Mozilla/4.0 (compatible; MSIE 6.0; Windows NT 5.1; SV1; Mozilla/4.0 (compatible; MSIE 6.0; Windows NT 5.1; SV1) )"
212.16.77.51 - - [02/Jul/2009:16:14:22 +0200] "GET /style/various-euro.css HTTP/1.1" 200 3437 "http://www.various-euro.com/frame-menu.html" "Mozilla/4.0 (compatible; MSIE 6.0; Windows NT 5.1; SV1; Mozilla/4.0 (compatible; MSIE 6.0; Windows NT 5.1; SV1) )"
212.16.77.51 - - [02/Jul/2009:16:14:23 +0200] "GET /bannerz/ve.jpg HTTP/1.1" 200 36912 "http://www.various-euro.com/frame-unten.html" "Mozilla/4.0 (compatible; MSIE 6.0; Windows NT 5.1; SV1; Mozilla/4.0 (compatible; MSIE 6.0; Windows NT 5.1; SV1) )"
212.16.77.51 - - [02/Jul/2009:16:14:30 +0200] "GET /bannerz/various-euro-girl.jpg HTTP/1.1" 200 91514 "http://www.various-euro.com/frame-unten.html" "Mozilla/4.0 (compatible; MSIE 6.0; Windows NT 5.1; SV1; Mozilla/4.0 (compatible; MSIE 6.0; Windows NT 5.1; SV1) )"
212.16.77.51 - - [02/Jul/2009:16:14:29 +0200] "GET /zampa-lovers/index.html HTTP/1.1" 200 37790 "http://www.various-euro.com/framez-zampa-lovers.html" "Mozilla/4.0 (compatible; MSIE 6.0; Windows NT 5.1; SV1; Mozilla/4.0 (compatible; MSIE 6.0; Windows NT 5.1; SV1) )"
212.16.77.51 - - [02/Jul/2009:16:14:49 +0200] "GET /zampa-lovers/kralle.gif HTTP/1.1" 404 2748 "http://www.various-euro.com/zampa-lovers/index.html" "Mozilla/4.0 (compatible; MSIE 6.0; Windows NT 5.1; SV1; Mozilla/4.0 (compatible; MSIE 6.0; Windows NT 5.1; SV1) )"
212.16.77.51 - - [02/Jul/2009:16:14:55 +0200] "GET /zampa-lovers/DRAGAN_Z.JPG HTTP/1.1" 200 6850 "http://www.various-euro.com/zampa-lovers/index.html" "Mozilla/4.0 (compatible; MSIE 6.0; Windows NT 5.1; SV1; Mozilla/4.0 (compatible; MSIE 6.0; Windows NT 5.1; SV1) )"
212.16.77.51 - - [02/Jul/2009:16:15:04 +0200] "GET /zampa-lovers/MILIZA_2.JPG HTTP/1.1" 200 22172 "http://www.various-euro.com/zampa-lovers/index.html" "Mozilla/4.0 (compatible; MSIE 6.0; Windows NT 5.1; SV1; Mozilla/4.0 (compatible; MSIE 6.0; Windows NT 5.1; SV1) )"
212.16.77.51 - - [02/Jul/2009:16:15:20 +0200] "GET /zampa-lovers/MILIZA_3.JPG HTTP/1.1" 200 26924 "http://www.various-euro.com/zampa-lovers/index.html" "Mozilla/4.0 (compatible; MSIE 6.0; Windows NT 5.1; SV1; Mozilla/4.0 (compatible; MSIE 6.0; Windows NT 5.1; SV1) )"
212.16.77.51 - - [02/Jul/2009:16:15:33 +0200] "GET /zampa-lovers/MILIZA_B.JPG HTTP/1.1" 200 10947 "http://www.various-euro.com/zampa-lovers/index.html" "Mozilla/4.0 (compatible; MSIE 6.0; Windows NT 5.1; SV1; Mozilla/4.0 (compatible; MSIE 6.0; Windows NT 5.1; SV1) )"
212.16.77.51 - - [02/Jul/2009:16:15:40 +0200] "GET /zampa-lovers/MILIZA_4.JPG HTTP/1.1" 200 9946 "http://www.various-euro.com/zampa-lovers/index.html" "Mozilla/4.0 (compatible; MSIE 6.0; Windows NT 5.1; SV1; Mozilla/4.0 (compatible; MSIE 6.0; Windows NT 5.1; SV1) )"
212.16.77.51 - - [02/Jul/2009:16:15:46 +0200] "GET /zampa-lovers/DRAGANZA.JPG HTTP/1.1" 200 18560 "http://www.various-euro.com/zampa-lovers/index.html" "Mozilla/4.0 (compatible; MSIE 6.0; Windows NT 5.1; SV1; Mozilla/4.0 (compatible; MSIE 6.0; Windows NT 5.1; SV1) )"
65.55.51.69 - - [02/Jul/2009:16:16:07 +0200] "GET /robots.txt HTTP/1.1" 302 363 "-" "msnbot/2.0b (+http://search.msn.com/msnbot.htm)"
65.55.51.69 - - [02/Jul/2009:16:16:08 +0200] "GET /zampa/robots.txt HTTP/1.1" 404 2748 "-" "msnbot/2.0b (+http://search.msn.com/msnbot.htm)"
212.16.77.51 - - [02/Jul/2009:16:15:56 +0200] "GET /zampa-lovers/1SEITEVE.GIF HTTP/1.1" 200 78726 "http://www.various-euro.com/zampa-lovers/index.html" "Mozilla/4.0 (compatible; MSIE 6.0; Windows NT 5.1; SV1; Mozilla/4.0 (compatible; MSIE 6.0; Windows NT 5.1; SV1) )"
212.16.77.51 - - [02/Jul/2009:16:14:52 +0200] "GET /zampa-lovers/zampa.gif HTTP/1.1" 200 460627 "http://www.various-euro.com/zampa-lovers/index.html" "Mozilla/4.0 (compatible; MSIE 6.0; Windows NT 5.1; SV1; Mozilla/4.0 (compatible; MSIE 6.0; Windows NT 5.1; SV1) )"
193.252.149.16 - - [02/Jul/2009:16:20:06 +0200] "GET /f-maintitle.html HTTP/1.1" 200 5030 "-" "Mozilla/5.0 (Windows; U; Windows NT 5.1; fr; rv:1.8.1) VoilaBot BETA 1.2 (support.voilabot@orange-ftgroup.com)"
38.99.44.105 - - [02/Jul/2009:16:23:29 +0200] "GET /robots.txt HTTP/1.0" 200 64 "-" "Mozilla/5.0 (Twiceler-0.9 http://www.cuil.com/twiceler/robot.html)"
65.55.211.159 - - [02/Jul/2009:16:47:13 +0200] "GET /robots.txt HTTP/1.1" 200 64 "-" "msnbot/1.1 (+http://search.msn.com/msnbot.htm)"
65.55.211.159 - - [02/Jul/2009:16:47:13 +0200] "GET /logs/usage_200810.html HTTP/1.1" 200 167469 "-" "msnbot/1.1 (+http://search.msn.com/msnbot.htm)"
208.96.54.76 - - [02/Jul/2009:17:58:36 +0200] "GET /robots.txt HTTP/1.1" 302 363 "-" "Mozilla/5.0 (compatible; discobot/1.1; +http://discoveryengine.com/discobot.html)"
208.96.54.76 - - [02/Jul/2009:17:58:39 +0200] "GET /zampa/robots.txt HTTP/1.1" 404 2748 "-" "Mozilla/5.0 (compatible; discobot/1.1; +http://discoveryengine.com/discobot.html)"
208.96.54.76 - - [02/Jul/2009:17:58:42 +0200] "GET / HTTP/1.1" 302 353 "-" "Mozilla/5.0 (compatible; discobot/1.1; +http://discoveryengine.com/discobot.html)"
65.55.211.167 - - [02/Jul/2009:18:08:31 +0200] "GET /robots.txt HTTP/1.1" 200 64 "-" "msnbot/1.1 (+http://search.msn.com/msnbot.htm)"
65.55.211.167 - - [02/Jul/2009:18:08:33 +0200] "GET /logs/usage_200905.html HTTP/1.1" 200 161148 "-" "msnbot/1.1 (+http://search.msn.com/msnbot.htm)"
67.195.115.171 - - [02/Jul/2009:18:47:31 +0200] "GET /robots.txt HTTP/1.0" 200 64 "-" "Mozilla/5.0 (compatible; Yahoo! Slurp; http://help.yahoo.com/help/us/ysearch/slurp)"
67.195.115.171 - - [02/Jul/2009:18:47:32 +0200] "GET /framez-rez.html HTTP/1.0" 200 4323 "-" "Mozilla/5.0 (compatible; Yahoo! Slurp/3.0; http://help.yahoo.com/help/us/ysearch/slurp)"
67.195.115.171 - - [02/Jul/2009:18:47:32 +0200] "GET /frame-menu.html HTTP/1.0" 200 10500 "http://www.various-euro.com/framez-rez.html" "Mozilla/5.0 (compatible; Yahoo! Slurp/3.0; http://help.yahoo.com/help/us/ysearch/slurp)"
67.195.115.171 - - [02/Jul/2009:18:47:32 +0200] "GET /frame-unten.html HTTP/1.0" 200 5308 "http://www.various-euro.com/framez-rez.html" "Mozilla/5.0 (compatible; Yahoo! Slurp/3.0; http://help.yahoo.com/help/us/ysearch/slurp)"
67.195.115.171 - - [02/Jul/2009:18:47:32 +0200] "GET /f-rez.html HTTP/1.0" 200 9765 "http://www.various-euro.com/framez-rez.html" "Mozilla/5.0 (compatible; Yahoo! Slurp/3.0; http://help.yahoo.com/help/us/ysearch/slurp)"
67.195.115.171 - - [02/Jul/2009:18:47:33 +0200] "GET /style/various-euro.css HTTP/1.0" 200 3437 "http://www.various-euro.com/frame-menu.html" "Mozilla/5.0 (compatible; Yahoo! Slurp/3.0; http://help.yahoo.com/help/us/ysearch/slurp)"
65.55.106.182 - - [02/Jul/2009:19:08:15 +0200] "GET /robots.txt HTTP/1.1" 200 64 "-" "msnbot/2.0b (+http://search.msn.com/msnbot.htm)"
81.38.38.12 - - [02/Jul/2009:19:08:47 +0200] "GET / HTTP/1.1" 200 7869 "http://www.google.com" "Googlebot/2.1 (+http://www.google.com/bot.html)"
72.14.199.8 - - [02/Jul/2009:19:11:23 +0200] "GET / HTTP/1.1" 302 353 "-" "Feedfetcher-Google; (+http://www.google.com/feedfetcher.html; 1 subscribers; feed-id=5454548576667470243)"
72.14.199.85 - - [02/Jul/2009:19:11:27 +0200] "GET /zampa/ HTTP/1.1" 200 7153 "-" "Feedfetcher-Google; (+http://www.google.com/feedfetcher.html; 1 subscribers; feed-id=5454548576667470243)"
72.30.78.235 - - [02/Jul/2009:19:29:49 +0200] "GET /biggtani.html HTTP/1.0" 404 2748 "-" "Mozilla/5.0 (compatible; Yahoo! Slurp/3.0; http://help.yahoo.com/help/us/ysearch/slurp)"
212.95.54.38 - - [02/Jul/2009:19:48:29 +0200] "GET /framez-schubb5.html HTTP/1.0" 200 4330 "http://www.various-euro.com/framez-schubb5.html" "Mozilla/4.0 (compatible; MSIE 6.0; Windows NT 5.1; SV1; InfoPath.1"
212.95.54.38 - - [02/Jul/2009:19:48:29 +0200] "GET /frame-menu.html HTTP/1.0" 200 10500 "http://www.various-euro.com/frame-menu.html" "Mozilla/4.0 (compatible; MSIE 6.0; Windows NT 5.1; SV1; InfoPath.1"
212.95.54.38 - - [02/Jul/2009:19:48:29 +0200] "GET /schubb/schubb-5.html HTTP/1.0" 200 72944 "http://www.various-euro.com/schubb/schubb-5.html" "Mozilla/4.0 (compatible; MSIE 6.0; Windows NT 5.1; SV1; InfoPath.1"
212.95.54.38 - - [02/Jul/2009:19:48:29 +0200] "GET /frame-unten.html HTTP/1.0" 200 5308 "http://www.various-euro.com/frame-unten.html" "Mozilla/4.0 (compatible; MSIE 6.0; Windows NT 5.1; SV1; InfoPath.1"
65.55.106.120 - - [02/Jul/2009:20:11:19 +0200] "GET /robots.txt HTTP/1.1" 200 64 "-" "msnbot/2.0b (+http://search.msn.com/msnbot.htm)"
66.235.124.104 - - [02/Jul/2009:20:32:50 +0200] "GET /robots.txt HTTP/1.1" 200 64 "-" "Mozilla/5.0 (compatible; Ask Jeeves/Teoma; +http://about.ask.com/en/docs/about/webmasters.shtml)"
66.235.124.104 - - [02/Jul/2009:20:33:05 +0200] "GET /restate_copy.html HTTP/1.1" 200 97631 "-" "Mozilla/5.0 (compatible; Ask Jeeves/Teoma; +http://about.ask.com/en/docs/about/webmasters.shtml)"
66.235.124.104 - - [02/Jul/2009:20:33:08 +0200] "GET /menueleiste.js HTTP/1.1" 404 2748 "-" "Mozilla/5.0 (compatible; Ask Jeeves/Teoma; +http://about.ask.com/en/docs/about/webmasters.shtml)"
66.235.124.89 - - [02/Jul/2009:20:33:10 +0200] "GET /framez-restate.html HTTP/1.1" 200 4328 "-" "Mozilla/5.0 (compatible; Ask Jeeves/Teoma; +http://about.ask.com/en/docs/about/webmasters.shtml)"
66.235.124.89 - - [02/Jul/2009:20:33:11 +0200] "GET /frame-menu.html HTTP/1.1" 200 10500 "-" "Mozilla/5.0 (compatible; Ask Jeeves/Teoma; +http://about.ask.com/en/docs/about/webmasters.shtml)"
66.235.124.89 - - [02/Jul/2009:20:33:11 +0200] "GET /restate_copy.html HTTP/1.1" 200 97631 "-" "Mozilla/5.0 (compatible; Ask Jeeves/Teoma; +http://about.ask.com/en/docs/about/webmasters.shtml)"
66.235.124.89 - - [02/Jul/2009:20:33:14 +0200] "GET /frame-unten.html HTTP/1.1" 200 5308 "-" "Mozilla/5.0 (compatible; Ask Jeeves/Teoma; +http://about.ask.com/en/docs/about/webmasters.shtml)"
66.235.124.89 - - [02/Jul/2009:20:33:28 +0200] "GET /framez.html HTTP/1.1" 200 3959 "-" "Mozilla/5.0 (compatible; Ask Jeeves/Teoma; +http://about.ask.com/en/docs/about/webmasters.shtml)"
66.235.124.89 - - [02/Jul/2009:20:33:28 +0200] "GET /framez.html HTTP/1.1" 200 3959 "-" "Mozilla/5.0 (compatible; Ask Jeeves/Teoma; +http://about.ask.com/en/docs/about/webmasters.shtml)"
66.235.124.89 - - [02/Jul/2009:20:33:28 +0200] "GET /frame-inhalt.html HTTP/1.1" 200 7688 "-" "Mozilla/5.0 (compatible; Ask Jeeves/Teoma; +http://about.ask.com/en/docs/about/webmasters.shtml)"
78.8.22.189 - - [02/Jul/2009:20:50:19 +0200] "GET / HTTP/1.1" 200 7869 "http://gry-planszowe.c0.pl" "Mozilla/4.0 (compatible; MSIE 5.5; Windows 98)"
193.252.149.16 - - [02/Jul/2009:21:14:21 +0200] "GET /bmpp/euro_pal_1.html HTTP/1.1" 200 18252 "-" "Mozilla/5.0 (Windows; U; Windows NT 5.1; fr; rv:1.8.1) VoilaBot BETA 1.2 (support.voilabot@orange-ftgroup.com)"
61.247.221.93 - - [02/Jul/2009:21:51:35 +0200] "GET /robots.txt HTTP/1.1" 200 64 "-" "Mozilla/4.0 (compatible; NaverBot/1.0; http://help.naver.com/customer_webtxt_02.jsp)"
61.247.221.93 - - [02/Jul/2009:21:51:35 +0200] "GET /restate_copy.html HTTP/1.1" 200 97631 "-" "Mozilla/4.0 (compatible; NaverBot/1.0; http://help.naver.com/customer_webtxt_02.jsp)"
65.55.106.143 - - [02/Jul/2009:21:54:18 +0200] "GET /robots.txt HTTP/1.1" 200 64 "-" "msnbot/2.0b (+http://search.msn.com/msnbot.htm)"
72.14.199.8 - - [02/Jul/2009:22:12:11 +0200] "GET / HTTP/1.1" 302 353 "-" "Feedfetcher-Google; (+http://www.google.com/feedfetcher.html; 1 subscribers; feed-id=5454548576667470243)"
72.14.199.85 - - [02/Jul/2009:22:12:19 +0200] "GET /zampa/ HTTP/1.1" 200 7153 "-" "Feedfetcher-Google; (+http://www.google.com/feedfetcher.html; 1 subscribers; feed-id=5454548576667470243)"
194.8.75.214 - - [02/Jul/2009:22:12:50 +0200] "GET /framez-schubb5.html HTTP/1.0" 200 4330 "http://www.various-euro.com/framez-schubb5.html" "Mozilla/4.0 (compatible; MSIE 6.0; Windows 98; Win 9x 4.90)"
65.55.106.167 - - [02/Jul/2009:22:19:25 +0200] "GET /logs/usage_200711.html HTTP/1.1" 404 2748 "-" "msnbot/2.0b (+http://search.msn.com/msnbot.htm)"
72.30.142.174 - - [02/Jul/2009:22:36:32 +0200] "GET /robots.txt HTTP/1.0" 200 64 "-" "Mozilla/5.0 (compatible; Yahoo! Slurp; http://help.yahoo.com/help/us/ysearch/slurp)"
72.30.142.174 - - [02/Jul/2009:22:36:33 +0200] "GET /framez.html HTTP/1.0" 200 3959 "-" "Mozilla/5.0 (compatible; Yahoo! Slurp/3.0; http://help.yahoo.com/help/us/ysearch/slurp)"
72.30.142.174 - - [02/Jul/2009:22:36:35 +0200] "GET /style/various-euro.css HTTP/1.0" 200 3437 "http://various-euro.com/framez.html" "Mozilla/5.0 (compatible; Yahoo! Slurp/3.0; http://help.yahoo.com/help/us/ysearch/slurp)"
72.30.142.174 - - [02/Jul/2009:22:36:38 +0200] "GET /frame-inhalt.html HTTP/1.0" 200 7688 "http://various-euro.com/framez.html" "Mozilla/5.0 (compatible; Yahoo! Slurp/3.0; http://help.yahoo.com/help/us/ysearch/slurp)"
72.30.142.174 - - [02/Jul/2009:22:36:38 +0200] "GET /frame-unten.html HTTP/1.0" 200 5308 "http://various-euro.com/framez.html" "Mozilla/5.0 (compatible; Yahoo! Slurp/3.0; http://help.yahoo.com/help/us/ysearch/slurp)"
72.30.142.174 - - [02/Jul/2009:22:36:38 +0200] "GET /frame-menu.html HTTP/1.0" 200 10500 "http://various-euro.com/framez.html" "Mozilla/5.0 (compatible; Yahoo! Slurp/3.0; http://help.yahoo.com/help/us/ysearch/slurp)"
72.30.78.235 - - [02/Jul/2009:23:25:29 +0200] "GET /robots.txt HTTP/1.0" 200 64 "-" "Mozilla/5.0 (compatible; Yahoo! Slurp; http://help.yahoo.com/help/us/ysearch/slurp)"
72.30.78.235 - - [02/Jul/2009:23:25:30 +0200] "GET /framez-rez.html HTTP/1.0" 200 4323 "-" "Mozilla/5.0 (compatible; Yahoo! Slurp/3.0; http://help.yahoo.com/help/us/ysearch/slurp)"
72.30.78.235 - - [02/Jul/2009:23:25:32 +0200] "GET /frame-unten.html HTTP/1.0" 200 5308 "http://www.various-euro.com/framez-rez.html" "Mozilla/5.0 (compatible; Yahoo! Slurp/3.0; http://help.yahoo.com/help/us/ysearch/slurp)"
72.30.78.235 - - [02/Jul/2009:23:25:32 +0200] "GET /f-rez.html HTTP/1.0" 200 9765 "http://www.various-euro.com/framez-rez.html" "Mozilla/5.0 (compatible; Yahoo! Slurp/3.0; http://help.yahoo.com/help/us/ysearch/slurp)"
72.30.78.235 - - [02/Jul/2009:23:25:32 +0200] "GET /frame-menu.html HTTP/1.0" 200 10500 "http://www.various-euro.com/framez-rez.html" "Mozilla/5.0 (compatible; Yahoo! Slurp/3.0; http://help.yahoo.com/help/us/ysearch/slurp)"
72.30.78.235 - - [02/Jul/2009:23:25:34 +0200] "GET /style/various-euro.css HTTP/1.0" 304 - "http://www.various-euro.com/frame-menu.html" "Mozilla/5.0 (compatible; Yahoo! Slurp/3.0; http://help.yahoo.com/help/us/ysearch/slurp)"
65.55.106.192 - - [02/Jul/2009:23:30:18 +0200] "GET /robots.txt HTTP/1.1" 200 64 "-" "msnbot/2.0b (+http://search.msn.com/msnbot.htm)"
208.80.195.38 - - [02/Jul/2009:23:38:10 +0200] "GET / HTTP/1.0" 200 7869 "-" "Mozilla/4.0 (compatible; MSIE 6.0; Windows NT 5.1; SV1; .NET CLR 1.1.4322; .NET CLR 2.0.50727; InfoPath.1; Windows-Media-Player/10.00.00.3990)"
208.80.195.38 - - [02/Jul/2009:23:38:10 +0200] "GET / HTTP/1.0" 200 7869 "-" "Mozilla/4.0 (compatible; MSIE 7.0; Windows NT 5.1; FunWebProducts; .NET CLR 1.1.4322; HbTools 4.7.3)"
72.14.199.8 - - [03/Jul/2009:01:12:23 +0200] "GET / HTTP/1.1" 302 353 "-" "Feedfetcher-Google; (+http://www.google.com/feedfetcher.html; 1 subscribers; feed-id=5454548576667470243)"
72.14.199.85 - - [03/Jul/2009:01:12:24 +0200] "GET /zampa/ HTTP/1.1" 200 7153 "-" "Feedfetcher-Google; (+http://www.google.com/feedfetcher.html; 1 subscribers; feed-id=5454548576667470243)"
65.55.106.117 - - [03/Jul/2009:01:27:43 +0200] "GET /robots.txt HTTP/1.1" 200 64 "-" "msnbot/2.0b (+http://search.msn.com/msnbot.htm)"
65.55.51.115 - - [03/Jul/2009:01:29:47 +0200] "GET /robots.txt HTTP/1.1" 200 64 "-" "msnbot/2.0b (+http://search.msn.com/msnbot.htm)"
65.55.211.170 - - [03/Jul/2009:01:39:45 +0200] "GET /robots.txt HTTP/1.1" 200 64 "-" "msnbot/1.1 (+http://search.msn.com/msnbot.htm)"
65.55.211.170 - - [03/Jul/2009:01:39:46 +0200] "GET /f-doku-brau.html HTTP/1.1" 200 7152 "-" "msnbot/1.1 (+http://search.msn.com/msnbot.htm)"
65.55.110.161 - - [03/Jul/2009:01:40:18 +0200] "GET /f-doku-brau.html HTTP/1.0" 200 7152 "http://search.live.com/results.aspx?q=braeu" "Mozilla/4.0 (compatible; MSIE 6.0; Windows NT 5.2; SV1; .NET CLR 1.1.4322)"
65.55.110.161 - - [03/Jul/2009:01:40:34 +0200] "GET /framez-dbrau.html HTTP/1.0" 200 4313 "-" "Mozilla/4.0 (compatible; MSIE 6.0; Windows NT 5.2; SV1; .NET CLR 1.1.4322)"
65.55.110.161 - - [03/Jul/2009:01:40:35 +0200] "GET /frame-menu.html HTTP/1.0" 200 10500 "http://www.various-euro.com/framez-dbrau.html" "Mozilla/4.0 (compatible; MSIE 6.0; Windows NT 5.2; SV1; .NET CLR 1.1.4322)"
65.23.157.214 - - [03/Jul/2009:01:52:41 +0200] "GET //phpMyAdmin/main.php HTTP/1.1" 404 2748 "-" "Mozilla/4.0 (compatible; MSIE 6.0; Windows 98)"
65.23.157.214 - - [03/Jul/2009:01:52:41 +0200] "GET //phpmyadmin/main.php HTTP/1.1" 404 2748 "-" "Mozilla/4.0 (compatible; MSIE 6.0; Windows 98)"
65.23.157.214 - - [03/Jul/2009:01:52:42 +0200] "GET //pma/main.php HTTP/1.1" 404 2748 "-" "Mozilla/4.0 (compatible; MSIE 6.0; Windows 98)"
65.23.157.214 - - [03/Jul/2009:01:52:42 +0200] "GET //admin/main.php HTTP/1.1" 404 2748 "-" "Mozilla/4.0 (compatible; MSIE 6.0; Windows 98)"
65.23.157.214 - - [03/Jul/2009:01:52:42 +0200] "GET //dbadmin/main.php HTTP/1.1" 404 2748 "-" "Mozilla/4.0 (compatible; MSIE 6.0; Windows 98)"
65.23.157.214 - - [03/Jul/2009:01:52:43 +0200] "GET //mysql/main.php HTTP/1.1" 404 2748 "-" "Mozilla/4.0 (compatible; MSIE 6.0; Windows 98)"
65.23.157.214 - - [03/Jul/2009:01:52:43 +0200] "GET //php-my-admin/main.php HTTP/1.1" 404 2748 "-" "Mozilla/4.0 (compatible; MSIE 6.0; Windows 98)"
65.23.157.214 - - [03/Jul/2009:01:52:43 +0200] "GET //myadmin/main.php HTTP/1.1" 404 2748 "-" "Mozilla/4.0 (compatible; MSIE 6.0; Windows 98)"
65.23.157.214 - - [03/Jul/2009:01:52:44 +0200] "GET //PHPMYADMIN/main.php HTTP/1.1" 404 2748 "-" "Mozilla/4.0 (compatible; MSIE 6.0; Windows 98)"
65.55.106.142 - - [03/Jul/2009:07:59:08 +0200] "GET /robots.txt HTTP/1.1" 200 64 "-" "msnbot/2.0b (+http://search.msn.com/msnbot.htm)"
66.114.134.154 - - [03/Jul/2009:08:10:36 +0200] "GET /login.php HTTP/1.1" 404 2748 "http://various-euro.com/login.php" "Mozilla/4.0 (compatible; MSIE 6.0; Windows NT 5.1)"
201.75.22.180 - - [03/Jul/2009:08:28:04 +0200] "GET /login.php HTTP/1.1" 404 2748 "http://various-euro.com/login.php" "Mozilla/4.0 (compatible; MSIE 6.0; Windows NT 5.1)"
65.55.106.108 - - [03/Jul/2009:08:45:35 +0200] "GET /robots.txt HTTP/1.1" 302 363 "-" "msnbot/2.0b (+http://search.msn.com/msnbot.htm)"
65.55.106.108 - - [03/Jul/2009:08:45:36 +0200] "GET /zampa/robots.txt HTTP/1.1" 404 2748 "-" "msnbot/2.0b (+http://search.msn.com/msnbot.htm)"
65.55.51.110 - - [03/Jul/2009:09:02:04 +0200] "GET /robots.txt HTTP/1.1" 200 64 "-" "msnbot/2.0b (+http://search.msn.com/msnbot.htm)"
208.96.54.76 - - [03/Jul/2009:09:28:31 +0200] "GET /robots.txt HTTP/1.1" 200 64 "-" "Mozilla/5.0 (compatible; discobot/1.1; +http://discoveryengine.com/discobot.html)"
208.96.54.76 - - [03/Jul/2009:09:28:33 +0200] "GET / HTTP/1.1" 200 7869 "-" "Mozilla/5.0 (compatible; discobot/1.1; +http://discoveryengine.com/discobot.html)"
65.55.106.134 - - [03/Jul/2009:09:46:32 +0200] "GET /robots.txt HTTP/1.1" 200 64 "-" "msnbot/2.0b (+http://search.msn.com/msnbot.htm)"
72.14.199.8 - - [03/Jul/2009:10:27:05 +0200] "GET / HTTP/1.1" 302 353 "-" "Feedfetcher-Google; (+http://www.google.com/feedfetcher.html; 1 subscribers; feed-id=5454548576667470243)"
72.14.199.85 - - [03/Jul/2009:10:27:10 +0200] "GET /zampa/ HTTP/1.1" 200 7153 "-" "Feedfetcher-Google; (+http://www.google.com/feedfetcher.html; 1 subscribers; feed-id=5454548576667470243)"
66.249.72.227 - - [03/Jul/2009:10:30:01 +0200] "GET /robots.txt HTTP/1.1" 200 64 "-" "Mozilla/5.0 (compatible; Googlebot/2.1; +http://www.google.com/bot.html)"
66.249.72.227 - - [03/Jul/2009:10:30:01 +0200] "GET /framez-zampa-lovers.html HTTP/1.1" 200 4322 "-" "Mozilla/5.0 (compatible; Googlebot/2.1; +http://www.google.com/bot.html)"
83.167.62.185 - - [03/Jul/2009:10:32:28 +0200] "GET /robots.txt HTTP/1.1" 200 64 "http://www.exalead.com/" "Mozilla/5.0 (compatible; Exabot-Images/3.0; +http://www.exabot.com/go/robot)"
83.167.62.185 - - [03/Jul/2009:10:32:28 +0200] "GET /zampa/slike/E6BIENNI.GIF HTTP/1.1" 200 33736 "http://www.exalead.com/" "Mozilla/5.0 (compatible; Exabot-Images/3.0; +http://www.exabot.com/go/robot)"
65.55.211.161 - - [03/Jul/2009:10:36:14 +0200] "GET /robots.txt HTTP/1.1" 200 64 "-" "msnbot/1.1 (+http://search.msn.com/msnbot.htm)"
65.55.211.161 - - [03/Jul/2009:10:36:14 +0200] "GET /zampa-lovers/index.html HTTP/1.1" 200 37790 "-" "msnbot/1.1 (+http://search.msn.com/msnbot.htm)"
38.99.13.116 - - [03/Jul/2009:10:53:33 +0200] "GET /robots.txt HTTP/1.0" 302 363 "-" "Mozilla/5.0 (Twiceler-0.9 http://www.cuil.com/twiceler/robot.html)"
125.70.58.120 - - [03/Jul/2009:11:02:47 +0200] "GET /f-world.html HTTP/1.0" 200 35590 "-" "Mozilla/4.0 (compatible; MSIE 6.0; Windows NT 5.1; SV1)"
65.55.230.243 - - [03/Jul/2009:11:07:05 +0200] "GET /robots.txt HTTP/1.1" 200 64 "-" "msnbot-media/1.1 (+http://search.msn.com/msnbot.htm)"
65.55.230.243 - - [03/Jul/2009:11:07:05 +0200] "GET /framez.html HTTP/1.1" 200 3959 "-" "msnbot-media/1.1 (+http://search.msn.com/msnbot.htm)"
65.55.106.145 - - [03/Jul/2009:11:12:32 +0200] "GET /robots.txt HTTP/1.1" 200 64 "-" "msnbot/2.0b (+http://search.msn.com/msnbot.htm)"
65.55.211.169 - - [03/Jul/2009:11:18:32 +0200] "GET /robots.txt HTTP/1.1" 200 64 "-" "msnbot/1.1 (+http://search.msn.com/msnbot.htm)"
65.55.211.169 - - [03/Jul/2009:11:18:33 +0200] "GET /zampa/montenegro/TESLAW.html HTTP/1.1" 200 861 "-" "msnbot/1.1 (+http://search.msn.com/msnbot.htm)"
67.195.115.171 - - [03/Jul/2009:11:31:48 +0200] "GET /framez-rez.html HTTP/1.0" 200 4323 "-" "Mozilla/5.0 (compatible; Yahoo! Slurp/3.0; http://help.yahoo.com/help/us/ysearch/slurp)"
67.195.115.171 - - [03/Jul/2009:11:31:48 +0200] "GET /frame-unten.html HTTP/1.0" 200 5308 "http://www.various-euro.com/framez-rez.html" "Mozilla/5.0 (compatible; Yahoo! Slurp/3.0; http://help.yahoo.com/help/us/ysearch/slurp)"
67.195.115.171 - - [03/Jul/2009:11:31:48 +0200] "GET /frame-menu.html HTTP/1.0" 200 10500 "http://www.various-euro.com/framez-rez.html" "Mozilla/5.0 (compatible; Yahoo! Slurp/3.0; http://help.yahoo.com/help/us/ysearch/slurp)"
67.195.115.171 - - [03/Jul/2009:11:31:48 +0200] "GET /f-rez.html HTTP/1.0" 200 9765 "http://www.various-euro.com/framez-rez.html" "Mozilla/5.0 (compatible; Yahoo! Slurp/3.0; http://help.yahoo.com/help/us/ysearch/slurp)"
67.195.115.171 - - [03/Jul/2009:11:31:49 +0200] "GET /style/various-euro.css HTTP/1.0" 304 - "http://www.various-euro.com/frame-menu.html" "Mozilla/5.0 (compatible; Yahoo! Slurp/3.0; http://help.yahoo.com/help/us/ysearch/slurp)"
65.55.211.171 - - [03/Jul/2009:11:34:10 +0200] "GET /robots.txt HTTP/1.1" 200 64 "-" "msnbot/1.1 (+http://search.msn.com/msnbot.htm)"
65.55.211.171 - - [03/Jul/2009:11:34:11 +0200] "GET /f-horrorkatze.html HTTP/1.1" 200 7865 "-" "msnbot/1.1 (+http://search.msn.com/msnbot.htm)"
66.249.72.227 - - [03/Jul/2009:12:04:40 +0200] "GET /logs/usage_200907.html HTTP/1.1" 404 2748 "-" "Mozilla/5.0 (compatible; Googlebot/2.1; +http://www.google.com/bot.html)"
65.55.106.212 - - [03/Jul/2009:13:04:08 +0200] "GET /robots.txt HTTP/1.1" 200 64 "-" "msnbot/2.0b (+http://search.msn.com/msnbot.htm)"
216.129.119.49 - - [03/Jul/2009:13:13:07 +0200] "GET /robots.txt HTTP/1.0" 200 64 "-" "Mozilla/5.0 (Twiceler-0.9 http://www.cuil.com/twiceler/robot.html)"
72.30.78.235 - - [03/Jul/2009:13:17:12 +0200] "GET /robots.txt HTTP/1.0" 200 64 "-" "Mozilla/5.0 (compatible; Yahoo! Slurp; http://help.yahoo.com/help/us/ysearch/slurp)"
72.30.78.235 - - [03/Jul/2009:13:17:12 +0200] "GET /framez.html HTTP/1.0" 200 3959 "-" "Mozilla/5.0 (compatible; Yahoo! Slurp/3.0; http://help.yahoo.com/help/us/ysearch/slurp)"
72.30.78.235 - - [03/Jul/2009:13:17:12 +0200] "GET /style/various-euro.css HTTP/1.0" 304 - "http://www.various-euro.com/framez.html" "Mozilla/5.0 (compatible; Yahoo! Slurp/3.0; http://help.yahoo.com/help/us/ysearch/slurp)"
72.30.78.235 - - [03/Jul/2009:13:17:13 +0200] "GET /frame-unten.html HTTP/1.0" 200 5308 "http://www.various-euro.com/framez.html" "Mozilla/5.0 (compatible; Yahoo! Slurp/3.0; http://help.yahoo.com/help/us/ysearch/slurp)"
72.30.78.235 - - [03/Jul/2009:13:17:13 +0200] "GET /frame-menu.html HTTP/1.0" 200 10500 "http://www.various-euro.com/framez.html" "Mozilla/5.0 (compatible; Yahoo! Slurp/3.0; http://help.yahoo.com/help/us/ysearch/slurp)"
72.30.78.235 - - [03/Jul/2009:13:17:13 +0200] "GET /frame-inhalt.html HTTP/1.0" 200 7688 "http://www.various-euro.com/framez.html" "Mozilla/5.0 (compatible; Yahoo! Slurp/3.0; http://help.yahoo.com/help/us/ysearch/slurp)"
72.14.199.8 - - [03/Jul/2009:13:27:18 +0200] "GET / HTTP/1.1" 302 353 "-" "Feedfetcher-Google; (+http://www.google.com/feedfetcher.html; 1 subscribers; feed-id=5454548576667470243)"
72.14.199.85 - - [03/Jul/2009:13:27:19 +0200] "GET /zampa/ HTTP/1.1" 200 7153 "-" "Feedfetcher-Google; (+http://www.google.com/feedfetcher.html; 1 subscribers; feed-id=5454548576667470243)"
72.30.78.235 - - [03/Jul/2009:14:06:07 +0200] "GET /your_tour.html HTTP/1.0" 200 29760 "-" "Mozilla/5.0 (compatible; Yahoo! Slurp/3.0; http://help.yahoo.com/help/us/ysearch/slurp)"
72.30.78.235 - - [03/Jul/2009:14:06:08 +0200] "GET /anon.css HTTP/1.0" 404 2748 "http://www.various-euro.com/your_tour.html" "Mozilla/5.0 (compatible; Yahoo! Slurp/3.0; http://help.yahoo.com/help/us/ysearch/slurp)"
65.55.106.184 - - [03/Jul/2009:14:23:04 +0200] "GET /robots.txt HTTP/1.1" 302 363 "-" "msnbot/2.0b (+http://search.msn.com/msnbot.htm)"
65.55.106.184 - - [03/Jul/2009:14:23:04 +0200] "GET /zampa/robots.txt HTTP/1.1" 404 2748 "-" "msnbot/2.0b (+http://search.msn.com/msnbot.htm)"
65.55.211.169 - - [03/Jul/2009:14:55:30 +0200] "GET /3dsf3/sendi/connection.html HTTP/1.1" 200 1336 "-" "msnbot/1.1 (+http://search.msn.com/msnbot.htm)"
38.99.44.105 - - [03/Jul/2009:15:10:55 +0200] "GET /robots.txt HTTP/1.0" 200 64 "-" "Mozilla/5.0 (Twiceler-0.9 http://www.cuil.com/twiceler/robot.html)"
93.33.227.144 - - [03/Jul/2009:15:13:09 +0200] "GET /zampa/montenegro/contributions.html HTTP/1.1" 200 18843 "http://www.google.it/search?q=video+artist+montenegro&hl=it&client=firefox-a&channel=s&rls=org.mozilla:it:official&hs=Wb3&start=40&sa=N" "Mozilla/5.0 (Windows; U; Windows NT 5.1; it; rv:1.8.1.20) Gecko/20081217 Firefox/2.0.0.20"
93.33.227.144 - - [03/Jul/2009:15:13:09 +0200] "GET /favicon.ico HTTP/1.1" 404 2748 "-" "Mozilla/5.0 (Windows; U; Windows NT 5.1; it; rv:1.8.1.20) Gecko/20081217 Firefox/2.0.0.20"
79.232.47.118 - - [03/Jul/2009:15:33:06 +0200] "GET / HTTP/1.1" 200 7869 "-" "Mozilla/5.0 (compatible; seexie.com_bot/4.1; +http://www.seexie.com)"
65.55.211.169 - - [03/Jul/2009:15:49:43 +0200] "GET /warez.html HTTP/1.1" 200 9754 "-" "msnbot/1.1 (+http://search.msn.com/msnbot.htm)"
65.55.211.159 - - [03/Jul/2009:16:01:09 +0200] "GET /robots.txt HTTP/1.1" 200 64 "-" "msnbot/1.1 (+http://search.msn.com/msnbot.htm)"
65.55.211.159 - - [03/Jul/2009:16:01:10 +0200] "GET /neon/slow-walk2.html HTTP/1.1" 200 1777 "-" "msnbot/1.1 (+http://search.msn.com/msnbot.htm)"
66.249.72.227 - - [03/Jul/2009:16:13:28 +0200] "GET /robots.txt HTTP/1.1" 200 64 "-" "Mozilla/5.0 (compatible; Googlebot/2.1; +http://www.google.com/bot.html)"
66.249.72.227 - - [03/Jul/2009:16:13:28 +0200] "GET /zampa-lovers HTTP/1.1" 301 374 "-" "Mozilla/5.0 (compatible; Googlebot/2.1; +http://www.google.com/bot.html)"
66.249.72.227 - - [03/Jul/2009:16:13:28 +0200] "GET /zampa-lovers/ HTTP/1.1" 200 37790 "-" "Mozilla/5.0 (compatible; Googlebot/2.1; +http://www.google.com/bot.html)"
220.181.61.234 - - [03/Jul/2009:16:19:29 +0200] "GET / HTTP/1.1" 200 7869 "-" "Sogou web spider/4.0(+http://www.sogou.com/docs/help/webmasters.htm#07)"
220.181.61.234 - - [03/Jul/2009:16:19:36 +0200] "GET /framez_0.html HTTP/1.1" 200 12285 "-" "Sogou web spider/4.0(+http://www.sogou.com/docs/help/webmasters.htm#07)"
72.30.78.235 - - [03/Jul/2009:16:22:43 +0200] "GET /restate_copy.html HTTP/1.0" 200 97631 "-" "Mozilla/5.0 (compatible; Yahoo! Slurp/3.0; http://help.yahoo.com/help/us/ysearch/slurp)"
72.14.199.8 - - [03/Jul/2009:16:32:04 +0200] "GET / HTTP/1.1" 302 353 "-" "Feedfetcher-Google; (+http://www.google.com/feedfetcher.html; 1 subscribers; feed-id=5454548576667470243)"
72.14.199.85 - - [03/Jul/2009:16:32:11 +0200] "GET /zampa/ HTTP/1.1" 200 7153 "-" "Feedfetcher-Google; (+http://www.google.com/feedfetcher.html; 1 subscribers; feed-id=5454548576667470243)"
72.30.78.235 - - [03/Jul/2009:16:34:23 +0200] "GET /zampa-lovers/index.html HTTP/1.0" 200 37790 "-" "Mozilla/5.0 (compatible; Yahoo! Slurp/3.0; http://help.yahoo.com/help/us/ysearch/slurp)"
65.55.106.183 - - [03/Jul/2009:16:46:39 +0200] "GET /robots.txt HTTP/1.1" 200 64 "-" "msnbot/2.0b (+http://search.msn.com/msnbot.htm)"
72.30.78.235 - - [03/Jul/2009:16:49:00 +0200] "GET /framez-zampa-lovers.html HTTP/1.0" 200 4322 "-" "Mozilla/5.0 (compatible; Yahoo! Slurp/3.0; http://help.yahoo.com/help/us/ysearch/slurp)"
72.30.78.235 - - [03/Jul/2009:16:49:01 +0200] "GET /frame-unten.html HTTP/1.0" 200 5308 "http://www.various-euro.com/framez-zampa-lovers.html" "Mozilla/5.0 (compatible; Yahoo! Slurp/3.0; http://help.yahoo.com/help/us/ysearch/slurp)"
72.30.78.235 - - [03/Jul/2009:16:49:01 +0200] "GET /frame-menu.html HTTP/1.0" 200 10500 "http://www.various-euro.com/framez-zampa-lovers.html" "Mozilla/5.0 (compatible; Yahoo! Slurp/3.0; http://help.yahoo.com/help/us/ysearch/slurp)"
72.30.78.235 - - [03/Jul/2009:16:49:02 +0200] "GET /style/various-euro.css HTTP/1.0" 304 - "http://www.various-euro.com/frame-menu.html" "Mozilla/5.0 (compatible; Yahoo! Slurp/3.0; http://help.yahoo.com/help/us/ysearch/slurp)"
65.55.106.131 - - [03/Jul/2009:17:06:54 +0200] "GET /frame-menu.html HTTP/1.1" 200 10500 "-" "msnbot/2.0b (+http://search.msn.com/msnbot.htm)"
65.55.106.214 - - [03/Jul/2009:17:27:15 +0200] "GET /robots.txt HTTP/1.1" 302 363 "-" "msnbot/2.0b (+http://search.msn.com/msnbot.htm)"
65.55.106.214 - - [03/Jul/2009:17:27:15 +0200] "GET /zampa/robots.txt HTTP/1.1" 404 2748 "-" "msnbot/2.0b (+http://search.msn.com/msnbot.htm)"
72.30.78.235 - - [03/Jul/2009:17:42:31 +0200] "GET /f-actions.html HTTP/1.0" 200 11686 "-" "Mozilla/5.0 (compatible; Yahoo! Slurp/3.0; http://help.yahoo.com/help/us/ysearch/slurp)"
65.55.211.158 - - [03/Jul/2009:18:03:23 +0200] "GET /robots.txt HTTP/1.1" 200 64 "-" "msnbot/1.1 (+http://search.msn.com/msnbot.htm)"
65.55.211.158 - - [03/Jul/2009:18:03:23 +0200] "GET /neon/girlz2.html HTTP/1.1" 200 2937 "-" "msnbot/1.1 (+http://search.msn.com/msnbot.htm)"
65.55.106.136 - - [03/Jul/2009:18:07:36 +0200] "GET /robots.txt HTTP/1.1" 200 64 "-" "msnbot/2.0b (+http://search.msn.com/msnbot.htm)"
65.55.106.114 - - [03/Jul/2009:18:42:59 +0200] "GET /zampa/montenegro/MILOW.html HTTP/1.1" 200 860 "-" "msnbot/2.0b (+http://search.msn.com/msnbot.htm)"
72.14.199.8 - - [03/Jul/2009:19:32:21 +0200] "GET / HTTP/1.1" 302 353 "-" "Feedfetcher-Google; (+http://www.google.com/feedfetcher.html; 1 subscribers; feed-id=5454548576667470243)"
72.14.199.85 - - [03/Jul/2009:19:32:22 +0200] "GET /zampa/ HTTP/1.1" 200 7153 "-" "Feedfetcher-Google; (+http://www.google.com/feedfetcher.html; 1 subscribers; feed-id=5454548576667470243)"
72.30.78.235 - - [03/Jul/2009:21:02:29 +0200] "GET /slow-walk2.html HTTP/1.0" 404 2748 "-" "Mozilla/5.0 (compatible; Yahoo! Slurp/3.0; http://help.yahoo.com/help/us/ysearch/slurp)"
72.30.78.235 - - [03/Jul/2009:21:18:32 +0200] "GET /neon/code.html HTTP/1.0" 200 1109 "-" "Mozilla/5.0 (compatible; Yahoo! Slurp/3.0; http://help.yahoo.com/help/us/ysearch/slurp)"
65.55.106.114 - - [03/Jul/2009:21:56:46 +0200] "GET /robots.txt HTTP/1.1" 200 64 "-" "msnbot/2.0b (+http://search.msn.com/msnbot.htm)"
65.55.106.118 - - [03/Jul/2009:22:00:49 +0200] "GET /robots.txt HTTP/1.1" 200 64 "-" "msnbot/2.0b (+http://search.msn.com/msnbot.htm)"
65.55.106.114 - - [03/Jul/2009:22:02:00 +0200] "GET / HTTP/1.1" 200 7869 "-" "msnbot/2.0b (+http://search.msn.com/msnbot.htm)"
208.80.195.48 - - [03/Jul/2009:22:03:58 +0200] "GET / HTTP/1.0" 200 7869 "-" "Mozilla/4.0 (compatible; MSIE 6.0; Windows NT 5.1; ESB{64E47E31-C387-49D3-998E-301BDAFA4C8E}; SV1; .NET CLR 1.1.4322)"
208.80.195.48 - - [03/Jul/2009:22:03:58 +0200] "GET / HTTP/1.0" 200 7869 "-" "Mozilla/4.0 (compatible; MSIE 6.0; Windows NT 5.1; SV1; Orange 7.4 ; NaviWoo1.1; .NET CLR 2.0.50727; .NET CLR 3.0.04506.30)"
72.30.78.235 - - [03/Jul/2009:22:09:05 +0200] "GET /slow-walk.html HTTP/1.0" 404 2748 "-" "Mozilla/5.0 (compatible; Yahoo! Slurp/3.0; http://help.yahoo.com/help/us/ysearch/slurp)"
193.252.118.176 - - [03/Jul/2009:22:19:29 +0200] "GET /neon/click.html HTTP/1.1" 200 521 "-" "Mozilla/5.0 (Windows; U; Windows NT 5.1; fr; rv:1.8.1) VoilaBot BETA 1.2 (support.voilabot@orange-ftgroup.com)"
72.14.199.8 - - [03/Jul/2009:22:32:31 +0200] "GET / HTTP/1.1" 302 353 "-" "Feedfetcher-Google; (+http://www.google.com/feedfetcher.html; 1 subscribers; feed-id=5454548576667470243)"
72.14.199.85 - - [03/Jul/2009:22:32:32 +0200] "GET /zampa/ HTTP/1.1" 200 7153 "-" "Feedfetcher-Google; (+http://www.google.com/feedfetcher.html; 1 subscribers; feed-id=5454548576667470243)"
78.8.25.241 - - [03/Jul/2009:22:43:19 +0200] "GET / HTTP/1.1" 200 7869 "http://gry-planszowe.c0.pl" "Mozilla/4.0 (compatible; MSIE 5.5; Windows 98)"
193.252.118.175 - - [03/Jul/2009:22:43:42 +0200] "GET /f-bannnerz.html HTTP/1.1" 200 12651 "-" "Mozilla/5.0 (Windows; U; Windows NT 5.1; fr; rv:1.8.1) VoilaBot BETA 1.2 (support.voilabot@orange-ftgroup.com)"
65.55.106.107 - - [03/Jul/2009:23:10:09 +0200] "GET /robots.txt HTTP/1.1" 200 64 "-" "msnbot/2.0b (+http://search.msn.com/msnbot.htm)"
65.55.106.107 - - [03/Jul/2009:23:16:30 +0200] "GET /logs/usage_200703.html HTTP/1.1" 404 2748 "-" "msnbot/2.0b (+http://search.msn.com/msnbot.htm)"
193.252.118.174 - - [03/Jul/2009:23:40:13 +0200] "GET /f-channel1.html HTTP/1.1" 200 9329 "-" "Mozilla/5.0 (Windows; U; Windows NT 5.1; fr; rv:1.8.1) VoilaBot BETA 1.2 (support.voilabot@orange-ftgroup.com)"
72.30.78.235 - - [03/Jul/2009:23:58:10 +0200] "GET /bmpp/eurolauf.html HTTP/1.0" 200 3078 "-" "Mozilla/5.0 (compatible; Yahoo! Slurp/3.0; http://help.yahoo.com/help/us/ysearch/slurp)"
38.103.63.62 - - [03/Jul/2009:23:58:36 +0200] "GET /robots.txt HTTP/1.1" 200 64 "-" "CCBot/1.0 (+http://www.commoncrawl.org/bot.html)"
38.103.63.62 - - [04/Jul/2009:00:08:49 +0200] "GET /robots.txt HTTP/1.1" 200 64 "-" "CCBot/1.0 (+http://www.commoncrawl.org/bot.html)"
38.103.63.62 - - [04/Jul/2009:00:09:54 +0200] "GET /search.html HTTP/1.1" 200 1440 "-" "CCBot/1.0 (+http://www.commoncrawl.org/bot.html)"
38.103.63.62 - - [04/Jul/2009:00:10:43 +0200] "GET /framez.html HTTP/1.1" 200 3959 "-" "CCBot/1.0 (+http://www.commoncrawl.org/bot.html)"
38.103.63.62 - - [04/Jul/2009:00:11:14 +0200] "GET /menue.html HTTP/1.1" 404 2748 "-" "CCBot/1.0 (+http://www.commoncrawl.org/bot.html)"
38.103.63.62 - - [04/Jul/2009:00:11:56 +0200] "GET /framez-rez.html HTTP/1.1" 200 4323 "-" "CCBot/1.0 (+http://www.commoncrawl.org/bot.html)"
38.103.63.62 - - [04/Jul/2009:00:12:43 +0200] "GET /robots.txt HTTP/1.1" 200 64 "-" "CCBot/1.0 (+http://www.commoncrawl.org/bot.html)"
38.103.63.62 - - [04/Jul/2009:00:13:32 +0200] "GET / HTTP/1.1" 200 7869 "-" "CCBot/1.0 (+http://www.commoncrawl.org/bot.html)"
38.103.63.62 - - [04/Jul/2009:00:14:11 +0200] "GET /framez-zampa-lovers.html HTTP/1.1" 200 4322 "-" "CCBot/1.0 (+http://www.commoncrawl.org/bot.html)"
209.235.13.188 - - [04/Jul/2009:00:14:29 +0200] "GET / HTTP/1.1" 200 7869 "-" "Mozilla/4.0 (compatible; MSIE 6.0; Windows NT 5.1)"
209.235.13.188 - - [04/Jul/2009:00:14:29 +0200] "GET /style/various-euro.css HTTP/1.1" 200 3437 "http://various-euro.com/" "Mozilla/4.0 (compatible; MSIE 6.0; Windows NT 5.1)"
209.235.13.188 - - [04/Jul/2009:00:14:29 +0200] "GET /framez_0.html HTTP/1.1" 200 12285 "-" "Mozilla/4.0 (compatible; MSIE 6.0; Windows NT 5.1)"
209.235.13.188 - - [04/Jul/2009:00:14:31 +0200] "GET /framez.html HTTP/1.1" 200 3959 "-" "Mozilla/4.0 (compatible; MSIE 6.0; Windows NT 5.1)"
209.235.13.188 - - [04/Jul/2009:00:14:32 +0200] "GET /style/various-euro.css HTTP/1.1" 304 - "http://various-euro.com/framez.html" "Mozilla/4.0 (compatible; MSIE 6.0; Windows NT 5.1)"
