86.162.199.33 - - [15/Jul/2009:03:38:55 +0200] "GET /logs/ HTTP/1.1" 200 11511 "http://www.various-euro.com/logs/" "Mozilla 4/0"
86.162.199.33 - - [15/Jul/2009:03:38:55 +0200] "GET /logs/ HTTP/1.1" 200 11511 "http://www.various-euro.com/logs/" "Mozilla 4/0"
86.162.199.33 - - [15/Jul/2009:03:38:56 +0200] "GET /logs/ HTTP/1.1" 200 11511 "http://www.various-euro.com/logs/" "Mozilla 4/0"
86.162.199.33 - - [15/Jul/2009:03:42:04 +0200] "GET /logs/ HTTP/1.1" 200 11511 "-" "Mozilla 4/0"
86.162.199.33 - - [15/Jul/2009:03:42:04 +0200] "GET /logs/ HTTP/1.1" 200 11511 "http://www.various-euro.com/logs/" "Mozilla 4/0"
86.162.199.33 - - [15/Jul/2009:03:42:04 +0200] "GET /logs/ HTTP/1.1" 200 11511 "http://www.various-euro.com/logs/" "Mozilla 4/0"
86.162.199.33 - - [15/Jul/2009:03:42:04 +0200] "GET /logs/ HTTP/1.1" 200 11511 "http://www.various-euro.com/logs/" "Mozilla 4/0"
86.162.199.33 - - [15/Jul/2009:03:42:05 +0200] "GET /logs/ HTTP/1.1" 200 11511 "http://www.various-euro.com/logs/" "Mozilla 4/0"
86.162.199.33 - - [15/Jul/2009:03:42:05 +0200] "GET /logs/ HTTP/1.1" 200 11511 "http://www.various-euro.com/logs/" "Mozilla 4/0"
67.202.41.3 - - [15/Jul/2009:04:00:46 +0200] "GET /robots.txt HTTP/1.0" 200 64 "-" "ia_archiver (+http://www.alexa.com/site/help/webmasters; crawler@alexa.com)"
220.181.61.234 - - [15/Jul/2009:04:02:32 +0200] "GET / HTTP/1.1" 200 7869 "-" "Sogou web spider/4.0(+http://www.sogou.com/docs/help/webmasters.htm#07)"
220.181.61.234 - - [15/Jul/2009:04:02:39 +0200] "GET /framez_0.html HTTP/1.1" 200 12285 "-" "Sogou web spider/4.0(+http://www.sogou.com/docs/help/webmasters.htm#07)"
81.52.143.30 - - [15/Jul/2009:04:07:16 +0200] "GET /bmpp/euro_pal_1.html HTTP/1.1" 200 18252 "-" "Mozilla/5.0 (Windows; U; Windows NT 5.1; fr; rv:1.8.1) VoilaBot BETA 1.2 (support.voilabot@orange-ftgroup.com)"
65.55.106.145 - - [15/Jul/2009:04:40:18 +0200] "GET /robots.txt HTTP/1.1" 200 64 "-" "msnbot/2.0b (+http://search.msn.com/msnbot.htm)"
81.52.143.37 - - [15/Jul/2009:04:40:26 +0200] "GET /neon/left-one-new.html HTTP/1.1" 200 1483 "-" "Mozilla/5.0 (Windows; U; Windows NT 5.1; fr; rv:1.8.1) VoilaBot BETA 1.2 (support.voilabot@orange-ftgroup.com)"
38.99.44.105 - - [15/Jul/2009:04:45:46 +0200] "GET /zampa/wonderland/index.html HTTP/1.0" 200 2084 "-" "Mozilla/5.0 (Twiceler-0.9 http://www.cuil.com/twiceler/robot.html)"
79.239.253.165 - - [15/Jul/2009:04:47:15 +0200] "GET /logs/ HTTP/1.1" 200 11511 "-" "Mozilla 4/0"
79.239.253.165 - - [15/Jul/2009:04:47:15 +0200] "GET /logs/ HTTP/1.1" 200 11511 "http://www.various-euro.com/logs/" "Mozilla 4/0"
79.239.253.165 - - [15/Jul/2009:04:47:15 +0200] "GET /logs/ HTTP/1.1" 200 11511 "http://www.various-euro.com/logs/" "Mozilla 4/0"
79.239.253.165 - - [15/Jul/2009:04:47:15 +0200] "GET /logs/ HTTP/1.1" 200 11511 "http://www.various-euro.com/logs/" "Mozilla 4/0"
79.239.253.165 - - [15/Jul/2009:04:47:16 +0200] "GET /logs/ HTTP/1.1" 200 11511 "http://www.various-euro.com/logs/" "Mozilla 4/0"
79.239.253.165 - - [15/Jul/2009:04:47:16 +0200] "GET /logs/ HTTP/1.1" 200 11511 "http://www.various-euro.com/logs/" "Mozilla 4/0"
65.55.220.219 - - [15/Jul/2009:05:15:00 +0200] "GET /robots.txt HTTP/1.1" 200 64 "-" "msnbot-media/1.1 (+http://search.msn.com/msnbot.htm)"
65.55.220.219 - - [15/Jul/2009:05:15:00 +0200] "GET /bannerz/list2.gif HTTP/1.1" 200 17776 "-" "msnbot-media/1.1 (+http://search.msn.com/msnbot.htm)"
65.55.220.219 - - [15/Jul/2009:05:15:02 +0200] "GET /f-actions.html HTTP/1.1" 200 11686 "-" "msnbot-media/1.1 (+http://search.msn.com/msnbot.htm)"
77.88.28.248 - - [15/Jul/2009:06:09:21 +0200] "GET /robots.txt HTTP/1.1" 302 363 "-" "Yandex/1.01.001 (compatible; Win16; I)"
65.55.51.69 - - [15/Jul/2009:06:14:10 +0200] "GET /robots.txt HTTP/1.1" 200 64 "-" "msnbot/2.0b (+http://search.msn.com/msnbot.htm)"
72.20.109.62 - - [15/Jul/2009:06:42:35 +0200] "GET /robots.txt HTTP/1.1" 200 64 "-" "Mozilla/5.0 (compatible; GurujiBot/1.0; +http://www.guruji.com/en/WebmasterFAQ.html)"
72.20.109.62 - - [15/Jul/2009:06:42:36 +0200] "GET / HTTP/1.1" 200 7869 "-" "Mozilla/5.0 (compatible; GurujiBot/1.0; +http://www.guruji.com/en/WebmasterFAQ.html)"
65.55.106.211 - - [15/Jul/2009:07:06:21 +0200] "GET /robots.txt HTTP/1.1" 200 64 "-" "msnbot/2.0b (+http://search.msn.com/msnbot.htm)"
38.99.44.105 - - [15/Jul/2009:07:12:25 +0200] "GET /zampa/montenegro/dajpare.html HTTP/1.0" 200 2503 "-" "Mozilla/5.0 (Twiceler-0.9 http://www.cuil.com/twiceler/robot.html)"
72.14.199.8 - - [15/Jul/2009:07:22:03 +0200] "GET / HTTP/1.1" 302 353 "-" "Feedfetcher-Google; (+http://www.google.com/feedfetcher.html; 1 subscribers; feed-id=5454548576667470243)"
72.14.199.85 - - [15/Jul/2009:07:22:04 +0200] "GET /zampa/ HTTP/1.1" 200 7153 "-" "Feedfetcher-Google; (+http://www.google.com/feedfetcher.html; 1 subscribers; feed-id=5454548576667470243)"
38.99.44.105 - - [15/Jul/2009:07:39:28 +0200] "GET /zampa/lybia/index.html HTTP/1.0" 200 3036 "-" "Mozilla/5.0 (Twiceler-0.9 http://www.cuil.com/twiceler/robot.html)"
65.55.108.142 - - [15/Jul/2009:07:40:44 +0200] "GET /robots.txt HTTP/1.1" 200 64 "-" "msnbot-media/1.1 (+http://search.msn.com/msnbot.htm)"
65.55.108.142 - - [15/Jul/2009:07:40:44 +0200] "GET /zampa/lybia/slike/tele.jpg HTTP/1.1" 200 28022 "-" "msnbot-media/1.1 (+http://search.msn.com/msnbot.htm)"
65.55.108.142 - - [15/Jul/2009:07:40:46 +0200] "GET /zampa/lybia/index.html HTTP/1.1" 200 3036 "-" "msnbot-media/1.1 (+http://search.msn.com/msnbot.htm)"
65.55.108.142 - - [15/Jul/2009:07:40:48 +0200] "GET /zampa/lybia/index.html HTTP/1.1" 200 3036 "-" "msnbot-media/1.1 (+http://search.msn.com/msnbot.htm)"
66.235.124.4 - - [15/Jul/2009:07:51:27 +0200] "GET /robots.txt HTTP/1.1" 200 64 "-" "Mozilla/5.0 (compatible; Ask Jeeves/Teoma; +http://about.ask.com/en/docs/about/webmasters.shtml)"
66.235.124.4 - - [15/Jul/2009:07:51:42 +0200] "GET /neon/girlz3.html HTTP/1.1" 200 2479 "-" "Mozilla/5.0 (compatible; Ask Jeeves/Teoma; +http://about.ask.com/en/docs/about/webmasters.shtml)"
38.99.44.105 - - [15/Jul/2009:07:57:12 +0200] "GET /f-logz.html HTTP/1.0" 200 191844 "-" "Mozilla/5.0 (Twiceler-0.9 http://www.cuil.com/twiceler/robot.html)"
84.123.125.155 - - [15/Jul/2009:08:07:38 +0200] "GET /zampa HTTP/1.1" 301 375 "-" "Mozilla/4.0 (compatible; MSIE 6.0; Windows 98)"
84.123.125.155 - - [15/Jul/2009:08:07:38 +0200] "GET /zampa/ HTTP/1.1" 200 7153 "-" "Mozilla/4.0 (compatible; MSIE 6.0; Windows 98)"
65.55.106.203 - - [15/Jul/2009:08:12:22 +0200] "GET /robots.txt HTTP/1.1" 200 64 "-" "msnbot/2.0b (+http://search.msn.com/msnbot.htm)"
65.55.211.166 - - [15/Jul/2009:08:16:19 +0200] "GET /robots.txt HTTP/1.1" 200 64 "-" "msnbot/1.1 (+http://search.msn.com/msnbot.htm)"
65.55.211.166 - - [15/Jul/2009:08:16:20 +0200] "GET /zampa/lybia/index.html HTTP/1.1" 200 3036 "-" "msnbot/1.1 (+http://search.msn.com/msnbot.htm)"
65.55.51.111 - - [15/Jul/2009:08:26:24 +0200] "GET /robots.txt HTTP/1.1" 200 64 "-" "msnbot/2.0b (+http://search.msn.com/msnbot.htm)"
38.99.44.105 - - [15/Jul/2009:08:32:37 +0200] "GET /framez-rez.html HTTP/1.0" 200 4323 "-" "Mozilla/5.0 (Twiceler-0.9 http://www.cuil.com/twiceler/robot.html)"
88.153.31.173 - - [15/Jul/2009:08:57:57 +0200] "GET /favicon.ico HTTP/1.1" 404 2748 "-" "Mozilla/5.0 (Windows; U; Windows NT 5.1; de; rv:1.9.0.11) Gecko/2009060215 Firefox/3.0.11"
113.89.147.63 - - [15/Jul/2009:09:24:33 +0200] "GET / HTTP/1.1" 200 7869 "-" "Mozilla/4.0 (compatible; MSIE 6.0; Windows NT 5.1; SV1)"
113.89.147.63 - - [15/Jul/2009:09:24:39 +0200] "GET / HTTP/1.1" 200 7869 "-" "Mozilla/4.0 (compatible; MSIE 6.0; Windows NT 5.1; SV1)"
193.252.118.174 - - [15/Jul/2009:09:33:29 +0200] "GET /neon/girlz3.html HTTP/1.1" 200 2479 "-" "Mozilla/5.0 (Windows; U; Windows NT 5.1; fr; rv:1.8.1) VoilaBot BETA 1.2 (support.voilabot@orange-ftgroup.com)"
38.99.44.105 - - [15/Jul/2009:09:43:38 +0200] "GET /zampa/ HTTP/1.0" 200 7153 "-" "Mozilla/5.0 (Twiceler-0.9 http://www.cuil.com/twiceler/robot.html)"
38.99.44.105 - - [15/Jul/2009:09:48:06 +0200] "GET /framez.html HTTP/1.0" 200 3959 "-" "Mozilla/5.0 (Twiceler-0.9 http://www.cuil.com/twiceler/robot.html)"
65.55.51.114 - - [15/Jul/2009:09:56:12 +0200] "GET /robots.txt HTTP/1.1" 200 64 "-" "msnbot/2.0b (+http://search.msn.com/msnbot.htm)"
65.55.51.115 - - [15/Jul/2009:10:20:05 +0200] "GET /robots.txt HTTP/1.1" 200 64 "-" "msnbot/2.0b (+http://search.msn.com/msnbot.htm)"
72.14.199.8 - - [15/Jul/2009:10:22:14 +0200] "GET / HTTP/1.1" 302 353 "-" "Feedfetcher-Google; (+http://www.google.com/feedfetcher.html; 1 subscribers; feed-id=5454548576667470243)"
72.14.199.85 - - [15/Jul/2009:10:22:21 +0200] "GET /zampa/ HTTP/1.1" 200 7153 "-" "Feedfetcher-Google; (+http://www.google.com/feedfetcher.html; 1 subscribers; feed-id=5454548576667470243)"
65.55.211.172 - - [15/Jul/2009:10:59:22 +0200] "GET /robots.txt HTTP/1.1" 200 64 "-" "msnbot/1.1 (+http://search.msn.com/msnbot.htm)"
65.55.211.172 - - [15/Jul/2009:10:59:23 +0200] "GET /restate_copy.html HTTP/1.1" 200 97631 "-" "msnbot/1.1 (+http://search.msn.com/msnbot.htm)"
65.55.106.218 - - [15/Jul/2009:11:00:48 +0200] "GET /robots.txt HTTP/1.1" 200 64 "-" "msnbot/2.0b (+http://search.msn.com/msnbot.htm)"
65.55.109.71 - - [15/Jul/2009:11:00:50 +0200] "GET /restate_copy.html HTTP/1.1" 200 97631 "http://www.bing.com/search?q=restate" "Mozilla/4.0 (compatible; MSIE 6.0; Windows NT 5.2; SLCC1; .NET CLR 1.1.4322; .NET CLR 2.0.40607; .NET CLR 3.0.04506.648)"
65.55.109.71 - - [15/Jul/2009:11:00:52 +0200] "GET /menueleiste.js HTTP/1.1" 404 2748 "http://www.various-euro.com/restate_copy.html" "Mozilla/4.0 (compatible; MSIE 6.0; Windows NT 5.2; SLCC1; .NET CLR 1.1.4322; .NET CLR 2.0.40607; .NET CLR 3.0.04506.648)"
65.55.109.71 - - [15/Jul/2009:11:01:03 +0200] "GET /framez-restate.html HTTP/1.1" 200 4328 "-" "Mozilla/4.0 (compatible; MSIE 6.0; Windows NT 5.2; SLCC1; .NET CLR 1.1.4322; .NET CLR 2.0.40607; .NET CLR 3.0.04506.648)"
65.55.109.71 - - [15/Jul/2009:11:01:07 +0200] "GET /frame-menu.html HTTP/1.1" 200 10500 "http://www.various-euro.com/framez-restate.html" "Mozilla/4.0 (compatible; MSIE 6.0; Windows NT 5.2; SLCC1; .NET CLR 1.1.4322; .NET CLR 2.0.40607; .NET CLR 3.0.04506.648)"
65.55.109.71 - - [15/Jul/2009:11:01:07 +0200] "GET /restate_copy.html HTTP/1.1" 200 97631 "http://www.various-euro.com/framez-restate.html" "Mozilla/4.0 (compatible; MSIE 6.0; Windows NT 5.2; SLCC1; .NET CLR 1.1.4322; .NET CLR 2.0.40607; .NET CLR 3.0.04506.648)"
65.55.109.71 - - [15/Jul/2009:11:01:10 +0200] "GET /frame-unten.html HTTP/1.1" 200 5308 "http://www.various-euro.com/framez-restate.html" "Mozilla/4.0 (compatible; MSIE 6.0; Windows NT 5.2; SLCC1; .NET CLR 1.1.4322; .NET CLR 2.0.40607; .NET CLR 3.0.04506.648)"
65.55.106.218 - - [15/Jul/2009:11:11:58 +0200] "GET /f-world.html HTTP/1.1" 200 35590 "-" "msnbot/2.0b (+http://search.msn.com/msnbot.htm)"
38.99.44.105 - - [15/Jul/2009:11:17:09 +0200] "GET /frame-menu.html HTTP/1.0" 200 10500 "-" "Mozilla/5.0 (Twiceler-0.9 http://www.cuil.com/twiceler/robot.html)"
77.88.28.248 - - [15/Jul/2009:11:17:21 +0200] "GET /robots.txt HTTP/1.1" 200 64 "-" "Yandex/1.01.001 (compatible; Win16; I)"
119.136.60.168 - - [15/Jul/2009:11:23:07 +0200] "GET / HTTP/1.1" 200 7869 "-" "Mozilla/4.0 (compatible; MSIE 6.0; Windows NT 5.1; SV1)"
119.136.60.168 - - [15/Jul/2009:11:23:07 +0200] "GET / HTTP/1.1" 200 7869 "-" "Mozilla/4.0 (compatible; MSIE 6.0; Windows NT 5.1; SV1)"
193.252.118.176 - - [15/Jul/2009:11:24:39 +0200] "GET /neon/slow-walk.html HTTP/1.1" 200 1640 "-" "Mozilla/5.0 (Windows; U; Windows NT 5.1; fr; rv:1.8.1) VoilaBot BETA 1.2 (support.voilabot@orange-ftgroup.com)"
65.55.106.169 - - [15/Jul/2009:11:33:47 +0200] "GET /robots.txt HTTP/1.1" 200 64 "-" "msnbot/2.0b (+http://search.msn.com/msnbot.htm)"
65.55.106.169 - - [15/Jul/2009:11:39:10 +0200] "GET / HTTP/1.1" 200 7869 "-" "msnbot/2.0b (+http://search.msn.com/msnbot.htm)"
65.55.231.100 - - [15/Jul/2009:11:39:16 +0200] "GET /robots.txt HTTP/1.1" 200 64 "-" "msnbot-media/1.1 (+http://search.msn.com/msnbot.htm)"
65.55.231.100 - - [15/Jul/2009:11:39:16 +0200] "GET /zampa/montenegro/slike/plakat.jpg HTTP/1.1" 200 47879 "-" "msnbot-media/1.1 (+http://search.msn.com/msnbot.htm)"
65.55.231.100 - - [15/Jul/2009:11:39:18 +0200] "GET /zampa/montenegro/index.html HTTP/1.1" 200 2651 "-" "msnbot-media/1.1 (+http://search.msn.com/msnbot.htm)"
66.249.72.227 - - [15/Jul/2009:12:04:46 +0200] "GET /logs/usage_200907.html HTTP/1.1" 404 2748 "-" "Mozilla/5.0 (compatible; Googlebot/2.1; +http://www.google.com/bot.html)"
65.55.106.206 - - [15/Jul/2009:12:10:54 +0200] "GET /robots.txt HTTP/1.1" 200 64 "-" "msnbot/2.0b (+http://search.msn.com/msnbot.htm)"
65.55.106.206 - - [15/Jul/2009:12:17:48 +0200] "GET /schubb/schubb-2.html HTTP/1.1" 200 16660 "-" "msnbot/2.0b (+http://search.msn.com/msnbot.htm)"
38.99.44.105 - - [15/Jul/2009:12:46:02 +0200] "GET /zampa/montenegro/index.html HTTP/1.0" 200 2651 "-" "Mozilla/5.0 (Twiceler-0.9 http://www.cuil.com/twiceler/robot.html)"
77.74.231.51 - - [15/Jul/2009:12:49:51 +0200] "GET /framez-zampa-lovers.html HTTP/1.1" 200 4322 "http://www.google.com/search?ie=UTF-8&oe=UTF-8&sourceid=navclient&gfns=1&q=igre++napravi+govor+bush" "Mozilla/5.0 (Windows; U; Windows NT 5.1; en-US; rv:1.9.0.11) Gecko/2009060215 Firefox/3.0.11"
77.74.231.51 - - [15/Jul/2009:12:49:51 +0200] "GET /framez-zampa-lovers.html HTTP/1.1" 200 4322 "http://www.google.com/search?ie=UTF-8&oe=UTF-8&sourceid=navclient&gfns=1&q=igre++napravi+govor+bush" "Mozilla/5.0 (Windows; U; Windows NT 5.1; en-US; rv:1.9.0.11) Gecko/2009060215 Firefox/3.0.11"
77.74.231.51 - - [15/Jul/2009:12:49:52 +0200] "GET /frame-menu.html HTTP/1.1" 200 10500 "http://www.various-euro.com/framez-zampa-lovers.html" "Mozilla/5.0 (Windows; U; Windows NT 5.1; en-US; rv:1.9.0.11) Gecko/2009060215 Firefox/3.0.11"
77.74.231.51 - - [15/Jul/2009:12:49:52 +0200] "GET /frame-unten.html HTTP/1.1" 200 5308 "http://www.various-euro.com/framez-zampa-lovers.html" "Mozilla/5.0 (Windows; U; Windows NT 5.1; en-US; rv:1.9.0.11) Gecko/2009060215 Firefox/3.0.11"
77.74.231.51 - - [15/Jul/2009:12:49:52 +0200] "GET /ve-icon-2.ico HTTP/1.1" 200 2238 "-" "Mozilla/5.0 (Windows; U; Windows NT 5.1; en-US; rv:1.9.0.11) Gecko/2009060215 Firefox/3.0.11"
77.74.231.51 - - [15/Jul/2009:12:49:53 +0200] "GET /style/various-euro.css HTTP/1.1" 200 3437 "http://www.various-euro.com/frame-menu.html" "Mozilla/5.0 (Windows; U; Windows NT 5.1; en-US; rv:1.9.0.11) Gecko/2009060215 Firefox/3.0.11"
77.74.231.51 - - [15/Jul/2009:12:49:55 +0200] "GET /zampa-lovers/kralle.gif HTTP/1.1" 404 2748 "http://www.various-euro.com/zampa-lovers/index.html" "Mozilla/5.0 (Windows; U; Windows NT 5.1; en-US; rv:1.9.0.11) Gecko/2009060215 Firefox/3.0.11"
77.74.231.51 - - [15/Jul/2009:12:49:52 +0200] "GET /zampa-lovers/index.html HTTP/1.1" 200 37790 "http://www.various-euro.com/framez-zampa-lovers.html" "Mozilla/5.0 (Windows; U; Windows NT 5.1; en-US; rv:1.9.0.11) Gecko/2009060215 Firefox/3.0.11"
77.74.231.51 - - [15/Jul/2009:12:50:04 +0200] "GET /zampa-lovers/ZAMPAMAS.MPG HTTP/1.1" 200 520196 "http://www.various-euro.com/zampa-lovers/index.html" "Mozilla/5.0 (Windows; U; Windows NT 5.1; en-US; rv:1.9.0.11) Gecko/2009060215 Firefox/3.0.11"
77.74.231.51 - - [15/Jul/2009:12:49:58 +0200] "GET /zampa-lovers/WASISTMI1.MPG HTTP/1.1" 200 271221 "http://www.various-euro.com/zampa-lovers/index.html" "Mozilla/5.0 (Windows; U; Windows NT 5.1; en-US; rv:1.9.0.11) Gecko/2009060215 Firefox/3.0.11"
77.74.231.51 - - [15/Jul/2009:12:49:57 +0200] "GET /zampa-lovers/ZAMPAMA2.MPG HTTP/1.1" 200 63492 "http://www.various-euro.com/zampa-lovers/index.html" "Mozilla/5.0 (Windows; U; Windows NT 5.1; en-US; rv:1.9.0.11) Gecko/2009060215 Firefox/3.0.11"
77.74.231.51 - - [15/Jul/2009:12:50:18 +0200] "GET /zampa-lovers/MILIZA_B.JPG HTTP/1.1" 200 10947 "http://www.various-euro.com/zampa-lovers/index.html" "Mozilla/5.0 (Windows; U; Windows NT 5.1; en-US; rv:1.9.0.11) Gecko/2009060215 Firefox/3.0.11"
77.74.231.51 - - [15/Jul/2009:12:50:12 +0200] "GET /zampa-lovers/MILIZA_3.JPG HTTP/1.1" 200 26924 "http://www.various-euro.com/zampa-lovers/index.html" "Mozilla/5.0 (Windows; U; Windows NT 5.1; en-US; rv:1.9.0.11) Gecko/2009060215 Firefox/3.0.11"
77.74.231.51 - - [15/Jul/2009:12:49:56 +0200] "GET /bannerz/various-euro-girl.jpg HTTP/1.1" 200 91514 "http://www.various-euro.com/frame-unten.html" "Mozilla/5.0 (Windows; U; Windows NT 5.1; en-US; rv:1.9.0.11) Gecko/2009060215 Firefox/3.0.11"
77.74.231.51 - - [15/Jul/2009:12:50:23 +0200] "GET /zampa-lovers/MILIZA_4.JPG HTTP/1.1" 200 9946 "http://www.various-euro.com/zampa-lovers/index.html" "Mozilla/5.0 (Windows; U; Windows NT 5.1; en-US; rv:1.9.0.11) Gecko/2009060215 Firefox/3.0.11"
77.74.231.51 - - [15/Jul/2009:12:50:09 +0200] "GET /zampa-lovers/MILIZA_2.JPG HTTP/1.1" 200 22172 "http://www.various-euro.com/zampa-lovers/index.html" "Mozilla/5.0 (Windows; U; Windows NT 5.1; en-US; rv:1.9.0.11) Gecko/2009060215 Firefox/3.0.11"
77.74.231.51 - - [15/Jul/2009:12:49:54 +0200] "GET /bannerz/ve.jpg HTTP/1.1" 200 36912 "http://www.various-euro.com/frame-unten.html" "Mozilla/5.0 (Windows; U; Windows NT 5.1; en-US; rv:1.9.0.11) Gecko/2009060215 Firefox/3.0.11"
77.74.231.51 - - [15/Jul/2009:12:50:28 +0200] "GET /zampa-lovers/DRAGANZA.JPG HTTP/1.1" 200 18560 "http://www.various-euro.com/zampa-lovers/index.html" "Mozilla/5.0 (Windows; U; Windows NT 5.1; en-US; rv:1.9.0.11) Gecko/2009060215 Firefox/3.0.11"
77.74.231.51 - - [15/Jul/2009:12:50:32 +0200] "GET /zampa-lovers/Kralle.gif HTTP/1.1" 200 260 "http://www.various-euro.com/zampa-lovers/index.html" "Mozilla/5.0 (Windows; U; Windows NT 5.1; en-US; rv:1.9.0.11) Gecko/2009060215 Firefox/3.0.11"
77.74.231.51 - - [15/Jul/2009:12:50:34 +0200] "GET /zampa-lovers/zampa-2X2.gif HTTP/1.1" 200 6948 "http://www.various-euro.com/zampa-lovers/index.html" "Mozilla/5.0 (Windows; U; Windows NT 5.1; en-US; rv:1.9.0.11) Gecko/2009060215 Firefox/3.0.11"
77.74.231.51 - - [15/Jul/2009:12:50:36 +0200] "GET /zampa-lovers/zampamali.gif HTTP/1.1" 200 2617 "http://www.various-euro.com/zampa-lovers/index.html" "Mozilla/5.0 (Windows; U; Windows NT 5.1; en-US; rv:1.9.0.11) Gecko/2009060215 Firefox/3.0.11"
77.74.231.51 - - [15/Jul/2009:12:50:29 +0200] "GET /zampa-lovers/1SEITEVE.GIF HTTP/1.1" 200 78726 "http://www.various-euro.com/zampa-lovers/index.html" "Mozilla/5.0 (Windows; U; Windows NT 5.1; en-US; rv:1.9.0.11) Gecko/2009060215 Firefox/3.0.11"
77.74.231.51 - - [15/Jul/2009:12:50:36 +0200] "GET /zampa-lovers/zampa.gif HTTP/1.1" 200 460627 "http://www.various-euro.com/zampa-lovers/index.html" "Mozilla/5.0 (Windows; U; Windows NT 5.1; en-US; rv:1.9.0.11) Gecko/2009060215 Firefox/3.0.11"
77.74.231.51 - - [15/Jul/2009:12:50:31 +0200] "GET /zampa-lovers/2SEITEVE.GIF HTTP/1.1" 200 83466 "http://www.various-euro.com/zampa-lovers/index.html" "Mozilla/5.0 (Windows; U; Windows NT 5.1; en-US; rv:1.9.0.11) Gecko/2009060215 Firefox/3.0.11"
72.14.199.8 - - [15/Jul/2009:13:22:54 +0200] "GET / HTTP/1.1" 302 353 "-" "Feedfetcher-Google; (+http://www.google.com/feedfetcher.html; 1 subscribers; feed-id=5454548576667470243)"
72.14.199.85 - - [15/Jul/2009:13:23:02 +0200] "GET /zampa/ HTTP/1.1" 200 7153 "-" "Feedfetcher-Google; (+http://www.google.com/feedfetcher.html; 1 subscribers; feed-id=5454548576667470243)"
216.129.119.49 - - [15/Jul/2009:14:03:03 +0200] "GET / HTTP/1.0" 200 7869 "-" "Mozilla/5.0 (Twiceler-0.9 http://www.cuil.com/twiceler/robot.html)"
86.162.199.33 - - [15/Jul/2009:14:08:26 +0200] "GET /logs/ HTTP/1.1" 200 11511 "-" "Mozilla 4/0"
86.162.199.33 - - [15/Jul/2009:14:08:26 +0200] "GET /logs/ HTTP/1.1" 200 11511 "http://www.various-euro.com/logs/" "Mozilla 4/0"
86.162.199.33 - - [15/Jul/2009:14:08:26 +0200] "GET /logs/ HTTP/1.1" 200 11511 "http://www.various-euro.com/logs/" "Mozilla 4/0"
86.162.199.33 - - [15/Jul/2009:14:08:26 +0200] "GET /logs/ HTTP/1.1" 200 11511 "http://www.various-euro.com/logs/" "Mozilla 4/0"
86.162.199.33 - - [15/Jul/2009:14:08:27 +0200] "GET /logs/ HTTP/1.1" 200 11511 "http://www.various-euro.com/logs/" "Mozilla 4/0"
86.162.199.33 - - [15/Jul/2009:14:08:27 +0200] "GET /logs/ HTTP/1.1" 200 11511 "http://www.various-euro.com/logs/" "Mozilla 4/0"
66.235.124.4 - - [15/Jul/2009:14:13:40 +0200] "GET /f-logz.html HTTP/1.1" 200 191844 "-" "Mozilla/5.0 (compatible; Ask Jeeves/Teoma; +http://about.ask.com/en/docs/about/webmasters.shtml)"
216.129.119.49 - - [15/Jul/2009:14:18:18 +0200] "GET /robots.txt HTTP/1.0" 200 64 "-" "Mozilla/5.0 (Twiceler-0.9 http://www.cuil.com/twiceler/robot.html)"
65.55.106.145 - - [15/Jul/2009:14:29:45 +0200] "GET /robots.txt HTTP/1.1" 200 64 "-" "msnbot/2.0b (+http://search.msn.com/msnbot.htm)"
65.55.211.168 - - [15/Jul/2009:14:31:55 +0200] "GET /robots.txt HTTP/1.1" 200 64 "-" "msnbot/1.1 (+http://search.msn.com/msnbot.htm)"
65.55.211.168 - - [15/Jul/2009:14:31:55 +0200] "GET /neon/euro.html HTTP/1.1" 200 2212 "-" "msnbot/1.1 (+http://search.msn.com/msnbot.htm)"
86.162.199.33 - - [15/Jul/2009:14:36:24 +0200] "GET /logs/ HTTP/1.1" 200 11511 "-" "Mozilla 4/0"
86.162.199.33 - - [15/Jul/2009:14:36:24 +0200] "GET /logs/ HTTP/1.1" 200 11511 "http://www.various-euro.com/logs/" "Mozilla 4/0"
86.162.199.33 - - [15/Jul/2009:14:36:24 +0200] "GET /logs/ HTTP/1.1" 200 11511 "http://www.various-euro.com/logs/" "Mozilla 4/0"
86.162.199.33 - - [15/Jul/2009:14:36:24 +0200] "GET /logs/ HTTP/1.1" 200 11511 "http://www.various-euro.com/logs/" "Mozilla 4/0"
86.162.199.33 - - [15/Jul/2009:14:36:25 +0200] "GET /logs/ HTTP/1.1" 200 11511 "http://www.various-euro.com/logs/" "Mozilla 4/0"
86.162.199.33 - - [15/Jul/2009:14:36:25 +0200] "GET /logs/ HTTP/1.1" 200 11511 "http://www.various-euro.com/logs/" "Mozilla 4/0"
38.99.44.105 - - [15/Jul/2009:14:46:11 +0200] "GET /frame-unten.html HTTP/1.0" 200 5308 "-" "Mozilla/5.0 (Twiceler-0.9 http://www.cuil.com/twiceler/robot.html)"
38.99.44.105 - - [15/Jul/2009:14:59:53 +0200] "GET /frame-inhalt.html HTTP/1.0" 200 7688 "-" "Mozilla/5.0 (Twiceler-0.9 http://www.cuil.com/twiceler/robot.html)"
65.55.211.167 - - [15/Jul/2009:15:05:02 +0200] "GET /robots.txt HTTP/1.1" 200 64 "-" "msnbot/1.1 (+http://search.msn.com/msnbot.htm)"
65.55.211.167 - - [15/Jul/2009:15:05:02 +0200] "GET /bmpp/euro_pal_1.html HTTP/1.1" 200 18252 "-" "msnbot/1.1 (+http://search.msn.com/msnbot.htm)"
38.99.44.105 - - [15/Jul/2009:15:35:07 +0200] "GET / HTTP/1.0" 200 7869 "-" "Mozilla/5.0 (Twiceler-0.9 http://www.cuil.com/twiceler/robot.html)"
89.226.186.142 - - [15/Jul/2009:15:40:02 +0200] "GET /zampa/ HTTP/1.1" 200 7153 "-" "Mozilla/5.0 (Macintosh; U; Intel Mac OS X 10.4; fr; rv:1.9.1) Gecko/20090624 Firefox/3.5"
89.226.186.142 - - [15/Jul/2009:15:40:05 +0200] "GET /zampa/ HTTP/1.1" 200 7153 "-" "Mozilla/5.0 (Macintosh; U; Intel Mac OS X 10.4; fr; rv:1.9.1) Gecko/20090624 Firefox/3.5"
89.226.186.142 - - [15/Jul/2009:15:40:05 +0200] "GET /zampa/slike/zampa.gif HTTP/1.1" 200 5310 "http://www.various-euro.com/zampa/" "Mozilla/5.0 (Macintosh; U; Intel Mac OS X 10.4; fr; rv:1.9.1) Gecko/20090624 Firefox/3.5"
89.226.186.142 - - [15/Jul/2009:15:40:05 +0200] "GET /zampa/slike/udupetu.gif HTTP/1.1" 200 4138 "http://www.various-euro.com/zampa/" "Mozilla/5.0 (Macintosh; U; Intel Mac OS X 10.4; fr; rv:1.9.1) Gecko/20090624 Firefox/3.5"
89.226.186.142 - - [15/Jul/2009:15:40:05 +0200] "GET /zampa/slike/inthearse.gif HTTP/1.1" 200 4077 "http://www.various-euro.com/zampa/" "Mozilla/5.0 (Macintosh; U; Intel Mac OS X 10.4; fr; rv:1.9.1) Gecko/20090624 Firefox/3.5"
89.226.186.142 - - [15/Jul/2009:15:40:05 +0200] "GET /favicon.ico HTTP/1.1" 404 2748 "-" "Mozilla/5.0 (Macintosh; U; Intel Mac OS X 10.4; fr; rv:1.9.1) Gecko/20090624 Firefox/3.5"
89.226.186.142 - - [15/Jul/2009:15:40:08 +0200] "GET /favicon.ico HTTP/1.1" 404 2748 "-" "Mozilla/5.0 (Macintosh; U; Intel Mac OS X 10.4; fr; rv:1.9.1) Gecko/20090624 Firefox/3.5"
65.55.231.93 - - [15/Jul/2009:15:50:57 +0200] "GET /robots.txt HTTP/1.1" 200 64 "-" "msnbot-media/1.1 (+http://search.msn.com/msnbot.htm)"
65.55.231.93 - - [15/Jul/2009:15:50:57 +0200] "GET /rez/mb.jpg HTTP/1.1" 200 12467 "-" "msnbot-media/1.1 (+http://search.msn.com/msnbot.htm)"
72.30.79.60 - - [15/Jul/2009:15:55:31 +0200] "GET /robots.txt HTTP/1.0" 200 64 "-" "Mozilla/5.0 (compatible; Yahoo! Slurp; http://help.yahoo.com/help/us/ysearch/slurp)"
72.30.79.60 - - [15/Jul/2009:15:55:32 +0200] "GET / HTTP/1.0" 200 7869 "-" "Mozilla/5.0 (compatible; Yahoo! Slurp/3.0; http://help.yahoo.com/help/us/ysearch/slurp)"
72.30.79.60 - - [15/Jul/2009:15:55:32 +0200] "GET /style/various-euro.css HTTP/1.0" 304 - "http://www.various-euro.com/" "Mozilla/5.0 (compatible; Yahoo! Slurp/3.0; http://help.yahoo.com/help/us/ysearch/slurp)"
67.195.111.185 - - [15/Jul/2009:16:22:09 +0200] "GET /robots.txt HTTP/1.0" 200 64 "-" "Mozilla/5.0 (compatible; Yahoo! Slurp; http://help.yahoo.com/help/us/ysearch/slurp)"
67.195.111.185 - - [15/Jul/2009:16:22:10 +0200] "GET /framez-rez.html HTTP/1.0" 200 4323 "-" "Mozilla/5.0 (compatible; Yahoo! Slurp/3.0; http://help.yahoo.com/help/us/ysearch/slurp)"
67.195.111.185 - - [15/Jul/2009:16:22:16 +0200] "GET /frame-unten.html HTTP/1.0" 200 5308 "http://www.various-euro.com/framez-rez.html" "Mozilla/5.0 (compatible; Yahoo! Slurp/3.0; http://help.yahoo.com/help/us/ysearch/slurp)"
67.195.111.185 - - [15/Jul/2009:16:22:16 +0200] "GET /frame-menu.html HTTP/1.0" 200 10500 "http://www.various-euro.com/framez-rez.html" "Mozilla/5.0 (compatible; Yahoo! Slurp/3.0; http://help.yahoo.com/help/us/ysearch/slurp)"
67.195.111.185 - - [15/Jul/2009:16:22:16 +0200] "GET /f-rez.html HTTP/1.0" 200 9765 "http://www.various-euro.com/framez-rez.html" "Mozilla/5.0 (compatible; Yahoo! Slurp/3.0; http://help.yahoo.com/help/us/ysearch/slurp)"
67.195.111.185 - - [15/Jul/2009:16:22:19 +0200] "GET /style/various-euro.css HTTP/1.0" 304 - "http://www.various-euro.com/frame-menu.html" "Mozilla/5.0 (compatible; Yahoo! Slurp/3.0; http://help.yahoo.com/help/us/ysearch/slurp)"
208.80.195.55 - - [15/Jul/2009:16:42:00 +0200] "GET / HTTP/1.0" 200 7869 "-" "Mozilla/4.0 (compatible; MSIE 7.0; Windows NT 5.1; BT Business Broadband; FunWebProducts; .NET CLR 1.1.4322)"
208.80.195.55 - - [15/Jul/2009:16:42:00 +0200] "GET / HTTP/1.0" 200 7869 "-" "Mozilla/4.0 (compatible; MSIE 6.0; Windows NT 5.1; YPC 3.0.1; SV1; yplus 5.1.04b)"
72.30.12.68 - - [15/Jul/2009:16:48:11 +0200] "GET /robots.txt HTTP/1.0" 200 64 "-" "Mozilla/5.0 (Yahoo-Test/4.0; mailto:vertical-crawl-support@yahoo-inc.com)"
72.30.12.68 - - [15/Jul/2009:16:48:11 +0200] "GET /logs/usage_200710.html HTTP/1.0" 404 2748 "-" "Mozilla/5.0 (Yahoo-Test/4.0; mailto:vertical-crawl-support@yahoo-inc.com)"
72.30.12.68 - - [15/Jul/2009:16:48:25 +0200] "GET /sendi-agent/Interfiction-sendi.mpg HTTP/1.0" 200 13300252 "-" "Mozilla/5.0 (Yahoo-Test/4.0; mailto:vertical-crawl-support@yahoo-inc.com)"
65.55.106.161 - - [15/Jul/2009:17:01:12 +0200] "GET /robots.txt HTTP/1.1" 302 363 "-" "msnbot/2.0b (+http://search.msn.com/msnbot.htm)"
65.55.106.161 - - [15/Jul/2009:17:01:12 +0200] "GET /zampa/robots.txt HTTP/1.1" 404 2748 "-" "msnbot/2.0b (+http://search.msn.com/msnbot.htm)"
72.30.79.60 - - [15/Jul/2009:17:07:12 +0200] "GET /zampa/montenegro/BATAW.html HTTP/1.0" 200 860 "-" "Mozilla/5.0 (compatible; Yahoo! Slurp/3.0; http://help.yahoo.com/help/us/ysearch/slurp)"
193.252.149.15 - - [15/Jul/2009:17:11:15 +0200] "GET /neon/large.html HTTP/1.1" 200 1547 "-" "Mozilla/5.0 (Windows; U; Windows NT 5.1; fr; rv:1.8.1) VoilaBot BETA 1.2 (support.voilabot@orange-ftgroup.com)"
38.99.13.116 - - [15/Jul/2009:17:14:30 +0200] "GET / HTTP/1.0" 302 353 "-" "Mozilla/5.0 (Twiceler-0.9 http://www.cuil.com/twiceler/robot.html)"
72.30.12.110 - - [15/Jul/2009:17:24:33 +0200] "GET /robots.txt HTTP/1.0" 200 64 "-" "Mozilla/5.0 (Yahoo-Test/4.0; mailto:vertical-crawl-support@yahoo-inc.com)"
72.30.12.110 - - [15/Jul/2009:17:24:33 +0200] "GET /logs/usage_200710.html HTTP/1.0" 404 2748 "-" "Mozilla/5.0 (Yahoo-Test/4.0; mailto:vertical-crawl-support@yahoo-inc.com)"
72.30.12.110 - - [15/Jul/2009:17:24:48 +0200] "GET /sendi-agent/Interfiction-sendi.mpg HTTP/1.0" 200 13300252 "-" "Mozilla/5.0 (Yahoo-Test/4.0; mailto:vertical-crawl-support@yahoo-inc.com)"
84.221.251.135 - - [15/Jul/2009:17:38:54 +0200] "GET / HTTP/1.1" 302 353 "http://www.google.it/search?hl=it&rlz=1W1ITVA_en&q=zampa+di+leone+&meta=" "Mozilla/4.0 (compatible; MSIE 6.0; Windows NT 5.1; SV1; GTB5; (R1 1.5); .NET CLR 1.1.4322)"
84.221.251.135 - - [15/Jul/2009:17:38:55 +0200] "GET /zampa/ HTTP/1.1" 200 7153 "http://www.google.it/search?hl=it&rlz=1W1ITVA_en&q=zampa+di+leone+&meta=" "Mozilla/4.0 (compatible; MSIE 6.0; Windows NT 5.1; SV1; GTB5; (R1 1.5); .NET CLR 1.1.4322)"
84.221.251.135 - - [15/Jul/2009:17:38:55 +0200] "GET /zampa/slike/udupetu.gif HTTP/1.1" 200 4138 "http://www.various-euro.com/zampa/" "Mozilla/4.0 (compatible; MSIE 6.0; Windows NT 5.1; SV1; GTB5; (R1 1.5); .NET CLR 1.1.4322)"
84.221.251.135 - - [15/Jul/2009:17:38:55 +0200] "GET /zampa/slike/zampa.gif HTTP/1.1" 200 5310 "http://www.various-euro.com/zampa/" "Mozilla/4.0 (compatible; MSIE 6.0; Windows NT 5.1; SV1; GTB5; (R1 1.5); .NET CLR 1.1.4322)"
84.221.251.135 - - [15/Jul/2009:17:38:55 +0200] "GET /zampa/slike/inthearse.gif HTTP/1.1" 200 4077 "http://www.various-euro.com/zampa/" "Mozilla/4.0 (compatible; MSIE 6.0; Windows NT 5.1; SV1; GTB5; (R1 1.5); .NET CLR 1.1.4322)"
65.55.231.94 - - [15/Jul/2009:17:52:36 +0200] "GET /robots.txt HTTP/1.1" 200 64 "-" "msnbot-media/1.1 (+http://search.msn.com/msnbot.htm)"
65.55.231.94 - - [15/Jul/2009:17:52:36 +0200] "GET /bannerz/ve-girl.gif HTTP/1.1" 200 61791 "-" "msnbot-media/1.1 (+http://search.msn.com/msnbot.htm)"
65.55.231.94 - - [15/Jul/2009:17:52:38 +0200] "GET /f-bannnerz.html HTTP/1.1" 200 12651 "-" "msnbot-media/1.1 (+http://search.msn.com/msnbot.htm)"
195.178.48.50 - - [15/Jul/2009:18:11:37 +0200] "GET /favicon.ico HTTP/1.0" 404 2748 "-" "Mozilla/5.0 (Windows; U; Windows NT 5.1; en-US; rv:1.9.0.11) Gecko/2009060215 Firefox/3.0.11"
65.55.211.169 - - [15/Jul/2009:18:15:11 +0200] "GET /robots.txt HTTP/1.1" 200 64 "-" "msnbot/1.1 (+http://search.msn.com/msnbot.htm)"
65.55.211.169 - - [15/Jul/2009:18:15:11 +0200] "GET /zampa/montenegro/TESLAW.html HTTP/1.1" 200 861 "-" "msnbot/1.1 (+http://search.msn.com/msnbot.htm)"
65.55.231.121 - - [15/Jul/2009:18:31:39 +0200] "GET /robots.txt HTTP/1.1" 200 64 "-" "msnbot-media/1.1 (+http://search.msn.com/msnbot.htm)"
65.55.231.121 - - [15/Jul/2009:18:31:39 +0200] "GET /zampa/slike/E2COPY.GIF HTTP/1.1" 200 10416 "-" "msnbot-media/1.1 (+http://search.msn.com/msnbot.htm)"
65.55.108.143 - - [15/Jul/2009:18:32:12 +0200] "GET /robots.txt HTTP/1.1" 200 64 "-" "msnbot-media/1.1 (+http://search.msn.com/msnbot.htm)"
65.55.108.143 - - [15/Jul/2009:18:32:12 +0200] "GET /Rampe-DgH.jpg HTTP/1.1" 200 12044 "-" "msnbot-media/1.1 (+http://search.msn.com/msnbot.htm)"
65.55.108.143 - - [15/Jul/2009:18:32:14 +0200] "GET /f-euro.html HTTP/1.1" 200 12203 "-" "msnbot-media/1.1 (+http://search.msn.com/msnbot.htm)"
72.30.79.60 - - [15/Jul/2009:18:32:38 +0200] "GET /zampa/ HTTP/1.0" 200 7153 "http://www.angelfire.com/psy/zampa-di-leone-zampa/" "Mozilla/5.0 (compatible; Yahoo! Slurp/3.0; http://help.yahoo.com/help/us/ysearch/slurp)"
72.30.79.60 - - [15/Jul/2009:18:32:38 +0200] "GET /zampa/montenegro/index.html HTTP/1.0" 200 2651 "http://www.angelfire.com/psy/zampa-di-leone-zampa/" "Mozilla/5.0 (compatible; Yahoo! Slurp/3.0; http://help.yahoo.com/help/us/ysearch/slurp)"
66.249.72.227 - - [15/Jul/2009:18:36:57 +0200] "GET /robots.txt HTTP/1.1" 200 64 "-" "Googlebot-Image/1.0"
72.14.199.8 - - [15/Jul/2009:18:50:42 +0200] "GET / HTTP/1.1" 302 353 "-" "Feedfetcher-Google; (+http://www.google.com/feedfetcher.html; 1 subscribers; feed-id=5454548576667470243)"
72.14.199.85 - - [15/Jul/2009:18:50:43 +0200] "GET /zampa/ HTTP/1.1" 200 7153 "-" "Feedfetcher-Google; (+http://www.google.com/feedfetcher.html; 1 subscribers; feed-id=5454548576667470243)"
65.55.106.168 - - [15/Jul/2009:19:20:36 +0200] "GET /robots.txt HTTP/1.1" 302 363 "-" "msnbot/2.0b (+http://search.msn.com/msnbot.htm)"
65.55.106.168 - - [15/Jul/2009:19:20:37 +0200] "GET /zampa/robots.txt HTTP/1.1" 404 2748 "-" "msnbot/2.0b (+http://search.msn.com/msnbot.htm)"
65.55.51.112 - - [15/Jul/2009:19:24:11 +0200] "GET /robots.txt HTTP/1.1" 302 363 "-" "msnbot/2.0b (+http://search.msn.com/msnbot.htm)"
65.55.51.112 - - [15/Jul/2009:19:24:12 +0200] "GET /zampa/robots.txt HTTP/1.1" 404 2748 "-" "msnbot/2.0b (+http://search.msn.com/msnbot.htm)"
65.55.108.132 - - [15/Jul/2009:19:27:59 +0200] "GET /robots.txt HTTP/1.1" 200 64 "-" "msnbot-media/1.1 (+http://search.msn.com/msnbot.htm)"
65.55.108.132 - - [15/Jul/2009:19:27:59 +0200] "GET /bannerz/army_graphics_package/m4a1-n.gif HTTP/1.1" 200 9356 "-" "msnbot-media/1.1 (+http://search.msn.com/msnbot.htm)"
65.55.220.209 - - [15/Jul/2009:19:29:46 +0200] "GET /robots.txt HTTP/1.1" 200 64 "-" "msnbot-media/1.1 (+http://search.msn.com/msnbot.htm)"
65.55.220.209 - - [15/Jul/2009:19:29:46 +0200] "GET /vgirls/virtua4.gif HTTP/1.1" 200 12643 "-" "msnbot-media/1.1 (+http://search.msn.com/msnbot.htm)"
65.55.220.209 - - [15/Jul/2009:19:29:46 +0200] "GET /neon/girlz2.html HTTP/1.1" 200 2937 "-" "msnbot-media/1.1 (+http://search.msn.com/msnbot.htm)"
213.239.237.21 - - [15/Jul/2009:20:02:59 +0200] "GET / HTTP/1.0" 200 7869 "-" "-"
38.99.44.105 - - [15/Jul/2009:20:07:44 +0200] "GET /f-rez.html HTTP/1.0" 200 9765 "-" "Mozilla/5.0 (Twiceler-0.9 http://www.cuil.com/twiceler/robot.html)"
65.55.211.158 - - [15/Jul/2009:20:08:25 +0200] "GET /robots.txt HTTP/1.1" 200 64 "-" "msnbot/1.1 (+http://search.msn.com/msnbot.htm)"
65.55.211.158 - - [15/Jul/2009:20:08:25 +0200] "GET /bannnerz.html HTTP/1.1" 404 2748 "-" "msnbot/1.1 (+http://search.msn.com/msnbot.htm)"
65.55.211.172 - - [15/Jul/2009:20:24:30 +0200] "GET /bmpp/euro_pal_111.html HTTP/1.1" 200 2129 "-" "msnbot/1.1 (+http://search.msn.com/msnbot.htm)"
65.55.109.171 - - [15/Jul/2009:20:24:44 +0200] "GET /bmpp/euro_pal_111.html HTTP/1.1" 200 2129 "-" "Mozilla/4.0 (compatible; MSIE 6.0; Windows NT 5.1; SLCC1; .NET CLR 1.1.4322; .NET CLR 2.0.50727; .NET CLR 3.0.30729; .NET CLR 3.5.30729; MS-RTC LM 8)"
65.55.109.171 - - [15/Jul/2009:20:24:56 +0200] "GET /framez-pal111.html HTTP/1.1" 200 4328 "-" "Mozilla/4.0 (compatible; MSIE 6.0; Windows NT 5.1; SLCC1; .NET CLR 1.1.4322; .NET CLR 2.0.50727; .NET CLR 3.0.30729; .NET CLR 3.5.30729; MS-RTC LM 8)"
65.55.109.171 - - [15/Jul/2009:20:25:00 +0200] "GET /frame-menu.html HTTP/1.1" 200 10500 "http://www.various-euro.com/framez-pal111.html" "Mozilla/4.0 (compatible; MSIE 6.0; Windows NT 5.1; SLCC1; .NET CLR 1.1.4322; .NET CLR 2.0.50727; .NET CLR 3.0.30729; .NET CLR 3.5.30729; MS-RTC LM 8)"
65.55.231.70 - - [15/Jul/2009:20:53:06 +0200] "GET /robots.txt HTTP/1.1" 200 64 "-" "msnbot-media/1.1 (+http://search.msn.com/msnbot.htm)"
65.55.231.70 - - [15/Jul/2009:20:53:06 +0200] "GET /3dsf3/sendi/slike/ddplugin-table.jpg HTTP/1.1" 200 10146 "-" "msnbot-media/1.1 (+http://search.msn.com/msnbot.htm)"
65.55.106.172 - - [15/Jul/2009:20:53:06 +0200] "GET /robots.txt HTTP/1.1" 200 64 "-" "msnbot/2.0b (+http://search.msn.com/msnbot.htm)"
65.55.231.70 - - [15/Jul/2009:20:53:08 +0200] "GET /3dsf3/sendi/sendisendi.html HTTP/1.1" 200 5118 "-" "msnbot-media/1.1 (+http://search.msn.com/msnbot.htm)"
65.55.106.238 - - [15/Jul/2009:21:20:16 +0200] "GET /search.html HTTP/1.1" 200 1440 "-" "msnbot/2.0b (+http://search.msn.com/msnbot.htm)"
65.55.106.240 - - [15/Jul/2009:21:25:14 +0200] "GET /bannnerz.html HTTP/1.1" 404 2748 "-" "msnbot/2.0b (+http://search.msn.com/msnbot.htm)"
72.14.199.8 - - [15/Jul/2009:21:50:45 +0200] "GET / HTTP/1.1" 302 353 "-" "Feedfetcher-Google; (+http://www.google.com/feedfetcher.html; 1 subscribers; feed-id=5454548576667470243)"
72.14.199.85 - - [15/Jul/2009:21:50:53 +0200] "GET /zampa/ HTTP/1.1" 200 7153 "-" "Feedfetcher-Google; (+http://www.google.com/feedfetcher.html; 1 subscribers; feed-id=5454548576667470243)"
72.30.12.107 - - [15/Jul/2009:22:24:31 +0200] "GET /robots.txt HTTP/1.0" 200 64 "-" "Mozilla/5.0 (Yahoo-Test/4.0; mailto:vertical-crawl-support@yahoo-inc.com)"
72.30.12.107 - - [15/Jul/2009:22:24:32 +0200] "GET /logs/usage_200710.html HTTP/1.0" 404 2748 "-" "Mozilla/5.0 (Yahoo-Test/4.0; mailto:vertical-crawl-support@yahoo-inc.com)"
72.30.12.107 - - [15/Jul/2009:22:24:46 +0200] "GET /sendi-agent/Interfiction-sendi.mpg HTTP/1.0" 200 13300252 "-" "Mozilla/5.0 (Yahoo-Test/4.0; mailto:vertical-crawl-support@yahoo-inc.com)"
81.52.143.29 - - [15/Jul/2009:22:29:49 +0200] "GET /DgH/orginal/index.html HTTP/1.1" 200 1727 "-" "Mozilla/5.0 (Windows; U; Windows NT 5.1; fr; rv:1.8.1) VoilaBot BETA 1.2 (support.voilabot@orange-ftgroup.com)"
72.14.199.8 - - [15/Jul/2009:22:49:41 +0200] "GET / HTTP/1.1" 302 353 "-" "Feedfetcher-Google; (+http://www.google.com/feedfetcher.html; 1 subscribers; feed-id=5454548576667470243)"
72.14.199.85 - - [15/Jul/2009:22:49:42 +0200] "GET /zampa/ HTTP/1.1" 200 7153 "-" "Feedfetcher-Google; (+http://www.google.com/feedfetcher.html; 1 subscribers; feed-id=5454548576667470243)"
72.30.79.60 - - [15/Jul/2009:23:22:17 +0200] "GET /framez-rez.html HTTP/1.0" 200 4323 "-" "Mozilla/5.0 (compatible; Yahoo! Slurp/3.0; http://help.yahoo.com/help/us/ysearch/slurp)"
72.30.79.60 - - [15/Jul/2009:23:22:22 +0200] "GET /frame-unten.html HTTP/1.0" 200 5308 "http://www.various-euro.com/framez-rez.html" "Mozilla/5.0 (compatible; Yahoo! Slurp/3.0; http://help.yahoo.com/help/us/ysearch/slurp)"
72.30.79.60 - - [15/Jul/2009:23:22:22 +0200] "GET /frame-menu.html HTTP/1.0" 200 10500 "http://www.various-euro.com/framez-rez.html" "Mozilla/5.0 (compatible; Yahoo! Slurp/3.0; http://help.yahoo.com/help/us/ysearch/slurp)"
72.30.79.60 - - [15/Jul/2009:23:22:22 +0200] "GET /f-rez.html HTTP/1.0" 200 9765 "http://www.various-euro.com/framez-rez.html" "Mozilla/5.0 (compatible; Yahoo! Slurp/3.0; http://help.yahoo.com/help/us/ysearch/slurp)"
72.30.79.60 - - [15/Jul/2009:23:22:26 +0200] "GET /style/various-euro.css HTTP/1.0" 304 - "http://www.various-euro.com/frame-menu.html" "Mozilla/5.0 (compatible; Yahoo! Slurp/3.0; http://help.yahoo.com/help/us/ysearch/slurp)"
65.55.211.171 - - [15/Jul/2009:23:27:11 +0200] "GET /robots.txt HTTP/1.1" 200 64 "-" "msnbot/1.1 (+http://search.msn.com/msnbot.htm)"
65.55.211.171 - - [15/Jul/2009:23:27:11 +0200] "GET /3dsf3/sendi/sacrifice.html HTTP/1.1" 200 1309 "-" "msnbot/1.1 (+http://search.msn.com/msnbot.htm)"
61.247.221.85 - - [15/Jul/2009:23:43:30 +0200] "GET /robots.txt HTTP/1.1" 200 64 "-" "Mozilla/4.0 (compatible; NaverBot/1.0; http://help.naver.com/customer_webtxt_02.jsp)"
61.247.221.85 - - [15/Jul/2009:23:43:30 +0200] "GET /f-doku-brau.html HTTP/1.1" 200 7152 "-" "Mozilla/4.0 (compatible; NaverBot/1.0; http://help.naver.com/customer_webtxt_02.jsp)"
72.30.12.105 - - [16/Jul/2009:00:07:33 +0200] "GET /robots.txt HTTP/1.0" 200 64 "-" "Mozilla/5.0 (Yahoo-Test/4.0; mailto:vertical-crawl-support@yahoo-inc.com)"
72.30.12.105 - - [16/Jul/2009:00:07:33 +0200] "GET /logs/usage_200710.html HTTP/1.0" 404 2748 "-" "Mozilla/5.0 (Yahoo-Test/4.0; mailto:vertical-crawl-support@yahoo-inc.com)"
72.30.12.105 - - [16/Jul/2009:00:07:48 +0200] "GET /sendi-agent/Interfiction-sendi.mpg HTTP/1.0" 200 13300252 "-" "Mozilla/5.0 (Yahoo-Test/4.0; mailto:vertical-crawl-support@yahoo-inc.com)"
65.55.106.234 - - [16/Jul/2009:00:11:47 +0200] "GET /f-channel1.html HTTP/1.1" 200 9329 "-" "msnbot/2.0b (+http://search.msn.com/msnbot.htm)"
72.30.12.70 - - [16/Jul/2009:00:16:13 +0200] "GET /robots.txt HTTP/1.0" 200 64 "-" "Mozilla/5.0 (Yahoo-Test/4.0; mailto:vertical-crawl-support@yahoo-inc.com)"
72.30.12.70 - - [16/Jul/2009:00:16:13 +0200] "GET /logs/usage_200710.html HTTP/1.0" 404 2748 "-" "Mozilla/5.0 (Yahoo-Test/4.0; mailto:vertical-crawl-support@yahoo-inc.com)"
65.55.211.170 - - [16/Jul/2009:00:26:01 +0200] "GET /robots.txt HTTP/1.1" 200 64 "-" "msnbot/1.1 (+http://search.msn.com/msnbot.htm)"
65.55.211.170 - - [16/Jul/2009:00:26:02 +0200] "GET /3dsf3/sendi/utopia.html HTTP/1.1" 200 1295 "-" "msnbot/1.1 (+http://search.msn.com/msnbot.htm)"
94.23.36.15 - - [16/Jul/2009:00:38:42 +0200] "GET /index.php?menue=http://www.univers-du-pin.be/buggsbunny?? HTTP/1.1" 404 2748 "-" "Mozilla/4.0 (compatible; MSIE 6.0; Windows NT 5.2; SV1; .NET CLR 1.1.4322)"
94.23.36.15 - - [16/Jul/2009:00:38:42 +0200] "GET /errors.php?error=http://www.univers-du-pin.be/buggsbunny?? HTTP/1.1" 404 2748 "-" "Mozilla/5.0 (Windows; U; Windows NT 5.1; en-US; rv:1.8b4) Gecko/20050908 Firefox/1.4"
94.23.36.15 - - [16/Jul/2009:00:38:42 +0200] "GET /index.php?menue=../../../../../../../../../../../../../../../../../../../../../../../../proc/self/environ HTTP/1.1" 404 2748 "-" "XXXXXX"
94.23.36.15 - - [16/Jul/2009:00:38:42 +0200] "GET /index.php?menue=../../../../../../../../../../../../../../../../../../../../../../../../proc/self/environ%00 HTTP/1.1" 404 2748 "-" "XXXXXX"
209.249.53.69 - - [16/Jul/2009:00:57:35 +0200] "GET /framez-zampa-lovers.html HTTP/1.0" 200 4322 "-" "Mozilla/4.0 (compatible; MSIE 6.0; Windows NT 5.1; SV1 + FairShare-http://fairshare.cc)"
193.252.118.174 - - [16/Jul/2009:01:03:12 +0200] "GET /neon/code.html HTTP/1.1" 200 1109 "-" "Mozilla/5.0 (Windows; U; Windows NT 5.1; fr; rv:1.8.1) VoilaBot BETA 1.2 (support.voilabot@orange-ftgroup.com)"
72.14.199.8 - - [16/Jul/2009:01:50:26 +0200] "GET / HTTP/1.1" 302 353 "-" "Feedfetcher-Google; (+http://www.google.com/feedfetcher.html; 1 subscribers; feed-id=5454548576667470243)"
72.14.199.85 - - [16/Jul/2009:01:50:27 +0200] "GET /zampa/ HTTP/1.1" 200 7153 "-" "Feedfetcher-Google; (+http://www.google.com/feedfetcher.html; 1 subscribers; feed-id=5454548576667470243)"
86.162.199.33 - - [16/Jul/2009:01:55:45 +0200] "GET /logs/ HTTP/1.1" 200 11511 "-" "Mozilla 4/0"
86.162.199.33 - - [16/Jul/2009:01:55:46 +0200] "GET /logs/ HTTP/1.1" 200 11511 "http://www.various-euro.com/logs/" "Mozilla 4/0"
86.162.199.33 - - [16/Jul/2009:01:55:46 +0200] "GET /logs/ HTTP/1.1" 200 11511 "http://www.various-euro.com/logs/" "Mozilla 4/0"
86.162.199.33 - - [16/Jul/2009:01:55:46 +0200] "GET /logs/ HTTP/1.1" 200 11511 "http://www.various-euro.com/logs/" "Mozilla 4/0"
86.162.199.33 - - [16/Jul/2009:01:55:46 +0200] "GET /logs/ HTTP/1.1" 200 11511 "http://www.various-euro.com/logs/" "Mozilla 4/0"
86.162.199.33 - - [16/Jul/2009:01:55:47 +0200] "GET /logs/ HTTP/1.1" 200 11511 "http://www.various-euro.com/logs/" "Mozilla 4/0"
86.162.199.33 - - [16/Jul/2009:01:56:40 +0200] "GET /logs/ HTTP/1.1" 200 11511 "-" "Mozilla 4/0"
86.162.199.33 - - [16/Jul/2009:01:56:40 +0200] "GET /logs/ HTTP/1.1" 200 11511 "http://www.various-euro.com/logs/" "Mozilla 4/0"
86.162.199.33 - - [16/Jul/2009:01:56:41 +0200] "GET /logs/ HTTP/1.1" 200 11511 "http://www.various-euro.com/logs/" "Mozilla 4/0"
86.162.199.33 - - [16/Jul/2009:01:56:41 +0200] "GET /logs/ HTTP/1.1" 200 11511 "http://www.various-euro.com/logs/" "Mozilla 4/0"
86.162.199.33 - - [16/Jul/2009:01:56:41 +0200] "GET /logs/ HTTP/1.1" 200 11511 "http://www.various-euro.com/logs/" "Mozilla 4/0"
86.162.199.33 - - [16/Jul/2009:01:56:41 +0200] "GET /logs/ HTTP/1.1" 200 11511 "http://www.various-euro.com/logs/" "Mozilla 4/0"
66.249.72.227 - - [16/Jul/2009:01:59:01 +0200] "GET /framez-zampa-lovers.html HTTP/1.1" 200 4322 "-" "Mozilla/5.0 (compatible; Googlebot/2.1; +http://www.google.com/bot.html)"
65.55.108.135 - - [16/Jul/2009:02:12:51 +0200] "GET /robots.txt HTTP/1.1" 200 64 "-" "msnbot-media/1.1 (+http://search.msn.com/msnbot.htm)"
65.55.108.135 - - [16/Jul/2009:02:12:52 +0200] "GET /bannerz/ve.jpg HTTP/1.1" 200 36912 "-" "msnbot-media/1.1 (+http://search.msn.com/msnbot.htm)"
72.30.12.69 - - [16/Jul/2009:02:16:19 +0200] "GET /robots.txt HTTP/1.0" 200 64 "-" "Mozilla/5.0 (Yahoo-Test/4.0; mailto:vertical-crawl-support@yahoo-inc.com)"
72.30.12.69 - - [16/Jul/2009:02:16:20 +0200] "GET /logs/usage_200710.html HTTP/1.0" 404 2748 "-" "Mozilla/5.0 (Yahoo-Test/4.0; mailto:vertical-crawl-support@yahoo-inc.com)"
65.55.106.190 - - [16/Jul/2009:02:33:13 +0200] "GET /robots.txt HTTP/1.1" 200 64 "-" "msnbot/2.0b (+http://search.msn.com/msnbot.htm)"
193.252.118.174 - - [16/Jul/2009:02:50:28 +0200] "GET /DgH/bull/index.html HTTP/1.1" 200 1915 "-" "Mozilla/5.0 (Windows; U; Windows NT 5.1; fr; rv:1.8.1) VoilaBot BETA 1.2 (support.voilabot@orange-ftgroup.com)"
65.55.106.192 - - [16/Jul/2009:03:14:59 +0200] "GET /robots.txt HTTP/1.1" 302 363 "-" "msnbot/2.0b (+http://search.msn.com/msnbot.htm)"
65.55.106.192 - - [16/Jul/2009:03:14:59 +0200] "GET /zampa/robots.txt HTTP/1.1" 404 2748 "-" "msnbot/2.0b (+http://search.msn.com/msnbot.htm)"
194.8.74.124 - - [16/Jul/2009:03:15:33 +0200] "GET /framez-schubb5.html HTTP/1.0" 200 4330 "http://www.various-euro.com/framez-schubb5.html" "Mozilla/4.0 (compatible; MSIE 6.0; Windows NT 5.1; Deepnet Explorer 1.5.0; .NET CLR 1.0.3705)"
194.8.74.124 - - [16/Jul/2009:03:15:33 +0200] "GET /frame-menu.html HTTP/1.0" 200 10500 "http://www.various-euro.com/frame-menu.html" "Mozilla/4.0 (compatible; MSIE 6.0; Windows NT 5.1; Deepnet Explorer 1.5.0; .NET CLR 1.0.3705)"
194.8.74.124 - - [16/Jul/2009:03:15:33 +0200] "GET /schubb/schubb-5.html HTTP/1.0" 200 72944 "http://www.various-euro.com/schubb/schubb-5.html" "Mozilla/4.0 (compatible; MSIE 6.0; Windows NT 5.1; Deepnet Explorer 1.5.0; .NET CLR 1.0.3705)"
194.8.74.124 - - [16/Jul/2009:03:15:34 +0200] "GET /frame-unten.html HTTP/1.0" 200 5308 "http://www.various-euro.com/frame-unten.html" "Mozilla/4.0 (compatible; MSIE 6.0; Windows NT 5.1; Deepnet Explorer 1.5.0; .NET CLR 1.0.3705)"
72.30.79.60 - - [16/Jul/2009:03:39:41 +0200] "GET /robots.txt HTTP/1.0" 200 64 "-" "Mozilla/5.0 (compatible; Yahoo! Slurp; http://help.yahoo.com/help/us/ysearch/slurp)"
72.30.79.60 - - [16/Jul/2009:03:39:42 +0200] "GET /f-world.html HTTP/1.0" 200 35590 "-" "Mozilla/5.0 (compatible; Yahoo! Slurp/3.0; http://help.yahoo.com/help/us/ysearch/slurp)"
65.55.106.213 - - [16/Jul/2009:04:24:09 +0200] "GET /robots.txt HTTP/1.1" 200 64 "-" "msnbot/2.0b (+http://search.msn.com/msnbot.htm)"
66.249.72.227 - - [16/Jul/2009:04:32:13 +0200] "GET /rez/fiszt.htm HTTP/1.1" 200 1487 "-" "Mozilla/5.0 (compatible; Googlebot/2.1; +http://www.google.com/bot.html)"
72.14.199.8 - - [16/Jul/2009:04:50:47 +0200] "GET / HTTP/1.1" 302 353 "-" "Feedfetcher-Google; (+http://www.google.com/feedfetcher.html; 1 subscribers; feed-id=5454548576667470243)"
72.14.199.85 - - [16/Jul/2009:04:50:48 +0200] "GET /zampa/ HTTP/1.1" 200 7153 "-" "Feedfetcher-Google; (+http://www.google.com/feedfetcher.html; 1 subscribers; feed-id=5454548576667470243)"
65.55.51.70 - - [16/Jul/2009:05:07:39 +0200] "GET /robots.txt HTTP/1.1" 200 64 "-" "msnbot/2.0b (+http://search.msn.com/msnbot.htm)"
65.55.211.161 - - [16/Jul/2009:05:12:14 +0200] "GET /robots.txt HTTP/1.1" 200 64 "-" "msnbot/1.1 (+http://search.msn.com/msnbot.htm)"
65.55.211.161 - - [16/Jul/2009:05:12:14 +0200] "GET /zampa-lovers/index.html HTTP/1.1" 200 37790 "-" "msnbot/1.1 (+http://search.msn.com/msnbot.htm)"
65.55.107.183 - - [16/Jul/2009:05:13:04 +0200] "GET /zampa-lovers/index.html HTTP/1.1" 200 37790 "http://www.bing.com/search?q=zampa" "Mozilla/4.0 (compatible; MSIE 6.0; Windows NT 5.1; SLCC1; .NET CLR 1.1.4322; .NET CLR 2.0.50727; .NET CLR 3.0.30729; .NET CLR 3.5.30729; MS-RTC LM 8)"
65.55.107.183 - - [16/Jul/2009:05:13:12 +0200] "GET /zampa-lovers/ZAMPAMA2.MPG HTTP/1.1" 200 63492 "-" "Mozilla/4.0 (compatible; MSIE 6.0; Windows NT 5.1; SLCC1; .NET CLR 1.1.4322; .NET CLR 2.0.50727; .NET CLR 3.0.30729; .NET CLR 3.5.30729; MS-RTC LM 8)"
65.55.107.183 - - [16/Jul/2009:05:13:14 +0200] "GET /zampa-lovers/WASISTMI1.MPG HTTP/1.1" 200 271221 "-" "Mozilla/4.0 (compatible; MSIE 6.0; Windows NT 5.1; SLCC1; .NET CLR 1.1.4322; .NET CLR 2.0.50727; .NET CLR 3.0.30729; .NET CLR 3.5.30729; MS-RTC LM 8)"
65.55.107.183 - - [16/Jul/2009:05:13:14 +0200] "GET /zampa-lovers/ZAMPAMAS.MPG HTTP/1.1" 200 520196 "-" "Mozilla/4.0 (compatible; MSIE 6.0; Windows NT 5.1; SLCC1; .NET CLR 1.1.4322; .NET CLR 2.0.50727; .NET CLR 3.0.30729; .NET CLR 3.5.30729; MS-RTC LM 8)"
65.55.211.169 - - [16/Jul/2009:05:18:54 +0200] "GET /robots.txt HTTP/1.1" 200 64 "-" "msnbot/1.1 (+http://search.msn.com/msnbot.htm)"
65.55.211.169 - - [16/Jul/2009:05:18:54 +0200] "GET /rss/ve-rss.php HTTP/1.1" 200 13785 "-" "msnbot/1.1 (+http://search.msn.com/msnbot.htm)"
72.30.79.60 - - [16/Jul/2009:05:29:23 +0200] "GET /f-search.html HTTP/1.0" 200 11800 "-" "Mozilla/5.0 (compatible; Yahoo! Slurp/3.0; http://help.yahoo.com/help/us/ysearch/slurp)"
65.55.231.97 - - [16/Jul/2009:06:08:55 +0200] "GET /robots.txt HTTP/1.1" 200 64 "-" "Mozilla/4.0"
65.55.231.97 - - [16/Jul/2009:06:08:55 +0200] "GET /zampa/montenegro/slike/grosse/SEKAg.jpg HTTP/1.1" 200 12031 "-" "Mozilla/4.0"
65.55.231.97 - - [16/Jul/2009:06:08:56 +0200] "GET /zampa/montenegro/SEKAW.html HTTP/1.1" 200 860 "-" "Mozilla/4.0"
77.88.28.248 - - [16/Jul/2009:06:16:23 +0200] "GET /robots.txt HTTP/1.1" 200 64 "-" "Yandex/1.01.001 (compatible; Win16; I)"
216.129.119.49 - - [16/Jul/2009:06:17:16 +0200] "GET /robots.txt HTTP/1.0" 200 64 "-" "Mozilla/5.0 (Twiceler-0.9 http://www.cuil.com/twiceler/robot.html)"
81.52.143.32 - - [16/Jul/2009:06:34:06 +0200] "GET /schubb/schubb-2.html HTTP/1.1" 200 16660 "-" "Mozilla/5.0 (Windows; U; Windows NT 5.1; fr; rv:1.8.1) VoilaBot BETA 1.2 (support.voilabot@orange-ftgroup.com)"
72.30.79.60 - - [16/Jul/2009:07:02:10 +0200] "GET /bmpp/euro_pal_111.html HTTP/1.0" 200 2129 "-" "Mozilla/5.0 (compatible; Yahoo! Slurp/3.0; http://help.yahoo.com/help/us/ysearch/slurp)"
65.55.104.165 - - [16/Jul/2009:07:08:32 +0200] "GET /robots.txt HTTP/1.1" 200 64 "-" "msnbot/1.1 (+http://search.msn.com/msnbot.htm)"
65.55.104.165 - - [16/Jul/2009:07:08:32 +0200] "GET / HTTP/1.1" 200 7869 "-" "msnbot/1.1 (+http://search.msn.com/msnbot.htm)"
65.55.106.138 - - [16/Jul/2009:07:13:22 +0200] "GET /robots.txt HTTP/1.1" 200 64 "-" "msnbot/2.0b (+http://search.msn.com/msnbot.htm)"
65.55.106.164 - - [16/Jul/2009:07:30:08 +0200] "GET /ve-icon-2.ico HTTP/1.1" 304 - "-" "msnbot/2.0b (+http://search.msn.com/msnbot.htm)"
65.55.51.112 - - [16/Jul/2009:07:35:10 +0200] "GET /robots.txt HTTP/1.1" 200 64 "-" "msnbot/2.0b (+http://search.msn.com/msnbot.htm)"
65.55.220.212 - - [16/Jul/2009:07:37:57 +0200] "GET /robots.txt HTTP/1.1" 200 64 "-" "Mozilla/4.0"
