72.30.142.174 - - [05/Jul/2009:06:00:21 +0200] "GET /neon/girlz2.html HTTP/1.0" 200 2937 "http://various-euro.com/framez-girlz-neon.html" "Mozilla/5.0 (compatible; Yahoo! Slurp/3.0; http://help.yahoo.com/help/us/ysearch/slurp)"
72.30.142.174 - - [05/Jul/2009:06:00:22 +0200] "GET /style/various-euro.css HTTP/1.0" 304 - "http://various-euro.com/frame-menu.html" "Mozilla/5.0 (compatible; Yahoo! Slurp/3.0; http://help.yahoo.com/help/us/ysearch/slurp)"
193.252.149.15 - - [05/Jul/2009:06:03:32 +0200] "GET / HTTP/1.1" 200 7869 "-" "Mozilla/5.0 (Windows; U; Windows NT 5.1; fr; rv:1.8.1) VoilaBot BETA 1.2 (support.voilabot@orange-ftgroup.com)"
74.6.18.218 - - [05/Jul/2009:06:05:47 +0200] "GET /zampa/montenegro/dajpare.html HTTP/1.0" 200 2503 "-" "Mozilla/5.0 (compatible; Yahoo! Slurp/3.0; http://help.yahoo.com/help/us/ysearch/slurp)"
64.17.2.164 - - [05/Jul/2009:06:19:49 +0200] "GET /robots.txt HTTP/1.1" 200 64 "-" "MLBot (www.metadatalabs.com/mlbot)"
64.17.2.164 - - [05/Jul/2009:06:19:52 +0200] "GET / HTTP/1.1" 200 7869 "-" "MLBot (www.metadatalabs.com/mlbot)"
65.55.106.204 - - [05/Jul/2009:06:27:17 +0200] "GET /robots.txt HTTP/1.1" 200 64 "-" "msnbot/2.0b (+http://search.msn.com/msnbot.htm)"
65.55.106.204 - - [05/Jul/2009:06:28:00 +0200] "GET / HTTP/1.1" 200 7869 "-" "msnbot/2.0b (+http://search.msn.com/msnbot.htm)"
193.252.149.13 - - [05/Jul/2009:06:30:32 +0200] "GET /neon/biggtani.html HTTP/1.1" 200 1698 "-" "Mozilla/5.0 (Windows; U; Windows NT 5.1; fr; rv:1.8.1) VoilaBot BETA 1.2 (support.voilabot@orange-ftgroup.com)"
193.252.149.13 - - [05/Jul/2009:06:38:11 +0200] "GET /framez.html HTTP/1.1" 200 3959 "-" "Mozilla/5.0 (Windows; U; Windows NT 5.1; fr; rv:1.8.1) VoilaBot BETA 1.2 (support.voilabot@orange-ftgroup.com)"
193.252.149.13 - - [05/Jul/2009:06:38:28 +0200] "GET /frame-inhalt.html HTTP/1.1" 200 7688 "-" "Mozilla/5.0 (Windows; U; Windows NT 5.1; fr; rv:1.8.1) VoilaBot BETA 1.2 (support.voilabot@orange-ftgroup.com)"
193.252.149.13 - - [05/Jul/2009:06:38:28 +0200] "GET /frame-unten.html HTTP/1.1" 200 5308 "-" "Mozilla/5.0 (Windows; U; Windows NT 5.1; fr; rv:1.8.1) VoilaBot BETA 1.2 (support.voilabot@orange-ftgroup.com)"
193.252.149.13 - - [05/Jul/2009:06:38:28 +0200] "GET /frame-menu.html HTTP/1.1" 200 10500 "-" "Mozilla/5.0 (Windows; U; Windows NT 5.1; fr; rv:1.8.1) VoilaBot BETA 1.2 (support.voilabot@orange-ftgroup.com)"
65.55.107.181 - - [05/Jul/2009:06:50:31 +0200] "GET /robots.txt HTTP/1.1" 200 64 "-" "msnbot/2.0b (+http://search.msn.com/msnbot.htm)"
65.55.106.107 - - [05/Jul/2009:07:01:57 +0200] "GET /neon/channel.html HTTP/1.1" 200 1942 "-" "msnbot/2.0b (+http://search.msn.com/msnbot.htm)"
81.52.143.31 - - [05/Jul/2009:07:06:06 +0200] "GET /warez.html HTTP/1.1" 200 9754 "-" "Mozilla/5.0 (Windows; U; Windows NT 5.1; fr; rv:1.8.1) VoilaBot BETA 1.2 (support.voilabot@orange-ftgroup.com)"
194.8.75.214 - - [05/Jul/2009:07:12:53 +0200] "GET /framez-schubb5.html HTTP/1.0" 200 4330 "http://www.various-euro.com/framez-schubb5.html" "Mozilla/4.0 (compatible; MSIE 6.0; Windows 98; Win 9x 4.90)"
65.55.107.179 - - [05/Jul/2009:07:17:57 +0200] "GET /f-contact.html HTTP/1.1" 200 6804 "-" "msnbot/2.0b (+http://search.msn.com/msnbot.htm)"
72.14.199.8 - - [05/Jul/2009:07:36:28 +0200] "GET / HTTP/1.1" 302 353 "-" "Feedfetcher-Google; (+http://www.google.com/feedfetcher.html; 1 subscribers; feed-id=5454548576667470243)"
72.14.199.85 - - [05/Jul/2009:07:36:32 +0200] "GET /zampa/ HTTP/1.1" 200 7153 "-" "Feedfetcher-Google; (+http://www.google.com/feedfetcher.html; 1 subscribers; feed-id=5454548576667470243)"
67.195.115.171 - - [05/Jul/2009:08:52:55 +0200] "GET /robots.txt HTTP/1.0" 200 64 "-" "Mozilla/5.0 (compatible; Yahoo! Slurp; http://help.yahoo.com/help/us/ysearch/slurp)"
67.195.115.171 - - [05/Jul/2009:08:52:55 +0200] "GET /framez-rez.html HTTP/1.0" 200 4323 "-" "Mozilla/5.0 (compatible; Yahoo! Slurp/3.0; http://help.yahoo.com/help/us/ysearch/slurp)"
67.195.115.171 - - [05/Jul/2009:08:52:56 +0200] "GET /frame-menu.html HTTP/1.0" 200 10500 "http://www.various-euro.com/framez-rez.html" "Mozilla/5.0 (compatible; Yahoo! Slurp/3.0; http://help.yahoo.com/help/us/ysearch/slurp)"
67.195.115.171 - - [05/Jul/2009:08:52:56 +0200] "GET /f-rez.html HTTP/1.0" 200 9765 "http://www.various-euro.com/framez-rez.html" "Mozilla/5.0 (compatible; Yahoo! Slurp/3.0; http://help.yahoo.com/help/us/ysearch/slurp)"
67.195.115.171 - - [05/Jul/2009:08:52:56 +0200] "GET /frame-unten.html HTTP/1.0" 200 5308 "http://www.various-euro.com/framez-rez.html" "Mozilla/5.0 (compatible; Yahoo! Slurp/3.0; http://help.yahoo.com/help/us/ysearch/slurp)"
67.195.115.171 - - [05/Jul/2009:08:52:56 +0200] "GET /style/various-euro.css HTTP/1.0" 304 - "http://www.various-euro.com/frame-menu.html" "Mozilla/5.0 (compatible; Yahoo! Slurp/3.0; http://help.yahoo.com/help/us/ysearch/slurp)"
65.55.106.240 - - [05/Jul/2009:08:57:39 +0200] "GET /robots.txt HTTP/1.1" 200 64 "-" "msnbot/2.0b (+http://search.msn.com/msnbot.htm)"
66.235.124.4 - - [05/Jul/2009:09:18:46 +0200] "GET /robots.txt HTTP/1.1" 200 64 "-" "Mozilla/5.0 (compatible; Ask Jeeves/Teoma; +http://about.ask.com/en/docs/about/webmasters.shtml)"
66.235.124.4 - - [05/Jul/2009:09:19:01 +0200] "GET /restate_copy.html HTTP/1.1" 200 97631 "-" "Mozilla/5.0 (compatible; Ask Jeeves/Teoma; +http://about.ask.com/en/docs/about/webmasters.shtml)"
66.235.124.4 - - [05/Jul/2009:09:19:02 +0200] "GET /menueleiste.js HTTP/1.1" 404 2748 "-" "Mozilla/5.0 (compatible; Ask Jeeves/Teoma; +http://about.ask.com/en/docs/about/webmasters.shtml)"
66.235.124.61 - - [05/Jul/2009:09:22:40 +0200] "GET /framez-restate.html HTTP/1.1" 200 4328 "-" "Mozilla/5.0 (compatible; Ask Jeeves/Teoma; +http://about.ask.com/en/docs/about/webmasters.shtml)"
66.235.124.61 - - [05/Jul/2009:09:22:41 +0200] "GET /frame-menu.html HTTP/1.1" 200 10500 "-" "Mozilla/5.0 (compatible; Ask Jeeves/Teoma; +http://about.ask.com/en/docs/about/webmasters.shtml)"
66.235.124.61 - - [05/Jul/2009:09:22:41 +0200] "GET /restate_copy.html HTTP/1.1" 200 97631 "-" "Mozilla/5.0 (compatible; Ask Jeeves/Teoma; +http://about.ask.com/en/docs/about/webmasters.shtml)"
66.235.124.61 - - [05/Jul/2009:09:22:42 +0200] "GET /frame-unten.html HTTP/1.1" 200 5308 "-" "Mozilla/5.0 (compatible; Ask Jeeves/Teoma; +http://about.ask.com/en/docs/about/webmasters.shtml)"
66.235.124.61 - - [05/Jul/2009:09:26:40 +0200] "GET /framez.html HTTP/1.1" 200 3959 "-" "Mozilla/5.0 (compatible; Ask Jeeves/Teoma; +http://about.ask.com/en/docs/about/webmasters.shtml)"
66.235.124.61 - - [05/Jul/2009:09:26:41 +0200] "GET /framez.html HTTP/1.1" 200 3959 "-" "Mozilla/5.0 (compatible; Ask Jeeves/Teoma; +http://about.ask.com/en/docs/about/webmasters.shtml)"
66.235.124.61 - - [05/Jul/2009:09:26:41 +0200] "GET /frame-inhalt.html HTTP/1.1" 200 7688 "-" "Mozilla/5.0 (compatible; Ask Jeeves/Teoma; +http://about.ask.com/en/docs/about/webmasters.shtml)"
67.195.37.177 - - [05/Jul/2009:09:31:26 +0200] "GET /framez-rez.html HTTP/1.0" 200 4323 "-" "Mozilla/5.0 (compatible; Yahoo! Slurp/3.0; http://help.yahoo.com/help/us/ysearch/slurp)"
67.195.37.177 - - [05/Jul/2009:09:31:28 +0200] "GET /f-rez.html HTTP/1.0" 200 9765 "http://www.various-euro.com/framez-rez.html" "Mozilla/5.0 (compatible; Yahoo! Slurp/3.0; http://help.yahoo.com/help/us/ysearch/slurp)"
67.195.37.177 - - [05/Jul/2009:09:31:28 +0200] "GET /frame-unten.html HTTP/1.0" 200 5308 "http://www.various-euro.com/framez-rez.html" "Mozilla/5.0 (compatible; Yahoo! Slurp/3.0; http://help.yahoo.com/help/us/ysearch/slurp)"
67.195.37.177 - - [05/Jul/2009:09:31:28 +0200] "GET /frame-menu.html HTTP/1.0" 200 10500 "http://www.various-euro.com/framez-rez.html" "Mozilla/5.0 (compatible; Yahoo! Slurp/3.0; http://help.yahoo.com/help/us/ysearch/slurp)"
67.195.37.177 - - [05/Jul/2009:09:31:31 +0200] "GET /style/various-euro.css HTTP/1.0" 304 - "http://www.various-euro.com/frame-menu.html" "Mozilla/5.0 (compatible; Yahoo! Slurp/3.0; http://help.yahoo.com/help/us/ysearch/slurp)"
88.131.106.12 - - [05/Jul/2009:09:47:36 +0200] "GET /robots.txt HTTP/1.0" 200 64 "-" "Speedy Spider (http://www.entireweb.com/about/search_tech/speedy_spider/)"
88.131.106.12 - - [05/Jul/2009:09:47:37 +0200] "GET / HTTP/1.0" 200 7869 "-" "Speedy Spider (http://www.entireweb.com/about/search_tech/speedy_spider/)"
220.199.184.27 - - [05/Jul/2009:10:17:13 +0200] "GET /framez-schubb5.html HTTP/1.1" 200 4330 "http://www.various-euro.com/framez-schubb5.html" "Mozilla/0.91 Beta (Windows)"
220.199.184.27 - - [05/Jul/2009:10:17:15 +0200] "GET /frame-menu.html HTTP/1.1" 200 10500 "http://www.various-euro.com/frame-menu.html" "Mozilla/0.91 Beta (Windows)"
220.199.184.27 - - [05/Jul/2009:10:17:18 +0200] "GET /schubb/schubb-5.html HTTP/1.1" 200 72944 "http://www.various-euro.com/schubb/schubb-5.html" "Mozilla/0.91 Beta (Windows)"
220.199.184.27 - - [05/Jul/2009:10:17:23 +0200] "GET /frame-unten.html HTTP/1.1" 200 5308 "http://www.various-euro.com/frame-unten.html" "Mozilla/0.91 Beta (Windows)"
81.52.143.30 - - [05/Jul/2009:10:33:51 +0200] "GET /f-maintitle.html HTTP/1.1" 200 5030 "-" "Mozilla/5.0 (Windows; U; Windows NT 5.1; fr; rv:1.8.1) VoilaBot BETA 1.2 (support.voilabot@orange-ftgroup.com)"
72.14.199.8 - - [05/Jul/2009:10:36:35 +0200] "GET / HTTP/1.1" 302 353 "-" "Feedfetcher-Google; (+http://www.google.com/feedfetcher.html; 1 subscribers; feed-id=5454548576667470243)"
72.14.199.85 - - [05/Jul/2009:10:36:36 +0200] "GET /zampa/ HTTP/1.1" 200 7153 "-" "Feedfetcher-Google; (+http://www.google.com/feedfetcher.html; 1 subscribers; feed-id=5454548576667470243)"
65.55.106.204 - - [05/Jul/2009:10:45:49 +0200] "GET /robots.txt HTTP/1.1" 302 363 "-" "msnbot/2.0b (+http://search.msn.com/msnbot.htm)"
65.55.106.204 - - [05/Jul/2009:10:45:49 +0200] "GET /zampa/robots.txt HTTP/1.1" 404 2748 "-" "msnbot/2.0b (+http://search.msn.com/msnbot.htm)"
78.8.16.202 - - [05/Jul/2009:10:47:14 +0200] "GET / HTTP/1.1" 200 7869 "http://gry-planszowe.c0.pl" "Mozilla/4.0 (compatible; MSIE 5.5; Windows 98)"
38.99.13.116 - - [05/Jul/2009:10:53:42 +0200] "GET /robots.txt HTTP/1.0" 302 363 "-" "Mozilla/5.0 (Twiceler-0.9 http://www.cuil.com/twiceler/robot.html)"
74.6.18.218 - - [05/Jul/2009:11:03:58 +0200] "GET /robots.txt HTTP/1.0" 200 64 "-" "Mozilla/5.0 (compatible; Yahoo! Slurp; http://help.yahoo.com/help/us/ysearch/slurp)"
74.6.18.218 - - [05/Jul/2009:11:03:59 +0200] "GET /schubb/hs~schubb-1.html HTTP/1.0" 200 7568 "-" "Mozilla/5.0 (compatible; Yahoo! Slurp/3.0; http://help.yahoo.com/help/us/ysearch/slurp)"
74.6.18.218 - - [05/Jul/2009:11:17:32 +0200] "GET /f-rez.html HTTP/1.0" 200 9765 "-" "Mozilla/5.0 (compatible; Yahoo! Slurp/3.0; http://help.yahoo.com/help/us/ysearch/slurp)"
66.249.72.227 - - [05/Jul/2009:12:04:53 +0200] "GET /robots.txt HTTP/1.1" 200 64 "-" "Mozilla/5.0 (compatible; Googlebot/2.1; +http://www.google.com/bot.html)"
66.249.72.227 - - [05/Jul/2009:12:04:53 +0200] "GET /logs/usage_200907.html HTTP/1.1" 404 2748 "-" "Mozilla/5.0 (compatible; Googlebot/2.1; +http://www.google.com/bot.html)"
67.195.115.171 - - [05/Jul/2009:12:44:58 +0200] "GET / HTTP/1.0" 200 7869 "-" "Mozilla/5.0 (compatible; Yahoo! Slurp/3.0; http://help.yahoo.com/help/us/ysearch/slurp)"
67.195.115.171 - - [05/Jul/2009:12:45:00 +0200] "GET /style/various-euro.css HTTP/1.0" 304 - "http://www.various-euro.com/" "Mozilla/5.0 (compatible; Yahoo! Slurp/3.0; http://help.yahoo.com/help/us/ysearch/slurp)"
200.31.42.3 - - [05/Jul/2009:13:10:12 +0200] "GET /previews/info.php HTTP/1.1" 404 2748 "http://various-euro.com/previews/info.php" "Mozilla/4.0 (compatible; MSIE 6.0; Windows NT 5.1)"
67.91.182.64 - - [05/Jul/2009:13:10:13 +0200] "GET /previews/info.php HTTP/1.0" 404 2748 "http://various-euro.com/previews/info.php" "Mozilla/4.0 (compatible; MSIE 6.0; Windows NT 5.1)"
216.129.119.49 - - [05/Jul/2009:13:18:14 +0200] "GET /robots.txt HTTP/1.0" 200 64 "-" "Mozilla/5.0 (Twiceler-0.9 http://www.cuil.com/twiceler/robot.html)"
81.52.143.29 - - [05/Jul/2009:13:26:40 +0200] "GET /f-warez.html HTTP/1.1" 200 10953 "-" "Mozilla/5.0 (Windows; U; Windows NT 5.1; fr; rv:1.8.1) VoilaBot BETA 1.2 (support.voilabot@orange-ftgroup.com)"
72.14.199.8 - - [05/Jul/2009:13:36:42 +0200] "GET / HTTP/1.1" 302 353 "-" "Feedfetcher-Google; (+http://www.google.com/feedfetcher.html; 1 subscribers; feed-id=5454548576667470243)"
72.14.199.85 - - [05/Jul/2009:13:36:43 +0200] "GET /zampa/ HTTP/1.1" 200 7153 "-" "Feedfetcher-Google; (+http://www.google.com/feedfetcher.html; 1 subscribers; feed-id=5454548576667470243)"
208.80.195.34 - - [05/Jul/2009:13:53:18 +0200] "GET / HTTP/1.0" 200 7869 "-" "Mozilla/4.0 (compatible; MSIE 7.0; Windows NT 5.1; FunWebProducts; Comcast Install 1.0; .NET CLR 1.1.4322; SpamBlockerUtility 4.7.7)"
208.80.195.34 - - [05/Jul/2009:13:53:18 +0200] "GET / HTTP/1.0" 200 7869 "-" "Mozilla/4.0 (compatible; MSIE 7.0; Windows NT 5.1; .NET CLR 1.0.3705; Tablet PC 1.7; .NET CLR 1.1.4322; .NET CLR 2.0.50727; InfoPath.1; MS-RTC LM 8; .NET CLR 3.0.04506.30)"
79.175.84.132 - - [05/Jul/2009:14:27:24 +0200] "GET /framez-zampa-lovers.html HTTP/1.1" 200 4322 "http://www.google.com/search?hl=en&client=qsb-win&rlz=1R3GFRC_enRS322RS322&ei=4JtQSpWzGaDCmgOI8oygBQ&sa=X&oi=spell&resnum=1&ct=result&cd=1&q=jirina+bartunkova+imunolog+koji+radi+u+becu&spell=1" "Mozilla/5.0 (Windows; U; Windows NT 5.1; en-US; rv:1.9.0.11) Gecko/2009060215 Firefox/3.0.11 SV1 Mailinfo [581296] GTB6"
79.175.84.132 - - [05/Jul/2009:14:27:24 +0200] "GET /ve-icon-2.ico HTTP/1.1" 200 2238 "-" "Mozilla/5.0 (Windows; U; Windows NT 5.1; en-US; rv:1.9.0.11) Gecko/2009060215 Firefox/3.0.11 SV1 Mailinfo [581296] GTB6"
79.175.84.132 - - [05/Jul/2009:14:27:24 +0200] "GET /frame-menu.html HTTP/1.1" 200 10500 "http://www.various-euro.com/framez-zampa-lovers.html" "Mozilla/5.0 (Windows; U; Windows NT 5.1; en-US; rv:1.9.0.11) Gecko/2009060215 Firefox/3.0.11 SV1 Mailinfo [581296] GTB6"
79.175.84.132 - - [05/Jul/2009:14:27:24 +0200] "GET /frame-unten.html HTTP/1.1" 200 5308 "http://www.various-euro.com/framez-zampa-lovers.html" "Mozilla/5.0 (Windows; U; Windows NT 5.1; en-US; rv:1.9.0.11) Gecko/2009060215 Firefox/3.0.11 SV1 Mailinfo [581296] GTB6"
79.175.84.132 - - [05/Jul/2009:14:27:25 +0200] "GET /style/various-euro.css HTTP/1.1" 200 3437 "http://www.various-euro.com/frame-menu.html" "Mozilla/5.0 (Windows; U; Windows NT 5.1; en-US; rv:1.9.0.11) Gecko/2009060215 Firefox/3.0.11 SV1 Mailinfo [581296] GTB6"
79.175.84.132 - - [05/Jul/2009:14:27:24 +0200] "GET /zampa-lovers/index.html HTTP/1.1" 200 37790 "http://www.various-euro.com/framez-zampa-lovers.html" "Mozilla/5.0 (Windows; U; Windows NT 5.1; en-US; rv:1.9.0.11) Gecko/2009060215 Firefox/3.0.11 SV1 Mailinfo [581296] GTB6"
79.175.84.132 - - [05/Jul/2009:14:27:26 +0200] "GET /zampa-lovers/kralle.gif HTTP/1.1" 404 2748 "http://www.various-euro.com/zampa-lovers/index.html" "Mozilla/5.0 (Windows; U; Windows NT 5.1; en-US; rv:1.9.0.11) Gecko/2009060215 Firefox/3.0.11 SV1 Mailinfo [581296] GTB6"
79.175.84.132 - - [05/Jul/2009:14:27:24 +0200] "GET /bannerz/ve.jpg HTTP/1.1" 200 36912 "http://www.various-euro.com/frame-unten.html" "Mozilla/5.0 (Windows; U; Windows NT 5.1; en-US; rv:1.9.0.11) Gecko/2009060215 Firefox/3.0.11 SV1 Mailinfo [581296] GTB6"
79.175.84.132 - - [05/Jul/2009:14:27:26 +0200] "GET /zampa-lovers/DRAGAN_Z.JPG HTTP/1.1" 200 6850 "http://www.various-euro.com/zampa-lovers/index.html" "Mozilla/5.0 (Windows; U; Windows NT 5.1; en-US; rv:1.9.0.11) Gecko/2009060215 Firefox/3.0.11 SV1 Mailinfo [581296] GTB6"
79.175.84.132 - - [05/Jul/2009:14:27:24 +0200] "GET /bannerz/various-euro-girl.jpg HTTP/1.1" 200 91514 "http://www.various-euro.com/frame-unten.html" "Mozilla/5.0 (Windows; U; Windows NT 5.1; en-US; rv:1.9.0.11) Gecko/2009060215 Firefox/3.0.11 SV1 Mailinfo [581296] GTB6"
79.175.84.132 - - [05/Jul/2009:14:27:26 +0200] "GET /zampa-lovers/MILIZA_B.JPG HTTP/1.1" 200 10947 "http://www.various-euro.com/zampa-lovers/index.html" "Mozilla/5.0 (Windows; U; Windows NT 5.1; en-US; rv:1.9.0.11) Gecko/2009060215 Firefox/3.0.11 SV1 Mailinfo [581296] GTB6"
79.175.84.132 - - [05/Jul/2009:14:27:27 +0200] "GET /zampa-lovers/MILIZA_4.JPG HTTP/1.1" 200 9946 "http://www.various-euro.com/zampa-lovers/index.html" "Mozilla/5.0 (Windows; U; Windows NT 5.1; en-US; rv:1.9.0.11) Gecko/2009060215 Firefox/3.0.11 SV1 Mailinfo [581296] GTB6"
79.175.84.132 - - [05/Jul/2009:14:27:26 +0200] "GET /zampa-lovers/MILIZA_3.JPG HTTP/1.1" 200 26924 "http://www.various-euro.com/zampa-lovers/index.html" "Mozilla/5.0 (Windows; U; Windows NT 5.1; en-US; rv:1.9.0.11) Gecko/2009060215 Firefox/3.0.11 SV1 Mailinfo [581296] GTB6"
79.175.84.132 - - [05/Jul/2009:14:27:26 +0200] "GET /zampa-lovers/MILIZA_2.JPG HTTP/1.1" 200 22172 "http://www.various-euro.com/zampa-lovers/index.html" "Mozilla/5.0 (Windows; U; Windows NT 5.1; en-US; rv:1.9.0.11) Gecko/2009060215 Firefox/3.0.11 SV1 Mailinfo [581296] GTB6"
65.55.106.110 - - [05/Jul/2009:14:27:27 +0200] "GET /neon/girlz2.html HTTP/1.1" 200 2937 "-" "msnbot/2.0b (+http://search.msn.com/msnbot.htm)"
79.175.84.132 - - [05/Jul/2009:14:27:27 +0200] "GET /zampa-lovers/DRAGANZA.JPG HTTP/1.1" 200 18560 "http://www.various-euro.com/zampa-lovers/index.html" "Mozilla/5.0 (Windows; U; Windows NT 5.1; en-US; rv:1.9.0.11) Gecko/2009060215 Firefox/3.0.11 SV1 Mailinfo [581296] GTB6"
79.175.84.132 - - [05/Jul/2009:14:27:27 +0200] "GET /zampa-lovers/1SEITEVE.GIF HTTP/1.1" 200 78726 "http://www.various-euro.com/zampa-lovers/index.html" "Mozilla/5.0 (Windows; U; Windows NT 5.1; en-US; rv:1.9.0.11) Gecko/2009060215 Firefox/3.0.11 SV1 Mailinfo [581296] GTB6"
79.175.84.132 - - [05/Jul/2009:14:27:27 +0200] "GET /zampa-lovers/2SEITEVE.GIF HTTP/1.1" 200 83466 "http://www.various-euro.com/zampa-lovers/index.html" "Mozilla/5.0 (Windows; U; Windows NT 5.1; en-US; rv:1.9.0.11) Gecko/2009060215 Firefox/3.0.11 SV1 Mailinfo [581296] GTB6"
79.175.84.132 - - [05/Jul/2009:14:27:33 +0200] "GET /zampa-lovers/Kralle.gif HTTP/1.1" 200 260 "http://www.various-euro.com/zampa-lovers/index.html" "Mozilla/5.0 (Windows; U; Windows NT 5.1; en-US; rv:1.9.0.11) Gecko/2009060215 Firefox/3.0.11 SV1 Mailinfo [581296] GTB6"
79.175.84.132 - - [05/Jul/2009:14:27:32 +0200] "GET /zampa-lovers/ZAMPAMA2.MPG HTTP/1.1" 200 63492 "http://www.various-euro.com/zampa-lovers/index.html" "Mozilla/5.0 (Windows; U; Windows NT 5.1; en-US; rv:1.9.0.11) Gecko/2009060215 Firefox/3.0.11 SV1 Mailinfo [581296] GTB6"
79.175.84.132 - - [05/Jul/2009:14:27:38 +0200] "GET /zampa-lovers/zampa-2X2.gif HTTP/1.1" 200 6948 "http://www.various-euro.com/zampa-lovers/index.html" "Mozilla/5.0 (Windows; U; Windows NT 5.1; en-US; rv:1.9.0.11) Gecko/2009060215 Firefox/3.0.11 SV1 Mailinfo [581296] GTB6"
79.175.84.132 - - [05/Jul/2009:14:27:39 +0200] "GET /zampa-lovers/zampamali.gif HTTP/1.1" 200 2617 "http://www.various-euro.com/zampa-lovers/index.html" "Mozilla/5.0 (Windows; U; Windows NT 5.1; en-US; rv:1.9.0.11) Gecko/2009060215 Firefox/3.0.11 SV1 Mailinfo [581296] GTB6"
79.175.84.132 - - [05/Jul/2009:14:27:33 +0200] "GET /zampa-lovers/WASISTMI1.MPG HTTP/1.1" 200 271221 "http://www.various-euro.com/zampa-lovers/index.html" "Mozilla/5.0 (Windows; U; Windows NT 5.1; en-US; rv:1.9.0.11) Gecko/2009060215 Firefox/3.0.11 SV1 Mailinfo [581296] GTB6"
79.175.84.132 - - [05/Jul/2009:14:27:28 +0200] "GET /zampa-lovers/zampa.gif HTTP/1.1" 200 460627 "http://www.various-euro.com/zampa-lovers/index.html" "Mozilla/5.0 (Windows; U; Windows NT 5.1; en-US; rv:1.9.0.11) Gecko/2009060215 Firefox/3.0.11 SV1 Mailinfo [581296] GTB6"
79.175.84.132 - - [05/Jul/2009:14:27:39 +0200] "GET /zampa-lovers/ZAMPAMAS.MPG HTTP/1.1" 200 520196 "http://www.various-euro.com/zampa-lovers/index.html" "Mozilla/5.0 (Windows; U; Windows NT 5.1; en-US; rv:1.9.0.11) Gecko/2009060215 Firefox/3.0.11 SV1 Mailinfo [581296] GTB6"
66.249.72.227 - - [05/Jul/2009:14:31:34 +0200] "GET / HTTP/1.1" 200 7869 "-" "Mozilla/5.0 (compatible; Googlebot/2.1; +http://www.google.com/bot.html)"
68.103.158.53 - - [05/Jul/2009:14:34:21 +0200] "GET /menueleiste.js HTTP/1.1" 404 2748 "http://www.various-euro.com/restate_copy.html" "Mozilla/4.0 (compatible; MSIE 8.0; Windows NT 5.1; Trident/4.0; GTB5; FunWebProducts; .NET CLR 1.1.4322)"
68.103.158.53 - - [05/Jul/2009:14:34:21 +0200] "GET /bannerz/rebelle.gif HTTP/1.1" 200 6986 "http://www.various-euro.com/restate_copy.html" "Mozilla/4.0 (compatible; MSIE 8.0; Windows NT 5.1; Trident/4.0; GTB5; FunWebProducts; .NET CLR 1.1.4322)"
68.103.158.53 - - [05/Jul/2009:14:34:20 +0200] "GET /restate_copy.html HTTP/1.1" 200 97631 "http://search.mywebsearch.com/mywebsearch/AJweb.jhtml?pg=AJweb&action=click&searchfor=nasty+sex.com&pn=15&si=11001&tpr=&ss=sub&st=bar&ptnrS=ZKxdm021YYUS&ct=PN" "Mozilla/4.0 (compatible; MSIE 8.0; Windows NT 5.1; Trident/4.0; GTB5; FunWebProducts; .NET CLR 1.1.4322)"
68.103.158.53 - - [05/Jul/2009:14:34:22 +0200] "GET /detonators.gif HTTP/1.1" 200 14892 "http://www.various-euro.com/restate_copy.html" "Mozilla/4.0 (compatible; MSIE 8.0; Windows NT 5.1; Trident/4.0; GTB5; FunWebProducts; .NET CLR 1.1.4322)"
68.103.158.53 - - [05/Jul/2009:14:34:22 +0200] "GET /favicon.ico HTTP/1.1" 404 2748 "-" "Mozilla/4.0 (compatible; MSIE 8.0; Windows NT 5.1; Trident/4.0; GTB5; FunWebProducts; .NET CLR 1.1.4322)"
68.103.158.53 - - [05/Jul/2009:14:34:22 +0200] "GET /framez-restate.html HTTP/1.1" 200 4328 "-" "Mozilla/4.0 (compatible; MSIE 8.0; Windows NT 5.1; Trident/4.0; GTB5; FunWebProducts; .NET CLR 1.1.4322)"
68.103.158.53 - - [05/Jul/2009:14:34:22 +0200] "GET /frame-menu.html HTTP/1.1" 200 10500 "http://www.various-euro.com/framez-restate.html" "Mozilla/4.0 (compatible; MSIE 8.0; Windows NT 5.1; Trident/4.0; GTB5; FunWebProducts; .NET CLR 1.1.4322)"
68.103.158.53 - - [05/Jul/2009:14:34:23 +0200] "GET /style/various-euro.css HTTP/1.1" 200 3437 "http://www.various-euro.com/frame-menu.html" "Mozilla/4.0 (compatible; MSIE 8.0; Windows NT 5.1; Trident/4.0; GTB5; FunWebProducts; .NET CLR 1.1.4322)"
68.103.158.53 - - [05/Jul/2009:14:34:23 +0200] "GET /frame-unten.html HTTP/1.1" 200 5308 "http://www.various-euro.com/framez-restate.html" "Mozilla/4.0 (compatible; MSIE 8.0; Windows NT 5.1; Trident/4.0; GTB5; FunWebProducts; .NET CLR 1.1.4322)"
68.103.158.53 - - [05/Jul/2009:14:34:23 +0200] "GET /menueleiste.js HTTP/1.1" 404 2748 "http://www.various-euro.com/restate_copy.html" "Mozilla/4.0 (compatible; MSIE 8.0; Windows NT 5.1; Trident/4.0; GTB5; FunWebProducts; .NET CLR 1.1.4322)"
68.103.158.53 - - [05/Jul/2009:14:34:23 +0200] "GET /bannerz/various-euro-girl.jpg HTTP/1.1" 200 91514 "http://www.various-euro.com/frame-unten.html" "Mozilla/4.0 (compatible; MSIE 8.0; Windows NT 5.1; Trident/4.0; GTB5; FunWebProducts; .NET CLR 1.1.4322)"
68.103.158.53 - - [05/Jul/2009:14:34:23 +0200] "GET /restate_copy.html HTTP/1.1" 200 97631 "http://www.various-euro.com/framez-restate.html" "Mozilla/4.0 (compatible; MSIE 8.0; Windows NT 5.1; Trident/4.0; GTB5; FunWebProducts; .NET CLR 1.1.4322)"
68.103.158.53 - - [05/Jul/2009:14:34:23 +0200] "GET /bannerz/ve.jpg HTTP/1.1" 200 36912 "http://www.various-euro.com/frame-unten.html" "Mozilla/4.0 (compatible; MSIE 8.0; Windows NT 5.1; Trident/4.0; GTB5; FunWebProducts; .NET CLR 1.1.4322)"
68.103.158.53 - - [05/Jul/2009:14:34:25 +0200] "GET /ve-icon-2.ico HTTP/1.1" 200 2238 "-" "Mozilla/4.0 (compatible; MSIE 8.0; Windows NT 5.1; Trident/4.0; GTB5; FunWebProducts; .NET CLR 1.1.4322)"
68.103.158.53 - - [05/Jul/2009:14:34:31 +0200] "GET /menueleiste.js HTTP/1.1" 404 2748 "http://www.various-euro.com/restate_copy.html" "Mozilla/4.0 (compatible; MSIE 8.0; Windows NT 5.1; Trident/4.0; GTB5; FunWebProducts; .NET CLR 1.1.4322)"
68.103.158.53 - - [05/Jul/2009:14:34:31 +0200] "GET /favicon.ico HTTP/1.1" 404 2748 "-" "Mozilla/4.0 (compatible; MSIE 8.0; Windows NT 5.1; Trident/4.0; GTB5; FunWebProducts; .NET CLR 1.1.4322)"
68.103.158.53 - - [05/Jul/2009:14:34:31 +0200] "GET /framez-restate.html HTTP/1.1" 200 4328 "-" "Mozilla/4.0 (compatible; MSIE 8.0; Windows NT 5.1; Trident/4.0; GTB5; FunWebProducts; .NET CLR 1.1.4322)"
68.103.158.53 - - [05/Jul/2009:14:34:31 +0200] "GET /frame-menu.html HTTP/1.1" 200 10500 "http://www.various-euro.com/framez-restate.html" "Mozilla/4.0 (compatible; MSIE 8.0; Windows NT 5.1; Trident/4.0; GTB5; FunWebProducts; .NET CLR 1.1.4322)"
68.103.158.53 - - [05/Jul/2009:14:34:32 +0200] "GET /menueleiste.js HTTP/1.1" 404 2748 "http://www.various-euro.com/restate_copy.html" "Mozilla/4.0 (compatible; MSIE 8.0; Windows NT 5.1; Trident/4.0; GTB5; FunWebProducts; .NET CLR 1.1.4322)"
68.103.158.53 - - [05/Jul/2009:14:34:32 +0200] "GET /frame-unten.html HTTP/1.1" 200 5308 "http://www.various-euro.com/framez-restate.html" "Mozilla/4.0 (compatible; MSIE 8.0; Windows NT 5.1; Trident/4.0; GTB5; FunWebProducts; .NET CLR 1.1.4322)"
68.103.158.53 - - [05/Jul/2009:14:34:35 +0200] "GET /menueleiste.js HTTP/1.1" 404 2748 "http://www.various-euro.com/restate_copy.html" "Mozilla/4.0 (compatible; MSIE 8.0; Windows NT 5.1; Trident/4.0; GTB5; FunWebProducts; .NET CLR 1.1.4322)"
68.103.158.53 - - [05/Jul/2009:14:34:35 +0200] "GET /framez-restate.html HTTP/1.1" 200 4328 "-" "Mozilla/4.0 (compatible; MSIE 8.0; Windows NT 5.1; Trident/4.0; GTB5; FunWebProducts; .NET CLR 1.1.4322)"
68.103.158.53 - - [05/Jul/2009:14:34:36 +0200] "GET /frame-menu.html HTTP/1.1" 200 10500 "http://www.various-euro.com/framez-restate.html" "Mozilla/4.0 (compatible; MSIE 8.0; Windows NT 5.1; Trident/4.0; GTB5; FunWebProducts; .NET CLR 1.1.4322)"
68.103.158.53 - - [05/Jul/2009:14:34:36 +0200] "GET /frame-unten.html HTTP/1.1" 200 5308 "http://www.various-euro.com/framez-restate.html" "Mozilla/4.0 (compatible; MSIE 8.0; Windows NT 5.1; Trident/4.0; GTB5; FunWebProducts; .NET CLR 1.1.4322)"
68.103.158.53 - - [05/Jul/2009:14:34:36 +0200] "GET /menueleiste.js HTTP/1.1" 404 2748 "http://www.various-euro.com/restate_copy.html" "Mozilla/4.0 (compatible; MSIE 8.0; Windows NT 5.1; Trident/4.0; GTB5; FunWebProducts; .NET CLR 1.1.4322)"
68.103.158.53 - - [05/Jul/2009:14:34:38 +0200] "GET /menueleiste.js HTTP/1.1" 404 2748 "http://www.various-euro.com/restate_copy.html" "Mozilla/4.0 (compatible; MSIE 8.0; Windows NT 5.1; Trident/4.0; GTB5; FunWebProducts; .NET CLR 1.1.4322)"
68.103.158.53 - - [05/Jul/2009:14:34:39 +0200] "GET /framez-restate.html HTTP/1.1" 200 4328 "-" "Mozilla/4.0 (compatible; MSIE 8.0; Windows NT 5.1; Trident/4.0; GTB5; FunWebProducts; .NET CLR 1.1.4322)"
68.103.158.53 - - [05/Jul/2009:14:34:39 +0200] "GET /frame-menu.html HTTP/1.1" 200 10500 "http://www.various-euro.com/framez-restate.html" "Mozilla/4.0 (compatible; MSIE 8.0; Windows NT 5.1; Trident/4.0; GTB5; FunWebProducts; .NET CLR 1.1.4322)"
68.103.158.53 - - [05/Jul/2009:14:34:39 +0200] "GET /frame-unten.html HTTP/1.1" 200 5308 "http://www.various-euro.com/framez-restate.html" "Mozilla/4.0 (compatible; MSIE 8.0; Windows NT 5.1; Trident/4.0; GTB5; FunWebProducts; .NET CLR 1.1.4322)"
68.103.158.53 - - [05/Jul/2009:14:34:40 +0200] "GET /menueleiste.js HTTP/1.1" 404 2748 "http://www.various-euro.com/restate_copy.html" "Mozilla/4.0 (compatible; MSIE 8.0; Windows NT 5.1; Trident/4.0; GTB5; FunWebProducts; .NET CLR 1.1.4322)"
68.103.158.53 - - [05/Jul/2009:14:34:39 +0200] "GET /restate_copy.html HTTP/1.1" 200 97631 "http://www.various-euro.com/framez-restate.html" "Mozilla/4.0 (compatible; MSIE 8.0; Windows NT 5.1; Trident/4.0; GTB5; FunWebProducts; .NET CLR 1.1.4322)"
65.55.106.162 - - [05/Jul/2009:14:36:24 +0200] "GET /robots.txt HTTP/1.1" 302 363 "-" "msnbot/2.0b (+http://search.msn.com/msnbot.htm)"
65.55.106.162 - - [05/Jul/2009:14:36:25 +0200] "GET /zampa/robots.txt HTTP/1.1" 404 2748 "-" "msnbot/2.0b (+http://search.msn.com/msnbot.htm)"
38.99.44.105 - - [05/Jul/2009:15:10:59 +0200] "GET /robots.txt HTTP/1.0" 200 64 "-" "Mozilla/5.0 (Twiceler-0.9 http://www.cuil.com/twiceler/robot.html)"
74.6.18.218 - - [05/Jul/2009:15:22:49 +0200] "GET /schubb/schubb-1.html HTTP/1.0" 200 9070 "-" "Mozilla/5.0 (compatible; Yahoo! Slurp/3.0; http://help.yahoo.com/help/us/ysearch/slurp)"
74.6.18.218 - - [05/Jul/2009:15:28:50 +0200] "GET /f-euro.html HTTP/1.0" 200 12203 "-" "Mozilla/5.0 (compatible; Yahoo! Slurp/3.0; http://help.yahoo.com/help/us/ysearch/slurp)"
65.55.106.121 - - [05/Jul/2009:15:29:00 +0200] "GET /robots.txt HTTP/1.1" 200 64 "-" "msnbot/2.0b (+http://search.msn.com/msnbot.htm)"
74.6.18.218 - - [05/Jul/2009:15:35:13 +0200] "GET /neon/warning2..html HTTP/1.0" 200 456 "-" "Mozilla/5.0 (compatible; Yahoo! Slurp/3.0; http://help.yahoo.com/help/us/ysearch/slurp)"
74.6.18.218 - - [05/Jul/2009:15:45:22 +0200] "GET /schubb/schubb-2.html HTTP/1.0" 200 16660 "-" "Mozilla/5.0 (compatible; Yahoo! Slurp/3.0; http://help.yahoo.com/help/us/ysearch/slurp)"
65.55.106.212 - - [05/Jul/2009:16:15:28 +0200] "GET /robots.txt HTTP/1.1" 302 363 "-" "msnbot/2.0b (+http://search.msn.com/msnbot.htm)"
65.55.106.212 - - [05/Jul/2009:16:15:29 +0200] "GET /zampa/robots.txt HTTP/1.1" 404 2748 "-" "msnbot/2.0b (+http://search.msn.com/msnbot.htm)"
72.14.199.8 - - [05/Jul/2009:16:37:02 +0200] "GET / HTTP/1.1" 302 353 "-" "Feedfetcher-Google; (+http://www.google.com/feedfetcher.html; 1 subscribers; feed-id=5454548576667470243)"
72.14.199.85 - - [05/Jul/2009:16:37:03 +0200] "GET /zampa/ HTTP/1.1" 200 7153 "-" "Feedfetcher-Google; (+http://www.google.com/feedfetcher.html; 1 subscribers; feed-id=5454548576667470243)"
65.55.106.185 - - [05/Jul/2009:16:51:57 +0200] "GET /f-zeug.html HTTP/1.1" 200 59462 "-" "msnbot/2.0b (+http://search.msn.com/msnbot.htm)"
74.6.18.218 - - [05/Jul/2009:17:02:52 +0200] "GET / HTTP/1.0" 200 7869 "-" "Mozilla/5.0 (compatible; Yahoo! Slurp/3.0; http://help.yahoo.com/help/us/ysearch/slurp)"
74.6.18.218 - - [05/Jul/2009:17:02:53 +0200] "GET /style/various-euro.css HTTP/1.0" 200 3437 "http://www.various-euro.com/" "Mozilla/5.0 (compatible; Yahoo! Slurp/3.0; http://help.yahoo.com/help/us/ysearch/slurp)"
65.55.106.108 - - [05/Jul/2009:17:07:36 +0200] "GET /robots.txt HTTP/1.1" 200 64 "-" "msnbot/2.0b (+http://search.msn.com/msnbot.htm)"
74.6.18.218 - - [05/Jul/2009:17:08:59 +0200] "GET /logs/usage_200512.html HTTP/1.0" 404 2748 "-" "Mozilla/5.0 (compatible; Yahoo! Slurp/3.0; http://help.yahoo.com/help/us/ysearch/slurp)"
72.30.142.174 - - [05/Jul/2009:17:16:48 +0200] "GET /robots.txt HTTP/1.0" 200 64 "-" "Mozilla/5.0 (compatible; Yahoo! Slurp; http://help.yahoo.com/help/us/ysearch/slurp)"
72.30.142.174 - - [05/Jul/2009:17:16:48 +0200] "GET / HTTP/1.0" 200 7869 "-" "Mozilla/5.0 (compatible; Yahoo! Slurp/3.0; http://help.yahoo.com/help/us/ysearch/slurp)"
72.30.142.174 - - [05/Jul/2009:17:17:24 +0200] "GET /style/various-euro.css HTTP/1.0" 304 - "http://various-euro.com/" "Mozilla/5.0 (compatible; Yahoo! Slurp/3.0; http://help.yahoo.com/help/us/ysearch/slurp)"
74.6.18.218 - - [05/Jul/2009:17:51:12 +0200] "GET /f-euro.html HTTP/1.0" 200 12203 "-" "Mozilla/5.0 (compatible; Yahoo! Slurp/3.0; http://help.yahoo.com/help/us/ysearch/slurp)"
194.8.75.214 - - [05/Jul/2009:18:35:08 +0200] "GET /framez-schubb5.html HTTP/1.0" 200 4330 "http://www.various-euro.com/framez-schubb5.html" "Mozilla/4.0 (compatible; MSIE 6.0; Windows 98; Win 9x 4.90)"
65.55.106.140 - - [05/Jul/2009:18:40:03 +0200] "GET /robots.txt HTTP/1.1" 200 64 "-" "msnbot/2.0b (+http://search.msn.com/msnbot.htm)"
74.6.18.218 - - [05/Jul/2009:18:55:35 +0200] "GET /robots.txt HTTP/1.0" 200 64 "-" "Mozilla/5.0 (compatible; Yahoo! Slurp; http://help.yahoo.com/help/us/ysearch/slurp)"
74.6.18.218 - - [05/Jul/2009:18:55:36 +0200] "GET /neon/biggtani.html HTTP/1.0" 200 1698 "-" "Mozilla/5.0 (compatible; Yahoo! Slurp/3.0; http://help.yahoo.com/help/us/ysearch/slurp)"
193.47.80.51 - - [05/Jul/2009:19:23:14 +0200] "GET /robots.txt HTTP/1.1" 302 363 "-" "Mozilla/5.0 (compatible; Exabot/3.0; +http://www.exabot.com/go/robot)"
193.47.80.51 - - [05/Jul/2009:19:23:14 +0200] "GET /zampa/robots.txt HTTP/1.1" 404 2748 "-" "Mozilla/5.0 (compatible; Exabot/3.0; +http://www.exabot.com/go/robot)"
193.47.80.51 - - [05/Jul/2009:19:23:15 +0200] "GET / HTTP/1.1" 302 353 "-" "Mozilla/5.0 (compatible; Exabot/3.0; +http://www.exabot.com/go/robot)"
65.55.211.169 - - [05/Jul/2009:19:28:39 +0200] "GET /robots.txt HTTP/1.1" 200 64 "-" "msnbot/1.1 (+http://search.msn.com/msnbot.htm)"
65.55.211.169 - - [05/Jul/2009:19:28:39 +0200] "GET /rss/ve-rss.php HTTP/1.1" 200 13260 "-" "msnbot/1.1 (+http://search.msn.com/msnbot.htm)"
72.14.199.8 - - [05/Jul/2009:19:37:07 +0200] "GET / HTTP/1.1" 302 353 "-" "Feedfetcher-Google; (+http://www.google.com/feedfetcher.html; 1 subscribers; feed-id=5454548576667470243)"
72.14.199.85 - - [05/Jul/2009:19:37:09 +0200] "GET /zampa/ HTTP/1.1" 200 7153 "-" "Feedfetcher-Google; (+http://www.google.com/feedfetcher.html; 1 subscribers; feed-id=5454548576667470243)"
67.195.37.177 - - [05/Jul/2009:19:53:40 +0200] "GET /robots.txt HTTP/1.0" 200 64 "-" "Mozilla/5.0 (compatible; Yahoo! Slurp; http://help.yahoo.com/help/us/ysearch/slurp)"
67.195.37.177 - - [05/Jul/2009:19:53:41 +0200] "GET /restate_copy.html HTTP/1.0" 200 97631 "-" "Mozilla/5.0 (compatible; Yahoo! Slurp/3.0; http://help.yahoo.com/help/us/ysearch/slurp)"
67.195.37.177 - - [05/Jul/2009:20:07:53 +0200] "GET /f-search.html HTTP/1.0" 200 11800 "-" "Mozilla/5.0 (compatible; Yahoo! Slurp/3.0; http://help.yahoo.com/help/us/ysearch/slurp)"
72.30.142.174 - - [05/Jul/2009:20:20:52 +0200] "GET / HTTP/1.0" 200 7869 "-" "Mozilla/5.0 (compatible; Yahoo! Slurp/3.0; http://help.yahoo.com/help/us/ysearch/slurp)"
72.30.142.174 - - [05/Jul/2009:20:20:54 +0200] "GET /style/various-euro.css HTTP/1.0" 304 - "http://various-euro.com/" "Mozilla/5.0 (compatible; Yahoo! Slurp/3.0; http://help.yahoo.com/help/us/ysearch/slurp)"
67.195.37.177 - - [05/Jul/2009:20:22:29 +0200] "GET /f-bannnerz.html HTTP/1.0" 200 12651 "-" "Mozilla/5.0 (compatible; Yahoo! Slurp/3.0; http://help.yahoo.com/help/us/ysearch/slurp)"
74.6.18.218 - - [05/Jul/2009:20:26:09 +0200] "GET / HTTP/1.0" 200 7869 "-" "Mozilla/5.0 (compatible; Yahoo! Slurp/3.0; http://help.yahoo.com/help/us/ysearch/slurp)"
74.6.18.218 - - [05/Jul/2009:20:26:12 +0200] "GET /style/various-euro.css HTTP/1.0" 200 3437 "http://www.various-euro.com/" "Mozilla/5.0 (compatible; Yahoo! Slurp/3.0; http://help.yahoo.com/help/us/ysearch/slurp)"
67.195.37.99 - - [05/Jul/2009:20:26:49 +0200] "GET /robots.txt HTTP/1.0" 302 363 "-" "Mozilla/5.0 (compatible; Yahoo! Slurp; http://help.yahoo.com/help/us/ysearch/slurp)"
67.195.37.99 - - [05/Jul/2009:20:26:50 +0200] "GET /zampa/robots.txt HTTP/1.0" 404 2748 "-" "Mozilla/5.0 (compatible; Yahoo! Slurp; http://help.yahoo.com/help/us/ysearch/slurp)"
67.195.37.99 - - [05/Jul/2009:20:26:50 +0200] "GET / HTTP/1.0" 302 353 "-" "Mozilla/5.0 (compatible; Yahoo! Slurp/3.0; http://help.yahoo.com/help/us/ysearch/slurp)"
67.195.37.177 - - [05/Jul/2009:20:26:51 +0200] "GET /zampa/ HTTP/1.0" 200 7153 "-" "Mozilla/5.0 (compatible; Yahoo! Slurp/3.0; http://help.yahoo.com/help/us/ysearch/slurp)"
65.55.106.109 - - [05/Jul/2009:21:00:18 +0200] "GET /robots.txt HTTP/1.1" 302 363 "-" "msnbot/2.0b (+http://search.msn.com/msnbot.htm)"
65.55.106.109 - - [05/Jul/2009:21:00:19 +0200] "GET /zampa/robots.txt HTTP/1.1" 404 2748 "-" "msnbot/2.0b (+http://search.msn.com/msnbot.htm)"
72.232.173.194 - - [05/Jul/2009:21:05:23 +0200] "GET /framez-zampa-lovers.html HTTP/1.0" 200 4322 "-" "Mozilla/4.0 (compatible; MSIE 6.0; Windows NT 5.1)"
72.232.173.194 - - [05/Jul/2009:21:05:26 +0200] "GET /zampa-lovers/index.html HTTP/1.0" 200 37790 "-" "Mozilla/4.0 (compatible; MSIE 6.0; Windows NT 5.1)"
67.195.37.177 - - [05/Jul/2009:21:36:19 +0200] "GET /f-sponsor.html HTTP/1.0" 200 8578 "-" "Mozilla/5.0 (compatible; Yahoo! Slurp/3.0; http://help.yahoo.com/help/us/ysearch/slurp)"
98.64.15.139 - - [05/Jul/2009:21:42:46 +0200] "GET / HTTP/1.1" 200 7869 "http://www.google.com/search?hl=en&q=euro.com.my&aq=0&oq=euro.com&aqi=g7" "Mozilla/4.0 (compatible; MSIE 8.0; Windows NT 6.0; Trident/4.0; SLCC1; .NET CLR 2.0.50727; Media Center PC 5.0; .NET CLR 1.1.4322; .NET CLR 3.5.30729; .NET CLR 3.0.30729; OfficeLiveConnector.1.4; OfficeLivePatch.1.3)"
98.64.15.139 - - [05/Jul/2009:21:42:47 +0200] "GET /style/various-euro.css HTTP/1.1" 200 3437 "http://www.various-euro.com/" "Mozilla/4.0 (compatible; MSIE 8.0; Windows NT 6.0; Trident/4.0; SLCC1; .NET CLR 2.0.50727; Media Center PC 5.0; .NET CLR 1.1.4322; .NET CLR 3.5.30729; .NET CLR 3.0.30729; OfficeLiveConnector.1.4; OfficeLivePatch.1.3)"
98.64.15.139 - - [05/Jul/2009:21:42:47 +0200] "GET /framez_0.html HTTP/1.1" 200 12285 "-" "Mozilla/4.0 (compatible; MSIE 8.0; Windows NT 6.0; Trident/4.0; SLCC1; .NET CLR 2.0.50727; Media Center PC 5.0; .NET CLR 1.1.4322; .NET CLR 3.5.30729; .NET CLR 3.0.30729; OfficeLiveConnector.1.4; OfficeLivePatch.1.3)"
98.64.15.139 - - [05/Jul/2009:21:42:49 +0200] "GET /ve-icon-2.ico HTTP/1.1" 200 2238 "-" "Mozilla/4.0 (compatible; MSIE 8.0; Windows NT 6.0; Trident/4.0; SLCC1; .NET CLR 2.0.50727; Media Center PC 5.0; .NET CLR 1.1.4322; .NET CLR 3.5.30729; .NET CLR 3.0.30729; OfficeLiveConnector.1.4; OfficeLivePatch.1.3)"
98.64.15.139 - - [05/Jul/2009:21:42:53 +0200] "GET /framez.html HTTP/1.1" 200 3959 "-" "Mozilla/4.0 (compatible; MSIE 8.0; Windows NT 6.0; Trident/4.0; SLCC1; .NET CLR 2.0.50727; Media Center PC 5.0; .NET CLR 1.1.4322; .NET CLR 3.5.30729; .NET CLR 3.0.30729; OfficeLiveConnector.1.4; OfficeLivePatch.1.3)"
98.64.15.139 - - [05/Jul/2009:21:42:54 +0200] "GET /frame-menu.html HTTP/1.1" 200 10500 "http://www.various-euro.com/framez.html" "Mozilla/4.0 (compatible; MSIE 8.0; Windows NT 6.0; Trident/4.0; SLCC1; .NET CLR 2.0.50727; Media Center PC 5.0; .NET CLR 1.1.4322; .NET CLR 3.5.30729; .NET CLR 3.0.30729; OfficeLiveConnector.1.4; OfficeLivePatch.1.3)"
98.64.15.139 - - [05/Jul/2009:21:42:54 +0200] "GET /frame-inhalt.html HTTP/1.1" 200 7688 "http://www.various-euro.com/framez.html" "Mozilla/4.0 (compatible; MSIE 8.0; Windows NT 6.0; Trident/4.0; SLCC1; .NET CLR 2.0.50727; Media Center PC 5.0; .NET CLR 1.1.4322; .NET CLR 3.5.30729; .NET CLR 3.0.30729; OfficeLiveConnector.1.4; OfficeLivePatch.1.3)"
98.64.15.139 - - [05/Jul/2009:21:42:54 +0200] "GET /frame-unten.html HTTP/1.1" 200 5308 "http://www.various-euro.com/framez.html" "Mozilla/4.0 (compatible; MSIE 8.0; Windows NT 6.0; Trident/4.0; SLCC1; .NET CLR 2.0.50727; Media Center PC 5.0; .NET CLR 1.1.4322; .NET CLR 3.5.30729; .NET CLR 3.0.30729; OfficeLiveConnector.1.4; OfficeLivePatch.1.3)"
98.64.15.139 - - [05/Jul/2009:21:42:54 +0200] "GET /bannerz/neon_click_3.gif HTTP/1.1" 200 240 "http://www.various-euro.com/frame-inhalt.html" "Mozilla/4.0 (compatible; MSIE 8.0; Windows NT 6.0; Trident/4.0; SLCC1; .NET CLR 2.0.50727; Media Center PC 5.0; .NET CLR 1.1.4322; .NET CLR 3.5.30729; .NET CLR 3.0.30729; OfficeLiveConnector.1.4; OfficeLivePatch.1.3)"
98.64.15.139 - - [05/Jul/2009:21:42:55 +0200] "GET /eurosign3.gif HTTP/1.1" 200 7879 "http://www.various-euro.com/frame-inhalt.html" "Mozilla/4.0 (compatible; MSIE 8.0; Windows NT 6.0; Trident/4.0; SLCC1; .NET CLR 2.0.50727; Media Center PC 5.0; .NET CLR 1.1.4322; .NET CLR 3.5.30729; .NET CLR 3.0.30729; OfficeLiveConnector.1.4; OfficeLivePatch.1.3)"
98.64.15.139 - - [05/Jul/2009:21:42:55 +0200] "GET /bannerz/anti_black_small.gif HTTP/1.1" 200 1009 "http://www.various-euro.com/frame-inhalt.html" "Mozilla/4.0 (compatible; MSIE 8.0; Windows NT 6.0; Trident/4.0; SLCC1; .NET CLR 2.0.50727; Media Center PC 5.0; .NET CLR 1.1.4322; .NET CLR 3.5.30729; .NET CLR 3.0.30729; OfficeLiveConnector.1.4; OfficeLivePatch.1.3)"
98.64.15.139 - - [05/Jul/2009:21:42:55 +0200] "GET /bannerz/copyleft_black_small.gif HTTP/1.1" 200 1231 "http://www.various-euro.com/frame-inhalt.html" "Mozilla/4.0 (compatible; MSIE 8.0; Windows NT 6.0; Trident/4.0; SLCC1; .NET CLR 2.0.50727; Media Center PC 5.0; .NET CLR 1.1.4322; .NET CLR 3.5.30729; .NET CLR 3.0.30729; OfficeLiveConnector.1.4; OfficeLivePatch.1.3)"
98.64.15.139 - - [05/Jul/2009:21:42:55 +0200] "GET /bannerz/neon_click_1.gif HTTP/1.1" 200 890 "http://www.various-euro.com/frame-inhalt.html" "Mozilla/4.0 (compatible; MSIE 8.0; Windows NT 6.0; Trident/4.0; SLCC1; .NET CLR 2.0.50727; Media Center PC 5.0; .NET CLR 1.1.4322; .NET CLR 3.5.30729; .NET CLR 3.0.30729; OfficeLiveConnector.1.4; OfficeLivePatch.1.3)"
98.64.15.139 - - [05/Jul/2009:21:42:55 +0200] "GET /bannerz/douwil.gif HTTP/1.1" 200 528 "http://www.various-euro.com/frame-inhalt.html" "Mozilla/4.0 (compatible; MSIE 8.0; Windows NT 6.0; Trident/4.0; SLCC1; .NET CLR 2.0.50727; Media Center PC 5.0; .NET CLR 1.1.4322; .NET CLR 3.5.30729; .NET CLR 3.0.30729; OfficeLiveConnector.1.4; OfficeLivePatch.1.3)"
98.64.15.139 - - [05/Jul/2009:21:42:55 +0200] "GET /bannerz/google/Logo_40blk.gif HTTP/1.1" 200 2308 "http://www.various-euro.com/frame-inhalt.html" "Mozilla/4.0 (compatible; MSIE 8.0; Windows NT 6.0; Trident/4.0; SLCC1; .NET CLR 2.0.50727; Media Center PC 5.0; .NET CLR 1.1.4322; .NET CLR 3.5.30729; .NET CLR 3.0.30729; OfficeLiveConnector.1.4; OfficeLivePatch.1.3)"
98.64.15.139 - - [05/Jul/2009:21:42:55 +0200] "GET /bannerz/neon_click_2.gif HTTP/1.1" 200 387 "http://www.various-euro.com/frame-inhalt.html" "Mozilla/4.0 (compatible; MSIE 8.0; Windows NT 6.0; Trident/4.0; SLCC1; .NET CLR 2.0.50727; Media Center PC 5.0; .NET CLR 1.1.4322; .NET CLR 3.5.30729; .NET CLR 3.0.30729; OfficeLiveConnector.1.4; OfficeLivePatch.1.3)"
98.64.15.139 - - [05/Jul/2009:21:42:55 +0200] "GET /bannerz/ve.jpg HTTP/1.1" 200 36912 "http://www.various-euro.com/frame-unten.html" "Mozilla/4.0 (compatible; MSIE 8.0; Windows NT 6.0; Trident/4.0; SLCC1; .NET CLR 2.0.50727; Media Center PC 5.0; .NET CLR 1.1.4322; .NET CLR 3.5.30729; .NET CLR 3.0.30729; OfficeLiveConnector.1.4; OfficeLivePatch.1.3)"
98.64.15.139 - - [05/Jul/2009:21:42:55 +0200] "GET /bannerz/wet.gif HTTP/1.1" 200 18561 "http://www.various-euro.com/frame-inhalt.html" "Mozilla/4.0 (compatible; MSIE 8.0; Windows NT 6.0; Trident/4.0; SLCC1; .NET CLR 2.0.50727; Media Center PC 5.0; .NET CLR 1.1.4322; .NET CLR 3.5.30729; .NET CLR 3.0.30729; OfficeLiveConnector.1.4; OfficeLivePatch.1.3)"
98.64.15.139 - - [05/Jul/2009:21:42:55 +0200] "GET /bannerz/various-euro-girl.jpg HTTP/1.1" 200 91514 "http://www.various-euro.com/frame-unten.html" "Mozilla/4.0 (compatible; MSIE 8.0; Windows NT 6.0; Trident/4.0; SLCC1; .NET CLR 2.0.50727; Media Center PC 5.0; .NET CLR 1.1.4322; .NET CLR 3.5.30729; .NET CLR 3.0.30729; OfficeLiveConnector.1.4; OfficeLivePatch.1.3)"
98.64.15.139 - - [05/Jul/2009:21:43:17 +0200] "GET /framez_0.html HTTP/1.1" 200 12285 "-" "Mozilla/4.0 (compatible; MSIE 8.0; Windows NT 6.0; Trident/4.0; SLCC1; .NET CLR 2.0.50727; Media Center PC 5.0; .NET CLR 1.1.4322; .NET CLR 3.5.30729; .NET CLR 3.0.30729; OfficeLiveConnector.1.4; OfficeLivePatch.1.3)"
98.64.15.139 - - [05/Jul/2009:21:43:20 +0200] "GET /framez_0.html HTTP/1.1" 200 12285 "-" "Mozilla/4.0 (compatible; MSIE 8.0; Windows NT 6.0; Trident/4.0; SLCC1; .NET CLR 2.0.50727; Media Center PC 5.0; .NET CLR 1.1.4322; .NET CLR 3.5.30729; .NET CLR 3.0.30729; OfficeLiveConnector.1.4; OfficeLivePatch.1.3)"
98.64.15.139 - - [05/Jul/2009:21:43:23 +0200] "GET /framez_0.html HTTP/1.1" 200 12285 "-" "Mozilla/4.0 (compatible; MSIE 8.0; Windows NT 6.0; Trident/4.0; SLCC1; .NET CLR 2.0.50727; Media Center PC 5.0; .NET CLR 1.1.4322; .NET CLR 3.5.30729; .NET CLR 3.0.30729; OfficeLiveConnector.1.4; OfficeLivePatch.1.3)"
98.64.15.139 - - [05/Jul/2009:21:43:26 +0200] "GET /framez_0.html HTTP/1.1" 200 12285 "-" "Mozilla/4.0 (compatible; MSIE 8.0; Windows NT 6.0; Trident/4.0; SLCC1; .NET CLR 2.0.50727; Media Center PC 5.0; .NET CLR 1.1.4322; .NET CLR 3.5.30729; .NET CLR 3.0.30729; OfficeLiveConnector.1.4; OfficeLivePatch.1.3)"
98.64.15.139 - - [05/Jul/2009:21:43:28 +0200] "GET /framez_0.html HTTP/1.1" 200 12285 "-" "Mozilla/4.0 (compatible; MSIE 8.0; Windows NT 6.0; Trident/4.0; SLCC1; .NET CLR 2.0.50727; Media Center PC 5.0; .NET CLR 1.1.4322; .NET CLR 3.5.30729; .NET CLR 3.0.30729; OfficeLiveConnector.1.4; OfficeLivePatch.1.3)"
98.64.15.139 - - [05/Jul/2009:21:43:30 +0200] "GET /framez_0.html HTTP/1.1" 200 12285 "-" "Mozilla/4.0 (compatible; MSIE 8.0; Windows NT 6.0; Trident/4.0; SLCC1; .NET CLR 2.0.50727; Media Center PC 5.0; .NET CLR 1.1.4322; .NET CLR 3.5.30729; .NET CLR 3.0.30729; OfficeLiveConnector.1.4; OfficeLivePatch.1.3)"
98.64.15.139 - - [05/Jul/2009:21:43:33 +0200] "GET /framez_0.html HTTP/1.1" 200 12285 "-" "Mozilla/4.0 (compatible; MSIE 8.0; Windows NT 6.0; Trident/4.0; SLCC1; .NET CLR 2.0.50727; Media Center PC 5.0; .NET CLR 1.1.4322; .NET CLR 3.5.30729; .NET CLR 3.0.30729; OfficeLiveConnector.1.4; OfficeLivePatch.1.3)"
98.64.15.139 - - [05/Jul/2009:21:43:36 +0200] "GET /framez_0.html HTTP/1.1" 200 12285 "-" "Mozilla/4.0 (compatible; MSIE 8.0; Windows NT 6.0; Trident/4.0; SLCC1; .NET CLR 2.0.50727; Media Center PC 5.0; .NET CLR 1.1.4322; .NET CLR 3.5.30729; .NET CLR 3.0.30729; OfficeLiveConnector.1.4; OfficeLivePatch.1.3)"
98.64.15.139 - - [05/Jul/2009:21:43:41 +0200] "GET /framez_0.html HTTP/1.1" 200 12285 "-" "Mozilla/4.0 (compatible; MSIE 8.0; Windows NT 6.0; Trident/4.0; SLCC1; .NET CLR 2.0.50727; Media Center PC 5.0; .NET CLR 1.1.4322; .NET CLR 3.5.30729; .NET CLR 3.0.30729; OfficeLiveConnector.1.4; OfficeLivePatch.1.3)"
98.64.15.139 - - [05/Jul/2009:21:43:45 +0200] "GET /framez_0.html HTTP/1.1" 200 12285 "-" "Mozilla/4.0 (compatible; MSIE 8.0; Windows NT 6.0; Trident/4.0; SLCC1; .NET CLR 2.0.50727; Media Center PC 5.0; .NET CLR 1.1.4322; .NET CLR 3.5.30729; .NET CLR 3.0.30729; OfficeLiveConnector.1.4; OfficeLivePatch.1.3)"
98.64.15.139 - - [05/Jul/2009:21:43:48 +0200] "GET /framez_0.html HTTP/1.1" 200 12285 "-" "Mozilla/4.0 (compatible; MSIE 8.0; Windows NT 6.0; Trident/4.0; SLCC1; .NET CLR 2.0.50727; Media Center PC 5.0; .NET CLR 1.1.4322; .NET CLR 3.5.30729; .NET CLR 3.0.30729; OfficeLiveConnector.1.4; OfficeLivePatch.1.3)"
98.64.15.139 - - [05/Jul/2009:21:43:53 +0200] "GET /framez.html HTTP/1.1" 200 3959 "-" "Mozilla/4.0 (compatible; MSIE 8.0; Windows NT 6.0; Trident/4.0; SLCC1; .NET CLR 2.0.50727; Media Center PC 5.0; .NET CLR 1.1.4322; .NET CLR 3.5.30729; .NET CLR 3.0.30729; OfficeLiveConnector.1.4; OfficeLivePatch.1.3)"
98.64.15.139 - - [05/Jul/2009:21:43:53 +0200] "GET /frame-inhalt.html HTTP/1.1" 200 7688 "http://www.various-euro.com/framez.html" "Mozilla/4.0 (compatible; MSIE 8.0; Windows NT 6.0; Trident/4.0; SLCC1; .NET CLR 2.0.50727; Media Center PC 5.0; .NET CLR 1.1.4322; .NET CLR 3.5.30729; .NET CLR 3.0.30729; OfficeLiveConnector.1.4; OfficeLivePatch.1.3)"
98.64.15.139 - - [05/Jul/2009:21:43:53 +0200] "GET /frame-menu.html HTTP/1.1" 200 10500 "http://www.various-euro.com/framez.html" "Mozilla/4.0 (compatible; MSIE 8.0; Windows NT 6.0; Trident/4.0; SLCC1; .NET CLR 2.0.50727; Media Center PC 5.0; .NET CLR 1.1.4322; .NET CLR 3.5.30729; .NET CLR 3.0.30729; OfficeLiveConnector.1.4; OfficeLivePatch.1.3)"
98.64.15.139 - - [05/Jul/2009:21:43:54 +0200] "GET /frame-unten.html HTTP/1.1" 200 5308 "http://www.various-euro.com/framez.html" "Mozilla/4.0 (compatible; MSIE 8.0; Windows NT 6.0; Trident/4.0; SLCC1; .NET CLR 2.0.50727; Media Center PC 5.0; .NET CLR 1.1.4322; .NET CLR 3.5.30729; .NET CLR 3.0.30729; OfficeLiveConnector.1.4; OfficeLivePatch.1.3)"
67.195.37.177 - - [05/Jul/2009:21:48:13 +0200] "GET /f-doku-brau.html HTTP/1.0" 200 7152 "-" "Mozilla/5.0 (compatible; Yahoo! Slurp/3.0; http://help.yahoo.com/help/us/ysearch/slurp)"
65.55.106.235 - - [05/Jul/2009:22:07:18 +0200] "GET /robots.txt HTTP/1.1" 200 64 "-" "msnbot/2.0b (+http://search.msn.com/msnbot.htm)"
72.14.199.8 - - [05/Jul/2009:22:37:16 +0200] "GET / HTTP/1.1" 302 353 "-" "Feedfetcher-Google; (+http://www.google.com/feedfetcher.html; 1 subscribers; feed-id=5454548576667470243)"
72.14.199.85 - - [05/Jul/2009:22:37:18 +0200] "GET /zampa/ HTTP/1.1" 200 7153 "-" "Feedfetcher-Google; (+http://www.google.com/feedfetcher.html; 1 subscribers; feed-id=5454548576667470243)"
67.195.37.177 - - [05/Jul/2009:22:40:53 +0200] "GET /f-world.html HTTP/1.0" 200 35590 "-" "Mozilla/5.0 (compatible; Yahoo! Slurp/3.0; http://help.yahoo.com/help/us/ysearch/slurp)"
67.195.37.177 - - [05/Jul/2009:22:47:37 +0200] "GET /logs/ HTTP/1.0" 200 11511 "-" "Mozilla/5.0 (compatible; Yahoo! Slurp/3.0; http://help.yahoo.com/help/us/ysearch/slurp)"
80.237.208.86 - - [05/Jul/2009:22:58:18 +0200] "GET /index.php?_SERVER[DOCUMENT_ROOT]=http://www.mevabe.vn/cache/index.txt??? HTTP/1.1" 404 2748 "-" "libwww-perl/5.803"
80.237.208.86 - - [05/Jul/2009:22:58:18 +0200] "GET /restate_copy.html/index.php?_SERVER[DOCUMENT_ROOT]=http://www.mevabe.vn/cache/index.txt??? HTTP/1.1" 200 97631 "-" "libwww-perl/5.803"
90.229.190.78 - - [05/Jul/2009:23:02:11 +0200] "GET / HTTP/1.1" 200 7869 "-" "-"
65.55.106.203 - - [05/Jul/2009:23:09:34 +0200] "GET /robots.txt HTTP/1.1" 200 64 "-" "msnbot/2.0b (+http://search.msn.com/msnbot.htm)"
78.8.20.27 - - [05/Jul/2009:23:15:45 +0200] "GET / HTTP/1.1" 200 7869 "http://gry-planszowe.c0.pl" "Mozilla/4.0 (compatible; MSIE 5.5; Windows 98)"
67.195.37.177 - - [05/Jul/2009:23:36:25 +0200] "GET /f-channel1.html HTTP/1.0" 200 9329 "-" "Mozilla/5.0 (compatible; Yahoo! Slurp/3.0; http://help.yahoo.com/help/us/ysearch/slurp)"
67.195.37.177 - - [05/Jul/2009:23:36:27 +0200] "GET /rss/ve-rss.php HTTP/1.0" 200 13520 "http://www.various-euro.com/f-channel1.html" "Mozilla/5.0 (compatible; Yahoo! Slurp/3.0; http://help.yahoo.com/help/us/ysearch/slurp)"
84.246.21.243 - - [06/Jul/2009:00:05:57 +0200] "GET /restate_copy.html/index.php?_SERVER[DOCUMENT_ROOT]=http://www.mevabe.vn/cache/index.txt??? HTTP/1.1" 200 97631 "-" "libwww-perl/5.79"
84.246.21.243 - - [06/Jul/2009:00:06:02 +0200] "GET /index.php?_SERVER[DOCUMENT_ROOT]=http://www.mevabe.vn/cache/index.txt??? HTTP/1.1" 404 2748 "-" "libwww-perl/5.79"
78.8.20.27 - - [06/Jul/2009:00:11:14 +0200] "GET / HTTP/1.1" 200 7869 "http://gry-planszowe.c0.pl" "Mozilla/4.0 (compatible; MSIE 5.5; Windows 98)"
67.195.37.177 - - [06/Jul/2009:00:50:44 +0200] "GET /robots.txt HTTP/1.0" 200 64 "-" "Mozilla/5.0 (compatible; Yahoo! Slurp; http://help.yahoo.com/help/us/ysearch/slurp)"
67.195.37.177 - - [06/Jul/2009:00:50:51 +0200] "GET /f-net.html HTTP/1.0" 200 9913 "-" "Mozilla/5.0 (compatible; Yahoo! Slurp/3.0; http://help.yahoo.com/help/us/ysearch/slurp)"
