65.55.106.210 - - [01/Jul/2009:00:37:49 +0200] "GET /robots.txt HTTP/1.1" 200 64 "-" "msnbot/2.0b (+http://search.msn.com/msnbot.htm)"
66.249.72.227 - - [01/Jul/2009:00:43:52 +0200] "GET /bmpp/euro_pal_111.html HTTP/1.1" 200 2129 "-" "Mozilla/5.0 (compatible; Googlebot/2.1; +http://www.google.com/bot.html)"
65.55.106.210 - - [01/Jul/2009:00:44:55 +0200] "GET /frame-inhalt.html HTTP/1.1" 200 7688 "-" "msnbot/2.0b (+http://search.msn.com/msnbot.htm)"
74.6.8.88 - - [01/Jul/2009:01:02:05 +0200] "GET /DgH/watch/index.html HTTP/1.0" 200 2028 "-" "Mozilla/5.0 (compatible; Yahoo! Slurp/3.0; http://help.yahoo.com/help/us/ysearch/slurp)"
74.6.8.88 - - [01/Jul/2009:01:02:05 +0200] "GET /DgH/watch/pict/Watch.mp3 HTTP/1.0" 200 29938 "http://www.various-euro.com/DgH/watch/index.html" "Mozilla/5.0 (compatible; Yahoo! Slurp/3.0; http://help.yahoo.com/help/us/ysearch/slurp)"
74.6.8.88 - - [01/Jul/2009:01:23:00 +0200] "GET /channel1.html HTTP/1.0" 404 2748 "-" "Mozilla/5.0 (compatible; Yahoo! Slurp/3.0; http://help.yahoo.com/help/us/ysearch/slurp)"
193.252.118.176 - - [01/Jul/2009:01:30:57 +0200] "GET /robots.txt HTTP/1.1" 200 64 "-" "Mozilla/5.0 (Windows; U; Windows NT 5.1; fr; rv:1.8.1) VoilaBot BETA 1.2 (support.voilabot@orange-ftgroup.com)"
193.252.118.176 - - [01/Jul/2009:01:31:03 +0200] "GET /neon/slow-walk.html HTTP/1.1" 200 1640 "-" "Mozilla/5.0 (Windows; U; Windows NT 5.1; fr; rv:1.8.1) VoilaBot BETA 1.2 (support.voilabot@orange-ftgroup.com)"
193.252.149.16 - - [01/Jul/2009:02:06:34 +0200] "GET /frame-inhalt.html HTTP/1.1" 200 7688 "-" "Mozilla/5.0 (Windows; U; Windows NT 5.1; fr; rv:1.8.1) VoilaBot BETA 1.2 (support.voilabot@orange-ftgroup.com)"
65.55.106.185 - - [01/Jul/2009:02:07:16 +0200] "GET /robots.txt HTTP/1.1" 200 64 "-" "msnbot/2.0b (+http://search.msn.com/msnbot.htm)"
65.55.211.168 - - [01/Jul/2009:02:12:37 +0200] "GET /robots.txt HTTP/1.1" 200 64 "-" "msnbot/1.1 (+http://search.msn.com/msnbot.htm)"
65.55.211.168 - - [01/Jul/2009:02:12:38 +0200] "GET /logs/usage_200901.html HTTP/1.1" 200 167238 "-" "msnbot/1.1 (+http://search.msn.com/msnbot.htm)"
65.55.211.167 - - [01/Jul/2009:02:26:36 +0200] "GET /robots.txt HTTP/1.1" 200 64 "-" "msnbot/1.1 (+http://search.msn.com/msnbot.htm)"
65.55.211.167 - - [01/Jul/2009:02:26:37 +0200] "GET /f-web.html HTTP/1.1" 200 13605 "-" "msnbot/1.1 (+http://search.msn.com/msnbot.htm)"
72.14.199.8 - - [01/Jul/2009:02:35:53 +0200] "GET / HTTP/1.1" 302 353 "-" "Feedfetcher-Google; (+http://www.google.com/feedfetcher.html; 1 subscribers; feed-id=5454548576667470243)"
72.14.199.85 - - [01/Jul/2009:02:35:57 +0200] "GET /zampa/ HTTP/1.1" 200 7153 "-" "Feedfetcher-Google; (+http://www.google.com/feedfetcher.html; 1 subscribers; feed-id=5454548576667470243)"
65.55.106.238 - - [01/Jul/2009:02:36:42 +0200] "GET /robots.txt HTTP/1.1" 302 363 "-" "msnbot/2.0b (+http://search.msn.com/msnbot.htm)"
65.55.106.238 - - [01/Jul/2009:02:36:42 +0200] "GET /zampa/robots.txt HTTP/1.1" 404 2748 "-" "msnbot/2.0b (+http://search.msn.com/msnbot.htm)"
74.6.8.88 - - [01/Jul/2009:02:38:17 +0200] "GET /logs/usage_200511.html HTTP/1.0" 404 2748 "-" "Mozilla/5.0 (compatible; Yahoo! Slurp/3.0; http://help.yahoo.com/help/us/ysearch/slurp)"
193.252.149.16 - - [01/Jul/2009:03:24:25 +0200] "GET /world.html HTTP/1.1" 200 16295 "-" "Mozilla/5.0 (Windows; U; Windows NT 5.1; fr; rv:1.8.1) VoilaBot BETA 1.2 (support.voilabot@orange-ftgroup.com)"
193.252.118.174 - - [01/Jul/2009:03:37:11 +0200] "GET /neon/code.html HTTP/1.1" 200 1109 "-" "Mozilla/5.0 (Windows; U; Windows NT 5.1; fr; rv:1.8.1) VoilaBot BETA 1.2 (support.voilabot@orange-ftgroup.com)"
65.55.211.168 - - [01/Jul/2009:03:47:04 +0200] "GET /schubb/schubb-5.html HTTP/1.1" 200 72944 "-" "msnbot/1.1 (+http://search.msn.com/msnbot.htm)"
65.55.106.215 - - [01/Jul/2009:04:14:30 +0200] "GET /zampa/montenegro/dajpare.html HTTP/1.1" 200 2503 "-" "msnbot/2.0b (+http://search.msn.com/msnbot.htm)"
93.185.193.200 - - [01/Jul/2009:04:18:38 +0200] "GET / HTTP/1.0" 200 7869 "http://www.various-euro.com/" "Mozilla/6.0 (compatible; MSIE 7.0a1; Windows NT 5.2; SV1)"
65.55.106.236 - - [01/Jul/2009:04:22:25 +0200] "GET /zampa/montenegro/MILOW.html HTTP/1.1" 200 860 "-" "msnbot/2.0b (+http://search.msn.com/msnbot.htm)"
74.6.8.88 - - [01/Jul/2009:04:31:26 +0200] "GET /robots.txt HTTP/1.0" 200 64 "-" "Mozilla/5.0 (compatible; Yahoo! Slurp; http://help.yahoo.com/help/us/ysearch/slurp)"
74.6.8.88 - - [01/Jul/2009:04:31:51 +0200] "GET /logs/usage_200903.html HTTP/1.0" 200 167061 "-" "Mozilla/5.0 (compatible; Yahoo! Slurp/3.0; http://help.yahoo.com/help/us/ysearch/slurp)"
65.55.51.110 - - [01/Jul/2009:04:47:17 +0200] "GET /robots.txt HTTP/1.1" 200 64 "-" "msnbot/2.0b (+http://search.msn.com/msnbot.htm)"
65.55.51.112 - - [01/Jul/2009:05:25:51 +0200] "GET /robots.txt HTTP/1.1" 200 64 "-" "msnbot/2.0b (+http://search.msn.com/msnbot.htm)"
72.14.199.8 - - [01/Jul/2009:05:36:08 +0200] "GET / HTTP/1.1" 302 353 "-" "Feedfetcher-Google; (+http://www.google.com/feedfetcher.html; 1 subscribers; feed-id=5454548576667470243)"
72.14.199.85 - - [01/Jul/2009:05:36:09 +0200] "GET /zampa/ HTTP/1.1" 200 7153 "-" "Feedfetcher-Google; (+http://www.google.com/feedfetcher.html; 1 subscribers; feed-id=5454548576667470243)"
72.30.79.115 - - [01/Jul/2009:05:38:26 +0200] "GET /robots.txt HTTP/1.0" 200 64 "-" "Mozilla/5.0 (compatible; Yahoo! Slurp; http://help.yahoo.com/help/us/ysearch/slurp)"
72.30.79.115 - - [01/Jul/2009:05:38:27 +0200] "GET /bmpp/euro_pal_111.html HTTP/1.0" 200 2129 "-" "Mozilla/5.0 (compatible; Yahoo! Slurp/3.0; http://help.yahoo.com/help/us/ysearch/slurp)"
65.55.231.45 - - [01/Jul/2009:06:31:50 +0200] "GET /robots.txt HTTP/1.1" 200 64 "-" "msnbot-media/1.1 (+http://search.msn.com/msnbot.htm)"
65.55.231.45 - - [01/Jul/2009:06:31:51 +0200] "GET /zampa/slike/S8CURATO.GIF HTTP/1.1" 200 16968 "-" "msnbot-media/1.1 (+http://search.msn.com/msnbot.htm)"
66.197.167.99 - - [01/Jul/2009:06:55:46 +0200] "GET /framez-schubb5.html HTTP/1.0" 200 4330 "http://www.various-euro.com/framez-schubb5.html" "Mozilla/4.0 (compatible; MSIE 6.0; Windows 98; Win 9x 4.90)"
38.99.44.105 - - [01/Jul/2009:07:00:44 +0200] "GET /world.html HTTP/1.0" 200 16295 "-" "Mozilla/5.0 (Twiceler-0.9 http://www.cuil.com/twiceler/robot.html)"
74.6.8.88 - - [01/Jul/2009:07:08:32 +0200] "GET /rez/fisztfull.mp4 HTTP/1.0" 200 5973230 "-" "Mozilla/5.0 (compatible; Yahoo! Slurp/3.0; http://help.yahoo.com/help/us/ysearch/slurp)"
65.55.211.168 - - [01/Jul/2009:07:11:03 +0200] "GET /DgH/watch/index.html HTTP/1.1" 200 2028 "-" "msnbot/1.1 (+http://search.msn.com/msnbot.htm)"
74.6.8.88 - - [01/Jul/2009:07:14:47 +0200] "GET /framez-rez.html HTTP/1.0" 200 4323 "-" "Mozilla/5.0 (compatible; Yahoo! Slurp/3.0; http://help.yahoo.com/help/us/ysearch/slurp)"
74.6.8.88 - - [01/Jul/2009:07:14:49 +0200] "GET /frame-unten.html HTTP/1.0" 200 5308 "http://www.various-euro.com/framez-rez.html" "Mozilla/5.0 (compatible; Yahoo! Slurp/3.0; http://help.yahoo.com/help/us/ysearch/slurp)"
74.6.8.88 - - [01/Jul/2009:07:14:49 +0200] "GET /frame-menu.html HTTP/1.0" 200 10500 "http://www.various-euro.com/framez-rez.html" "Mozilla/5.0 (compatible; Yahoo! Slurp/3.0; http://help.yahoo.com/help/us/ysearch/slurp)"
74.6.8.88 - - [01/Jul/2009:07:14:49 +0200] "GET /f-rez.html HTTP/1.0" 200 9765 "http://www.various-euro.com/framez-rez.html" "Mozilla/5.0 (compatible; Yahoo! Slurp/3.0; http://help.yahoo.com/help/us/ysearch/slurp)"
74.6.8.88 - - [01/Jul/2009:07:14:49 +0200] "GET /style/various-euro.css HTTP/1.0" 304 - "http://www.various-euro.com/frame-menu.html" "Mozilla/5.0 (compatible; Yahoo! Slurp/3.0; http://help.yahoo.com/help/us/ysearch/slurp)"
220.181.61.234 - - [01/Jul/2009:07:23:21 +0200] "GET / HTTP/1.1" 200 7869 "-" "Sogou web spider/4.0(+http://www.sogou.com/docs/help/webmasters.htm#07)"
220.181.61.234 - - [01/Jul/2009:07:23:27 +0200] "GET /framez_0.html HTTP/1.1" 200 12285 "-" "Sogou web spider/4.0(+http://www.sogou.com/docs/help/webmasters.htm#07)"
81.52.143.32 - - [01/Jul/2009:07:25:10 +0200] "GET /f-web.html HTTP/1.1" 200 13605 "-" "Mozilla/5.0 (Windows; U; Windows NT 5.1; fr; rv:1.8.1) VoilaBot BETA 1.2 (support.voilabot@orange-ftgroup.com)"
81.52.143.35 - - [01/Jul/2009:07:30:32 +0200] "GET /robots.txt HTTP/1.1" 200 64 "-" "Mozilla/5.0 (Windows; U; Windows NT 5.1; fr; rv:1.8.1) VoilaBot BETA 1.2 (support.voilabot@orange-ftgroup.com)"
81.52.143.35 - - [01/Jul/2009:07:30:47 +0200] "GET /f-net.html HTTP/1.1" 200 9913 "-" "Mozilla/5.0 (Windows; U; Windows NT 5.1; fr; rv:1.8.1) VoilaBot BETA 1.2 (support.voilabot@orange-ftgroup.com)"
65.55.106.235 - - [01/Jul/2009:07:38:41 +0200] "GET /robots.txt HTTP/1.1" 200 64 "-" "msnbot/2.0b (+http://search.msn.com/msnbot.htm)"
65.55.106.235 - - [01/Jul/2009:07:45:59 +0200] "GET / HTTP/1.1" 200 7869 "-" "msnbot/2.0b (+http://search.msn.com/msnbot.htm)"
66.249.72.227 - - [01/Jul/2009:07:57:09 +0200] "GET /mashup/f-actions.html HTTP/1.1" 404 2748 "-" "Mozilla/5.0 (compatible; Googlebot/2.1; +http://www.google.com/bot.html)"
66.249.72.227 - - [01/Jul/2009:07:57:10 +0200] "GET /mashup/f-web.html HTTP/1.1" 404 2748 "-" "Mozilla/5.0 (compatible; Googlebot/2.1; +http://www.google.com/bot.html)"
66.249.72.227 - - [01/Jul/2009:07:57:10 +0200] "GET /mashup/f-world.html HTTP/1.1" 404 2748 "-" "Mozilla/5.0 (compatible; Googlebot/2.1; +http://www.google.com/bot.html)"
66.249.72.227 - - [01/Jul/2009:07:57:11 +0200] "GET /mashup/f-warez.html HTTP/1.1" 404 2748 "-" "Mozilla/5.0 (compatible; Googlebot/2.1; +http://www.google.com/bot.html)"
66.249.72.227 - - [01/Jul/2009:08:07:51 +0200] "GET /mashup/f-other.html HTTP/1.1" 404 2748 "-" "Mozilla/5.0 (compatible; Googlebot/2.1; +http://www.google.com/bot.html)"
81.52.143.16 - - [01/Jul/2009:08:14:03 +0200] "GET /frame-unten.html HTTP/1.1" 200 5308 "-" "Mozilla/5.0 (Windows; U; Windows NT 5.1; fr; rv:1.8.1) VoilaBot BETA 1.2 (support.voilabot@orange-ftgroup.com)"
67.202.41.3 - - [01/Jul/2009:08:15:20 +0200] "GET /robots.txt HTTP/1.0" 200 64 "-" "ia_archiver (+http://www.alexa.com/site/help/webmasters; crawler@alexa.com)"
66.249.72.227 - - [01/Jul/2009:08:16:43 +0200] "GET /mashup/f-sponsor.html HTTP/1.1" 404 2748 "-" "Mozilla/5.0 (compatible; Googlebot/2.1; +http://www.google.com/bot.html)"
82.234.176.232 - - [01/Jul/2009:08:24:06 +0200] "GET / HTTP/1.1" 200 7869 "-" "Mozilla/5.0 (Macintosh; U; Intel Mac OS X 10_5_7; en-us) AppleWebKit/525.28.3 (KHTML, like Gecko)"
82.234.176.232 - - [01/Jul/2009:08:24:06 +0200] "GET /framez_0.html HTTP/1.1" 200 12285 "http://www.various-euro.com/" "Mozilla/5.0 (Macintosh; U; Intel Mac OS X 10_5_7; en-us) AppleWebKit/525.28.3 (KHTML, like Gecko)"
82.234.176.232 - - [01/Jul/2009:08:24:09 +0200] "GET /framez.html HTTP/1.1" 200 3959 "http://www.various-euro.com/framez_0.html" "Mozilla/5.0 (Macintosh; U; Intel Mac OS X 10_5_7; en-us) AppleWebKit/525.28.3 (KHTML, like Gecko)"
82.234.176.232 - - [01/Jul/2009:08:24:09 +0200] "GET /frame-unten.html HTTP/1.1" 200 5308 "http://www.various-euro.com/framez.html" "Mozilla/5.0 (Macintosh; U; Intel Mac OS X 10_5_7; en-us) AppleWebKit/525.28.3 (KHTML, like Gecko)"
82.234.176.232 - - [01/Jul/2009:08:24:09 +0200] "GET /frame-inhalt.html HTTP/1.1" 200 7688 "http://www.various-euro.com/framez.html" "Mozilla/5.0 (Macintosh; U; Intel Mac OS X 10_5_7; en-us) AppleWebKit/525.28.3 (KHTML, like Gecko)"
82.234.176.232 - - [01/Jul/2009:08:24:09 +0200] "GET /frame-menu.html HTTP/1.1" 200 10500 "http://www.various-euro.com/framez.html" "Mozilla/5.0 (Macintosh; U; Intel Mac OS X 10_5_7; en-us) AppleWebKit/525.28.3 (KHTML, like Gecko)"
82.234.176.232 - - [01/Jul/2009:08:24:09 +0200] "GET /style/various-euro.css HTTP/1.1" 200 3437 "http://www.various-euro.com/framez.html" "Mozilla/5.0 (Macintosh; U; Intel Mac OS X 10_5_7; en-us) AppleWebKit/525.28.3 (KHTML, like Gecko)"
82.234.176.232 - - [01/Jul/2009:08:24:10 +0200] "GET /bannerz/neon_click_3.gif HTTP/1.1" 200 240 "http://www.various-euro.com/frame-inhalt.html" "Mozilla/5.0 (Macintosh; U; Intel Mac OS X 10_5_7; en-us) AppleWebKit/525.28.3 (KHTML, like Gecko)"
82.234.176.232 - - [01/Jul/2009:08:24:10 +0200] "GET /bannerz/copyleft_black_small.gif HTTP/1.1" 200 1231 "http://www.various-euro.com/frame-inhalt.html" "Mozilla/5.0 (Macintosh; U; Intel Mac OS X 10_5_7; en-us) AppleWebKit/525.28.3 (KHTML, like Gecko)"
82.234.176.232 - - [01/Jul/2009:08:24:10 +0200] "GET /bannerz/douwil.gif HTTP/1.1" 200 528 "http://www.various-euro.com/frame-inhalt.html" "Mozilla/5.0 (Macintosh; U; Intel Mac OS X 10_5_7; en-us) AppleWebKit/525.28.3 (KHTML, like Gecko)"
82.234.176.232 - - [01/Jul/2009:08:24:10 +0200] "GET /eurosign3.gif HTTP/1.1" 200 7879 "http://www.various-euro.com/frame-inhalt.html" "Mozilla/5.0 (Macintosh; U; Intel Mac OS X 10_5_7; en-us) AppleWebKit/525.28.3 (KHTML, like Gecko)"
82.234.176.232 - - [01/Jul/2009:08:24:10 +0200] "GET /bannerz/neon_click_1.gif HTTP/1.1" 200 890 "http://www.various-euro.com/frame-inhalt.html" "Mozilla/5.0 (Macintosh; U; Intel Mac OS X 10_5_7; en-us) AppleWebKit/525.28.3 (KHTML, like Gecko)"
82.234.176.232 - - [01/Jul/2009:08:24:10 +0200] "GET /bannerz/google/Logo_40blk.gif HTTP/1.1" 200 2308 "http://www.various-euro.com/frame-inhalt.html" "Mozilla/5.0 (Macintosh; U; Intel Mac OS X 10_5_7; en-us) AppleWebKit/525.28.3 (KHTML, like Gecko)"
82.234.176.232 - - [01/Jul/2009:08:24:10 +0200] "GET /bannerz/anti_black_small.gif HTTP/1.1" 200 1009 "http://www.various-euro.com/frame-inhalt.html" "Mozilla/5.0 (Macintosh; U; Intel Mac OS X 10_5_7; en-us) AppleWebKit/525.28.3 (KHTML, like Gecko)"
82.234.176.232 - - [01/Jul/2009:08:24:10 +0200] "GET /bannerz/neon_click_2.gif HTTP/1.1" 200 387 "http://www.various-euro.com/frame-inhalt.html" "Mozilla/5.0 (Macintosh; U; Intel Mac OS X 10_5_7; en-us) AppleWebKit/525.28.3 (KHTML, like Gecko)"
82.234.176.232 - - [01/Jul/2009:08:24:09 +0200] "GET /bannerz/ve.jpg HTTP/1.1" 200 36912 "http://www.various-euro.com/frame-unten.html" "Mozilla/5.0 (Macintosh; U; Intel Mac OS X 10_5_7; en-us) AppleWebKit/525.28.3 (KHTML, like Gecko)"
82.234.176.232 - - [01/Jul/2009:08:24:10 +0200] "GET /bannerz/wet.gif HTTP/1.1" 200 18561 "http://www.various-euro.com/frame-inhalt.html" "Mozilla/5.0 (Macintosh; U; Intel Mac OS X 10_5_7; en-us) AppleWebKit/525.28.3 (KHTML, like Gecko)"
82.234.176.232 - - [01/Jul/2009:08:24:09 +0200] "GET /bannerz/various-euro-girl.jpg HTTP/1.1" 200 91514 "http://www.various-euro.com/frame-unten.html" "Mozilla/5.0 (Macintosh; U; Intel Mac OS X 10_5_7; en-us) AppleWebKit/525.28.3 (KHTML, like Gecko)"
72.14.199.8 - - [01/Jul/2009:08:36:19 +0200] "GET / HTTP/1.1" 302 353 "-" "Feedfetcher-Google; (+http://www.google.com/feedfetcher.html; 1 subscribers; feed-id=5454548576667470243)"
72.14.199.85 - - [01/Jul/2009:08:36:20 +0200] "GET /zampa/ HTTP/1.1" 200 7153 "-" "Feedfetcher-Google; (+http://www.google.com/feedfetcher.html; 1 subscribers; feed-id=5454548576667470243)"
81.52.143.30 - - [01/Jul/2009:08:40:05 +0200] "GET /bmpp/euro_pal_1.html HTTP/1.1" 200 18252 "-" "Mozilla/5.0 (Windows; U; Windows NT 5.1; fr; rv:1.8.1) VoilaBot BETA 1.2 (support.voilabot@orange-ftgroup.com)"
74.6.8.88 - - [01/Jul/2009:09:48:58 +0200] "GET /bannnerz.html HTTP/1.0" 404 2748 "-" "Mozilla/5.0 (compatible; Yahoo! Slurp/3.0; http://help.yahoo.com/help/us/ysearch/slurp)"
65.55.106.111 - - [01/Jul/2009:10:07:40 +0200] "GET /robots.txt HTTP/1.1" 200 64 "-" "msnbot/2.0b (+http://search.msn.com/msnbot.htm)"
193.252.118.174 - - [01/Jul/2009:10:08:41 +0200] "GET /DgH/bull/index.html HTTP/1.1" 200 1915 "-" "Mozilla/5.0 (Windows; U; Windows NT 5.1; fr; rv:1.8.1) VoilaBot BETA 1.2 (support.voilabot@orange-ftgroup.com)"
38.99.44.105 - - [01/Jul/2009:10:13:57 +0200] "GET /channel1.html HTTP/1.0" 404 2748 "-" "Mozilla/5.0 (Twiceler-0.9 http://www.cuil.com/twiceler/robot.html)"
65.55.211.165 - - [01/Jul/2009:10:14:08 +0200] "GET /robots.txt HTTP/1.1" 200 64 "-" "msnbot/1.1 (+http://search.msn.com/msnbot.htm)"
65.55.211.165 - - [01/Jul/2009:10:14:08 +0200] "GET /f-sponsor.html HTTP/1.1" 200 8578 "-" "msnbot/1.1 (+http://search.msn.com/msnbot.htm)"
65.55.110.101 - - [01/Jul/2009:10:14:46 +0200] "GET /f-sponsor.html HTTP/1.0" 200 8578 "http://search.live.com/results.aspx?q=sponsor" "Mozilla/4.0 (compatible; MSIE 6.0; Windows NT 5.2; SV1; .NET CLR 1.1.4322)"
208.80.195.39 - - [01/Jul/2009:10:24:29 +0200] "GET / HTTP/1.0" 200 7869 "-" "Mozilla/4.0 (compatible; MSIE 7.0; Windows NT 5.1; Comcast; Windows-Media-Player/10.00.00.3990; Comcast)"
208.80.195.39 - - [01/Jul/2009:10:24:29 +0200] "GET / HTTP/1.0" 200 7869 "-" "Mozilla/4.0 (compatible; MSIE 7.0; AOL 9.0; Windows NT 5.1; FunWebProducts; .NET CLR 2.0.50727; .NET CLR 1.1.4322)"
65.55.106.219 - - [01/Jul/2009:10:33:36 +0200] "GET /robots.txt HTTP/1.1" 302 363 "-" "msnbot/2.0b (+http://search.msn.com/msnbot.htm)"
65.55.106.219 - - [01/Jul/2009:10:33:36 +0200] "GET /zampa/robots.txt HTTP/1.1" 404 2748 "-" "msnbot/2.0b (+http://search.msn.com/msnbot.htm)"
81.52.143.29 - - [01/Jul/2009:10:35:55 +0200] "GET /DgH/orginal/index.html HTTP/1.1" 200 1727 "-" "Mozilla/5.0 (Windows; U; Windows NT 5.1; fr; rv:1.8.1) VoilaBot BETA 1.2 (support.voilabot@orange-ftgroup.com)"
77.88.28.248 - - [01/Jul/2009:10:39:03 +0200] "GET /robots.txt HTTP/1.1" 200 64 "-" "Yandex/1.01.001 (compatible; Win16; I)"
89.28.14.35 - - [01/Jul/2009:11:06:59 +0200] "GET /framez-schubb5.html HTTP/1.0" 200 4330 "http://www.various-euro.com/framez-schubb5.html" "Mozilla/4.0 (compatible; MSIE 5.5; Windows 95; BCD2000)"
89.28.14.35 - - [01/Jul/2009:11:06:59 +0200] "GET /frame-menu.html HTTP/1.0" 200 10500 "http://www.various-euro.com/frame-menu.html" "Mozilla/4.0 (compatible; MSIE 5.5; Windows 95; BCD2000)"
89.28.14.35 - - [01/Jul/2009:11:07:00 +0200] "GET /schubb/schubb-5.html HTTP/1.0" 200 72944 "http://www.various-euro.com/schubb/schubb-5.html" "Mozilla/4.0 (compatible; MSIE 5.5; Windows 95; BCD2000)"
89.28.14.35 - - [01/Jul/2009:11:07:01 +0200] "GET /frame-unten.html HTTP/1.0" 200 5308 "http://www.various-euro.com/frame-unten.html" "Mozilla/4.0 (compatible; MSIE 5.5; Windows 95; BCD2000)"
83.167.62.185 - - [01/Jul/2009:11:29:57 +0200] "GET /robots.txt HTTP/1.1" 200 64 "http://www.exalead.com/" "Mozilla/5.0 (compatible; Exabot-Images/3.0; +http://www.exabot.com/go/robot)"
83.167.62.185 - - [01/Jul/2009:11:29:57 +0200] "GET /zampa/slike/S1TITEL.GIF HTTP/1.1" 200 15244 "http://www.exalead.com/" "Mozilla/5.0 (compatible; Exabot-Images/3.0; +http://www.exabot.com/go/robot)"
65.55.106.210 - - [01/Jul/2009:11:31:36 +0200] "GET /robots.txt HTTP/1.1" 200 64 "-" "msnbot/2.0b (+http://search.msn.com/msnbot.htm)"
65.33.243.183 - - [01/Jul/2009:11:33:53 +0200] "HEAD / HTTP/1.1" 200 - "-" "Mozilla/5.0 (Windows; U; Windows NT 5.1; en; rv:1.8.1.8) Gecko/20071008 Firefox/2.0.0.8"
66.249.72.227 - - [01/Jul/2009:11:34:38 +0200] "GET / HTTP/1.1" 200 7869 "-" "Mozilla/5.0 (compatible; Googlebot/2.1; +http://www.google.com/bot.html)"
72.14.199.8 - - [01/Jul/2009:11:36:51 +0200] "GET / HTTP/1.1" 302 353 "-" "Feedfetcher-Google; (+http://www.google.com/feedfetcher.html; 1 subscribers; feed-id=5454548576667470243)"
72.14.199.85 - - [01/Jul/2009:11:48:02 +0200] "GET /zampa/ HTTP/1.1" 200 7153 "-" "Feedfetcher-Google; (+http://www.google.com/feedfetcher.html; 1 subscribers; feed-id=5454548576667470243)"
65.55.231.51 - - [01/Jul/2009:11:55:01 +0200] "GET /robots.txt HTTP/1.1" 200 64 "-" "msnbot-media/1.1 (+http://search.msn.com/msnbot.htm)"
65.55.231.51 - - [01/Jul/2009:11:55:01 +0200] "GET /zampa/slike/S3VAMPIR.GIF HTTP/1.1" 200 55504 "-" "msnbot-media/1.1 (+http://search.msn.com/msnbot.htm)"
66.249.72.227 - - [01/Jul/2009:12:04:01 +0200] "GET /logs/usage_200907.html HTTP/1.1" 404 2748 "-" "Mozilla/5.0 (compatible; Googlebot/2.1; +http://www.google.com/bot.html)"
65.55.211.166 - - [01/Jul/2009:12:17:09 +0200] "GET /zampa/lybia/index.html HTTP/1.1" 200 3036 "-" "msnbot/1.1 (+http://search.msn.com/msnbot.htm)"
208.96.54.76 - - [01/Jul/2009:12:23:15 +0200] "GET /robots.txt HTTP/1.1" 200 64 "-" "Mozilla/5.0 (compatible; discobot/1.1; +http://discoveryengine.com/discobot.html)"
208.96.54.76 - - [01/Jul/2009:12:23:18 +0200] "GET / HTTP/1.1" 200 7869 "-" "Mozilla/5.0 (compatible; discobot/1.1; +http://discoveryengine.com/discobot.html)"
88.185.32.104 - - [01/Jul/2009:12:33:34 +0200] "GET /f-world.html HTTP/1.1" 200 35590 "-" "Mozilla/4.5 [en] (Win98; I)"
38.99.13.116 - - [01/Jul/2009:12:34:09 +0200] "GET /robots.txt HTTP/1.0" 302 363 "-" "Mozilla/5.0 (Twiceler-0.9 http://www.cuil.com/twiceler/robot.html)"
65.55.211.168 - - [01/Jul/2009:12:43:30 +0200] "GET /logs/usage_200903.html HTTP/1.1" 200 167061 "-" "msnbot/1.1 (+http://search.msn.com/msnbot.htm)"
65.55.211.168 - - [01/Jul/2009:12:43:31 +0200] "GET /neon/annniiii.html HTTP/1.1" 200 686 "-" "msnbot/1.1 (+http://search.msn.com/msnbot.htm)"
74.6.8.88 - - [01/Jul/2009:12:46:44 +0200] "GET /logs/usage_200903.html HTTP/1.0" 200 167061 "-" "Mozilla/5.0 (compatible; Yahoo! Slurp/3.0; http://help.yahoo.com/help/us/ysearch/slurp)"
65.55.106.122 - - [01/Jul/2009:12:55:58 +0200] "GET /zampa/ HTTP/1.1" 200 7153 "-" "msnbot/2.0b (+http://search.msn.com/msnbot.htm)"
65.55.107.182 - - [01/Jul/2009:13:02:08 +0200] "GET /zampa/montenegro/index.html HTTP/1.1" 200 2651 "-" "msnbot/2.0b (+http://search.msn.com/msnbot.htm)"
77.88.28.248 - - [01/Jul/2009:13:32:02 +0200] "GET /robots.txt HTTP/1.1" 302 363 "-" "Yandex/1.01.001 (compatible; Win16; I)"
216.129.119.49 - - [01/Jul/2009:13:50:57 +0200] "GET /robots.txt HTTP/1.0" 200 64 "-" "Mozilla/5.0 (Twiceler-0.9 http://www.cuil.com/twiceler/robot.html)"
74.6.8.88 - - [01/Jul/2009:14:24:01 +0200] "GET /f-world.html HTTP/1.0" 200 35590 "-" "Mozilla/5.0 (compatible; Yahoo! Slurp/3.0; http://help.yahoo.com/help/us/ysearch/slurp)"
72.14.199.8 - - [01/Jul/2009:14:48:23 +0200] "GET / HTTP/1.1" 302 353 "-" "Feedfetcher-Google; (+http://www.google.com/feedfetcher.html; 1 subscribers; feed-id=5454548576667470243)"
72.14.199.85 - - [01/Jul/2009:14:48:41 +0200] "GET /zampa/ HTTP/1.1" 200 7153 "-" "Feedfetcher-Google; (+http://www.google.com/feedfetcher.html; 1 subscribers; feed-id=5454548576667470243)"
77.88.28.248 - - [01/Jul/2009:14:58:41 +0200] "GET / HTTP/1.1" 200 7869 "-" "Yandex/1.01.001 (compatible; Win16; I)"
77.88.28.248 - - [01/Jul/2009:14:58:49 +0200] "GET / HTTP/1.1" 302 353 "-" "Yandex/1.01.001 (compatible; Win16; I)"
65.55.106.227 - - [01/Jul/2009:15:07:55 +0200] "GET /robots.txt HTTP/1.1" 200 64 "-" "msnbot/2.0b (+http://search.msn.com/msnbot.htm)"
65.55.51.114 - - [01/Jul/2009:15:22:57 +0200] "GET /robots.txt HTTP/1.1" 200 64 "-" "msnbot/2.0b (+http://search.msn.com/msnbot.htm)"
65.55.106.109 - - [01/Jul/2009:15:26:04 +0200] "GET /neon/left-one-new.html HTTP/1.1" 200 1483 "-" "msnbot/2.0b (+http://search.msn.com/msnbot.htm)"
65.55.104.165 - - [01/Jul/2009:15:29:26 +0200] "GET /robots.txt HTTP/1.1" 200 64 "-" "msnbot/1.1 (+http://search.msn.com/msnbot.htm)"
65.55.104.165 - - [01/Jul/2009:15:29:27 +0200] "GET / HTTP/1.1" 200 7869 "-" "msnbot/1.1 (+http://search.msn.com/msnbot.htm)"
66.235.124.72 - - [01/Jul/2009:16:06:01 +0200] "GET /robots.txt HTTP/1.0" 200 64 "-" "Mozilla/5.0 (compatible; Ask Jeeves/Teoma; +http://about.ask.com/en/docs/about/webmasters.shtml)"
66.235.124.72 - - [01/Jul/2009:16:06:02 +0200] "GET /bannerz/horrorkatze/teGIFT.JPG HTTP/1.0" 200 4873 "-" "Mozilla/5.0 (compatible; Ask Jeeves/Teoma; +http://about.ask.com/en/docs/about/webmasters.shtml)"
74.52.43.10 - - [01/Jul/2009:16:06:12 +0200] "GET /robots.txt HTTP/1.0" 200 64 "-" "gh-index-bot/Nutch-1.0 (GH Web Search.; lucene.apache.org; gh_email at someplace dot com)"
74.52.43.10 - - [01/Jul/2009:16:06:13 +0200] "GET / HTTP/1.0" 200 7869 "-" "gh-index-bot/Nutch-1.0 (GH Web Search.; lucene.apache.org; gh_email at someplace dot com)"
38.99.44.105 - - [01/Jul/2009:16:24:40 +0200] "GET /robots.txt HTTP/1.0" 200 64 "-" "Mozilla/5.0 (Twiceler-0.9 http://www.cuil.com/twiceler/robot.html)"
65.55.51.110 - - [01/Jul/2009:17:36:31 +0200] "GET /robots.txt HTTP/1.1" 200 64 "-" "msnbot/2.0b (+http://search.msn.com/msnbot.htm)"
72.14.199.8 - - [01/Jul/2009:17:48:54 +0200] "GET / HTTP/1.1" 302 353 "-" "Feedfetcher-Google; (+http://www.google.com/feedfetcher.html; 1 subscribers; feed-id=5454548576667470243)"
74.86.223.42 - - [01/Jul/2009:17:54:33 +0200] "GET / HTTP/1.1" 206 7869 "http://www.followsite.com/bot.html" "FollowSite Bot ( http://www.followsite.com/bot.html )"
72.14.199.85 - - [01/Jul/2009:17:54:34 +0200] "GET /zampa/ HTTP/1.1" 200 7153 "-" "Feedfetcher-Google; (+http://www.google.com/feedfetcher.html; 1 subscribers; feed-id=5454548576667470243)"
38.99.44.105 - - [01/Jul/2009:17:56:07 +0200] "GET /logz_old.html HTTP/1.0" 404 2748 "-" "Mozilla/5.0 (Twiceler-0.9 http://www.cuil.com/twiceler/robot.html)"
219.234.81.33 - - [01/Jul/2009:17:59:19 +0200] "GET /robots.txt HTTP/1.1" 200 64 "-" "-"
219.234.81.33 - - [01/Jul/2009:17:59:19 +0200] "GET / HTTP/1.1" 200 7869 "-" "Mozilla/4.0 (compatible; MSIE 6.0; Windows NT 5.1; SV1; Avant Browser; InfoPath.1; .NET CLR 2.0.50727; .NET CLR1.1.4322)"
65.55.106.114 - - [01/Jul/2009:18:00:32 +0200] "GET /robots.txt HTTP/1.1" 200 64 "-" "msnbot/2.0b (+http://search.msn.com/msnbot.htm)"
81.23.190.18 - - [01/Jul/2009:18:20:02 +0200] "GET / HTTP/1.1" 200 7869 "http://smoking2.thumblogger.com/" "Mozilla/4.0 (compatible; MSIE 5.01; Windows 98)"
81.23.190.18 - - [01/Jul/2009:18:20:02 +0200] "GET / HTTP/1.1" 200 7869 "http://smoking2.thumblogger.com/" "Mozilla/4.0 (compatible; MSIE 5.01; Windows 98)"
81.23.190.18 - - [01/Jul/2009:18:20:02 +0200] "GET / HTTP/1.1" 200 7869 "http://smoking2.thumblogger.com/" "Mozilla/4.0 (compatible; MSIE 5.01; Windows 98)"
81.23.190.18 - - [01/Jul/2009:18:20:02 +0200] "GET / HTTP/1.1" 200 7869 "http://smoking2.thumblogger.com/" "Mozilla/4.0 (compatible; MSIE 5.01; Windows 98)"
81.23.190.18 - - [01/Jul/2009:18:20:02 +0200] "GET / HTTP/1.1" 200 7869 "http://smoking2.thumblogger.com/" "Mozilla/4.0 (compatible; MSIE 5.01; Windows 98)"
81.23.190.18 - - [01/Jul/2009:18:20:02 +0200] "GET / HTTP/1.1" 200 7869 "http://smoking2.thumblogger.com/" "Mozilla/4.0 (compatible; MSIE 5.01; Windows 98)"
81.23.190.18 - - [01/Jul/2009:18:20:02 +0200] "GET / HTTP/1.1" 200 7869 "http://smoking2.thumblogger.com/" "Mozilla/4.0 (compatible; MSIE 5.01; Windows 98)"
81.23.190.18 - - [01/Jul/2009:18:20:02 +0200] "GET / HTTP/1.1" 200 7869 "http://smoking2.thumblogger.com/" "Mozilla/4.0 (compatible; MSIE 5.01; Windows 98)"
81.23.190.18 - - [01/Jul/2009:18:20:02 +0200] "GET / HTTP/1.1" 200 7869 "http://smoking2.thumblogger.com/" "Mozilla/4.0 (compatible; MSIE 5.01; Windows 98)"
81.23.190.18 - - [01/Jul/2009:18:20:02 +0200] "GET / HTTP/1.1" 200 7869 "http://smoking2.thumblogger.com/" "Mozilla/4.0 (compatible; MSIE 5.01; Windows 98)"
81.23.190.18 - - [01/Jul/2009:18:20:03 +0200] "GET / HTTP/1.1" 200 7869 "http://smoking2.thumblogger.com/" "Mozilla/4.0 (compatible; MSIE 5.01; Windows 98)"
81.23.190.18 - - [01/Jul/2009:18:20:03 +0200] "GET / HTTP/1.1" 200 7869 "http://smoking2.thumblogger.com/" "Mozilla/4.0 (compatible; MSIE 5.01; Windows 98)"
81.23.190.18 - - [01/Jul/2009:18:20:03 +0200] "GET / HTTP/1.1" 200 7869 "http://smoking2.thumblogger.com/" "Mozilla/4.0 (compatible; MSIE 5.01; Windows 98)"
81.23.190.18 - - [01/Jul/2009:18:20:03 +0200] "GET / HTTP/1.1" 200 7869 "http://smoking2.thumblogger.com/" "Mozilla/4.0 (compatible; MSIE 5.01; Windows 98)"
81.23.190.18 - - [01/Jul/2009:18:20:04 +0200] "GET / HTTP/1.1" 200 7869 "http://smoking2.thumblogger.com/" "Mozilla/4.0 (compatible; MSIE 5.01; Windows 98)"
81.23.190.18 - - [01/Jul/2009:18:20:04 +0200] "GET / HTTP/1.1" 200 7869 "http://smoking2.thumblogger.com/" "Mozilla/4.0 (compatible; MSIE 5.01; Windows 98)"
81.23.190.18 - - [01/Jul/2009:18:20:04 +0200] "GET / HTTP/1.1" 200 7869 "http://smoking2.thumblogger.com/" "Mozilla/4.0 (compatible; MSIE 5.01; Windows 98)"
81.23.190.18 - - [01/Jul/2009:18:20:04 +0200] "GET / HTTP/1.1" 200 7869 "http://smoking2.thumblogger.com/" "Mozilla/4.0 (compatible; MSIE 5.01; Windows 98)"
81.23.190.18 - - [01/Jul/2009:18:20:04 +0200] "GET / HTTP/1.1" 200 7869 "http://smoking2.thumblogger.com/" "Mozilla/4.0 (compatible; MSIE 5.01; Windows 98)"
81.23.190.18 - - [01/Jul/2009:18:20:04 +0200] "GET / HTTP/1.1" 200 7869 "http://smoking2.thumblogger.com/" "Mozilla/4.0 (compatible; MSIE 5.01; Windows 98)"
81.23.190.18 - - [01/Jul/2009:18:20:05 +0200] "GET / HTTP/1.1" 200 7869 "http://smoking2.thumblogger.com/" "Mozilla/4.0 (compatible; MSIE 5.01; Windows 98)"
81.23.190.18 - - [01/Jul/2009:18:20:05 +0200] "GET / HTTP/1.1" 200 7869 "http://smoking2.thumblogger.com/" "Mozilla/4.0 (compatible; MSIE 5.01; Windows 98)"
81.23.190.18 - - [01/Jul/2009:18:20:05 +0200] "GET / HTTP/1.1" 200 7869 "http://smoking2.thumblogger.com/" "Mozilla/4.0 (compatible; MSIE 5.01; Windows 98)"
81.23.190.18 - - [01/Jul/2009:18:20:05 +0200] "GET / HTTP/1.1" 200 7869 "http://smoking2.thumblogger.com/" "Mozilla/4.0 (compatible; MSIE 5.01; Windows 98)"
81.23.190.18 - - [01/Jul/2009:18:20:05 +0200] "GET / HTTP/1.1" 200 7869 "http://smoking2.thumblogger.com/" "Mozilla/4.0 (compatible; MSIE 5.01; Windows 98)"
81.23.190.18 - - [01/Jul/2009:18:20:05 +0200] "GET / HTTP/1.1" 200 7869 "http://smoking2.thumblogger.com/" "Mozilla/4.0 (compatible; MSIE 5.01; Windows 98)"
81.23.190.18 - - [01/Jul/2009:18:20:06 +0200] "GET / HTTP/1.1" 200 7869 "http://smoking2.thumblogger.com/" "Mozilla/4.0 (compatible; MSIE 5.01; Windows 98)"
81.23.190.18 - - [01/Jul/2009:18:20:06 +0200] "GET / HTTP/1.1" 200 7869 "http://smoking2.thumblogger.com/" "Mozilla/4.0 (compatible; MSIE 5.01; Windows 98)"
81.23.190.18 - - [01/Jul/2009:18:20:06 +0200] "GET / HTTP/1.1" 200 7869 "http://smoking2.thumblogger.com/" "Mozilla/4.0 (compatible; MSIE 5.01; Windows 98)"
81.23.190.18 - - [01/Jul/2009:18:20:06 +0200] "GET / HTTP/1.1" 200 7869 "http://smoking2.thumblogger.com/" "Mozilla/4.0 (compatible; MSIE 5.01; Windows 98)"
81.23.190.18 - - [01/Jul/2009:18:20:06 +0200] "GET / HTTP/1.1" 200 7869 "http://smoking2.thumblogger.com/" "Mozilla/4.0 (compatible; MSIE 5.01; Windows 98)"
81.23.190.18 - - [01/Jul/2009:18:20:06 +0200] "GET / HTTP/1.1" 200 7869 "http://smoking2.thumblogger.com/" "Mozilla/4.0 (compatible; MSIE 5.5; Windows 98)"
81.23.190.18 - - [01/Jul/2009:18:20:07 +0200] "GET / HTTP/1.1" 200 7869 "http://smoking2.thumblogger.com/" "Mozilla/4.0 (compatible; MSIE 5.01; Windows 98)"
81.23.190.18 - - [01/Jul/2009:18:20:07 +0200] "GET / HTTP/1.1" 200 7869 "http://smoking2.thumblogger.com/" "Mozilla/4.0 (compatible; MSIE 5.01; Windows 98)"
81.23.190.18 - - [01/Jul/2009:18:20:07 +0200] "GET / HTTP/1.1" 200 7869 "http://smoking2.thumblogger.com/" "Mozilla/4.0 (compatible; MSIE 5.01; Windows 98)"
81.23.190.18 - - [01/Jul/2009:18:20:07 +0200] "GET / HTTP/1.1" 200 7869 "http://smoking2.thumblogger.com/" "Mozilla/4.0 (compatible; MSIE 5.01; Windows 98)"
81.23.190.18 - - [01/Jul/2009:18:20:07 +0200] "GET / HTTP/1.1" 200 7869 "http://smoking2.thumblogger.com/" "Mozilla/4.0 (compatible; MSIE 5.01; Windows 98)"
81.23.190.18 - - [01/Jul/2009:18:20:07 +0200] "GET / HTTP/1.1" 200 7869 "http://smoking2.thumblogger.com/" "Mozilla/4.0 (compatible; MSIE 5.01; Windows 98)"
81.23.190.18 - - [01/Jul/2009:18:20:07 +0200] "GET / HTTP/1.1" 200 7869 "http://smoking2.thumblogger.com/" "Mozilla/4.0 (compatible; MSIE 5.01; Windows 98)"
81.23.190.18 - - [01/Jul/2009:18:20:08 +0200] "GET / HTTP/1.1" 200 7869 "http://smoking2.thumblogger.com/" "Mozilla/4.0 (compatible; MSIE 5.01; Windows 98)"
81.23.190.18 - - [01/Jul/2009:18:20:08 +0200] "GET / HTTP/1.1" 200 7869 "http://smoking2.thumblogger.com/" "Mozilla/4.0 (compatible; MSIE 5.01; Windows 98)"
81.23.190.18 - - [01/Jul/2009:18:20:08 +0200] "GET / HTTP/1.1" 200 7869 "http://smoking2.thumblogger.com/" "Mozilla/4.0 (compatible; MSIE 5.01; Windows 98)"
81.23.190.18 - - [01/Jul/2009:18:20:08 +0200] "GET / HTTP/1.1" 200 7869 "http://smoking2.thumblogger.com/" "Mozilla/4.0 (compatible; MSIE 5.01; Windows 98)"
81.23.190.18 - - [01/Jul/2009:18:20:08 +0200] "GET / HTTP/1.1" 200 7869 "http://smoking2.thumblogger.com/" "Mozilla/4.0 (compatible; MSIE 5.01; Windows 98)"
81.23.190.18 - - [01/Jul/2009:18:20:08 +0200] "GET / HTTP/1.1" 200 7869 "http://smoking2.thumblogger.com/" "Mozilla/4.0 (compatible; MSIE 5.01; Windows 98)"
81.23.190.18 - - [01/Jul/2009:18:20:09 +0200] "GET / HTTP/1.1" 200 7869 "http://smoking2.thumblogger.com/" "Mozilla/4.0 (compatible; MSIE 5.01; Windows 98)"
81.23.190.18 - - [01/Jul/2009:18:20:09 +0200] "GET / HTTP/1.1" 200 7869 "http://smoking2.thumblogger.com/" "Mozilla/4.0 (compatible; MSIE 5.01; Windows 98)"
81.23.190.18 - - [01/Jul/2009:18:20:09 +0200] "GET / HTTP/1.1" 200 7869 "http://smoking2.thumblogger.com/" "Mozilla/4.0 (compatible; MSIE 5.01; Windows 98)"
81.23.190.18 - - [01/Jul/2009:18:20:09 +0200] "GET / HTTP/1.1" 200 7869 "http://smoking2.thumblogger.com/" "Mozilla/4.0 (compatible; MSIE 5.01; Windows 98)"
81.23.190.18 - - [01/Jul/2009:18:20:09 +0200] "GET / HTTP/1.1" 200 7869 "http://smoking2.thumblogger.com/" "Mozilla/4.0 (compatible; MSIE 5.01; Windows 98)"
81.23.190.18 - - [01/Jul/2009:18:20:09 +0200] "GET / HTTP/1.1" 200 7869 "http://smoking2.thumblogger.com/" "Mozilla/4.0 (compatible; MSIE 5.01; Windows 98)"
81.23.190.18 - - [01/Jul/2009:18:20:10 +0200] "GET / HTTP/1.1" 200 7869 "http://smoking2.thumblogger.com/" "Mozilla/4.0 (compatible; MSIE 5.01; Windows 98)"
81.23.190.18 - - [01/Jul/2009:18:20:10 +0200] "GET / HTTP/1.1" 200 7869 "http://smoking2.thumblogger.com/" "Mozilla/4.0 (compatible; MSIE 5.01; Windows 98)"
81.23.190.18 - - [01/Jul/2009:18:20:10 +0200] "GET / HTTP/1.1" 200 7869 "http://smoking2.thumblogger.com/" "Mozilla/4.0 (compatible; MSIE 5.01; Windows 98)"
81.23.190.18 - - [01/Jul/2009:18:20:10 +0200] "GET / HTTP/1.1" 200 7869 "http://smoking2.thumblogger.com/" "Mozilla/4.0 (compatible; MSIE 5.01; Windows 98)"
81.23.190.18 - - [01/Jul/2009:18:20:10 +0200] "GET / HTTP/1.1" 200 7869 "http://smoking2.thumblogger.com/" "Mozilla/4.0 (compatible; MSIE 5.01; Windows 98)"
81.23.190.18 - - [01/Jul/2009:18:20:11 +0200] "GET / HTTP/1.1" 200 7869 "http://smoking2.thumblogger.com/" "Mozilla/4.0 (compatible; MSIE 5.01; Windows 98)"
81.23.190.18 - - [01/Jul/2009:18:20:11 +0200] "GET / HTTP/1.1" 200 7869 "http://smoking2.thumblogger.com/" "Mozilla/4.0 (compatible; MSIE 5.01; Windows 98)"
81.23.190.18 - - [01/Jul/2009:18:20:11 +0200] "GET / HTTP/1.1" 200 7869 "http://smoking2.thumblogger.com/" "Mozilla/4.0 (compatible; MSIE 5.01; Windows 98)"
81.23.190.18 - - [01/Jul/2009:18:20:11 +0200] "GET / HTTP/1.1" 200 7869 "http://smoking2.thumblogger.com/" "Mozilla/4.0 (compatible; MSIE 5.01; Windows 98)"
81.23.190.18 - - [01/Jul/2009:18:20:11 +0200] "GET / HTTP/1.1" 200 7869 "http://smoking2.thumblogger.com/" "Mozilla/4.0 (compatible; MSIE 5.01; Windows 98)"
81.23.190.18 - - [01/Jul/2009:18:20:11 +0200] "GET / HTTP/1.1" 200 7869 "http://smoking2.thumblogger.com/" "Mozilla/4.0 (compatible; MSIE 5.01; Windows 98)"
81.23.190.18 - - [01/Jul/2009:18:20:11 +0200] "GET / HTTP/1.1" 200 7869 "http://smoking2.thumblogger.com/" "Mozilla/4.0 (compatible; MSIE 5.01; Windows 98)"
81.23.190.18 - - [01/Jul/2009:18:20:11 +0200] "GET / HTTP/1.1" 200 7869 "http://smoking2.thumblogger.com/" "Mozilla/4.0 (compatible; MSIE 5.01; Windows 98)"
81.23.190.18 - - [01/Jul/2009:18:20:12 +0200] "GET / HTTP/1.1" 200 7869 "http://smoking2.thumblogger.com/" "Mozilla/4.0 (compatible; MSIE 5.01; Windows 98)"
81.23.190.18 - - [01/Jul/2009:18:20:12 +0200] "GET / HTTP/1.1" 200 7869 "http://smoking2.thumblogger.com/" "Mozilla/4.0 (compatible; MSIE 5.01; Windows 98)"
81.23.190.18 - - [01/Jul/2009:18:20:12 +0200] "GET / HTTP/1.1" 200 7869 "http://smoking2.thumblogger.com/" "Mozilla/4.0 (compatible; MSIE 5.01; Windows 98)"
81.23.190.18 - - [01/Jul/2009:18:20:12 +0200] "GET / HTTP/1.1" 200 7869 "http://smoking2.thumblogger.com/" "Mozilla/4.0 (compatible; MSIE 5.01; Windows 98)"
81.23.190.18 - - [01/Jul/2009:18:20:12 +0200] "GET / HTTP/1.1" 200 7869 "http://smoking2.thumblogger.com/" "Mozilla/4.0 (compatible; MSIE 5.01; Windows 98)"
81.23.190.18 - - [01/Jul/2009:18:20:12 +0200] "GET / HTTP/1.1" 200 7869 "http://smoking2.thumblogger.com/" "Mozilla/4.0 (compatible; MSIE 5.01; Windows 98)"
81.23.190.18 - - [01/Jul/2009:18:20:13 +0200] "GET / HTTP/1.1" 200 7869 "http://smoking2.thumblogger.com/" "Mozilla/4.0 (compatible; MSIE 5.01; Windows 98)"
81.23.190.18 - - [01/Jul/2009:18:20:13 +0200] "GET / HTTP/1.1" 200 7869 "http://smoking2.thumblogger.com/" "Mozilla/4.0 (compatible; MSIE 5.01; Windows 98)"
81.23.190.18 - - [01/Jul/2009:18:20:13 +0200] "GET / HTTP/1.1" 200 7869 "http://smoking2.thumblogger.com/" "Mozilla/4.0 (compatible; MSIE 5.01; Windows 98)"
81.23.190.18 - - [01/Jul/2009:18:20:13 +0200] "GET / HTTP/1.1" 200 7869 "http://smoking2.thumblogger.com/" "Mozilla/4.0 (compatible; MSIE 5.01; Windows 98)"
81.23.190.18 - - [01/Jul/2009:18:20:13 +0200] "GET / HTTP/1.1" 200 7869 "http://smoking2.thumblogger.com/" "Mozilla/4.0 (compatible; MSIE 5.01; Windows 98)"
81.23.190.18 - - [01/Jul/2009:18:20:13 +0200] "GET / HTTP/1.1" 200 7869 "http://smoking2.thumblogger.com/" "Mozilla/4.0 (compatible; MSIE 5.01; Windows 98)"
81.23.190.18 - - [01/Jul/2009:18:20:13 +0200] "GET / HTTP/1.1" 200 7869 "http://smoking2.thumblogger.com/" "Mozilla/4.0 (compatible; MSIE 5.01; Windows 98)"
81.23.190.18 - - [01/Jul/2009:18:20:14 +0200] "GET / HTTP/1.1" 200 7869 "http://smoking2.thumblogger.com/" "Mozilla/4.0 (compatible; MSIE 5.01; Windows 98)"
81.23.190.18 - - [01/Jul/2009:18:20:14 +0200] "GET / HTTP/1.1" 200 7869 "http://smoking2.thumblogger.com/" "Mozilla/4.0 (compatible; MSIE 5.01; Windows 98)"
81.23.190.18 - - [01/Jul/2009:18:20:14 +0200] "GET / HTTP/1.1" 200 7869 "http://smoking2.thumblogger.com/" "Mozilla/4.0 (compatible; MSIE 5.01; Windows 98)"
81.23.190.18 - - [01/Jul/2009:18:20:14 +0200] "GET / HTTP/1.1" 200 7869 "http://smoking2.thumblogger.com/" "Mozilla/4.0 (compatible; MSIE 5.01; Windows 98)"
81.23.190.18 - - [01/Jul/2009:18:20:14 +0200] "GET / HTTP/1.1" 200 7869 "http://smoking2.thumblogger.com/" "Mozilla/4.0 (compatible; MSIE 5.01; Windows 98)"
81.23.190.18 - - [01/Jul/2009:18:20:15 +0200] "GET / HTTP/1.1" 200 7869 "http://smoking2.thumblogger.com/" "Mozilla/4.0 (compatible; MSIE 5.01; Windows 98)"
81.23.190.18 - - [01/Jul/2009:18:20:15 +0200] "GET / HTTP/1.1" 200 7869 "http://smoking2.thumblogger.com/" "Mozilla/4.0 (compatible; MSIE 5.01; Windows 98)"
81.23.190.18 - - [01/Jul/2009:18:20:15 +0200] "GET / HTTP/1.1" 200 7869 "http://smoking2.thumblogger.com/" "Mozilla/4.0 (compatible; MSIE 5.01; Windows 98)"
81.23.190.18 - - [01/Jul/2009:18:20:15 +0200] "GET / HTTP/1.1" 200 7869 "http://smoking2.thumblogger.com/" "Mozilla/4.0 (compatible; MSIE 5.01; Windows 98)"
81.23.190.18 - - [01/Jul/2009:18:20:15 +0200] "GET / HTTP/1.1" 200 7869 "http://smoking2.thumblogger.com/" "Mozilla/4.0 (compatible; MSIE 5.01; Windows 98)"
81.23.190.18 - - [01/Jul/2009:18:20:15 +0200] "GET / HTTP/1.1" 200 7869 "http://smoking2.thumblogger.com/" "Mozilla/4.0 (compatible; MSIE 5.01; Windows 98)"
81.23.190.18 - - [01/Jul/2009:18:20:15 +0200] "GET / HTTP/1.1" 200 7869 "http://smoking2.thumblogger.com/" "Mozilla/4.0 (compatible; MSIE 5.01; Windows 98)"
81.23.190.18 - - [01/Jul/2009:18:20:16 +0200] "GET / HTTP/1.1" 200 7869 "http://smoking2.thumblogger.com/" "Mozilla/4.0 (compatible; MSIE 5.01; Windows 98)"
81.23.190.18 - - [01/Jul/2009:18:20:16 +0200] "GET / HTTP/1.1" 200 7869 "http://smoking2.thumblogger.com/" "Mozilla/4.0 (compatible; MSIE 5.01; Windows 98)"
81.23.190.18 - - [01/Jul/2009:18:20:16 +0200] "GET / HTTP/1.1" 200 7869 "http://smoking2.thumblogger.com/" "Mozilla/4.0 (compatible; MSIE 5.01; Windows 98)"
81.23.190.18 - - [01/Jul/2009:18:20:16 +0200] "GET / HTTP/1.1" 200 7869 "http://smoking2.thumblogger.com/" "Mozilla/4.0 (compatible; MSIE 5.01; Windows 98)"
81.23.190.18 - - [01/Jul/2009:18:20:16 +0200] "GET / HTTP/1.1" 200 7869 "http://smoking2.thumblogger.com/" "Mozilla/4.0 (compatible; MSIE 5.01; Windows 98)"
81.23.190.18 - - [01/Jul/2009:18:20:16 +0200] "GET / HTTP/1.1" 200 7869 "http://smoking2.thumblogger.com/" "Mozilla/4.0 (compatible; MSIE 5.01; Windows 98)"
81.23.190.18 - - [01/Jul/2009:18:20:16 +0200] "GET / HTTP/1.1" 200 7869 "http://smoking2.thumblogger.com/" "Mozilla/4.0 (compatible; MSIE 5.01; Windows 98)"
81.23.190.18 - - [01/Jul/2009:18:20:17 +0200] "GET / HTTP/1.1" 200 7869 "http://smoking2.thumblogger.com/" "Mozilla/4.0 (compatible; MSIE 5.01; Windows 98)"
81.23.190.18 - - [01/Jul/2009:18:20:17 +0200] "GET / HTTP/1.1" 200 7869 "http://smoking2.thumblogger.com/" "Mozilla/4.0 (compatible; MSIE 5.01; Windows 98)"
81.23.190.18 - - [01/Jul/2009:18:20:17 +0200] "GET / HTTP/1.1" 200 7869 "http://smoking2.thumblogger.com/" "Mozilla/4.0 (compatible; MSIE 5.01; Windows 98)"
81.23.190.18 - - [01/Jul/2009:18:20:17 +0200] "GET / HTTP/1.1" 200 7869 "http://smoking2.thumblogger.com/" "Mozilla/4.0 (compatible; MSIE 5.01; Windows 98)"
81.23.190.18 - - [01/Jul/2009:18:20:17 +0200] "GET / HTTP/1.1" 200 7869 "http://smoking2.thumblogger.com/" "Mozilla/4.0 (compatible; MSIE 5.01; Windows 98)"
81.23.190.18 - - [01/Jul/2009:18:20:17 +0200] "GET / HTTP/1.1" 200 7869 "http://smoking2.thumblogger.com/" "Mozilla/4.0 (compatible; MSIE 5.01; Windows 98)"
81.23.190.18 - - [01/Jul/2009:18:20:18 +0200] "GET / HTTP/1.1" 200 7869 "http://smoking2.thumblogger.com/" "Mozilla/4.0 (compatible; MSIE 5.01; Windows 98)"
81.23.190.18 - - [01/Jul/2009:18:20:18 +0200] "GET / HTTP/1.1" 200 7869 "http://stoping-smoking.blogspot.com/" "Mozilla/4.0 (compatible; MSIE 5.01; Windows 98)"
81.23.190.18 - - [01/Jul/2009:18:20:18 +0200] "GET / HTTP/1.1" 200 7869 "http://stoping-smoking.blogspot.com/" "Mozilla/4.0 (compatible; MSIE 5.01; Windows 98)"
81.23.190.18 - - [01/Jul/2009:18:20:18 +0200] "GET / HTTP/1.1" 200 7869 "http://stoping-smoking.blogspot.com/" "Mozilla/4.0 (compatible; MSIE 5.01; Windows 98)"
81.23.190.18 - - [01/Jul/2009:18:20:18 +0200] "GET / HTTP/1.1" 200 7869 "http://stoping-smoking.blogspot.com/" "Mozilla/4.0 (compatible; MSIE 5.01; Windows 98)"
81.23.190.18 - - [01/Jul/2009:18:20:18 +0200] "GET / HTTP/1.1" 200 7869 "http://stoping-smoking.blogspot.com/" "Mozilla/4.0 (compatible; MSIE 5.01; Windows 98)"
81.23.190.18 - - [01/Jul/2009:18:20:18 +0200] "GET / HTTP/1.1" 200 7869 "http://stoping-smoking.blogspot.com/" "Mozilla/4.0 (compatible; MSIE 5.01; Windows 98)"
81.23.190.18 - - [01/Jul/2009:18:20:19 +0200] "GET / HTTP/1.1" 200 7869 "http://stoping-smoking.blogspot.com/" "Mozilla/4.0 (compatible; MSIE 5.01; Windows 98)"
81.23.190.18 - - [01/Jul/2009:18:20:19 +0200] "GET / HTTP/1.1" 200 7869 "http://stoping-smoking.blogspot.com/" "Mozilla/4.0 (compatible; MSIE 5.01; Windows 98)"
81.23.190.18 - - [01/Jul/2009:18:20:19 +0200] "GET / HTTP/1.1" 200 7869 "http://stoping-smoking.blogspot.com/" "Mozilla/4.0 (compatible; MSIE 5.01; Windows 98)"
81.23.190.18 - - [01/Jul/2009:18:20:19 +0200] "GET / HTTP/1.1" 200 7869 "http://stoping-smoking.blogspot.com/" "Mozilla/4.0 (compatible; MSIE 5.01; Windows 98)"
81.23.190.18 - - [01/Jul/2009:18:20:19 +0200] "GET / HTTP/1.1" 200 7869 "http://stoping-smoking.blogspot.com/" "Mozilla/4.0 (compatible; MSIE 5.01; Windows 98)"
81.23.190.18 - - [01/Jul/2009:18:20:19 +0200] "GET / HTTP/1.1" 200 7869 "http://stoping-smoking.blogspot.com/" "Mozilla/4.0 (compatible; MSIE 5.01; Windows 98)"
81.23.190.18 - - [01/Jul/2009:18:20:20 +0200] "GET / HTTP/1.1" 200 7869 "http://stoping-smoking.blogspot.com/" "Mozilla/4.0 (compatible; MSIE 5.01; Windows 98)"
81.23.190.18 - - [01/Jul/2009:18:20:20 +0200] "GET / HTTP/1.1" 200 7869 "http://stoping-smoking.blogspot.com/" "Mozilla/4.0 (compatible; MSIE 5.01; Windows 98)"
81.23.190.18 - - [01/Jul/2009:18:20:20 +0200] "GET / HTTP/1.1" 200 7869 "http://stoping-smoking.blogspot.com/" "Mozilla/4.0 (compatible; MSIE 5.01; Windows 98)"
81.23.190.18 - - [01/Jul/2009:18:20:20 +0200] "GET / HTTP/1.1" 200 7869 "http://stoping-smoking.blogspot.com/" "Mozilla/4.0 (compatible; MSIE 5.01; Windows 98)"
81.23.190.18 - - [01/Jul/2009:18:20:20 +0200] "GET / HTTP/1.1" 200 7869 "http://stoping-smoking.blogspot.com/" "Mozilla/4.0 (compatible; MSIE 5.01; Windows 98)"
81.23.190.18 - - [01/Jul/2009:18:20:20 +0200] "GET / HTTP/1.1" 200 7869 "http://stoping-smoking.blogspot.com/" "Mozilla/4.0 (compatible; MSIE 5.01; Windows 98)"
81.23.190.18 - - [01/Jul/2009:18:20:21 +0200] "GET / HTTP/1.1" 200 7869 "http://stoping-smoking.blogspot.com/" "Mozilla/4.0 (compatible; MSIE 5.01; Windows 98)"
81.23.190.18 - - [01/Jul/2009:18:20:21 +0200] "GET / HTTP/1.1" 200 7869 "http://stoping-smoking.blogspot.com/" "Mozilla/4.0 (compatible; MSIE 5.01; Windows 98)"
81.23.190.18 - - [01/Jul/2009:18:20:21 +0200] "GET / HTTP/1.1" 200 7869 "http://stoping-smoking.blogspot.com/" "Mozilla/4.0 (compatible; MSIE 5.01; Windows 98)"
81.23.190.18 - - [01/Jul/2009:18:20:21 +0200] "GET / HTTP/1.1" 200 7869 "http://stoping-smoking.blogspot.com/" "Mozilla/4.0 (compatible; MSIE 5.01; Windows 98)"
81.23.190.18 - - [01/Jul/2009:18:20:21 +0200] "GET / HTTP/1.1" 200 7869 "http://stoping-smoking.blogspot.com/" "Mozilla/4.0 (compatible; MSIE 5.01; Windows 98)"
81.23.190.18 - - [01/Jul/2009:18:20:21 +0200] "GET / HTTP/1.1" 200 7869 "http://stoping-smoking.blogspot.com/" "Mozilla/4.0 (compatible; MSIE 5.01; Windows 98)"
81.23.190.18 - - [01/Jul/2009:18:20:21 +0200] "GET / HTTP/1.1" 200 7869 "http://stoping-smoking.blogspot.com/" "Mozilla/4.0 (compatible; MSIE 5.01; Windows 98)"
81.23.190.18 - - [01/Jul/2009:18:20:22 +0200] "GET / HTTP/1.1" 200 7869 "http://stoping-smoking.blogspot.com/" "Mozilla/4.0 (compatible; MSIE 5.01; Windows 98)"
81.23.190.18 - - [01/Jul/2009:18:20:22 +0200] "GET / HTTP/1.1" 200 7869 "http://stoping-smoking.blogspot.com/" "Mozilla/4.0 (compatible; MSIE 5.01; Windows 98)"
81.23.190.18 - - [01/Jul/2009:18:20:22 +0200] "GET / HTTP/1.1" 200 7869 "http://stoping-smoking.blogspot.com/" "Mozilla/4.0 (compatible; MSIE 5.01; Windows 98)"
81.23.190.18 - - [01/Jul/2009:18:20:22 +0200] "GET / HTTP/1.1" 200 7869 "http://stoping-smoking.blogspot.com/" "Mozilla/4.0 (compatible; MSIE 5.01; Windows 98)"
81.23.190.18 - - [01/Jul/2009:18:20:22 +0200] "GET / HTTP/1.1" 200 7869 "http://stoping-smoking.blogspot.com/" "Mozilla/4.0 (compatible; MSIE 5.01; Windows 98)"
81.23.190.18 - - [01/Jul/2009:18:20:22 +0200] "GET / HTTP/1.1" 200 7869 "http://stoping-smoking.blogspot.com/" "Mozilla/4.0 (compatible; MSIE 5.01; Windows 98)"
81.23.190.18 - - [01/Jul/2009:18:20:23 +0200] "GET / HTTP/1.1" 200 7869 "http://stoping-smoking.blogspot.com/" "Mozilla/4.0 (compatible; MSIE 5.01; Windows 98)"
81.23.190.18 - - [01/Jul/2009:18:20:23 +0200] "GET / HTTP/1.1" 200 7869 "http://stoping-smoking.blogspot.com/" "Mozilla/4.0 (compatible; MSIE 5.01; Windows 98)"
81.23.190.18 - - [01/Jul/2009:18:20:23 +0200] "GET / HTTP/1.1" 200 7869 "http://stoping-smoking.blogspot.com/" "Mozilla/4.0 (compatible; MSIE 5.01; Windows 98)"
81.23.190.18 - - [01/Jul/2009:18:20:23 +0200] "GET / HTTP/1.1" 200 7869 "http://stoping-smoking.blogspot.com/" "Mozilla/4.0 (compatible; MSIE 5.01; Windows 98)"
81.23.190.18 - - [01/Jul/2009:18:20:23 +0200] "GET / HTTP/1.1" 200 7869 "http://stoping-smoking.blogspot.com/" "Mozilla/4.0 (compatible; MSIE 5.01; Windows 98)"
81.23.190.18 - - [01/Jul/2009:18:20:23 +0200] "GET / HTTP/1.1" 200 7869 "http://stoping-smoking.blogspot.com/" "Mozilla/4.0 (compatible; MSIE 5.01; Windows 98)"
81.23.190.18 - - [01/Jul/2009:18:20:24 +0200] "GET / HTTP/1.1" 200 7869 "http://stoping-smoking.blogspot.com/" "Mozilla/4.0 (compatible; MSIE 5.01; Windows 98)"
81.23.190.18 - - [01/Jul/2009:18:20:24 +0200] "GET / HTTP/1.1" 200 7869 "http://stoping-smoking.blogspot.com/" "Mozilla/4.0 (compatible; MSIE 5.01; Windows 98)"
81.23.190.18 - - [01/Jul/2009:18:20:24 +0200] "GET / HTTP/1.1" 200 7869 "http://stoping-smoking.blogspot.com/" "Mozilla/4.0 (compatible; MSIE 5.01; Windows 98)"
81.23.190.18 - - [01/Jul/2009:18:20:24 +0200] "GET / HTTP/1.1" 200 7869 "http://stoping-smoking.blogspot.com/" "Mozilla/4.0 (compatible; MSIE 5.01; Windows 98)"
81.23.190.18 - - [01/Jul/2009:18:20:24 +0200] "GET / HTTP/1.1" 200 7869 "http://stoping-smoking.blogspot.com/" "Mozilla/4.0 (compatible; MSIE 5.01; Windows 98)"
81.23.190.18 - - [01/Jul/2009:18:20:24 +0200] "GET / HTTP/1.1" 200 7869 "http://stoping-smoking.blogspot.com/" "Mozilla/4.0 (compatible; MSIE 5.01; Windows 98)"
81.23.190.18 - - [01/Jul/2009:18:20:24 +0200] "GET / HTTP/1.1" 200 7869 "http://stoping-smoking.blogspot.com/" "Mozilla/4.0 (compatible; MSIE 5.01; Windows 98)"
81.23.190.18 - - [01/Jul/2009:18:20:25 +0200] "GET / HTTP/1.1" 200 7869 "http://stoping-smoking.blogspot.com/" "Mozilla/4.0 (compatible; MSIE 5.01; Windows 98)"
81.23.190.18 - - [01/Jul/2009:18:20:25 +0200] "GET / HTTP/1.1" 200 7869 "http://stoping-smoking.blogspot.com/" "Mozilla/4.0 (compatible; MSIE 5.01; Windows 98)"
81.23.190.18 - - [01/Jul/2009:18:20:25 +0200] "GET / HTTP/1.1" 200 7869 "http://stoping-smoking.blogspot.com/" "Mozilla/4.0 (compatible; MSIE 5.01; Windows 98)"
81.23.190.18 - - [01/Jul/2009:18:20:25 +0200] "GET / HTTP/1.1" 200 7869 "http://stoping-smoking.blogspot.com/" "Mozilla/4.0 (compatible; MSIE 5.01; Windows 98)"
81.23.190.18 - - [01/Jul/2009:18:20:25 +0200] "GET / HTTP/1.1" 200 7869 "http://stoping-smoking.blogspot.com/" "Mozilla/4.0 (compatible; MSIE 5.01; Windows 98)"
81.23.190.18 - - [01/Jul/2009:18:20:25 +0200] "GET / HTTP/1.1" 200 7869 "http://stoping-smoking.blogspot.com/" "Mozilla/4.0 (compatible; MSIE 5.01; Windows 98)"
81.23.190.18 - - [01/Jul/2009:18:20:26 +0200] "GET / HTTP/1.1" 200 7869 "http://stoping-smoking.blogspot.com/" "Mozilla/4.0 (compatible; MSIE 5.01; Windows 98)"
81.23.190.18 - - [01/Jul/2009:18:20:26 +0200] "GET / HTTP/1.1" 200 7869 "http://stoping-smoking.blogspot.com/" "Mozilla/4.0 (compatible; MSIE 5.01; Windows 98)"
81.23.190.18 - - [01/Jul/2009:18:20:26 +0200] "GET / HTTP/1.1" 200 7869 "http://stoping-smoking.blogspot.com/" "Mozilla/4.0 (compatible; MSIE 5.01; Windows 98)"
81.23.190.18 - - [01/Jul/2009:18:20:26 +0200] "GET / HTTP/1.1" 200 7869 "http://stoping-smoking.blogspot.com/" "Mozilla/4.0 (compatible; MSIE 5.01; Windows 98)"
