12.183.185.66 - - [02/Sep/2009:01:24:22 +0200] "GET /zampa-lovers/MILIZA_2.JPG HTTP/1.1" 200 22172 "http://www.various-euro.com/zampa-lovers/index.html" "Mozilla/5.0 (Windows; U; Windows NT 5.1; en-US; rv:1.9.0.13) Gecko/2009073022 Firefox/3.0.13 (.NET CLR 3.5.30729)"
12.183.185.66 - - [02/Sep/2009:01:24:22 +0200] "GET /bannerz/ve.jpg HTTP/1.1" 200 36912 "http://www.various-euro.com/frame-unten.html" "Mozilla/5.0 (Windows; U; Windows NT 5.1; en-US; rv:1.9.0.13) Gecko/2009073022 Firefox/3.0.13 (.NET CLR 3.5.30729)"
12.183.185.66 - - [02/Sep/2009:01:24:22 +0200] "GET /zampa-lovers/1SEITEVE.GIF HTTP/1.1" 200 78726 "http://www.various-euro.com/zampa-lovers/index.html" "Mozilla/5.0 (Windows; U; Windows NT 5.1; en-US; rv:1.9.0.13) Gecko/2009073022 Firefox/3.0.13 (.NET CLR 3.5.30729)"
12.183.185.66 - - [02/Sep/2009:01:24:23 +0200] "GET /bannerz/various-euro-girl.jpg HTTP/1.1" 200 91514 "http://www.various-euro.com/frame-unten.html" "Mozilla/5.0 (Windows; U; Windows NT 5.1; en-US; rv:1.9.0.13) Gecko/2009073022 Firefox/3.0.13 (.NET CLR 3.5.30729)"
12.183.185.66 - - [02/Sep/2009:01:24:22 +0200] "GET /zampa-lovers/2SEITEVE.GIF HTTP/1.1" 200 83466 "http://www.various-euro.com/zampa-lovers/index.html" "Mozilla/5.0 (Windows; U; Windows NT 5.1; en-US; rv:1.9.0.13) Gecko/2009073022 Firefox/3.0.13 (.NET CLR 3.5.30729)"
12.183.185.66 - - [02/Sep/2009:01:24:26 +0200] "GET /zampa-lovers/ZAMPAMA2.MPG HTTP/1.1" 200 63492 "http://www.various-euro.com/zampa-lovers/index.html" "Mozilla/5.0 (Windows; U; Windows NT 5.1; en-US; rv:1.9.0.13) Gecko/2009073022 Firefox/3.0.13 (.NET CLR 3.5.30729)"
12.183.185.66 - - [02/Sep/2009:01:24:27 +0200] "GET /zampa-lovers/WASISTMI1.MPG HTTP/1.1" 200 271221 "http://www.various-euro.com/zampa-lovers/index.html" "Mozilla/5.0 (Windows; U; Windows NT 5.1; en-US; rv:1.9.0.13) Gecko/2009073022 Firefox/3.0.13 (.NET CLR 3.5.30729)"
12.183.185.66 - - [02/Sep/2009:01:24:22 +0200] "GET /zampa-lovers/zampa.gif HTTP/1.1" 200 460627 "http://www.various-euro.com/zampa-lovers/index.html" "Mozilla/5.0 (Windows; U; Windows NT 5.1; en-US; rv:1.9.0.13) Gecko/2009073022 Firefox/3.0.13 (.NET CLR 3.5.30729)"
72.30.142.179 - - [02/Sep/2009:01:37:42 +0200] "GET /zampa/ HTTP/1.0" 200 7153 "-" "Mozilla/5.0 (compatible; Yahoo! Slurp/3.0; http://help.yahoo.com/help/us/ysearch/slurp)"
65.55.106.138 - - [02/Sep/2009:02:08:00 +0200] "GET /robots.txt HTTP/1.1" 200 64 "-" "msnbot/2.0b (+http://search.msn.com/msnbot.htm)"
65.55.106.138 - - [02/Sep/2009:02:09:05 +0200] "GET /zampa/montenegro/MILOW.html HTTP/1.0" 200 860 "-" "msnbot/2.0b (+http://search.msn.com/msnbot.htm)"
208.80.195.47 - - [02/Sep/2009:02:23:26 +0200] "GET / HTTP/1.0" 200 7869 "-" "Mozilla/4.0 (compatible; MSIE 6.0; America Online Browser 1.7-embedded; rev1.7; Windows NT 5.1; SV1; FunWebProducts)"
208.80.195.47 - - [02/Sep/2009:02:23:26 +0200] "GET / HTTP/1.0" 200 7869 "-" "Mozilla/4.0 (compatible; MSIE 6.0; Windows NT 5.1; SV1; FDM; MEGAUPLOAD 1.0)"
65.55.51.111 - - [02/Sep/2009:02:29:14 +0200] "GET /robots.txt HTTP/1.1" 200 64 "-" "msnbot/2.0b (+http://search.msn.com/msnbot.htm)"
81.52.143.32 - - [02/Sep/2009:02:39:11 +0200] "GET /f-web.html HTTP/1.1" 200 13605 "-" "Mozilla/5.0 (Windows; U; Windows NT 5.1; fr; rv:1.8.1) VoilaBot BETA 1.2 (support.voilabot@orange-ftgroup.com)"
65.55.51.70 - - [02/Sep/2009:03:05:00 +0200] "GET /robots.txt HTTP/1.1" 200 64 "-" "msnbot/2.0b (+http://search.msn.com/msnbot.htm)"
92.76.18.42 - - [02/Sep/2009:03:26:55 +0200] "GET /zampa/fleetblick/00Final-posterA1.jpg HTTP/1.1" 200 9523465 "-" "Mozilla/5.0 (Macintosh; U; PPC Mac OS X 10.4; de; rv:1.9.1.2) Gecko/20090729 Firefox/3.5.2"
92.76.18.42 - - [02/Sep/2009:03:29:38 +0200] "GET /zampa/fleetblick/00Final-posterA1.jpg HTTP/1.1" 200 9523465 "-" "Mozilla/5.0 (Macintosh; U; PPC Mac OS X 10.4; de; rv:1.9.1.2) Gecko/20090729 Firefox/3.5.2"
89.122.29.32 - - [02/Sep/2009:03:45:28 +0200] "GET / HTTP/1.1" 200 7869 "-" "Java/1.6.0_04"
89.122.29.32 - - [02/Sep/2009:03:45:29 +0200] "GET /framez.html HTTP/1.1" 200 3959 "-" "Java/1.6.0_04"
89.122.29.32 - - [02/Sep/2009:03:45:29 +0200] "GET /framez_0.html HTTP/1.1" 200 12285 "-" "Java/1.6.0_04"
89.122.29.32 - - [02/Sep/2009:03:45:29 +0200] "GET /frame-inhalt.html HTTP/1.1" 200 7688 "-" "Java/1.6.0_04"
89.122.29.32 - - [02/Sep/2009:03:45:30 +0200] "GET /frame-menu.html HTTP/1.1" 200 10500 "-" "Java/1.6.0_04"
89.122.29.32 - - [02/Sep/2009:03:45:30 +0200] "GET /frame-unten.html HTTP/1.1" 200 5308 "-" "Java/1.6.0_04"
89.122.29.32 - - [02/Sep/2009:03:45:30 +0200] "GET /f-maintitle.html HTTP/1.1" 200 5030 "-" "Java/1.6.0_04"
89.122.29.32 - - [02/Sep/2009:03:45:30 +0200] "GET /partnergegenberlin.html HTTP/1.1" 200 5022 "-" "Java/1.6.0_04"
89.122.29.32 - - [02/Sep/2009:03:45:31 +0200] "GET /f-actions.html HTTP/1.1" 200 11686 "-" "Java/1.6.0_04"
89.122.29.32 - - [02/Sep/2009:03:45:31 +0200] "GET /f-bannnerz.html HTTP/1.1" 200 12651 "-" "Java/1.6.0_04"
89.122.29.32 - - [02/Sep/2009:03:45:31 +0200] "GET /f-channel1.html HTTP/1.1" 200 9329 "-" "Java/1.6.0_04"
89.122.29.32 - - [02/Sep/2009:03:45:31 +0200] "GET /f-contact.html HTTP/1.1" 200 6804 "-" "Java/1.6.0_04"
89.122.29.32 - - [02/Sep/2009:03:45:32 +0200] "GET /f-doku-brau.html HTTP/1.1" 200 7152 "-" "Java/1.6.0_04"
89.122.29.32 - - [02/Sep/2009:03:45:32 +0200] "GET /f-euro.html HTTP/1.1" 200 12203 "-" "Java/1.6.0_04"
89.122.29.32 - - [02/Sep/2009:03:45:32 +0200] "GET /f-horrorkatze.html HTTP/1.1" 200 7865 "-" "Java/1.6.0_04"
89.122.29.32 - - [02/Sep/2009:03:45:32 +0200] "GET /f-net.html HTTP/1.1" 200 9913 "-" "Java/1.6.0_04"
89.122.29.32 - - [02/Sep/2009:03:45:33 +0200] "GET /f-other.html HTTP/1.1" 200 19851 "-" "Java/1.6.0_04"
89.122.29.32 - - [02/Sep/2009:03:45:33 +0200] "GET /f-rez.html HTTP/1.1" 200 9765 "-" "Java/1.6.0_04"
89.122.29.32 - - [02/Sep/2009:03:45:33 +0200] "GET /f-search.html HTTP/1.1" 200 11800 "-" "Java/1.6.0_04"
89.122.29.32 - - [02/Sep/2009:03:45:34 +0200] "GET /f-sponsor.html HTTP/1.1" 200 8578 "-" "Java/1.6.0_04"
89.122.29.32 - - [02/Sep/2009:03:45:34 +0200] "GET /f-warez.html HTTP/1.1" 200 10953 "-" "Java/1.6.0_04"
89.122.29.32 - - [02/Sep/2009:03:45:34 +0200] "GET /f-web.html HTTP/1.1" 200 13605 "-" "Java/1.6.0_04"
89.122.29.32 - - [02/Sep/2009:03:45:34 +0200] "GET /f-world.html HTTP/1.1" 200 35590 "-" "Java/1.6.0_04"
89.122.29.32 - - [02/Sep/2009:03:45:35 +0200] "GET /f-zeug.html HTTP/1.1" 200 59462 "-" "Java/1.6.0_04"
89.122.29.32 - - [02/Sep/2009:03:45:37 +0200] "GET /restate_copy.html HTTP/1.1" 200 97631 "-" "Java/1.6.0_04"
89.122.29.32 - - [02/Sep/2009:03:45:39 +0200] "GET /sendi_agent.html HTTP/1.1" 200 8791 "-" "Java/1.6.0_04"
89.122.29.32 - - [02/Sep/2009:03:45:39 +0200] "GET /snapshots.html HTTP/1.1" 200 4259 "-" "Java/1.6.0_04"
89.122.29.32 - - [02/Sep/2009:03:45:39 +0200] "GET /your_tour.html HTTP/1.1" 200 31664 "-" "Java/1.6.0_04"
89.122.29.32 - - [02/Sep/2009:03:45:40 +0200] "GET /framez-pgb.html HTTP/1.1" 200 4336 "-" "Java/1.6.0_04"
89.122.29.32 - - [02/Sep/2009:03:45:40 +0200] "GET /framez-actions.html HTTP/1.1" 200 4322 "-" "Java/1.6.0_04"
89.122.29.32 - - [02/Sep/2009:03:45:40 +0200] "GET /framez-contact.html HTTP/1.1" 200 4325 "-" "Java/1.6.0_04"
89.122.29.32 - - [02/Sep/2009:03:45:40 +0200] "GET /framez-dbrau.html HTTP/1.1" 200 4313 "-" "Java/1.6.0_04"
89.122.29.32 - - [02/Sep/2009:03:45:40 +0200] "GET /framez-euro.html HTTP/1.1" 200 4319 "-" "Java/1.6.0_04"
89.122.29.32 - - [02/Sep/2009:03:45:41 +0200] "GET /framez-net.html HTTP/1.1" 200 4319 "-" "Java/1.6.0_04"
89.122.29.32 - - [02/Sep/2009:03:45:41 +0200] "GET /'+veURL+advisories[i].name+' HTTP/1.1" 404 2748 "-" "Java/1.6.0_04"
89.122.29.32 - - [02/Sep/2009:03:45:41 +0200] "GET /.htm HTTP/1.1" 403 1223 "-" "Java/1.6.0_04"
89.122.29.32 - - [02/Sep/2009:03:45:41 +0200] "GET /framez-rez.html HTTP/1.1" 200 4323 "-" "Java/1.6.0_04"
89.122.29.32 - - [02/Sep/2009:03:45:42 +0200] "GET /framez-search.html HTTP/1.1" 200 4326 "-" "Java/1.6.0_04"
193.252.149.16 - - [02/Sep/2009:03:46:28 +0200] "GET /frame-inhalt.html HTTP/1.1" 200 7688 "-" "Mozilla/5.0 (Windows; U; Windows NT 5.1; fr; rv:1.8.1) VoilaBot BETA 1.2 (support.voilabot@orange-ftgroup.com)"
74.245.78.104 - - [02/Sep/2009:04:05:00 +0200] "GET /logs/daily_usage_200902.png HTTP/1.1" 200 4133 "http://www.various-euro.com/logs/usage_200902.html" "Mozilla/5.0 (Windows; U; Windows NT 5.1; en-US; rv:1.9.0.11) Gecko/2009060215 Firefox/3.0.11"
74.245.78.104 - - [02/Sep/2009:04:05:01 +0200] "GET /logs/hourly_usage_200902.png HTTP/1.1" 200 2154 "http://www.various-euro.com/logs/usage_200902.html" "Mozilla/5.0 (Windows; U; Windows NT 5.1; en-US; rv:1.9.0.11) Gecko/2009060215 Firefox/3.0.11"
74.245.78.104 - - [02/Sep/2009:04:05:14 +0200] "GET /logs/ctry_usage_200902.png HTTP/1.1" 200 5573 "http://www.various-euro.com/logs/usage_200902.html" "Mozilla/5.0 (Windows; U; Windows NT 5.1; en-US; rv:1.9.0.11) Gecko/2009060215 Firefox/3.0.11"
74.245.78.104 - - [02/Sep/2009:04:04:58 +0200] "GET /logs/usage_200902.html HTTP/1.1" 200 164604 "http://www.google.com/search?client=firefox-a&rls=org.mozilla%3Aen-US%3Aofficial&channel=s&hl=en&source=hp&q=google+crashHa&btnG=Google+Search" "Mozilla/5.0 (Windows; U; Windows NT 5.1; en-US; rv:1.9.0.11) Gecko/2009060215 Firefox/3.0.11"
74.245.78.104 - - [02/Sep/2009:04:05:16 +0200] "GET /favicon.ico HTTP/1.1" 404 2748 "-" "Mozilla/5.0 (Windows; U; Windows NT 5.1; en-US; rv:1.9.0.11) Gecko/2009060215 Firefox/3.0.11"
74.245.78.104 - - [02/Sep/2009:04:05:19 +0200] "GET /favicon.ico HTTP/1.1" 404 2748 "-" "Mozilla/5.0 (Windows; U; Windows NT 5.1; en-US; rv:1.9.0.11) Gecko/2009060215 Firefox/3.0.11"
193.252.149.16 - - [02/Sep/2009:04:50:44 +0200] "GET /world.html HTTP/1.1" 200 16295 "-" "Mozilla/5.0 (Windows; U; Windows NT 5.1; fr; rv:1.8.1) VoilaBot BETA 1.2 (support.voilabot@orange-ftgroup.com)"
67.218.116.162 - - [02/Sep/2009:05:19:48 +0200] "GET /robots.txt HTTP/1.0" 302 363 "-" "Mozilla/5.0 (Twiceler-0.9 http://www.cuil.com/twiceler/robot.html)"
81.52.143.30 - - [02/Sep/2009:05:20:01 +0200] "GET /f-maintitle.html HTTP/1.1" 200 5030 "-" "Mozilla/5.0 (Windows; U; Windows NT 5.1; fr; rv:1.8.1) VoilaBot BETA 1.2 (support.voilabot@orange-ftgroup.com)"
198.145.116.13 - - [02/Sep/2009:05:29:05 +0200] "GET /framez.html HTTP/1.0" 200 3959 "-" "Mozilla/4.0 (compatible; MSIE 6.0; Windows NT 5.0)"
84.173.121.92 - - [02/Sep/2009:06:13:08 +0200] "GET /framez-zampa-lovers.html HTTP/1.0" 200 4322 "-" "Mozilla/3.0 (compatible)"
72.14.199.134 - - [02/Sep/2009:06:14:29 +0200] "GET / HTTP/1.1" 302 353 "-" "Feedfetcher-Google; (+http://www.google.com/feedfetcher.html; 1 subscribers; feed-id=5454548576667470243)"
72.14.199.164 - - [02/Sep/2009:06:14:30 +0200] "GET /zampa/ HTTP/1.1" 200 7153 "-" "Feedfetcher-Google; (+http://www.google.com/feedfetcher.html; 1 subscribers; feed-id=5454548576667470243)"
67.218.116.166 - - [02/Sep/2009:06:30:27 +0200] "GET /robots.txt HTTP/1.0" 200 64 "-" "Mozilla/5.0 (Twiceler-0.9 http://www.cuil.com/twiceler/robot.html)"
66.219.58.34 - - [02/Sep/2009:06:37:19 +0200] "GET /robots.txt HTTP/1.1" 200 64 "-" "MLBot (www.metadatalabs.com/mlbot)"
66.219.58.34 - - [02/Sep/2009:06:37:20 +0200] "GET /rez/ HTTP/1.1" 403 1223 "-" "MLBot (www.metadatalabs.com/mlbot)"
72.30.142.179 - - [02/Sep/2009:06:57:40 +0200] "GET /robots.txt HTTP/1.0" 200 64 "-" "Mozilla/5.0 (compatible; Yahoo! Slurp; http://help.yahoo.com/help/us/ysearch/slurp)"
72.30.142.179 - - [02/Sep/2009:06:57:40 +0200] "GET /f-net.html HTTP/1.0" 200 9913 "-" "Mozilla/5.0 (compatible; Yahoo! Slurp/3.0; http://help.yahoo.com/help/us/ysearch/slurp)"
72.30.142.179 - - [02/Sep/2009:07:20:49 +0200] "GET /f-other.html HTTP/1.0" 200 19851 "-" "Mozilla/5.0 (compatible; Yahoo! Slurp/3.0; http://help.yahoo.com/help/us/ysearch/slurp)"
67.218.116.134 - - [02/Sep/2009:07:28:35 +0200] "GET /robots.txt HTTP/1.0" 200 64 "-" "Mozilla/5.0 (Twiceler-0.9 http://www.cuil.com/twiceler/robot.html)"
84.142.195.62 - - [02/Sep/2009:07:47:39 +0200] "GET /zampa/fleetblick/00Final-posterA1.jpg HTTP/1.1" 200 9523465 "-" "Mozilla/5.0 (Macintosh; U; PPC Mac OS X 10_4_11; de-de) AppleWebKit/525.18 (KHTML, like Gecko) Version/3.1.2 Safari/525.22"
84.142.195.62 - - [02/Sep/2009:07:49:01 +0200] "GET /favicon.ico HTTP/1.1" 404 2748 "http://www.various-euro.com/zampa/fleetblick/00Final-posterA1.jpg" "Mozilla/5.0 (Macintosh; U; PPC Mac OS X 10_4_11; de-de) AppleWebKit/525.18 (KHTML, like Gecko) Version/3.1.2 Safari/525.22"
65.55.207.52 - - [02/Sep/2009:08:18:58 +0200] "GET /robots.txt HTTP/1.1" 200 64 "-" "msnbot/2.0b (+http://search.msn.com/msnbot.htm)"
65.55.207.52 - - [02/Sep/2009:08:20:07 +0200] "GET /DgH/bull/ HTTP/1.0" 200 1915 "-" "msnbot/2.0b (+http://search.msn.com/msnbot.htm)"
65.55.106.134 - - [02/Sep/2009:08:34:05 +0200] "GET /mashup/scripts/dw_lib.js HTTP/1.0" 200 3349 "-" "msnbot/2.0b (+http://search.msn.com/msnbot.htm)"
67.195.110.159 - - [02/Sep/2009:08:53:59 +0200] "GET /robots.txt HTTP/1.0" 200 64 "-" "Mozilla/5.0 (compatible; Yahoo! Slurp; http://help.yahoo.com/help/us/ysearch/slurp)"
67.195.110.159 - - [02/Sep/2009:08:54:00 +0200] "GET /framez-rez.html HTTP/1.0" 200 4323 "-" "Mozilla/5.0 (compatible; Yahoo! Slurp/3.0; http://help.yahoo.com/help/us/ysearch/slurp)"
67.195.110.159 - - [02/Sep/2009:08:54:06 +0200] "GET /f-rez.html HTTP/1.0" 200 9765 "http://www.various-euro.com/framez-rez.html" "Mozilla/5.0 (compatible; Yahoo! Slurp/3.0; http://help.yahoo.com/help/us/ysearch/slurp)"
67.195.110.159 - - [02/Sep/2009:08:54:06 +0200] "GET /frame-unten.html HTTP/1.0" 200 5308 "http://www.various-euro.com/framez-rez.html" "Mozilla/5.0 (compatible; Yahoo! Slurp/3.0; http://help.yahoo.com/help/us/ysearch/slurp)"
67.195.110.159 - - [02/Sep/2009:08:54:06 +0200] "GET /frame-menu.html HTTP/1.0" 200 10500 "http://www.various-euro.com/framez-rez.html" "Mozilla/5.0 (compatible; Yahoo! Slurp/3.0; http://help.yahoo.com/help/us/ysearch/slurp)"
67.195.110.159 - - [02/Sep/2009:08:54:10 +0200] "GET /style/various-euro.css HTTP/1.0" 304 - "http://www.various-euro.com/frame-menu.html" "Mozilla/5.0 (compatible; Yahoo! Slurp/3.0; http://help.yahoo.com/help/us/ysearch/slurp)"
193.252.118.174 - - [02/Sep/2009:09:06:35 +0200] "GET /f-channel1.html HTTP/1.1" 200 9329 "-" "Mozilla/5.0 (Windows; U; Windows NT 5.1; fr; rv:1.8.1) VoilaBot BETA 1.2 (support.voilabot@orange-ftgroup.com)"
81.52.143.31 - - [02/Sep/2009:09:13:20 +0200] "GET /warez.html HTTP/1.1" 200 9754 "-" "Mozilla/5.0 (Windows; U; Windows NT 5.1; fr; rv:1.8.1) VoilaBot BETA 1.2 (support.voilabot@orange-ftgroup.com)"
72.14.199.134 - - [02/Sep/2009:09:14:42 +0200] "GET / HTTP/1.1" 302 353 "-" "Feedfetcher-Google; (+http://www.google.com/feedfetcher.html; 1 subscribers; feed-id=5454548576667470243)"
72.14.199.164 - - [02/Sep/2009:09:14:43 +0200] "GET /zampa/ HTTP/1.1" 200 7153 "-" "Feedfetcher-Google; (+http://www.google.com/feedfetcher.html; 1 subscribers; feed-id=5454548576667470243)"
66.249.65.201 - - [02/Sep/2009:10:09:42 +0200] "GET /robots.txt HTTP/1.1" 200 64 "-" "Mozilla/5.0 (compatible; Googlebot/2.1; +http://www.google.com/bot.html)"
66.249.65.201 - - [02/Sep/2009:10:09:42 +0200] "GET /f-actions.html HTTP/1.1" 200 11686 "-" "Mozilla/5.0 (compatible; Googlebot/2.1; +http://www.google.com/bot.html)"
220.181.61.232 - - [02/Sep/2009:10:13:54 +0200] "GET /robots.txt HTTP/1.1" 302 363 "-" "-"
67.195.110.159 - - [02/Sep/2009:10:15:17 +0200] "GET /framez.html HTTP/1.0" 200 3959 "-" "Mozilla/5.0 (compatible; Yahoo! Slurp/3.0; http://help.yahoo.com/help/us/ysearch/slurp)"
67.195.110.159 - - [02/Sep/2009:10:15:22 +0200] "GET /frame-inhalt.html HTTP/1.0" 200 7688 "http://www.various-euro.com/framez.html" "Mozilla/5.0 (compatible; Yahoo! Slurp/3.0; http://help.yahoo.com/help/us/ysearch/slurp)"
198.145.116.13 - - [02/Sep/2009:10:15:57 +0200] "GET /frame-menu.html HTTP/1.0" 200 10500 "-" "Mozilla/4.0 (compatible; MSIE 6.0; Windows NT 5.0)"
77.88.28.248 - - [02/Sep/2009:10:18:08 +0200] "GET /robots.txt HTTP/1.1" 200 64 "-" "Yandex/1.01.001 (compatible; Win16; I)"
66.249.65.201 - - [02/Sep/2009:10:38:20 +0200] "GET /bmpp/flyer_cut3x.html HTTP/1.1" 200 15300 "-" "Mozilla/5.0 (compatible; Googlebot/2.1; +http://www.google.com/bot.html)"
79.34.0.4 - - [02/Sep/2009:10:54:35 +0200] "GET / HTTP/1.1" 200 7869 "-" "-"
69.20.54.207 - - [02/Sep/2009:11:00:36 +0200] "GET /f-zeug.html HTTP/1.0" 200 59462 "-" "Python-urllib/1.10"
220.181.61.232 - - [02/Sep/2009:11:01:04 +0200] "GET / HTTP/1.1" 302 353 "-" "Sogou web spider/4.0(+http://www.sogou.com/docs/help/webmasters.htm#07)"
220.181.61.232 - - [02/Sep/2009:11:01:22 +0200] "GET /robots.txt HTTP/1.1" 304 - "-" "-"
220.181.61.232 - - [02/Sep/2009:11:01:38 +0200] "GET /zampa/ HTTP/1.1" 200 7153 "-" "Sogou web spider/4.0(+http://www.sogou.com/docs/help/webmasters.htm#07)"
81.52.143.16 - - [02/Sep/2009:11:03:26 +0200] "GET /frame-unten.html HTTP/1.1" 200 5308 "-" "Mozilla/5.0 (Windows; U; Windows NT 5.1; fr; rv:1.8.1) VoilaBot BETA 1.2 (support.voilabot@orange-ftgroup.com)"
220.181.7.31 - - [02/Sep/2009:11:47:17 +0200] "GET /robots.txt HTTP/1.1" 200 64 "-" "Baiduspider+(+http://www.baidu.com/search/spider.htm)"
66.249.65.201 - - [02/Sep/2009:12:03:30 +0200] "GET /logs/usage_200909.html HTTP/1.1" 404 2748 "-" "Mozilla/5.0 (compatible; Googlebot/2.1; +http://www.google.com/bot.html)"
72.14.199.134 - - [02/Sep/2009:12:14:52 +0200] "GET / HTTP/1.1" 302 353 "-" "Feedfetcher-Google; (+http://www.google.com/feedfetcher.html; 1 subscribers; feed-id=5454548576667470243)"
72.14.199.164 - - [02/Sep/2009:12:14:55 +0200] "GET /zampa/ HTTP/1.1" 200 7153 "-" "Feedfetcher-Google; (+http://www.google.com/feedfetcher.html; 1 subscribers; feed-id=5454548576667470243)"
79.101.203.96 - - [02/Sep/2009:12:15:54 +0200] "GET /zampa/fleetblick/00Final-posterA1.jpg HTTP/1.1" 200 9523465 "http://us.mc654.mail.yahoo.com/mc/welcome?.gx=0&.tm=1251885902&.rand=75vqj1nlip615" "Mozilla/5.0 (Windows; U; Windows NT 5.1; en-US; rv:1.9.0.13) Gecko/2009073022 Firefox/3.0.13 (.NET CLR 3.5.30729)"
84.191.39.115 - - [02/Sep/2009:12:33:40 +0200] "GET /zampa/fleetblick/00Final-posterA1.jpg HTTP/1.1" 200 9523465 "-" "Mozilla/5.0 (Windows; U; Windows NT 5.1; en-US; rv:1.9.0.11) Gecko/2009060215 Firefox/3.0.11 GTB5 (.NET CLR 3.5.30729)"
77.88.28.248 - - [02/Sep/2009:13:21:34 +0200] "GET / HTTP/1.1" 200 7869 "-" "Yandex/1.01.001 (compatible; Win16; I)"
65.55.51.115 - - [02/Sep/2009:13:59:56 +0200] "GET /robots.txt HTTP/1.1" 200 64 "-" "msnbot/2.0b (+http://search.msn.com/msnbot.htm)"
124.207.141.114 - - [02/Sep/2009:14:41:22 +0200] "GET / HTTP/1.1" 200 7869 "-" "Mozilla/5.0 (Windows; U; Windows NT 5.1; zh-CN; rv:1.8.0.2) Gecko/20060519 Firefox/1.5.0.2"
72.30.142.179 - - [02/Sep/2009:14:42:53 +0200] "GET /robots.txt HTTP/1.0" 200 64 "-" "Mozilla/5.0 (compatible; Yahoo! Slurp; http://help.yahoo.com/help/us/ysearch/slurp)"
72.30.142.179 - - [02/Sep/2009:14:42:53 +0200] "GET /f-contact.html HTTP/1.0" 200 6804 "-" "Mozilla/5.0 (compatible; Yahoo! Slurp/3.0; http://help.yahoo.com/help/us/ysearch/slurp)"
88.73.106.220 - - [02/Sep/2009:14:53:58 +0200] "GET /zampa/fleetblick/00Final-posterA1.jpg HTTP/1.1" 200 9523465 "-" "Mozilla/5.0 (Macintosh; U; Intel Mac OS X 10.5; de; rv:1.9.1.2) Gecko/20090729 Firefox/3.5.2"
198.145.116.13 - - [02/Sep/2009:15:03:02 +0200] "GET /f-search.html HTTP/1.0" 200 11800 "-" "Mozilla/4.0 (compatible; MSIE 6.0; Windows NT 5.0)"
198.145.116.13 - - [02/Sep/2009:15:03:02 +0200] "GET /f-sponsor.html HTTP/1.0" 200 8578 "-" "Mozilla/4.0 (compatible; MSIE 6.0; Windows NT 5.0)"
65.55.106.136 - - [02/Sep/2009:15:05:04 +0200] "GET /robots.txt HTTP/1.1" 200 64 "-" "msnbot/2.0b (+http://search.msn.com/msnbot.htm)"
65.55.106.136 - - [02/Sep/2009:15:06:04 +0200] "GET / HTTP/1.0" 200 7869 "-" "msnbot/2.0b (+http://search.msn.com/msnbot.htm)"
66.249.65.201 - - [02/Sep/2009:15:10:19 +0200] "GET /f-web.html HTTP/1.1" 200 13605 "-" "Mozilla/5.0 (compatible; Googlebot/2.1; +http://www.google.com/bot.html)"
72.14.199.134 - - [02/Sep/2009:15:15:16 +0200] "GET / HTTP/1.1" 302 353 "-" "Feedfetcher-Google; (+http://www.google.com/feedfetcher.html; 1 subscribers; feed-id=5454548576667470243)"
72.14.199.164 - - [02/Sep/2009:15:15:18 +0200] "GET /zampa/ HTTP/1.1" 200 7153 "-" "Feedfetcher-Google; (+http://www.google.com/feedfetcher.html; 1 subscribers; feed-id=5454548576667470243)"
81.52.143.35 - - [02/Sep/2009:16:05:29 +0200] "GET /neon/warning2.html HTTP/1.1" 200 997 "-" "Mozilla/5.0 (Windows; U; Windows NT 5.1; fr; rv:1.8.1) VoilaBot BETA 1.2 (support.voilabot@orange-ftgroup.com)"
193.252.118.175 - - [02/Sep/2009:16:32:21 +0200] "GET /bmpp/euro_pal_111.html HTTP/1.1" 200 2129 "-" "Mozilla/5.0 (Windows; U; Windows NT 5.1; fr; rv:1.8.1) VoilaBot BETA 1.2 (support.voilabot@orange-ftgroup.com)"
193.252.118.175 - - [02/Sep/2009:16:34:51 +0200] "GET /f-bannnerz.html HTTP/1.1" 200 12651 "-" "Mozilla/5.0 (Windows; U; Windows NT 5.1; fr; rv:1.8.1) VoilaBot BETA 1.2 (support.voilabot@orange-ftgroup.com)"
79.101.203.96 - - [02/Sep/2009:16:34:39 +0200] "GET /zampa/fleetblick/00Final-posterA1.jpg HTTP/1.1" 200 9523465 "-" "Mozilla/5.0 (Windows; U; Windows NT 5.1; en-US; rv:1.9.0.13) Gecko/2009073022 Firefox/3.0.13 (.NET CLR 3.5.30729)"
84.190.175.90 - - [02/Sep/2009:16:46:56 +0200] "GET /zampa/fleetblick/00Final-posterA1.jpg HTTP/1.1" 200 9523465 "http://webmailer.hosteurope.de/squirrelmail/src/read_body.php?mailbox=INBOX&passed_id=127&startMessage=1" "Mozilla/5.0 (X11; U; Linux i686; de; rv:1.9.0.13) Gecko/2009080315 Ubuntu/9.04 (jaunty) Firefox/3.0.13"
84.190.175.90 - - [02/Sep/2009:16:47:09 +0200] "GET /zampa HTTP/1.1" 301 375 "-" "Mozilla/5.0 (X11; U; Linux i686; de; rv:1.9.0.13) Gecko/2009080315 Ubuntu/9.04 (jaunty) Firefox/3.0.13"
84.190.175.90 - - [02/Sep/2009:16:47:09 +0200] "GET /zampa/ HTTP/1.1" 200 7153 "-" "Mozilla/5.0 (X11; U; Linux i686; de; rv:1.9.0.13) Gecko/2009080315 Ubuntu/9.04 (jaunty) Firefox/3.0.13"
84.190.175.90 - - [02/Sep/2009:16:47:09 +0200] "GET /zampa/slike/zampa.gif HTTP/1.1" 200 5310 "http://www.various-euro.com/zampa/" "Mozilla/5.0 (X11; U; Linux i686; de; rv:1.9.0.13) Gecko/2009080315 Ubuntu/9.04 (jaunty) Firefox/3.0.13"
84.190.175.90 - - [02/Sep/2009:16:47:09 +0200] "GET /zampa/slike/udupetu.gif HTTP/1.1" 200 4138 "http://www.various-euro.com/zampa/" "Mozilla/5.0 (X11; U; Linux i686; de; rv:1.9.0.13) Gecko/2009080315 Ubuntu/9.04 (jaunty) Firefox/3.0.13"
84.190.175.90 - - [02/Sep/2009:16:47:09 +0200] "GET /zampa/slike/inthearse.gif HTTP/1.1" 200 4077 "http://www.various-euro.com/zampa/" "Mozilla/5.0 (X11; U; Linux i686; de; rv:1.9.0.13) Gecko/2009080315 Ubuntu/9.04 (jaunty) Firefox/3.0.13"
84.190.175.90 - - [02/Sep/2009:16:47:10 +0200] "GET /favicon.ico HTTP/1.1" 404 2748 "-" "Mozilla/5.0 (X11; U; Linux i686; de; rv:1.9.0.13) Gecko/2009080315 Ubuntu/9.04 (jaunty) Firefox/3.0.13"
84.190.175.90 - - [02/Sep/2009:16:47:12 +0200] "GET /favicon.ico HTTP/1.1" 404 2748 "-" "Mozilla/5.0 (X11; U; Linux i686; de; rv:1.9.0.13) Gecko/2009080315 Ubuntu/9.04 (jaunty) Firefox/3.0.13"
84.190.175.90 - - [02/Sep/2009:16:47:24 +0200] "GET /zampa/montenegro/dajpare.html HTTP/1.1" 200 2503 "http://www.various-euro.com/zampa/" "Mozilla/5.0 (X11; U; Linux i686; de; rv:1.9.0.13) Gecko/2009080315 Ubuntu/9.04 (jaunty) Firefox/3.0.13"
84.190.175.90 - - [02/Sep/2009:16:47:24 +0200] "GET /zampa/montenegro/slike/BATAW.jpg HTTP/1.1" 200 2631 "http://www.various-euro.com/zampa/montenegro/dajpare.html" "Mozilla/5.0 (X11; U; Linux i686; de; rv:1.9.0.13) Gecko/2009080315 Ubuntu/9.04 (jaunty) Firefox/3.0.13"
84.190.175.90 - - [02/Sep/2009:16:47:25 +0200] "GET /zampa/montenegro/slike/SEKAW.jpg HTTP/1.1" 200 2786 "http://www.various-euro.com/zampa/montenegro/dajpare.html" "Mozilla/5.0 (X11; U; Linux i686; de; rv:1.9.0.13) Gecko/2009080315 Ubuntu/9.04 (jaunty) Firefox/3.0.13"
84.190.175.90 - - [02/Sep/2009:16:47:25 +0200] "GET /zampa/montenegro/slike/TESLAW.jpg HTTP/1.1" 200 3770 "http://www.various-euro.com/zampa/montenegro/dajpare.html" "Mozilla/5.0 (X11; U; Linux i686; de; rv:1.9.0.13) Gecko/2009080315 Ubuntu/9.04 (jaunty) Firefox/3.0.13"
84.190.175.90 - - [02/Sep/2009:16:47:25 +0200] "GET /zampa/montenegro/slike/ZMAJW.jpg HTTP/1.1" 200 4555 "http://www.various-euro.com/zampa/montenegro/dajpare.html" "Mozilla/5.0 (X11; U; Linux i686; de; rv:1.9.0.13) Gecko/2009080315 Ubuntu/9.04 (jaunty) Firefox/3.0.13"
84.190.175.90 - - [02/Sep/2009:16:47:25 +0200] "GET /zampa/montenegro/slike/MILOW.jpg HTTP/1.1" 200 3823 "http://www.various-euro.com/zampa/montenegro/dajpare.html" "Mozilla/5.0 (X11; U; Linux i686; de; rv:1.9.0.13) Gecko/2009080315 Ubuntu/9.04 (jaunty) Firefox/3.0.13"
84.190.175.90 - - [02/Sep/2009:16:47:37 +0200] "GET /zampa/lybia/index.html HTTP/1.1" 200 3036 "http://www.various-euro.com/zampa/montenegro/dajpare.html" "Mozilla/5.0 (X11; U; Linux i686; de; rv:1.9.0.13) Gecko/2009080315 Ubuntu/9.04 (jaunty) Firefox/3.0.13"
84.190.175.90 - - [02/Sep/2009:16:47:37 +0200] "GET /zampa/lybia/slike/tele.jpg HTTP/1.1" 200 28022 "http://www.various-euro.com/zampa/lybia/index.html" "Mozilla/5.0 (X11; U; Linux i686; de; rv:1.9.0.13) Gecko/2009080315 Ubuntu/9.04 (jaunty) Firefox/3.0.13"
66.249.65.201 - - [02/Sep/2009:16:50:38 +0200] "GET /3dsf3/sendi/sacrifice.html HTTP/1.1" 200 1309 "-" "Mozilla/5.0 (compatible; Googlebot/2.1; +http://www.google.com/bot.html)"
65.55.106.232 - - [02/Sep/2009:16:55:12 +0200] "GET /robots.txt HTTP/1.1" 200 64 "-" "msnbot/2.0b (+http://search.msn.com/msnbot.htm)"
65.55.106.232 - - [02/Sep/2009:16:56:06 +0200] "GET /f-rez.html HTTP/1.0" 200 9765 "-" "msnbot/2.0b (+http://search.msn.com/msnbot.htm)"
99.135.90.37 - - [02/Sep/2009:17:24:54 +0200] "GET /framez-zampa-lovers.html HTTP/1.1" 200 4322 "-" "User-Agent: Mozilla/4.0 (compatible; MSIE 8.0; Windows NT 5.1; Trident/4.0; GTB6)"
99.135.90.37 - - [02/Sep/2009:17:35:53 +0200] "GET /framez-zampa-lovers.html HTTP/1.1" 200 4322 "-" "User-Agent: Mozilla/4.0 (compatible; MSIE 8.0; Windows NT 5.1; Trident/4.0; GTB6)"
85.94.113.144 - - [02/Sep/2009:17:44:40 +0200] "GET /framez-zampa-lovers.html HTTP/1.1" 200 4322 "http://search.conduit.com/Results.aspx?q=text+pesme+otiso+si+dragane&SearchSourceOrigin=3&gil=en-US&SelfSearch=1&hl=en&ctid=CT2004933&octid=CT2004933" "Mozilla/5.0 (Windows; U; Windows NT 5.1; en-US; rv:1.9.0.13) Gecko/2009073022 Firefox/3.0.13"
85.94.113.144 - - [02/Sep/2009:17:44:40 +0200] "GET /frame-menu.html HTTP/1.1" 200 10500 "http://www.various-euro.com/framez-zampa-lovers.html" "Mozilla/5.0 (Windows; U; Windows NT 5.1; en-US; rv:1.9.0.13) Gecko/2009073022 Firefox/3.0.13"
85.94.113.144 - - [02/Sep/2009:17:44:40 +0200] "GET /ve-icon-2.ico HTTP/1.1" 200 2238 "-" "Mozilla/5.0 (Windows; U; Windows NT 5.1; en-US; rv:1.9.0.13) Gecko/2009073022 Firefox/3.0.13"
85.94.113.144 - - [02/Sep/2009:17:44:40 +0200] "GET /style/various-euro.css HTTP/1.1" 200 3437 "http://www.various-euro.com/frame-menu.html" "Mozilla/5.0 (Windows; U; Windows NT 5.1; en-US; rv:1.9.0.13) Gecko/2009073022 Firefox/3.0.13"
85.94.113.144 - - [02/Sep/2009:17:44:40 +0200] "GET /frame-unten.html HTTP/1.1" 200 5308 "http://www.various-euro.com/framez-zampa-lovers.html" "Mozilla/5.0 (Windows; U; Windows NT 5.1; en-US; rv:1.9.0.13) Gecko/2009073022 Firefox/3.0.13"
85.94.113.144 - - [02/Sep/2009:17:44:40 +0200] "GET /zampa-lovers/kralle.gif HTTP/1.1" 404 2748 "http://www.various-euro.com/zampa-lovers/index.html" "Mozilla/5.0 (Windows; U; Windows NT 5.1; en-US; rv:1.9.0.13) Gecko/2009073022 Firefox/3.0.13"
85.94.113.144 - - [02/Sep/2009:17:44:40 +0200] "GET /zampa-lovers/DRAGAN_Z.JPG HTTP/1.1" 200 6850 "http://www.various-euro.com/zampa-lovers/index.html" "Mozilla/5.0 (Windows; U; Windows NT 5.1; en-US; rv:1.9.0.13) Gecko/2009073022 Firefox/3.0.13"
85.94.113.144 - - [02/Sep/2009:17:44:40 +0200] "GET /zampa-lovers/index.html HTTP/1.1" 200 37790 "http://www.various-euro.com/framez-zampa-lovers.html" "Mozilla/5.0 (Windows; U; Windows NT 5.1; en-US; rv:1.9.0.13) Gecko/2009073022 Firefox/3.0.13"
85.94.113.144 - - [02/Sep/2009:17:44:40 +0200] "GET /bannerz/ve.jpg HTTP/1.1" 200 36912 "http://www.various-euro.com/frame-unten.html" "Mozilla/5.0 (Windows; U; Windows NT 5.1; en-US; rv:1.9.0.13) Gecko/2009073022 Firefox/3.0.13"
85.94.113.144 - - [02/Sep/2009:17:44:40 +0200] "GET /zampa-lovers/ZAMPAMA2.MPG HTTP/1.1" 200 63492 "http://www.various-euro.com/zampa-lovers/index.html" "Mozilla/5.0 (Windows; U; Windows NT 5.1; en-US; rv:1.9.0.13) Gecko/2009073022 Firefox/3.0.13"
85.94.113.144 - - [02/Sep/2009:17:44:40 +0200] "GET /zampa-lovers/MILIZA_B.JPG HTTP/1.1" 200 10947 "http://www.various-euro.com/zampa-lovers/index.html" "Mozilla/5.0 (Windows; U; Windows NT 5.1; en-US; rv:1.9.0.13) Gecko/2009073022 Firefox/3.0.13"
85.94.113.144 - - [02/Sep/2009:17:44:40 +0200] "GET /zampa-lovers/MILIZA_2.JPG HTTP/1.1" 200 22172 "http://www.various-euro.com/zampa-lovers/index.html" "Mozilla/5.0 (Windows; U; Windows NT 5.1; en-US; rv:1.9.0.13) Gecko/2009073022 Firefox/3.0.13"
85.94.113.144 - - [02/Sep/2009:17:44:40 +0200] "GET /bannerz/various-euro-girl.jpg HTTP/1.1" 200 91514 "http://www.various-euro.com/frame-unten.html" "Mozilla/5.0 (Windows; U; Windows NT 5.1; en-US; rv:1.9.0.13) Gecko/2009073022 Firefox/3.0.13"
85.94.113.144 - - [02/Sep/2009:17:44:41 +0200] "GET /zampa-lovers/MILIZA_4.JPG HTTP/1.1" 200 9946 "http://www.various-euro.com/zampa-lovers/index.html" "Mozilla/5.0 (Windows; U; Windows NT 5.1; en-US; rv:1.9.0.13) Gecko/2009073022 Firefox/3.0.13"
85.94.113.144 - - [02/Sep/2009:17:44:40 +0200] "GET /zampa-lovers/WASISTMI1.MPG HTTP/1.1" 200 271221 "http://www.various-euro.com/zampa-lovers/index.html" "Mozilla/5.0 (Windows; U; Windows NT 5.1; en-US; rv:1.9.0.13) Gecko/2009073022 Firefox/3.0.13"
85.94.113.144 - - [02/Sep/2009:17:44:41 +0200] "GET /zampa-lovers/DRAGANZA.JPG HTTP/1.1" 200 18560 "http://www.various-euro.com/zampa-lovers/index.html" "Mozilla/5.0 (Windows; U; Windows NT 5.1; en-US; rv:1.9.0.13) Gecko/2009073022 Firefox/3.0.13"
85.94.113.144 - - [02/Sep/2009:17:44:40 +0200] "GET /zampa-lovers/ZAMPAMAS.MPG HTTP/1.1" 200 520196 "http://www.various-euro.com/zampa-lovers/index.html" "Mozilla/5.0 (Windows; U; Windows NT 5.1; en-US; rv:1.9.0.13) Gecko/2009073022 Firefox/3.0.13"
85.94.113.144 - - [02/Sep/2009:17:44:42 +0200] "GET /zampa-lovers/Kralle.gif HTTP/1.1" 200 260 "http://www.various-euro.com/zampa-lovers/index.html" "Mozilla/5.0 (Windows; U; Windows NT 5.1; en-US; rv:1.9.0.13) Gecko/2009073022 Firefox/3.0.13"
85.94.113.144 - - [02/Sep/2009:17:44:42 +0200] "GET /zampa-lovers/zampa-2X2.gif HTTP/1.1" 200 6948 "http://www.various-euro.com/zampa-lovers/index.html" "Mozilla/5.0 (Windows; U; Windows NT 5.1; en-US; rv:1.9.0.13) Gecko/2009073022 Firefox/3.0.13"
85.94.113.144 - - [02/Sep/2009:17:44:42 +0200] "GET /zampa-lovers/zampamali.gif HTTP/1.1" 200 2617 "http://www.various-euro.com/zampa-lovers/index.html" "Mozilla/5.0 (Windows; U; Windows NT 5.1; en-US; rv:1.9.0.13) Gecko/2009073022 Firefox/3.0.13"
85.94.113.144 - - [02/Sep/2009:17:44:41 +0200] "GET /zampa-lovers/1SEITEVE.GIF HTTP/1.1" 200 78726 "http://www.various-euro.com/zampa-lovers/index.html" "Mozilla/5.0 (Windows; U; Windows NT 5.1; en-US; rv:1.9.0.13) Gecko/2009073022 Firefox/3.0.13"
85.94.113.144 - - [02/Sep/2009:17:44:41 +0200] "GET /zampa-lovers/2SEITEVE.GIF HTTP/1.1" 200 83466 "http://www.various-euro.com/zampa-lovers/index.html" "Mozilla/5.0 (Windows; U; Windows NT 5.1; en-US; rv:1.9.0.13) Gecko/2009073022 Firefox/3.0.13"
85.94.113.144 - - [02/Sep/2009:17:44:42 +0200] "GET /zampa-lovers/zampa.gif HTTP/1.1" 200 460627 "http://www.various-euro.com/zampa-lovers/index.html" "Mozilla/5.0 (Windows; U; Windows NT 5.1; en-US; rv:1.9.0.13) Gecko/2009073022 Firefox/3.0.13"
85.94.113.144 - - [02/Sep/2009:17:44:41 +0200] "GET /zampa-lovers/MILIZA_3.JPG HTTP/1.1" 200 26924 "http://www.various-euro.com/zampa-lovers/index.html" "Mozilla/5.0 (Windows; U; Windows NT 5.1; en-US; rv:1.9.0.13) Gecko/2009073022 Firefox/3.0.13"
66.249.65.201 - - [02/Sep/2009:17:47:50 +0200] "GET /f-sponsor.html HTTP/1.1" 200 8578 "-" "Mozilla/5.0 (compatible; Googlebot/2.1; +http://www.google.com/bot.html)"
65.55.51.69 - - [02/Sep/2009:17:57:44 +0200] "GET /robots.txt HTTP/1.1" 200 64 "-" "msnbot/2.0b (+http://search.msn.com/msnbot.htm)"
65.55.51.112 - - [02/Sep/2009:18:15:16 +0200] "GET /robots.txt HTTP/1.1" 200 64 "-" "msnbot/2.0b (+http://search.msn.com/msnbot.htm)"
72.14.199.134 - - [02/Sep/2009:18:16:08 +0200] "GET / HTTP/1.1" 302 353 "-" "Feedfetcher-Google; (+http://www.google.com/feedfetcher.html; 1 subscribers; feed-id=5454548576667470243)"
72.14.199.164 - - [02/Sep/2009:18:16:15 +0200] "GET /zampa/ HTTP/1.1" 200 7153 "-" "Feedfetcher-Google; (+http://www.google.com/feedfetcher.html; 1 subscribers; feed-id=5454548576667470243)"
88.66.247.52 - - [02/Sep/2009:18:26:12 +0200] "GET /zampa/fleetblick/00Final-posterA1.jpg HTTP/1.1" 200 9523465 "-" "Mozilla/5.0 (Windows; U; Windows NT 5.1; de; rv:1.9.0.13) Gecko/2009073022 Firefox/3.0.13"
72.30.142.179 - - [02/Sep/2009:18:33:32 +0200] "GET / HTTP/1.0" 200 7869 "-" "Mozilla/5.0 (compatible; Yahoo! Slurp/3.0; http://help.yahoo.com/help/us/ysearch/slurp)"
72.30.142.179 - - [02/Sep/2009:18:33:32 +0200] "GET /style/various-euro.css HTTP/1.0" 304 - "http://www.various-euro.com/" "Mozilla/5.0 (compatible; Yahoo! Slurp/3.0; http://help.yahoo.com/help/us/ysearch/slurp)"
91.16.151.124 - - [02/Sep/2009:18:48:27 +0200] "GET /zampa/fleetblick/00Final-posterA1.jpg HTTP/1.1" 304 - "-" "Mozilla/5.0 (Macintosh; U; Intel Mac OS X 10.5; en-US; rv:1.9.1.2) Gecko/20090729 Firefox/3.5.2"
85.179.29.232 - - [02/Sep/2009:18:49:42 +0200] "GET /zampa/fleetblick/00Final-posterA1.jpg HTTP/1.1" 200 9523465 "-" "Mozilla/4.0 (compatible; MSIE 8.0; Windows NT 5.1; Trident/4.0; .NET CLR 1.0.3705; .NET CLR 1.1.4322; Media Center PC 4.0; .NET CLR 2.0.50727; .NET CLR 3.0.04506.648; .NET CLR 3.5.21022; .NET CLR 3.0.4506.2152; .NET CLR 3.5.30729)"
85.179.29.232 - - [02/Sep/2009:19:08:20 +0200] "GET /zampa/fleetblick/00Final-posterA1.jpg HTTP/1.1" 200 9523465 "-" "Mozilla/5.0 (Windows; U; Windows NT 5.1; de; rv:1.9.1.2) Gecko/20090729 Firefox/3.5.2 GTB5 (.NET CLR 3.5.30729)"
65.55.51.69 - - [02/Sep/2009:19:20:13 +0200] "GET /robots.txt HTTP/1.1" 200 64 "-" "msnbot/2.0b (+http://search.msn.com/msnbot.htm)"
99.135.90.37 - - [02/Sep/2009:20:00:55 +0200] "GET /framez-zampa-lovers.html HTTP/1.1" 200 4322 "-" "User-Agent: Mozilla/4.0 (compatible; MSIE 8.0; Windows NT 5.1; Trident/4.0; GTB6)"
85.218.83.141 - - [02/Sep/2009:20:06:48 +0200] "GET /framez-zampa-lovers.html HTTP/1.1" 200 4322 "http://www.google.ch/url?sa=t&source=web&ct=res&cd=2&url=http%3A%2F%2Fwww.various-euro.com%2Fframez-zampa-lovers.html&ei=KbSeSpfYB6WCmwPPpcXGAg&rct=j&q=kurac++uce++u+pizdu&usg=AFQjCNFIxRke8u02upa5huMiI23t9opSZw&sig2=EOrDheBoNJF-QvutChzmxA" "Mozilla/5.0 (Windows; U; Windows NT 5.1; fr; rv:1.9.0.13) Gecko/2009073022 Firefox/3.0.13"
85.218.83.141 - - [02/Sep/2009:20:06:49 +0200] "GET /ve-icon-2.ico HTTP/1.1" 200 2238 "-" "Mozilla/5.0 (Windows; U; Windows NT 5.1; fr; rv:1.9.0.13) Gecko/2009073022 Firefox/3.0.13"
85.218.83.141 - - [02/Sep/2009:20:06:49 +0200] "GET /frame-menu.html HTTP/1.1" 200 10500 "http://www.various-euro.com/framez-zampa-lovers.html" "Mozilla/5.0 (Windows; U; Windows NT 5.1; fr; rv:1.9.0.13) Gecko/2009073022 Firefox/3.0.13"
85.218.83.141 - - [02/Sep/2009:20:06:49 +0200] "GET /frame-unten.html HTTP/1.1" 200 5308 "http://www.various-euro.com/framez-zampa-lovers.html" "Mozilla/5.0 (Windows; U; Windows NT 5.1; fr; rv:1.9.0.13) Gecko/2009073022 Firefox/3.0.13"
85.218.83.141 - - [02/Sep/2009:20:06:49 +0200] "GET /zampa-lovers/index.html HTTP/1.1" 200 37790 "http://www.various-euro.com/framez-zampa-lovers.html" "Mozilla/5.0 (Windows; U; Windows NT 5.1; fr; rv:1.9.0.13) Gecko/2009073022 Firefox/3.0.13"
85.218.83.141 - - [02/Sep/2009:20:06:49 +0200] "GET /style/various-euro.css HTTP/1.1" 200 3437 "http://www.various-euro.com/frame-menu.html" "Mozilla/5.0 (Windows; U; Windows NT 5.1; fr; rv:1.9.0.13) Gecko/2009073022 Firefox/3.0.13"
85.218.83.141 - - [02/Sep/2009:20:06:49 +0200] "GET /zampa-lovers/kralle.gif HTTP/1.1" 404 2748 "http://www.various-euro.com/zampa-lovers/index.html" "Mozilla/5.0 (Windows; U; Windows NT 5.1; fr; rv:1.9.0.13) Gecko/2009073022 Firefox/3.0.13"
85.218.83.141 - - [02/Sep/2009:20:06:49 +0200] "GET /zampa-lovers/MILIZA_3.JPG HTTP/1.1" 200 26924 "http://www.various-euro.com/zampa-lovers/index.html" "Mozilla/5.0 (Windows; U; Windows NT 5.1; fr; rv:1.9.0.13) Gecko/2009073022 Firefox/3.0.13"
85.218.83.141 - - [02/Sep/2009:20:06:49 +0200] "GET /zampa-lovers/ZAMPAMA2.MPG HTTP/1.1" 200 63492 "http://www.various-euro.com/zampa-lovers/index.html" "Mozilla/5.0 (Windows; U; Windows NT 5.1; fr; rv:1.9.0.13) Gecko/2009073022 Firefox/3.0.13"
85.218.83.141 - - [02/Sep/2009:20:06:49 +0200] "GET /zampa-lovers/DRAGAN_Z.JPG HTTP/1.1" 200 6850 "http://www.various-euro.com/zampa-lovers/index.html" "Mozilla/5.0 (Windows; U; Windows NT 5.1; fr; rv:1.9.0.13) Gecko/2009073022 Firefox/3.0.13"
85.218.83.141 - - [02/Sep/2009:20:06:49 +0200] "GET /zampa-lovers/MILIZA_B.JPG HTTP/1.1" 200 10947 "http://www.various-euro.com/zampa-lovers/index.html" "Mozilla/5.0 (Windows; U; Windows NT 5.1; fr; rv:1.9.0.13) Gecko/2009073022 Firefox/3.0.13"
85.218.83.141 - - [02/Sep/2009:20:06:49 +0200] "GET /zampa-lovers/MILIZA_4.JPG HTTP/1.1" 200 9946 "http://www.various-euro.com/zampa-lovers/index.html" "Mozilla/5.0 (Windows; U; Windows NT 5.1; fr; rv:1.9.0.13) Gecko/2009073022 Firefox/3.0.13"
85.218.83.141 - - [02/Sep/2009:20:06:49 +0200] "GET /zampa-lovers/DRAGANZA.JPG HTTP/1.1" 200 18560 "http://www.various-euro.com/zampa-lovers/index.html" "Mozilla/5.0 (Windows; U; Windows NT 5.1; fr; rv:1.9.0.13) Gecko/2009073022 Firefox/3.0.13"
85.218.83.141 - - [02/Sep/2009:20:06:49 +0200] "GET /zampa-lovers/MILIZA_2.JPG HTTP/1.1" 200 22172 "http://www.various-euro.com/zampa-lovers/index.html" "Mozilla/5.0 (Windows; U; Windows NT 5.1; fr; rv:1.9.0.13) Gecko/2009073022 Firefox/3.0.13"
85.218.83.141 - - [02/Sep/2009:20:06:49 +0200] "GET /zampa-lovers/Kralle.gif HTTP/1.1" 200 260 "http://www.various-euro.com/zampa-lovers/index.html" "Mozilla/5.0 (Windows; U; Windows NT 5.1; fr; rv:1.9.0.13) Gecko/2009073022 Firefox/3.0.13"
85.218.83.141 - - [02/Sep/2009:20:06:49 +0200] "GET /zampa-lovers/zampa-2X2.gif HTTP/1.1" 200 6948 "http://www.various-euro.com/zampa-lovers/index.html" "Mozilla/5.0 (Windows; U; Windows NT 5.1; fr; rv:1.9.0.13) Gecko/2009073022 Firefox/3.0.13"
85.218.83.141 - - [02/Sep/2009:20:06:49 +0200] "GET /zampa-lovers/zampamali.gif HTTP/1.1" 200 2617 "http://www.various-euro.com/zampa-lovers/index.html" "Mozilla/5.0 (Windows; U; Windows NT 5.1; fr; rv:1.9.0.13) Gecko/2009073022 Firefox/3.0.13"
85.218.83.141 - - [02/Sep/2009:20:06:49 +0200] "GET /zampa-lovers/2SEITEVE.GIF HTTP/1.1" 200 83466 "http://www.various-euro.com/zampa-lovers/index.html" "Mozilla/5.0 (Windows; U; Windows NT 5.1; fr; rv:1.9.0.13) Gecko/2009073022 Firefox/3.0.13"
85.218.83.141 - - [02/Sep/2009:20:06:49 +0200] "GET /zampa-lovers/1SEITEVE.GIF HTTP/1.1" 200 78726 "http://www.various-euro.com/zampa-lovers/index.html" "Mozilla/5.0 (Windows; U; Windows NT 5.1; fr; rv:1.9.0.13) Gecko/2009073022 Firefox/3.0.13"
85.218.83.141 - - [02/Sep/2009:20:06:49 +0200] "GET /bannerz/ve.jpg HTTP/1.1" 200 36912 "http://www.various-euro.com/frame-unten.html" "Mozilla/5.0 (Windows; U; Windows NT 5.1; fr; rv:1.9.0.13) Gecko/2009073022 Firefox/3.0.13"
85.218.83.141 - - [02/Sep/2009:20:06:50 +0200] "GET /bannerz/various-euro-girl.jpg HTTP/1.1" 200 91514 "http://www.various-euro.com/frame-unten.html" "Mozilla/5.0 (Windows; U; Windows NT 5.1; fr; rv:1.9.0.13) Gecko/2009073022 Firefox/3.0.13"
85.218.83.141 - - [02/Sep/2009:20:06:49 +0200] "GET /zampa-lovers/WASISTMI1.MPG HTTP/1.1" 200 271221 "http://www.various-euro.com/zampa-lovers/index.html" "Mozilla/5.0 (Windows; U; Windows NT 5.1; fr; rv:1.9.0.13) Gecko/2009073022 Firefox/3.0.13"
85.218.83.141 - - [02/Sep/2009:20:06:49 +0200] "GET /zampa-lovers/ZAMPAMAS.MPG HTTP/1.1" 200 520196 "http://www.various-euro.com/zampa-lovers/index.html" "Mozilla/5.0 (Windows; U; Windows NT 5.1; fr; rv:1.9.0.13) Gecko/2009073022 Firefox/3.0.13"
85.218.83.141 - - [02/Sep/2009:20:06:49 +0200] "GET /zampa-lovers/zampa.gif HTTP/1.1" 200 460627 "http://www.various-euro.com/zampa-lovers/index.html" "Mozilla/5.0 (Windows; U; Windows NT 5.1; fr; rv:1.9.0.13) Gecko/2009073022 Firefox/3.0.13"
66.249.65.201 - - [02/Sep/2009:20:25:20 +0200] "GET /framez-sponsor.html HTTP/1.1" 200 4325 "-" "Mozilla/5.0 (compatible; Googlebot/2.1; +http://www.google.com/bot.html)"
72.30.79.62 - - [02/Sep/2009:20:35:15 +0200] "GET /robots.txt HTTP/1.0" 200 64 "-" "Mozilla/5.0 (compatible; Yahoo! Slurp; http://help.yahoo.com/help/us/ysearch/slurp)"
72.30.79.62 - - [02/Sep/2009:20:35:15 +0200] "GET / HTTP/1.0" 200 7869 "-" "Mozilla/5.0 (compatible; Yahoo! Slurp/3.0; http://help.yahoo.com/help/us/ysearch/slurp)"
72.30.79.62 - - [02/Sep/2009:20:35:17 +0200] "GET /style/various-euro.css HTTP/1.0" 200 3437 "http://www.various-euro.com/" "Mozilla/5.0 (compatible; Yahoo! Slurp/3.0; http://help.yahoo.com/help/us/ysearch/slurp)"
216.158.1.198 - - [02/Sep/2009:20:47:15 +0200] "GET /restate_copy.html HTTP/1.1" 200 97631 "-" "Mozilla/5.0 (Windows; U; Windows NT 5.1; en-US; rv:1.8.1.6) Gecko/20070725 Firefox/2.0.0.6"
65.55.51.115 - - [02/Sep/2009:20:50:19 +0200] "GET /robots.txt HTTP/1.1" 200 64 "-" "msnbot/2.0b (+http://search.msn.com/msnbot.htm)"
216.158.1.198 - - [02/Sep/2009:20:51:38 +0200] "GET /framez-restate.html HTTP/1.1" 200 4328 "-" "Mozilla/5.0 (Windows; U; Windows NT 5.1; en-US; rv:1.8.1.6) Gecko/20070725 Firefox/2.0.0.6"
72.30.79.62 - - [02/Sep/2009:20:56:10 +0200] "GET /restate_copy.html HTTP/1.0" 200 97631 "-" "Mozilla/5.0 (compatible; Yahoo! Slurp/3.0; http://help.yahoo.com/help/us/ysearch/slurp)"
72.30.79.62 - - [02/Sep/2009:21:02:50 +0200] "GET /bmpp/euro_pal_111.html HTTP/1.0" 200 2129 "-" "Mozilla/5.0 (compatible; Yahoo! Slurp/3.0; http://help.yahoo.com/help/us/ysearch/slurp)"
209.85.238.152 - - [02/Sep/2009:21:16:23 +0200] "GET / HTTP/1.1" 302 353 "-" "Feedfetcher-Google; (+http://www.google.com/feedfetcher.html; 1 subscribers; feed-id=5454548576667470243)"
209.85.238.170 - - [02/Sep/2009:21:16:26 +0200] "GET /zampa/ HTTP/1.1" 200 7153 "-" "Feedfetcher-Google; (+http://www.google.com/feedfetcher.html; 1 subscribers; feed-id=5454548576667470243)"
72.30.79.62 - - [02/Sep/2009:21:25:37 +0200] "GET /framez-rez.html HTTP/1.0" 200 4323 "-" "Mozilla/5.0 (compatible; Yahoo! Slurp/3.0; http://help.yahoo.com/help/us/ysearch/slurp)"
72.30.79.62 - - [02/Sep/2009:21:25:43 +0200] "GET /frame-menu.html HTTP/1.0" 200 10500 "http://www.various-euro.com/framez-rez.html" "Mozilla/5.0 (compatible; Yahoo! Slurp/3.0; http://help.yahoo.com/help/us/ysearch/slurp)"
72.30.79.62 - - [02/Sep/2009:21:25:43 +0200] "GET /frame-unten.html HTTP/1.0" 200 5308 "http://www.various-euro.com/framez-rez.html" "Mozilla/5.0 (compatible; Yahoo! Slurp/3.0; http://help.yahoo.com/help/us/ysearch/slurp)"
72.30.79.62 - - [02/Sep/2009:21:25:43 +0200] "GET /f-rez.html HTTP/1.0" 200 9765 "http://www.various-euro.com/framez-rez.html" "Mozilla/5.0 (compatible; Yahoo! Slurp/3.0; http://help.yahoo.com/help/us/ysearch/slurp)"
88.131.106.12 - - [02/Sep/2009:21:28:03 +0200] "GET /robots.txt HTTP/1.0" 200 64 "-" "Speedy Spider (http://www.entireweb.com/about/search_tech/speedy_spider/)"
88.131.106.12 - - [02/Sep/2009:21:28:04 +0200] "GET /framez.html HTTP/1.0" 200 3959 "-" "Speedy Spider (http://www.entireweb.com/about/search_tech/speedy_spider/)"
88.131.106.12 - - [02/Sep/2009:21:36:52 +0200] "GET / HTTP/1.0" 200 7869 "-" "Speedy Spider (http://www.entireweb.com/about/search_tech/speedy_spider/)"
84.143.59.101 - - [02/Sep/2009:22:00:15 +0200] "GET /zampa/fleetblick/00Final-posterA1.jpg HTTP/1.1" 200 9523465 "-" "Mozilla/5.0 (Macintosh; U; PPC Mac OS X; de-de) AppleWebKit/412.6 (KHTML, like Gecko) Safari/412.2"
84.143.59.101 - - [02/Sep/2009:22:00:29 +0200] "GET /favicon.ico HTTP/1.1" 404 2748 "-" "Mozilla/5.0 (Macintosh; U; PPC Mac OS X; de-de) AppleWebKit/412.6 (KHTML, like Gecko) Safari/412.2"
81.52.143.16 - - [02/Sep/2009:22:03:09 +0200] "GET /bmpp/18_x.html HTTP/1.1" 200 1100 "-" "Mozilla/5.0 (Windows; U; Windows NT 5.1; fr; rv:1.8.1) VoilaBot BETA 1.2 (support.voilabot@orange-ftgroup.com)"
87.160.164.25 - - [02/Sep/2009:22:47:13 +0200] "GET /zampa/fleetblick/00Final-posterA1.jpg HTTP/1.1" 200 9523465 "-" "Mozilla/5.0 (X11; U; Linux i686; de; rv:1.8.1.22pre) Gecko/20081213 SUSE/2.0.0.21post-0.1 Firefox/2.0.0.22pre"
65.55.207.29 - - [02/Sep/2009:22:54:29 +0200] "GET /robots.txt HTTP/1.1" 200 64 "-" "msnbot/2.0b (+http://search.msn.com/msnbot.htm)"
61.247.221.81 - - [02/Sep/2009:22:55:10 +0200] "GET /robots.txt HTTP/1.1" 200 64 "-" "Mozilla/4.0 (compatible; NaverBot/1.0; http://help.naver.com/customer_webtxt_02.jsp)"
61.247.221.81 - - [02/Sep/2009:22:55:24 +0200] "GET /f-doku-brau.html HTTP/1.1" 200 7152 "-" "Mozilla/4.0 (compatible; NaverBot/1.0; http://help.naver.com/customer_webtxt_02.jsp)"
65.55.207.29 - - [02/Sep/2009:22:55:33 +0200] "GET /f-bannnerz.html HTTP/1.0" 200 12651 "-" "msnbot/2.0b (+http://search.msn.com/msnbot.htm)"
81.52.143.33 - - [02/Sep/2009:23:10:17 +0200] "GET /schubb/schubb-1.html HTTP/1.1" 200 9070 "-" "Mozilla/5.0 (Windows; U; Windows NT 5.1; fr; rv:1.8.1) VoilaBot BETA 1.2 (support.voilabot@orange-ftgroup.com)"
85.178.22.45 - - [02/Sep/2009:23:54:20 +0200] "GET /zampa/fleetblick/00Final-posterA1.jpg HTTP/1.1" 200 9523465 "-" "Mozilla/5.0 (Macintosh; U; Intel Mac OS X 10_4_11; de-de) AppleWebKit/531.9 (KHTML, like Gecko) Version/4.0.3 Safari/531.9"
85.178.22.45 - - [02/Sep/2009:23:54:33 +0200] "GET /favicon.ico HTTP/1.1" 404 2748 "http://www.various-euro.com/zampa/fleetblick/00Final-posterA1.jpg" "Mozilla/5.0 (Macintosh; U; Intel Mac OS X 10_4_11; de-de) AppleWebKit/531.9 (KHTML, like Gecko) Version/4.0.3 Safari/531.9"
74.86.223.42 - - [02/Sep/2009:23:57:19 +0200] "GET / HTTP/1.1" 206 7869 "http://www.followsite.com/bot.html" "FollowSite Bot ( http://www.followsite.com/bot.html )"
67.202.41.3 - - [02/Sep/2009:23:58:17 +0200] "GET /robots.txt HTTP/1.0" 200 64 "-" "ia_archiver (+http://www.alexa.com/site/help/webmasters; crawler@alexa.com)"
193.252.118.174 - - [03/Sep/2009:00:16:19 +0200] "GET /neon/europa.html HTTP/1.1" 200 389 "-" "Mozilla/5.0 (Windows; U; Windows NT 5.1; fr; rv:1.8.1) VoilaBot BETA 1.2 (support.voilabot@orange-ftgroup.com)"
209.85.238.152 - - [03/Sep/2009:00:16:33 +0200] "GET / HTTP/1.1" 302 353 "-" "Feedfetcher-Google; (+http://www.google.com/feedfetcher.html; 1 subscribers; feed-id=5454548576667470243)"
209.85.238.170 - - [03/Sep/2009:00:16:34 +0200] "GET /zampa/ HTTP/1.1" 200 7153 "-" "Feedfetcher-Google; (+http://www.google.com/feedfetcher.html; 1 subscribers; feed-id=5454548576667470243)"
66.219.58.34 - - [03/Sep/2009:00:22:17 +0200] "GET /robots.txt HTTP/1.1" 200 64 "-" "MLBot (www.metadatalabs.com/mlbot)"
66.219.58.34 - - [03/Sep/2009:00:22:20 +0200] "GET / HTTP/1.1" 200 7869 "-" "MLBot (www.metadatalabs.com/mlbot)"
81.52.143.35 - - [03/Sep/2009:00:29:43 +0200] "GET /bmpp/18asi_2.html HTTP/1.1" 200 8674 "-" "Mozilla/5.0 (Windows; U; Windows NT 5.1; fr; rv:1.8.1) VoilaBot BETA 1.2 (support.voilabot@orange-ftgroup.com)"
72.30.79.62 - - [03/Sep/2009:00:33:10 +0200] "GET /robots.txt HTTP/1.0" 200 64 "-" "Mozilla/5.0 (compatible; Yahoo! Slurp; http://help.yahoo.com/help/us/ysearch/slurp)"
72.30.79.62 - - [03/Sep/2009:00:33:10 +0200] "GET /DgH/watch/index.html HTTP/1.0" 200 2028 "-" "Mozilla/5.0 (compatible; Yahoo! Slurp/3.0; http://help.yahoo.com/help/us/ysearch/slurp)"
72.30.79.62 - - [03/Sep/2009:00:33:15 +0200] "GET /DgH/watch/pict/Watch.mp3 HTTP/1.0" 200 29938 "http://www.various-euro.com/DgH/watch/index.html" "Mozilla/5.0 (compatible; Yahoo! Slurp/3.0; http://help.yahoo.com/help/us/ysearch/slurp)"
65.55.51.70 - - [03/Sep/2009:00:46:45 +0200] "GET /robots.txt HTTP/1.1" 200 64 "-" "msnbot/2.0b (+http://search.msn.com/msnbot.htm)"
81.52.143.37 - - [03/Sep/2009:01:04:34 +0200] "GET /neon/left-one-new.html HTTP/1.1" 200 1483 "-" "Mozilla/5.0 (Windows; U; Windows NT 5.1; fr; rv:1.8.1) VoilaBot BETA 1.2 (support.voilabot@orange-ftgroup.com)"
72.30.79.62 - - [03/Sep/2009:01:06:09 +0200] "GET /f-horrorkatze.html HTTP/1.0" 200 7865 "-" "Mozilla/5.0 (compatible; Yahoo! Slurp/3.0; http://help.yahoo.com/help/us/ysearch/slurp)"
65.98.224.7 - - [03/Sep/2009:01:14:49 +0200] "GET /robots.txt HTTP/1.0" 200 64 "-" "TurnitinBot/2.1 (http://www.turnitin.com/robot/crawlerinfo.html)"
65.98.224.7 - - [03/Sep/2009:01:15:41 +0200] "GET /your_tour.html HTTP/1.0" 200 31738 "-" "TurnitinBot/2.1 (http://www.turnitin.com/robot/crawlerinfo.html)"
65.98.224.7 - - [03/Sep/2009:01:16:35 +0200] "GET /restate_copy.html HTTP/1.0" 200 97631 "-" "TurnitinBot/2.1 (http://www.turnitin.com/robot/crawlerinfo.html)"
65.98.224.7 - - [03/Sep/2009:01:17:27 +0200] "GET /f-restate_copy.html HTTP/1.0" 200 96087 "-" "TurnitinBot/2.1 (http://www.turnitin.com/robot/crawlerinfo.html)"
65.98.224.7 - - [03/Sep/2009:01:18:21 +0200] "GET /f-logz_old.html HTTP/1.0" 200 43773 "-" "TurnitinBot/2.1 (http://www.turnitin.com/robot/crawlerinfo.html)"
114.244.79.207 - - [03/Sep/2009:01:20:07 +0200] "GET /favicon.ico HTTP/1.1" 404 2748 "-" "Mozilla/4.0 (compatible; GoogleToolbar 4.0.1306.3130-big; Windows 6.0; MSIE 7.0.6001.18000)"
114.244.79.207 - - [03/Sep/2009:01:20:08 +0200] "GET /favicon.gif HTTP/1.1" 404 2748 "-" "Mozilla/4.0 (compatible; GoogleToolbar 4.0.1306.3130-big; Windows 6.0; MSIE 7.0.6001.18000)"
114.244.79.207 - - [03/Sep/2009:01:28:53 +0200] "GET /favicon.ico HTTP/1.1" 404 2748 "-" "Mozilla/4.0 (compatible; GoogleToolbar 4.0.1306.3130-big; Windows 6.0; MSIE 7.0.6001.18000)"
114.244.79.207 - - [03/Sep/2009:01:28:54 +0200] "GET /favicon.gif HTTP/1.1" 404 2748 "-" "Mozilla/4.0 (compatible; GoogleToolbar 4.0.1306.3130-big; Windows 6.0; MSIE 7.0.6001.18000)"
81.52.143.29 - - [03/Sep/2009:01:41:45 +0200] "GET /DgH/orginal/index.html HTTP/1.1" 200 1727 "-" "Mozilla/5.0 (Windows; U; Windows NT 5.1; fr; rv:1.8.1) VoilaBot BETA 1.2 (support.voilabot@orange-ftgroup.com)"
65.55.51.70 - - [03/Sep/2009:01:49:55 +0200] "GET /robots.txt HTTP/1.1" 200 64 "-" "msnbot/2.0b (+http://search.msn.com/msnbot.htm)"
