220.181.61.232 - - [01/Sep/2009:00:00:53 +0200] "GET /robots.txt HTTP/1.1" 200 64 "-" "-"
65.55.207.69 - - [01/Sep/2009:00:09:37 +0200] "GET /robots.txt HTTP/1.1" 200 64 "-" "msnbot/2.0b (+http://search.msn.com/msnbot.htm)"
220.181.61.232 - - [01/Sep/2009:00:09:58 +0200] "GET /framez.html HTTP/1.1" 200 3959 "-" "Sogou web spider/4.0(+http://www.sogou.com/docs/help/webmasters.htm#07)"
66.249.65.201 - - [01/Sep/2009:00:11:06 +0200] "GET /framez-actions.html HTTP/1.1" 200 4322 "-" "Mozilla/5.0 (compatible; Googlebot/2.1; +http://www.google.com/bot.html)"
65.55.207.69 - - [01/Sep/2009:00:12:03 +0200] "GET /bmpp/euro_pal_1.html HTTP/1.0" 200 18252 "-" "msnbot/2.0b (+http://search.msn.com/msnbot.htm)"
72.14.199.164 - - [01/Sep/2009:00:29:58 +0200] "GET /zampa/ HTTP/1.1" 200 7153 "-" "Feedfetcher-Google; (+http://www.google.com/feedfetcher.html; 1 subscribers; feed-id=5454548576667470243)"
66.249.65.201 - - [01/Sep/2009:00:48:26 +0200] "GET /f-actions.html HTTP/1.1" 200 11686 "-" "Mozilla/5.0 (compatible; Googlebot/2.1; +http://www.google.com/bot.html)"
66.249.65.201 - - [01/Sep/2009:00:55:54 +0200] "GET /schubb/schubb-1.html HTTP/1.1" 200 9070 "-" "Mozilla/5.0 (compatible; Googlebot/2.1; +http://www.google.com/bot.html)"
66.249.65.201 - - [01/Sep/2009:01:03:22 +0200] "GET /zampa/montenegro/index.html HTTP/1.1" 200 2651 "-" "Mozilla/5.0 (compatible; Googlebot/2.1; +http://www.google.com/bot.html)"
208.80.195.43 - - [01/Sep/2009:01:52:53 +0200] "GET / HTTP/1.0" 200 7869 "-" "Mozilla/4.0 (compatible; MSIE 6.0; Windows NT 5.1; FunWebProducts; NovaPacs Viewer 6.5.223.4; .NET CLR 1.1.4322)"
208.80.195.43 - - [01/Sep/2009:01:52:53 +0200] "GET / HTTP/1.0" 200 7869 "-" "Mozilla/4.0 (compatible; MSIE 7.0; AOL 9.0; Windows NT 5.1; .NET CLR 2.0.50727; .NET CLR 1.1.4322)"
193.252.118.175 - - [01/Sep/2009:01:58:18 +0200] "GET / HTTP/1.1" 200 7869 "-" "Mozilla/5.0 (Windows; U; Windows NT 5.1; fr; rv:1.8.1) VoilaBot BETA 1.2 (support.voilabot@orange-ftgroup.com)"
123.125.66.91 - - [01/Sep/2009:02:18:57 +0200] "GET / HTTP/1.1" 200 7869 "-" "Baiduspider+(+http://www.baidu.com/search/spider.htm)"
220.181.7.81 - - [01/Sep/2009:02:21:32 +0200] "GET / HTTP/1.1" 200 7869 "-" "Baiduspider+(+http://www.baidu.com/search/spider.htm)"
66.249.65.201 - - [01/Sep/2009:02:40:26 +0200] "GET /zampa/montenegro/ HTTP/1.1" 200 2651 "-" "Mozilla/5.0 (compatible; Googlebot/2.1; +http://www.google.com/bot.html)"
65.55.51.111 - - [01/Sep/2009:02:45:07 +0200] "GET /robots.txt HTTP/1.1" 200 64 "-" "msnbot/2.0b (+http://search.msn.com/msnbot.htm)"
81.52.143.35 - - [01/Sep/2009:02:53:25 +0200] "GET /f-net.html HTTP/1.1" 200 9913 "-" "Mozilla/5.0 (Windows; U; Windows NT 5.1; fr; rv:1.8.1) VoilaBot BETA 1.2 (support.voilabot@orange-ftgroup.com)"
67.202.41.3 - - [01/Sep/2009:03:15:48 +0200] "GET /robots.txt HTTP/1.0" 200 64 "-" "ia_archiver (+http://www.alexa.com/site/help/webmasters; crawler@alexa.com)"
65.55.51.110 - - [01/Sep/2009:03:20:00 +0200] "GET /robots.txt HTTP/1.1" 200 64 "-" "msnbot/2.0b (+http://search.msn.com/msnbot.htm)"
67.195.114.29 - - [01/Sep/2009:03:33:21 +0200] "GET /robots.txt HTTP/1.0" 302 363 "-" "Mozilla/5.0 (compatible; Yahoo! Slurp; http://help.yahoo.com/help/us/ysearch/slurp)"
67.195.114.29 - - [01/Sep/2009:03:33:22 +0200] "GET /zampa/robots.txt HTTP/1.0" 404 2748 "-" "Mozilla/5.0 (compatible; Yahoo! Slurp; http://help.yahoo.com/help/us/ysearch/slurp)"
67.195.114.29 - - [01/Sep/2009:03:33:23 +0200] "GET / HTTP/1.0" 302 353 "-" "Mozilla/5.0 (compatible; Yahoo! Slurp/3.0; http://help.yahoo.com/help/us/ysearch/slurp)"
67.195.110.159 - - [01/Sep/2009:03:33:24 +0200] "GET /robots.txt HTTP/1.0" 200 64 "-" "Mozilla/5.0 (compatible; Yahoo! Slurp; http://help.yahoo.com/help/us/ysearch/slurp)"
67.195.110.159 - - [01/Sep/2009:03:33:25 +0200] "GET /zampa/ HTTP/1.0" 200 7153 "-" "Mozilla/5.0 (compatible; Yahoo! Slurp/3.0; http://help.yahoo.com/help/us/ysearch/slurp)"
66.249.65.203 - - [01/Sep/2009:04:17:30 +0200] "GET /robots.txt HTTP/1.1" 302 363 "-" "Mozilla/5.0 (compatible; Googlebot/2.1; +http://www.google.com/bot.html)"
66.249.65.201 - - [01/Sep/2009:04:17:30 +0200] "GET /zampa/robots.txt HTTP/1.1" 404 2748 "-" "Mozilla/5.0 (compatible; Googlebot/2.1; +http://www.google.com/bot.html)"
66.249.65.203 - - [01/Sep/2009:04:17:31 +0200] "GET /montenegro/index.html HTTP/1.1" 302 374 "-" "Mozilla/5.0 (compatible; Googlebot/2.1; +http://www.google.com/bot.html)"
66.249.65.201 - - [01/Sep/2009:04:17:31 +0200] "GET /robots.txt HTTP/1.1" 200 64 "-" "Mozilla/5.0 (compatible; Googlebot/2.1; +http://www.google.com/bot.html)"
81.52.143.30 - - [01/Sep/2009:04:34:08 +0200] "GET /bmpp/euro_pal_1.html HTTP/1.1" 200 18252 "-" "Mozilla/5.0 (Windows; U; Windows NT 5.1; fr; rv:1.8.1) VoilaBot BETA 1.2 (support.voilabot@orange-ftgroup.com)"
65.55.106.107 - - [01/Sep/2009:05:09:58 +0200] "GET /robots.txt HTTP/1.1" 200 64 "-" "msnbot/2.0b (+http://search.msn.com/msnbot.htm)"
65.55.106.107 - - [01/Sep/2009:05:11:38 +0200] "GET /3dsf3/sendi/sendisendi.html HTTP/1.0" 200 5118 "-" "msnbot/2.0b (+http://search.msn.com/msnbot.htm)"
67.218.116.162 - - [01/Sep/2009:05:21:01 +0200] "GET /robots.txt HTTP/1.0" 302 363 "-" "Mozilla/5.0 (Twiceler-0.9 http://www.cuil.com/twiceler/robot.html)"
65.55.211.166 - - [01/Sep/2009:05:55:21 +0200] "GET /robots.txt HTTP/1.1" 200 64 "-" "msnbot/1.1 (+http://search.msn.com/msnbot.htm)"
65.55.211.166 - - [01/Sep/2009:05:55:21 +0200] "GET /zampa/lybia/index.html HTTP/1.1" 200 3036 "-" "msnbot/1.1 (+http://search.msn.com/msnbot.htm)"
74.178.173.64 - - [01/Sep/2009:06:03:24 +0200] "GET / HTTP/1.1" 200 7869 "http://www.randomwebsite.com/" "Mozilla/5.0 (Windows; U; Windows NT 6.0; en-US; rv:1.9.1.2) Gecko/20090729 Firefox/3.5.2 (.NET CLR 3.5.30729)"
74.178.173.64 - - [01/Sep/2009:06:03:25 +0200] "GET /ve-icon-2.ico HTTP/1.1" 200 2238 "-" "Mozilla/5.0 (Windows; U; Windows NT 6.0; en-US; rv:1.9.1.2) Gecko/20090729 Firefox/3.5.2 (.NET CLR 3.5.30729)"
74.178.173.64 - - [01/Sep/2009:06:03:25 +0200] "GET /style/various-euro.css HTTP/1.1" 200 3437 "http://www.various-euro.com/" "Mozilla/5.0 (Windows; U; Windows NT 6.0; en-US; rv:1.9.1.2) Gecko/20090729 Firefox/3.5.2 (.NET CLR 3.5.30729)"
74.178.173.64 - - [01/Sep/2009:06:03:25 +0200] "GET /framez_0.html HTTP/1.1" 200 12285 "http://www.various-euro.com/" "Mozilla/5.0 (Windows; U; Windows NT 6.0; en-US; rv:1.9.1.2) Gecko/20090729 Firefox/3.5.2 (.NET CLR 3.5.30729)"
74.178.173.64 - - [01/Sep/2009:06:03:27 +0200] "GET /framez.html HTTP/1.1" 200 3959 "http://www.various-euro.com/framez_0.html" "Mozilla/5.0 (Windows; U; Windows NT 6.0; en-US; rv:1.9.1.2) Gecko/20090729 Firefox/3.5.2 (.NET CLR 3.5.30729)"
74.178.173.64 - - [01/Sep/2009:06:03:28 +0200] "GET /frame-menu.html HTTP/1.1" 200 10500 "http://www.various-euro.com/framez.html" "Mozilla/5.0 (Windows; U; Windows NT 6.0; en-US; rv:1.9.1.2) Gecko/20090729 Firefox/3.5.2 (.NET CLR 3.5.30729)"
74.178.173.64 - - [01/Sep/2009:06:03:28 +0200] "GET /frame-inhalt.html HTTP/1.1" 200 7688 "http://www.various-euro.com/framez.html" "Mozilla/5.0 (Windows; U; Windows NT 6.0; en-US; rv:1.9.1.2) Gecko/20090729 Firefox/3.5.2 (.NET CLR 3.5.30729)"
74.178.173.64 - - [01/Sep/2009:06:03:28 +0200] "GET /frame-unten.html HTTP/1.1" 200 5308 "http://www.various-euro.com/framez.html" "Mozilla/5.0 (Windows; U; Windows NT 6.0; en-US; rv:1.9.1.2) Gecko/20090729 Firefox/3.5.2 (.NET CLR 3.5.30729)"
74.178.173.64 - - [01/Sep/2009:06:03:28 +0200] "GET /bannerz/neon_click_3.gif HTTP/1.1" 200 240 "http://www.various-euro.com/frame-inhalt.html" "Mozilla/5.0 (Windows; U; Windows NT 6.0; en-US; rv:1.9.1.2) Gecko/20090729 Firefox/3.5.2 (.NET CLR 3.5.30729)"
74.178.173.64 - - [01/Sep/2009:06:03:28 +0200] "GET /eurosign3.gif HTTP/1.1" 200 7879 "http://www.various-euro.com/frame-inhalt.html" "Mozilla/5.0 (Windows; U; Windows NT 6.0; en-US; rv:1.9.1.2) Gecko/20090729 Firefox/3.5.2 (.NET CLR 3.5.30729)"
74.178.173.64 - - [01/Sep/2009:06:03:28 +0200] "GET /bannerz/neon_click_1.gif HTTP/1.1" 200 890 "http://www.various-euro.com/frame-inhalt.html" "Mozilla/5.0 (Windows; U; Windows NT 6.0; en-US; rv:1.9.1.2) Gecko/20090729 Firefox/3.5.2 (.NET CLR 3.5.30729)"
74.178.173.64 - - [01/Sep/2009:06:03:28 +0200] "GET /bannerz/neon_click_2.gif HTTP/1.1" 200 387 "http://www.various-euro.com/frame-inhalt.html" "Mozilla/5.0 (Windows; U; Windows NT 6.0; en-US; rv:1.9.1.2) Gecko/20090729 Firefox/3.5.2 (.NET CLR 3.5.30729)"
74.178.173.64 - - [01/Sep/2009:06:03:28 +0200] "GET /bannerz/ve.jpg HTTP/1.1" 200 36912 "http://www.various-euro.com/frame-unten.html" "Mozilla/5.0 (Windows; U; Windows NT 6.0; en-US; rv:1.9.1.2) Gecko/20090729 Firefox/3.5.2 (.NET CLR 3.5.30729)"
74.178.173.64 - - [01/Sep/2009:06:03:28 +0200] "GET /bannerz/wet.gif HTTP/1.1" 200 18561 "http://www.various-euro.com/frame-inhalt.html" "Mozilla/5.0 (Windows; U; Windows NT 6.0; en-US; rv:1.9.1.2) Gecko/20090729 Firefox/3.5.2 (.NET CLR 3.5.30729)"
74.178.173.64 - - [01/Sep/2009:06:03:28 +0200] "GET /bannerz/douwil.gif HTTP/1.1" 200 528 "http://www.various-euro.com/frame-inhalt.html" "Mozilla/5.0 (Windows; U; Windows NT 6.0; en-US; rv:1.9.1.2) Gecko/20090729 Firefox/3.5.2 (.NET CLR 3.5.30729)"
74.178.173.64 - - [01/Sep/2009:06:03:28 +0200] "GET /bannerz/anti_black_small.gif HTTP/1.1" 200 1009 "http://www.various-euro.com/frame-inhalt.html" "Mozilla/5.0 (Windows; U; Windows NT 6.0; en-US; rv:1.9.1.2) Gecko/20090729 Firefox/3.5.2 (.NET CLR 3.5.30729)"
74.178.173.64 - - [01/Sep/2009:06:03:29 +0200] "GET /bannerz/copyleft_black_small.gif HTTP/1.1" 200 1231 "http://www.various-euro.com/frame-inhalt.html" "Mozilla/5.0 (Windows; U; Windows NT 6.0; en-US; rv:1.9.1.2) Gecko/20090729 Firefox/3.5.2 (.NET CLR 3.5.30729)"
74.178.173.64 - - [01/Sep/2009:06:03:29 +0200] "GET /bannerz/google/Logo_40blk.gif HTTP/1.1" 200 2308 "http://www.various-euro.com/frame-inhalt.html" "Mozilla/5.0 (Windows; U; Windows NT 6.0; en-US; rv:1.9.1.2) Gecko/20090729 Firefox/3.5.2 (.NET CLR 3.5.30729)"
74.178.173.64 - - [01/Sep/2009:06:03:28 +0200] "GET /bannerz/various-euro-girl.jpg HTTP/1.1" 200 91514 "http://www.various-euro.com/frame-unten.html" "Mozilla/5.0 (Windows; U; Windows NT 6.0; en-US; rv:1.9.1.2) Gecko/20090729 Firefox/3.5.2 (.NET CLR 3.5.30729)"
65.55.106.235 - - [01/Sep/2009:06:07:09 +0200] "GET /zampa-lovers/ HTTP/1.0" 200 37790 "-" "msnbot/2.0b (+http://search.msn.com/msnbot.htm)"
67.218.116.166 - - [01/Sep/2009:06:25:37 +0200] "GET /robots.txt HTTP/1.0" 200 64 "-" "Mozilla/5.0 (Twiceler-0.9 http://www.cuil.com/twiceler/robot.html)"
123.125.66.79 - - [01/Sep/2009:06:25:41 +0200] "GET / HTTP/1.1" 200 7869 "-" "Baiduspider+(+http://www.baidu.com/search/spider.htm)"
77.88.28.248 - - [01/Sep/2009:06:28:26 +0200] "GET /robots.txt HTTP/1.1" 302 363 "-" "Yandex/1.01.001 (compatible; Win16; I)"
220.181.7.87 - - [01/Sep/2009:06:29:58 +0200] "GET / HTTP/1.1" 200 7869 "-" "Baiduspider+(+http://www.baidu.com/search/spider.htm)"
72.14.199.134 - - [01/Sep/2009:06:30:12 +0200] "GET / HTTP/1.1" 302 353 "-" "Feedfetcher-Google; (+http://www.google.com/feedfetcher.html; 1 subscribers; feed-id=5454548576667470243)"
72.14.199.164 - - [01/Sep/2009:06:30:19 +0200] "GET /zampa/ HTTP/1.1" 200 7153 "-" "Feedfetcher-Google; (+http://www.google.com/feedfetcher.html; 1 subscribers; feed-id=5454548576667470243)"
65.55.211.164 - - [01/Sep/2009:06:37:28 +0200] "GET /robots.txt HTTP/1.1" 200 64 "-" "msnbot/1.1 (+http://search.msn.com/msnbot.htm)"
65.55.211.164 - - [01/Sep/2009:06:37:28 +0200] "GET /framez-zampa-lovers.html HTTP/1.1" 200 4322 "-" "msnbot/1.1 (+http://search.msn.com/msnbot.htm)"
72.30.142.179 - - [01/Sep/2009:06:37:33 +0200] "GET /robots.txt HTTP/1.0" 200 64 "-" "Mozilla/5.0 (compatible; Yahoo! Slurp; http://help.yahoo.com/help/us/ysearch/slurp)"
72.30.142.179 - - [01/Sep/2009:06:37:34 +0200] "GET /framez-rez.html HTTP/1.0" 200 4323 "-" "Mozilla/5.0 (compatible; Yahoo! Slurp/3.0; http://help.yahoo.com/help/us/ysearch/slurp)"
72.30.142.179 - - [01/Sep/2009:06:37:38 +0200] "GET /frame-menu.html HTTP/1.0" 200 10500 "http://www.various-euro.com/framez-rez.html" "Mozilla/5.0 (compatible; Yahoo! Slurp/3.0; http://help.yahoo.com/help/us/ysearch/slurp)"
72.30.142.179 - - [01/Sep/2009:06:37:38 +0200] "GET /frame-unten.html HTTP/1.0" 200 5308 "http://www.various-euro.com/framez-rez.html" "Mozilla/5.0 (compatible; Yahoo! Slurp/3.0; http://help.yahoo.com/help/us/ysearch/slurp)"
72.30.142.179 - - [01/Sep/2009:06:37:38 +0200] "GET /f-rez.html HTTP/1.0" 200 9765 "http://www.various-euro.com/framez-rez.html" "Mozilla/5.0 (compatible; Yahoo! Slurp/3.0; http://help.yahoo.com/help/us/ysearch/slurp)"
72.30.142.179 - - [01/Sep/2009:06:37:39 +0200] "GET /style/various-euro.css HTTP/1.0" 200 3437 "http://www.various-euro.com/frame-menu.html" "Mozilla/5.0 (compatible; Yahoo! Slurp/3.0; http://help.yahoo.com/help/us/ysearch/slurp)"
67.195.110.159 - - [01/Sep/2009:06:42:20 +0200] "GET /framez-rez.html HTTP/1.0" 200 4323 "-" "Mozilla/5.0 (compatible; Yahoo! Slurp/3.0; http://help.yahoo.com/help/us/ysearch/slurp)"
67.195.110.159 - - [01/Sep/2009:06:42:22 +0200] "GET /frame-unten.html HTTP/1.0" 200 5308 "http://www.various-euro.com/framez-rez.html" "Mozilla/5.0 (compatible; Yahoo! Slurp/3.0; http://help.yahoo.com/help/us/ysearch/slurp)"
67.195.110.159 - - [01/Sep/2009:06:42:22 +0200] "GET /f-rez.html HTTP/1.0" 200 9765 "http://www.various-euro.com/framez-rez.html" "Mozilla/5.0 (compatible; Yahoo! Slurp/3.0; http://help.yahoo.com/help/us/ysearch/slurp)"
67.195.110.159 - - [01/Sep/2009:06:42:22 +0200] "GET /frame-menu.html HTTP/1.0" 200 10500 "http://www.various-euro.com/framez-rez.html" "Mozilla/5.0 (compatible; Yahoo! Slurp/3.0; http://help.yahoo.com/help/us/ysearch/slurp)"
67.195.110.159 - - [01/Sep/2009:06:42:24 +0200] "GET /style/various-euro.css HTTP/1.0" 304 - "http://www.various-euro.com/frame-menu.html" "Mozilla/5.0 (compatible; Yahoo! Slurp/3.0; http://help.yahoo.com/help/us/ysearch/slurp)"
85.176.120.184 - - [01/Sep/2009:06:42:33 +0200] "GET /zampa/fleetblick/00Final-posterA1.jpg HTTP/1.1" 200 9523465 "-" "Mozilla/5.0 (Macintosh; U; Intel Mac OS X 10_5_6; de-de) AppleWebKit/525.27.1 (KHTML, like Gecko) Version/3.2.1 Safari/525.27.1"
85.176.120.184 - - [01/Sep/2009:06:42:59 +0200] "GET /favicon.ico HTTP/1.1" 404 2748 "http://www.various-euro.com/zampa/fleetblick/00Final-posterA1.jpg" "Mozilla/5.0 (Macintosh; U; Intel Mac OS X 10_5_6; de-de) AppleWebKit/525.27.1 (KHTML, like Gecko) Version/3.2.1 Safari/525.27.1"
65.55.211.164 - - [01/Sep/2009:06:47:13 +0200] "GET /robots.txt HTTP/1.1" 200 64 "-" "msnbot/1.0 (+http://search.msn.com/msnbot.htm)"
65.55.211.164 - - [01/Sep/2009:06:47:13 +0200] "GET /frame-menu.html HTTP/1.1" 200 10500 "-" "msnbot/1.0 (+http://search.msn.com/msnbot.htm)"
65.55.211.164 - - [01/Sep/2009:06:47:14 +0200] "GET /zampa-lovers/index.html HTTP/1.1" 200 37790 "-" "msnbot/1.0 (+http://search.msn.com/msnbot.htm)"
65.55.211.164 - - [01/Sep/2009:06:47:15 +0200] "GET /frame-unten.html HTTP/1.1" 200 5308 "-" "msnbot/1.0 (+http://search.msn.com/msnbot.htm)"
65.55.106.108 - - [01/Sep/2009:06:55:28 +0200] "GET /menue.html HTTP/1.0" 404 2748 "-" "msnbot/2.0b (+http://search.msn.com/msnbot.htm)"
81.52.143.33 - - [01/Sep/2009:06:59:16 +0200] "GET /neon/girlz2.html HTTP/1.1" 200 2937 "-" "Mozilla/5.0 (Windows; U; Windows NT 5.1; fr; rv:1.8.1) VoilaBot BETA 1.2 (support.voilabot@orange-ftgroup.com)"
193.47.80.51 - - [01/Sep/2009:07:04:46 +0200] "GET /robots.txt HTTP/1.1" 200 64 "-" "Mozilla/5.0 (compatible; Exabot/3.0; +http://www.exabot.com/go/robot)"
193.47.80.51 - - [01/Sep/2009:07:04:46 +0200] "GET / HTTP/1.1" 200 7869 "-" "Mozilla/5.0 (compatible; Exabot/3.0; +http://www.exabot.com/go/robot)"
65.55.106.205 - - [01/Sep/2009:07:19:04 +0200] "GET /frame-inhalt.html HTTP/1.0" 200 7688 "-" "msnbot/2.0b (+http://search.msn.com/msnbot.htm)"
119.63.193.129 - - [01/Sep/2009:07:29:49 +0200] "GET /robots.txt HTTP/1.1" 200 64 "-" "Baiduspider+(+http://www.baidu.jp/spider/)"
76.73.37.234 - - [01/Sep/2009:07:30:30 +0200] "GET / HTTP/1.1" 200 7869 "-" "Mozilla/4.0 (compatible;++see+http://www.parchmenthill.com/search.htm)"
67.218.116.134 - - [01/Sep/2009:07:32:54 +0200] "GET /robots.txt HTTP/1.0" 200 64 "-" "Mozilla/5.0 (Twiceler-0.9 http://www.cuil.com/twiceler/robot.html)"
66.27.203.182 - - [01/Sep/2009:07:35:36 +0200] "GET / HTTP/1.1" 200 7869 "http://www.randomwebsite.com/" "Mozilla/5.0 (Windows; U; Windows NT 5.1; en-US; rv:1.9.1.2) Gecko/20090729 Firefox/3.5.2 (.NET CLR 3.5.30729)"
66.27.203.182 - - [01/Sep/2009:07:35:37 +0200] "GET /style/various-euro.css HTTP/1.1" 200 3437 "http://www.various-euro.com/" "Mozilla/5.0 (Windows; U; Windows NT 5.1; en-US; rv:1.9.1.2) Gecko/20090729 Firefox/3.5.2 (.NET CLR 3.5.30729)"
66.27.203.182 - - [01/Sep/2009:07:35:37 +0200] "GET /ve-icon-2.ico HTTP/1.1" 200 2238 "-" "Mozilla/5.0 (Windows; U; Windows NT 5.1; en-US; rv:1.9.1.2) Gecko/20090729 Firefox/3.5.2 (.NET CLR 3.5.30729)"
66.27.203.182 - - [01/Sep/2009:07:35:37 +0200] "GET /framez_0.html HTTP/1.1" 200 12285 "http://www.various-euro.com/" "Mozilla/5.0 (Windows; U; Windows NT 5.1; en-US; rv:1.9.1.2) Gecko/20090729 Firefox/3.5.2 (.NET CLR 3.5.30729)"
66.27.203.182 - - [01/Sep/2009:07:35:39 +0200] "GET /framez.html HTTP/1.1" 200 3959 "http://www.various-euro.com/framez_0.html" "Mozilla/5.0 (Windows; U; Windows NT 5.1; en-US; rv:1.9.1.2) Gecko/20090729 Firefox/3.5.2 (.NET CLR 3.5.30729)"
66.27.203.182 - - [01/Sep/2009:07:35:39 +0200] "GET /frame-menu.html HTTP/1.1" 200 10500 "http://www.various-euro.com/framez.html" "Mozilla/5.0 (Windows; U; Windows NT 5.1; en-US; rv:1.9.1.2) Gecko/20090729 Firefox/3.5.2 (.NET CLR 3.5.30729)"
66.27.203.182 - - [01/Sep/2009:07:35:39 +0200] "GET /frame-inhalt.html HTTP/1.1" 200 7688 "http://www.various-euro.com/framez.html" "Mozilla/5.0 (Windows; U; Windows NT 5.1; en-US; rv:1.9.1.2) Gecko/20090729 Firefox/3.5.2 (.NET CLR 3.5.30729)"
66.27.203.182 - - [01/Sep/2009:07:35:39 +0200] "GET /frame-unten.html HTTP/1.1" 200 5308 "http://www.various-euro.com/framez.html" "Mozilla/5.0 (Windows; U; Windows NT 5.1; en-US; rv:1.9.1.2) Gecko/20090729 Firefox/3.5.2 (.NET CLR 3.5.30729)"
66.27.203.182 - - [01/Sep/2009:07:35:40 +0200] "GET /eurosign3.gif HTTP/1.1" 200 7879 "http://www.various-euro.com/frame-inhalt.html" "Mozilla/5.0 (Windows; U; Windows NT 5.1; en-US; rv:1.9.1.2) Gecko/20090729 Firefox/3.5.2 (.NET CLR 3.5.30729)"
66.27.203.182 - - [01/Sep/2009:07:35:40 +0200] "GET /bannerz/neon_click_3.gif HTTP/1.1" 200 240 "http://www.various-euro.com/frame-inhalt.html" "Mozilla/5.0 (Windows; U; Windows NT 5.1; en-US; rv:1.9.1.2) Gecko/20090729 Firefox/3.5.2 (.NET CLR 3.5.30729)"
66.27.203.182 - - [01/Sep/2009:07:35:40 +0200] "GET /bannerz/google/Logo_40blk.gif HTTP/1.1" 200 2308 "http://www.various-euro.com/frame-inhalt.html" "Mozilla/5.0 (Windows; U; Windows NT 5.1; en-US; rv:1.9.1.2) Gecko/20090729 Firefox/3.5.2 (.NET CLR 3.5.30729)"
66.27.203.182 - - [01/Sep/2009:07:35:40 +0200] "GET /bannerz/neon_click_2.gif HTTP/1.1" 200 387 "http://www.various-euro.com/frame-inhalt.html" "Mozilla/5.0 (Windows; U; Windows NT 5.1; en-US; rv:1.9.1.2) Gecko/20090729 Firefox/3.5.2 (.NET CLR 3.5.30729)"
66.27.203.182 - - [01/Sep/2009:07:35:40 +0200] "GET /bannerz/neon_click_1.gif HTTP/1.1" 200 890 "http://www.various-euro.com/frame-inhalt.html" "Mozilla/5.0 (Windows; U; Windows NT 5.1; en-US; rv:1.9.1.2) Gecko/20090729 Firefox/3.5.2 (.NET CLR 3.5.30729)"
66.27.203.182 - - [01/Sep/2009:07:35:40 +0200] "GET /bannerz/douwil.gif HTTP/1.1" 200 528 "http://www.various-euro.com/frame-inhalt.html" "Mozilla/5.0 (Windows; U; Windows NT 5.1; en-US; rv:1.9.1.2) Gecko/20090729 Firefox/3.5.2 (.NET CLR 3.5.30729)"
66.27.203.182 - - [01/Sep/2009:07:35:40 +0200] "GET /bannerz/copyleft_black_small.gif HTTP/1.1" 200 1231 "http://www.various-euro.com/frame-inhalt.html" "Mozilla/5.0 (Windows; U; Windows NT 5.1; en-US; rv:1.9.1.2) Gecko/20090729 Firefox/3.5.2 (.NET CLR 3.5.30729)"
66.27.203.182 - - [01/Sep/2009:07:35:40 +0200] "GET /bannerz/anti_black_small.gif HTTP/1.1" 200 1009 "http://www.various-euro.com/frame-inhalt.html" "Mozilla/5.0 (Windows; U; Windows NT 5.1; en-US; rv:1.9.1.2) Gecko/20090729 Firefox/3.5.2 (.NET CLR 3.5.30729)"
66.27.203.182 - - [01/Sep/2009:07:35:40 +0200] "GET /bannerz/wet.gif HTTP/1.1" 200 18561 "http://www.various-euro.com/frame-inhalt.html" "Mozilla/5.0 (Windows; U; Windows NT 5.1; en-US; rv:1.9.1.2) Gecko/20090729 Firefox/3.5.2 (.NET CLR 3.5.30729)"
66.27.203.182 - - [01/Sep/2009:07:35:40 +0200] "GET /bannerz/ve.jpg HTTP/1.1" 200 36912 "http://www.various-euro.com/frame-unten.html" "Mozilla/5.0 (Windows; U; Windows NT 5.1; en-US; rv:1.9.1.2) Gecko/20090729 Firefox/3.5.2 (.NET CLR 3.5.30729)"
66.27.203.182 - - [01/Sep/2009:07:35:40 +0200] "GET /bannerz/various-euro-girl.jpg HTTP/1.1" 200 91514 "http://www.various-euro.com/frame-unten.html" "Mozilla/5.0 (Windows; U; Windows NT 5.1; en-US; rv:1.9.1.2) Gecko/20090729 Firefox/3.5.2 (.NET CLR 3.5.30729)"
81.52.143.34 - - [01/Sep/2009:07:48:51 +0200] "GET /neon/warning.html HTTP/1.1" 200 5134 "-" "Mozilla/5.0 (Windows; U; Windows NT 5.1; fr; rv:1.8.1) VoilaBot BETA 1.2 (support.voilabot@orange-ftgroup.com)"
217.86.132.79 - - [01/Sep/2009:07:53:27 +0200] "GET /zampa/fleetblick/00Final-posterA1.jpg HTTP/1.1" 200 9523465 "-" "Mozilla/5.0 (Macintosh; U; Intel Mac OS X 10_4_11; de-de) AppleWebKit/525.27.1 (KHTML, like Gecko) Version/3.2.1 Safari/525.27.1"
217.86.132.79 - - [01/Sep/2009:07:54:08 +0200] "GET /favicon.ico HTTP/1.1" 404 2748 "http://www.various-euro.com/zampa/fleetblick/00Final-posterA1.jpg" "Mozilla/5.0 (Macintosh; U; Intel Mac OS X 10_4_11; de-de) AppleWebKit/525.27.1 (KHTML, like Gecko) Version/3.2.1 Safari/525.27.1"
114.244.35.150 - - [01/Sep/2009:08:38:13 +0200] "GET /favicon.ico HTTP/1.1" 404 2748 "-" "Mozilla/4.0 (compatible; GoogleToolbar 6.2.1928.2034; Windows XP 5.1; MSIE 6.0.2900.2180)"
114.244.35.150 - - [01/Sep/2009:08:38:17 +0200] "GET /favicon.gif HTTP/1.1" 404 2748 "-" "Mozilla/4.0 (compatible; GoogleToolbar 6.2.1928.2034; Windows XP 5.1; MSIE 6.0.2900.2180)"
78.54.67.206 - - [01/Sep/2009:08:57:31 +0200] "GET /zampa/fleetblick/00Final-posterA1.jpg HTTP/1.1" 200 9523465 "-" "Mozilla/5.0 (Macintosh; U; PPC Mac OS X 10.5; de; rv:1.9.1.2) Gecko/20090729 Firefox/3.5.2"
65.55.106.131 - - [01/Sep/2009:09:09:26 +0200] "GET /robots.txt HTTP/1.1" 200 64 "-" "msnbot/2.0b (+http://search.msn.com/msnbot.htm)"
72.30.142.179 - - [01/Sep/2009:09:10:36 +0200] "GET /zampa-lovers/index.html HTTP/1.0" 200 37790 "-" "Mozilla/5.0 (compatible; Yahoo! Slurp/3.0; http://help.yahoo.com/help/us/ysearch/slurp)"
65.55.106.131 - - [01/Sep/2009:09:11:03 +0200] "GET /net.html HTTP/1.0" 404 2748 "-" "msnbot/2.0b (+http://search.msn.com/msnbot.htm)"
72.14.199.134 - - [01/Sep/2009:09:30:25 +0200] "GET / HTTP/1.1" 302 353 "-" "Feedfetcher-Google; (+http://www.google.com/feedfetcher.html; 1 subscribers; feed-id=5454548576667470243)"
72.14.199.164 - - [01/Sep/2009:09:30:58 +0200] "GET /zampa/ HTTP/1.1" 200 7153 "-" "Feedfetcher-Google; (+http://www.google.com/feedfetcher.html; 1 subscribers; feed-id=5454548576667470243)"
67.202.41.3 - - [01/Sep/2009:09:31:22 +0200] "GET /robots.txt HTTP/1.0" 200 64 "-" "ia_archiver (+http://www.alexa.com/site/help/webmasters; crawler@alexa.com)"
65.55.106.158 - - [01/Sep/2009:10:18:07 +0200] "GET /zampa/ HTTP/1.0" 200 7153 "-" "msnbot/2.0b (+http://search.msn.com/msnbot.htm)"
80.47.30.244 - - [01/Sep/2009:10:33:35 +0200] "GET /zampa/fleetblick/00Final-posterA1.jpg HTTP/1.1" 200 9523465 "http://www.rebelart.net/diary/" "Mozilla/5.0 (Windows; U; Windows NT 6.0; de; rv:1.9.1.2) Gecko/20090729 Firefox/3.5.2 (.NET CLR 3.5.30729)"
65.55.211.162 - - [01/Sep/2009:11:15:18 +0200] "GET /robots.txt HTTP/1.1" 200 64 "-" "msnbot/1.1 (+http://search.msn.com/msnbot.htm)"
65.55.211.162 - - [01/Sep/2009:11:15:19 +0200] "GET /zampa/montenegro/ZMAJW.html HTTP/1.1" 200 860 "-" "msnbot/1.1 (+http://search.msn.com/msnbot.htm)"
65.55.211.162 - - [01/Sep/2009:11:23:46 +0200] "GET /frame-menu.html HTTP/1.1" 200 10500 "-" "msnbot/1.1 (+http://search.msn.com/msnbot.htm)"
77.88.28.248 - - [01/Sep/2009:11:26:45 +0200] "GET / HTTP/1.1" 302 353 "-" "Yandex/1.01.001 (compatible; Win16; I)"
65.55.109.139 - - [01/Sep/2009:11:29:18 +0200] "GET /frame-menu.html HTTP/1.1" 200 10500 "-" "Mozilla/4.0 (compatible; MSIE 6.0; Windows NT 5.1; SLCC1; .NET CLR 1.1.4322; .NET CLR 2.0.40607; .NET CLR 3.0.30729; .NET CLR 3.5.30707; MS-RTC LM 8)"
65.55.109.139 - - [01/Sep/2009:11:29:20 +0200] "GET /style/various-euro.css HTTP/1.1" 200 3437 "http://www.various-euro.com/frame-menu.html" "Mozilla/4.0 (compatible; MSIE 6.0; Windows NT 5.1; SLCC1; .NET CLR 1.1.4322; .NET CLR 2.0.40607; .NET CLR 3.0.30729; .NET CLR 3.5.30707; MS-RTC LM 8)"
65.55.109.139 - - [01/Sep/2009:11:29:25 +0200] "GET /framez.html HTTP/1.1" 200 3959 "-" "Mozilla/4.0 (compatible; MSIE 6.0; Windows NT 5.1; SLCC1; .NET CLR 1.1.4322; .NET CLR 2.0.40607; .NET CLR 3.0.30729; .NET CLR 3.5.30707; MS-RTC LM 8)"
65.55.109.139 - - [01/Sep/2009:11:29:26 +0200] "GET /style/various-euro.css HTTP/1.1" 200 3437 "http://www.various-euro.com/framez.html" "Mozilla/4.0 (compatible; MSIE 6.0; Windows NT 5.1; SLCC1; .NET CLR 1.1.4322; .NET CLR 2.0.40607; .NET CLR 3.0.30729; .NET CLR 3.5.30707; MS-RTC LM 8)"
65.55.109.139 - - [01/Sep/2009:11:29:27 +0200] "GET /frame-menu.html HTTP/1.1" 200 10500 "http://www.various-euro.com/framez.html" "Mozilla/4.0 (compatible; MSIE 6.0; Windows NT 5.1; SLCC1; .NET CLR 1.1.4322; .NET CLR 2.0.40607; .NET CLR 3.0.30729; .NET CLR 3.5.30707; MS-RTC LM 8)"
65.55.109.139 - - [01/Sep/2009:11:29:27 +0200] "GET /frame-unten.html HTTP/1.1" 200 5308 "http://www.various-euro.com/framez.html" "Mozilla/4.0 (compatible; MSIE 6.0; Windows NT 5.1; SLCC1; .NET CLR 1.1.4322; .NET CLR 2.0.40607; .NET CLR 3.0.30729; .NET CLR 3.5.30707; MS-RTC LM 8)"
65.55.109.139 - - [01/Sep/2009:11:29:28 +0200] "GET /frame-inhalt.html HTTP/1.1" 200 7688 "http://www.various-euro.com/framez.html" "Mozilla/4.0 (compatible; MSIE 6.0; Windows NT 5.1; SLCC1; .NET CLR 1.1.4322; .NET CLR 2.0.40607; .NET CLR 3.0.30729; .NET CLR 3.5.30707; MS-RTC LM 8)"
65.55.109.139 - - [01/Sep/2009:11:29:30 +0200] "GET /style/various-euro.css HTTP/1.1" 200 3437 "http://www.various-euro.com/frame-menu.html" "Mozilla/4.0 (compatible; MSIE 6.0; Windows NT 5.1; SLCC1; .NET CLR 1.1.4322; .NET CLR 2.0.40607; .NET CLR 3.0.30729; .NET CLR 3.5.30707; MS-RTC LM 8)"
72.30.142.179 - - [01/Sep/2009:11:44:16 +0200] "GET /f-channel1.html HTTP/1.0" 200 9329 "-" "Mozilla/5.0 (compatible; Yahoo! Slurp/3.0; http://help.yahoo.com/help/us/ysearch/slurp)"
72.30.142.179 - - [01/Sep/2009:11:44:19 +0200] "GET /rss/ve-rss.php HTTP/1.0" 200 13416 "http://www.various-euro.com/f-channel1.html" "Mozilla/5.0 (compatible; Yahoo! Slurp/3.0; http://help.yahoo.com/help/us/ysearch/slurp)"
89.149.234.180 - - [01/Sep/2009:11:52:32 +0200] "GET /logs/usage_200908.html HTTP/1.0" 404 2748 "-" "-"
78.54.101.149 - - [01/Sep/2009:11:54:06 +0200] "GET /zampa/fleetblick/00Final-posterA1.jpg HTTP/1.1" 200 9523465 "-" "Mozilla/5.0 (Windows; U; Windows NT 5.1; de; rv:1.9.1.2) Gecko/20090729 Firefox/3.5.2"
72.30.161.230 - - [01/Sep/2009:11:56:24 +0200] "GET /robots.txt HTTP/1.0" 200 64 "-" "Mozilla/5.0 (compatible; Yahoo! Slurp; http://help.yahoo.com/help/us/ysearch/slurp)"
72.30.161.230 - - [01/Sep/2009:11:56:25 +0200] "GET / HTTP/1.0" 200 7869 "-" "Mozilla/5.0 (compatible; Yahoo! Slurp/3.0; http://help.yahoo.com/help/us/ysearch/slurp)"
72.30.161.230 - - [01/Sep/2009:11:59:26 +0200] "GET /robots.txt HTTP/1.0" 200 64 "-" "Mozilla/5.0 (compatible; Yahoo! Slurp; http://help.yahoo.com/help/us/ysearch/slurp)"
72.30.161.230 - - [01/Sep/2009:11:59:28 +0200] "GET /style/various-euro.css HTTP/1.0" 200 3437 "http://various-euro.com/" "Mozilla/5.0 (compatible; Yahoo! Slurp/3.0; http://help.yahoo.com/help/us/ysearch/slurp)"
66.249.65.201 - - [01/Sep/2009:12:03:36 +0200] "GET /logs/usage_200909.html HTTP/1.1" 404 2748 "-" "Mozilla/5.0 (compatible; Googlebot/2.1; +http://www.google.com/bot.html)"
78.54.102.189 - - [01/Sep/2009:12:15:48 +0200] "GET /zampa/fleetblick/00Final-posterA1.jpg HTTP/1.1" 200 9523465 "-" "Mozilla/5.0 (Macintosh; U; Intel Mac OS X 10.4; en-US; rv:1.9.1.2) Gecko/20090729 Firefox/3.5.2"
72.14.199.134 - - [01/Sep/2009:12:33:10 +0200] "GET / HTTP/1.1" 302 353 "-" "Feedfetcher-Google; (+http://www.google.com/feedfetcher.html; 1 subscribers; feed-id=5454548576667470243)"
72.14.199.164 - - [01/Sep/2009:12:33:17 +0200] "GET /zampa/ HTTP/1.1" 200 7153 "-" "Feedfetcher-Google; (+http://www.google.com/feedfetcher.html; 1 subscribers; feed-id=5454548576667470243)"
193.47.80.51 - - [01/Sep/2009:12:40:57 +0200] "GET /robots.txt HTTP/1.1" 302 363 "-" "Mozilla/5.0 (compatible; Exabot/3.0; +http://www.exabot.com/go/robot)"
193.47.80.51 - - [01/Sep/2009:12:40:57 +0200] "GET /zampa/robots.txt HTTP/1.1" 404 2748 "-" "Mozilla/5.0 (compatible; Exabot/3.0; +http://www.exabot.com/go/robot)"
193.47.80.51 - - [01/Sep/2009:12:40:57 +0200] "GET / HTTP/1.1" 302 353 "-" "Mozilla/5.0 (compatible; Exabot/3.0; +http://www.exabot.com/go/robot)"
193.47.80.51 - - [01/Sep/2009:12:41:01 +0200] "GET /robots.txt HTTP/1.1" 200 64 "-" "Mozilla/5.0 (compatible; Exabot/3.0; +http://www.exabot.com/go/robot)"
193.47.80.51 - - [01/Sep/2009:12:41:01 +0200] "GET /zampa/ HTTP/1.1" 200 7153 "-" "Mozilla/5.0 (compatible; Exabot/3.0; +http://www.exabot.com/go/robot)"
65.55.109.234 - - [01/Sep/2009:13:01:53 +0200] "GET /search.html HTTP/1.1" 200 1440 "-" "Mozilla/4.0 (compatible; MSIE 6.0; Windows NT 5.2; SV1; .NET CLR 1.1.4322; .NET CLR 2.0.50727; .NET CLR 3.0.30729; .NET CLR 3.5.30729; MS-RTC LM 8)"
85.177.123.211 - - [01/Sep/2009:13:44:14 +0200] "GET /zampa/fleetblick/00Final-posterA1.jpg HTTP/1.1" 200 9523465 "http://de.mc274.mail.yahoo.com/mc/showMessage?sMid=0&fid=Inbox&sort=date&order=down&startMid=0&filterBy=&.rand=1285622302&midIndex=0&mid=1_20668216_ALaxktkAAXqFSp0GWgrb5259miI&f=1&m=1_20668216_ALaxktkAAXqFSp0GWgrb5259miI,1_20667675_ALWxktkAAOG%2FSp0Fwwkaxzv14Lk,1_20666915_ALKxktkAAUbkSp0FVwgPHhn731k,1_20666459_ALKxktkAATp3Sp0EOwsC2AXYVFs,1_20665757_ALGxktkAAEuASp0D6g2PnVsJQT8,1_20664209_ALWxktkAAA3hSpz1zg87oE7mRPs," "Mozilla/5.0 (X11; U; Linux i686; en-US; rv:1.9.1.1) Gecko/20090716 Ubuntu/9.04 (jaunty) Shiretoko/3.5.1"
65.55.106.158 - - [01/Sep/2009:13:53:19 +0200] "GET /robots.txt HTTP/1.1" 200 64 "-" "msnbot/2.0b (+http://search.msn.com/msnbot.htm)"
65.55.106.158 - - [01/Sep/2009:13:54:06 +0200] "GET /f-warez.html HTTP/1.0" 200 10953 "-" "msnbot/2.0b (+http://search.msn.com/msnbot.htm)"
79.34.0.4 - - [01/Sep/2009:14:02:12 +0200] "GET / HTTP/1.1" 200 7869 "-" "-"
71.102.113.34 - - [01/Sep/2009:14:32:43 +0200] "GET /robots.txt HTTP/1.1" 200 64 "-" "Mozilla/5.0 (compatible; 008/0.83; http://www.80legs.com/spider.html;) Gecko/2008032620"
71.102.113.34 - - [01/Sep/2009:14:32:43 +0200] "GET /framez-rez.html HTTP/1.1" 200 4323 "-" "Mozilla/5.0 (compatible; 008/0.83; http://www.80legs.com/spider.html;) Gecko/2008032620"
193.7.250.35 - - [01/Sep/2009:15:09:40 +0200] "GET /zampa/fleetblick/00Final-posterA1.jpg HTTP/1.1" 200 9523465 "-" "Mozilla/5.0 (Macintosh; U; PPC Mac OS X 10.4; de; rv:1.9.0.3) Gecko/2008092414 Firefox/3.0.3"
66.249.65.201 - - [01/Sep/2009:15:19:45 +0200] "GET /framez-restate.html HTTP/1.1" 200 4328 "-" "Mozilla/5.0 (compatible; Googlebot/2.1; +http://www.google.com/bot.html)"
72.30.142.179 - - [01/Sep/2009:15:30:19 +0200] "GET /robots.txt HTTP/1.0" 200 64 "-" "Mozilla/5.0 (compatible; Yahoo! Slurp; http://help.yahoo.com/help/us/ysearch/slurp)"
72.30.142.179 - - [01/Sep/2009:15:30:20 +0200] "GET /f-horrorkatze.html HTTP/1.0" 200 7865 "-" "Mozilla/5.0 (compatible; Yahoo! Slurp/3.0; http://help.yahoo.com/help/us/ysearch/slurp)"
78.84.251.40 - - [01/Sep/2009:15:25:35 +0200] "GET /zampa/fleetblick/00Final-posterA1.jpg HTTP/1.1" 200 9523465 "-" "Mozilla/5.0 (Macintosh; U; Intel Mac OS X 10.5; de; rv:1.9.1.2) Gecko/20090729 Firefox/3.5.2"
78.84.251.40 - - [01/Sep/2009:15:31:11 +0200] "GET /zampa HTTP/1.1" 301 375 "-" "Mozilla/5.0 (Macintosh; U; Intel Mac OS X 10.5; de; rv:1.9.1.2) Gecko/20090729 Firefox/3.5.2"
78.84.251.40 - - [01/Sep/2009:15:31:11 +0200] "GET /zampa/ HTTP/1.1" 200 7153 "-" "Mozilla/5.0 (Macintosh; U; Intel Mac OS X 10.5; de; rv:1.9.1.2) Gecko/20090729 Firefox/3.5.2"
78.84.251.40 - - [01/Sep/2009:15:31:11 +0200] "GET /zampa/slike/zampa.gif HTTP/1.1" 200 5310 "http://www.various-euro.com/zampa/" "Mozilla/5.0 (Macintosh; U; Intel Mac OS X 10.5; de; rv:1.9.1.2) Gecko/20090729 Firefox/3.5.2"
78.84.251.40 - - [01/Sep/2009:15:31:11 +0200] "GET /zampa/slike/udupetu.gif HTTP/1.1" 200 4138 "http://www.various-euro.com/zampa/" "Mozilla/5.0 (Macintosh; U; Intel Mac OS X 10.5; de; rv:1.9.1.2) Gecko/20090729 Firefox/3.5.2"
78.84.251.40 - - [01/Sep/2009:15:31:11 +0200] "GET /zampa/slike/inthearse.gif HTTP/1.1" 200 4077 "http://www.various-euro.com/zampa/" "Mozilla/5.0 (Macintosh; U; Intel Mac OS X 10.5; de; rv:1.9.1.2) Gecko/20090729 Firefox/3.5.2"
78.84.251.40 - - [01/Sep/2009:15:31:12 +0200] "GET /favicon.ico HTTP/1.1" 404 2748 "-" "Mozilla/5.0 (Macintosh; U; Intel Mac OS X 10.5; de; rv:1.9.1.2) Gecko/20090729 Firefox/3.5.2"
78.84.251.40 - - [01/Sep/2009:15:31:15 +0200] "GET /favicon.ico HTTP/1.1" 404 2748 "-" "Mozilla/5.0 (Macintosh; U; Intel Mac OS X 10.5; de; rv:1.9.1.2) Gecko/20090729 Firefox/3.5.2"
78.84.251.40 - - [01/Sep/2009:15:32:00 +0200] "GET /zampa/slike/E1TITEL.GIF HTTP/1.1" 200 16284 "http://www.various-euro.com/zampa/" "Mozilla/5.0 (Macintosh; U; Intel Mac OS X 10.5; de; rv:1.9.1.2) Gecko/20090729 Firefox/3.5.2"
78.84.251.40 - - [01/Sep/2009:15:30:58 +0200] "GET /zampa/fleetblick/00Final-posterA1.jpg HTTP/1.1" 206 9503541 "-" "Mozilla/5.0 (Macintosh; U; Intel Mac OS X 10.5; de; rv:1.9.1.2) Gecko/20090729 Firefox/3.5.2"
61.41.172.247 - - [01/Sep/2009:15:48:22 +0200] "GET / HTTP/1.1" 200 7869 "-" "QroboDomainBot"
92.228.8.59 - - [01/Sep/2009:15:59:21 +0200] "GET /zampa/fleetblick/00Final-posterA1.jpg HTTP/1.1" 200 9523465 "http://freemailng9908.web.de/jump.htm?goto=http%3A%2F%2Fwww.various-euro.com%2Fzampa%2Ffleetblick%2F00Final-posterA1.jpg" "Mozilla/5.0 (Windows; U; Windows NT 6.0; en-US) AppleWebKit/530.5 (KHTML, like Gecko) Chrome/2.0.172.43 Safari/530.5"
92.228.8.59 - - [01/Sep/2009:15:59:30 +0200] "GET /favicon.ico HTTP/1.1" 404 2748 "-" "Mozilla/5.0 (Windows; U; Windows NT 6.0; en-US) AppleWebKit/530.5 (KHTML, like Gecko) Chrome/2.0.172.43 Safari/530.5"
85.177.239.135 - - [01/Sep/2009:16:25:17 +0200] "GET /zampa/fleetblick/00Final-posterA1.jpg HTTP/1.1" 200 9523465 "-" "Mozilla/5.0 (Macintosh; U; Intel Mac OS X 10_5_8; de-de) AppleWebKit/531.9 (KHTML, like Gecko) Version/4.0.3 Safari/531.9"
85.177.239.135 - - [01/Sep/2009:16:25:24 +0200] "GET /favicon.ico HTTP/1.1" 404 2748 "http://www.various-euro.com/zampa/fleetblick/00Final-posterA1.jpg" "Mozilla/5.0 (Macintosh; U; Intel Mac OS X 10_5_8; de-de) AppleWebKit/531.9 (KHTML, like Gecko) Version/4.0.3 Safari/531.9"
85.177.239.135 - - [01/Sep/2009:16:28:24 +0200] "GET /zampa/fleetblick/00Final-posterA1.jpg HTTP/1.1" 200 9523465 "-" "Mail936 CFNetwork/438.14 Darwin/9.8.0 (i386) (MacBookPro4%2C1)"
65.55.106.205 - - [01/Sep/2009:16:55:18 +0200] "GET /robots.txt HTTP/1.1" 200 64 "-" "msnbot/2.0b (+http://search.msn.com/msnbot.htm)"
65.55.106.205 - - [01/Sep/2009:16:56:06 +0200] "GET /bmpp/euro_pal_1.html HTTP/1.0" 200 18252 "-" "msnbot/2.0b (+http://search.msn.com/msnbot.htm)"
91.16.149.68 - - [01/Sep/2009:17:11:48 +0200] "GET /zampa/fleetblick/00Final-posterA1.jpg HTTP/1.1" 200 9523465 "-" "Mozilla/5.0 (Macintosh; U; Intel Mac OS X 10.5; en-US; rv:1.9.1.2) Gecko/20090729 Firefox/3.5.2"
65.55.211.159 - - [01/Sep/2009:17:19:29 +0200] "GET /robots.txt HTTP/1.1" 200 64 "-" "msnbot/1.1 (+http://search.msn.com/msnbot.htm)"
65.55.211.159 - - [01/Sep/2009:17:19:29 +0200] "GET /sendi_agent.html HTTP/1.1" 200 8791 "-" "msnbot/1.1 (+http://search.msn.com/msnbot.htm)"
65.55.106.210 - - [01/Sep/2009:17:25:07 +0200] "GET /framez-rez.html HTTP/1.0" 200 4323 "-" "msnbot/2.0b (+http://search.msn.com/msnbot.htm)"
65.55.106.232 - - [01/Sep/2009:17:44:07 +0200] "GET /tour1_new.html HTTP/1.0" 404 2748 "-" "msnbot/2.0b (+http://search.msn.com/msnbot.htm)"
72.30.142.179 - - [01/Sep/2009:18:04:55 +0200] "GET /3dsf3/sendi/utopia.html HTTP/1.0" 200 1295 "-" "Mozilla/5.0 (compatible; Yahoo! Slurp/3.0; http://help.yahoo.com/help/us/ysearch/slurp)"
72.30.142.179 - - [01/Sep/2009:18:05:08 +0200] "GET /3dsf3/sendi/formate.css HTTP/1.0" 200 474 "http://www.various-euro.com/3dsf3/sendi/utopia.html" "Mozilla/5.0 (compatible; Yahoo! Slurp/3.0; http://help.yahoo.com/help/us/ysearch/slurp)"
65.55.109.182 - - [01/Sep/2009:18:06:21 +0200] "GET /f-world.html HTTP/1.1" 200 35590 "-" "Mozilla/4.0 (compatible; MSIE 6.0; Windows NT 5.1; SLCC1; .NET CLR 1.1.4325; .NET CLR 2.0.40607; .NET CLR 3.0.30729; .NET CLR 3.5.30729; InfoPath.2)"
65.55.109.182 - - [01/Sep/2009:18:06:56 +0200] "GET /framez-world.html HTTP/1.1" 200 4325 "-" "Mozilla/4.0 (compatible; MSIE 6.0; Windows NT 5.1; SLCC1; .NET CLR 1.1.4325; .NET CLR 2.0.40607; .NET CLR 3.0.30729; .NET CLR 3.5.30729; InfoPath.2)"
65.55.230.248 - - [01/Sep/2009:18:30:02 +0200] "GET /robots.txt HTTP/1.1" 200 64 "-" "Mozilla/4.0"
65.55.230.248 - - [01/Sep/2009:18:30:02 +0200] "GET /framez.html HTTP/1.1" 200 3959 "-" "Mozilla/4.0"
72.14.199.134 - - [01/Sep/2009:18:31:38 +0200] "GET / HTTP/1.1" 302 353 "-" "Feedfetcher-Google; (+http://www.google.com/feedfetcher.html; 1 subscribers; feed-id=5454548576667470243)"
72.14.199.164 - - [01/Sep/2009:18:31:38 +0200] "GET /zampa/ HTTP/1.1" 200 7153 "-" "Feedfetcher-Google; (+http://www.google.com/feedfetcher.html; 1 subscribers; feed-id=5454548576667470243)"
72.30.81.187 - - [01/Sep/2009:18:32:25 +0200] "GET /robots.txt HTTP/1.0" 302 363 "-" "Mozilla/5.0 (compatible; Yahoo! Slurp; http://help.yahoo.com/help/us/ysearch/slurp)"
72.30.81.187 - - [01/Sep/2009:18:32:25 +0200] "GET /zampa/robots.txt HTTP/1.0" 404 2748 "-" "Mozilla/5.0 (compatible; Yahoo! Slurp; http://help.yahoo.com/help/us/ysearch/slurp)"
72.30.81.187 - - [01/Sep/2009:18:32:25 +0200] "GET / HTTP/1.0" 302 353 "-" "Mozilla/5.0 (compatible; Yahoo! Slurp/3.0; http://help.yahoo.com/help/us/ysearch/slurp)"
72.30.142.179 - - [01/Sep/2009:18:32:26 +0200] "GET /zampa/ HTTP/1.0" 200 7153 "-" "Mozilla/5.0 (compatible; Yahoo! Slurp/3.0; http://help.yahoo.com/help/us/ysearch/slurp)"
85.180.67.53 - - [01/Sep/2009:18:45:15 +0200] "GET / HTTP/1.1" 302 353 "http://zeitgenoessischekunstserbien.blogspot.com/" "Mozilla/5.0 (Windows; U; Windows NT 5.1; en-US; rv:1.9.1.2) Gecko/20090729 Firefox/3.5.2"
85.180.67.53 - - [01/Sep/2009:18:45:15 +0200] "GET /zampa/ HTTP/1.1" 200 7153 "http://zeitgenoessischekunstserbien.blogspot.com/" "Mozilla/5.0 (Windows; U; Windows NT 5.1; en-US; rv:1.9.1.2) Gecko/20090729 Firefox/3.5.2"
85.180.67.53 - - [01/Sep/2009:18:45:15 +0200] "GET /zampa/slike/zampa.gif HTTP/1.1" 200 5310 "http://www.various-euro.com/zampa/" "Mozilla/5.0 (Windows; U; Windows NT 5.1; en-US; rv:1.9.1.2) Gecko/20090729 Firefox/3.5.2"
85.180.67.53 - - [01/Sep/2009:18:45:15 +0200] "GET /zampa/slike/inthearse.gif HTTP/1.1" 200 4077 "http://www.various-euro.com/zampa/" "Mozilla/5.0 (Windows; U; Windows NT 5.1; en-US; rv:1.9.1.2) Gecko/20090729 Firefox/3.5.2"
85.180.67.53 - - [01/Sep/2009:18:45:15 +0200] "GET /zampa/slike/udupetu.gif HTTP/1.1" 200 4138 "http://www.various-euro.com/zampa/" "Mozilla/5.0 (Windows; U; Windows NT 5.1; en-US; rv:1.9.1.2) Gecko/20090729 Firefox/3.5.2"
85.180.67.53 - - [01/Sep/2009:18:45:16 +0200] "GET /favicon.ico HTTP/1.1" 404 2748 "-" "Mozilla/5.0 (Windows; U; Windows NT 5.1; en-US; rv:1.9.1.2) Gecko/20090729 Firefox/3.5.2"
85.180.67.53 - - [01/Sep/2009:18:45:19 +0200] "GET /favicon.ico HTTP/1.1" 404 2748 "-" "Mozilla/5.0 (Windows; U; Windows NT 5.1; en-US; rv:1.9.1.2) Gecko/20090729 Firefox/3.5.2"
85.180.67.53 - - [01/Sep/2009:18:45:36 +0200] "GET /zampa/slike/E1TITEL.GIF HTTP/1.1" 200 16284 "http://www.various-euro.com/zampa/" "Mozilla/5.0 (Windows; U; Windows NT 5.1; en-US; rv:1.9.1.2) Gecko/20090729 Firefox/3.5.2"
85.180.67.53 - - [01/Sep/2009:18:45:45 +0200] "GET /zampa/slike/E2COPY.GIF HTTP/1.1" 200 10416 "http://www.various-euro.com/zampa/" "Mozilla/5.0 (Windows; U; Windows NT 5.1; en-US; rv:1.9.1.2) Gecko/20090729 Firefox/3.5.2"
85.180.67.53 - - [01/Sep/2009:18:46:01 +0200] "GET /zampa/montenegro/index.html HTTP/1.1" 200 2651 "http://www.various-euro.com/zampa/" "Mozilla/5.0 (Windows; U; Windows NT 5.1; en-US; rv:1.9.1.2) Gecko/20090729 Firefox/3.5.2"
85.180.67.53 - - [01/Sep/2009:18:46:01 +0200] "GET /zampa/montenegro/slike/plakat.jpg HTTP/1.1" 200 47879 "http://www.various-euro.com/zampa/montenegro/index.html" "Mozilla/5.0 (Windows; U; Windows NT 5.1; en-US; rv:1.9.1.2) Gecko/20090729 Firefox/3.5.2"
67.195.110.159 - - [01/Sep/2009:19:46:13 +0200] "GET /robots.txt HTTP/1.0" 200 64 "-" "Mozilla/5.0 (compatible; Yahoo! Slurp; http://help.yahoo.com/help/us/ysearch/slurp)"
67.195.110.159 - - [01/Sep/2009:19:46:13 +0200] "GET /framez-rez.html HTTP/1.0" 200 4323 "-" "Mozilla/5.0 (compatible; Yahoo! Slurp/3.0; http://help.yahoo.com/help/us/ysearch/slurp)"
67.195.110.159 - - [01/Sep/2009:19:46:16 +0200] "GET /frame-menu.html HTTP/1.0" 200 10500 "http://www.various-euro.com/framez-rez.html" "Mozilla/5.0 (compatible; Yahoo! Slurp/3.0; http://help.yahoo.com/help/us/ysearch/slurp)"
67.195.110.159 - - [01/Sep/2009:19:46:16 +0200] "GET /frame-unten.html HTTP/1.0" 200 5308 "http://www.various-euro.com/framez-rez.html" "Mozilla/5.0 (compatible; Yahoo! Slurp/3.0; http://help.yahoo.com/help/us/ysearch/slurp)"
67.195.110.159 - - [01/Sep/2009:19:46:16 +0200] "GET /f-rez.html HTTP/1.0" 200 9765 "http://www.various-euro.com/framez-rez.html" "Mozilla/5.0 (compatible; Yahoo! Slurp/3.0; http://help.yahoo.com/help/us/ysearch/slurp)"
67.195.110.159 - - [01/Sep/2009:19:46:18 +0200] "GET /style/various-euro.css HTTP/1.0" 304 - "http://www.various-euro.com/frame-menu.html" "Mozilla/5.0 (compatible; Yahoo! Slurp/3.0; http://help.yahoo.com/help/us/ysearch/slurp)"
65.55.207.76 - - [01/Sep/2009:20:04:11 +0200] "GET /robots.txt HTTP/1.1" 200 64 "-" "msnbot/2.0b (+http://search.msn.com/msnbot.htm)"
65.55.207.76 - - [01/Sep/2009:20:08:04 +0200] "GET /logs/usage_200806.html HTTP/1.0" 200 166379 "-" "msnbot/2.0b (+http://search.msn.com/msnbot.htm)"
81.52.143.29 - - [01/Sep/2009:21:21:16 +0200] "GET /f-warez.html HTTP/1.1" 200 10953 "-" "Mozilla/5.0 (Windows; U; Windows NT 5.1; fr; rv:1.8.1) VoilaBot BETA 1.2 (support.voilabot@orange-ftgroup.com)"
72.14.199.134 - - [01/Sep/2009:21:42:47 +0200] "GET / HTTP/1.1" 302 353 "-" "Feedfetcher-Google; (+http://www.google.com/feedfetcher.html; 1 subscribers; feed-id=5454548576667470243)"
72.14.199.164 - - [01/Sep/2009:22:15:51 +0200] "GET /zampa/ HTTP/1.1" 200 7153 "-" "Feedfetcher-Google; (+http://www.google.com/feedfetcher.html; 1 subscribers; feed-id=5454548576667470243)"
193.252.149.13 - - [01/Sep/2009:22:40:17 +0200] "GET /framez.html HTTP/1.1" 200 3959 "-" "Mozilla/5.0 (Windows; U; Windows NT 5.1; fr; rv:1.8.1) VoilaBot BETA 1.2 (support.voilabot@orange-ftgroup.com)"
72.30.142.179 - - [01/Sep/2009:23:01:43 +0200] "GET /schubb/schubb-4.html HTTP/1.0" 200 17746 "-" "Mozilla/5.0 (compatible; Yahoo! Slurp/3.0; http://help.yahoo.com/help/us/ysearch/slurp)"
193.47.80.51 - - [01/Sep/2009:23:50:23 +0200] "GET / HTTP/1.1" 200 7869 "-" "Mozilla/5.0 (compatible; Exabot/3.0; +http://www.exabot.com/go/robot)"
72.30.142.179 - - [02/Sep/2009:00:05:46 +0200] "GET /f-actions.html HTTP/1.0" 200 11686 "-" "Mozilla/5.0 (compatible; Yahoo! Slurp/3.0; http://help.yahoo.com/help/us/ysearch/slurp)"
99.135.90.37 - - [02/Sep/2009:00:16:10 +0200] "GET /framez-zampa-lovers.html HTTP/1.1" 200 4322 "-" "User-Agent: Mozilla/4.0 (compatible; MSIE 8.0; Windows NT 5.1; Trident/4.0; FunWebProducts; GTB6; .NET CLR 1.0.3705; .NET CLR 1.1.4322; Media Center PC 4.0; .NET CLR 2.0.50727; .NET CLR 3.0.04506.30; .NET CLR 3.0.04506.648; .NET CLR 3.0.4506.2152; .NET CLR"
99.135.90.37 - - [02/Sep/2009:00:25:41 +0200] "GET /framez-zampa-lovers.html HTTP/1.1" 200 4322 "-" "User-Agent: Mozilla/4.0 (compatible; MSIE 8.0; Windows NT 5.1; Trident/4.0; FunWebProducts; GTB6; .NET CLR 1.0.3705; .NET CLR 1.1.4322; Media Center PC 4.0; .NET CLR 2.0.50727; .NET CLR 3.0.04506.30; .NET CLR 3.0.04506.648; .NET CLR 3.0.4506.2152; .NET CLR"
99.135.90.37 - - [02/Sep/2009:00:35:03 +0200] "GET /framez-zampa-lovers.html HTTP/1.1" 200 4322 "-" "User-Agent: Mozilla/4.0 (compatible; MSIE 8.0; Windows NT 5.1; Trident/4.0; FunWebProducts; GTB6; .NET CLR 1.0.3705; .NET CLR 1.1.4322; Media Center PC 4.0; .NET CLR 2.0.50727; .NET CLR 3.0.04506.30; .NET CLR 3.0.04506.648; .NET CLR 3.0.4506.2152; .NET CLR"
198.145.116.13 - - [02/Sep/2009:00:42:04 +0200] "GET / HTTP/1.0" 200 7869 "-" "Mozilla/4.0 (compatible; MSIE 6.0; Windows NT 5.0)"
72.30.142.179 - - [02/Sep/2009:00:47:58 +0200] "GET /framez.html HTTP/1.0" 200 3959 "-" "Mozilla/5.0 (compatible; Yahoo! Slurp/3.0; http://help.yahoo.com/help/us/ysearch/slurp)"
72.30.142.179 - - [02/Sep/2009:00:48:03 +0200] "GET /style/various-euro.css HTTP/1.0" 304 - "http://www.various-euro.com/framez.html" "Mozilla/5.0 (compatible; Yahoo! Slurp/3.0; http://help.yahoo.com/help/us/ysearch/slurp)"
72.30.142.179 - - [02/Sep/2009:00:48:07 +0200] "GET /frame-inhalt.html HTTP/1.0" 200 7688 "http://www.various-euro.com/framez.html" "Mozilla/5.0 (compatible; Yahoo! Slurp/3.0; http://help.yahoo.com/help/us/ysearch/slurp)"
72.30.142.179 - - [02/Sep/2009:00:48:08 +0200] "GET /frame-unten.html HTTP/1.0" 200 5308 "http://www.various-euro.com/framez.html" "Mozilla/5.0 (compatible; Yahoo! Slurp/3.0; http://help.yahoo.com/help/us/ysearch/slurp)"
72.30.142.179 - - [02/Sep/2009:00:48:08 +0200] "GET /frame-menu.html HTTP/1.0" 200 10500 "http://www.various-euro.com/framez.html" "Mozilla/5.0 (compatible; Yahoo! Slurp/3.0; http://help.yahoo.com/help/us/ysearch/slurp)"
193.252.149.15 - - [02/Sep/2009:00:58:33 +0200] "GET / HTTP/1.1" 200 7869 "-" "Mozilla/5.0 (Windows; U; Windows NT 5.1; fr; rv:1.8.1) VoilaBot BETA 1.2 (support.voilabot@orange-ftgroup.com)"
72.14.199.134 - - [02/Sep/2009:01:15:55 +0200] "GET / HTTP/1.1" 302 353 "-" "Feedfetcher-Google; (+http://www.google.com/feedfetcher.html; 1 subscribers; feed-id=5454548576667470243)"
72.14.199.164 - - [02/Sep/2009:01:15:57 +0200] "GET /zampa/ HTTP/1.1" 200 7153 "-" "Feedfetcher-Google; (+http://www.google.com/feedfetcher.html; 1 subscribers; feed-id=5454548576667470243)"
12.183.185.66 - - [02/Sep/2009:01:24:20 +0200] "GET /framez-zampa-lovers.html HTTP/1.1" 200 4322 "http://www.google.com/search?q=ime+coveka+koji+je+jebao+severinu&ie=utf-8&oe=utf-8&aq=t&rls=org.mozilla:en-US:official&client=firefox-a" "Mozilla/5.0 (Windows; U; Windows NT 5.1; en-US; rv:1.9.0.13) Gecko/2009073022 Firefox/3.0.13 (.NET CLR 3.5.30729)"
12.183.185.66 - - [02/Sep/2009:01:24:21 +0200] "GET /frame-menu.html HTTP/1.1" 200 10500 "http://www.various-euro.com/framez-zampa-lovers.html" "Mozilla/5.0 (Windows; U; Windows NT 5.1; en-US; rv:1.9.0.13) Gecko/2009073022 Firefox/3.0.13 (.NET CLR 3.5.30729)"
12.183.185.66 - - [02/Sep/2009:01:24:21 +0200] "GET /ve-icon-2.ico HTTP/1.1" 200 2238 "-" "Mozilla/5.0 (Windows; U; Windows NT 5.1; en-US; rv:1.9.0.13) Gecko/2009073022 Firefox/3.0.13 (.NET CLR 3.5.30729)"
12.183.185.66 - - [02/Sep/2009:01:24:21 +0200] "GET /frame-unten.html HTTP/1.1" 200 5308 "http://www.various-euro.com/framez-zampa-lovers.html" "Mozilla/5.0 (Windows; U; Windows NT 5.1; en-US; rv:1.9.0.13) Gecko/2009073022 Firefox/3.0.13 (.NET CLR 3.5.30729)"
12.183.185.66 - - [02/Sep/2009:01:24:21 +0200] "GET /style/various-euro.css HTTP/1.1" 200 3437 "http://www.various-euro.com/frame-menu.html" "Mozilla/5.0 (Windows; U; Windows NT 5.1; en-US; rv:1.9.0.13) Gecko/2009073022 Firefox/3.0.13 (.NET CLR 3.5.30729)"
12.183.185.66 - - [02/Sep/2009:01:24:21 +0200] "GET /zampa-lovers/DRAGAN_Z.JPG HTTP/1.1" 200 6850 "http://www.various-euro.com/zampa-lovers/index.html" "Mozilla/5.0 (Windows; U; Windows NT 5.1; en-US; rv:1.9.0.13) Gecko/2009073022 Firefox/3.0.13 (.NET CLR 3.5.30729)"
12.183.185.66 - - [02/Sep/2009:01:24:21 +0200] "GET /zampa-lovers/kralle.gif HTTP/1.1" 404 2748 "http://www.various-euro.com/zampa-lovers/index.html" "Mozilla/5.0 (Windows; U; Windows NT 5.1; en-US; rv:1.9.0.13) Gecko/2009073022 Firefox/3.0.13 (.NET CLR 3.5.30729)"
12.183.185.66 - - [02/Sep/2009:01:24:22 +0200] "GET /zampa-lovers/MILIZA_B.JPG HTTP/1.1" 200 10947 "http://www.various-euro.com/zampa-lovers/index.html" "Mozilla/5.0 (Windows; U; Windows NT 5.1; en-US; rv:1.9.0.13) Gecko/2009073022 Firefox/3.0.13 (.NET CLR 3.5.30729)"
12.183.185.66 - - [02/Sep/2009:01:24:22 +0200] "GET /zampa-lovers/MILIZA_4.JPG HTTP/1.1" 200 9946 "http://www.various-euro.com/zampa-lovers/index.html" "Mozilla/5.0 (Windows; U; Windows NT 5.1; en-US; rv:1.9.0.13) Gecko/2009073022 Firefox/3.0.13 (.NET CLR 3.5.30729)"
12.183.185.66 - - [02/Sep/2009:01:24:21 +0200] "GET /zampa-lovers/index.html HTTP/1.1" 200 37790 "http://www.various-euro.com/framez-zampa-lovers.html" "Mozilla/5.0 (Windows; U; Windows NT 5.1; en-US; rv:1.9.0.13) Gecko/2009073022 Firefox/3.0.13 (.NET CLR 3.5.30729)"
12.183.185.66 - - [02/Sep/2009:01:24:21 +0200] "GET /zampa-lovers/MILIZA_3.JPG HTTP/1.1" 200 26924 "http://www.various-euro.com/zampa-lovers/index.html" "Mozilla/5.0 (Windows; U; Windows NT 5.1; en-US; rv:1.9.0.13) Gecko/2009073022 Firefox/3.0.13 (.NET CLR 3.5.30729)"
12.183.185.66 - - [02/Sep/2009:01:24:22 +0200] "GET /zampa-lovers/DRAGANZA.JPG HTTP/1.1" 200 18560 "http://www.various-euro.com/zampa-lovers/index.html" "Mozilla/5.0 (Windows; U; Windows NT 5.1; en-US; rv:1.9.0.13) Gecko/2009073022 Firefox/3.0.13 (.NET CLR 3.5.30729)"
12.183.185.66 - - [02/Sep/2009:01:24:22 +0200] "GET /zampa-lovers/Kralle.gif HTTP/1.1" 200 260 "http://www.various-euro.com/zampa-lovers/index.html" "Mozilla/5.0 (Windows; U; Windows NT 5.1; en-US; rv:1.9.0.13) Gecko/2009073022 Firefox/3.0.13 (.NET CLR 3.5.30729)"
