75.101.184.92 - - [04/Sep/2009:04:15:56 +0200] "GET /mobile/ HTTP/1.0" 404 2748 "-" "Mozilla/5.0 (iPhone; U; CPU like Mac OS X; en) AppleWebKit/420+ (KHTML, like Gecko) Version/3.0 Mobile/1A543a Safari/419.3"
75.101.184.92 - - [04/Sep/2009:04:15:57 +0200] "GET /mobi/ HTTP/1.0" 404 2748 "-" "Mozilla/5.0 (iPhone; U; CPU like Mac OS X; en) AppleWebKit/420+ (KHTML, like Gecko) Version/3.0 Mobile/1A543a Safari/419.3"
75.101.184.92 - - [04/Sep/2009:04:15:57 +0200] "GET /iphone/ HTTP/1.0" 404 2748 "-" "Mozilla/5.0 (iPhone; U; CPU like Mac OS X; en) AppleWebKit/420+ (KHTML, like Gecko) Version/3.0 Mobile/1A543a Safari/419.3"
75.101.184.92 - - [04/Sep/2009:04:15:57 +0200] "GET /pda/ HTTP/1.0" 404 2748 "-" "Mozilla/5.0 (iPhone; U; CPU like Mac OS X; en) AppleWebKit/420+ (KHTML, like Gecko) Version/3.0 Mobile/1A543a Safari/419.3"
75.101.184.92 - - [04/Sep/2009:04:15:58 +0200] "GET /m/ HTTP/1.0" 404 2748 "-" "Mozilla/5.0 (iPhone; U; CPU like Mac OS X; en) AppleWebKit/420+ (KHTML, like Gecko) Version/3.0 Mobile/1A543a Safari/419.3"
75.101.184.92 - - [04/Sep/2009:04:15:58 +0200] "GET /mobile/ HTTP/1.0" 404 2748 "-" "Mozilla/5.0 (iPhone; U; CPU like Mac OS X; en) AppleWebKit/420+ (KHTML, like Gecko) Version/3.0 Mobile/1A543a Safari/419.3"
75.101.184.92 - - [04/Sep/2009:04:15:58 +0200] "GET /mobi/ HTTP/1.0" 404 2748 "-" "Mozilla/5.0 (iPhone; U; CPU like Mac OS X; en) AppleWebKit/420+ (KHTML, like Gecko) Version/3.0 Mobile/1A543a Safari/419.3"
75.101.184.92 - - [04/Sep/2009:04:15:59 +0200] "GET /iphone/ HTTP/1.0" 404 2748 "-" "Mozilla/5.0 (iPhone; U; CPU like Mac OS X; en) AppleWebKit/420+ (KHTML, like Gecko) Version/3.0 Mobile/1A543a Safari/419.3"
75.101.184.92 - - [04/Sep/2009:04:15:59 +0200] "GET /pda/ HTTP/1.0" 404 2748 "-" "Mozilla/5.0 (iPhone; U; CPU like Mac OS X; en) AppleWebKit/420+ (KHTML, like Gecko) Version/3.0 Mobile/1A543a Safari/419.3"
75.101.184.92 - - [04/Sep/2009:04:16:00 +0200] "GET / HTTP/1.0" 200 7869 "-" "Mozilla/5.0 (Windows; U; Windows NT 5.1; en-GB; rv:1.8.1.6; taptu-downloader) Gecko/20070725 Firefox/2.0.0.6"
65.55.211.164 - - [04/Sep/2009:04:34:10 +0200] "GET /partnergegenberlin.html HTTP/1.1" 200 5022 "-" "msnbot/1.1 (+http://search.msn.com/msnbot.htm)"
65.55.109.230 - - [04/Sep/2009:04:36:18 +0200] "GET /partnergegenberlin.html HTTP/1.1" 200 5022 "-" "Mozilla/4.0 (compatible; MSIE 6.0; Windows NT 5.2; SLCC1; .NET CLR 1.1.4325; .NET CLR 2.0.40607; .NET CLR 3.0.04506.648)"
89.216.193.96 - - [04/Sep/2009:04:53:48 +0200] "GET /framez-zampa-lovers.html HTTP/1.1" 200 4322 "http://www.google.com/search?q=ti+si+taj+sto+tajnu+zna&ie=utf-8&oe=utf-8&aq=t&rls=org.mozilla:en-US:official&client=firefox-a" "Mozilla/5.0 (Windows; U; Windows NT 5.1; en-US; rv:1.9.0.13) Gecko/2009073022 Firefox/3.0.13"
89.216.193.96 - - [04/Sep/2009:04:53:48 +0200] "GET /ve-icon-2.ico HTTP/1.1" 200 2238 "-" "Mozilla/5.0 (Windows; U; Windows NT 5.1; en-US; rv:1.9.0.13) Gecko/2009073022 Firefox/3.0.13"
89.216.193.96 - - [04/Sep/2009:04:53:48 +0200] "GET /frame-menu.html HTTP/1.1" 200 10500 "http://www.various-euro.com/framez-zampa-lovers.html" "Mozilla/5.0 (Windows; U; Windows NT 5.1; en-US; rv:1.9.0.13) Gecko/2009073022 Firefox/3.0.13"
89.216.193.96 - - [04/Sep/2009:04:53:48 +0200] "GET /frame-unten.html HTTP/1.1" 200 5308 "http://www.various-euro.com/framez-zampa-lovers.html" "Mozilla/5.0 (Windows; U; Windows NT 5.1; en-US; rv:1.9.0.13) Gecko/2009073022 Firefox/3.0.13"
89.216.193.96 - - [04/Sep/2009:04:53:49 +0200] "GET /style/various-euro.css HTTP/1.1" 200 3437 "http://www.various-euro.com/frame-menu.html" "Mozilla/5.0 (Windows; U; Windows NT 5.1; en-US; rv:1.9.0.13) Gecko/2009073022 Firefox/3.0.13"
89.216.193.96 - - [04/Sep/2009:04:53:49 +0200] "GET /zampa-lovers/DRAGAN_Z.JPG HTTP/1.1" 200 6850 "http://www.various-euro.com/zampa-lovers/index.html" "Mozilla/5.0 (Windows; U; Windows NT 5.1; en-US; rv:1.9.0.13) Gecko/2009073022 Firefox/3.0.13"
89.216.193.96 - - [04/Sep/2009:04:53:49 +0200] "GET /zampa-lovers/kralle.gif HTTP/1.1" 404 2748 "http://www.various-euro.com/zampa-lovers/index.html" "Mozilla/5.0 (Windows; U; Windows NT 5.1; en-US; rv:1.9.0.13) Gecko/2009073022 Firefox/3.0.13"
89.216.193.96 - - [04/Sep/2009:04:53:49 +0200] "GET /zampa-lovers/ZAMPAMA2.MPG HTTP/1.1" 200 63492 "http://www.various-euro.com/zampa-lovers/index.html" "Mozilla/5.0 (Windows; U; Windows NT 5.1; en-US; rv:1.9.0.13) Gecko/2009073022 Firefox/3.0.13"
89.216.193.96 - - [04/Sep/2009:04:53:48 +0200] "GET /zampa-lovers/index.html HTTP/1.1" 200 37790 "http://www.various-euro.com/framez-zampa-lovers.html" "Mozilla/5.0 (Windows; U; Windows NT 5.1; en-US; rv:1.9.0.13) Gecko/2009073022 Firefox/3.0.13"
89.216.193.96 - - [04/Sep/2009:04:53:49 +0200] "GET /zampa-lovers/WASISTMI1.MPG HTTP/1.1" 200 271221 "http://www.various-euro.com/zampa-lovers/index.html" "Mozilla/5.0 (Windows; U; Windows NT 5.1; en-US; rv:1.9.0.13) Gecko/2009073022 Firefox/3.0.13"
89.216.193.96 - - [04/Sep/2009:04:53:49 +0200] "GET /zampa-lovers/MILIZA_B.JPG HTTP/1.1" 200 10947 "http://www.various-euro.com/zampa-lovers/index.html" "Mozilla/5.0 (Windows; U; Windows NT 5.1; en-US; rv:1.9.0.13) Gecko/2009073022 Firefox/3.0.13"
89.216.193.96 - - [04/Sep/2009:04:53:49 +0200] "GET /zampa-lovers/ZAMPAMAS.MPG HTTP/1.1" 200 520196 "http://www.various-euro.com/zampa-lovers/index.html" "Mozilla/5.0 (Windows; U; Windows NT 5.1; en-US; rv:1.9.0.13) Gecko/2009073022 Firefox/3.0.13"
89.216.193.96 - - [04/Sep/2009:04:53:49 +0200] "GET /zampa-lovers/DRAGANZA.JPG HTTP/1.1" 200 18560 "http://www.various-euro.com/zampa-lovers/index.html" "Mozilla/5.0 (Windows; U; Windows NT 5.1; en-US; rv:1.9.0.13) Gecko/2009073022 Firefox/3.0.13"
89.216.193.96 - - [04/Sep/2009:04:53:49 +0200] "GET /bannerz/ve.jpg HTTP/1.1" 200 36912 "http://www.various-euro.com/frame-unten.html" "Mozilla/5.0 (Windows; U; Windows NT 5.1; en-US; rv:1.9.0.13) Gecko/2009073022 Firefox/3.0.13"
89.216.193.96 - - [04/Sep/2009:04:53:50 +0200] "GET /zampa-lovers/MILIZA_4.JPG HTTP/1.1" 200 9946 "http://www.various-euro.com/zampa-lovers/index.html" "Mozilla/5.0 (Windows; U; Windows NT 5.1; en-US; rv:1.9.0.13) Gecko/2009073022 Firefox/3.0.13"
89.216.193.96 - - [04/Sep/2009:04:53:49 +0200] "GET /zampa-lovers/MILIZA_2.JPG HTTP/1.1" 200 22172 "http://www.various-euro.com/zampa-lovers/index.html" "Mozilla/5.0 (Windows; U; Windows NT 5.1; en-US; rv:1.9.0.13) Gecko/2009073022 Firefox/3.0.13"
89.216.193.96 - - [04/Sep/2009:04:53:49 +0200] "GET /bannerz/various-euro-girl.jpg HTTP/1.1" 200 91514 "http://www.various-euro.com/frame-unten.html" "Mozilla/5.0 (Windows; U; Windows NT 5.1; en-US; rv:1.9.0.13) Gecko/2009073022 Firefox/3.0.13"
89.216.193.96 - - [04/Sep/2009:04:53:49 +0200] "GET /zampa-lovers/MILIZA_3.JPG HTTP/1.1" 200 26924 "http://www.various-euro.com/zampa-lovers/index.html" "Mozilla/5.0 (Windows; U; Windows NT 5.1; en-US; rv:1.9.0.13) Gecko/2009073022 Firefox/3.0.13"
89.216.193.96 - - [04/Sep/2009:04:53:50 +0200] "GET /zampa-lovers/Kralle.gif HTTP/1.1" 200 260 "http://www.various-euro.com/zampa-lovers/index.html" "Mozilla/5.0 (Windows; U; Windows NT 5.1; en-US; rv:1.9.0.13) Gecko/2009073022 Firefox/3.0.13"
89.216.193.96 - - [04/Sep/2009:04:53:50 +0200] "GET /zampa-lovers/zampa-2X2.gif HTTP/1.1" 200 6948 "http://www.various-euro.com/zampa-lovers/index.html" "Mozilla/5.0 (Windows; U; Windows NT 5.1; en-US; rv:1.9.0.13) Gecko/2009073022 Firefox/3.0.13"
89.216.193.96 - - [04/Sep/2009:04:53:50 +0200] "GET /zampa-lovers/zampamali.gif HTTP/1.1" 200 2617 "http://www.various-euro.com/zampa-lovers/index.html" "Mozilla/5.0 (Windows; U; Windows NT 5.1; en-US; rv:1.9.0.13) Gecko/2009073022 Firefox/3.0.13"
89.216.193.96 - - [04/Sep/2009:04:53:50 +0200] "GET /zampa-lovers/1SEITEVE.GIF HTTP/1.1" 200 78726 "http://www.various-euro.com/zampa-lovers/index.html" "Mozilla/5.0 (Windows; U; Windows NT 5.1; en-US; rv:1.9.0.13) Gecko/2009073022 Firefox/3.0.13"
89.216.193.96 - - [04/Sep/2009:04:53:50 +0200] "GET /zampa-lovers/2SEITEVE.GIF HTTP/1.1" 200 83466 "http://www.various-euro.com/zampa-lovers/index.html" "Mozilla/5.0 (Windows; U; Windows NT 5.1; en-US; rv:1.9.0.13) Gecko/2009073022 Firefox/3.0.13"
89.216.193.96 - - [04/Sep/2009:04:53:50 +0200] "GET /zampa-lovers/zampa.gif HTTP/1.1" 200 460627 "http://www.various-euro.com/zampa-lovers/index.html" "Mozilla/5.0 (Windows; U; Windows NT 5.1; en-US; rv:1.9.0.13) Gecko/2009073022 Firefox/3.0.13"
204.191.114.9 - - [04/Sep/2009:04:55:54 +0200] "GET / HTTP/1.1" 200 7869 "http://www.randomwebsite.com/" "Mozilla/5.0 (Macintosh; U; Intel Mac OS X 10_5_8; en-us) AppleWebKit/531.9 (KHTML, like Gecko) Version/4.0.3 Safari/531.9"
204.191.114.9 - - [04/Sep/2009:04:55:55 +0200] "GET /framez_0.html HTTP/1.1" 200 12285 "http://www.various-euro.com/" "Mozilla/5.0 (Macintosh; U; Intel Mac OS X 10_5_8; en-us) AppleWebKit/531.9 (KHTML, like Gecko) Version/4.0.3 Safari/531.9"
204.191.114.9 - - [04/Sep/2009:04:55:55 +0200] "GET /ve-icon-2.ico HTTP/1.1" 200 2238 "http://www.various-euro.com/framez_0.html" "Mozilla/5.0 (Macintosh; U; Intel Mac OS X 10_5_8; en-us) AppleWebKit/531.9 (KHTML, like Gecko) Version/4.0.3 Safari/531.9"
204.191.114.9 - - [04/Sep/2009:04:55:57 +0200] "GET /framez.html HTTP/1.1" 200 3959 "http://www.various-euro.com/framez_0.html" "Mozilla/5.0 (Macintosh; U; Intel Mac OS X 10_5_8; en-us) AppleWebKit/531.9 (KHTML, like Gecko) Version/4.0.3 Safari/531.9"
204.191.114.9 - - [04/Sep/2009:04:55:57 +0200] "GET /frame-menu.html HTTP/1.1" 200 10500 "http://www.various-euro.com/framez.html" "Mozilla/5.0 (Macintosh; U; Intel Mac OS X 10_5_8; en-us) AppleWebKit/531.9 (KHTML, like Gecko) Version/4.0.3 Safari/531.9"
204.191.114.9 - - [04/Sep/2009:04:55:57 +0200] "GET /style/various-euro.css HTTP/1.1" 200 3437 "http://www.various-euro.com/framez.html" "Mozilla/5.0 (Macintosh; U; Intel Mac OS X 10_5_8; en-us) AppleWebKit/531.9 (KHTML, like Gecko) Version/4.0.3 Safari/531.9"
204.191.114.9 - - [04/Sep/2009:04:55:57 +0200] "GET /frame-unten.html HTTP/1.1" 200 5308 "http://www.various-euro.com/framez.html" "Mozilla/5.0 (Macintosh; U; Intel Mac OS X 10_5_8; en-us) AppleWebKit/531.9 (KHTML, like Gecko) Version/4.0.3 Safari/531.9"
204.191.114.9 - - [04/Sep/2009:04:55:57 +0200] "GET /frame-inhalt.html HTTP/1.1" 200 7688 "http://www.various-euro.com/framez.html" "Mozilla/5.0 (Macintosh; U; Intel Mac OS X 10_5_8; en-us) AppleWebKit/531.9 (KHTML, like Gecko) Version/4.0.3 Safari/531.9"
204.191.114.9 - - [04/Sep/2009:04:55:57 +0200] "GET /bannerz/neon_click_3.gif HTTP/1.1" 200 240 "http://www.various-euro.com/frame-inhalt.html" "Mozilla/5.0 (Macintosh; U; Intel Mac OS X 10_5_8; en-us) AppleWebKit/531.9 (KHTML, like Gecko) Version/4.0.3 Safari/531.9"
204.191.114.9 - - [04/Sep/2009:04:55:57 +0200] "GET /bannerz/ve.jpg HTTP/1.1" 200 36912 "http://www.various-euro.com/frame-unten.html" "Mozilla/5.0 (Macintosh; U; Intel Mac OS X 10_5_8; en-us) AppleWebKit/531.9 (KHTML, like Gecko) Version/4.0.3 Safari/531.9"
204.191.114.9 - - [04/Sep/2009:04:55:58 +0200] "GET /bannerz/neon_click_1.gif HTTP/1.1" 200 890 "http://www.various-euro.com/frame-inhalt.html" "Mozilla/5.0 (Macintosh; U; Intel Mac OS X 10_5_8; en-us) AppleWebKit/531.9 (KHTML, like Gecko) Version/4.0.3 Safari/531.9"
204.191.114.9 - - [04/Sep/2009:04:55:58 +0200] "GET /eurosign3.gif HTTP/1.1" 200 7879 "http://www.various-euro.com/frame-inhalt.html" "Mozilla/5.0 (Macintosh; U; Intel Mac OS X 10_5_8; en-us) AppleWebKit/531.9 (KHTML, like Gecko) Version/4.0.3 Safari/531.9"
204.191.114.9 - - [04/Sep/2009:04:55:58 +0200] "GET /bannerz/google/Logo_40blk.gif HTTP/1.1" 200 2308 "http://www.various-euro.com/frame-inhalt.html" "Mozilla/5.0 (Macintosh; U; Intel Mac OS X 10_5_8; en-us) AppleWebKit/531.9 (KHTML, like Gecko) Version/4.0.3 Safari/531.9"
204.191.114.9 - - [04/Sep/2009:04:55:58 +0200] "GET /bannerz/wet.gif HTTP/1.1" 200 18561 "http://www.various-euro.com/frame-inhalt.html" "Mozilla/5.0 (Macintosh; U; Intel Mac OS X 10_5_8; en-us) AppleWebKit/531.9 (KHTML, like Gecko) Version/4.0.3 Safari/531.9"
204.191.114.9 - - [04/Sep/2009:04:55:58 +0200] "GET /bannerz/neon_click_2.gif HTTP/1.1" 200 387 "http://www.various-euro.com/frame-inhalt.html" "Mozilla/5.0 (Macintosh; U; Intel Mac OS X 10_5_8; en-us) AppleWebKit/531.9 (KHTML, like Gecko) Version/4.0.3 Safari/531.9"
204.191.114.9 - - [04/Sep/2009:04:55:58 +0200] "GET /bannerz/douwil.gif HTTP/1.1" 200 528 "http://www.various-euro.com/frame-inhalt.html" "Mozilla/5.0 (Macintosh; U; Intel Mac OS X 10_5_8; en-us) AppleWebKit/531.9 (KHTML, like Gecko) Version/4.0.3 Safari/531.9"
204.191.114.9 - - [04/Sep/2009:04:55:57 +0200] "GET /bannerz/various-euro-girl.jpg HTTP/1.1" 200 91514 "http://www.various-euro.com/frame-unten.html" "Mozilla/5.0 (Macintosh; U; Intel Mac OS X 10_5_8; en-us) AppleWebKit/531.9 (KHTML, like Gecko) Version/4.0.3 Safari/531.9"
204.191.114.9 - - [04/Sep/2009:04:55:59 +0200] "GET /bannerz/anti_black_small.gif HTTP/1.1" 200 1009 "http://www.various-euro.com/frame-inhalt.html" "Mozilla/5.0 (Macintosh; U; Intel Mac OS X 10_5_8; en-us) AppleWebKit/531.9 (KHTML, like Gecko) Version/4.0.3 Safari/531.9"
204.191.114.9 - - [04/Sep/2009:04:55:59 +0200] "GET /bannerz/copyleft_black_small.gif HTTP/1.1" 200 1231 "http://www.various-euro.com/frame-inhalt.html" "Mozilla/5.0 (Macintosh; U; Intel Mac OS X 10_5_8; en-us) AppleWebKit/531.9 (KHTML, like Gecko) Version/4.0.3 Safari/531.9"
209.85.238.152 - - [04/Sep/2009:04:58:30 +0200] "GET / HTTP/1.1" 302 353 "-" "Feedfetcher-Google; (+http://www.google.com/feedfetcher.html; 1 subscribers; feed-id=5454548576667470243)"
209.85.238.170 - - [04/Sep/2009:05:04:53 +0200] "GET /zampa/ HTTP/1.1" 200 7153 "-" "Feedfetcher-Google; (+http://www.google.com/feedfetcher.html; 1 subscribers; feed-id=5454548576667470243)"
71.233.110.122 - - [04/Sep/2009:05:20:41 +0200] "GET /framez-rez.html HTTP/1.1" 200 4323 "http://www.google.com/search?hl=en&source=hp&q=euro+surreal+art&btnG=Google+Search&aq=f&oq=&aqi=" "Mozilla/4.0 (compatible; MSIE 7.0; Windows NT 5.1)"
71.233.110.122 - - [04/Sep/2009:05:20:42 +0200] "GET /frame-menu.html HTTP/1.1" 200 10500 "http://www.various-euro.com/framez-rez.html" "Mozilla/4.0 (compatible; MSIE 7.0; Windows NT 5.1)"
71.233.110.122 - - [04/Sep/2009:05:20:42 +0200] "GET /f-rez.html HTTP/1.1" 200 9765 "http://www.various-euro.com/framez-rez.html" "Mozilla/4.0 (compatible; MSIE 7.0; Windows NT 5.1)"
71.233.110.122 - - [04/Sep/2009:05:20:42 +0200] "GET /frame-unten.html HTTP/1.1" 200 5308 "http://www.various-euro.com/framez-rez.html" "Mozilla/4.0 (compatible; MSIE 7.0; Windows NT 5.1)"
71.233.110.122 - - [04/Sep/2009:05:20:42 +0200] "GET /style/various-euro.css HTTP/1.1" 200 3437 "http://www.various-euro.com/frame-menu.html" "Mozilla/4.0 (compatible; MSIE 7.0; Windows NT 5.1)"
71.233.110.122 - - [04/Sep/2009:05:20:42 +0200] "GET /bannerz/ve.jpg HTTP/1.1" 200 36912 "http://www.various-euro.com/frame-unten.html" "Mozilla/4.0 (compatible; MSIE 7.0; Windows NT 5.1)"
71.233.110.122 - - [04/Sep/2009:05:20:43 +0200] "GET /rez/ma.jpg HTTP/1.1" 200 12893 "http://www.various-euro.com/f-rez.html" "Mozilla/4.0 (compatible; MSIE 7.0; Windows NT 5.1)"
71.233.110.122 - - [04/Sep/2009:05:20:43 +0200] "GET /rez/mb.jpg HTTP/1.1" 200 12467 "http://www.various-euro.com/f-rez.html" "Mozilla/4.0 (compatible; MSIE 7.0; Windows NT 5.1)"
71.233.110.122 - - [04/Sep/2009:05:20:42 +0200] "GET /bannerz/various-euro-girl.jpg HTTP/1.1" 200 91514 "http://www.various-euro.com/frame-unten.html" "Mozilla/4.0 (compatible; MSIE 7.0; Windows NT 5.1)"
71.233.110.122 - - [04/Sep/2009:05:20:43 +0200] "GET /rez/tec.gif HTTP/1.1" 200 732 "http://www.various-euro.com/f-rez.html" "Mozilla/4.0 (compatible; MSIE 7.0; Windows NT 5.1)"
71.233.110.122 - - [04/Sep/2009:05:20:43 +0200] "GET /rez/car.gif HTTP/1.1" 404 2748 "http://www.various-euro.com/f-rez.html" "Mozilla/4.0 (compatible; MSIE 7.0; Windows NT 5.1)"
71.233.110.122 - - [04/Sep/2009:05:20:43 +0200] "GET /ve-icon-2.ico HTTP/1.1" 200 2238 "-" "Mozilla/4.0 (compatible; MSIE 7.0; Windows NT 5.1)"
71.233.110.122 - - [04/Sep/2009:05:20:57 +0200] "GET /rez/fiszt.htm HTTP/1.1" 200 1487 "-" "Mozilla/4.0 (compatible; MSIE 7.0; Windows NT 5.1)"
71.233.110.122 - - [04/Sep/2009:05:20:57 +0200] "GET /favicon.ico HTTP/1.1" 404 2748 "-" "Mozilla/4.0 (compatible; MSIE 7.0; Windows NT 5.1)"
71.233.110.122 - - [04/Sep/2009:05:21:01 +0200] "GET /rez/fisztfull.mp4 HTTP/1.1" 200 5973230 "-" "Mozilla/4.0 (compatible; MSIE 7.0; Windows NT 5.1)"
67.218.116.162 - - [04/Sep/2009:05:25:32 +0200] "GET /robots.txt HTTP/1.0" 302 363 "-" "Mozilla/5.0 (Twiceler-0.9 http://www.cuil.com/twiceler/robot.html)"
195.116.35.251 - - [04/Sep/2009:05:36:50 +0200] "GET / HTTP/1.1" 200 7869 "-" "Mozilla/4.0 (compatible; MSIE 5.0; Windows 98; DigExt)"
195.116.35.251 - - [04/Sep/2009:05:36:50 +0200] "GET /framez.html HTTP/1.1" 200 3959 "-" "libwww-perl/5.830"
195.116.35.251 - - [04/Sep/2009:05:36:50 +0200] "GET /frame-inhalt.html HTTP/1.1" 200 7688 "-" "libwww-perl/5.830"
195.116.35.251 - - [04/Sep/2009:05:36:50 +0200] "GET /frame-menu.html HTTP/1.1" 200 10500 "-" "libwww-perl/5.830"
195.116.35.251 - - [04/Sep/2009:05:36:50 +0200] "GET /f-other.html HTTP/1.1" 200 19851 "-" "libwww-perl/5.830"
195.116.35.251 - - [04/Sep/2009:05:36:51 +0200] "GET /f-actions.html HTTP/1.1" 200 11686 "-" "libwww-perl/5.830"
195.116.35.251 - - [04/Sep/2009:05:36:51 +0200] "GET /schubb/schubb-1.html HTTP/1.1" 200 9070 "-" "libwww-perl/5.830"
195.116.35.251 - - [04/Sep/2009:05:36:51 +0200] "GET /f-doku-brau.html HTTP/1.1" 200 7152 "-" "libwww-perl/5.830"
195.116.35.251 - - [04/Sep/2009:05:36:51 +0200] "GET /schubb/schubb-2.html HTTP/1.1" 200 16660 "-" "libwww-perl/5.830"
195.116.35.251 - - [04/Sep/2009:05:36:51 +0200] "GET /bmpp/euro_pal_1.html HTTP/1.1" 200 18252 "-" "libwww-perl/5.830"
195.116.35.251 - - [04/Sep/2009:05:36:51 +0200] "GET /snapshots.html HTTP/1.1" 200 4259 "-" "libwww-perl/5.830"
195.116.35.251 - - [04/Sep/2009:05:36:52 +0200] "GET /f-rez.html HTTP/1.1" 200 9765 "-" "libwww-perl/5.830"
195.116.35.251 - - [04/Sep/2009:05:36:52 +0200] "GET /sendi-agent/Interfiction-sendi.mpg HTTP/1.1" 200 13300252 "-" "libwww-perl/5.830"
195.116.35.251 - - [04/Sep/2009:05:37:16 +0200] "GET /f-maintitle.html HTTP/1.1" 200 5030 "-" "libwww-perl/5.830"
195.116.35.251 - - [04/Sep/2009:05:37:16 +0200] "GET /rez/611.mp3 HTTP/1.1" 200 6782540 "-" "libwww-perl/5.830"
67.218.116.166 - - [04/Sep/2009:06:25:17 +0200] "GET /robots.txt HTTP/1.0" 200 64 "-" "Mozilla/5.0 (Twiceler-0.9 http://www.cuil.com/twiceler/robot.html)"
71.202.232.136 - - [04/Sep/2009:06:49:20 +0200] "GET /zampa/fleetblick/00Final-posterA1.jpg HTTP/1.1" 200 9523465 "http://www.rebelart.net/diary/?m=200908" "Mozilla/5.0 (Windows; U; Windows NT 6.0; en-US; rv:1.9.0.13) Gecko/2009073022 Firefox/3.0.13 (.NET CLR 3.5.30729)"
193.252.149.16 - - [04/Sep/2009:06:54:41 +0200] "GET /neon/girl-tv.html HTTP/1.1" 200 1717 "-" "Mozilla/5.0 (Windows; U; Windows NT 5.1; fr; rv:1.8.1) VoilaBot BETA 1.2 (support.voilabot@orange-ftgroup.com)"
81.52.143.35 - - [04/Sep/2009:07:18:25 +0200] "GET /robots.txt HTTP/1.1" 200 64 "-" "Mozilla/5.0 (Windows; U; Windows NT 5.1; fr; rv:1.8.1) VoilaBot BETA 1.2 (support.voilabot@orange-ftgroup.com)"
81.52.143.35 - - [04/Sep/2009:07:18:57 +0200] "GET /f-net.html HTTP/1.1" 200 9913 "-" "Mozilla/5.0 (Windows; U; Windows NT 5.1; fr; rv:1.8.1) VoilaBot BETA 1.2 (support.voilabot@orange-ftgroup.com)"
67.218.116.134 - - [04/Sep/2009:07:31:25 +0200] "GET /robots.txt HTTP/1.0" 200 64 "-" "Mozilla/5.0 (Twiceler-0.9 http://www.cuil.com/twiceler/robot.html)"
74.86.223.42 - - [04/Sep/2009:07:34:43 +0200] "GET / HTTP/1.1" 206 7869 "http://www.followsite.com/bot.html" "FollowSite Bot ( http://www.followsite.com/bot.html )"
72.30.79.62 - - [04/Sep/2009:07:49:40 +0200] "GET /f-maintitle.html HTTP/1.0" 200 5030 "-" "Mozilla/5.0 (compatible; Yahoo! Slurp/3.0; http://help.yahoo.com/help/us/ysearch/slurp)"
65.55.165.48 - - [04/Sep/2009:08:02:48 +0200] "GET /logs/usage_200901.html HTTP/1.1" 200 167238 "-" "Mozilla/4.0 (compatible; MSIE 6.0; Windows NT 5.2; SV1; .NET CLR 1.1.4322; .NET CLR 2.0.50727; .NET CLR 3.0.30729)"
66.235.124.56 - - [04/Sep/2009:08:10:07 +0200] "GET /robots.txt HTTP/1.0" 200 64 "-" "Mozilla/5.0 (compatible; Ask Jeeves/Teoma; +http://about.ask.com/en/docs/about/webmasters.shtml)"
66.235.124.56 - - [04/Sep/2009:08:10:07 +0200] "GET /framez-schubb5.html HTTP/1.0" 200 4330 "-" "Mozilla/5.0 (compatible; Ask Jeeves/Teoma; +http://about.ask.com/en/docs/about/webmasters.shtml)"
66.235.124.56 - - [04/Sep/2009:08:10:08 +0200] "GET /frame-menu.html HTTP/1.0" 200 10500 "-" "Mozilla/5.0 (compatible; Ask Jeeves/Teoma; +http://about.ask.com/en/docs/about/webmasters.shtml)"
66.235.124.56 - - [04/Sep/2009:08:10:08 +0200] "GET /schubb/schubb-5.html HTTP/1.0" 200 72944 "-" "Mozilla/5.0 (compatible; Ask Jeeves/Teoma; +http://about.ask.com/en/docs/about/webmasters.shtml)"
66.235.124.56 - - [04/Sep/2009:08:10:10 +0200] "GET /frame-unten.html HTTP/1.0" 200 5308 "-" "Mozilla/5.0 (compatible; Ask Jeeves/Teoma; +http://about.ask.com/en/docs/about/webmasters.shtml)"
209.85.238.152 - - [04/Sep/2009:08:12:31 +0200] "GET / HTTP/1.1" 302 353 "-" "Feedfetcher-Google; (+http://www.google.com/feedfetcher.html; 1 subscribers; feed-id=5454548576667470243)"
209.85.238.170 - - [04/Sep/2009:08:12:32 +0200] "GET /zampa/ HTTP/1.1" 200 7153 "-" "Feedfetcher-Google; (+http://www.google.com/feedfetcher.html; 1 subscribers; feed-id=5454548576667470243)"
77.88.28.248 - - [04/Sep/2009:08:18:22 +0200] "GET /robots.txt HTTP/1.1" 302 363 "-" "Yandex/1.01.001 (compatible; Win16; I)"
72.30.142.239 - - [04/Sep/2009:08:54:32 +0200] "GET /robots.txt HTTP/1.0" 200 64 "-" "Mozilla/5.0 (compatible; Yahoo! Slurp; http://help.yahoo.com/help/us/ysearch/slurp)"
72.30.142.239 - - [04/Sep/2009:08:54:32 +0200] "GET /partnergegenberlin.html HTTP/1.0" 200 5022 "-" "Mozilla/5.0 (compatible; Yahoo! Slurp/3.0; http://help.yahoo.com/help/us/ysearch/slurp)"
74.125.16.3 - - [04/Sep/2009:09:30:50 +0200] "GET /zampa/fleetblick/00Final-posterA1.jpg HTTP/1.1" 200 9523465 "-" "Feedfetcher-Google; (+http://www.google.com/feedfetcher.html; feed-id=4525894898554236186)"
74.125.16.3 - - [04/Sep/2009:09:30:51 +0200] "GET /zampa/ HTTP/1.1" 200 7153 "-" "Feedfetcher-Google; (+http://www.google.com/feedfetcher.html; feed-id=10598039869173246709)"
66.249.68.248 - - [04/Sep/2009:09:32:11 +0200] "GET /robots.txt HTTP/1.1" 200 64 "-" "Mozilla/5.0 (compatible; Googlebot/2.1; +http://www.google.com/bot.html)"
66.249.68.248 - - [04/Sep/2009:09:32:11 +0200] "GET /partnergegenberlin.html HTTP/1.1" 200 5022 "-" "Mozilla/5.0 (compatible; Googlebot/2.1; +http://www.google.com/bot.html)"
193.47.80.51 - - [04/Sep/2009:09:33:54 +0200] "GET /robots.txt HTTP/1.1" 200 64 "-" "Mozilla/5.0 (compatible; Exabot/3.0; +http://www.exabot.com/go/robot)"
193.47.80.51 - - [04/Sep/2009:09:33:54 +0200] "GET / HTTP/1.1" 200 7869 "-" "Mozilla/5.0 (compatible; Exabot/3.0; +http://www.exabot.com/go/robot)"
65.55.230.248 - - [04/Sep/2009:09:56:17 +0200] "GET /framez.html HTTP/1.1" 200 3959 "-" "Mozilla/4.0"
72.30.142.239 - - [04/Sep/2009:09:58:31 +0200] "GET /f-maintitle.html HTTP/1.0" 200 5030 "-" "Mozilla/5.0 (compatible; Yahoo! Slurp/3.0; http://help.yahoo.com/help/us/ysearch/slurp)"
193.252.149.13 - - [04/Sep/2009:10:16:27 +0200] "GET /framez.html HTTP/1.1" 200 3959 "-" "Mozilla/5.0 (Windows; U; Windows NT 5.1; fr; rv:1.8.1) VoilaBot BETA 1.2 (support.voilabot@orange-ftgroup.com)"
193.252.149.13 - - [04/Sep/2009:10:16:55 +0200] "GET /frame-menu.html HTTP/1.1" 200 10500 "-" "Mozilla/5.0 (Windows; U; Windows NT 5.1; fr; rv:1.8.1) VoilaBot BETA 1.2 (support.voilabot@orange-ftgroup.com)"
193.252.149.13 - - [04/Sep/2009:10:16:55 +0200] "GET /frame-inhalt.html HTTP/1.1" 200 7688 "-" "Mozilla/5.0 (Windows; U; Windows NT 5.1; fr; rv:1.8.1) VoilaBot BETA 1.2 (support.voilabot@orange-ftgroup.com)"
193.252.149.13 - - [04/Sep/2009:10:16:55 +0200] "GET /frame-unten.html HTTP/1.1" 200 5308 "-" "Mozilla/5.0 (Windows; U; Windows NT 5.1; fr; rv:1.8.1) VoilaBot BETA 1.2 (support.voilabot@orange-ftgroup.com)"
72.30.142.239 - - [04/Sep/2009:10:18:10 +0200] "GET /zampa/montenegro/dajpare.html HTTP/1.0" 200 2503 "-" "Mozilla/5.0 (compatible; Yahoo! Slurp/3.0; http://help.yahoo.com/help/us/ysearch/slurp)"
65.55.51.110 - - [04/Sep/2009:10:40:14 +0200] "GET /robots.txt HTTP/1.1" 200 64 "-" "msnbot/2.0b (+http://search.msn.com/msnbot.htm)"
65.55.207.54 - - [04/Sep/2009:11:07:51 +0200] "GET /robots.txt HTTP/1.1" 200 64 "-" "msnbot/2.0b (+http://search.msn.com/msnbot.htm)"
208.80.195.40 - - [04/Sep/2009:11:11:39 +0200] "GET / HTTP/1.0" 200 7869 "-" "Mozilla/4.0 (compatible; MSIE 6.0; Windows NT 5.0; MathPlayer 2.0)"
208.80.195.40 - - [04/Sep/2009:11:11:39 +0200] "GET / HTTP/1.0" 200 7869 "-" "Mozilla/4.0 (compatible; MSIE 7.0; Windows NT 5.1; sbcydsl 3.12; ESB{182311D9-B95C-499B-A3AA-D275B80D1D45}; ESB{330CC175-CFAC-4875-BA5E-8FB31F15996F}; YPC 3.2.0; .NET CLR 1.1.4322; .NET CLR 2.0.50727; .NET CLR 3.0.04506.30; yplus 5.1.04b)"
209.85.238.152 - - [04/Sep/2009:11:12:39 +0200] "GET / HTTP/1.1" 302 353 "-" "Feedfetcher-Google; (+http://www.google.com/feedfetcher.html; 1 subscribers; feed-id=5454548576667470243)"
209.85.238.170 - - [04/Sep/2009:11:12:40 +0200] "GET /zampa/ HTTP/1.1" 200 7153 "-" "Feedfetcher-Google; (+http://www.google.com/feedfetcher.html; 1 subscribers; feed-id=5454548576667470243)"
94.194.20.124 - - [04/Sep/2009:11:43:08 +0200] "GET /logs/ HTTP/1.1" 200 11511 "-" "Mozilla 4/0"
94.194.20.124 - - [04/Sep/2009:11:43:08 +0200] "GET /logs/ HTTP/1.1" 200 11511 "http://www.various-euro.com/logs/" "Mozilla 4/0"
94.194.20.124 - - [04/Sep/2009:11:43:08 +0200] "GET /logs/ HTTP/1.1" 200 11511 "http://www.various-euro.com/logs/" "Mozilla 4/0"
94.194.20.124 - - [04/Sep/2009:11:43:08 +0200] "GET /logs/ HTTP/1.1" 200 11511 "http://www.various-euro.com/logs/" "Mozilla 4/0"
94.194.20.124 - - [04/Sep/2009:11:43:08 +0200] "GET /logs/ HTTP/1.1" 200 11511 "http://www.various-euro.com/logs/" "Mozilla 4/0"
94.194.20.124 - - [04/Sep/2009:11:43:08 +0200] "GET /logs/ HTTP/1.1" 200 11511 "http://www.various-euro.com/logs/" "Mozilla 4/0"
65.55.207.54 - - [04/Sep/2009:12:04:04 +0200] "GET /logs/usage_200809.html HTTP/1.0" 200 167981 "-" "msnbot/2.0b (+http://search.msn.com/msnbot.htm)"
66.249.68.248 - - [04/Sep/2009:12:04:27 +0200] "GET /logs/usage_200909.html HTTP/1.1" 404 2748 "-" "Mozilla/5.0 (compatible; Googlebot/2.1; +http://www.google.com/bot.html)"
72.30.142.239 - - [04/Sep/2009:12:29:27 +0200] "GET /neon/warning2.html HTTP/1.0" 200 997 "-" "Mozilla/5.0 (compatible; Yahoo! Slurp/3.0; http://help.yahoo.com/help/us/ysearch/slurp)"
66.249.68.248 - - [04/Sep/2009:12:53:07 +0200] "GET /bmpp/flyer_cut3TT.html HTTP/1.1" 200 20277 "-" "Mozilla/5.0 (compatible; Googlebot/2.1; +http://www.google.com/bot.html)"
95.108.142.150 - - [04/Sep/2009:12:59:48 +0200] "GET /robots.txt HTTP/1.1" 200 64 "-" "Yandex/1.01.001 (compatible; Win16; H)"
95.108.142.150 - - [04/Sep/2009:12:59:49 +0200] "GET /robots.txt HTTP/1.1" 200 64 "-" "Yandex/1.01.001 (compatible; Win16; H)"
95.108.142.150 - - [04/Sep/2009:12:59:49 +0200] "GET / HTTP/1.1" 200 7869 "-" "Yandex/1.01.001 (compatible; Win16; H)"
95.108.142.150 - - [04/Sep/2009:12:59:50 +0200] "GET / HTTP/1.1" 200 7869 "-" "Yandex/1.01.001 (compatible; Win16; H)"
95.108.142.150 - - [04/Sep/2009:12:59:50 +0200] "GET / HTTP/1.1" 200 7869 "-" "Yandex/1.01.001 (compatible; Win16; H)"
95.108.142.150 - - [04/Sep/2009:12:59:51 +0200] "GET / HTTP/1.1" 200 7869 "-" "Yandex/1.01.001 (compatible; Win16; H)"
193.252.149.15 - - [04/Sep/2009:13:04:07 +0200] "GET /neon/large.html HTTP/1.1" 200 1547 "-" "Mozilla/5.0 (Windows; U; Windows NT 5.1; fr; rv:1.8.1) VoilaBot BETA 1.2 (support.voilabot@orange-ftgroup.com)"
66.249.68.17 - - [04/Sep/2009:13:14:33 +0200] "GET /robots.txt HTTP/1.1" 302 363 "-" "Mozilla/5.0 (compatible; Googlebot/2.1; +http://www.google.com/bot.html)"
66.249.68.248 - - [04/Sep/2009:13:14:33 +0200] "GET /zampa/robots.txt HTTP/1.1" 404 2748 "-" "Mozilla/5.0 (compatible; Googlebot/2.1; +http://www.google.com/bot.html)"
66.249.68.17 - - [04/Sep/2009:13:14:34 +0200] "GET / HTTP/1.1" 302 353 "-" "Mozilla/5.0 (compatible; Googlebot/2.1; +http://www.google.com/bot.html)"
66.249.68.248 - - [04/Sep/2009:13:14:34 +0200] "GET /zampa/ HTTP/1.1" 200 7153 "-" "Mozilla/5.0 (compatible; Googlebot/2.1; +http://www.google.com/bot.html)"
77.88.28.248 - - [04/Sep/2009:13:21:41 +0200] "GET / HTTP/1.1" 302 353 "-" "Yandex/1.01.001 (compatible; Win16; I)"
69.58.178.27 - - [04/Sep/2009:13:25:56 +0200] "GET /robots.txt HTTP/1.1" 200 64 "-" "Mozilla/5.0 (X11; U; Linux i686; en-US; rv:1.7.12; ips-agent) Gecko/20050922 Fedora/1.0.7-1.1.fc4 Firefox/1.0.7"
69.58.178.27 - - [04/Sep/2009:13:25:57 +0200] "GET / HTTP/1.1" 200 7869 "-" "Mozilla/5.0 (X11; U; Linux i686; en-US; rv:1.7.12; ips-agent) Gecko/20050922 Fedora/1.0.7-1.1.fc4 Firefox/1.0.7"
69.58.178.27 - - [04/Sep/2009:13:25:58 +0200] "GET /framez.html HTTP/1.1" 200 3959 "-" "Mozilla/5.0 (X11; U; Linux i686; en-US; rv:1.7.12; ips-agent) Gecko/20050922 Fedora/1.0.7-1.1.fc4 Firefox/1.0.7"
69.58.178.27 - - [04/Sep/2009:13:25:59 +0200] "GET /frame-menu.html HTTP/1.1" 200 10500 "-" "Mozilla/5.0 (X11; U; Linux i686; en-US; rv:1.7.12; ips-agent) Gecko/20050922 Fedora/1.0.7-1.1.fc4 Firefox/1.0.7"
69.58.178.27 - - [04/Sep/2009:13:26:01 +0200] "GET /f-contact.html HTTP/1.1" 200 6804 "-" "Mozilla/5.0 (X11; U; Linux i686; en-US; rv:1.7.12; ips-agent) Gecko/20050922 Fedora/1.0.7-1.1.fc4 Firefox/1.0.7"
69.58.178.27 - - [04/Sep/2009:13:26:02 +0200] "GET /frame-inhalt.html HTTP/1.1" 200 7688 "-" "Mozilla/5.0 (X11; U; Linux i686; en-US; rv:1.7.12; ips-agent) Gecko/20050922 Fedora/1.0.7-1.1.fc4 Firefox/1.0.7"
69.58.178.27 - - [04/Sep/2009:13:26:03 +0200] "GET /frame-unten.html HTTP/1.1" 200 5308 "-" "Mozilla/5.0 (X11; U; Linux i686; en-US; rv:1.7.12; ips-agent) Gecko/20050922 Fedora/1.0.7-1.1.fc4 Firefox/1.0.7"
69.58.178.27 - - [04/Sep/2009:13:26:04 +0200] "GET /f-search.html HTTP/1.1" 200 11800 "-" "Mozilla/5.0 (X11; U; Linux i686; en-US; rv:1.7.12; ips-agent) Gecko/20050922 Fedora/1.0.7-1.1.fc4 Firefox/1.0.7"
69.58.178.27 - - [04/Sep/2009:13:26:13 +0200] "GET /f-sponsor.html HTTP/1.1" 200 8578 "-" "Mozilla/5.0 (X11; U; Linux i686; en-US; rv:1.7.12; ips-agent) Gecko/20050922 Fedora/1.0.7-1.1.fc4 Firefox/1.0.7"
69.58.178.27 - - [04/Sep/2009:13:26:14 +0200] "GET /f-warez.html HTTP/1.1" 200 10953 "-" "Mozilla/5.0 (X11; U; Linux i686; en-US; rv:1.7.12; ips-agent) Gecko/20050922 Fedora/1.0.7-1.1.fc4 Firefox/1.0.7"
69.58.178.27 - - [04/Sep/2009:13:26:16 +0200] "GET /f-web.html HTTP/1.1" 200 13605 "-" "Mozilla/5.0 (X11; U; Linux i686; en-US; rv:1.7.12; ips-agent) Gecko/20050922 Fedora/1.0.7-1.1.fc4 Firefox/1.0.7"
193.252.149.14 - - [04/Sep/2009:13:59:00 +0200] "GET /neon/sushi.html HTTP/1.1" 200 687 "-" "Mozilla/5.0 (Windows; U; Windows NT 5.1; fr; rv:1.8.1) VoilaBot BETA 1.2 (support.voilabot@orange-ftgroup.com)"
66.249.68.248 - - [04/Sep/2009:14:25:54 +0200] "GET /neon/code.html HTTP/1.1" 200 1109 "-" "Mozilla/5.0 (compatible; Googlebot/2.1; +http://www.google.com/bot.html)"
209.85.238.152 - - [04/Sep/2009:14:27:32 +0200] "GET / HTTP/1.1" 302 353 "-" "Feedfetcher-Google; (+http://www.google.com/feedfetcher.html; 1 subscribers; feed-id=5454548576667470243)"
209.85.238.170 - - [04/Sep/2009:14:27:33 +0200] "GET /zampa/ HTTP/1.1" 200 7153 "-" "Feedfetcher-Google; (+http://www.google.com/feedfetcher.html; 1 subscribers; feed-id=5454548576667470243)"
193.47.80.51 - - [04/Sep/2009:14:37:51 +0200] "GET /robots.txt HTTP/1.1" 200 64 "-" "Mozilla/5.0 (compatible; Exabot/3.0; +http://www.exabot.com/go/robot)"
193.47.80.51 - - [04/Sep/2009:14:37:52 +0200] "GET / HTTP/1.1" 200 7869 "-" "Mozilla/5.0 (compatible; Exabot/3.0; +http://www.exabot.com/go/robot)"
81.52.143.29 - - [04/Sep/2009:14:53:35 +0200] "GET /robots.txt HTTP/1.1" 200 64 "-" "Mozilla/5.0 (Windows; U; Windows NT 5.1; fr; rv:1.8.1) VoilaBot BETA 1.2 (support.voilabot@orange-ftgroup.com)"
81.52.143.29 - - [04/Sep/2009:14:53:52 +0200] "GET /f-warez.html HTTP/1.1" 200 10953 "-" "Mozilla/5.0 (Windows; U; Windows NT 5.1; fr; rv:1.8.1) VoilaBot BETA 1.2 (support.voilabot@orange-ftgroup.com)"
81.52.143.32 - - [04/Sep/2009:14:55:46 +0200] "GET /robots.txt HTTP/1.1" 200 64 "-" "Mozilla/5.0 (Windows; U; Windows NT 5.1; fr; rv:1.8.1) VoilaBot BETA 1.2 (support.voilabot@orange-ftgroup.com)"
81.52.143.32 - - [04/Sep/2009:14:55:48 +0200] "GET /schubb/schubb-2.html HTTP/1.1" 200 16660 "-" "Mozilla/5.0 (Windows; U; Windows NT 5.1; fr; rv:1.8.1) VoilaBot BETA 1.2 (support.voilabot@orange-ftgroup.com)"
65.55.106.115 - - [04/Sep/2009:15:32:42 +0200] "GET /robots.txt HTTP/1.1" 200 64 "-" "msnbot/2.0b (+http://search.msn.com/msnbot.htm)"
66.249.68.248 - - [04/Sep/2009:15:43:11 +0200] "GET /framez-pal111.html HTTP/1.1" 200 4328 "-" "Mozilla/5.0 (compatible; Googlebot/2.1; +http://www.google.com/bot.html)"
81.52.143.30 - - [04/Sep/2009:15:57:31 +0200] "GET /bmpp/euro_pal_1.html HTTP/1.1" 200 18252 "-" "Mozilla/5.0 (Windows; U; Windows NT 5.1; fr; rv:1.8.1) VoilaBot BETA 1.2 (support.voilabot@orange-ftgroup.com)"
65.55.106.115 - - [04/Sep/2009:16:39:33 +0200] "GET /f-contact.html HTTP/1.0" 200 6804 "-" "msnbot/2.0b (+http://search.msn.com/msnbot.htm)"
193.252.149.14 - - [04/Sep/2009:17:00:14 +0200] "GET /neon/channel.html HTTP/1.1" 200 1942 "-" "Mozilla/5.0 (Windows; U; Windows NT 5.1; fr; rv:1.8.1) VoilaBot BETA 1.2 (support.voilabot@orange-ftgroup.com)"
98.229.97.90 - - [04/Sep/2009:17:15:34 +0200] "GET / HTTP/1.1" 200 7869 "http://www.randomwebsite.com/" "Mozilla/4.0 (compatible; MSIE 7.0; Windows NT 6.0; GTB6; SLCC1; .NET CLR 2.0.50727; .NET CLR 3.5.30729; .NET CLR 3.0.30618)"
98.229.97.90 - - [04/Sep/2009:17:15:35 +0200] "GET /style/various-euro.css HTTP/1.1" 200 3437 "http://www.various-euro.com/" "Mozilla/4.0 (compatible; MSIE 7.0; Windows NT 6.0; GTB6; SLCC1; .NET CLR 2.0.50727; .NET CLR 3.5.30729; .NET CLR 3.0.30618)"
98.229.97.90 - - [04/Sep/2009:17:15:36 +0200] "GET /framez_0.html HTTP/1.1" 200 12285 "-" "Mozilla/4.0 (compatible; MSIE 7.0; Windows NT 6.0; GTB6; SLCC1; .NET CLR 2.0.50727; .NET CLR 3.5.30729; .NET CLR 3.0.30618)"
98.229.97.90 - - [04/Sep/2009:17:15:37 +0200] "GET /ve-icon-2.ico HTTP/1.1" 200 2238 "-" "Mozilla/4.0 (compatible; MSIE 7.0; Windows NT 6.0; GTB6; SLCC1; .NET CLR 2.0.50727; .NET CLR 3.5.30729; .NET CLR 3.0.30618)"
67.195.110.159 - - [04/Sep/2009:17:17:12 +0200] "GET /robots.txt HTTP/1.0" 200 64 "-" "Mozilla/5.0 (compatible; Yahoo! Slurp; http://help.yahoo.com/help/us/ysearch/slurp)"
67.195.110.159 - - [04/Sep/2009:17:17:13 +0200] "GET /framez.html HTTP/1.0" 200 3959 "-" "Mozilla/5.0 (compatible; Yahoo! Slurp/3.0; http://help.yahoo.com/help/us/ysearch/slurp)"
67.195.110.159 - - [04/Sep/2009:17:17:14 +0200] "GET /style/various-euro.css HTTP/1.0" 304 - "http://www.various-euro.com/framez.html" "Mozilla/5.0 (compatible; Yahoo! Slurp/3.0; http://help.yahoo.com/help/us/ysearch/slurp)"
67.195.110.159 - - [04/Sep/2009:17:17:19 +0200] "GET /frame-unten.html HTTP/1.0" 200 5308 "http://www.various-euro.com/framez.html" "Mozilla/5.0 (compatible; Yahoo! Slurp/3.0; http://help.yahoo.com/help/us/ysearch/slurp)"
67.195.110.159 - - [04/Sep/2009:17:17:19 +0200] "GET /frame-menu.html HTTP/1.0" 200 10500 "http://www.various-euro.com/framez.html" "Mozilla/5.0 (compatible; Yahoo! Slurp/3.0; http://help.yahoo.com/help/us/ysearch/slurp)"
67.195.110.159 - - [04/Sep/2009:17:17:19 +0200] "GET /frame-inhalt.html HTTP/1.0" 200 7688 "http://www.various-euro.com/framez.html" "Mozilla/5.0 (compatible; Yahoo! Slurp/3.0; http://help.yahoo.com/help/us/ysearch/slurp)"
209.85.238.152 - - [04/Sep/2009:17:28:11 +0200] "GET / HTTP/1.1" 302 353 "-" "Feedfetcher-Google; (+http://www.google.com/feedfetcher.html; 1 subscribers; feed-id=5454548576667470243)"
66.249.68.248 - - [04/Sep/2009:17:31:26 +0200] "GET /framez-schubb4.html HTTP/1.1" 200 4318 "-" "Mozilla/5.0 (compatible; Googlebot/2.1; +http://www.google.com/bot.html)"
209.85.238.170 - - [04/Sep/2009:17:34:23 +0200] "GET /zampa/ HTTP/1.1" 200 7153 "-" "Feedfetcher-Google; (+http://www.google.com/feedfetcher.html; 1 subscribers; feed-id=5454548576667470243)"
193.252.149.16 - - [04/Sep/2009:18:00:43 +0200] "GET /DgH/rampe/index.html HTTP/1.1" 200 2056 "-" "Mozilla/5.0 (Windows; U; Windows NT 5.1; fr; rv:1.8.1) VoilaBot BETA 1.2 (support.voilabot@orange-ftgroup.com)"
65.55.211.165 - - [04/Sep/2009:18:06:16 +0200] "GET /robots.txt HTTP/1.1" 200 64 "-" "msnbot/1.1 (+http://search.msn.com/msnbot.htm)"
65.55.211.165 - - [04/Sep/2009:18:06:16 +0200] "GET /zampa/montenegro/SEKAW.html HTTP/1.1" 200 860 "-" "msnbot/1.1 (+http://search.msn.com/msnbot.htm)"
65.55.51.110 - - [04/Sep/2009:18:16:40 +0200] "GET /robots.txt HTTP/1.1" 200 64 "-" "msnbot/2.0b (+http://search.msn.com/msnbot.htm)"
193.252.149.13 - - [04/Sep/2009:18:43:00 +0200] "GET /neon/biggtani.html HTTP/1.1" 200 1698 "-" "Mozilla/5.0 (Windows; U; Windows NT 5.1; fr; rv:1.8.1) VoilaBot BETA 1.2 (support.voilabot@orange-ftgroup.com)"
66.249.68.248 - - [04/Sep/2009:19:14:39 +0200] "GET /framez-rez.html HTTP/1.1" 200 4323 "-" "Mozilla/5.0 (compatible; Googlebot/2.1; +http://www.google.com/bot.html)"
81.52.143.33 - - [04/Sep/2009:19:51:19 +0200] "GET /bmpp/18.html HTTP/1.1" 200 4467 "-" "Mozilla/5.0 (Windows; U; Windows NT 5.1; fr; rv:1.8.1) VoilaBot BETA 1.2 (support.voilabot@orange-ftgroup.com)"
66.249.68.248 - - [04/Sep/2009:20:10:57 +0200] "GET /games/virtualcop/virtualcop.html HTTP/1.1" 200 4487 "-" "Mozilla/5.0 (compatible; Googlebot/2.1; +http://www.google.com/bot.html)"
209.85.238.152 - - [04/Sep/2009:20:34:27 +0200] "GET / HTTP/1.1" 302 353 "-" "Feedfetcher-Google; (+http://www.google.com/feedfetcher.html; 1 subscribers; feed-id=5454548576667470243)"
209.85.238.170 - - [04/Sep/2009:20:34:32 +0200] "GET /zampa/ HTTP/1.1" 200 7153 "-" "Feedfetcher-Google; (+http://www.google.com/feedfetcher.html; 1 subscribers; feed-id=5454548576667470243)"
65.55.220.55 - - [04/Sep/2009:21:28:19 +0200] "GET /zampa-lovers/index.html HTTP/1.1" 200 16133 "-" "WinHttp"
65.55.220.55 - - [04/Sep/2009:21:28:19 +0200] "GET /zampa-lovers/WASISTMI1.MPG HTTP/1.1" 200 271221 "-" "WinHttp"
67.195.110.159 - - [04/Sep/2009:21:36:13 +0200] "GET /framez-rez.html HTTP/1.0" 200 4323 "-" "Mozilla/5.0 (compatible; Yahoo! Slurp/3.0; http://help.yahoo.com/help/us/ysearch/slurp)"
67.195.110.159 - - [04/Sep/2009:21:36:15 +0200] "GET /frame-menu.html HTTP/1.0" 200 10500 "http://www.various-euro.com/framez-rez.html" "Mozilla/5.0 (compatible; Yahoo! Slurp/3.0; http://help.yahoo.com/help/us/ysearch/slurp)"
67.195.110.159 - - [04/Sep/2009:21:36:15 +0200] "GET /frame-unten.html HTTP/1.0" 200 5308 "http://www.various-euro.com/framez-rez.html" "Mozilla/5.0 (compatible; Yahoo! Slurp/3.0; http://help.yahoo.com/help/us/ysearch/slurp)"
67.195.110.159 - - [04/Sep/2009:21:36:15 +0200] "GET /f-rez.html HTTP/1.0" 200 9765 "http://www.various-euro.com/framez-rez.html" "Mozilla/5.0 (compatible; Yahoo! Slurp/3.0; http://help.yahoo.com/help/us/ysearch/slurp)"
67.195.110.159 - - [04/Sep/2009:21:36:16 +0200] "GET /style/various-euro.css HTTP/1.0" 304 - "http://www.various-euro.com/frame-menu.html" "Mozilla/5.0 (compatible; Yahoo! Slurp/3.0; http://help.yahoo.com/help/us/ysearch/slurp)"
193.252.118.173 - - [04/Sep/2009:21:38:37 +0200] "GET /neon/euro.html HTTP/1.1" 200 2212 "-" "Mozilla/5.0 (Windows; U; Windows NT 5.1; fr; rv:1.8.1) VoilaBot BETA 1.2 (support.voilabot@orange-ftgroup.com)"
81.52.143.33 - - [04/Sep/2009:21:58:02 +0200] "GET /neon/girlz2.html HTTP/1.1" 200 2937 "-" "Mozilla/5.0 (Windows; U; Windows NT 5.1; fr; rv:1.8.1) VoilaBot BETA 1.2 (support.voilabot@orange-ftgroup.com)"
66.249.68.248 - - [04/Sep/2009:22:20:26 +0200] "GET /framez-schubb2.html HTTP/1.1" 200 4314 "-" "Mozilla/5.0 (compatible; Googlebot/2.1; +http://www.google.com/bot.html)"
66.249.68.248 - - [04/Sep/2009:22:27:52 +0200] "GET /logs/usage_200809.html HTTP/1.1" 200 167981 "-" "Mozilla/5.0 (compatible; Googlebot/2.1; +http://www.google.com/bot.html)"
81.52.143.34 - - [04/Sep/2009:22:32:11 +0200] "GET /neon/warning.html HTTP/1.1" 200 5134 "-" "Mozilla/5.0 (Windows; U; Windows NT 5.1; fr; rv:1.8.1) VoilaBot BETA 1.2 (support.voilabot@orange-ftgroup.com)"
198.209.32.201 - - [04/Sep/2009:22:45:47 +0200] "GET /logs/ HTTP/1.1" 200 11511 "-" "Mozilla 4/0"
198.209.32.201 - - [04/Sep/2009:22:45:48 +0200] "GET /logs/ HTTP/1.1" 200 11511 "http://www.various-euro.com/logs/" "Mozilla 4/0"
198.209.32.201 - - [04/Sep/2009:22:45:48 +0200] "GET /logs/ HTTP/1.1" 200 11511 "http://www.various-euro.com/logs/" "Mozilla 4/0"
198.209.32.201 - - [04/Sep/2009:22:45:48 +0200] "GET /logs/ HTTP/1.1" 200 11511 "http://www.various-euro.com/logs/" "Mozilla 4/0"
198.209.32.201 - - [04/Sep/2009:22:45:48 +0200] "GET /logs/ HTTP/1.1" 200 11511 "http://www.various-euro.com/logs/" "Mozilla 4/0"
198.209.32.201 - - [04/Sep/2009:22:45:48 +0200] "GET /logs/ HTTP/1.1" 200 11511 "http://www.various-euro.com/logs/" "Mozilla 4/0"
66.235.124.4 - - [04/Sep/2009:22:46:36 +0200] "GET /robots.txt HTTP/1.1" 200 64 "-" "Mozilla/5.0 (compatible; Ask Jeeves/Teoma; +http://about.ask.com/en/docs/about/webmasters.shtml)"
66.235.124.4 - - [04/Sep/2009:22:46:51 +0200] "GET /games/virtualcop/virtualcop.swf HTTP/1.1" 200 2563562 "-" "Mozilla/5.0 (compatible; Ask Jeeves/Teoma; +http://about.ask.com/en/docs/about/webmasters.shtml)"
88.131.106.6 - - [04/Sep/2009:23:18:31 +0200] "GET /robots.txt HTTP/1.0" 302 363 "-" "Speedy Spider (http://www.entireweb.com/about/search_tech/speedy_spider/)"
88.131.106.6 - - [04/Sep/2009:23:18:45 +0200] "GET / HTTP/1.0" 302 353 "-" "Speedy Spider (http://www.entireweb.com/about/search_tech/speedy_spider/)"
66.249.68.248 - - [04/Sep/2009:23:31:43 +0200] "GET /world.html HTTP/1.1" 200 16295 "-" "Mozilla/5.0 (compatible; Googlebot/2.1; +http://www.google.com/bot.html)"
209.85.238.152 - - [04/Sep/2009:23:34:40 +0200] "GET / HTTP/1.1" 302 353 "-" "Feedfetcher-Google; (+http://www.google.com/feedfetcher.html; 1 subscribers; feed-id=5454548576667470243)"
209.85.238.170 - - [04/Sep/2009:23:34:41 +0200] "GET /zampa/ HTTP/1.1" 200 7153 "-" "Feedfetcher-Google; (+http://www.google.com/feedfetcher.html; 1 subscribers; feed-id=5454548576667470243)"
65.55.211.161 - - [04/Sep/2009:23:52:57 +0200] "GET /robots.txt HTTP/1.1" 302 363 "-" "msnbot/1.1 (+http://search.msn.com/msnbot.htm)"
65.55.211.161 - - [04/Sep/2009:23:52:57 +0200] "GET /zampa/robots.txt HTTP/1.1" 404 2748 "-" "msnbot/1.1 (+http://search.msn.com/msnbot.htm)"
65.55.211.161 - - [04/Sep/2009:23:52:58 +0200] "GET / HTTP/1.1" 302 353 "-" "msnbot/1.1 (+http://search.msn.com/msnbot.htm)"